114.119.143.0 - - [11/Aug/2026:00:17:11 +0200] "GET /?shop/items/S4710483449/ HTTP/1.1" 200 66633 cronicareinodearagon.com "http://cronicareinodearagon.com/sitemap942.xml" "Mozilla/5.0 (Linux; Android 7.0;) AppleWebKit/537.36 (HTML, like Gecko) Mobile Safari/537.36 (compatible; PetalBot;+https://webmaster.petalsearch.com/site/petalbot)" "-"
2a03:2880:f800:: - - [11/Aug/2026:00:17:12 +0200] "GET /sitemap.html?path=/homepages/20/d917057205/htdocs/clickandbuilds/CronicaReinodeAragon HTTP/1.1" 200 66633 cronicareinodearagon.com "-" "Mozilla/5.0 (Macintosh; Intel Mac OS X 10_15_7) AppleWebKit/537.36 (KHTML, like Gecko) Chrome/145.0.0.0 Safari/537.36 (compatible; meta-externalagent/1.1 (+https://developers.facebook.com/docs/sharing/webmasters/crawler))" "-"
46.4.220.0 - - [11/Aug/2026:00:17:13 +0200] "GET /?shop/items/Y26882802/ HTTP/1.1" 200 66633 cronicareinodearagon.com "-" "Mozilla/5.0 (compatible; SERankingBacklinksBot/1.0; +https://seranking.com/backlinks-crawler)" "-"
216.73.217.0 - - [11/Aug/2026:00:17:16 +0200] "GET /shop/contents/malwil_begin?fileloc=%2Fhomepages%2F30%2Fd881160260%2F.created&path=%2Fhomepages%2F30%2Fd881160260 HTTP/1.1" 200 12324 cronicareinodearagon.com "-" "Mozilla/5.0 AppleWebKit/537.36 (KHTML, like Gecko; compatible; ClaudeBot/1.0; +claudebot@anthropic.com)" "-"
2a03:2880:f800:: - - [11/Aug/2026:00:17:20 +0200] "GET /?shop/items/G38512274301/ HTTP/1.1" 200 66633 cronicareinodearagon.com "-" "Mozilla/5.0 (Windows NT 10.0; Win64; x64) AppleWebKit/537.36 (KHTML, like Gecko) Chrome/145.0.0.0 Safari/537.36 (compatible; meta-externalagent/1.1 (+https://developers.facebook.com/docs/sharing/webmasters/crawler))" "-"
46.4.220.0 - - [11/Aug/2026:00:17:21 +0200] "GET /?shop/items/P52561722/ HTTP/1.1" 200 66633 cronicareinodearagon.com "-" "Mozilla/5.0 (compatible; SERankingBacklinksBot/1.0; +https://seranking.com/backlinks-crawler)" "-"
2a03:2880:f800:: - - [11/Aug/2026:00:17:28 +0200] "GET /?shop/items/Y268829658/ HTTP/1.1" 200 66633 cronicareinodearagon.com "-" "Mozilla/5.0 (Windows NT 10.0; Win64; x64) AppleWebKit/537.36 (KHTML, like Gecko) Chrome/145.0.0.0 Safari/537.36 (compatible; meta-externalagent/1.1 (+https://developers.facebook.com/docs/sharing/webmasters/crawler))" "-"
46.4.220.0 - - [11/Aug/2026:00:17:29 +0200] "GET /?shop/items/Y26882804/ HTTP/1.1" 200 66633 cronicareinodearagon.com "-" "Mozilla/5.0 (compatible; SERankingBacklinksBot/1.0; +https://seranking.com/backlinks-crawler)" "-"
2a03:2880:f800:: - - [11/Aug/2026:00:17:34 +0200] "GET /?shop/items/Y2688245900/ HTTP/1.1" 200 66633 cronicareinodearagon.com "-" "Mozilla/5.0 (Windows NT 10.0; Win64; x64) AppleWebKit/537.36 (KHTML, like Gecko) Chrome/145.0.0.0 Safari/537.36 (compatible; meta-externalagent/1.1 (+https://developers.facebook.com/docs/sharing/webmasters/crawler))" "-"
46.4.220.0 - - [11/Aug/2026:00:17:35 +0200] "GET /?shop/items/P52561724/ HTTP/1.1" 200 66633 cronicareinodearagon.com "-" "Mozilla/5.0 (compatible; SERankingBacklinksBot/1.0; +https://seranking.com/backlinks-crawler)" "-"
116.179.32.0 - - [11/Aug/2026:00:17:41 +0200] "GET /economia/diputacion-cadiz-recorte-andalucia-orienta/ HTTP/1.1" 429 267 cronicareinodearagon.com "-" "Mozilla/5.0 (compatible; Baiduspider/2.0; +http://www.baidu.com/search/spider.html)" "-"
2a03:2880:f800:: - - [11/Aug/2026:00:17:41 +0200] "GET /?shop/items/Y26882233652/ HTTP/1.1" 200 66633 cronicareinodearagon.com "-" "Mozilla/5.0 (Windows NT 10.0; Win64; x64) AppleWebKit/537.36 (KHTML, like Gecko) Chrome/145.0.0.0 Safari/537.36 (compatible; meta-externalagent/1.1 (+https://developers.facebook.com/docs/sharing/webmasters/crawler))" "-"
46.4.220.0 - - [11/Aug/2026:00:17:42 +0200] "GET /?shop/items/Y26882805/ HTTP/1.1" 200 66633 cronicareinodearagon.com "-" "Mozilla/5.0 (compatible; SERankingBacklinksBot/1.0; +https://seranking.com/backlinks-crawler)" "-"
216.73.217.0 - - [11/Aug/2026:00:17:44 +0200] "GET /shop/commodity/ordered-list/SIEI1551D/I03839DU00014?path=%2Fhomepages%2F20 HTTP/1.1" 200 23309 cronicareinodearagon.com "-" "Mozilla/5.0 AppleWebKit/537.36 (KHTML, like Gecko; compatible; ClaudeBot/1.0; +claudebot@anthropic.com)" "-"
2a03:2880:f800:: - - [11/Aug/2026:00:17:47 +0200] "GET /?shop/items/G3851220493/ HTTP/1.1" 200 66633 cronicareinodearagon.com "-" "Mozilla/5.0 (Windows NT 10.0; Win64; x64) AppleWebKit/537.36 (KHTML, like Gecko) Chrome/145.0.0.0 Safari/537.36 (compatible; meta-externalagent/1.1 (+https://developers.facebook.com/docs/sharing/webmasters/crawler))" "-"
46.4.220.0 - - [11/Aug/2026:00:17:48 +0200] "GET /?shop/items/P52561725/ HTTP/1.1" 200 66633 cronicareinodearagon.com "-" "Mozilla/5.0 (compatible; SERankingBacklinksBot/1.0; +https://seranking.com/backlinks-crawler)" "-"
216.73.217.0 - - [11/Aug/2026:00:17:49 +0200] "GET /shop/contents/shipping?path=%2Fhomepages%2F46%2Fd746570136 HTTP/1.1" 429 267 cronicareinodearagon.com "-" "Mozilla/5.0 AppleWebKit/537.36 (KHTML, like Gecko; compatible; ClaudeBot/1.0; +claudebot@anthropic.com)" "-"
2a03:2880:f800:: - - [11/Aug/2026:00:17:52 +0200] "GET /?shop/items/P5256134787/ HTTP/1.1" 200 66633 cronicareinodearagon.com "-" "Mozilla/5.0 (Windows NT 10.0; Win64; x64) AppleWebKit/537.36 (KHTML, like Gecko) Chrome/145.0.0.0 Safari/537.36 (compatible; meta-externalagent/1.1 (+https://developers.facebook.com/docs/sharing/webmasters/crawler))" "-"
74.7.227.0 - - [11/Aug/2026:00:17:53 +0200] "GET /?fileloc=//kunden/bin/git-shell&path=//kunden/bin HTTP/1.1" 429 267 cronicareinodearagon.com "http://cronicareinodearagon.com/?path=//kunden/bin" "Mozilla/5.0 AppleWebKit/537.36 (KHTML, like Gecko; compatible; GPTBot/1.4; +https://openai.com/gptbot)" "-"
216.73.217.0 - - [11/Aug/2026:00:17:54 +0200] "GET /shop/mypage/mail-magazine?path=%2F%2Fkunden%2Fmnt HTTP/1.1" 429 267 cronicareinodearagon.com "-" "Mozilla/5.0 AppleWebKit/537.36 (KHTML, like Gecko; compatible; ClaudeBot/1.0; +claudebot@anthropic.com)" "-"
46.4.220.0 - - [11/Aug/2026:00:17:55 +0200] "GET /?shop/items/Y26882806/ HTTP/1.1" 200 66633 cronicareinodearagon.com "-" "Mozilla/5.0 (compatible; SERankingBacklinksBot/1.0; +https://seranking.com/backlinks-crawler)" "-"
51.75.236.0 - - [11/Aug/2026:00:17:56 +0200] "GET /aragon/oms-salud-viruela-mono-emergencia-sanidad-espana-europa/feed/ HTTP/1.1" 200 66705 cronicareinodearagon.com "-" "Mozilla/5.0 (compatible; AhrefsBot/7.0; +http://ahrefs.com/robot/)" "-"
2a03:2880:f800:: - - [11/Aug/2026:00:17:58 +0200] "GET /?shop/items/A63076242689/ HTTP/1.1" 200 66633 cronicareinodearagon.com "-" "Mozilla/5.0 (Macintosh; Intel Mac OS X 10_15_7) AppleWebKit/537.36 (KHTML, like Gecko) Chrome/145.0.0.0 Safari/537.36 (compatible; meta-externalagent/1.1 (+https://developers.facebook.com/docs/sharing/webmasters/crawler))" "-"
216.73.217.0 - - [11/Aug/2026:00:17:59 +0200] "GET /shop/contents/malwil_begin?path=%2Fhomepages%2F46%2Fd747943664 HTTP/1.1" 429 267 cronicareinodearagon.com "-" "Mozilla/5.0 AppleWebKit/537.36 (KHTML, like Gecko; compatible; ClaudeBot/1.0; +claudebot@anthropic.com)" "-"
46.4.220.0 - - [11/Aug/2026:00:18:03 +0200] "GET /?shop/items/P52561726/ HTTP/1.1" 200 66633 cronicareinodearagon.com "-" "Mozilla/5.0 (compatible; SERankingBacklinksBot/1.0; +https://seranking.com/backlinks-crawler)" "-"
2a03:2880:f800:: - - [11/Aug/2026:00:18:03 +0200] "GET /?shop/items/I80088181694/ HTTP/1.1" 200 66633 cronicareinodearagon.com "-" "Mozilla/5.0 (Windows NT 10.0; Win64; x64) AppleWebKit/537.36 (KHTML, like Gecko) Chrome/145.0.0.0 Safari/537.36 (compatible; meta-externalagent/1.1 (+https://developers.facebook.com/docs/sharing/webmasters/crawler))" "-"
216.73.217.0 - - [11/Aug/2026:00:18:04 +0200] "GET /shop/contents/shipping?path=%2Fhomepages%2F28%2Fd827894594%2Fmanaged HTTP/1.1" 429 267 cronicareinodearagon.com "-" "Mozilla/5.0 AppleWebKit/537.36 (KHTML, like Gecko; compatible; ClaudeBot/1.0; +claudebot@anthropic.com)" "-"
2a03:2880:f800:: - - [11/Aug/2026:00:18:08 +0200] "GET /?shop/items/G38512175643/ HTTP/1.1" 200 66633 cronicareinodearagon.com "-" "Mozilla/5.0 (Windows NT 10.0; Win64; x64) AppleWebKit/537.36 (KHTML, like Gecko) Chrome/145.0.0.0 Safari/537.36 (compatible; meta-externalagent/1.1 (+https://developers.facebook.com/docs/sharing/webmasters/crawler))" "-"
216.73.217.0 - - [11/Aug/2026:00:18:10 +0200] "GET /shop/mypage/mail-magazine?fileloc=%2F%2Fbin%2Faddr2line&path=%2F%2Fbin HTTP/1.1" 429 267 cronicareinodearagon.com "-" "Mozilla/5.0 AppleWebKit/537.36 (KHTML, like Gecko; compatible; ClaudeBot/1.0; +claudebot@anthropic.com)" "-"
46.4.220.0 - - [11/Aug/2026:00:18:11 +0200] "GET /?shop/items/Y26882807/ HTTP/1.1" 200 66633 cronicareinodearagon.com "-" "Mozilla/5.0 (compatible; SERankingBacklinksBot/1.0; +https://seranking.com/backlinks-crawler)" "-"
2a03:2880:f800:: - - [11/Aug/2026:00:18:13 +0200] "GET /?shop/items/Q86258152390/ HTTP/1.1" 200 66633 cronicareinodearagon.com "-" "Mozilla/5.0 (Windows NT 10.0; Win64; x64) AppleWebKit/537.36 (KHTML, like Gecko) Chrome/145.0.0.0 Safari/537.36 (compatible; meta-externalagent/1.1 (+https://developers.facebook.com/docs/sharing/webmasters/crawler))" "-"
216.73.217.0 - - [11/Aug/2026:00:18:15 +0200] "GET /shop/mypage/mail-magazine?fileloc=%2F%2Fbin%2Fmail&path=%2F%2Fbin HTTP/1.1" 429 267 cronicareinodearagon.com "-" "Mozilla/5.0 AppleWebKit/537.36 (KHTML, like Gecko; compatible; ClaudeBot/1.0; +claudebot@anthropic.com)" "-"
46.4.220.0 - - [11/Aug/2026:00:18:17 +0200] "GET /?shop/items/P52561727/ HTTP/1.1" 200 66633 cronicareinodearagon.com "-" "Mozilla/5.0 (compatible; SERankingBacklinksBot/1.0; +https://seranking.com/backlinks-crawler)" "-"
2a03:2880:f800:: - - [11/Aug/2026:00:18:17 +0200] "GET /?shop/items/I4953833573/ HTTP/1.1" 200 66633 cronicareinodearagon.com "-" "Mozilla/5.0 (Windows NT 10.0; Win64; x64) AppleWebKit/537.36 (KHTML, like Gecko) Chrome/145.0.0.0 Safari/537.36 (compatible; meta-externalagent/1.1 (+https://developers.facebook.com/docs/sharing/webmasters/crawler))" "-"
216.73.217.0 - - [11/Aug/2026:00:18:20 +0200] "GET /shop/mypage/mail-magazine?path=%2F%2Fhomepages%2F45 HTTP/1.1" 429 267 cronicareinodearagon.com "-" "Mozilla/5.0 AppleWebKit/537.36 (KHTML, like Gecko; compatible; ClaudeBot/1.0; +claudebot@anthropic.com)" "-"
2a03:2880:f800:: - - [11/Aug/2026:00:18:21 +0200] "GET /?shop/items/Y26882158598/ HTTP/1.1" 429 267 cronicareinodearagon.com "-" "Mozilla/5.0 (Macintosh; Intel Mac OS X 10_15_7) AppleWebKit/537.36 (KHTML, like Gecko) Chrome/145.0.0.0 Safari/537.36 (compatible; meta-externalagent/1.1 (+https://developers.facebook.com/docs/sharing/webmasters/crawler))" "-"
46.4.220.0 - - [11/Aug/2026:00:18:23 +0200] "GET /?shop/items/Y26882808/ HTTP/1.1" 200 66633 cronicareinodearagon.com "-" "Mozilla/5.0 (compatible; SERankingBacklinksBot/1.0; +https://seranking.com/backlinks-crawler)" "-"
216.73.217.0 - - [11/Aug/2026:00:18:25 +0200] "GET /shop/mypage/mail-magazine?path=%2F%2Fvar%2Flib%2Fquota HTTP/1.1" 429 267 cronicareinodearagon.com "-" "Mozilla/5.0 AppleWebKit/537.36 (KHTML, like Gecko; compatible; ClaudeBot/1.0; +claudebot@anthropic.com)" "-"
2a03:2880:f800:: - - [11/Aug/2026:00:18:25 +0200] "GET /?shop/items/A63076214158/ HTTP/1.1" 429 267 cronicareinodearagon.com "-" "Mozilla/5.0 (Windows NT 10.0; Win64; x64) AppleWebKit/537.36 (KHTML, like Gecko) Chrome/145.0.0.0 Safari/537.36 (compatible; meta-externalagent/1.1 (+https://developers.facebook.com/docs/sharing/webmasters/crawler))" "-"
2a03:2880:f800:: - - [11/Aug/2026:00:18:26 +0200] "GET /?shop/items/I80088209971/ HTTP/1.1" 429 267 cronicareinodearagon.com "-" "Mozilla/5.0 (X11; Linux x86_64) AppleWebKit/537.36 (KHTML, like Gecko) Chrome/145.0.0.0 Safari/537.36 (compatible; meta-externalagent/1.1 (+https://developers.facebook.com/docs/sharing/webmasters/crawler))" "-"
46.4.220.0 - - [11/Aug/2026:00:18:29 +0200] "GET /?shop/items/P52561730/ HTTP/1.1" 200 66633 cronicareinodearagon.com "-" "Mozilla/5.0 (compatible; SERankingBacklinksBot/1.0; +https://seranking.com/backlinks-crawler)" "-"
216.73.217.0 - - [11/Aug/2026:00:18:30 +0200] "GET /shop/mypage/mail-magazine?fileloc=%2F%2Fbin%2Frdebsums&path=%2F%2Fbin HTTP/1.1" 429 267 cronicareinodearagon.com "-" "Mozilla/5.0 AppleWebKit/537.36 (KHTML, like Gecko; compatible; ClaudeBot/1.0; +claudebot@anthropic.com)" "-"
2a03:2880:f800:: - - [11/Aug/2026:00:18:30 +0200] "GET /?shop/items/S47104177092/ HTTP/1.1" 429 267 cronicareinodearagon.com "-" "Mozilla/5.0 (Macintosh; Intel Mac OS X 10_15_7) AppleWebKit/537.36 (KHTML, like Gecko) Chrome/145.0.0.0 Safari/537.36 (compatible; meta-externalagent/1.1 (+https://developers.facebook.com/docs/sharing/webmasters/crawler))" "-"
2a03:2880:f800:: - - [11/Aug/2026:00:18:31 +0200] "GET /?shop/items/Q8625853354/ HTTP/1.1" 429 267 cronicareinodearagon.com "-" "Mozilla/5.0 (X11; Linux x86_64) AppleWebKit/537.36 (KHTML, like Gecko) Chrome/145.0.0.0 Safari/537.36 (compatible; meta-externalagent/1.1 (+https://developers.facebook.com/docs/sharing/webmasters/crawler))" "-"
114.119.145.0 - - [11/Aug/2026:00:18:34 +0200] "GET /?shop/items/S471048328/ HTTP/1.1" 200 66633 cronicareinodearagon.com "http://cronicareinodearagon.com/sitemap49.xml" "Mozilla/5.0 (Linux; Android 7.0;) AppleWebKit/537.36 (HTML, like Gecko) Mobile Safari/537.36 (compatible; PetalBot;+https://webmaster.petalsearch.com/site/petalbot)" "-"
216.73.217.0 - - [11/Aug/2026:00:18:35 +0200] "GET /shop/mypage/mail-magazine?fileloc=%2F%2Fbin%2Fdb_checkpoint&path=%2F%2Fbin HTTP/1.1" 429 267 cronicareinodearagon.com "-" "Mozilla/5.0 AppleWebKit/537.36 (KHTML, like Gecko; compatible; ClaudeBot/1.0; +claudebot@anthropic.com)" "-"
46.4.220.0 - - [11/Aug/2026:00:18:36 +0200] "GET /?shop/items/Y26882809/ HTTP/1.1" 200 66633 cronicareinodearagon.com "-" "Mozilla/5.0 (compatible; SERankingBacklinksBot/1.0; +https://seranking.com/backlinks-crawler)" "-"
2a03:2880:f800:: - - [11/Aug/2026:00:18:37 +0200] "GET /?shop/items/Y26882187053/ HTTP/1.1" 429 267 cronicareinodearagon.com "-" "Mozilla/5.0 (Macintosh; Intel Mac OS X 10_15_7) AppleWebKit/537.36 (KHTML, like Gecko) Chrome/145.0.0.0 Safari/537.36 Edg/145.0.0.0 (compatible; meta-externalagent/1.1 (+https://developers.facebook.com/docs/sharing/webmasters/crawler))" "-"
43.164.190.0 - - [11/Aug/2026:00:18:37 +0200] "GET /?path=/homepages/25/d729512734 HTTP/1.1" 200 30183 cronicareinodearagon.com "-" "Mozilla/5.0 (iPhone; CPU iPhone OS 13_2_3 like Mac OS X) AppleWebKit/605.1.15 (KHTML, like Gecko) Version/13.0.3 Mobile/15E148 Safari/604.1" "-"
2a03:2880:f800:: - - [11/Aug/2026:00:18:38 +0200] "GET /?shop/items/I49538261417/ HTTP/1.1" 429 267 cronicareinodearagon.com "-" "Mozilla/5.0 (Windows NT 10.0; Win64; x64) AppleWebKit/537.36 (KHTML, like Gecko) Chrome/145.0.0.0 Safari/537.36 (compatible; meta-externalagent/1.1 (+https://developers.facebook.com/docs/sharing/webmasters/crawler))" "-"
216.73.217.0 - - [11/Aug/2026:00:18:40 +0200] "GET /shop/mypage/mail-magazine?path=%2F%2Fhomepages%2F41 HTTP/1.1" 429 267 cronicareinodearagon.com "-" "Mozilla/5.0 AppleWebKit/537.36 (KHTML, like Gecko; compatible; ClaudeBot/1.0; +claudebot@anthropic.com)" "-"
74.7.227.0 - - [11/Aug/2026:00:18:41 +0200] "GET /?fileloc=//kunden/bin/fc-match&path=//kunden/bin HTTP/1.1" 429 267 cronicareinodearagon.com "http://cronicareinodearagon.com/?path=//kunden/bin" "Mozilla/5.0 AppleWebKit/537.36 (KHTML, like Gecko; compatible; GPTBot/1.4; +https://openai.com/gptbot)" "-"
46.4.220.0 - - [11/Aug/2026:00:18:43 +0200] "GET /?shop/items/P52561732/ HTTP/1.1" 200 66633 cronicareinodearagon.com "-" "Mozilla/5.0 (compatible; SERankingBacklinksBot/1.0; +https://seranking.com/backlinks-crawler)" "-"
216.73.217.0 - - [11/Aug/2026:00:18:45 +0200] "GET /shop/mypage/mail-magazine?fileloc=%2F%2Fbin%2Fflock&path=%2F%2Fbin HTTP/1.1" 429 267 cronicareinodearagon.com "-" "Mozilla/5.0 AppleWebKit/537.36 (KHTML, like Gecko; compatible; ClaudeBot/1.0; +claudebot@anthropic.com)" "-"
2a03:2880:f800:: - - [11/Aug/2026:00:18:45 +0200] "GET /?shop/items/S4047416879/ HTTP/1.1" 429 267 cronicareinodearagon.com "-" "Mozilla/5.0 (Macintosh; Intel Mac OS X 10_15_7) AppleWebKit/537.36 (KHTML, like Gecko) Chrome/145.0.0.0 Safari/537.36 (compatible; meta-externalagent/1.1 (+https://developers.facebook.com/docs/sharing/webmasters/crawler))" "-"
2a03:2880:f800:: - - [11/Aug/2026:00:18:47 +0200] "GET /?shop/items/A6307642745/ HTTP/1.1" 429 267 cronicareinodearagon.com "-" "Mozilla/5.0 (Macintosh; Intel Mac OS X 10_15_7) AppleWebKit/537.36 (KHTML, like Gecko) Chrome/145.0.0.0 Safari/537.36 (compatible; meta-externalagent/1.1 (+https://developers.facebook.com/docs/sharing/webmasters/crawler))" "-"
216.73.217.0 - - [11/Aug/2026:00:18:50 +0200] "GET /shop/mypage/mail-magazine?fileloc=%2F%2Fbin%2Fhttping&path=%2F%2Fbin HTTP/1.1" 200 12189 cronicareinodearagon.com "-" "Mozilla/5.0 AppleWebKit/537.36 (KHTML, like Gecko; compatible; ClaudeBot/1.0; +claudebot@anthropic.com)" "-"
46.4.220.0 - - [11/Aug/2026:00:18:50 +0200] "GET /?shop/items/Y26882810/ HTTP/1.1" 200 66633 cronicareinodearagon.com "-" "Mozilla/5.0 (compatible; SERankingBacklinksBot/1.0; +https://seranking.com/backlinks-crawler)" "-"
2a03:2880:f800:: - - [11/Aug/2026:00:18:55 +0200] "GET /?shop/items/I80088133695/ HTTP/1.1" 429 267 cronicareinodearagon.com "-" "Mozilla/5.0 (Windows NT 10.0; Win64; x64) AppleWebKit/537.36 (KHTML, like Gecko) Chrome/145.0.0.0 Safari/537.36 (compatible; meta-externalagent/1.1 (+https://developers.facebook.com/docs/sharing/webmasters/crawler))" "-"
216.73.217.0 - - [11/Aug/2026:00:18:55 +0200] "GET /shop/mypage/mail-magazine?fileloc=%2F%2Fbin%2Fchcon&path=%2F%2Fbin HTTP/1.1" 200 12187 cronicareinodearagon.com "-" "Mozilla/5.0 AppleWebKit/537.36 (KHTML, like Gecko; compatible; ClaudeBot/1.0; +claudebot@anthropic.com)" "-"
46.4.220.0 - - [11/Aug/2026:00:18:56 +0200] "GET /?shop/items/P52561733/ HTTP/1.1" 200 66633 cronicareinodearagon.com "-" "Mozilla/5.0 (compatible; SERankingBacklinksBot/1.0; +https://seranking.com/backlinks-crawler)" "-"
2a03:2880:f800:: - - [11/Aug/2026:00:18:57 +0200] "GET /?shop/items/P52561148803/ HTTP/1.1" 429 267 cronicareinodearagon.com "-" "Mozilla/5.0 (Macintosh; Intel Mac OS X 10_15_7) AppleWebKit/537.36 (KHTML, like Gecko) Chrome/145.0.0.0 Safari/537.36 (compatible; meta-externalagent/1.1 (+https://developers.facebook.com/docs/sharing/webmasters/crawler))" "-"
2a03:2880:f800:: - - [11/Aug/2026:00:18:59 +0200] "GET /?shop/items/I49538246397/ HTTP/1.1" 429 267 cronicareinodearagon.com "-" "Mozilla/5.0 (Windows NT 10.0; Win64; x64) AppleWebKit/537.36 (KHTML, like Gecko) Chrome/145.0.0.0 Safari/537.36 (compatible; meta-externalagent/1.1 (+https://developers.facebook.com/docs/sharing/webmasters/crawler))" "-"
216.73.217.0 - - [11/Aug/2026:00:19:00 +0200] "GET /shop/mypage/mail-magazine?fileloc=%2F%2Fbin%2Fdeb-systemd-helper&path=%2F%2Fbin HTTP/1.1" 200 34578 cronicareinodearagon.com "-" "Mozilla/5.0 AppleWebKit/537.36 (KHTML, like Gecko; compatible; ClaudeBot/1.0; +claudebot@anthropic.com)" "-"
216.73.217.0 - - [11/Aug/2026:00:19:05 +0200] "GET /shop/contents/malwil_begin?path=%2Fhomepages%2F37%2Fd825584130 HTTP/1.1" 200 28697 cronicareinodearagon.com "-" "Mozilla/5.0 AppleWebKit/537.36 (KHTML, like Gecko; compatible; ClaudeBot/1.0; +claudebot@anthropic.com)" "-"
46.4.220.0 - - [11/Aug/2026:00:19:05 +0200] "GET /?shop/items/Y26882811/ HTTP/1.1" 200 66633 cronicareinodearagon.com "-" "Mozilla/5.0 (compatible; SERankingBacklinksBot/1.0; +https://seranking.com/backlinks-crawler)" "-"
216.73.217.0 - - [11/Aug/2026:00:19:10 +0200] "GET /shop/mypage/mail-magazine?fileloc=%2F%2Fbin%2Fftp&path=%2F%2Fbin HTTP/1.1" 200 12185 cronicareinodearagon.com "-" "Mozilla/5.0 AppleWebKit/537.36 (KHTML, like Gecko; compatible; ClaudeBot/1.0; +claudebot@anthropic.com)" "-"
2a03:2880:f800:: - - [11/Aug/2026:00:19:10 +0200] "GET /?shop/items/I49538233579/ HTTP/1.1" 429 267 cronicareinodearagon.com "-" "Mozilla/5.0 (Macintosh; Intel Mac OS X 10_15_7) AppleWebKit/537.36 (KHTML, like Gecko) Chrome/145.0.0.0 Safari/537.36 (compatible; meta-externalagent/1.1 (+https://developers.facebook.com/docs/sharing/webmasters/crawler))" "-"
2a03:2880:f800:: - - [11/Aug/2026:00:19:13 +0200] "GET /?shop/items/Y26882110697/ HTTP/1.1" 429 267 cronicareinodearagon.com "-" "Mozilla/5.0 (Macintosh; Intel Mac OS X 10_15_7) AppleWebKit/537.36 (KHTML, like Gecko) Chrome/145.0.0.0 Safari/537.36 (compatible; meta-externalagent/1.1 (+https://developers.facebook.com/docs/sharing/webmasters/crawler))" "-"
2a03:2880:f800:: - - [11/Aug/2026:00:19:14 +0200] "GET /?shop/items/W91750192192/ HTTP/1.1" 429 267 cronicareinodearagon.com "-" "Mozilla/5.0 (Windows NT 10.0; Win64; x64) AppleWebKit/537.36 (KHTML, like Gecko) Chrome/145.0.0.0 Safari/537.36 (compatible; meta-externalagent/1.1 (+https://developers.facebook.com/docs/sharing/webmasters/crawler))" "-"
46.4.220.0 - - [11/Aug/2026:00:19:14 +0200] "GET /?shop/items/P52561737/ HTTP/1.1" 200 66633 cronicareinodearagon.com "-" "Mozilla/5.0 (compatible; SERankingBacklinksBot/1.0; +https://seranking.com/backlinks-crawler)" "-"
216.73.217.0 - - [11/Aug/2026:00:19:15 +0200] "GET /shop/mypage/mail-magazine?fileloc=%2F%2Fbin%2Ffgrep&path=%2F%2Fbin HTTP/1.1" 200 12225 cronicareinodearagon.com "-" "Mozilla/5.0 AppleWebKit/537.36 (KHTML, like Gecko; compatible; ClaudeBot/1.0; +claudebot@anthropic.com)" "-"
216.73.217.0 - - [11/Aug/2026:00:19:20 +0200] "GET /shop/mypage/mail-magazine?fileloc=%2F%2Fbin%2Fpbmpage&path=%2F%2Fbin HTTP/1.1" 200 12189 cronicareinodearagon.com "-" "Mozilla/5.0 AppleWebKit/537.36 (KHTML, like Gecko; compatible; ClaudeBot/1.0; +claudebot@anthropic.com)" "-"
46.4.220.0 - - [11/Aug/2026:00:19:21 +0200] "GET /?shop/items/Y26882812/ HTTP/1.1" 200 66633 cronicareinodearagon.com "-" "Mozilla/5.0 (compatible; SERankingBacklinksBot/1.0; +https://seranking.com/backlinks-crawler)" "-"
216.73.217.0 - - [11/Aug/2026:00:19:25 +0200] "GET /shop/mypage/mail-magazine?fileloc=%2F%2Fetc%2Fmc%2Fsfs.ini&path=%2F%2Fetc%2Fmc HTTP/1.1" 200 13243 cronicareinodearagon.com "-" "Mozilla/5.0 AppleWebKit/537.36 (KHTML, like Gecko; compatible; ClaudeBot/1.0; +claudebot@anthropic.com)" "-"
46.4.220.0 - - [11/Aug/2026:00:19:27 +0200] "GET /?shop/items/P52561738/ HTTP/1.1" 200 66633 cronicareinodearagon.com "-" "Mozilla/5.0 (compatible; SERankingBacklinksBot/1.0; +https://seranking.com/backlinks-crawler)" "-"
216.73.217.0 - - [11/Aug/2026:00:19:30 +0200] "GET /shop/mypage/mail-magazine?fileloc=%2F%2Fbin%2Fexpiry&path=%2F%2Fbin HTTP/1.1" 200 12188 cronicareinodearagon.com "-" "Mozilla/5.0 AppleWebKit/537.36 (KHTML, like Gecko; compatible; ClaudeBot/1.0; +claudebot@anthropic.com)" "-"
2a03:2880:f800:: - - [11/Aug/2026:00:19:31 +0200] "GET /sitemap988.xml HTTP/1.1" 200 66705 cronicareinodearagon.com "-" "Mozilla/5.0 (Windows NT 10.0; Win64; x64) AppleWebKit/537.36 (KHTML, like Gecko) Chrome/145.0.0.0 Safari/537.36 (compatible; meta-externalagent/1.1 (+https://developers.facebook.com/docs/sharing/webmasters/crawler))" "-"
159.223.238.0 - - [11/Aug/2026:00:19:34 +0200] "GET / HTTP/1.1" 200 336 cronicadehuelva.com "-" "Mozilla/5.0 (X11; Linux x86_64; rv:142.0) Gecko/20100101 Firefox/142.0" "-"
159.223.238.0 - - [11/Aug/2026:00:19:34 +0200] "GET /favicon.ico HTTP/1.1" 404 596 cronicadehuelva.com "http://cronicadehuelva.com/" "Mozilla/5.0 (X11; Linux x86_64; rv:142.0) Gecko/20100101 Firefox/142.0" "-"
2a03:2880:f800:: - - [11/Aug/2026:00:19:35 +0200] "GET /?shop/items/I80088232838/ HTTP/1.1" 200 66633 cronicareinodearagon.com "-" "Mozilla/5.0 (Windows NT 10.0; Win64; x64) AppleWebKit/537.36 (KHTML, like Gecko) Chrome/145.0.0.0 Safari/537.36 (compatible; meta-externalagent/1.1 (+https://developers.facebook.com/docs/sharing/webmasters/crawler))" "-"
46.4.220.0 - - [11/Aug/2026:00:19:35 +0200] "GET /?shop/items/Y26882813/ HTTP/1.1" 200 66633 cronicareinodearagon.com "-" "Mozilla/5.0 (compatible; SERankingBacklinksBot/1.0; +https://seranking.com/backlinks-crawler)" "-"
216.73.217.0 - - [11/Aug/2026:00:19:35 +0200] "GET /shop/mypage/mail-magazine?fileloc=%2F%2Fbin%2Fdisplay-im6.q16&path=%2F%2Fbin HTTP/1.1" 200 12197 cronicareinodearagon.com "-" "Mozilla/5.0 AppleWebKit/537.36 (KHTML, like Gecko; compatible; ClaudeBot/1.0; +claudebot@anthropic.com)" "-"
216.73.217.0 - - [11/Aug/2026:00:19:40 +0200] "GET /shop/commodity/ordered-list/SIEI1551D/I03839DU00014?path=%2Fhomepages%2F20%2Fd917057205%2Fhtdocs%2Fclickandbuilds%2FCronicaReinodeAragon%2Fwp-includes%2Fsitemaps HTTP/1.1" 200 27278 cronicareinodearagon.com "-" "Mozilla/5.0 AppleWebKit/537.36 (KHTML, like Gecko; compatible; ClaudeBot/1.0; +claudebot@anthropic.com)" "-"
46.4.220.0 - - [11/Aug/2026:00:19:41 +0200] "GET /?shop/items/P52561741/ HTTP/1.1" 200 66633 cronicareinodearagon.com "-" "Mozilla/5.0 (compatible; SERankingBacklinksBot/1.0; +https://seranking.com/backlinks-crawler)" "-"
216.73.217.0 - - [11/Aug/2026:00:19:45 +0200] "GET /shop/commodity/ordered-list/SIEI1551D/I03839DU00014?path=%2Fhomepages%2F20%2Fd917057205%2Fhtdocs%2Fclickandbuilds%2FCronicaReinodeAragon%2Fwp-includes%2FID3 HTTP/1.1" 200 46444 cronicareinodearagon.com "-" "Mozilla/5.0 AppleWebKit/537.36 (KHTML, like Gecko; compatible; ClaudeBot/1.0; +claudebot@anthropic.com)" "-"
74.7.227.0 - - [11/Aug/2026:00:19:45 +0200] "GET /?fileloc=//kunden/bin/ssh-agent&path=//kunden/bin HTTP/1.1" 200 12241 cronicareinodearagon.com "https://cronicareinodearagon.com/?path=//kunden/bin" "Mozilla/5.0 AppleWebKit/537.36 (KHTML, like Gecko; compatible; GPTBot/1.4; +https://openai.com/gptbot)" "-"
216.73.217.0 - - [11/Aug/2026:00:19:50 +0200] "GET /shop/mypage/mail-magazine?fileloc=%2F%2Fbin%2Fpsidtopgm&path=%2F%2Fbin HTTP/1.1" 200 12191 cronicareinodearagon.com "-" "Mozilla/5.0 AppleWebKit/537.36 (KHTML, like Gecko; compatible; ClaudeBot/1.0; +claudebot@anthropic.com)" "-"
46.4.220.0 - - [11/Aug/2026:00:19:51 +0200] "GET /?shop/items/Y26882814/ HTTP/1.1" 200 66633 cronicareinodearagon.com "-" "Mozilla/5.0 (compatible; SERankingBacklinksBot/1.0; +https://seranking.com/backlinks-crawler)" "-"
2a03:2880:f800:: - - [11/Aug/2026:00:19:51 +0200] "GET /?shop/items/S40474252810/ HTTP/1.1" 200 66633 cronicareinodearagon.com "-" "Mozilla/5.0 (Macintosh; Intel Mac OS X 10_15_7) AppleWebKit/537.36 (KHTML, like Gecko) Chrome/145.0.0.0 Safari/537.36 (compatible; meta-externalagent/1.1 (+https://developers.facebook.com/docs/sharing/webmasters/crawler))" "-"
216.73.217.0 - - [11/Aug/2026:00:19:55 +0200] "GET /shop/mypage/mail-magazine?path=%2Fhomepages%2F20%2Fd917057205%2Fhtdocs%2Fclickandbuilds%2FCronicaReinodeAragon%2Fwp-includes%2Fblocks%2Fvideo HTTP/1.1" 200 37896 cronicareinodearagon.com "-" "Mozilla/5.0 AppleWebKit/537.36 (KHTML, like Gecko; compatible; ClaudeBot/1.0; +claudebot@anthropic.com)" "-"
114.119.145.0 - - [11/Aug/2026:00:19:57 +0200] "GET /?shop/items/S4710482981/ HTTP/1.1" 200 66633 cronicareinodearagon.com "http://cronicareinodearagon.com/sitemap830.xml" "Mozilla/5.0 (Linux; Android 7.0;) AppleWebKit/537.36 (HTML, like Gecko) Mobile Safari/537.36 (compatible; PetalBot;+https://webmaster.petalsearch.com/site/petalbot)" "-"
46.4.220.0 - - [11/Aug/2026:00:19:59 +0200] "GET /?shop/items/P52561742/ HTTP/1.1" 200 66633 cronicareinodearagon.com "-" "Mozilla/5.0 (compatible; SERankingBacklinksBot/1.0; +https://seranking.com/backlinks-crawler)" "-"
216.73.217.0 - - [11/Aug/2026:00:20:00 +0200] "GET /shop/mypage/mail-magazine?fileloc=%2F%2Fetc%2Fprofile&path=%2F%2Fetc HTTP/1.1" 200 13046 cronicareinodearagon.com "-" "Mozilla/5.0 AppleWebKit/537.36 (KHTML, like Gecko; compatible; ClaudeBot/1.0; +claudebot@anthropic.com)" "-"
2a03:2880:f800:: - - [11/Aug/2026:00:20:05 +0200] "GET /?shop/items/A6307653767/ HTTP/1.1" 200 66633 cronicareinodearagon.com "-" "Mozilla/5.0 (Windows NT 10.0; Win64; x64) AppleWebKit/537.36 (KHTML, like Gecko) Chrome/145.0.0.0 Safari/537.36 (compatible; meta-externalagent/1.1 (+https://developers.facebook.com/docs/sharing/webmasters/crawler))" "-"
216.73.217.0 - - [11/Aug/2026:00:20:05 +0200] "GET /shop/commodity/ordered-list/SIEI1551D/I03839DU00014?path=%2Fhomepages%2F20%2Fd917057205%2Fhtdocs%2Fclickandbuilds%2FCronicaReinodeAragon%2Fwp-includes%2Fblocks%2Fterm-name HTTP/1.1" 200 22170 cronicareinodearagon.com "-" "Mozilla/5.0 AppleWebKit/537.36 (KHTML, like Gecko; compatible; ClaudeBot/1.0; +claudebot@anthropic.com)" "-"
46.4.220.0 - - [11/Aug/2026:00:20:06 +0200] "GET /?shop/items/Y26882817/ HTTP/1.1" 200 66633 cronicareinodearagon.com "-" "Mozilla/5.0 (compatible; SERankingBacklinksBot/1.0; +https://seranking.com/backlinks-crawler)" "-"
216.73.217.0 - - [11/Aug/2026:00:20:10 +0200] "GET /shop/mypage/mail-magazine?fileloc=%2F%2Fvar%2Flib%2Faspell%2Fen.remove&path=%2F%2Fvar%2Flib%2Faspell HTTP/1.1" 200 13986 cronicareinodearagon.com "-" "Mozilla/5.0 AppleWebKit/537.36 (KHTML, like Gecko; compatible; ClaudeBot/1.0; +claudebot@anthropic.com)" "-"
46.4.220.0 - - [11/Aug/2026:00:20:12 +0200] "GET /?shop/items/P52561743/ HTTP/1.1" 200 66633 cronicareinodearagon.com "-" "Mozilla/5.0 (compatible; SERankingBacklinksBot/1.0; +https://seranking.com/backlinks-crawler)" "-"
216.73.217.0 - - [11/Aug/2026:00:20:15 +0200] "GET /shop/mypage/mail-magazine?fileloc=%2F%2Fkunden%2Fetc%2Fbash.bashrc&path=%2F%2Fkunden%2Fetc HTTP/1.1" 200 14231 cronicareinodearagon.com "-" "Mozilla/5.0 AppleWebKit/537.36 (KHTML, like Gecko; compatible; ClaudeBot/1.0; +claudebot@anthropic.com)" "-"
2a03:2880:f800:: - - [11/Aug/2026:00:20:18 +0200] "GET /?shop/items/S40474203743/ HTTP/1.1" 200 66633 cronicareinodearagon.com "-" "Mozilla/5.0 (Macintosh; Intel Mac OS X 10_15_7) AppleWebKit/537.36 (KHTML, like Gecko) Chrome/145.0.0.0 Safari/537.36 (compatible; meta-externalagent/1.1 (+https://developers.facebook.com/docs/sharing/webmasters/crawler))" "-"
46.4.220.0 - - [11/Aug/2026:00:20:18 +0200] "GET /?shop/items/Y26882819/ HTTP/1.1" 200 66633 cronicareinodearagon.com "-" "Mozilla/5.0 (compatible; SERankingBacklinksBot/1.0; +https://seranking.com/backlinks-crawler)" "-"
216.73.217.0 - - [11/Aug/2026:00:20:20 +0200] "GET /shop/mypage/mail-magazine?fileloc=%2F%2Fkunden%2Fbin%2Fx86_64-linux-gnu-strip&path=%2F%2Fkunden%2Fbin HTTP/1.1" 200 12254 cronicareinodearagon.com "-" "Mozilla/5.0 AppleWebKit/537.36 (KHTML, like Gecko; compatible; ClaudeBot/1.0; +claudebot@anthropic.com)" "-"
216.73.217.0 - - [11/Aug/2026:00:20:25 +0200] "GET /shop/mypage/mail-magazine?fileloc=%2F%2Fkunden%2Fbin%2Faptitude-run-state-bundle&path=%2F%2Fkunden%2Fbin HTTP/1.1" 200 15577 cronicareinodearagon.com "-" "Mozilla/5.0 AppleWebKit/537.36 (KHTML, like Gecko; compatible; ClaudeBot/1.0; +claudebot@anthropic.com)" "-"
46.4.220.0 - - [11/Aug/2026:00:20:26 +0200] "GET /?shop/items/P52561744/ HTTP/1.1" 200 66633 cronicareinodearagon.com "-" "Mozilla/5.0 (compatible; SERankingBacklinksBot/1.0; +https://seranking.com/backlinks-crawler)" "-"
2a03:2880:f800:: - - [11/Aug/2026:00:20:29 +0200] "GET /?shop/items/Q86258100836/ HTTP/1.1" 200 66633 cronicareinodearagon.com "-" "Mozilla/5.0 (Windows NT 10.0; Win64; x64) AppleWebKit/537.36 (KHTML, like Gecko) Chrome/145.0.0.0 Safari/537.36 (compatible; meta-externalagent/1.1 (+https://developers.facebook.com/docs/sharing/webmasters/crawler))" "-"
216.73.217.0 - - [11/Aug/2026:00:20:30 +0200] "GET /shop/mypage/mail-magazine?fileloc=%2F%2Fkunden%2Fbin%2Fsort&path=%2F%2Fkunden%2Fbin HTTP/1.1" 429 267 cronicareinodearagon.com "-" "Mozilla/5.0 AppleWebKit/537.36 (KHTML, like Gecko; compatible; ClaudeBot/1.0; +claudebot@anthropic.com)" "-"
46.4.220.0 - - [11/Aug/2026:00:20:32 +0200] "GET /?shop/items/Y26882820/ HTTP/1.1" 200 66633 cronicareinodearagon.com "-" "Mozilla/5.0 (compatible; SERankingBacklinksBot/1.0; +https://seranking.com/backlinks-crawler)" "-"
216.73.217.0 - - [11/Aug/2026:00:20:35 +0200] "GET /shop/mypage/mail-magazine?fileloc=%2F%2Fkunden%2Fbin%2Fmanpath&path=%2F%2Fkunden%2Fbin HTTP/1.1" 429 267 cronicareinodearagon.com "-" "Mozilla/5.0 AppleWebKit/537.36 (KHTML, like Gecko; compatible; ClaudeBot/1.0; +claudebot@anthropic.com)" "-"
2a03:2880:f800:: - - [11/Aug/2026:00:20:38 +0200] "GET /?shop/items/Y2688258764/ HTTP/1.1" 200 66633 cronicareinodearagon.com "-" "Mozilla/5.0 (Windows NT 10.0; Win64; x64) AppleWebKit/537.36 (KHTML, like Gecko) Chrome/145.0.0.0 Safari/537.36 (compatible; meta-externalagent/1.1 (+https://developers.facebook.com/docs/sharing/webmasters/crawler))" "-"
46.4.220.0 - - [11/Aug/2026:00:20:38 +0200] "GET /?shop/items/P52561745/ HTTP/1.1" 200 66633 cronicareinodearagon.com "-" "Mozilla/5.0 (compatible; SERankingBacklinksBot/1.0; +https://seranking.com/backlinks-crawler)" "-"
216.73.217.0 - - [11/Aug/2026:00:20:40 +0200] "GET /shop/mypage/mail-magazine?fileloc=%2F%2Fkunden%2Fbin%2Fvmstat&path=%2F%2Fkunden%2Fbin HTTP/1.1" 429 267 cronicareinodearagon.com "-" "Mozilla/5.0 AppleWebKit/537.36 (KHTML, like Gecko; compatible; ClaudeBot/1.0; +claudebot@anthropic.com)" "-"
216.73.217.0 - - [11/Aug/2026:00:20:45 +0200] "GET /shop/mypage/mail-magazine?fileloc=%2F%2Fkunden%2Fbin%2Fpy3compile&path=%2F%2Fkunden%2Fbin HTTP/1.1" 429 267 cronicareinodearagon.com "-" "Mozilla/5.0 AppleWebKit/537.36 (KHTML, like Gecko; compatible; ClaudeBot/1.0; +claudebot@anthropic.com)" "-"
46.4.220.0 - - [11/Aug/2026:00:20:46 +0200] "GET /?shop/items/Y26882822/ HTTP/1.1" 200 66633 cronicareinodearagon.com "-" "Mozilla/5.0 (compatible; SERankingBacklinksBot/1.0; +https://seranking.com/backlinks-crawler)" "-"
2a03:2880:f800:: - - [11/Aug/2026:00:20:48 +0200] "GET /?shop/items/Q86258228631/ HTTP/1.1" 200 66633 cronicareinodearagon.com "-" "Mozilla/5.0 (Windows NT 10.0; Win64; x64) AppleWebKit/537.36 (KHTML, like Gecko) Chrome/145.0.0.0 Safari/537.36 (compatible; meta-externalagent/1.1 (+https://developers.facebook.com/docs/sharing/webmasters/crawler))" "-"
74.7.227.0 - - [11/Aug/2026:00:20:48 +0200] "GET /?fileloc=//kunden/bin/pgmhist&path=//kunden/bin HTTP/1.1" 429 267 cronicareinodearagon.com "https://cronicareinodearagon.com/?path=//kunden/bin" "Mozilla/5.0 AppleWebKit/537.36 (KHTML, like Gecko; compatible; GPTBot/1.4; +https://openai.com/gptbot)" "-"
216.73.217.0 - - [11/Aug/2026:00:20:51 +0200] "GET /shop/mypage/mail-magazine?fileloc=%2Fhomepages%2F20%2Fd917057205%2Fhtdocs%2Fclickandbuilds%2FCronicaReinodeAragon%2Fwp-includes%2Fclass-avif-info.php&path=%2Fhomepages%2F20%2Fd917057205%2Fhtdocs%2Fclickandbuilds%2FCronicaReinodeAragon%2Fwp-includes HTTP/1.1" 429 267 cronicareinodearagon.com "-" "Mozilla/5.0 AppleWebKit/537.36 (KHTML, like Gecko; compatible; ClaudeBot/1.0; +claudebot@anthropic.com)" "-"
46.4.220.0 - - [11/Aug/2026:00:20:52 +0200] "GET /?shop/items/P52561746/ HTTP/1.1" 200 66633 cronicareinodearagon.com "-" "Mozilla/5.0 (compatible; SERankingBacklinksBot/1.0; +https://seranking.com/backlinks-crawler)" "-"
216.73.217.0 - - [11/Aug/2026:00:20:56 +0200] "GET /shop/contents/shipping?fileloc=%2Fhomepages%2F20%2Fd917057205%2Fhtdocs%2Fclickandbuilds%2FCronicaReinodeAragon%2Fwp-admin%2Fimport.php&path=%2Fhomepages%2F20%2Fd917057205%2Fhtdocs%2Fclickandbuilds%2FCronicaReinodeAragon%2Fwp-admin HTTP/1.1" 429 267 cronicareinodearagon.com "-" "Mozilla/5.0 AppleWebKit/537.36 (KHTML, like Gecko; compatible; ClaudeBot/1.0; +claudebot@anthropic.com)" "-"
2a03:2880:f800:: - - [11/Aug/2026:00:20:56 +0200] "GET /?shop/items/W9175043628/ HTTP/1.1" 200 66633 cronicareinodearagon.com "-" "Mozilla/5.0 (Windows NT 10.0; Win64; x64) AppleWebKit/537.36 (KHTML, like Gecko) Chrome/145.0.0.0 Safari/537.36 (compatible; meta-externalagent/1.1 (+https://developers.facebook.com/docs/sharing/webmasters/crawler))" "-"
46.4.220.0 - - [11/Aug/2026:00:20:58 +0200] "GET /?shop/items/Y26882823/ HTTP/1.1" 200 66633 cronicareinodearagon.com "-" "Mozilla/5.0 (compatible; SERankingBacklinksBot/1.0; +https://seranking.com/backlinks-crawler)" "-"
216.73.217.0 - - [11/Aug/2026:00:21:01 +0200] "GET /shop/mypage/mail-magazine?fileloc=%2Fhomepages%2F20%2Fd917057205%2Fhtdocs%2Fclickandbuilds%2FCronicaReinodeAragon%2Fwp-admin%2Fsetup-config.php&path=%2Fhomepages%2F20%2Fd917057205%2Fhtdocs%2Fclickandbuilds%2FCronicaReinodeAragon%2Fwp-admin HTTP/1.1" 429 267 cronicareinodearagon.com "-" "Mozilla/5.0 AppleWebKit/537.36 (KHTML, like Gecko; compatible; ClaudeBot/1.0; +claudebot@anthropic.com)" "-"
2a03:2880:f800:: - - [11/Aug/2026:00:21:04 +0200] "GET /?shop/items/S4710473910/ HTTP/1.1" 200 66633 cronicareinodearagon.com "-" "Mozilla/5.0 (Macintosh; Intel Mac OS X 10_15_7) AppleWebKit/537.36 (KHTML, like Gecko) Chrome/145.0.0.0 Safari/537.36 (compatible; meta-externalagent/1.1 (+https://developers.facebook.com/docs/sharing/webmasters/crawler))" "-"
216.73.217.0 - - [11/Aug/2026:00:21:06 +0200] "GET /shop/mypage/mail-magazine?fileloc=%2Fhomepages%2F20%2Fd917057205%2Fhtdocs%2Fclickandbuilds%2FCronicaReinodeAragon%2Fwp-admin%2Finstall.php&path=%2Fhomepages%2F20%2Fd917057205%2Fhtdocs%2Fclickandbuilds%2FCronicaReinodeAragon%2Fwp-admin HTTP/1.1" 429 267 cronicareinodearagon.com "-" "Mozilla/5.0 AppleWebKit/537.36 (KHTML, like Gecko; compatible; ClaudeBot/1.0; +claudebot@anthropic.com)" "-"
46.4.220.0 - - [11/Aug/2026:00:21:07 +0200] "GET /?shop/items/P52561747/ HTTP/1.1" 200 66633 cronicareinodearagon.com "-" "Mozilla/5.0 (compatible; SERankingBacklinksBot/1.0; +https://seranking.com/backlinks-crawler)" "-"
216.73.217.0 - - [11/Aug/2026:00:21:11 +0200] "GET /shop/mypage/mail-magazine?fileloc=%2Fhomepages%2F20%2Fd917057205%2Fhtdocs%2Fclickandbuilds%2FCronicaReinodeAragon%2Fwp-admin%2Fimport.php&path=%2Fhomepages%2F20%2Fd917057205%2Fhtdocs%2Fclickandbuilds%2FCronicaReinodeAragon%2Fwp-admin HTTP/1.1" 429 267 cronicareinodearagon.com "-" "Mozilla/5.0 AppleWebKit/537.36 (KHTML, like Gecko; compatible; ClaudeBot/1.0; +claudebot@anthropic.com)" "-"
2a03:2880:f800:: - - [11/Aug/2026:00:21:11 +0200] "GET /?shop/items/Q8625826162/ HTTP/1.1" 200 66633 cronicareinodearagon.com "-" "Mozilla/5.0 (Windows NT 10.0; Win64; x64) AppleWebKit/537.36 (KHTML, like Gecko) Chrome/145.0.0.0 Safari/537.36 (compatible; meta-externalagent/1.1 (+https://developers.facebook.com/docs/sharing/webmasters/crawler))" "-"
46.4.220.0 - - [11/Aug/2026:00:21:15 +0200] "GET /?shop/items/Y26882825/ HTTP/1.1" 200 66633 cronicareinodearagon.com "-" "Mozilla/5.0 (compatible; SERankingBacklinksBot/1.0; +https://seranking.com/backlinks-crawler)" "-"
216.73.217.0 - - [11/Aug/2026:00:21:16 +0200] "GET /shop/mypage/mail-magazine?fileloc=%2Fhomepages%2F20%2Fd917057205%2Fhtdocs%2Fclickandbuilds%2FCronicaReinodeAragon%2Fwp-includes%2Fregistration.php&path=%2Fhomepages%2F20%2Fd917057205%2Fhtdocs%2Fclickandbuilds%2FCronicaReinodeAragon%2Fwp-includes HTTP/1.1" 429 267 cronicareinodearagon.com "-" "Mozilla/5.0 AppleWebKit/537.36 (KHTML, like Gecko; compatible; ClaudeBot/1.0; +claudebot@anthropic.com)" "-"
2a03:2880:f800:: - - [11/Aug/2026:00:21:17 +0200] "GET /?shop/items/A6307617809/ HTTP/1.1" 200 66633 cronicareinodearagon.com "-" "Mozilla/5.0 (Windows NT 10.0; Win64; x64) AppleWebKit/537.36 (KHTML, like Gecko) Chrome/145.0.0.0 Safari/537.36 (compatible; meta-externalagent/1.1 (+https://developers.facebook.com/docs/sharing/webmasters/crawler))" "-"
216.73.217.0 - - [11/Aug/2026:00:21:21 +0200] "GET /shop/mypage/mail-magazine?fileloc=%2Fhomepages%2F20%2Fd917057205%2Fhtdocs%2Fclickandbuilds%2FCronicaReinodeAragon%2Fwp-admin%2Ftheme-install.php&path=%2Fhomepages%2F20%2Fd917057205%2Fhtdocs%2Fclickandbuilds%2FCronicaReinodeAragon%2Fwp-admin HTTP/1.1" 429 267 cronicareinodearagon.com "-" "Mozilla/5.0 AppleWebKit/537.36 (KHTML, like Gecko; compatible; ClaudeBot/1.0; +claudebot@anthropic.com)" "-"
46.4.220.0 - - [11/Aug/2026:00:21:23 +0200] "GET /?shop/items/P52561748/ HTTP/1.1" 200 66633 cronicareinodearagon.com "-" "Mozilla/5.0 (compatible; SERankingBacklinksBot/1.0; +https://seranking.com/backlinks-crawler)" "-"
114.119.143.0 - - [11/Aug/2026:00:21:23 +0200] "GET /?shop/items/S4710482906/ HTTP/1.1" 200 66633 cronicareinodearagon.com "http://cronicareinodearagon.com/sitemap49.xml" "Mozilla/5.0 (Linux; Android 7.0;) AppleWebKit/537.36 (HTML, like Gecko) Mobile Safari/537.36 (compatible; PetalBot;+https://webmaster.petalsearch.com/site/petalbot)" "-"
2a03:2880:f800:: - - [11/Aug/2026:00:21:23 +0200] "GET /?shop/items/Y2688234615/ HTTP/1.1" 200 66633 cronicareinodearagon.com "-" "Mozilla/5.0 (Macintosh; Intel Mac OS X 10_15_7) AppleWebKit/537.36 (KHTML, like Gecko) Chrome/145.0.0.0 Safari/537.36 (compatible; meta-externalagent/1.1 (+https://developers.facebook.com/docs/sharing/webmasters/crawler))" "-"
216.73.217.0 - - [11/Aug/2026:00:21:26 +0200] "GET /shop/contents/shipping?fileloc=%2Fhomepages%2F20%2Fd917057205%2Fhtdocs%2Fclickandbuilds%2FCronicaReinodeAragon%2Fwp-includes%2FID3%2Fgetid3.php&path=%2Fhomepages%2F20%2Fd917057205%2Fhtdocs%2Fclickandbuilds%2FCronicaReinodeAragon%2Fwp-includes%2FID3 HTTP/1.1" 429 267 cronicareinodearagon.com "-" "Mozilla/5.0 AppleWebKit/537.36 (KHTML, like Gecko; compatible; ClaudeBot/1.0; +claudebot@anthropic.com)" "-"
2a03:2880:f800:: - - [11/Aug/2026:00:21:29 +0200] "GET /?shop/items/S40474199613/ HTTP/1.1" 200 66633 cronicareinodearagon.com "-" "Mozilla/5.0 (Windows NT 10.0; Win64; x64) AppleWebKit/537.36 (KHTML, like Gecko) Chrome/145.0.0.0 Safari/537.36 (compatible; meta-externalagent/1.1 (+https://developers.facebook.com/docs/sharing/webmasters/crawler))" "-"
46.4.220.0 - - [11/Aug/2026:00:21:29 +0200] "GET /?shop/items/Y26882827/ HTTP/1.1" 200 66633 cronicareinodearagon.com "-" "Mozilla/5.0 (compatible; SERankingBacklinksBot/1.0; +https://seranking.com/backlinks-crawler)" "-"
216.73.217.0 - - [11/Aug/2026:00:21:31 +0200] "GET /shop/contents/shipping?fileloc=%2Fhomepages%2F20%2Fd917057205%2Fhtdocs%2Fclickandbuilds%2FCronicaReinodeAragon%2Fwp-admin%2Fsetup-config.php&path=%2Fhomepages%2F20%2Fd917057205%2Fhtdocs%2Fclickandbuilds%2FCronicaReinodeAragon%2Fwp-admin HTTP/1.1" 200 33608 cronicareinodearagon.com "-" "Mozilla/5.0 AppleWebKit/537.36 (KHTML, like Gecko; compatible; ClaudeBot/1.0; +claudebot@anthropic.com)" "-"
2a03:2880:f800:: - - [11/Aug/2026:00:21:35 +0200] "GET /?shop/items/Y26882110028/ HTTP/1.1" 200 66633 cronicareinodearagon.com "-" "Mozilla/5.0 (Windows NT 10.0; Win64; x64) AppleWebKit/537.36 (KHTML, like Gecko) Chrome/145.0.0.0 Safari/537.36 (compatible; meta-externalagent/1.1 (+https://developers.facebook.com/docs/sharing/webmasters/crawler))" "-"
216.73.217.0 - - [11/Aug/2026:00:21:36 +0200] "GET /shop/mypage/mail-magazine?fileloc=%2Fhomepages%2F20%2Fd917057205%2Fhtdocs%2Fclickandbuilds%2FCronicaReinodeAragon%2Fwp-admin%2Flink-parse-opml.php&path=%2Fhomepages%2F20%2Fd917057205%2Fhtdocs%2Fclickandbuilds%2FCronicaReinodeAragon%2Fwp-admin HTTP/1.1" 200 15542 cronicareinodearagon.com "-" "Mozilla/5.0 AppleWebKit/537.36 (KHTML, like Gecko; compatible; ClaudeBot/1.0; +claudebot@anthropic.com)" "-"
46.4.220.0 - - [11/Aug/2026:00:21:36 +0200] "GET /?shop/items/P52561749/ HTTP/1.1" 200 66633 cronicareinodearagon.com "-" "Mozilla/5.0 (compatible; SERankingBacklinksBot/1.0; +https://seranking.com/backlinks-crawler)" "-"
2a03:2880:f800:: - - [11/Aug/2026:00:21:39 +0200] "GET /?shop/items/I49538160567/ HTTP/1.1" 200 66633 cronicareinodearagon.com "-" "Mozilla/5.0 (Windows NT 10.0; Win64; x64) AppleWebKit/537.36 (KHTML, like Gecko) Chrome/145.0.0.0 Safari/537.36 (compatible; meta-externalagent/1.1 (+https://developers.facebook.com/docs/sharing/webmasters/crawler))" "-"
216.73.217.0 - - [11/Aug/2026:00:21:41 +0200] "GET /shop/contents/items?fileloc=%2Fhomepages%2F20%2Fd917057205%2Fhtdocs%2Fclickandbuilds%2FCronicaReinodeAragon%2Fwp-comments-post.php&path=%2Fhomepages%2F20%2Fd917057205%2Fhtdocs%2Fclickandbuilds%2FCronicaReinodeAragon HTTP/1.1" 200 15012 cronicareinodearagon.com "-" "Mozilla/5.0 AppleWebKit/537.36 (KHTML, like Gecko; compatible; ClaudeBot/1.0; +claudebot@anthropic.com)" "-"
46.4.220.0 - - [11/Aug/2026:00:21:42 +0200] "GET /?shop/items/Y26882828/ HTTP/1.1" 200 66633 cronicareinodearagon.com "-" "Mozilla/5.0 (compatible; SERankingBacklinksBot/1.0; +https://seranking.com/backlinks-crawler)" "-"
74.7.227.0 - - [11/Aug/2026:00:21:43 +0200] "GET /?fileloc=//kunden/bin/imgsize&path=//kunden/bin HTTP/1.1" 200 17351 cronicareinodearagon.com "https://cronicareinodearagon.com/?path=//kunden/bin" "Mozilla/5.0 AppleWebKit/537.36 (KHTML, like Gecko; compatible; GPTBot/1.4; +https://openai.com/gptbot)" "-"
2a03:2880:f800:: - - [11/Aug/2026:00:21:45 +0200] "GET /?shop/items/S47104155278/ HTTP/1.1" 200 66633 cronicareinodearagon.com "-" "Mozilla/5.0 (Windows NT 10.0; Win64; x64) AppleWebKit/537.36 (KHTML, like Gecko) Chrome/145.0.0.0 Safari/537.36 Edg/145.0.0.0 (compatible; meta-externalagent/1.1 (+https://developers.facebook.com/docs/sharing/webmasters/crawler))" "-"
216.73.217.0 - - [11/Aug/2026:00:21:46 +0200] "GET /shop/mypage/mail-magazine?fileloc=%2Fhomepages%2F20%2Fd917057205%2Fhtdocs%2Fclickandbuilds%2FCronicaReinodeAragon%2Fwp-includes%2Fblocks%2Fmore%2Fphp.ini&path=%2Fhomepages%2F20%2Fd917057205%2Fhtdocs%2Fclickandbuilds%2FCronicaReinodeAragon%2Fwp-includes%2Fblocks%2Fmore HTTP/1.1" 200 13456 cronicareinodearagon.com "-" "Mozilla/5.0 AppleWebKit/537.36 (KHTML, like Gecko; compatible; ClaudeBot/1.0; +claudebot@anthropic.com)" "-"
46.4.220.0 - - [11/Aug/2026:00:21:49 +0200] "GET /?shop/items/P52561750/ HTTP/1.1" 200 66633 cronicareinodearagon.com "-" "Mozilla/5.0 (compatible; SERankingBacklinksBot/1.0; +https://seranking.com/backlinks-crawler)" "-"
2a03:2880:f800:: - - [11/Aug/2026:00:21:49 +0200] "GET /?shop/items/A63076268057/ HTTP/1.1" 200 66633 cronicareinodearagon.com "-" "Mozilla/5.0 (Windows NT 10.0; Win64; x64) AppleWebKit/537.36 (KHTML, like Gecko) Chrome/145.0.0.0 Safari/537.36 (compatible; meta-externalagent/1.1 (+https://developers.facebook.com/docs/sharing/webmasters/crawler))" "-"
216.73.217.0 - - [11/Aug/2026:00:21:51 +0200] "GET /shop/mypage/mail-magazine?fileloc=%2Fhomepages%2F20%2Fd917057205%2Fhtdocs%2Fclickandbuilds%2FCronicaReinodeAragon%2Fwp-content%2Fuploads%2FFSO.jpg&path=%2Fhomepages%2F20%2Fd917057205%2Fhtdocs%2Fclickandbuilds%2FCronicaReinodeAragon%2Fwp-content%2Fuploads HTTP/1.1" 200 12849 cronicareinodearagon.com "-" "Mozilla/5.0 AppleWebKit/537.36 (KHTML, like Gecko; compatible; ClaudeBot/1.0; +claudebot@anthropic.com)" "-"
2a03:2880:f800:: - - [11/Aug/2026:00:21:54 +0200] "GET /?shop/items/G3851222187/ HTTP/1.1" 200 66633 cronicareinodearagon.com "-" "Mozilla/5.0 (Macintosh; Intel Mac OS X 10_15_7) AppleWebKit/537.36 (KHTML, like Gecko) Chrome/145.0.0.0 Safari/537.36 (compatible; meta-externalagent/1.1 (+https://developers.facebook.com/docs/sharing/webmasters/crawler))" "-"
46.4.220.0 - - [11/Aug/2026:00:21:55 +0200] "GET /?shop/items/Y26882829/ HTTP/1.1" 200 66633 cronicareinodearagon.com "-" "Mozilla/5.0 (compatible; SERankingBacklinksBot/1.0; +https://seranking.com/backlinks-crawler)" "-"
216.73.217.0 - - [11/Aug/2026:00:21:56 +0200] "GET /shop/mypage/mail-magazine?fileloc=%2Fhomepages%2F20%2Fd917057205%2Fhtdocs%2Fclickandbuilds%2FCronicaReinodeAragon%2Fwp-content%2Fuploads%2F3.png&path=%2Fhomepages%2F20%2Fd917057205%2Fhtdocs%2Fclickandbuilds%2FCronicaReinodeAragon%2Fwp-content%2Fuploads HTTP/1.1" 200 12847 cronicareinodearagon.com "-" "Mozilla/5.0 AppleWebKit/537.36 (KHTML, like Gecko; compatible; ClaudeBot/1.0; +claudebot@anthropic.com)" "-"
66.249.65.0 - - [11/Aug/2026:00:21:56 +0200] "GET /?shop/items/S404742284/ HTTP/1.1" 200 66633 cronicareinodearagon.com "-" "Mozilla/5.0 (Linux; Android 6.0.1; Nexus 5X Build/MMB29P) AppleWebKit/537.36 (KHTML, like Gecko) Chrome/150.0.7871.186 Mobile Safari/537.36 (compatible; Googlebot/2.1; +http://www.google.com/bot.html)" "-"
2a03:2880:f800:: - - [11/Aug/2026:00:21:59 +0200] "GET /?shop/items/W91750198451/ HTTP/1.1" 200 66633 cronicareinodearagon.com "-" "Mozilla/5.0 (Windows NT 10.0; Win64; x64) AppleWebKit/537.36 (KHTML, like Gecko) Chrome/145.0.0.0 Safari/537.36 (compatible; meta-externalagent/1.1 (+https://developers.facebook.com/docs/sharing/webmasters/crawler))" "-"
216.73.217.0 - - [11/Aug/2026:00:22:01 +0200] "GET /shop/mypage/mail-magazine?fileloc=%2Fhomepages%2F20%2Fd917057205%2Fhtdocs%2Fclickandbuilds%2FCronicaReinodeAragon%2Fwp-content%2Fuploads%2Fhadaba.jpg&path=%2Fhomepages%2F20%2Fd917057205%2Fhtdocs%2Fclickandbuilds%2FCronicaReinodeAragon%2Fwp-content%2Fuploads HTTP/1.1" 200 12852 cronicareinodearagon.com "-" "Mozilla/5.0 AppleWebKit/537.36 (KHTML, like Gecko; compatible; ClaudeBot/1.0; +claudebot@anthropic.com)" "-"
46.4.220.0 - - [11/Aug/2026:00:22:01 +0200] "GET /?shop/items/P52561751/ HTTP/1.1" 200 66633 cronicareinodearagon.com "-" "Mozilla/5.0 (compatible; SERankingBacklinksBot/1.0; +https://seranking.com/backlinks-crawler)" "-"
2a03:2880:f800:: - - [11/Aug/2026:00:22:03 +0200] "GET /?shop/items/S4047413270/ HTTP/1.1" 429 267 cronicareinodearagon.com "-" "Mozilla/5.0 (Macintosh; Intel Mac OS X 10_15_7) AppleWebKit/537.36 (KHTML, like Gecko) Chrome/145.0.0.0 Safari/537.36 (compatible; meta-externalagent/1.1 (+https://developers.facebook.com/docs/sharing/webmasters/crawler))" "-"
2a03:2880:f800:: - - [11/Aug/2026:00:22:06 +0200] "GET /?shop/items/Q86258263646/ HTTP/1.1" 429 267 cronicareinodearagon.com "-" "Mozilla/5.0 (Windows NT 10.0; Win64; x64) AppleWebKit/537.36 (KHTML, like Gecko) Chrome/145.0.0.0 Safari/537.36 (compatible; meta-externalagent/1.1 (+https://developers.facebook.com/docs/sharing/webmasters/crawler))" "-"
216.73.217.0 - - [11/Aug/2026:00:22:06 +0200] "GET /shop/mypage/mail-magazine?fileloc=%2Fhomepages%2F20%2Fd917057205%2Fhtdocs%2Fclickandbuilds%2FCronicaReinodeAragon%2Fwp-content%2Fuploads%2Febro.jpg&path=%2Fhomepages%2F20%2Fd917057205%2Fhtdocs%2Fclickandbuilds%2FCronicaReinodeAragon%2Fwp-content%2Fuploads HTTP/1.1" 200 12850 cronicareinodearagon.com "-" "Mozilla/5.0 AppleWebKit/537.36 (KHTML, like Gecko; compatible; ClaudeBot/1.0; +claudebot@anthropic.com)" "-"
2a03:2880:f800:: - - [11/Aug/2026:00:22:07 +0200] "GET /?shop/items/S4047450639/ HTTP/1.1" 429 267 cronicareinodearagon.com "-" "Mozilla/5.0 (Windows NT 10.0; Win64; x64) AppleWebKit/537.36 (KHTML, like Gecko) Chrome/145.0.0.0 Safari/537.36 (compatible; meta-externalagent/1.1 (+https://developers.facebook.com/docs/sharing/webmasters/crawler))" "-"
