2a03:2880:f800:: - - [11/Aug/2026:00:44:20 +0200] "GET /?shop/items/I8008826703/ HTTP/1.1" 429 267 cronicareinodearagon.com "-" "Mozilla/5.0 (Windows NT 10.0; Win64; x64) AppleWebKit/537.36 (KHTML, like Gecko) Chrome/145.0.0.0 Safari/537.36 (compatible; meta-externalagent/1.1 (+https://developers.facebook.com/docs/sharing/webmasters/crawler))" "-"
216.73.217.0 - - [11/Aug/2026:00:44:20 +0200] "GET /shop/mypage/mail-magazine?fileloc=%2F%2Fbin%2Fzdump&path=%2F%2Fbin HTTP/1.1" 200 12187 cronicareinodearagon.com "-" "Mozilla/5.0 AppleWebKit/537.36 (KHTML, like Gecko; compatible; ClaudeBot/1.0; +claudebot@anthropic.com)" "-"
46.4.220.0 - - [11/Aug/2026:00:44:21 +0200] "GET /?shop/items/A63076120/ HTTP/1.1" 200 66633 cronicareinodearagon.com "-" "Mozilla/5.0 (compatible; SERankingBacklinksBot/1.0; +https://seranking.com/backlinks-crawler)" "-"
216.73.217.0 - - [11/Aug/2026:00:44:25 +0200] "GET /shop/mypage/mail-magazine?fileloc=%2F%2Fbin%2Fstream&path=%2F%2Fbin HTTP/1.1" 200 12188 cronicareinodearagon.com "-" "Mozilla/5.0 AppleWebKit/537.36 (KHTML, like Gecko; compatible; ClaudeBot/1.0; +claudebot@anthropic.com)" "-"
46.4.220.0 - - [11/Aug/2026:00:44:27 +0200] "GET /?shop/items/I80088572/ HTTP/1.1" 200 66633 cronicareinodearagon.com "-" "Mozilla/5.0 (compatible; SERankingBacklinksBot/1.0; +https://seranking.com/backlinks-crawler)" "-"
2a03:2880:f800:: - - [11/Aug/2026:00:44:29 +0200] "GET /?shop/items/I4953840294/ HTTP/1.1" 429 267 cronicareinodearagon.com "-" "Mozilla/5.0 (X11; Linux x86_64) AppleWebKit/537.36 (KHTML, like Gecko) Chrome/145.0.0.0 Safari/537.36 (compatible; meta-externalagent/1.1 (+https://developers.facebook.com/docs/sharing/webmasters/crawler))" "-"
216.73.217.0 - - [11/Aug/2026:00:44:31 +0200] "GET /shop/mypage/mail-magazine?fileloc=%2F%2Fbin%2Flocaledef&path=%2F%2Fbin HTTP/1.1" 200 12191 cronicareinodearagon.com "-" "Mozilla/5.0 AppleWebKit/537.36 (KHTML, like Gecko; compatible; ClaudeBot/1.0; +claudebot@anthropic.com)" "-"
2a03:2880:f800:: - - [11/Aug/2026:00:44:32 +0200] "GET /?shop/items/Q8625851770/ HTTP/1.1" 429 267 cronicareinodearagon.com "-" "Mozilla/5.0 (Windows NT 10.0; Win64; x64) AppleWebKit/537.36 (KHTML, like Gecko) Chrome/144.0.0.0 Safari/537.36 Edg/144.0.0.0 (compatible; meta-externalagent/1.1 (+https://developers.facebook.com/docs/sharing/webmasters/crawler))" "-"
2a03:2880:f800:: - - [11/Aug/2026:00:44:33 +0200] "GET /?shop/items/A63076252576/ HTTP/1.1" 429 267 cronicareinodearagon.com "-" "Mozilla/5.0 (Macintosh; Intel Mac OS X 10_15_7) AppleWebKit/537.36 (KHTML, like Gecko) Chrome/145.0.0.0 Safari/537.36 (compatible; meta-externalagent/1.1 (+https://developers.facebook.com/docs/sharing/webmasters/crawler))" "-"
46.4.220.0 - - [11/Aug/2026:00:44:33 +0200] "GET /?shop/items/A63076121/ HTTP/1.1" 200 66633 cronicareinodearagon.com "-" "Mozilla/5.0 (compatible; SERankingBacklinksBot/1.0; +https://seranking.com/backlinks-crawler)" "-"
216.73.217.0 - - [11/Aug/2026:00:44:35 +0200] "GET /shop/contents/malwil_begin?path=%2Fhomepages%2F20%2Fd917057205%2Fhtdocs%2F1app934176497 HTTP/1.1" 200 57878 cronicareinodearagon.com "-" "Mozilla/5.0 AppleWebKit/537.36 (KHTML, like Gecko; compatible; ClaudeBot/1.0; +claudebot@anthropic.com)" "-"
216.73.217.0 - - [11/Aug/2026:00:44:40 +0200] "GET /shop/contents/malwil_begin?path=%2Fhomepages%2F34%2Fd824623353 HTTP/1.1" 200 30167 cronicareinodearagon.com "-" "Mozilla/5.0 AppleWebKit/537.36 (KHTML, like Gecko; compatible; ClaudeBot/1.0; +claudebot@anthropic.com)" "-"
46.4.220.0 - - [11/Aug/2026:00:44:41 +0200] "GET /?shop/items/I80088573/ HTTP/1.1" 200 66633 cronicareinodearagon.com "-" "Mozilla/5.0 (compatible; SERankingBacklinksBot/1.0; +https://seranking.com/backlinks-crawler)" "-"
216.73.217.0 - - [11/Aug/2026:00:44:45 +0200] "GET /shop/mypage/mail-magazine?fileloc=%2F%2Fbin%2Fdebsums&path=%2F%2Fbin HTTP/1.1" 200 39269 cronicareinodearagon.com "-" "Mozilla/5.0 AppleWebKit/537.36 (KHTML, like Gecko; compatible; ClaudeBot/1.0; +claudebot@anthropic.com)" "-"
2a03:2880:f800:: - - [11/Aug/2026:00:44:46 +0200] "GET /?shop/items/S4710492326/ HTTP/1.1" 429 267 cronicareinodearagon.com "-" "Mozilla/5.0 (Windows NT 10.0; Win64; x64) AppleWebKit/537.36 (KHTML, like Gecko) Chrome/145.0.0.0 Safari/537.36 (compatible; meta-externalagent/1.1 (+https://developers.facebook.com/docs/sharing/webmasters/crawler))" "-"
46.4.220.0 - - [11/Aug/2026:00:44:47 +0200] "GET /?shop/items/A63076122/ HTTP/1.1" 200 66633 cronicareinodearagon.com "-" "Mozilla/5.0 (compatible; SERankingBacklinksBot/1.0; +https://seranking.com/backlinks-crawler)" "-"
2a03:2880:f800:: - - [11/Aug/2026:00:44:48 +0200] "GET /?shop/items/Y26882179932/ HTTP/1.1" 429 267 cronicareinodearagon.com "-" "Mozilla/5.0 (Windows NT 10.0; Win64; x64) AppleWebKit/537.36 (KHTML, like Gecko) Chrome/145.0.0.0 Safari/537.36 (compatible; meta-externalagent/1.1 (+https://developers.facebook.com/docs/sharing/webmasters/crawler))" "-"
2a03:2880:f800:: - - [11/Aug/2026:00:44:49 +0200] "GET /?shop/items/P52561151000/ HTTP/1.1" 429 267 cronicareinodearagon.com "-" "Mozilla/5.0 (Windows NT 10.0; Win64; x64) AppleWebKit/537.36 (KHTML, like Gecko) Chrome/145.0.0.0 Safari/537.36 (compatible; meta-externalagent/1.1 (+https://developers.facebook.com/docs/sharing/webmasters/crawler))" "-"
216.73.217.0 - - [11/Aug/2026:00:44:50 +0200] "GET /shop/mypage/mail-magazine?path=%2F%2Fkunden%2Fetc%2Frc1.d HTTP/1.1" 200 12693 cronicareinodearagon.com "-" "Mozilla/5.0 AppleWebKit/537.36 (KHTML, like Gecko; compatible; ClaudeBot/1.0; +claudebot@anthropic.com)" "-"
46.4.220.0 - - [11/Aug/2026:00:44:53 +0200] "GET /?shop/items/I80088576/ HTTP/1.1" 200 66633 cronicareinodearagon.com "-" "Mozilla/5.0 (compatible; SERankingBacklinksBot/1.0; +https://seranking.com/backlinks-crawler)" "-"
216.73.217.0 - - [11/Aug/2026:00:44:55 +0200] "GET /shop/mypage/mail-magazine?fileloc=%2F%2Fbin%2Fod&path=%2F%2Fbin HTTP/1.1" 200 12184 cronicareinodearagon.com "-" "Mozilla/5.0 AppleWebKit/537.36 (KHTML, like Gecko; compatible; ClaudeBot/1.0; +claudebot@anthropic.com)" "-"
66.249.65.0 - - [11/Aug/2026:00:44:56 +0200] "GET /?shop/items/S4710480236/ HTTP/1.1" 200 66633 cronicareinodearagon.com "-" "Mozilla/5.0 (Linux; Android 6.0.1; Nexus 5X Build/MMB29P) AppleWebKit/537.36 (KHTML, like Gecko) Chrome/150.0.7871.186 Mobile Safari/537.36 (compatible; Googlebot/2.1; +http://www.google.com/bot.html)" "-"
74.7.227.0 - - [11/Aug/2026:00:44:57 +0200] "GET /?fileloc=//kunden/bin/savelog&path=//kunden/bin HTTP/1.1" 200 24384 cronicareinodearagon.com "http://cronicareinodearagon.com/?path=//kunden/bin" "Mozilla/5.0 AppleWebKit/537.36 (KHTML, like Gecko; compatible; GPTBot/1.4; +https://openai.com/gptbot)" "-"
74.7.228.0 - - [11/Aug/2026:00:44:58 +0200] "GET /robots.txt HTTP/1.1" 200 437 cronicareinodearagon.com "-" "Mozilla/5.0 (Macintosh; Intel Mac OS X 10_15_7) AppleWebKit/537.36 (KHTML, like Gecko) Chrome/131.0.0.0 Safari/537.36; compatible; OAI-SearchBot/1.4; robots.txt; +https://openai.com/searchbot" "-"
46.4.220.0 - - [11/Aug/2026:00:44:59 +0200] "GET /?shop/items/A63076123/ HTTP/1.1" 200 66633 cronicareinodearagon.com "-" "Mozilla/5.0 (compatible; SERankingBacklinksBot/1.0; +https://seranking.com/backlinks-crawler)" "-"
216.73.217.0 - - [11/Aug/2026:00:45:00 +0200] "GET /shop/contents/malwil_begin?path=%2Fhomepages%2F20%2Fd824732144%2F.config HTTP/1.1" 200 12770 cronicareinodearagon.com "-" "Mozilla/5.0 AppleWebKit/537.36 (KHTML, like Gecko; compatible; ClaudeBot/1.0; +claudebot@anthropic.com)" "-"
66.249.65.0 - - [11/Aug/2026:00:45:05 +0200] "GET /?shop/items/I80088184312/ HTTP/1.1" 200 66633 cronicareinodearagon.com "-" "Mozilla/5.0 (Linux; Android 6.0.1; Nexus 5X Build/MMB29P) AppleWebKit/537.36 (KHTML, like Gecko) Chrome/150.0.7871.186 Mobile Safari/537.36 (compatible; Googlebot/2.1; +http://www.google.com/bot.html)" "-"
216.73.217.0 - - [11/Aug/2026:00:45:05 +0200] "GET /shop/contents/shipping?path=%2Fhomepages%2F20%2Fd917057205%2Fhtdocs%2Fclickandbuilds%2FCronicaReinodeAragon%2Fwp-includes%2Fjs%2Ftinymce%2Fskins HTTP/1.1" 429 267 cronicareinodearagon.com "-" "Mozilla/5.0 AppleWebKit/537.36 (KHTML, like Gecko; compatible; ClaudeBot/1.0; +claudebot@anthropic.com)" "-"
114.119.134.0 - - [11/Aug/2026:00:45:06 +0200] "GET /?shop/items/S4710480132/ HTTP/1.1" 200 66633 cronicareinodearagon.com "http://cronicareinodearagon.com/sitemap260.xml" "Mozilla/5.0 (Linux; Android 7.0;) AppleWebKit/537.36 (HTML, like Gecko) Mobile Safari/537.36 (compatible; PetalBot;+https://webmaster.petalsearch.com/site/petalbot)" "-"
46.4.220.0 - - [11/Aug/2026:00:45:07 +0200] "GET /?shop/items/I80088578/ HTTP/1.1" 200 66633 cronicareinodearagon.com "-" "Mozilla/5.0 (compatible; SERankingBacklinksBot/1.0; +https://seranking.com/backlinks-crawler)" "-"
2a03:2880:f800:: - - [11/Aug/2026:00:45:07 +0200] "GET /?shop/items/Q86258211451/ HTTP/1.1" 200 66633 cronicareinodearagon.com "-" "Mozilla/5.0 (Macintosh; Intel Mac OS X 10_15_7) AppleWebKit/537.36 (KHTML, like Gecko) Chrome/145.0.0.0 Safari/537.36 (compatible; meta-externalagent/1.1 (+https://developers.facebook.com/docs/sharing/webmasters/crawler))" "-"
2a03:2880:f800:: - - [11/Aug/2026:00:45:10 +0200] "GET /?shop/items/Q86258112108/ HTTP/1.1" 200 66633 cronicareinodearagon.com "-" "Mozilla/5.0 (Windows NT 10.0; Win64; x64) AppleWebKit/537.36 (KHTML, like Gecko) Chrome/145.0.0.0 Safari/537.36 (compatible; meta-externalagent/1.1 (+https://developers.facebook.com/docs/sharing/webmasters/crawler))" "-"
216.73.217.0 - - [11/Aug/2026:00:45:10 +0200] "GET /shop/contents/shipping?path=%2Fhomepages%2F28%2Fd603975690 HTTP/1.1" 429 267 cronicareinodearagon.com "-" "Mozilla/5.0 AppleWebKit/537.36 (KHTML, like Gecko; compatible; ClaudeBot/1.0; +claudebot@anthropic.com)" "-"
66.249.65.0 - - [11/Aug/2026:00:45:12 +0200] "GET /?shop/items/Q8625869630/ HTTP/1.1" 200 66633 cronicareinodearagon.com "-" "Mozilla/5.0 (Linux; Android 6.0.1; Nexus 5X Build/MMB29P) AppleWebKit/537.36 (KHTML, like Gecko) Chrome/150.0.7871.186 Mobile Safari/537.36 (compatible; Googlebot/2.1; +http://www.google.com/bot.html)" "-"
46.4.220.0 - - [11/Aug/2026:00:45:13 +0200] "GET /?shop/items/A63076124/ HTTP/1.1" 200 66633 cronicareinodearagon.com "-" "Mozilla/5.0 (compatible; SERankingBacklinksBot/1.0; +https://seranking.com/backlinks-crawler)" "-"
216.73.217.0 - - [11/Aug/2026:00:45:15 +0200] "GET /shop/contents/malwil_begin?path=%2Fhomepages%2F44%2Fd828270140%2F.config HTTP/1.1" 429 267 cronicareinodearagon.com "-" "Mozilla/5.0 AppleWebKit/537.36 (KHTML, like Gecko; compatible; ClaudeBot/1.0; +claudebot@anthropic.com)" "-"
46.4.220.0 - - [11/Aug/2026:00:45:19 +0200] "GET /?shop/items/I80088579/ HTTP/1.1" 200 66633 cronicareinodearagon.com "-" "Mozilla/5.0 (compatible; SERankingBacklinksBot/1.0; +https://seranking.com/backlinks-crawler)" "-"
66.249.65.0 - - [11/Aug/2026:00:45:20 +0200] "GET /?shop/items/S47104281094/ HTTP/1.1" 200 66633 cronicareinodearagon.com "-" "Mozilla/5.0 (Linux; Android 6.0.1; Nexus 5X Build/MMB29P) AppleWebKit/537.36 (KHTML, like Gecko) Chrome/150.0.7871.186 Mobile Safari/537.36 (compatible; Googlebot/2.1; +http://www.google.com/bot.html)" "-"
216.73.217.0 - - [11/Aug/2026:00:45:20 +0200] "GET /shop/contents/shipping?path=%2Fhomepages%2F3%2Fd837522190 HTTP/1.1" 429 267 cronicareinodearagon.com "-" "Mozilla/5.0 AppleWebKit/537.36 (KHTML, like Gecko; compatible; ClaudeBot/1.0; +claudebot@anthropic.com)" "-"
46.4.220.0 - - [11/Aug/2026:00:45:25 +0200] "GET /?shop/items/A63076125/ HTTP/1.1" 200 66633 cronicareinodearagon.com "-" "Mozilla/5.0 (compatible; SERankingBacklinksBot/1.0; +https://seranking.com/backlinks-crawler)" "-"
216.73.217.0 - - [11/Aug/2026:00:45:25 +0200] "GET /shop/mypage/mail-magazine?fileloc=%2F%2Fetc%2Fmc%2Fmc.keymap&path=%2F%2Fetc%2Fmc HTTP/1.1" 429 267 cronicareinodearagon.com "-" "Mozilla/5.0 AppleWebKit/537.36 (KHTML, like Gecko; compatible; ClaudeBot/1.0; +claudebot@anthropic.com)" "-"
2a03:2880:f800:: - - [11/Aug/2026:00:45:29 +0200] "GET /?shop/items/Q86258123040/ HTTP/1.1" 200 66633 cronicareinodearagon.com "-" "Mozilla/5.0 (Windows NT 10.0; Win64; x64) AppleWebKit/537.36 (KHTML, like Gecko) Chrome/145.0.0.0 Safari/537.36 (compatible; meta-externalagent/1.1 (+https://developers.facebook.com/docs/sharing/webmasters/crawler))" "-"
66.249.65.0 - - [11/Aug/2026:00:45:29 +0200] "GET /?shop/items/I80088121963/ HTTP/1.1" 200 66633 cronicareinodearagon.com "-" "Mozilla/5.0 (Linux; Android 6.0.1; Nexus 5X Build/MMB29P) AppleWebKit/537.36 (KHTML, like Gecko) Chrome/150.0.7871.186 Mobile Safari/537.36 (compatible; Googlebot/2.1; +http://www.google.com/bot.html)" "-"
46.4.220.0 - - [11/Aug/2026:00:45:31 +0200] "GET /?shop/items/I80088582/ HTTP/1.1" 200 66633 cronicareinodearagon.com "-" "Mozilla/5.0 (compatible; SERankingBacklinksBot/1.0; +https://seranking.com/backlinks-crawler)" "-"
216.73.217.0 - - [11/Aug/2026:00:45:32 +0200] "GET /shop/mypage/mail-magazine?fileloc=%2F%2Fkunden%2Fusr%2Fsbin%2Fwarnquota&path=%2F%2Fkunden%2Fusr%2Fsbin HTTP/1.1" 429 267 cronicareinodearagon.com "-" "Mozilla/5.0 AppleWebKit/537.36 (KHTML, like Gecko; compatible; ClaudeBot/1.0; +claudebot@anthropic.com)" "-"
216.73.217.0 - - [11/Aug/2026:00:45:36 +0200] "GET /shop/mypage/mail-magazine?fileloc=%2F%2Fkunden%2Fusr%2Fsbin%2Fsulogin&path=%2F%2Fkunden%2Fusr%2Fsbin HTTP/1.1" 429 267 cronicareinodearagon.com "-" "Mozilla/5.0 AppleWebKit/537.36 (KHTML, like Gecko; compatible; ClaudeBot/1.0; +claudebot@anthropic.com)" "-"
46.4.220.0 - - [11/Aug/2026:00:45:37 +0200] "GET /?shop/items/A63076126/ HTTP/1.1" 200 66633 cronicareinodearagon.com "-" "Mozilla/5.0 (compatible; SERankingBacklinksBot/1.0; +https://seranking.com/backlinks-crawler)" "-"
216.73.217.0 - - [11/Aug/2026:00:45:41 +0200] "GET /shop/mypage/mail-magazine?fileloc=%2F%2Fbin%2Fpnminterp-gen&path=%2F%2Fbin HTTP/1.1" 429 267 cronicareinodearagon.com "-" "Mozilla/5.0 AppleWebKit/537.36 (KHTML, like Gecko; compatible; ClaudeBot/1.0; +claudebot@anthropic.com)" "-"
2a03:2880:f800:: - - [11/Aug/2026:00:45:43 +0200] "GET /sitemap394.xml HTTP/1.1" 200 66705 cronicareinodearagon.com "-" "Mozilla/5.0 (Windows NT 10.0; Win64; x64) AppleWebKit/537.36 (KHTML, like Gecko) Chrome/145.0.0.0 Safari/537.36 (compatible; meta-externalagent/1.1 (+https://developers.facebook.com/docs/sharing/webmasters/crawler))" "-"
46.4.220.0 - - [11/Aug/2026:00:45:44 +0200] "GET /?shop/items/I80088584/ HTTP/1.1" 200 66633 cronicareinodearagon.com "-" "Mozilla/5.0 (compatible; SERankingBacklinksBot/1.0; +https://seranking.com/backlinks-crawler)" "-"
216.73.217.0 - - [11/Aug/2026:00:45:46 +0200] "GET /shop/mypage/mail-magazine?fileloc=%2F%2Fkunden%2Fusr%2Fsbin%2Ffindfs&path=%2F%2Fkunden%2Fusr%2Fsbin HTTP/1.1" 429 267 cronicareinodearagon.com "-" "Mozilla/5.0 AppleWebKit/537.36 (KHTML, like Gecko; compatible; ClaudeBot/1.0; +claudebot@anthropic.com)" "-"
46.4.220.0 - - [11/Aug/2026:00:45:50 +0200] "GET /?shop/items/A63076129/ HTTP/1.1" 200 66633 cronicareinodearagon.com "-" "Mozilla/5.0 (compatible; SERankingBacklinksBot/1.0; +https://seranking.com/backlinks-crawler)" "-"
216.73.217.0 - - [11/Aug/2026:00:45:51 +0200] "GET /shop/mypage/mail-magazine?fileloc=%2F%2Fkunden%2Fusr%2Fsbin%2Fpwck&path=%2F%2Fkunden%2Fusr%2Fsbin HTTP/1.1" 429 267 cronicareinodearagon.com "-" "Mozilla/5.0 AppleWebKit/537.36 (KHTML, like Gecko; compatible; ClaudeBot/1.0; +claudebot@anthropic.com)" "-"
74.7.227.0 - - [11/Aug/2026:00:45:53 +0200] "GET /?path=//kunden/var/lib HTTP/1.1" 429 267 cronicareinodearagon.com "http://cronicareinodearagon.com/?path=//kunden/var" "Mozilla/5.0 AppleWebKit/537.36 (KHTML, like Gecko; compatible; GPTBot/1.4; +https://openai.com/gptbot)" "-"
66.249.65.0 - - [11/Aug/2026:00:45:55 +0200] "GET /?shop/items/S4047410584/ HTTP/1.1" 200 66633 cronicareinodearagon.com "-" "Mozilla/5.0 (Linux; Android 6.0.1; Nexus 5X Build/MMB29P) AppleWebKit/537.36 (KHTML, like Gecko) Chrome/150.0.7871.186 Mobile Safari/537.36 (compatible; Googlebot/2.1; +http://www.google.com/bot.html)" "-"
2a03:2880:f800:: - - [11/Aug/2026:00:45:55 +0200] "GET /?shop/items/Y26882269134/ HTTP/1.1" 200 66633 cronicareinodearagon.com "-" "Mozilla/5.0 (Windows NT 10.0; Win64; x64) AppleWebKit/537.36 (KHTML, like Gecko) Chrome/145.0.0.0 Safari/537.36 (compatible; meta-externalagent/1.1 (+https://developers.facebook.com/docs/sharing/webmasters/crawler))" "-"
216.73.217.0 - - [11/Aug/2026:00:45:56 +0200] "GET /shop/mypage/mail-magazine?fileloc=%2F%2Fkunden%2Fusr%2Fsbin%2Fmkfs.minix&path=%2F%2Fkunden%2Fusr%2Fsbin HTTP/1.1" 429 267 cronicareinodearagon.com "-" "Mozilla/5.0 AppleWebKit/537.36 (KHTML, like Gecko; compatible; ClaudeBot/1.0; +claudebot@anthropic.com)" "-"
46.4.220.0 - - [11/Aug/2026:00:45:56 +0200] "GET /?shop/items/I80088586/ HTTP/1.1" 200 66633 cronicareinodearagon.com "-" "Mozilla/5.0 (compatible; SERankingBacklinksBot/1.0; +https://seranking.com/backlinks-crawler)" "-"
216.73.217.0 - - [11/Aug/2026:00:46:01 +0200] "GET /shop/mypage/mail-magazine?fileloc=%2F%2Fkunden%2Fusr%2Fsbin%2Fagetty&path=%2F%2Fkunden%2Fusr%2Fsbin HTTP/1.1" 429 267 cronicareinodearagon.com "-" "Mozilla/5.0 AppleWebKit/537.36 (KHTML, like Gecko; compatible; ClaudeBot/1.0; +claudebot@anthropic.com)" "-"
66.249.65.0 - - [11/Aug/2026:00:46:02 +0200] "GET /?shop/items/W9175090095/ HTTP/1.1" 200 66633 cronicareinodearagon.com "-" "Mozilla/5.0 (Linux; Android 6.0.1; Nexus 5X Build/MMB29P) AppleWebKit/537.36 (KHTML, like Gecko) Chrome/150.0.7871.186 Mobile Safari/537.36 (compatible; Googlebot/2.1; +http://www.google.com/bot.html)" "-"
46.4.220.0 - - [11/Aug/2026:00:46:02 +0200] "GET /?shop/items/A63076131/ HTTP/1.1" 200 66633 cronicareinodearagon.com "-" "Mozilla/5.0 (compatible; SERankingBacklinksBot/1.0; +https://seranking.com/backlinks-crawler)" "-"
216.73.217.0 - - [11/Aug/2026:00:46:06 +0200] "GET /shop/mypage/mail-magazine?fileloc=%2F%2Fkunden%2Fusr%2Fsbin%2Ftunelp&path=%2F%2Fkunden%2Fusr%2Fsbin HTTP/1.1" 200 12286 cronicareinodearagon.com "-" "Mozilla/5.0 AppleWebKit/537.36 (KHTML, like Gecko; compatible; ClaudeBot/1.0; +claudebot@anthropic.com)" "-"
2a03:2880:f800:: - - [11/Aug/2026:00:46:07 +0200] "GET /?shop/items/S47104268338/ HTTP/1.1" 200 66633 cronicareinodearagon.com "-" "Mozilla/5.0 (Windows NT 10.0; Win64; x64) AppleWebKit/537.36 (KHTML, like Gecko) Chrome/145.0.0.0 Safari/537.36 (compatible; meta-externalagent/1.1 (+https://developers.facebook.com/docs/sharing/webmasters/crawler))" "-"
66.249.65.0 - - [11/Aug/2026:00:46:08 +0200] "GET /?shop/items/G385121091/ HTTP/1.1" 200 66633 cronicareinodearagon.com "-" "Mozilla/5.0 (Linux; Android 6.0.1; Nexus 5X Build/MMB29P) AppleWebKit/537.36 (KHTML, like Gecko) Chrome/150.0.7871.186 Mobile Safari/537.36 (compatible; Googlebot/2.1; +http://www.google.com/bot.html)" "-"
46.4.220.0 - - [11/Aug/2026:00:46:09 +0200] "GET /?shop/items/I80088587/ HTTP/1.1" 200 66633 cronicareinodearagon.com "-" "Mozilla/5.0 (compatible; SERankingBacklinksBot/1.0; +https://seranking.com/backlinks-crawler)" "-"
216.73.217.0 - - [11/Aug/2026:00:46:11 +0200] "GET /shop/mypage/mail-magazine?fileloc=%2F%2Fkunden%2Fusr%2Fsbin%2Fmkswap&path=%2F%2Fkunden%2Fusr%2Fsbin HTTP/1.1" 200 12286 cronicareinodearagon.com "-" "Mozilla/5.0 AppleWebKit/537.36 (KHTML, like Gecko; compatible; ClaudeBot/1.0; +claudebot@anthropic.com)" "-"
46.4.220.0 - - [11/Aug/2026:00:46:16 +0200] "GET /?shop/items/A63076133/ HTTP/1.1" 200 66633 cronicareinodearagon.com "-" "Mozilla/5.0 (compatible; SERankingBacklinksBot/1.0; +https://seranking.com/backlinks-crawler)" "-"
216.73.217.0 - - [11/Aug/2026:00:46:16 +0200] "GET /shop/contents/shipping?path=%2Fhomepages%2F20%2Fd917057205%2Fhtdocs%2Fclickandbuilds%2FCronicaReinodeAragon%2Fwp-admin%2Fimages HTTP/1.1" 200 151531 cronicareinodearagon.com "-" "Mozilla/5.0 AppleWebKit/537.36 (KHTML, like Gecko; compatible; ClaudeBot/1.0; +claudebot@anthropic.com)" "-"
2a03:2880:f800:: - - [11/Aug/2026:00:46:17 +0200] "GET /?shop/items/I80088117496/ HTTP/1.1" 200 66633 cronicareinodearagon.com "-" "Mozilla/5.0 (Macintosh; Intel Mac OS X 10_15_7) AppleWebKit/537.36 (KHTML, like Gecko) Chrome/145.0.0.0 Safari/537.36 (compatible; meta-externalagent/1.1 (+https://developers.facebook.com/docs/sharing/webmasters/crawler))" "-"
216.73.217.0 - - [11/Aug/2026:00:46:21 +0200] "GET /shop/contents/shipping?fileloc=%2Fhomepages%2F20%2Fd917057205%2Fhtdocs%2Fclickandbuilds%2FCronicaReinodeAragon%2Fwp-includes%2Fblock-patterns.php&path=%2Fhomepages%2F20%2Fd917057205%2Fhtdocs%2Fclickandbuilds%2FCronicaReinodeAragon%2Fwp-includes HTTP/1.1" 200 26187 cronicareinodearagon.com "-" "Mozilla/5.0 AppleWebKit/537.36 (KHTML, like Gecko; compatible; ClaudeBot/1.0; +claudebot@anthropic.com)" "-"
46.4.220.0 - - [11/Aug/2026:00:46:22 +0200] "GET /?shop/items/I80088588/ HTTP/1.1" 200 66633 cronicareinodearagon.com "-" "Mozilla/5.0 (compatible; SERankingBacklinksBot/1.0; +https://seranking.com/backlinks-crawler)" "-"
66.249.65.0 - - [11/Aug/2026:00:46:26 +0200] "GET /?shop/items/S4047424095/ HTTP/1.1" 200 66633 cronicareinodearagon.com "-" "Mozilla/5.0 (Linux; Android 6.0.1; Nexus 5X Build/MMB29P) AppleWebKit/537.36 (KHTML, like Gecko) Chrome/150.0.7871.186 Mobile Safari/537.36 (compatible; Googlebot/2.1; +http://www.google.com/bot.html)" "-"
2a03:2880:f800:: - - [11/Aug/2026:00:46:26 +0200] "GET /?shop/items/A63076106055/ HTTP/1.1" 200 66633 cronicareinodearagon.com "-" "Mozilla/5.0 (Windows NT 10.0; Win64; x64) AppleWebKit/537.36 (KHTML, like Gecko) Chrome/145.0.0.0 Safari/537.36 (compatible; meta-externalagent/1.1 (+https://developers.facebook.com/docs/sharing/webmasters/crawler))" "-"
216.73.217.0 - - [11/Aug/2026:00:46:26 +0200] "GET /shop/mypage/mail-magazine?fileloc=%2F%2Fkunden%2Fusr%2Fsbin%2Ftune2fs&path=%2F%2Fkunden%2Fusr%2Fsbin HTTP/1.1" 200 12287 cronicareinodearagon.com "-" "Mozilla/5.0 AppleWebKit/537.36 (KHTML, like Gecko; compatible; ClaudeBot/1.0; +claudebot@anthropic.com)" "-"
46.4.220.0 - - [11/Aug/2026:00:46:30 +0200] "GET /?shop/items/P52561122/ HTTP/1.1" 200 66633 cronicareinodearagon.com "-" "Mozilla/5.0 (compatible; SERankingBacklinksBot/1.0; +https://seranking.com/backlinks-crawler)" "-"
216.73.217.0 - - [11/Aug/2026:00:46:31 +0200] "GET /shop/mypage/mail-magazine?fileloc=%2F%2Fkunden%2Fusr%2Fsbin%2Ftarcat&path=%2F%2Fkunden%2Fusr%2Fsbin HTTP/1.1" 200 13367 cronicareinodearagon.com "-" "Mozilla/5.0 AppleWebKit/537.36 (KHTML, like Gecko; compatible; ClaudeBot/1.0; +claudebot@anthropic.com)" "-"
114.119.143.0 - - [11/Aug/2026:00:46:33 +0200] "GET /?shop/items/S4710479957/ HTTP/1.1" 200 66633 cronicareinodearagon.com "http://cronicareinodearagon.com/sitemap421.xml" "Mozilla/5.0 (Linux; Android 7.0;) AppleWebKit/537.36 (HTML, like Gecko) Mobile Safari/537.36 (compatible; PetalBot;+https://webmaster.petalsearch.com/site/petalbot)" "-"
2a03:2880:f800:: - - [11/Aug/2026:00:46:35 +0200] "GET /?shop/items/Y26882200792/ HTTP/1.1" 200 66633 cronicareinodearagon.com "-" "Mozilla/5.0 (Macintosh; Intel Mac OS X 10_15_7) AppleWebKit/537.36 (KHTML, like Gecko) Chrome/145.0.0.0 Safari/537.36 (compatible; meta-externalagent/1.1 (+https://developers.facebook.com/docs/sharing/webmasters/crawler))" "-"
46.4.220.0 - - [11/Aug/2026:00:46:36 +0200] "GET /?shop/items/I80088589/ HTTP/1.1" 200 66633 cronicareinodearagon.com "-" "Mozilla/5.0 (compatible; SERankingBacklinksBot/1.0; +https://seranking.com/backlinks-crawler)" "-"
216.73.217.0 - - [11/Aug/2026:00:46:36 +0200] "GET /shop/mypage/mail-magazine?fileloc=%2F%2Fkunden%2Fusr%2Fsbin%2Fpwunconv&path=%2F%2Fkunden%2Fusr%2Fsbin HTTP/1.1" 200 12288 cronicareinodearagon.com "-" "Mozilla/5.0 AppleWebKit/537.36 (KHTML, like Gecko; compatible; ClaudeBot/1.0; +claudebot@anthropic.com)" "-"
46.4.220.0 - - [11/Aug/2026:00:46:42 +0200] "GET /?shop/items/P52561125/ HTTP/1.1" 200 66633 cronicareinodearagon.com "-" "Mozilla/5.0 (compatible; SERankingBacklinksBot/1.0; +https://seranking.com/backlinks-crawler)" "-"
216.73.217.0 - - [11/Aug/2026:00:46:42 +0200] "GET /shop/mypage/mail-magazine?fileloc=%2F%2Fbin%2Frsh&path=%2F%2Fbin HTTP/1.1" 200 12185 cronicareinodearagon.com "-" "Mozilla/5.0 AppleWebKit/537.36 (KHTML, like Gecko; compatible; ClaudeBot/1.0; +claudebot@anthropic.com)" "-"
2a03:2880:f800:: - - [11/Aug/2026:00:46:43 +0200] "GET /?shop/items/W91750253119/ HTTP/1.1" 200 66633 cronicareinodearagon.com "-" "Mozilla/5.0 (Windows NT 10.0; Win64; x64) AppleWebKit/537.36 (KHTML, like Gecko) Chrome/145.0.0.0 Safari/537.36 (compatible; meta-externalagent/1.1 (+https://developers.facebook.com/docs/sharing/webmasters/crawler))" "-"
66.249.65.0 - - [11/Aug/2026:00:46:43 +0200] "GET /?shop/items/P52561269755/ HTTP/1.1" 200 66633 cronicareinodearagon.com "-" "Mozilla/5.0 (Linux; Android 6.0.1; Nexus 5X Build/MMB29P) AppleWebKit/537.36 (KHTML, like Gecko) Chrome/150.0.7871.186 Mobile Safari/537.36 (compatible; Googlebot/2.1; +http://www.google.com/bot.html)" "-"
74.7.227.0 - - [11/Aug/2026:00:46:45 +0200] "GET /?path=//kunden/var/log HTTP/1.1" 200 14030 cronicareinodearagon.com "https://cronicareinodearagon.com/?path=//kunden/var" "Mozilla/5.0 AppleWebKit/537.36 (KHTML, like Gecko; compatible; GPTBot/1.4; +https://openai.com/gptbot)" "-"
216.73.217.0 - - [11/Aug/2026:00:46:47 +0200] "GET /shop/mypage/mail-magazine?fileloc=%2F%2Fkunden%2Fusr%2Fsbin%2Fdeluser&path=%2F%2Fkunden%2Fusr%2Fsbin HTTP/1.1" 200 29461 cronicareinodearagon.com "-" "Mozilla/5.0 AppleWebKit/537.36 (KHTML, like Gecko; compatible; ClaudeBot/1.0; +claudebot@anthropic.com)" "-"
46.4.220.0 - - [11/Aug/2026:00:46:49 +0200] "GET /?shop/items/I80088590/ HTTP/1.1" 200 66633 cronicareinodearagon.com "-" "Mozilla/5.0 (compatible; SERankingBacklinksBot/1.0; +https://seranking.com/backlinks-crawler)" "-"
66.249.65.0 - - [11/Aug/2026:00:46:49 +0200] "GET /?shop/items/A6307668861/ HTTP/1.1" 200 66633 cronicareinodearagon.com "-" "Mozilla/5.0 (Linux; Android 6.0.1; Nexus 5X Build/MMB29P) AppleWebKit/537.36 (KHTML, like Gecko) Chrome/150.0.7871.186 Mobile Safari/537.36 (compatible; Googlebot/2.1; +http://www.google.com/bot.html)" "-"
2a03:2880:f800:: - - [11/Aug/2026:00:46:50 +0200] "GET /?shop/items/A63076128604/ HTTP/1.1" 200 66633 cronicareinodearagon.com "-" "Mozilla/5.0 (Windows NT 10.0; Win64; x64) AppleWebKit/537.36 (KHTML, like Gecko) Chrome/145.0.0.0 Safari/537.36 (compatible; meta-externalagent/1.1 (+https://developers.facebook.com/docs/sharing/webmasters/crawler))" "-"
216.73.217.0 - - [11/Aug/2026:00:46:52 +0200] "GET /shop/mypage/mail-magazine?fileloc=%2F%2Fkunden%2Fusr%2Fsbin%2Fipmaddr&path=%2F%2Fkunden%2Fusr%2Fsbin HTTP/1.1" 200 12287 cronicareinodearagon.com "-" "Mozilla/5.0 AppleWebKit/537.36 (KHTML, like Gecko; compatible; ClaudeBot/1.0; +claudebot@anthropic.com)" "-"
46.4.220.0 - - [11/Aug/2026:00:46:56 +0200] "GET /?shop/items/P52561128/ HTTP/1.1" 200 66633 cronicareinodearagon.com "-" "Mozilla/5.0 (compatible; SERankingBacklinksBot/1.0; +https://seranking.com/backlinks-crawler)" "-"
66.249.65.0 - - [11/Aug/2026:00:46:56 +0200] "GET /?shop/items/P52561254065/ HTTP/1.1" 200 66633 cronicareinodearagon.com "-" "Mozilla/5.0 (Linux; Android 6.0.1; Nexus 5X Build/MMB29P) AppleWebKit/537.36 (KHTML, like Gecko) Chrome/150.0.7871.186 Mobile Safari/537.36 (compatible; Googlebot/2.1; +http://www.google.com/bot.html)" "-"
216.73.217.0 - - [11/Aug/2026:00:46:57 +0200] "GET /shop/mypage/mail-magazine?fileloc=%2F%2Fkunden%2Fusr%2Fsbin%2Ffdisk&path=%2F%2Fkunden%2Fusr%2Fsbin HTTP/1.1" 200 12285 cronicareinodearagon.com "-" "Mozilla/5.0 AppleWebKit/537.36 (KHTML, like Gecko; compatible; ClaudeBot/1.0; +claudebot@anthropic.com)" "-"
2a03:2880:f800:: - - [11/Aug/2026:00:46:57 +0200] "GET /?shop/items/I80088180203/ HTTP/1.1" 200 66633 cronicareinodearagon.com "-" "Mozilla/5.0 (Macintosh; Intel Mac OS X 10_15_7) AppleWebKit/537.36 (KHTML, like Gecko) Chrome/145.0.0.0 Safari/537.36 (compatible; meta-externalagent/1.1 (+https://developers.facebook.com/docs/sharing/webmasters/crawler))" "-"
66.249.65.0 - - [11/Aug/2026:00:47:00 +0200] "GET /?shop/items/G38512197962/ HTTP/1.1" 200 66633 cronicareinodearagon.com "-" "Mozilla/5.0 (Linux; Android 6.0.1; Nexus 5X Build/MMB29P) AppleWebKit/537.36 (KHTML, like Gecko) Chrome/150.0.7871.186 Mobile Safari/537.36 (compatible; Googlebot/2.1; +http://www.google.com/bot.html)" "-"
46.4.220.0 - - [11/Aug/2026:00:47:01 +0200] "GET /?shop/items/I80088592/ HTTP/1.1" 200 66633 cronicareinodearagon.com "-" "Mozilla/5.0 (compatible; SERankingBacklinksBot/1.0; +https://seranking.com/backlinks-crawler)" "-"
216.73.217.0 - - [11/Aug/2026:00:47:02 +0200] "GET /shop/mypage/mail-magazine?fileloc=%2F%2Fkunden%2Fusr%2Fsbin%2Fhwclock&path=%2F%2Fkunden%2Fusr%2Fsbin HTTP/1.1" 200 12287 cronicareinodearagon.com "-" "Mozilla/5.0 AppleWebKit/537.36 (KHTML, like Gecko; compatible; ClaudeBot/1.0; +claudebot@anthropic.com)" "-"
66.249.65.0 - - [11/Aug/2026:00:47:02 +0200] "GET /?shop/items/I4953868393/ HTTP/1.1" 200 66633 cronicareinodearagon.com "-" "Mozilla/5.0 (Linux; Android 6.0.1; Nexus 5X Build/MMB29P) AppleWebKit/537.36 (KHTML, like Gecko) Chrome/150.0.7871.186 Mobile Safari/537.36 (compatible; Googlebot/2.1; +http://www.google.com/bot.html)" "-"
2a03:2880:f800:: - - [11/Aug/2026:00:47:03 +0200] "GET /?shop/items/I49538263199/ HTTP/1.1" 200 66633 cronicareinodearagon.com "-" "Mozilla/5.0 (Windows NT 10.0; Win64; x64) AppleWebKit/537.36 (KHTML, like Gecko) Chrome/145.0.0.0 Safari/537.36 (compatible; meta-externalagent/1.1 (+https://developers.facebook.com/docs/sharing/webmasters/crawler))" "-"
66.249.65.0 - - [11/Aug/2026:00:47:06 +0200] "GET /?shop/items/Q8625855268/ HTTP/1.1" 200 66633 cronicareinodearagon.com "-" "Mozilla/5.0 (Linux; Android 6.0.1; Nexus 5X Build/MMB29P) AppleWebKit/537.36 (KHTML, like Gecko) Chrome/150.0.7871.186 Mobile Safari/537.36 (compatible; Googlebot/2.1; +http://www.google.com/bot.html)" "-"
216.73.217.0 - - [11/Aug/2026:00:47:07 +0200] "GET /shop/mypage/mail-magazine?fileloc=%2F%2Fkunden%2Fusr%2Fsbin%2Ffsck.ext3&path=%2F%2Fkunden%2Fusr%2Fsbin HTTP/1.1" 200 12289 cronicareinodearagon.com "-" "Mozilla/5.0 AppleWebKit/537.36 (KHTML, like Gecko; compatible; ClaudeBot/1.0; +claudebot@anthropic.com)" "-"
66.249.65.0 - - [11/Aug/2026:00:47:08 +0200] "GET /?shop/items/I4953814879/ HTTP/1.1" 200 66633 cronicareinodearagon.com "-" "Mozilla/5.0 (Linux; Android 6.0.1; Nexus 5X Build/MMB29P) AppleWebKit/537.36 (KHTML, like Gecko) Chrome/150.0.7871.186 Mobile Safari/537.36 (compatible; Googlebot/2.1; +http://www.google.com/bot.html)" "-"
46.4.220.0 - - [11/Aug/2026:00:47:08 +0200] "GET /?shop/items/P52561130/ HTTP/1.1" 200 66633 cronicareinodearagon.com "-" "Mozilla/5.0 (compatible; SERankingBacklinksBot/1.0; +https://seranking.com/backlinks-crawler)" "-"
2a03:2880:f800:: - - [11/Aug/2026:00:47:10 +0200] "GET /?shop/items/Y26882119453/ HTTP/1.1" 200 66633 cronicareinodearagon.com "-" "Mozilla/5.0 (Windows NT 10.0; Win64; x64) AppleWebKit/537.36 (KHTML, like Gecko) Chrome/145.0.0.0 Safari/537.36 (compatible; meta-externalagent/1.1 (+https://developers.facebook.com/docs/sharing/webmasters/crawler))" "-"
216.73.217.0 - - [11/Aug/2026:00:47:12 +0200] "GET /shop/contents/shipping?path=%2Fhomepages%2F40%2Fd837313312 HTTP/1.1" 200 31661 cronicareinodearagon.com "-" "Mozilla/5.0 AppleWebKit/537.36 (KHTML, like Gecko; compatible; ClaudeBot/1.0; +claudebot@anthropic.com)" "-"
66.249.65.0 - - [11/Aug/2026:00:47:13 +0200] "GET /?shop/items/P52561155647/ HTTP/1.1" 200 66633 cronicareinodearagon.com "-" "Mozilla/5.0 (Linux; Android 6.0.1; Nexus 5X Build/MMB29P) AppleWebKit/537.36 (KHTML, like Gecko) Chrome/150.0.7871.186 Mobile Safari/537.36 (compatible; Googlebot/2.1; +http://www.google.com/bot.html)" "-"
46.4.220.0 - - [11/Aug/2026:00:47:14 +0200] "GET /?shop/items/I80088593/ HTTP/1.1" 200 66633 cronicareinodearagon.com "-" "Mozilla/5.0 (compatible; SERankingBacklinksBot/1.0; +https://seranking.com/backlinks-crawler)" "-"
2a03:2880:f800:: - - [11/Aug/2026:00:47:15 +0200] "GET /?shop/items/I8008892379/ HTTP/1.1" 200 66633 cronicareinodearagon.com "-" "Mozilla/5.0 (Windows NT 10.0; Win64; x64) AppleWebKit/537.36 (KHTML, like Gecko) Chrome/145.0.0.0 Safari/537.36 (compatible; meta-externalagent/1.1 (+https://developers.facebook.com/docs/sharing/webmasters/crawler))" "-"
216.73.217.0 - - [11/Aug/2026:00:47:17 +0200] "GET /shop/mypage/mail-magazine?fileloc=%2F%2Fkunden%2Fusr%2Fsbin%2Fgetty&path=%2F%2Fkunden%2Fusr%2Fsbin HTTP/1.1" 200 12285 cronicareinodearagon.com "-" "Mozilla/5.0 AppleWebKit/537.36 (KHTML, like Gecko; compatible; ClaudeBot/1.0; +claudebot@anthropic.com)" "-"
66.249.65.0 - - [11/Aug/2026:00:47:18 +0200] "GET /?shop/items/G38512226275/ HTTP/1.1" 200 66633 cronicareinodearagon.com "-" "Mozilla/5.0 (Linux; Android 6.0.1; Nexus 5X Build/MMB29P) AppleWebKit/537.36 (KHTML, like Gecko) Chrome/150.0.7871.186 Mobile Safari/537.36 (compatible; Googlebot/2.1; +http://www.google.com/bot.html)" "-"
2a03:2880:f800:: - - [11/Aug/2026:00:47:20 +0200] "GET /?shop/items/Q8625812867/ HTTP/1.1" 200 66633 cronicareinodearagon.com "-" "Mozilla/5.0 (Windows NT 10.0; Win64; x64) AppleWebKit/537.36 (KHTML, like Gecko) Chrome/145.0.0.0 Safari/537.36 Edg/145.0.0.0 (compatible; meta-externalagent/1.1 (+https://developers.facebook.com/docs/sharing/webmasters/crawler))" "-"
66.249.65.0 - - [11/Aug/2026:00:47:20 +0200] "GET /?shop/items/S40474169875/ HTTP/1.1" 200 66633 cronicareinodearagon.com "-" "Mozilla/5.0 (Linux; Android 6.0.1; Nexus 5X Build/MMB29P) AppleWebKit/537.36 (KHTML, like Gecko) Chrome/150.0.7871.186 Mobile Safari/537.36 (compatible; Googlebot/2.1; +http://www.google.com/bot.html)" "-"
46.4.220.0 - - [11/Aug/2026:00:47:22 +0200] "GET /?shop/items/P52561131/ HTTP/1.1" 200 66633 cronicareinodearagon.com "-" "Mozilla/5.0 (compatible; SERankingBacklinksBot/1.0; +https://seranking.com/backlinks-crawler)" "-"
216.73.217.0 - - [11/Aug/2026:00:47:22 +0200] "GET /shop/mypage/mail-magazine?fileloc=%2F%2Fkunden%2Fusr%2Fsbin%2Finsmod&path=%2F%2Fkunden%2Fusr%2Fsbin HTTP/1.1" 200 12286 cronicareinodearagon.com "-" "Mozilla/5.0 AppleWebKit/537.36 (KHTML, like Gecko; compatible; ClaudeBot/1.0; +claudebot@anthropic.com)" "-"
66.249.65.0 - - [11/Aug/2026:00:47:23 +0200] "GET /?shop/items/Q86258259849/ HTTP/1.1" 200 66633 cronicareinodearagon.com "-" "Mozilla/5.0 (Linux; Android 6.0.1; Nexus 5X Build/MMB29P) AppleWebKit/537.36 (KHTML, like Gecko) Chrome/150.0.7871.186 Mobile Safari/537.36 (compatible; Googlebot/2.1; +http://www.google.com/bot.html)" "-"
2a03:2880:f800:: - - [11/Aug/2026:00:47:25 +0200] "GET /?shop/items/G3851276926/ HTTP/1.1" 200 66633 cronicareinodearagon.com "-" "Mozilla/5.0 (Windows NT 10.0; Win64; x64) AppleWebKit/537.36 (KHTML, like Gecko) Chrome/145.0.0.0 Safari/537.36 (compatible; meta-externalagent/1.1 (+https://developers.facebook.com/docs/sharing/webmasters/crawler))" "-"
216.73.217.0 - - [11/Aug/2026:00:47:27 +0200] "GET /shop/mypage/mail-magazine?fileloc=%2F%2Fkunden%2Fusr%2Fsbin%2Frtcwake&path=%2F%2Fkunden%2Fusr%2Fsbin HTTP/1.1" 200 12287 cronicareinodearagon.com "-" "Mozilla/5.0 AppleWebKit/537.36 (KHTML, like Gecko; compatible; ClaudeBot/1.0; +claudebot@anthropic.com)" "-"
66.249.65.0 - - [11/Aug/2026:00:47:27 +0200] "GET /?shop/items/Q86258274157/ HTTP/1.1" 200 66633 cronicareinodearagon.com "-" "Mozilla/5.0 (Linux; Android 6.0.1; Nexus 5X Build/MMB29P) AppleWebKit/537.36 (KHTML, like Gecko) Chrome/150.0.7871.186 Mobile Safari/537.36 (compatible; Googlebot/2.1; +http://www.google.com/bot.html)" "-"
46.4.220.0 - - [11/Aug/2026:00:47:28 +0200] "GET /?shop/items/I80088594/ HTTP/1.1" 200 66633 cronicareinodearagon.com "-" "Mozilla/5.0 (compatible; SERankingBacklinksBot/1.0; +https://seranking.com/backlinks-crawler)" "-"
2a03:2880:f800:: - - [11/Aug/2026:00:47:30 +0200] "GET /?shop/items/W91750278821/ HTTP/1.1" 200 66633 cronicareinodearagon.com "-" "Mozilla/5.0 (Windows NT 10.0; Win64; x64) AppleWebKit/537.36 (KHTML, like Gecko) Chrome/145.0.0.0 Safari/537.36 (compatible; meta-externalagent/1.1 (+https://developers.facebook.com/docs/sharing/webmasters/crawler))" "-"
216.73.217.0 - - [11/Aug/2026:00:47:32 +0200] "GET /shop/mypage/mail-magazine?fileloc=%2F%2Fkunden%2Fusr%2Fsbin%2Fcron&path=%2F%2Fkunden%2Fusr%2Fsbin HTTP/1.1" 200 12284 cronicareinodearagon.com "-" "Mozilla/5.0 AppleWebKit/537.36 (KHTML, like Gecko; compatible; ClaudeBot/1.0; +claudebot@anthropic.com)" "-"
46.4.220.0 - - [11/Aug/2026:00:47:34 +0200] "GET /?shop/items/P52561132/ HTTP/1.1" 200 66633 cronicareinodearagon.com "-" "Mozilla/5.0 (compatible; SERankingBacklinksBot/1.0; +https://seranking.com/backlinks-crawler)" "-"
66.249.65.0 - - [11/Aug/2026:00:47:35 +0200] "GET /?shop/items/G3851290079/ HTTP/1.1" 200 66633 cronicareinodearagon.com "-" "Mozilla/5.0 (Linux; Android 6.0.1; Nexus 5X Build/MMB29P) AppleWebKit/537.36 (KHTML, like Gecko) Chrome/150.0.7871.186 Mobile Safari/537.36 (compatible; Googlebot/2.1; +http://www.google.com/bot.html)" "-"
2a03:2880:f800:: - - [11/Aug/2026:00:47:35 +0200] "GET /?shop/items/Y26882222628/ HTTP/1.1" 200 66633 cronicareinodearagon.com "-" "Mozilla/5.0 (Windows NT 10.0; Win64; x64) AppleWebKit/537.36 (KHTML, like Gecko) Chrome/145.0.0.0 Safari/537.36 (compatible; meta-externalagent/1.1 (+https://developers.facebook.com/docs/sharing/webmasters/crawler))" "-"
216.73.217.0 - - [11/Aug/2026:00:47:37 +0200] "GET /shop/mypage/mail-magazine?fileloc=%2F%2Fkunden%2Fusr%2Fsbin%2Faddgroup&path=%2F%2Fkunden%2Fusr%2Fsbin HTTP/1.1" 200 12288 cronicareinodearagon.com "-" "Mozilla/5.0 AppleWebKit/537.36 (KHTML, like Gecko; compatible; ClaudeBot/1.0; +claudebot@anthropic.com)" "-"
66.249.65.0 - - [11/Aug/2026:00:47:37 +0200] "GET /?shop/items/W91750250009/ HTTP/1.1" 200 66633 cronicareinodearagon.com "-" "Mozilla/5.0 (Linux; Android 6.0.1; Nexus 5X Build/MMB29P) AppleWebKit/537.36 (KHTML, like Gecko) Chrome/150.0.7871.186 Mobile Safari/537.36 (compatible; Googlebot/2.1; +http://www.google.com/bot.html)" "-"
2a03:2880:f800:: - - [11/Aug/2026:00:47:39 +0200] "GET /?shop/items/Y26882102234/ HTTP/1.1" 200 66633 cronicareinodearagon.com "-" "Mozilla/5.0 (X11; Linux x86_64) AppleWebKit/537.36 (KHTML, like Gecko) Chrome/145.0.0.0 Safari/537.36 (compatible; meta-externalagent/1.1 (+https://developers.facebook.com/docs/sharing/webmasters/crawler))" "-"
46.4.220.0 - - [11/Aug/2026:00:47:40 +0200] "GET /?shop/items/I80088595/ HTTP/1.1" 200 66633 cronicareinodearagon.com "-" "Mozilla/5.0 (compatible; SERankingBacklinksBot/1.0; +https://seranking.com/backlinks-crawler)" "-"
66.249.65.0 - - [11/Aug/2026:00:47:41 +0200] "GET /?shop/items/I4953896201/ HTTP/1.1" 200 66633 cronicareinodearagon.com "-" "Mozilla/5.0 (Linux; Android 6.0.1; Nexus 5X Build/MMB29P) AppleWebKit/537.36 (KHTML, like Gecko) Chrome/150.0.7871.186 Mobile Safari/537.36 (compatible; Googlebot/2.1; +http://www.google.com/bot.html)" "-"
216.73.217.0 - - [11/Aug/2026:00:47:42 +0200] "GET /shop/mypage/mail-magazine?fileloc=%2F%2Fkunden%2Fusr%2Fsbin%2Frdev&path=%2F%2Fkunden%2Fusr%2Fsbin HTTP/1.1" 429 267 cronicareinodearagon.com "-" "Mozilla/5.0 AppleWebKit/537.36 (KHTML, like Gecko; compatible; ClaudeBot/1.0; +claudebot@anthropic.com)" "-"
2a03:2880:f800:: - - [11/Aug/2026:00:47:43 +0200] "GET /?shop/items/G38512180198/ HTTP/1.1" 429 267 cronicareinodearagon.com "-" "Mozilla/5.0 (Windows NT 10.0; Win64; x64) AppleWebKit/537.36 (KHTML, like Gecko) Chrome/145.0.0.0 Safari/537.36 (compatible; meta-externalagent/1.1 (+https://developers.facebook.com/docs/sharing/webmasters/crawler))" "-"
66.249.65.0 - - [11/Aug/2026:00:47:44 +0200] "GET /?shop/items/W9175059488/ HTTP/1.1" 200 66633 cronicareinodearagon.com "-" "Mozilla/5.0 (Linux; Android 6.0.1; Nexus 5X Build/MMB29P) AppleWebKit/537.36 (KHTML, like Gecko) Chrome/150.0.7871.186 Mobile Safari/537.36 (compatible; Googlebot/2.1; +http://www.google.com/bot.html)" "-"
66.249.65.0 - - [11/Aug/2026:00:47:45 +0200] "GET /?shop/items/G3851235738/ HTTP/1.1" 200 66633 cronicareinodearagon.com "-" "Mozilla/5.0 (Linux; Android 6.0.1; Nexus 5X Build/MMB29P) AppleWebKit/537.36 (KHTML, like Gecko) Chrome/150.0.7871.186 Mobile Safari/537.36 (compatible; Googlebot/2.1; +http://www.google.com/bot.html)" "-"
46.4.220.0 - - [11/Aug/2026:00:47:46 +0200] "GET /?shop/items/P52561133/ HTTP/1.1" 200 66633 cronicareinodearagon.com "-" "Mozilla/5.0 (compatible; SERankingBacklinksBot/1.0; +https://seranking.com/backlinks-crawler)" "-"
216.73.217.0 - - [11/Aug/2026:00:47:47 +0200] "GET /shop/mypage/mail-magazine?fileloc=%2F%2Fkunden%2Fusr%2Fsbin%2Fifdown&path=%2F%2Fkunden%2Fusr%2Fsbin HTTP/1.1" 429 267 cronicareinodearagon.com "-" "Mozilla/5.0 AppleWebKit/537.36 (KHTML, like Gecko; compatible; ClaudeBot/1.0; +claudebot@anthropic.com)" "-"
2a03:2880:f800:: - - [11/Aug/2026:00:47:47 +0200] "GET /?shop/items/S47104177441/ HTTP/1.1" 429 267 cronicareinodearagon.com "-" "Mozilla/5.0 (Macintosh; Intel Mac OS X 10_15_7) AppleWebKit/537.36 (KHTML, like Gecko) Chrome/145.0.0.0 Safari/537.36 (compatible; meta-externalagent/1.1 (+https://developers.facebook.com/docs/sharing/webmasters/crawler))" "-"
2a03:2880:f800:: - - [11/Aug/2026:00:47:48 +0200] "GET /?shop/items/Q86258221256/ HTTP/1.1" 429 267 cronicareinodearagon.com "-" "Mozilla/5.0 (Windows NT 10.0; Win64; x64) AppleWebKit/537.36 (KHTML, like Gecko) Chrome/145.0.0.0 Safari/537.36 (compatible; meta-externalagent/1.1 (+https://developers.facebook.com/docs/sharing/webmasters/crawler))" "-"
66.249.65.0 - - [11/Aug/2026:00:47:48 +0200] "GET /?shop/items/Y26882272938/ HTTP/1.1" 200 66633 cronicareinodearagon.com "-" "Mozilla/5.0 (Linux; Android 6.0.1; Nexus 5X Build/MMB29P) AppleWebKit/537.36 (KHTML, like Gecko) Chrome/150.0.7871.186 Mobile Safari/537.36 (compatible; Googlebot/2.1; +http://www.google.com/bot.html)" "-"
74.7.227.0 - - [11/Aug/2026:00:47:49 +0200] "GET /?path=//kunden/var/lib HTTP/1.1" 429 267 cronicareinodearagon.com "https://cronicareinodearagon.com/?path=//kunden/var" "Mozilla/5.0 AppleWebKit/537.36 (KHTML, like Gecko; compatible; GPTBot/1.4; +https://openai.com/gptbot)" "-"
216.73.217.0 - - [11/Aug/2026:00:47:52 +0200] "GET /shop/mypage/mail-magazine?fileloc=%2F%2Fkunden%2Fusr%2Fsbin%2Fraw&path=%2F%2Fkunden%2Fusr%2Fsbin HTTP/1.1" 429 267 cronicareinodearagon.com "-" "Mozilla/5.0 AppleWebKit/537.36 (KHTML, like Gecko; compatible; ClaudeBot/1.0; +claudebot@anthropic.com)" "-"
46.4.220.0 - - [11/Aug/2026:00:47:52 +0200] "GET /?shop/items/I80088597/ HTTP/1.1" 200 66633 cronicareinodearagon.com "-" "Mozilla/5.0 (compatible; SERankingBacklinksBot/1.0; +https://seranking.com/backlinks-crawler)" "-"
2a03:2880:f800:: - - [11/Aug/2026:00:47:52 +0200] "GET /?shop/items/S4710471802/ HTTP/1.1" 429 267 cronicareinodearagon.com "-" "Mozilla/5.0 (Windows NT 10.0; Win64; x64) AppleWebKit/537.36 (KHTML, like Gecko) Chrome/145.0.0.0 Safari/537.36 (compatible; meta-externalagent/1.1 (+https://developers.facebook.com/docs/sharing/webmasters/crawler))" "-"
66.249.65.0 - - [11/Aug/2026:00:47:52 +0200] "GET /?shop/items/I80088282542/ HTTP/1.1" 200 66633 cronicareinodearagon.com "-" "Mozilla/5.0 (Linux; Android 6.0.1; Nexus 5X Build/MMB29P) AppleWebKit/537.36 (KHTML, like Gecko) Chrome/150.0.7871.186 Mobile Safari/537.36 (compatible; Googlebot/2.1; +http://www.google.com/bot.html)" "-"
2a03:2880:f800:: - - [11/Aug/2026:00:47:53 +0200] "GET /?shop/items/W91750255954/ HTTP/1.1" 429 267 cronicareinodearagon.com "-" "Mozilla/5.0 (Windows NT 10.0; Win64; x64) AppleWebKit/537.36 (KHTML, like Gecko) Chrome/145.0.0.0 Safari/537.36 Edg/145.0.0.0 (compatible; meta-externalagent/1.1 (+https://developers.facebook.com/docs/sharing/webmasters/crawler))" "-"
114.119.134.0 - - [11/Aug/2026:00:47:53 +0200] "GET /?shop/items/S471047985/ HTTP/1.1" 200 66633 cronicareinodearagon.com "http://cronicareinodearagon.com/sitemap49.xml" "Mozilla/5.0 (Linux; Android 7.0;) AppleWebKit/537.36 (HTML, like Gecko) Mobile Safari/537.36 (compatible; PetalBot;+https://webmaster.petalsearch.com/site/petalbot)" "-"
216.73.217.0 - - [11/Aug/2026:00:47:58 +0200] "GET /shop/mypage/mail-magazine?fileloc=%2F%2Fbin%2Funlzma&path=%2F%2Fbin HTTP/1.1" 429 267 cronicareinodearagon.com "-" "Mozilla/5.0 AppleWebKit/537.36 (KHTML, like Gecko; compatible; ClaudeBot/1.0; +claudebot@anthropic.com)" "-"
66.249.65.0 - - [11/Aug/2026:00:47:58 +0200] "GET /?shop/items/Q8625844422/ HTTP/1.1" 200 66633 cronicareinodearagon.com "-" "Mozilla/5.0 (Linux; Android 6.0.1; Nexus 5X Build/MMB29P) AppleWebKit/537.36 (KHTML, like Gecko) Chrome/150.0.7871.186 Mobile Safari/537.36 (compatible; Googlebot/2.1; +http://www.google.com/bot.html)" "-"
2a03:2880:f800:: - - [11/Aug/2026:00:47:59 +0200] "GET /?shop/items/A6307631505/ HTTP/1.1" 429 267 cronicareinodearagon.com "-" "Mozilla/5.0 (X11; Linux x86_64) AppleWebKit/537.36 (KHTML, like Gecko) Chrome/145.0.0.0 Safari/537.36 (compatible; meta-externalagent/1.1 (+https://developers.facebook.com/docs/sharing/webmasters/crawler))" "-"
2a03:2880:f800:: - - [11/Aug/2026:00:47:59 +0200] "GET /?shop/items/G38512211216/ HTTP/1.1" 429 267 cronicareinodearagon.com "-" "Mozilla/5.0 (Windows NT 10.0; Win64; x64) AppleWebKit/537.36 (KHTML, like Gecko) Chrome/145.0.0.0 Safari/537.36 (compatible; meta-externalagent/1.1 (+https://developers.facebook.com/docs/sharing/webmasters/crawler))" "-"
46.4.220.0 - - [11/Aug/2026:00:47:59 +0200] "GET /?shop/items/P52561136/ HTTP/1.1" 200 66633 cronicareinodearagon.com "-" "Mozilla/5.0 (compatible; SERankingBacklinksBot/1.0; +https://seranking.com/backlinks-crawler)" "-"
66.249.65.0 - - [11/Aug/2026:00:48:01 +0200] "GET /?shop/items/W91750222675/ HTTP/1.1" 200 66633 cronicareinodearagon.com "-" "Mozilla/5.0 (Linux; Android 6.0.1; Nexus 5X Build/MMB29P) AppleWebKit/537.36 (KHTML, like Gecko) Chrome/150.0.7871.186 Mobile Safari/537.36 (compatible; Googlebot/2.1; +http://www.google.com/bot.html)" "-"
216.73.217.0 - - [11/Aug/2026:00:48:02 +0200] "GET /shop/mypage/mail-magazine?fileloc=%2F%2Fbin%2Fdnsdomainname&path=%2F%2Fbin HTTP/1.1" 429 267 cronicareinodearagon.com "-" "Mozilla/5.0 AppleWebKit/537.36 (KHTML, like Gecko; compatible; ClaudeBot/1.0; +claudebot@anthropic.com)" "-"