46.4.220.0 - - [11/Aug/2026:00:14:48 +0200] "GET /?shop/items/P52561707/ HTTP/1.1" 200 66633 cronicareinodearagon.com "-" "Mozilla/5.0 (compatible; SERankingBacklinksBot/1.0; +https://seranking.com/backlinks-crawler)" "-"
2a03:2880:f800:: - - [11/Aug/2026:00:14:50 +0200] "GET /?shop/items/I49538192948/ HTTP/1.1" 429 267 cronicareinodearagon.com "-" "Mozilla/5.0 (X11; Linux x86_64) AppleWebKit/537.36 (KHTML, like Gecko) Chrome/145.0.0.0 Safari/537.36 (compatible; meta-externalagent/1.1 (+https://developers.facebook.com/docs/sharing/webmasters/crawler))" "-"
216.73.217.0 - - [11/Aug/2026:00:14:52 +0200] "GET /shop/contents/malwil_begin?fileloc=%2Fhomepages%2F32%2Fd823112301%2F.created&path=%2Fhomepages%2F32%2Fd823112301 HTTP/1.1" 200 12324 cronicareinodearagon.com "-" "Mozilla/5.0 AppleWebKit/537.36 (KHTML, like Gecko; compatible; ClaudeBot/1.0; +claudebot@anthropic.com)" "-"
2a03:2880:f800:: - - [11/Aug/2026:00:14:53 +0200] "GET /?shop/items/I8008882026/ HTTP/1.1" 429 267 cronicareinodearagon.com "-" "Mozilla/5.0 (Windows NT 10.0; Win64; x64) AppleWebKit/537.36 (KHTML, like Gecko) Chrome/145.0.0.0 Safari/537.36 (compatible; meta-externalagent/1.1 (+https://developers.facebook.com/docs/sharing/webmasters/crawler))" "-"
2a03:2880:f800:: - - [11/Aug/2026:00:14:54 +0200] "GET /?shop/items/Y26882209879/ HTTP/1.1" 429 267 cronicareinodearagon.com "-" "Mozilla/5.0 (Macintosh; Intel Mac OS X 10_15_7) AppleWebKit/537.36 (KHTML, like Gecko) Chrome/145.0.0.0 Safari/537.36 (compatible; meta-externalagent/1.1 (+https://developers.facebook.com/docs/sharing/webmasters/crawler))" "-"
46.4.220.0 - - [11/Aug/2026:00:14:56 +0200] "GET /?shop/items/Y26882789/ HTTP/1.1" 200 66633 cronicareinodearagon.com "-" "Mozilla/5.0 (compatible; SERankingBacklinksBot/1.0; +https://seranking.com/backlinks-crawler)" "-"
216.73.217.0 - - [11/Aug/2026:00:15:01 +0200] "GET /shop/mypage/mail-magazine?fileloc=%2F%2Fkunden%2Fetc%2Fca-certificates.conf.dpkg-old&path=%2F%2Fkunden%2Fetc HTTP/1.1" 200 17923 cronicareinodearagon.com "-" "Mozilla/5.0 AppleWebKit/537.36 (KHTML, like Gecko; compatible; ClaudeBot/1.0; +claudebot@anthropic.com)" "-"
74.7.227.0 - - [11/Aug/2026:00:15:02 +0200] "GET /?fileloc=//kunden/bin/pgmnorm&path=//kunden/bin HTTP/1.1" 200 12239 cronicareinodearagon.com "https://cronicareinodearagon.com/?path=//kunden/bin" "Mozilla/5.0 AppleWebKit/537.36 (KHTML, like Gecko; compatible; GPTBot/1.4; +https://openai.com/gptbot)" "-"
2a03:2880:f800:: - - [11/Aug/2026:00:15:03 +0200] "GET /?shop/items/P5256116085/ HTTP/1.1" 429 267 cronicareinodearagon.com "-" "Mozilla/5.0 (Windows NT 10.0; Win64; x64) AppleWebKit/537.36 (KHTML, like Gecko) Chrome/145.0.0.0 Safari/537.36 (compatible; meta-externalagent/1.1 (+https://developers.facebook.com/docs/sharing/webmasters/crawler))" "-"
46.4.220.0 - - [11/Aug/2026:00:15:05 +0200] "GET /?shop/items/P52561708/ HTTP/1.1" 200 66633 cronicareinodearagon.com "-" "Mozilla/5.0 (compatible; SERankingBacklinksBot/1.0; +https://seranking.com/backlinks-crawler)" "-"
2a03:2880:f800:: - - [11/Aug/2026:00:15:06 +0200] "GET /?shop/items/I49538273977/ HTTP/1.1" 429 267 cronicareinodearagon.com "-" "Mozilla/5.0 (Windows NT 10.0; Win64; x64) AppleWebKit/537.36 (KHTML, like Gecko) Chrome/145.0.0.0 Safari/537.36 (compatible; meta-externalagent/1.1 (+https://developers.facebook.com/docs/sharing/webmasters/crawler))" "-"
2a03:2880:f800:: - - [11/Aug/2026:00:15:06 +0200] "GET /?shop/items/A63076223040/ HTTP/1.1" 429 267 cronicareinodearagon.com "-" "Mozilla/5.0 (Windows NT 10.0; Win64; x64) AppleWebKit/537.36 (KHTML, like Gecko) Chrome/145.0.0.0 Safari/537.36 (compatible; meta-externalagent/1.1 (+https://developers.facebook.com/docs/sharing/webmasters/crawler))" "-"
216.73.217.0 - - [11/Aug/2026:00:15:06 +0200] "GET /shop/contents/malwil_begin?fileloc=%2Fhomepages%2F16%2Fd828086530%2Fhtaccesslist&path=%2Fhomepages%2F16%2Fd828086530 HTTP/1.1" 200 12317 cronicareinodearagon.com "-" "Mozilla/5.0 AppleWebKit/537.36 (KHTML, like Gecko; compatible; ClaudeBot/1.0; +claudebot@anthropic.com)" "-"
216.73.217.0 - - [11/Aug/2026:00:15:12 +0200] "GET /shop/contents/malwil_begin?fileloc=%2Fhomepages%2F21%2Fd826272429%2F.created&path=%2Fhomepages%2F21%2Fd826272429 HTTP/1.1" 200 12324 cronicareinodearagon.com "-" "Mozilla/5.0 AppleWebKit/537.36 (KHTML, like Gecko; compatible; ClaudeBot/1.0; +claudebot@anthropic.com)" "-"
46.4.220.0 - - [11/Aug/2026:00:15:12 +0200] "GET /?shop/items/Y26882790/ HTTP/1.1" 200 66633 cronicareinodearagon.com "-" "Mozilla/5.0 (compatible; SERankingBacklinksBot/1.0; +https://seranking.com/backlinks-crawler)" "-"
216.73.217.0 - - [11/Aug/2026:00:15:17 +0200] "GET /shop/contents/malwil_begin?fileloc=%2Fhomepages%2F30%2Fd881160260%2Fphpinilist&path=%2Fhomepages%2F30%2Fd881160260 HTTP/1.1" 200 12315 cronicareinodearagon.com "-" "Mozilla/5.0 AppleWebKit/537.36 (KHTML, like Gecko; compatible; ClaudeBot/1.0; +claudebot@anthropic.com)" "-"
46.4.220.0 - - [11/Aug/2026:00:15:18 +0200] "GET /?shop/items/P52561709/ HTTP/1.1" 200 66633 cronicareinodearagon.com "-" "Mozilla/5.0 (compatible; SERankingBacklinksBot/1.0; +https://seranking.com/backlinks-crawler)" "-"
2a03:2880:f800:: - - [11/Aug/2026:00:15:20 +0200] "GET /?shop/items/S4710499925/ HTTP/1.1" 429 267 cronicareinodearagon.com "-" "Mozilla/5.0 (Windows NT 10.0; Win64; x64) AppleWebKit/537.36 (KHTML, like Gecko) Chrome/145.0.0.0 Safari/537.36 (compatible; meta-externalagent/1.1 (+https://developers.facebook.com/docs/sharing/webmasters/crawler))" "-"
2a03:2880:f800:: - - [11/Aug/2026:00:15:23 +0200] "GET /?shop/items/I49538198415/ HTTP/1.1" 429 267 cronicareinodearagon.com "-" "Mozilla/5.0 (Macintosh; Intel Mac OS X 10_15_7) AppleWebKit/537.36 (KHTML, like Gecko) Chrome/145.0.0.0 Safari/537.36 (compatible; meta-externalagent/1.1 (+https://developers.facebook.com/docs/sharing/webmasters/crawler))" "-"
2a03:2880:f800:: - - [11/Aug/2026:00:15:24 +0200] "GET /?shop/items/W9175099929/ HTTP/1.1" 429 267 cronicareinodearagon.com "-" "Mozilla/5.0 (Windows NT 10.0; Win64; x64) AppleWebKit/537.36 (KHTML, like Gecko) Chrome/145.0.0.0 Safari/537.36 (compatible; meta-externalagent/1.1 (+https://developers.facebook.com/docs/sharing/webmasters/crawler))" "-"
46.4.220.0 - - [11/Aug/2026:00:15:27 +0200] "GET /?shop/items/Y26882791/ HTTP/1.1" 200 66633 cronicareinodearagon.com "-" "Mozilla/5.0 (compatible; SERankingBacklinksBot/1.0; +https://seranking.com/backlinks-crawler)" "-"
46.4.220.0 - - [11/Aug/2026:00:15:35 +0200] "GET /?shop/items/P52561710/ HTTP/1.1" 200 66633 cronicareinodearagon.com "-" "Mozilla/5.0 (compatible; SERankingBacklinksBot/1.0; +https://seranking.com/backlinks-crawler)" "-"
216.73.217.0 - - [11/Aug/2026:00:15:39 +0200] "GET /shop/contents/malwil_begin?fileloc=%2Fhomepages%2F32%2Fd821729608%2Fhtpasswd&path=%2Fhomepages%2F32%2Fd821729608 HTTP/1.1" 200 12313 cronicareinodearagon.com "-" "Mozilla/5.0 AppleWebKit/537.36 (KHTML, like Gecko; compatible; ClaudeBot/1.0; +claudebot@anthropic.com)" "-"
46.4.220.0 - - [11/Aug/2026:00:15:41 +0200] "GET /?shop/items/Y26882792/ HTTP/1.1" 200 66633 cronicareinodearagon.com "-" "Mozilla/5.0 (compatible; SERankingBacklinksBot/1.0; +https://seranking.com/backlinks-crawler)" "-"
2a03:2880:f800:: - - [11/Aug/2026:00:15:43 +0200] "GET /?shop/items/P5256184003/ HTTP/1.1" 200 66633 cronicareinodearagon.com "-" "Mozilla/5.0 (X11; Linux x86_64) AppleWebKit/537.36 (KHTML, like Gecko) Chrome/145.0.0.0 Safari/537.36 (compatible; meta-externalagent/1.1 (+https://developers.facebook.com/docs/sharing/webmasters/crawler))" "-"
51.68.247.0 - - [11/Aug/2026:00:15:43 +0200] "GET /politica/presupuestos-andalucia-jaen-empresarios-universidad/feed/ HTTP/1.1" 200 66705 cronicareinodearagon.com "-" "Mozilla/5.0 (compatible; AhrefsBot/7.0; +http://ahrefs.com/robot/)" "-"
114.119.143.0 - - [11/Aug/2026:00:15:46 +0200] "GET /?shop/items/S4710483454/ HTTP/1.1" 200 66633 cronicareinodearagon.com "http://cronicareinodearagon.com/sitemap942.xml" "Mozilla/5.0 (Linux; Android 7.0;) AppleWebKit/537.36 (HTML, like Gecko) Mobile Safari/537.36 (compatible; PetalBot;+https://webmaster.petalsearch.com/site/petalbot)" "-"
2a03:2880:f800:: - - [11/Aug/2026:00:15:46 +0200] "GET /?shop/items/I49538278947/ HTTP/1.1" 200 66633 cronicareinodearagon.com "-" "Mozilla/5.0 (Windows NT 10.0; Win64; x64) AppleWebKit/537.36 (KHTML, like Gecko) Chrome/145.0.0.0 Safari/537.36 (compatible; meta-externalagent/1.1 (+https://developers.facebook.com/docs/sharing/webmasters/crawler))" "-"
46.4.220.0 - - [11/Aug/2026:00:15:48 +0200] "GET /?shop/items/P52561711/ HTTP/1.1" 200 66633 cronicareinodearagon.com "-" "Mozilla/5.0 (compatible; SERankingBacklinksBot/1.0; +https://seranking.com/backlinks-crawler)" "-"
46.4.220.0 - - [11/Aug/2026:00:15:54 +0200] "GET /?shop/items/Y26882794/ HTTP/1.1" 200 66633 cronicareinodearagon.com "-" "Mozilla/5.0 (compatible; SERankingBacklinksBot/1.0; +https://seranking.com/backlinks-crawler)" "-"
216.73.217.0 - - [11/Aug/2026:00:15:59 +0200] "GET /shop/contents/shipping?fileloc=%2Fhomepages%2F5%2Fd657558581%2F.created&path=%2Fhomepages%2F5%2Fd657558581 HTTP/1.1" 200 12320 cronicareinodearagon.com "-" "Mozilla/5.0 AppleWebKit/537.36 (KHTML, like Gecko; compatible; ClaudeBot/1.0; +claudebot@anthropic.com)" "-"
46.4.220.0 - - [11/Aug/2026:00:16:01 +0200] "GET /?shop/items/P52561715/ HTTP/1.1" 200 66633 cronicareinodearagon.com "-" "Mozilla/5.0 (compatible; SERankingBacklinksBot/1.0; +https://seranking.com/backlinks-crawler)" "-"
2a03:2880:f800:: - - [11/Aug/2026:00:16:04 +0200] "GET /?shop/items/S40474111438/ HTTP/1.1" 200 66633 cronicareinodearagon.com "-" "Mozilla/5.0 (Windows NT 10.0; Win64; x64) AppleWebKit/537.36 (KHTML, like Gecko) Chrome/145.0.0.0 Safari/537.36 (compatible; meta-externalagent/1.1 (+https://developers.facebook.com/docs/sharing/webmasters/crawler))" "-"
74.7.227.0 - - [11/Aug/2026:00:16:06 +0200] "GET /?fileloc=//kunden/bin/pgmhist&path=//kunden/bin HTTP/1.1" 200 12239 cronicareinodearagon.com "http://cronicareinodearagon.com/?path=//kunden/bin" "Mozilla/5.0 AppleWebKit/537.36 (KHTML, like Gecko; compatible; GPTBot/1.4; +https://openai.com/gptbot)" "-"
216.73.217.0 - - [11/Aug/2026:00:16:07 +0200] "GET /shop/contents/malwil_begin?fileloc=%2Fhomepages%2F32%2Fd823112301%2Flast_traffic&path=%2Fhomepages%2F32%2Fd823112301 HTTP/1.1" 200 12317 cronicareinodearagon.com "-" "Mozilla/5.0 AppleWebKit/537.36 (KHTML, like Gecko; compatible; ClaudeBot/1.0; +claudebot@anthropic.com)" "-"
46.4.220.0 - - [11/Aug/2026:00:16:08 +0200] "GET /?shop/items/Y26882795/ HTTP/1.1" 200 66633 cronicareinodearagon.com "-" "Mozilla/5.0 (compatible; SERankingBacklinksBot/1.0; +https://seranking.com/backlinks-crawler)" "-"
46.4.220.0 - - [11/Aug/2026:00:16:14 +0200] "GET /?shop/items/P52561716/ HTTP/1.1" 200 66633 cronicareinodearagon.com "-" "Mozilla/5.0 (compatible; SERankingBacklinksBot/1.0; +https://seranking.com/backlinks-crawler)" "-"
46.4.220.0 - - [11/Aug/2026:00:16:21 +0200] "GET /?shop/items/Y26882796/ HTTP/1.1" 200 66633 cronicareinodearagon.com "-" "Mozilla/5.0 (compatible; SERankingBacklinksBot/1.0; +https://seranking.com/backlinks-crawler)" "-"
2a03:2880:f800:: - - [11/Aug/2026:00:16:21 +0200] "GET /?shop/items/G3851269521/ HTTP/1.1" 200 66633 cronicareinodearagon.com "-" "Mozilla/5.0 (Windows NT 10.0; Win64; x64) AppleWebKit/537.36 (KHTML, like Gecko) Chrome/145.0.0.0 Safari/537.36 (compatible; meta-externalagent/1.1 (+https://developers.facebook.com/docs/sharing/webmasters/crawler))" "-"
216.73.217.0 - - [11/Aug/2026:00:16:26 +0200] "GET /shop/contents/shipping?fileloc=%2Fhomepages%2F41%2Fd825668405%2F.created&path=%2Fhomepages%2F41%2Fd825668405 HTTP/1.1" 200 12324 cronicareinodearagon.com "-" "Mozilla/5.0 AppleWebKit/537.36 (KHTML, like Gecko; compatible; ClaudeBot/1.0; +claudebot@anthropic.com)" "-"
46.4.220.0 - - [11/Aug/2026:00:16:28 +0200] "GET /?shop/items/P52561717/ HTTP/1.1" 200 66633 cronicareinodearagon.com "-" "Mozilla/5.0 (compatible; SERankingBacklinksBot/1.0; +https://seranking.com/backlinks-crawler)" "-"
2a03:2880:f800:: - - [11/Aug/2026:00:16:32 +0200] "GET /?shop/items/Y26882179425/ HTTP/1.1" 200 66633 cronicareinodearagon.com "-" "Mozilla/5.0 (Windows NT 10.0; Win64; x64) AppleWebKit/537.36 (KHTML, like Gecko) Chrome/145.0.0.0 Safari/537.36 (compatible; meta-externalagent/1.1 (+https://developers.facebook.com/docs/sharing/webmasters/crawler))" "-"
46.4.220.0 - - [11/Aug/2026:00:16:34 +0200] "GET /?shop/items/Y26882797/ HTTP/1.1" 200 66633 cronicareinodearagon.com "-" "Mozilla/5.0 (compatible; SERankingBacklinksBot/1.0; +https://seranking.com/backlinks-crawler)" "-"
34.48.147.0 - - [11/Aug/2026:00:16:40 +0200] "GET / HTTP/1.1" 200 336 cronicadearagon.com "-" "Mozilla/5.0 (X11; Linux x86_64) AppleWebKit/537.36 (KHTML, like Gecko) Chrome/152.0.0.0 Safari/537.36" "-"
34.48.147.0 - - [11/Aug/2026:00:16:41 +0200] "GET /service-account.json HTTP/1.1" 404 596 cronicadearagon.com "-" "Mozilla/5.0 (compatible; cohere-ai/1.0; +https://cohere.com)" "-"
34.48.147.0 - - [11/Aug/2026:00:16:41 +0200] "GET /z9x8c7v6b5-debug-trigger-cronicadearagon.com HTTP/1.1" 404 596 cronicadearagon.com "-" "Mozilla/5.0 (compatible; cohere-ai/1.0; +https://cohere.com)" "-"
34.48.147.0 - - [11/Aug/2026:00:16:41 +0200] "GET /config/.env HTTP/1.1" 404 596 cronicadearagon.com "-" "Mozilla/5.0 (compatible; cohere-ai/1.0; +https://cohere.com)" "-"
34.48.147.0 - - [11/Aug/2026:00:16:41 +0200] "GET /secrets.json HTTP/1.1" 404 596 cronicadearagon.com "-" "Mozilla/5.0 (compatible; cohere-ai/1.0; +https://cohere.com)" "-"
34.48.147.0 - - [11/Aug/2026:00:16:41 +0200] "GET /rclone.conf HTTP/1.1" 404 596 cronicadearagon.com "-" "Mozilla/5.0 (compatible; cohere-ai/1.0; +https://cohere.com)" "-"
34.48.147.0 - - [11/Aug/2026:00:16:41 +0200] "GET /secrets.yml HTTP/1.1" 404 596 cronicadearagon.com "-" "Mozilla/5.0 (compatible; cohere-ai/1.0; +https://cohere.com)" "-"
34.48.147.0 - - [11/Aug/2026:00:16:41 +0200] "GET /signin HTTP/1.1" 404 596 cronicadearagon.com "-" "Mozilla/5.0 (X11; Linux x86_64) AppleWebKit/537.36 (KHTML, like Gecko) Chrome/152.0.0.0 Safari/537.36" "-"
34.48.147.0 - - [11/Aug/2026:00:16:41 +0200] "GET /admin HTTP/1.1" 404 596 cronicadearagon.com "-" "Mozilla/5.0 (X11; Linux x86_64) AppleWebKit/537.36 (KHTML, like Gecko) Chrome/152.0.0.0 Safari/537.36" "-"
34.48.147.0 - - [11/Aug/2026:00:16:41 +0200] "GET /auth/login HTTP/1.1" 404 596 cronicadearagon.com "-" "Mozilla/5.0 (X11; Linux x86_64) AppleWebKit/537.36 (KHTML, like Gecko) Chrome/152.0.0.0 Safari/537.36" "-"
34.48.147.0 - - [11/Aug/2026:00:16:41 +0200] "GET /settings HTTP/1.1" 404 596 cronicadearagon.com "-" "Mozilla/5.0 (X11; Linux x86_64) AppleWebKit/537.36 (KHTML, like Gecko) Chrome/152.0.0.0 Safari/537.36" "-"
34.48.147.0 - - [11/Aug/2026:00:16:41 +0200] "POST /graphql HTTP/1.1" 404 596 cronicadearagon.com "https://cronicadearagon.com" "Mozilla/5.0 (X11; Linux x86_64) AppleWebKit/537.36 (KHTML, like Gecko) Chrome/152.0.0.0 Safari/537.36" "-"
34.48.147.0 - - [11/Aug/2026:00:16:41 +0200] "GET /dashboard HTTP/1.1" 404 596 cronicadearagon.com "-" "Mozilla/5.0 (X11; Linux x86_64) AppleWebKit/537.36 (KHTML, like Gecko) Chrome/152.0.0.0 Safari/537.36" "-"
34.48.147.0 - - [11/Aug/2026:00:16:41 +0200] "GET /admin/login HTTP/1.1" 404 596 cronicadearagon.com "-" "Mozilla/5.0 (X11; Linux x86_64) AppleWebKit/537.36 (KHTML, like Gecko) Chrome/152.0.0.0 Safari/537.36" "-"
34.48.147.0 - - [11/Aug/2026:00:16:41 +0200] "GET /login HTTP/1.1" 404 596 cronicadearagon.com "-" "Mozilla/5.0 (X11; Linux x86_64) AppleWebKit/537.36 (KHTML, like Gecko) Chrome/152.0.0.0 Safari/537.36" "-"
34.48.147.0 - - [11/Aug/2026:00:16:41 +0200] "GET /manage HTTP/1.1" 404 596 cronicadearagon.com "-" "Mozilla/5.0 (X11; Linux x86_64) AppleWebKit/537.36 (KHTML, like Gecko) Chrome/152.0.0.0 Safari/537.36" "-"
34.48.147.0 - - [11/Aug/2026:00:16:41 +0200] "GET /portal HTTP/1.1" 404 596 cronicadearagon.com "-" "Mozilla/5.0 (X11; Linux x86_64) AppleWebKit/537.36 (KHTML, like Gecko) Chrome/152.0.0.0 Safari/537.36" "-"
34.48.147.0 - - [11/Aug/2026:00:16:41 +0200] "GET /app HTTP/1.1" 404 596 cronicadearagon.com "-" "Mozilla/5.0 (X11; Linux x86_64) AppleWebKit/537.36 (KHTML, like Gecko) Chrome/152.0.0.0 Safari/537.36" "-"
34.48.147.0 - - [11/Aug/2026:00:16:42 +0200] "GET /account HTTP/1.1" 404 596 cronicadearagon.com "-" "Mozilla/5.0 (X11; Linux x86_64) AppleWebKit/537.36 (KHTML, like Gecko) Chrome/152.0.0.0 Safari/537.36" "-"
34.48.147.0 - - [11/Aug/2026:00:16:42 +0200] "POST /api/graphql HTTP/1.1" 404 596 cronicadearagon.com "https://cronicadearagon.com" "Mozilla/5.0 (X11; Linux x86_64) AppleWebKit/537.36 (KHTML, like Gecko) Chrome/152.0.0.0 Safari/537.36" "-"
34.48.147.0 - - [11/Aug/2026:00:16:42 +0200] "GET /profile HTTP/1.1" 404 596 cronicadearagon.com "-" "Mozilla/5.0 (X11; Linux x86_64) AppleWebKit/537.36 (KHTML, like Gecko) Chrome/152.0.0.0 Safari/537.36" "-"
34.48.147.0 - - [11/Aug/2026:00:16:42 +0200] "GET /workspace HTTP/1.1" 404 596 cronicadearagon.com "-" "Mozilla/5.0 (X11; Linux x86_64) AppleWebKit/537.36 (KHTML, like Gecko) Chrome/152.0.0.0 Safari/537.36" "-"
34.48.147.0 - - [11/Aug/2026:00:16:42 +0200] "GET /user/login HTTP/1.1" 404 596 cronicadearagon.com "-" "Mozilla/5.0 (X11; Linux x86_64) AppleWebKit/537.36 (KHTML, like Gecko) Chrome/152.0.0.0 Safari/537.36" "-"
34.48.147.0 - - [11/Aug/2026:00:16:42 +0200] "GET /console HTTP/1.1" 404 596 cronicadearagon.com "-" "Mozilla/5.0 (X11; Linux x86_64) AppleWebKit/537.36 (KHTML, like Gecko) Chrome/152.0.0.0 Safari/537.36" "-"
34.48.147.0 - - [11/Aug/2026:00:16:42 +0200] "GET /my HTTP/1.1" 404 596 cronicadearagon.com "-" "Mozilla/5.0 (X11; Linux x86_64) AppleWebKit/537.36 (KHTML, like Gecko) Chrome/152.0.0.0 Safari/537.36" "-"
34.48.147.0 - - [11/Aug/2026:00:16:42 +0200] "GET /firebase-adminsdk.json HTTP/1.1" 404 596 cronicadearagon.com "-" "Mozilla/5.0 (compatible; cohere-ai/1.0; +https://cohere.com)" "-"
34.48.147.0 - - [11/Aug/2026:00:16:42 +0200] "GET /key.json HTTP/1.1" 404 596 cronicadearagon.com "-" "Mozilla/5.0 (compatible; cohere-ai/1.0; +https://cohere.com)" "-"
34.48.147.0 - - [11/Aug/2026:00:16:42 +0200] "GET /service_account.json HTTP/1.1" 404 596 cronicadearagon.com "-" "Mozilla/5.0 (compatible; cohere-ai/1.0; +https://cohere.com)" "-"
34.48.147.0 - - [11/Aug/2026:00:16:42 +0200] "GET /serviceAccountKey.json HTTP/1.1" 404 596 cronicadearagon.com "-" "Mozilla/5.0 (compatible; cohere-ai/1.0; +https://cohere.com)" "-"
34.48.147.0 - - [11/Aug/2026:00:16:42 +0200] "GET /credentials.json HTTP/1.1" 404 596 cronicadearagon.com "-" "Mozilla/5.0 (compatible; cohere-ai/1.0; +https://cohere.com)" "-"
34.48.147.0 - - [11/Aug/2026:00:16:42 +0200] "GET /Dockerfile HTTP/1.1" 404 596 cronicadearagon.com "-" "Mozilla/5.0 (compatible; cohere-ai/1.0; +https://cohere.com)" "-"
34.48.147.0 - - [11/Aug/2026:00:16:42 +0200] "GET /firebase-service-account.json HTTP/1.1" 404 596 cronicadearagon.com "-" "Mozilla/5.0 (compatible; cohere-ai/1.0; +https://cohere.com)" "-"
34.48.147.0 - - [11/Aug/2026:00:16:42 +0200] "POST /v1/graphql HTTP/1.1" 404 596 cronicadearagon.com "https://cronicadearagon.com" "Mozilla/5.0 (X11; Linux x86_64) AppleWebKit/537.36 (KHTML, like Gecko) Chrome/152.0.0.0 Safari/537.36" "-"
46.4.220.0 - - [11/Aug/2026:00:16:42 +0200] "GET /?shop/items/P52561718/ HTTP/1.1" 200 66633 cronicareinodearagon.com "-" "Mozilla/5.0 (compatible; SERankingBacklinksBot/1.0; +https://seranking.com/backlinks-crawler)" "-"
34.48.147.0 - - [11/Aug/2026:00:16:43 +0200] "GET /.npmrc HTTP/1.1" 300 534 cronicadearagon.com "-" "Mozilla/5.0 (compatible; cohere-ai/1.0; +https://cohere.com)" "-"
34.48.147.0 - - [11/Aug/2026:00:16:43 +0200] "GET /.htpasswd HTTP/1.1" 403 775 cronicadearagon.com "-" "Mozilla/5.0 (compatible; cohere-ai/1.0; +https://cohere.com)" "-"
34.48.147.0 - - [11/Aug/2026:00:16:43 +0200] "GET /.docker/config.json HTTP/1.1" 300 619 cronicadearagon.com "-" "Mozilla/5.0 (compatible; cohere-ai/1.0; +https://cohere.com)" "-"
34.48.147.0 - - [11/Aug/2026:00:16:43 +0200] "GET /.github/.env HTTP/1.1" 403 775 cronicadearagon.com "-" "Mozilla/5.0 (compatible; cohere-ai/1.0; +https://cohere.com)" "-"
34.48.147.0 - - [11/Aug/2026:00:16:43 +0200] "GET /.boto HTTP/1.1" 300 533 cronicadearagon.com "-" "Mozilla/5.0 (compatible; cohere-ai/1.0; +https://cohere.com)" "-"
34.48.147.0 - - [11/Aug/2026:00:16:43 +0200] "GET /.s3cfg HTTP/1.1" 300 534 cronicadearagon.com "-" "Mozilla/5.0 (compatible; cohere-ai/1.0; +https://cohere.com)" "-"
34.48.147.0 - - [11/Aug/2026:00:16:43 +0200] "GET /.ssh/id_rsa HTTP/1.1" 403 775 cronicadearagon.com "-" "Mozilla/5.0 (compatible; cohere-ai/1.0; +https://cohere.com)" "-"
34.48.147.0 - - [11/Aug/2026:00:16:43 +0200] "GET /docker-compose.yaml HTTP/1.1" 404 596 cronicadearagon.com "-" "Mozilla/5.0 (compatible; cohere-ai/1.0; +https://cohere.com)" "-"
34.48.147.0 - - [11/Aug/2026:00:16:43 +0200] "GET /.ssh/id_ed25519 HTTP/1.1" 403 775 cronicadearagon.com "-" "Mozilla/5.0 (compatible; cohere-ai/1.0; +https://cohere.com)" "-"
34.48.147.0 - - [11/Aug/2026:00:16:43 +0200] "GET /.vscode/launch.json HTTP/1.1" 300 619 cronicadearagon.com "-" "Mozilla/5.0 (compatible; cohere-ai/1.0; +https://cohere.com)" "-"
34.48.147.0 - - [11/Aug/2026:00:16:43 +0200] "GET /.svn/entries HTTP/1.1" 300 588 cronicadearagon.com "-" "Mozilla/5.0 (compatible; cohere-ai/1.0; +https://cohere.com)" "-"
34.48.147.0 - - [11/Aug/2026:00:16:43 +0200] "GET /.ssh/id_ecdsa HTTP/1.1" 403 775 cronicadearagon.com "-" "Mozilla/5.0 (compatible; cohere-ai/1.0; +https://cohere.com)" "-"
34.48.147.0 - - [11/Aug/2026:00:16:43 +0200] "GET /.ssh/authorized_keys HTTP/1.1" 403 775 cronicadearagon.com "-" "Mozilla/5.0 (compatible; cohere-ai/1.0; +https://cohere.com)" "-"
34.48.147.0 - - [11/Aug/2026:00:16:43 +0200] "GET /terraform.tfstate HTTP/1.1" 429 267 cronicadearagon.com "-" "Mozilla/5.0 (compatible; cohere-ai/1.0; +https://cohere.com)" "-"
34.48.147.0 - - [11/Aug/2026:00:16:43 +0200] "GET /.ssh/id_dsa HTTP/1.1" 429 267 cronicadearagon.com "-" "Mozilla/5.0 (compatible; cohere-ai/1.0; +https://cohere.com)" "-"
34.48.147.0 - - [11/Aug/2026:00:16:43 +0200] "GET /.ssh/config HTTP/1.1" 429 267 cronicadearagon.com "-" "Mozilla/5.0 (compatible; cohere-ai/1.0; +https://cohere.com)" "-"
34.48.147.0 - - [11/Aug/2026:00:16:43 +0200] "GET /.ssh/known_hosts HTTP/1.1" 429 267 cronicadearagon.com "-" "Mozilla/5.0 (compatible; cohere-ai/1.0; +https://cohere.com)" "-"
34.48.147.0 - - [11/Aug/2026:00:16:44 +0200] "GET /id_dsa HTTP/1.1" 429 267 cronicadearagon.com "-" "Mozilla/5.0 (compatible; cohere-ai/1.0; +https://cohere.com)" "-"
34.48.147.0 - - [11/Aug/2026:00:16:44 +0200] "GET /key.pem HTTP/1.1" 429 267 cronicadearagon.com "-" "Mozilla/5.0 (compatible; cohere-ai/1.0; +https://cohere.com)" "-"
34.48.147.0 - - [11/Aug/2026:00:16:44 +0200] "GET /server.key HTTP/1.1" 429 267 cronicadearagon.com "-" "Mozilla/5.0 (compatible; cohere-ai/1.0; +https://cohere.com)" "-"
34.48.147.0 - - [11/Aug/2026:00:16:44 +0200] "GET /id_rsa HTTP/1.1" 429 267 cronicadearagon.com "-" "Mozilla/5.0 (compatible; cohere-ai/1.0; +https://cohere.com)" "-"
34.48.147.0 - - [11/Aug/2026:00:16:44 +0200] "GET /id_ed25519 HTTP/1.1" 429 267 cronicadearagon.com "-" "Mozilla/5.0 (compatible; cohere-ai/1.0; +https://cohere.com)" "-"
34.48.147.0 - - [11/Aug/2026:00:16:44 +0200] "GET /id_ecdsa HTTP/1.1" 429 267 cronicadearagon.com "-" "Mozilla/5.0 (compatible; cohere-ai/1.0; +https://cohere.com)" "-"
34.48.147.0 - - [11/Aug/2026:00:16:44 +0200] "GET /private-key HTTP/1.1" 429 267 cronicadearagon.com "-" "Mozilla/5.0 (compatible; cohere-ai/1.0; +https://cohere.com)" "-"
34.48.147.0 - - [11/Aug/2026:00:16:44 +0200] "GET /ssl/server.key HTTP/1.1" 429 267 cronicadearagon.com "-" "Mozilla/5.0 (compatible; cohere-ai/1.0; +https://cohere.com)" "-"
34.48.147.0 - - [11/Aug/2026:00:16:44 +0200] "GET /localhost.key HTTP/1.1" 429 267 cronicadearagon.com "-" "Mozilla/5.0 (compatible; cohere-ai/1.0; +https://cohere.com)" "-"
34.48.147.0 - - [11/Aug/2026:00:16:44 +0200] "GET /privatekey.key HTTP/1.1" 429 267 cronicadearagon.com "-" "Mozilla/5.0 (compatible; cohere-ai/1.0; +https://cohere.com)" "-"
34.48.147.0 - - [11/Aug/2026:00:16:44 +0200] "GET /host.key HTTP/1.1" 429 267 cronicadearagon.com "-" "Mozilla/5.0 (compatible; cohere-ai/1.0; +https://cohere.com)" "-"
34.48.147.0 - - [11/Aug/2026:00:16:44 +0200] "GET /ssl/localhost.key HTTP/1.1" 429 267 cronicadearagon.com "-" "Mozilla/5.0 (compatible; cohere-ai/1.0; +https://cohere.com)" "-"
2a03:2880:f800:: - - [11/Aug/2026:00:16:44 +0200] "GET /?shop/items/G38512219109/ HTTP/1.1" 200 66633 cronicareinodearagon.com "-" "Mozilla/5.0 (Macintosh; Intel Mac OS X 10_15_7) AppleWebKit/537.36 (KHTML, like Gecko) Chrome/145.0.0.0 Safari/537.36 (compatible; meta-externalagent/1.1 (+https://developers.facebook.com/docs/sharing/webmasters/crawler))" "-"
34.48.147.0 - - [11/Aug/2026:00:16:45 +0200] "GET /.continue/config.json HTTP/1.1" 429 267 cronicadearagon.com "-" "Mozilla/5.0 (compatible; cohere-ai/1.0; +https://cohere.com)" "-"
34.48.147.0 - - [11/Aug/2026:00:16:45 +0200] "GET /.openclaw/.env HTTP/1.1" 429 267 cronicadearagon.com "-" "Mozilla/5.0 (compatible; cohere-ai/1.0; +https://cohere.com)" "-"
34.48.147.0 - - [11/Aug/2026:00:16:45 +0200] "GET /.cursor/mcp.json HTTP/1.1" 429 267 cronicadearagon.com "-" "Mozilla/5.0 (compatible; cohere-ai/1.0; +https://cohere.com)" "-"
34.48.147.0 - - [11/Aug/2026:00:16:45 +0200] "GET /.codex/config.toml HTTP/1.1" 429 267 cronicadearagon.com "-" "Mozilla/5.0 (compatible; cohere-ai/1.0; +https://cohere.com)" "-"
34.48.147.0 - - [11/Aug/2026:00:16:45 +0200] "GET /.openclaw/openclaw.json HTTP/1.1" 429 267 cronicadearagon.com "-" "Mozilla/5.0 (compatible; cohere-ai/1.0; +https://cohere.com)" "-"
34.48.147.0 - - [11/Aug/2026:00:16:45 +0200] "GET /.aider.conf.yml HTTP/1.1" 429 267 cronicadearagon.com "-" "Mozilla/5.0 (compatible; cohere-ai/1.0; +https://cohere.com)" "-"
34.48.147.0 - - [11/Aug/2026:00:16:45 +0200] "GET /.hermes/auth.json HTTP/1.1" 429 267 cronicadearagon.com "-" "Mozilla/5.0 (compatible; cohere-ai/1.0; +https://cohere.com)" "-"
34.48.147.0 - - [11/Aug/2026:00:16:45 +0200] "GET /.claude/settings.json HTTP/1.1" 429 267 cronicadearagon.com "-" "Mozilla/5.0 (compatible; cohere-ai/1.0; +https://cohere.com)" "-"
34.48.147.0 - - [11/Aug/2026:00:16:45 +0200] "GET /.hermes/.env HTTP/1.1" 429 267 cronicadearagon.com "-" "Mozilla/5.0 (compatible; cohere-ai/1.0; +https://cohere.com)" "-"
34.48.147.0 - - [11/Aug/2026:00:16:45 +0200] "GET /.config/anthropic/credentials/default.json HTTP/1.1" 429 267 cronicadearagon.com "-" "Mozilla/5.0 (compatible; cohere-ai/1.0; +https://cohere.com)" "-"
34.48.147.0 - - [11/Aug/2026:00:16:45 +0200] "GET /.claude.json HTTP/1.1" 429 267 cronicadearagon.com "-" "Mozilla/5.0 (compatible; cohere-ai/1.0; +https://cohere.com)" "-"
34.48.147.0 - - [11/Aug/2026:00:16:45 +0200] "GET /.hermes/config.yaml HTTP/1.1" 429 267 cronicadearagon.com "-" "Mozilla/5.0 (compatible; cohere-ai/1.0; +https://cohere.com)" "-"
34.48.147.0 - - [11/Aug/2026:00:16:45 +0200] "GET /wp-config.php.bak HTTP/1.1" 429 267 cronicadearagon.com "-" "Mozilla/5.0 (compatible; cohere-ai/1.0; +https://cohere.com)" "-"
34.48.147.0 - - [11/Aug/2026:00:16:45 +0200] "GET /.mcp.json HTTP/1.1" 429 267 cronicadearagon.com "-" "Mozilla/5.0 (compatible; cohere-ai/1.0; +https://cohere.com)" "-"
34.48.147.0 - - [11/Aug/2026:00:16:45 +0200] "GET /.profile HTTP/1.1" 429 267 cronicadearagon.com "-" "Mozilla/5.0 (compatible; cohere-ai/1.0; +https://cohere.com)" "-"
34.48.147.0 - - [11/Aug/2026:00:16:45 +0200] "GET /.bash_profile HTTP/1.1" 429 267 cronicadearagon.com "-" "Mozilla/5.0 (compatible; cohere-ai/1.0; +https://cohere.com)" "-"
34.48.147.0 - - [11/Aug/2026:00:16:45 +0200] "GET /.zshrc HTTP/1.1" 429 267 cronicadearagon.com "-" "Mozilla/5.0 (compatible; cohere-ai/1.0; +https://cohere.com)" "-"
34.48.147.0 - - [11/Aug/2026:00:16:45 +0200] "GET /.bashrc HTTP/1.1" 429 267 cronicadearagon.com "-" "Mozilla/5.0 (compatible; cohere-ai/1.0; +https://cohere.com)" "-"
34.48.147.0 - - [11/Aug/2026:00:16:45 +0200] "GET /wp-config.php.old HTTP/1.1" 429 267 cronicadearagon.com "-" "Mozilla/5.0 (compatible; cohere-ai/1.0; +https://cohere.com)" "-"
34.48.147.0 - - [11/Aug/2026:00:16:45 +0200] "GET /storage/logs/laravel.log HTTP/1.1" 429 267 cronicadearagon.com "-" "Mozilla/5.0 (compatible; cohere-ai/1.0; +https://cohere.com)" "-"
34.48.147.0 - - [11/Aug/2026:00:16:46 +0200] "GET /config/.env.php HTTP/1.1" 429 267 cronicadearagon.com "-" "Mozilla/5.0 (compatible; cohere-ai/1.0; +https://cohere.com)" "-"
34.48.147.0 - - [11/Aug/2026:00:16:46 +0200] "GET /.env.php.bak HTTP/1.1" 429 267 cronicadearagon.com "-" "Mozilla/5.0 (compatible; cohere-ai/1.0; +https://cohere.com)" "-"
34.48.147.0 - - [11/Aug/2026:00:16:46 +0200] "GET /config.php.bak HTTP/1.1" 429 267 cronicadearagon.com "-" "Mozilla/5.0 (compatible; cohere-ai/1.0; +https://cohere.com)" "-"
34.48.147.0 - - [11/Aug/2026:00:16:46 +0200] "GET /laravel/.env HTTP/1.1" 429 267 cronicadearagon.com "-" "Mozilla/5.0 (compatible; cohere-ai/1.0; +https://cohere.com)" "-"
34.48.147.0 - - [11/Aug/2026:00:16:46 +0200] "GET /core/.env HTTP/1.1" 429 267 cronicadearagon.com "-" "Mozilla/5.0 (compatible; cohere-ai/1.0; +https://cohere.com)" "-"
34.48.147.0 - - [11/Aug/2026:00:16:46 +0200] "GET /auth.json HTTP/1.1" 429 267 cronicadearagon.com "-" "Mozilla/5.0 (compatible; cohere-ai/1.0; +https://cohere.com)" "-"
34.48.147.0 - - [11/Aug/2026:00:16:46 +0200] "GET /application.yml HTTP/1.1" 429 267 cronicadearagon.com "-" "Mozilla/5.0 (compatible; cohere-ai/1.0; +https://cohere.com)" "-"
34.48.147.0 - - [11/Aug/2026:00:16:46 +0200] "GET /configuration.php.bak HTTP/1.1" 429 267 cronicadearagon.com "-" "Mozilla/5.0 (compatible; cohere-ai/1.0; +https://cohere.com)" "-"
34.48.147.0 - - [11/Aug/2026:00:16:46 +0200] "GET /.env.dev HTTP/1.1" 429 267 cronicadearagon.com "-" "Mozilla/5.0 (compatible; cohere-ai/1.0; +https://cohere.com)" "-"
34.48.147.0 - - [11/Aug/2026:00:16:46 +0200] "GET /.env.swp HTTP/1.1" 429 267 cronicadearagon.com "-" "Mozilla/5.0 (compatible; cohere-ai/1.0; +https://cohere.com)" "-"
34.48.147.0 - - [11/Aug/2026:00:16:46 +0200] "GET /public/.env HTTP/1.1" 429 267 cronicadearagon.com "-" "Mozilla/5.0 (compatible; cohere-ai/1.0; +https://cohere.com)" "-"
34.48.147.0 - - [11/Aug/2026:00:16:46 +0200] "GET /web/.env HTTP/1.1" 429 267 cronicadearagon.com "-" "Mozilla/5.0 (compatible; cohere-ai/1.0; +https://cohere.com)" "-"
34.48.147.0 - - [11/Aug/2026:00:16:46 +0200] "GET /config/application.properties HTTP/1.1" 429 267 cronicadearagon.com "-" "Mozilla/5.0 (compatible; cohere-ai/1.0; +https://cohere.com)" "-"
34.48.147.0 - - [11/Aug/2026:00:16:47 +0200] "GET /application.properties HTTP/1.1" 429 267 cronicadearagon.com "-" "Mozilla/5.0 (compatible; cohere-ai/1.0; +https://cohere.com)" "-"
34.48.147.0 - - [11/Aug/2026:00:16:47 +0200] "GET /bootstrap.yml HTTP/1.1" 429 267 cronicadearagon.com "-" "Mozilla/5.0 (compatible; cohere-ai/1.0; +https://cohere.com)" "-"
34.48.147.0 - - [11/Aug/2026:00:16:47 +0200] "GET /actuator/env HTTP/1.1" 429 267 cronicadearagon.com "-" "Mozilla/5.0 (compatible; cohere-ai/1.0; +https://cohere.com)" "-"
34.48.147.0 - - [11/Aug/2026:00:16:47 +0200] "GET /bootstrap.properties HTTP/1.1" 429 267 cronicadearagon.com "-" "Mozilla/5.0 (compatible; cohere-ai/1.0; +https://cohere.com)" "-"
34.48.147.0 - - [11/Aug/2026:00:16:47 +0200] "GET /config/secrets.yml HTTP/1.1" 429 267 cronicadearagon.com "-" "Mozilla/5.0 (compatible; cohere-ai/1.0; +https://cohere.com)" "-"
34.48.147.0 - - [11/Aug/2026:00:16:47 +0200] "GET /gradle.properties HTTP/1.1" 429 267 cronicadearagon.com "-" "Mozilla/5.0 (compatible; cohere-ai/1.0; +https://cohere.com)" "-"
34.48.147.0 - - [11/Aug/2026:00:16:47 +0200] "GET /.gradle/gradle.properties HTTP/1.1" 429 267 cronicadearagon.com "-" "Mozilla/5.0 (compatible; cohere-ai/1.0; +https://cohere.com)" "-"
34.48.147.0 - - [11/Aug/2026:00:16:47 +0200] "GET /config/database.yml HTTP/1.1" 429 267 cronicadearagon.com "-" "Mozilla/5.0 (compatible; cohere-ai/1.0; +https://cohere.com)" "-"
34.48.147.0 - - [11/Aug/2026:00:16:47 +0200] "GET /appsettings.Production.json HTTP/1.1" 429 267 cronicadearagon.com "-" "Mozilla/5.0 (compatible; cohere-ai/1.0; +https://cohere.com)" "-"
34.48.147.0 - - [11/Aug/2026:00:16:47 +0200] "GET /appsettings.Development.json HTTP/1.1" 429 267 cronicadearagon.com "-" "Mozilla/5.0 (compatible; cohere-ai/1.0; +https://cohere.com)" "-"
34.48.147.0 - - [11/Aug/2026:00:16:47 +0200] "GET /local.settings.json HTTP/1.1" 429 267 cronicadearagon.com "-" "Mozilla/5.0 (compatible; cohere-ai/1.0; +https://cohere.com)" "-"
34.48.147.0 - - [11/Aug/2026:00:16:47 +0200] "GET /appsettings.json HTTP/1.1" 429 267 cronicadearagon.com "-" "Mozilla/5.0 (compatible; cohere-ai/1.0; +https://cohere.com)" "-"
34.48.147.0 - - [11/Aug/2026:00:16:47 +0200] "GET /web.config HTTP/1.1" 429 267 cronicadearagon.com "-" "Mozilla/5.0 (compatible; cohere-ai/1.0; +https://cohere.com)" "-"
34.48.147.0 - - [11/Aug/2026:00:16:47 +0200] "GET /.pypirc HTTP/1.1" 429 267 cronicadearagon.com "-" "Mozilla/5.0 (compatible; cohere-ai/1.0; +https://cohere.com)" "-"
34.48.147.0 - - [11/Aug/2026:00:16:48 +0200] "GET /config/settings.py HTTP/1.1" 429 267 cronicadearagon.com "-" "Mozilla/5.0 (compatible; cohere-ai/1.0; +https://cohere.com)" "-"
34.48.147.0 - - [11/Aug/2026:00:16:48 +0200] "GET /settings.py HTTP/1.1" 429 267 cronicadearagon.com "-" "Mozilla/5.0 (compatible; cohere-ai/1.0; +https://cohere.com)" "-"
34.48.147.0 - - [11/Aug/2026:00:16:48 +0200] "GET /.streamlit/secrets.toml HTTP/1.1" 429 267 cronicadearagon.com "-" "Mozilla/5.0 (compatible; cohere-ai/1.0; +https://cohere.com)" "-"
34.48.147.0 - - [11/Aug/2026:00:16:48 +0200] "GET /config/storage.yml HTTP/1.1" 429 267 cronicadearagon.com "-" "Mozilla/5.0 (compatible; cohere-ai/1.0; +https://cohere.com)" "-"
34.48.147.0 - - [11/Aug/2026:00:16:48 +0200] "GET /config/master.key HTTP/1.1" 429 267 cronicadearagon.com "-" "Mozilla/5.0 (compatible; cohere-ai/1.0; +https://cohere.com)" "-"
34.48.147.0 - - [11/Aug/2026:00:16:48 +0200] "GET /config.py HTTP/1.1" 429 267 cronicadearagon.com "-" "Mozilla/5.0 (compatible; cohere-ai/1.0; +https://cohere.com)" "-"
34.48.147.0 - - [11/Aug/2026:00:16:48 +0200] "GET /backend/settings.py HTTP/1.1" 429 267 cronicadearagon.com "-" "Mozilla/5.0 (compatible; cohere-ai/1.0; +https://cohere.com)" "-"
34.48.147.0 - - [11/Aug/2026:00:16:48 +0200] "GET /core/settings.py HTTP/1.1" 429 267 cronicadearagon.com "-" "Mozilla/5.0 (compatible; cohere-ai/1.0; +https://cohere.com)" "-"
34.48.147.0 - - [11/Aug/2026:00:16:48 +0200] "GET /.env.development HTTP/1.1" 429 267 cronicadearagon.com "-" "Mozilla/5.0 (compatible; cohere-ai/1.0; +https://cohere.com)" "-"
34.48.147.0 - - [11/Aug/2026:00:16:48 +0200] "GET /app/settings.py HTTP/1.1" 429 267 cronicadearagon.com "-" "Mozilla/5.0 (compatible; cohere-ai/1.0; +https://cohere.com)" "-"
34.48.147.0 - - [11/Aug/2026:00:16:48 +0200] "GET /instance/config.py HTTP/1.1" 429 267 cronicadearagon.com "-" "Mozilla/5.0 (compatible; cohere-ai/1.0; +https://cohere.com)" "-"
34.48.147.0 - - [11/Aug/2026:00:16:48 +0200] "GET /sendgrid.env HTTP/1.1" 429 267 cronicadearagon.com "-" "Mozilla/5.0 (compatible; cohere-ai/1.0; +https://cohere.com)" "-"
34.48.147.0 - - [11/Aug/2026:00:16:48 +0200] "GET /.env.staging HTTP/1.1" 429 267 cronicadearagon.com "-" "Mozilla/5.0 (compatible; cohere-ai/1.0; +https://cohere.com)" "-"
34.48.147.0 - - [11/Aug/2026:00:16:48 +0200] "GET /app/.env HTTP/1.1" 429 267 cronicadearagon.com "-" "Mozilla/5.0 (compatible; cohere-ai/1.0; +https://cohere.com)" "-"
34.48.147.0 - - [11/Aug/2026:00:16:48 +0200] "GET /src/.env HTTP/1.1" 429 267 cronicadearagon.com "-" "Mozilla/5.0 (compatible; cohere-ai/1.0; +https://cohere.com)" "-"
34.48.147.0 - - [11/Aug/2026:00:16:48 +0200] "GET /config.env HTTP/1.1" 429 267 cronicadearagon.com "-" "Mozilla/5.0 (compatible; cohere-ai/1.0; +https://cohere.com)" "-"
34.48.147.0 - - [11/Aug/2026:00:16:48 +0200] "GET /.env.test HTTP/1.1" 429 267 cronicadearagon.com "-" "Mozilla/5.0 (compatible; cohere-ai/1.0; +https://cohere.com)" "-"
34.48.147.0 - - [11/Aug/2026:00:16:48 +0200] "GET /docker/.env HTTP/1.1" 429 267 cronicadearagon.com "-" "Mozilla/5.0 (compatible; cohere-ai/1.0; +https://cohere.com)" "-"
46.4.220.0 - - [11/Aug/2026:00:16:48 +0200] "GET /?shop/items/Y26882799/ HTTP/1.1" 200 66633 cronicareinodearagon.com "-" "Mozilla/5.0 (compatible; SERankingBacklinksBot/1.0; +https://seranking.com/backlinks-crawler)" "-"
34.48.147.0 - - [11/Aug/2026:00:16:49 +0200] "GET /.env.docker HTTP/1.1" 429 267 cronicadearagon.com "-" "Mozilla/5.0 (compatible; cohere-ai/1.0; +https://cohere.com)" "-"
34.48.147.0 - - [11/Aug/2026:00:16:49 +0200] "GET /server/.env HTTP/1.1" 429 267 cronicadearagon.com "-" "Mozilla/5.0 (compatible; cohere-ai/1.0; +https://cohere.com)" "-"
34.48.147.0 - - [11/Aug/2026:00:16:49 +0200] "GET /frontend/.env HTTP/1.1" 429 267 cronicadearagon.com "-" "Mozilla/5.0 (compatible; cohere-ai/1.0; +https://cohere.com)" "-"
34.48.147.0 - - [11/Aug/2026:00:16:49 +0200] "GET /dev/.env HTTP/1.1" 429 267 cronicadearagon.com "-" "Mozilla/5.0 (compatible; cohere-ai/1.0; +https://cohere.com)" "-"
34.48.147.0 - - [11/Aug/2026:00:16:49 +0200] "GET /production/.env HTTP/1.1" 429 267 cronicadearagon.com "-" "Mozilla/5.0 (compatible; cohere-ai/1.0; +https://cohere.com)" "-"
34.48.147.0 - - [11/Aug/2026:00:16:49 +0200] "GET /staging/.env HTTP/1.1" 429 267 cronicadearagon.com "-" "Mozilla/5.0 (compatible; cohere-ai/1.0; +https://cohere.com)" "-"
34.48.147.0 - - [11/Aug/2026:00:16:49 +0200] "GET /@fs/proc/self/environ?import&raw?? HTTP/1.1" 429 267 cronicadearagon.com "-" "Mozilla/5.0 (compatible; cohere-ai/1.0; +https://cohere.com)" "-"
34.48.147.0 - - [11/Aug/2026:00:16:49 +0200] "GET /gcp-credentials.json HTTP/1.1" 429 267 cronicadearagon.com "-" "Mozilla/5.0 (compatible; cohere-ai/1.0; +https://cohere.com)" "-"
34.48.147.0 - - [11/Aug/2026:00:16:50 +0200] "GET /.env.prod.bak HTTP/1.1" 429 267 cronicadearagon.com "-" "Mozilla/5.0 (compatible; cohere-ai/1.0; +https://cohere.com)" "-"
34.48.147.0 - - [11/Aug/2026:00:16:50 +0200] "GET /@fs/root/.env?raw?? HTTP/1.1" 429 267 cronicadearagon.com "-" "Mozilla/5.0 (compatible; cohere-ai/1.0; +https://cohere.com)" "-"
34.48.147.0 - - [11/Aug/2026:00:16:50 +0200] "GET /.env.production.bak HTTP/1.1" 429 267 cronicadearagon.com "-" "Mozilla/5.0 (compatible; cohere-ai/1.0; +https://cohere.com)" "-"
34.48.147.0 - - [11/Aug/2026:00:16:50 +0200] "GET /@fs/.env?raw?? HTTP/1.1" 429 267 cronicadearagon.com "-" "Mozilla/5.0 (compatible; cohere-ai/1.0; +https://cohere.com)" "-"
34.48.147.0 - - [11/Aug/2026:00:16:50 +0200] "GET /firebase-credentials.json HTTP/1.1" 429 267 cronicadearagon.com "-" "Mozilla/5.0 (compatible; cohere-ai/1.0; +https://cohere.com)" "-"
34.48.147.0 - - [11/Aug/2026:00:16:50 +0200] "GET /firebase-admin.json HTTP/1.1" 429 267 cronicadearagon.com "-" "Mozilla/5.0 (compatible; cohere-ai/1.0; +https://cohere.com)" "-"
34.48.147.0 - - [11/Aug/2026:00:16:50 +0200] "GET /sa.json HTTP/1.1" 429 267 cronicadearagon.com "-" "Mozilla/5.0 (compatible; cohere-ai/1.0; +https://cohere.com)" "-"
34.48.147.0 - - [11/Aug/2026:00:16:50 +0200] "GET /gcp-key.json HTTP/1.1" 429 267 cronicadearagon.com "-" "Mozilla/5.0 (compatible; cohere-ai/1.0; +https://cohere.com)" "-"
34.48.147.0 - - [11/Aug/2026:00:16:50 +0200] "GET /google-credentials.json HTTP/1.1" 429 267 cronicadearagon.com "-" "Mozilla/5.0 (compatible; cohere-ai/1.0; +https://cohere.com)" "-"
34.48.147.0 - - [11/Aug/2026:00:16:50 +0200] "GET /keys/service-account.json HTTP/1.1" 429 267 cronicadearagon.com "-" "Mozilla/5.0 (compatible; cohere-ai/1.0; +https://cohere.com)" "-"
34.48.147.0 - - [11/Aug/2026:00:16:50 +0200] "GET /config/gcp-credentials.json HTTP/1.1" 429 267 cronicadearagon.com "-" "Mozilla/5.0 (compatible; cohere-ai/1.0; +https://cohere.com)" "-"
34.48.147.0 - - [11/Aug/2026:00:16:50 +0200] "GET /public/admin.json HTTP/1.1" 429 267 cronicadearagon.com "-" "Mozilla/5.0 (compatible; cohere-ai/1.0; +https://cohere.com)" "-"
34.48.147.0 - - [11/Aug/2026:00:16:50 +0200] "GET /gc-service.json HTTP/1.1" 429 267 cronicadearagon.com "-" "Mozilla/5.0 (compatible; cohere-ai/1.0; +https://cohere.com)" "-"
34.48.147.0 - - [11/Aug/2026:00:16:50 +0200] "GET /google-service-account.json HTTP/1.1" 429 267 cronicadearagon.com "-" "Mozilla/5.0 (compatible; cohere-ai/1.0; +https://cohere.com)" "-"
34.48.147.0 - - [11/Aug/2026:00:16:50 +0200] "GET /config/firebase-admin.json HTTP/1.1" 429 267 cronicadearagon.com "-" "Mozilla/5.0 (compatible; cohere-ai/1.0; +https://cohere.com)" "-"
34.48.147.0 - - [11/Aug/2026:00:16:51 +0200] "GET /google-services.json HTTP/1.1" 429 267 cronicadearagon.com "-" "Mozilla/5.0 (compatible; cohere-ai/1.0; +https://cohere.com)" "-"
34.48.147.0 - - [11/Aug/2026:00:16:51 +0200] "GET /debug/vars HTTP/1.1" 429 267 cronicadearagon.com "-" "Mozilla/5.0 (compatible; cohere-ai/1.0; +https://cohere.com)" "-"
34.48.147.0 - - [11/Aug/2026:00:16:51 +0200] "GET /gcp-service.json HTTP/1.1" 429 267 cronicadearagon.com "-" "Mozilla/5.0 (compatible; cohere-ai/1.0; +https://cohere.com)" "-"
34.48.147.0 - - [11/Aug/2026:00:16:51 +0200] "GET /debug/pprof/cmdline HTTP/1.1" 429 267 cronicadearagon.com "-" "Mozilla/5.0 (compatible; cohere-ai/1.0; +https://cohere.com)" "-"
34.48.147.0 - - [11/Aug/2026:00:16:51 +0200] "GET /debug/pprof/ HTTP/1.1" 429 267 cronicadearagon.com "-" "Mozilla/5.0 (compatible; cohere-ai/1.0; +https://cohere.com)" "-"
34.48.147.0 - - [11/Aug/2026:00:16:51 +0200] "GET /dashboard HTTP/1.1" 429 267 cronicadearagon.com "-" "Mozilla/5.0 (compatible; cohere-ai/1.0; +https://cohere.com)" "-"
34.48.147.0 - - [11/Aug/2026:00:16:51 +0200] "GET /metrics HTTP/1.1" 429 267 cronicadearagon.com "-" "Mozilla/5.0 (compatible; cohere-ai/1.0; +https://cohere.com)" "-"
34.48.147.0 - - [11/Aug/2026:00:16:51 +0200] "GET /config.yaml HTTP/1.1" 429 267 cronicadearagon.com "-" "Mozilla/5.0 (compatible; cohere-ai/1.0; +https://cohere.com)" "-"
34.48.147.0 - - [11/Aug/2026:00:16:51 +0200] "GET /config.toml HTTP/1.1" 429 267 cronicadearagon.com "-" "Mozilla/5.0 (compatible; cohere-ai/1.0; +https://cohere.com)" "-"
34.48.147.0 - - [11/Aug/2026:00:16:51 +0200] "GET /firebase.json HTTP/1.1" 429 267 cronicadearagon.com "-" "Mozilla/5.0 (compatible; cohere-ai/1.0; +https://cohere.com)" "-"
34.48.147.0 - - [11/Aug/2026:00:16:51 +0200] "GET /config/prod.exs HTTP/1.1" 429 267 cronicadearagon.com "-" "Mozilla/5.0 (compatible; cohere-ai/1.0; +https://cohere.com)" "-"
34.48.147.0 - - [11/Aug/2026:00:16:51 +0200] "GET /info HTTP/1.1" 429 267 cronicadearagon.com "-" "Mozilla/5.0 (compatible; cohere-ai/1.0; +https://cohere.com)" "-"
34.48.147.0 - - [11/Aug/2026:00:16:51 +0200] "GET /aws-exports.js HTTP/1.1" 429 267 cronicadearagon.com "-" "Mozilla/5.0 (compatible; cohere-ai/1.0; +https://cohere.com)" "-"
34.48.147.0 - - [11/Aug/2026:00:16:51 +0200] "GET /config/runtime.exs HTTP/1.1" 429 267 cronicadearagon.com "-" "Mozilla/5.0 (compatible; cohere-ai/1.0; +https://cohere.com)" "-"
34.48.147.0 - - [11/Aug/2026:00:16:51 +0200] "GET /_health HTTP/1.1" 429 267 cronicadearagon.com "-" "Mozilla/5.0 (compatible; cohere-ai/1.0; +https://cohere.com)" "-"
216.73.217.0 - - [11/Aug/2026:00:16:51 +0200] "GET /shop/contents/shipping?fileloc=%2Fhomepages%2F8%2Fd824846483%2Fhtaccesslist&path=%2Fhomepages%2F8%2Fd824846483 HTTP/1.1" 200 12313 cronicareinodearagon.com "-" "Mozilla/5.0 AppleWebKit/537.36 (KHTML, like Gecko; compatible; ClaudeBot/1.0; +claudebot@anthropic.com)" "-"
34.48.147.0 - - [11/Aug/2026:00:16:52 +0200] "GET /aws-config.js HTTP/1.1" 429 267 cronicadearagon.com "-" "Mozilla/5.0 (compatible; cohere-ai/1.0; +https://cohere.com)" "-"
34.48.147.0 - - [11/Aug/2026:00:16:52 +0200] "GET /values.yaml HTTP/1.1" 429 267 cronicadearagon.com "-" "Mozilla/5.0 (compatible; cohere-ai/1.0; +https://cohere.com)" "-"
34.48.147.0 - - [11/Aug/2026:00:16:52 +0200] "GET /amplifyconfiguration.json HTTP/1.1" 429 267 cronicadearagon.com "-" "Mozilla/5.0 (compatible; cohere-ai/1.0; +https://cohere.com)" "-"
34.48.147.0 - - [11/Aug/2026:00:16:52 +0200] "GET /.aws/config HTTP/1.1" 429 267 cronicadearagon.com "-" "Mozilla/5.0 (compatible; cohere-ai/1.0; +https://cohere.com)" "-"
34.48.147.0 - - [11/Aug/2026:00:16:52 +0200] "GET /.aws/credentials HTTP/1.1" 429 267 cronicadearagon.com "-" "Mozilla/5.0 (compatible; cohere-ai/1.0; +https://cohere.com)" "-"
34.48.147.0 - - [11/Aug/2026:00:16:52 +0200] "GET /.git/config HTTP/1.1" 429 267 cronicadearagon.com "-" "Mozilla/5.0 (compatible; cohere-ai/1.0; +https://cohere.com)" "-"
34.48.147.0 - - [11/Aug/2026:00:16:52 +0200] "GET /.env HTTP/1.1" 429 267 cronicadearagon.com "-" "Mozilla/5.0 (compatible; cohere-ai/1.0; +https://cohere.com)" "-"
34.48.147.0 - - [11/Aug/2026:00:16:52 +0200] "GET /.git-credentials HTTP/1.1" 429 267 cronicadearagon.com "-" "Mozilla/5.0 (compatible; cohere-ai/1.0; +https://cohere.com)" "-"
34.48.147.0 - - [11/Aug/2026:00:16:52 +0200] "GET /.github/workflows/deploy.yml HTTP/1.1" 429 267 cronicadearagon.com "-" "Mozilla/5.0 (compatible; cohere-ai/1.0; +https://cohere.com)" "-"
34.48.147.0 - - [11/Aug/2026:00:16:52 +0200] "GET /.gitconfig HTTP/1.1" 429 267 cronicadearagon.com "-" "Mozilla/5.0 (compatible; cohere-ai/1.0; +https://cohere.com)" "-"
34.48.147.0 - - [11/Aug/2026:00:16:52 +0200] "GET /.gitlab-ci.yml HTTP/1.1" 429 267 cronicadearagon.com "-" "Mozilla/5.0 (compatible; cohere-ai/1.0; +https://cohere.com)" "-"
34.48.147.0 - - [11/Aug/2026:00:16:52 +0200] "GET /.git/HEAD HTTP/1.1" 429 267 cronicadearagon.com "-" "Mozilla/5.0 (compatible; cohere-ai/1.0; +https://cohere.com)" "-"
34.48.147.0 - - [11/Aug/2026:00:16:53 +0200] "GET /.env.example HTTP/1.1" 429 267 cronicadearagon.com "-" "Mozilla/5.0 (compatible; cohere-ai/1.0; +https://cohere.com)" "-"
34.48.147.0 - - [11/Aug/2026:00:16:53 +0200] "GET /ngsw.json HTTP/1.1" 429 267 cronicadearagon.com "-" "Mozilla/5.0 (compatible; cohere-ai/1.0; +https://cohere.com)" "-"
34.48.147.0 - - [11/Aug/2026:00:16:53 +0200] "GET /api/graphql HTTP/1.1" 429 267 cronicadearagon.com "-" "Mozilla/5.0 (compatible; cohere-ai/1.0; +https://cohere.com)" "-"
34.48.147.0 - - [11/Aug/2026:00:16:53 +0200] "GET /v1/graphql HTTP/1.1" 429 267 cronicadearagon.com "-" "Mozilla/5.0 (compatible; cohere-ai/1.0; +https://cohere.com)" "-"
34.48.147.0 - - [11/Aug/2026:00:16:53 +0200] "GET /graphql HTTP/1.1" 429 267 cronicadearagon.com "-" "Mozilla/5.0 (compatible; cohere-ai/1.0; +https://cohere.com)" "-"
34.48.147.0 - - [11/Aug/2026:00:16:53 +0200] "GET /__/firebase/init.json HTTP/1.1" 429 267 cronicadearagon.com "-" "Mozilla/5.0 (compatible; cohere-ai/1.0; +https://cohere.com)" "-"
34.48.147.0 - - [11/Aug/2026:00:16:53 +0200] "GET /config.json HTTP/1.1" 429 267 cronicadearagon.com "-" "Mozilla/5.0 (compatible; cohere-ai/1.0; +https://cohere.com)" "-"
34.48.147.0 - - [11/Aug/2026:00:16:53 +0200] "GET /api/settings HTTP/1.1" 429 267 cronicadearagon.com "-" "Mozilla/5.0 (compatible; cohere-ai/1.0; +https://cohere.com)" "-"
34.48.147.0 - - [11/Aug/2026:00:16:53 +0200] "GET /settings.json HTTP/1.1" 429 267 cronicadearagon.com "-" "Mozilla/5.0 (compatible; cohere-ai/1.0; +https://cohere.com)" "-"
34.48.147.0 - - [11/Aug/2026:00:16:53 +0200] "GET /env.js HTTP/1.1" 429 267 cronicadearagon.com "-" "Mozilla/5.0 (compatible; cohere-ai/1.0; +https://cohere.com)" "-"
34.48.147.0 - - [11/Aug/2026:00:16:53 +0200] "GET /api/v1/settings HTTP/1.1" 429 267 cronicadearagon.com "-" "Mozilla/5.0 (compatible; cohere-ai/1.0; +https://cohere.com)" "-"
2a03:2880:f800:: - - [11/Aug/2026:00:16:54 +0200] "GET /?shop/items/A6307647403/ HTTP/1.1" 200 66633 cronicareinodearagon.com "-" "Mozilla/5.0 (X11; Linux x86_64) AppleWebKit/537.36 (KHTML, like Gecko) Chrome/145.0.0.0 Safari/537.36 (compatible; meta-externalagent/1.1 (+https://developers.facebook.com/docs/sharing/webmasters/crawler))" "-"
46.4.220.0 - - [11/Aug/2026:00:16:54 +0200] "GET /?shop/items/P52561719/ HTTP/1.1" 200 66633 cronicareinodearagon.com "-" "Mozilla/5.0 (compatible; SERankingBacklinksBot/1.0; +https://seranking.com/backlinks-crawler)" "-"
66.249.65.0 - - [11/Aug/2026:00:16:56 +0200] "GET /detail.php?shop/items/F8507790321/ HTTP/1.1" 200 204170 cronicareinodearagon.com "-" "Mozilla/5.0 (Linux; Android 6.0.1; Nexus 5X Build/MMB29P) AppleWebKit/537.36 (KHTML, like Gecko) Chrome/150.0.7871.186 Mobile Safari/537.36 (compatible; Googlebot/2.1; +http://www.google.com/bot.html)" "-"
216.73.217.0 - - [11/Aug/2026:00:16:57 +0200] "GET /shop/contents/shipping?fileloc=%2Fhomepages%2F28%2Fd827894594%2Fhtaccesslist&path=%2Fhomepages%2F28%2Fd827894594 HTTP/1.1" 200 12317 cronicareinodearagon.com "-" "Mozilla/5.0 AppleWebKit/537.36 (KHTML, like Gecko; compatible; ClaudeBot/1.0; +claudebot@anthropic.com)" "-"
46.4.220.0 - - [11/Aug/2026:00:17:01 +0200] "GET /?shop/items/Y26882800/ HTTP/1.1" 200 66633 cronicareinodearagon.com "-" "Mozilla/5.0 (compatible; SERankingBacklinksBot/1.0; +https://seranking.com/backlinks-crawler)" "-"
2a03:2880:f800:: - - [11/Aug/2026:00:17:04 +0200] "GET /?shop/items/Y26882189880/ HTTP/1.1" 200 66633 cronicareinodearagon.com "-" "Mozilla/5.0 (Macintosh; Intel Mac OS X 10_15_7) AppleWebKit/537.36 (KHTML, like Gecko) Chrome/145.0.0.0 Safari/537.36 (compatible; meta-externalagent/1.1 (+https://developers.facebook.com/docs/sharing/webmasters/crawler))" "-"
74.7.227.0 - - [11/Aug/2026:00:17:05 +0200] "GET /?fileloc=//kunden/bin/lwp-dump&path=//kunden/bin HTTP/1.1" 200 15267 cronicareinodearagon.com "https://cronicareinodearagon.com/?path=//kunden/bin" "Mozilla/5.0 AppleWebKit/537.36 (KHTML, like Gecko; compatible; GPTBot/1.4; +https://openai.com/gptbot)" "-"
46.4.220.0 - - [11/Aug/2026:00:17:07 +0200] "GET /?shop/items/P52561720/ HTTP/1.1" 200 66633 cronicareinodearagon.com "-" "Mozilla/5.0 (compatible; SERankingBacklinksBot/1.0; +https://seranking.com/backlinks-crawler)" "-"
