216.73.217.0 - - [11/Aug/2026:00:05:02 +0200] "GET /shop/mypage/mail-magazine?path=%2F%2Fkunden%2Flib%2Flocale%2Fse_NO HTTP/1.1" 200 30305 cronicareinodearagon.com "-" "Mozilla/5.0 AppleWebKit/537.36 (KHTML, like Gecko; compatible; ClaudeBot/1.0; +claudebot@anthropic.com)" "-"
46.4.220.0 - - [11/Aug/2026:00:05:07 +0200] "GET /?shop/items/P52561645/ HTTP/1.1" 200 66633 cronicareinodearagon.com "-" "Mozilla/5.0 (compatible; SERankingBacklinksBot/1.0; +https://seranking.com/backlinks-crawler)" "-"
216.73.217.0 - - [11/Aug/2026:00:05:07 +0200] "GET /shop/contents/malwil_begin?path=%2Fhomepages%2F30%2Fd881160260%2F.config HTTP/1.1" 200 12770 cronicareinodearagon.com "-" "Mozilla/5.0 AppleWebKit/537.36 (KHTML, like Gecko; compatible; ClaudeBot/1.0; +claudebot@anthropic.com)" "-"
216.73.217.0 - - [11/Aug/2026:00:05:12 +0200] "GET /shop/contents/shipping?path=%2Fhomepages%2F31%2Fd823745531 HTTP/1.1" 200 28697 cronicareinodearagon.com "-" "Mozilla/5.0 AppleWebKit/537.36 (KHTML, like Gecko; compatible; ClaudeBot/1.0; +claudebot@anthropic.com)" "-"
46.4.220.0 - - [11/Aug/2026:00:05:13 +0200] "GET /?shop/items/Y26882722/ HTTP/1.1" 200 66633 cronicareinodearagon.com "-" "Mozilla/5.0 (compatible; SERankingBacklinksBot/1.0; +https://seranking.com/backlinks-crawler)" "-"
2a03:2880:f800:: - - [11/Aug/2026:00:05:15 +0200] "GET /?shop/items/I49538241832/ HTTP/1.1" 200 66633 cronicareinodearagon.com "-" "Mozilla/5.0 (Windows NT 10.0; Win64; x64) AppleWebKit/537.36 (KHTML, like Gecko) Chrome/145.0.0.0 Safari/537.36 (compatible; meta-externalagent/1.1 (+https://developers.facebook.com/docs/sharing/webmasters/crawler))" "-"
216.73.217.0 - - [11/Aug/2026:00:05:17 +0200] "GET /shop/mypage/mail-magazine?path=%2F%2Fkunden%2Flib%2Flocale%2Fne_NP HTTP/1.1" 200 30305 cronicareinodearagon.com "-" "Mozilla/5.0 AppleWebKit/537.36 (KHTML, like Gecko; compatible; ClaudeBot/1.0; +claudebot@anthropic.com)" "-"
46.4.220.0 - - [11/Aug/2026:00:05:19 +0200] "GET /?shop/items/P52561646/ HTTP/1.1" 200 66633 cronicareinodearagon.com "-" "Mozilla/5.0 (compatible; SERankingBacklinksBot/1.0; +https://seranking.com/backlinks-crawler)" "-"
216.73.217.0 - - [11/Aug/2026:00:05:22 +0200] "GET /shop/mypage/mail-magazine?path=%2F%2Fkunden%2Flib%2Flocale%2Fak_GH HTTP/1.1" 200 30305 cronicareinodearagon.com "-" "Mozilla/5.0 AppleWebKit/537.36 (KHTML, like Gecko; compatible; ClaudeBot/1.0; +claudebot@anthropic.com)" "-"
2a03:2880:f800:: - - [11/Aug/2026:00:05:26 +0200] "GET /?shop/items/G38512277565/ HTTP/1.1" 200 66633 cronicareinodearagon.com "-" "Mozilla/5.0 (Windows NT 10.0; Win64; x64) AppleWebKit/537.36 (KHTML, like Gecko) Chrome/145.0.0.0 Safari/537.36 (compatible; meta-externalagent/1.1 (+https://developers.facebook.com/docs/sharing/webmasters/crawler))" "-"
46.4.220.0 - - [11/Aug/2026:00:05:27 +0200] "GET /?shop/items/Y26882723/ HTTP/1.1" 200 66633 cronicareinodearagon.com "-" "Mozilla/5.0 (compatible; SERankingBacklinksBot/1.0; +https://seranking.com/backlinks-crawler)" "-"
216.73.217.0 - - [11/Aug/2026:00:05:27 +0200] "GET /shop/contents/shipping?path=%2Fhomepages%2F28%2Fd823705766 HTTP/1.1" 200 28697 cronicareinodearagon.com "-" "Mozilla/5.0 AppleWebKit/537.36 (KHTML, like Gecko; compatible; ClaudeBot/1.0; +claudebot@anthropic.com)" "-"
74.7.227.0 - - [11/Aug/2026:00:05:32 +0200] "GET /?fileloc=//kunden/bin/rdoc2.7&path=//kunden/bin HTTP/1.1" 200 12795 cronicareinodearagon.com "http://cronicareinodearagon.com/?path=//kunden/bin" "Mozilla/5.0 AppleWebKit/537.36 (KHTML, like Gecko; compatible; GPTBot/1.4; +https://openai.com/gptbot)" "-"
216.73.217.0 - - [11/Aug/2026:00:05:32 +0200] "GET /shop/contents/shipping?path=%2Fhomepages%2F16%2Fd824190512 HTTP/1.1" 200 30167 cronicareinodearagon.com "-" "Mozilla/5.0 AppleWebKit/537.36 (KHTML, like Gecko; compatible; ClaudeBot/1.0; +claudebot@anthropic.com)" "-"
46.4.220.0 - - [11/Aug/2026:00:05:33 +0200] "GET /?shop/items/P52561647/ HTTP/1.1" 200 66633 cronicareinodearagon.com "-" "Mozilla/5.0 (compatible; SERankingBacklinksBot/1.0; +https://seranking.com/backlinks-crawler)" "-"
216.73.217.0 - - [11/Aug/2026:00:05:37 +0200] "GET /shop/mypage/mail-magazine?path=%2F%2Fkunden%2Flib%2Flocale%2Fmfe_MU HTTP/1.1" 200 30355 cronicareinodearagon.com "-" "Mozilla/5.0 AppleWebKit/537.36 (KHTML, like Gecko; compatible; ClaudeBot/1.0; +claudebot@anthropic.com)" "-"
2a03:2880:f800:: - - [11/Aug/2026:00:05:37 +0200] "GET /?shop/items/I8008875239/ HTTP/1.1" 200 66633 cronicareinodearagon.com "-" "Mozilla/5.0 (Windows NT 10.0; Win64; x64) AppleWebKit/537.36 (KHTML, like Gecko) Chrome/145.0.0.0 Safari/537.36 (compatible; meta-externalagent/1.1 (+https://developers.facebook.com/docs/sharing/webmasters/crawler))" "-"
46.4.220.0 - - [11/Aug/2026:00:05:39 +0200] "GET /?shop/items/Y26882724/ HTTP/1.1" 200 66633 cronicareinodearagon.com "-" "Mozilla/5.0 (compatible; SERankingBacklinksBot/1.0; +https://seranking.com/backlinks-crawler)" "-"
216.73.217.0 - - [11/Aug/2026:00:05:42 +0200] "GET /shop/contents/shipping?path=%2Fhomepages%2F8%2Fd824846483%2F.config HTTP/1.1" 200 12766 cronicareinodearagon.com "-" "Mozilla/5.0 AppleWebKit/537.36 (KHTML, like Gecko; compatible; ClaudeBot/1.0; +claudebot@anthropic.com)" "-"
46.4.220.0 - - [11/Aug/2026:00:05:45 +0200] "GET /?shop/items/P52561648/ HTTP/1.1" 200 66633 cronicareinodearagon.com "-" "Mozilla/5.0 (compatible; SERankingBacklinksBot/1.0; +https://seranking.com/backlinks-crawler)" "-"
216.73.217.0 - - [11/Aug/2026:00:05:48 +0200] "GET /shop/contents/shipping?path=%2Fhomepages%2F26%2Fd825319885 HTTP/1.1" 200 28697 cronicareinodearagon.com "-" "Mozilla/5.0 AppleWebKit/537.36 (KHTML, like Gecko; compatible; ClaudeBot/1.0; +claudebot@anthropic.com)" "-"
2a03:2880:f800:: - - [11/Aug/2026:00:05:48 +0200] "GET /?shop/items/Q86258231966/ HTTP/1.1" 200 66633 cronicareinodearagon.com "-" "Mozilla/5.0 (Windows NT 10.0; Win64; x64) AppleWebKit/537.36 (KHTML, like Gecko) Chrome/145.0.0.0 Safari/537.36 (compatible; meta-externalagent/1.1 (+https://developers.facebook.com/docs/sharing/webmasters/crawler))" "-"
216.73.217.0 - - [11/Aug/2026:00:05:53 +0200] "GET /shop/contents/malwil_begin?fileloc=%2Fhomepages%2F20%2Fd917057205%2Fhtdocs%2Fclickandbuilds%2FCronicaReinodeAragon%2Fwp-includes%2Fcss%2Fadmin-bar.css&path=%2Fhomepages%2F20%2Fd917057205%2Fhtdocs%2Fclickandbuilds%2FCronicaReinodeAragon%2Fwp-includes%2Fcss HTTP/1.1" 200 38527 cronicareinodearagon.com "-" "Mozilla/5.0 AppleWebKit/537.36 (KHTML, like Gecko; compatible; ClaudeBot/1.0; +claudebot@anthropic.com)" "-"
46.4.220.0 - - [11/Aug/2026:00:05:53 +0200] "GET /?shop/items/Y26882726/ HTTP/1.1" 200 66633 cronicareinodearagon.com "-" "Mozilla/5.0 (compatible; SERankingBacklinksBot/1.0; +https://seranking.com/backlinks-crawler)" "-"
2a03:2880:f800:: - - [11/Aug/2026:00:05:57 +0200] "GET /?shop/items/I8008861320/ HTTP/1.1" 200 66633 cronicareinodearagon.com "-" "Mozilla/5.0 (Macintosh; Intel Mac OS X 10_15_7) AppleWebKit/537.36 (KHTML, like Gecko) Chrome/145.0.0.0 Safari/537.36 (compatible; meta-externalagent/1.1 (+https://developers.facebook.com/docs/sharing/webmasters/crawler))" "-"
216.73.217.0 - - [11/Aug/2026:00:05:58 +0200] "GET /shop/mypage/mail-magazine?path=%2F%2Fkunden%2Flib%2Flocale%2Fdv_MV HTTP/1.1" 200 30305 cronicareinodearagon.com "-" "Mozilla/5.0 AppleWebKit/537.36 (KHTML, like Gecko; compatible; ClaudeBot/1.0; +claudebot@anthropic.com)" "-"
46.4.220.0 - - [11/Aug/2026:00:05:59 +0200] "GET /?shop/items/P52561649/ HTTP/1.1" 200 66633 cronicareinodearagon.com "-" "Mozilla/5.0 (compatible; SERankingBacklinksBot/1.0; +https://seranking.com/backlinks-crawler)" "-"
216.73.217.0 - - [11/Aug/2026:00:06:03 +0200] "GET /shop/mypage/mail-magazine?path=%2F%2Fkunden%2Flib%2Flocale%2Fbhb_IN.utf8 HTTP/1.1" 429 267 cronicareinodearagon.com "-" "Mozilla/5.0 AppleWebKit/537.36 (KHTML, like Gecko; compatible; ClaudeBot/1.0; +claudebot@anthropic.com)" "-"
114.119.142.0 - - [11/Aug/2026:00:06:05 +0200] "GET /?shop/items/S4710485127/ HTTP/1.1" 200 66633 cronicareinodearagon.com "http://cronicareinodearagon.com/sitemap830.xml" "Mozilla/5.0 (Linux; Android 7.0;) AppleWebKit/537.36 (HTML, like Gecko) Mobile Safari/537.36 (compatible; PetalBot;+https://webmaster.petalsearch.com/site/petalbot)" "-"
2a03:2880:f800:: - - [11/Aug/2026:00:06:05 +0200] "GET /?shop/items/W9175097289/ HTTP/1.1" 200 66633 cronicareinodearagon.com "-" "Mozilla/5.0 (Windows NT 10.0; Win64; x64) AppleWebKit/537.36 (KHTML, like Gecko) Chrome/145.0.0.0 Safari/537.36 (compatible; meta-externalagent/1.1 (+https://developers.facebook.com/docs/sharing/webmasters/crawler))" "-"
46.4.220.0 - - [11/Aug/2026:00:06:07 +0200] "GET /?shop/items/Y26882728/ HTTP/1.1" 200 66633 cronicareinodearagon.com "-" "Mozilla/5.0 (compatible; SERankingBacklinksBot/1.0; +https://seranking.com/backlinks-crawler)" "-"
216.73.217.0 - - [11/Aug/2026:00:06:08 +0200] "GET /shop/mypage/mail-magazine?path=%2F%2Fkunden%2Flib%2Flocale%2Fhsb_DE.utf8 HTTP/1.1" 429 267 cronicareinodearagon.com "-" "Mozilla/5.0 AppleWebKit/537.36 (KHTML, like Gecko; compatible; ClaudeBot/1.0; +claudebot@anthropic.com)" "-"
216.73.217.0 - - [11/Aug/2026:00:06:13 +0200] "GET /shop/mypage/mail-magazine?path=%2F%2Fkunden%2Flib%2Flocale%2Ffo_FO HTTP/1.1" 429 267 cronicareinodearagon.com "-" "Mozilla/5.0 AppleWebKit/537.36 (KHTML, like Gecko; compatible; ClaudeBot/1.0; +claudebot@anthropic.com)" "-"
2a03:2880:f800:: - - [11/Aug/2026:00:06:13 +0200] "GET /?shop/items/A63076106825/ HTTP/1.1" 200 66633 cronicareinodearagon.com "-" "Mozilla/5.0 (Macintosh; Intel Mac OS X 10_15_7) AppleWebKit/537.36 (KHTML, like Gecko) Chrome/145.0.0.0 Safari/537.36 (compatible; meta-externalagent/1.1 (+https://developers.facebook.com/docs/sharing/webmasters/crawler))" "-"
46.4.220.0 - - [11/Aug/2026:00:06:15 +0200] "GET /?shop/items/P52561652/ HTTP/1.1" 200 66633 cronicareinodearagon.com "-" "Mozilla/5.0 (compatible; SERankingBacklinksBot/1.0; +https://seranking.com/backlinks-crawler)" "-"
216.73.217.0 - - [11/Aug/2026:00:06:18 +0200] "GET /shop/contents/shipping?path=%2Fhomepages%2F1%2Fd821981356 HTTP/1.1" 429 267 cronicareinodearagon.com "-" "Mozilla/5.0 AppleWebKit/537.36 (KHTML, like Gecko; compatible; ClaudeBot/1.0; +claudebot@anthropic.com)" "-"
2a03:2880:f800:: - - [11/Aug/2026:00:06:20 +0200] "GET /?shop/items/I49538220610/ HTTP/1.1" 200 66633 cronicareinodearagon.com "-" "Mozilla/5.0 (Windows NT 10.0; Win64; x64) AppleWebKit/537.36 (KHTML, like Gecko) Chrome/145.0.0.0 Safari/537.36 (compatible; meta-externalagent/1.1 (+https://developers.facebook.com/docs/sharing/webmasters/crawler))" "-"
46.4.220.0 - - [11/Aug/2026:00:06:22 +0200] "GET /?shop/items/Y26882729/ HTTP/1.1" 200 66633 cronicareinodearagon.com "-" "Mozilla/5.0 (compatible; SERankingBacklinksBot/1.0; +https://seranking.com/backlinks-crawler)" "-"
216.73.217.0 - - [11/Aug/2026:00:06:23 +0200] "GET /shop/contents/shipping?path=%2Fhomepages%2F31%2Fd824725105 HTTP/1.1" 429 267 cronicareinodearagon.com "-" "Mozilla/5.0 AppleWebKit/537.36 (KHTML, like Gecko; compatible; ClaudeBot/1.0; +claudebot@anthropic.com)" "-"
2a03:2880:f800:: - - [11/Aug/2026:00:06:27 +0200] "GET /?shop/items/I49538162154/ HTTP/1.1" 200 66633 cronicareinodearagon.com "-" "Mozilla/5.0 (Macintosh; Intel Mac OS X 10_15_7) AppleWebKit/537.36 (KHTML, like Gecko) Chrome/145.0.0.0 Safari/537.36 (compatible; meta-externalagent/1.1 (+https://developers.facebook.com/docs/sharing/webmasters/crawler))" "-"
216.73.217.0 - - [11/Aug/2026:00:06:28 +0200] "GET /shop/contents/shipping?path=%2Fhomepages%2F38%2Fd821096477%2F.config HTTP/1.1" 429 267 cronicareinodearagon.com "-" "Mozilla/5.0 AppleWebKit/537.36 (KHTML, like Gecko; compatible; ClaudeBot/1.0; +claudebot@anthropic.com)" "-"
46.4.220.0 - - [11/Aug/2026:00:06:28 +0200] "GET /?shop/items/P52561653/ HTTP/1.1" 200 66633 cronicareinodearagon.com "-" "Mozilla/5.0 (compatible; SERankingBacklinksBot/1.0; +https://seranking.com/backlinks-crawler)" "-"
74.7.227.0 - - [11/Aug/2026:00:06:30 +0200] "GET /?fileloc=//kunden/bin/pear8.0&path=//kunden/bin HTTP/1.1" 429 267 cronicareinodearagon.com "https://cronicareinodearagon.com/?path=//kunden/bin" "Mozilla/5.0 AppleWebKit/537.36 (KHTML, like Gecko; compatible; GPTBot/1.4; +https://openai.com/gptbot)" "-"
95.108.213.0 - - [11/Aug/2026:00:06:32 +0200] "GET /robots.txt HTTP/1.1" 429 267 cronicareinodearagon.com "-" "Mozilla/5.0 (compatible; YandexBot/3.0; +http://yandex.com/bots)" "-"
213.180.203.0 - - [11/Aug/2026:00:06:33 +0200] "GET /robots.txt HTTP/1.1" 429 267 cronicareinodearagon.com "-" "Mozilla/5.0 (compatible; YandexBot/3.0; +http://yandex.com/bots)" "-"
216.73.217.0 - - [11/Aug/2026:00:06:33 +0200] "GET /shop/mypage/mail-magazine?path=%2F%2Fkunden%2Flib%2Flocale%2Fhak_TW HTTP/1.1" 429 267 cronicareinodearagon.com "-" "Mozilla/5.0 AppleWebKit/537.36 (KHTML, like Gecko; compatible; ClaudeBot/1.0; +claudebot@anthropic.com)" "-"
2a03:2880:f800:: - - [11/Aug/2026:00:06:33 +0200] "GET /?shop/items/P5256112212/ HTTP/1.1" 200 66633 cronicareinodearagon.com "-" "Mozilla/5.0 (Windows NT 10.0; Win64; x64) AppleWebKit/537.36 (KHTML, like Gecko) Chrome/145.0.0.0 Safari/537.36 (compatible; meta-externalagent/1.1 (+https://developers.facebook.com/docs/sharing/webmasters/crawler))" "-"
46.4.220.0 - - [11/Aug/2026:00:06:35 +0200] "GET /?shop/items/Y26882731/ HTTP/1.1" 200 66633 cronicareinodearagon.com "-" "Mozilla/5.0 (compatible; SERankingBacklinksBot/1.0; +https://seranking.com/backlinks-crawler)" "-"
216.73.217.0 - - [11/Aug/2026:00:06:38 +0200] "GET /shop/mypage/mail-magazine?path=%2Fhomepages%2F20%2Fd917057205%2Fhtdocs%2Fclickandbuilds%2FCronicaReinodeAragon%2Fwp-includes%2Fjs%2Fdist HTTP/1.1" 429 267 cronicareinodearagon.com "-" "Mozilla/5.0 AppleWebKit/537.36 (KHTML, like Gecko; compatible; ClaudeBot/1.0; +claudebot@anthropic.com)" "-"
2a03:2880:f800:: - - [11/Aug/2026:00:06:39 +0200] "GET /?shop/items/I80088273912/ HTTP/1.1" 200 66633 cronicareinodearagon.com "-" "Mozilla/5.0 (Macintosh; Intel Mac OS X 10_15_7) AppleWebKit/537.36 (KHTML, like Gecko) Chrome/145.0.0.0 Safari/537.36 (compatible; meta-externalagent/1.1 (+https://developers.facebook.com/docs/sharing/webmasters/crawler))" "-"
46.4.220.0 - - [11/Aug/2026:00:06:41 +0200] "GET /?shop/items/P52561654/ HTTP/1.1" 200 66633 cronicareinodearagon.com "-" "Mozilla/5.0 (compatible; SERankingBacklinksBot/1.0; +https://seranking.com/backlinks-crawler)" "-"
216.73.217.0 - - [11/Aug/2026:00:06:43 +0200] "GET /shop/mypage/mail-magazine?path=%2F%2Fkunden%2Flib%2Flocale%2Fyo_NG HTTP/1.1" 429 267 cronicareinodearagon.com "-" "Mozilla/5.0 AppleWebKit/537.36 (KHTML, like Gecko; compatible; ClaudeBot/1.0; +claudebot@anthropic.com)" "-"
2a03:2880:f800:: - - [11/Aug/2026:00:06:44 +0200] "GET /?shop/items/W91750213745/ HTTP/1.1" 200 66633 cronicareinodearagon.com "-" "Mozilla/5.0 (Windows NT 10.0; Win64; x64) AppleWebKit/537.36 (KHTML, like Gecko) Chrome/145.0.0.0 Safari/537.36 (compatible; meta-externalagent/1.1 (+https://developers.facebook.com/docs/sharing/webmasters/crawler))" "-"
46.4.220.0 - - [11/Aug/2026:00:06:48 +0200] "GET /?shop/items/Y26882732/ HTTP/1.1" 200 66633 cronicareinodearagon.com "-" "Mozilla/5.0 (compatible; SERankingBacklinksBot/1.0; +https://seranking.com/backlinks-crawler)" "-"
216.73.217.0 - - [11/Aug/2026:00:06:48 +0200] "GET /shop/mypage/mail-magazine?path=%2F%2Fkunden%2Flib%2Flocale%2Fhy_AM.armscii8 HTTP/1.1" 429 267 cronicareinodearagon.com "-" "Mozilla/5.0 AppleWebKit/537.36 (KHTML, like Gecko; compatible; ClaudeBot/1.0; +claudebot@anthropic.com)" "-"
37.59.204.0 - - [11/Aug/2026:00:06:49 +0200] "GET /aragon/la-lluvia-provoca-crecidas-desalojos-y-cortes-de-carreteras-en-aragon/feed/ HTTP/1.1" 200 66705 cronicareinodearagon.com "-" "Mozilla/5.0 (compatible; AhrefsBot/7.0; +http://ahrefs.com/robot/)" "-"
2a03:2880:f800:: - - [11/Aug/2026:00:06:49 +0200] "GET /?shop/items/W9175048465/ HTTP/1.1" 200 66633 cronicareinodearagon.com "-" "Mozilla/5.0 (Macintosh; Intel Mac OS X 10_15_7) AppleWebKit/537.36 (KHTML, like Gecko) Chrome/145.0.0.0 Safari/537.36 (compatible; meta-externalagent/1.1 (+https://developers.facebook.com/docs/sharing/webmasters/crawler))" "-"
216.73.217.0 - - [11/Aug/2026:00:06:53 +0200] "GET /shop/mypage/mail-magazine?fileloc=%2Fhomepages%2F20%2Fd917057205%2Fhtdocs%2Fclickandbuilds%2FCronicaReinodeAragon%2Fwp-includes%2Fjs%2Fswfobject.js&path=%2Fhomepages%2F20%2Fd917057205%2Fhtdocs%2Fclickandbuilds%2FCronicaReinodeAragon%2Fwp-includes%2Fjs HTTP/1.1" 429 267 cronicareinodearagon.com "-" "Mozilla/5.0 AppleWebKit/537.36 (KHTML, like Gecko; compatible; ClaudeBot/1.0; +claudebot@anthropic.com)" "-"
2a03:2880:f800:: - - [11/Aug/2026:00:06:54 +0200] "GET /uncategorized/ensuring-fair-play-and-transparency-in-online-slot-gaming-an-industry-perspective-3/ HTTP/1.1" 200 66705 cronicareinodearagon.com "-" "Mozilla/5.0 (X11; Linux x86_64) AppleWebKit/537.36 (KHTML, like Gecko) Chrome/145.0.0.0 Safari/537.36 (compatible; meta-externalagent/1.1 (+https://developers.facebook.com/docs/sharing/webmasters/crawler))" "-"
46.4.220.0 - - [11/Aug/2026:00:06:54 +0200] "GET /?shop/items/P52561656/ HTTP/1.1" 200 66633 cronicareinodearagon.com "-" "Mozilla/5.0 (compatible; SERankingBacklinksBot/1.0; +https://seranking.com/backlinks-crawler)" "-"
216.73.217.0 - - [11/Aug/2026:00:06:58 +0200] "GET /shop/mypage/mail-magazine?path=%2F%2Fkunden%2Flib%2Flocale%2Fyue_HK HTTP/1.1" 429 267 cronicareinodearagon.com "-" "Mozilla/5.0 AppleWebKit/537.36 (KHTML, like Gecko; compatible; ClaudeBot/1.0; +claudebot@anthropic.com)" "-"
2a03:2880:f800:: - - [11/Aug/2026:00:06:59 +0200] "GET /?shop/items/A630768654/ HTTP/1.1" 200 66633 cronicareinodearagon.com "-" "Mozilla/5.0 (Macintosh; Intel Mac OS X 10_15_7) AppleWebKit/537.36 (KHTML, like Gecko) Chrome/145.0.0.0 Safari/537.36 (compatible; meta-externalagent/1.1 (+https://developers.facebook.com/docs/sharing/webmasters/crawler))" "-"
46.4.220.0 - - [11/Aug/2026:00:07:01 +0200] "GET /?shop/items/Y26882733/ HTTP/1.1" 200 66633 cronicareinodearagon.com "-" "Mozilla/5.0 (compatible; SERankingBacklinksBot/1.0; +https://seranking.com/backlinks-crawler)" "-"
216.73.217.0 - - [11/Aug/2026:00:07:03 +0200] "GET /shop/mypage/mail-magazine?path=%2F%2Fkunden%2Flib%2Flocale%2Fde_BE%40euro HTTP/1.1" 200 30553 cronicareinodearagon.com "-" "Mozilla/5.0 AppleWebKit/537.36 (KHTML, like Gecko; compatible; ClaudeBot/1.0; +claudebot@anthropic.com)" "-"
2a03:2880:f800:: - - [11/Aug/2026:00:07:04 +0200] "GET /?shop/items/I4953862207/ HTTP/1.1" 200 66633 cronicareinodearagon.com "-" "Mozilla/5.0 (Windows NT 10.0; Win64; x64) AppleWebKit/537.36 (KHTML, like Gecko) Chrome/145.0.0.0 Safari/537.36 (compatible; meta-externalagent/1.1 (+https://developers.facebook.com/docs/sharing/webmasters/crawler))" "-"
46.4.220.0 - - [11/Aug/2026:00:07:07 +0200] "GET /?shop/items/P52561657/ HTTP/1.1" 200 66633 cronicareinodearagon.com "-" "Mozilla/5.0 (compatible; SERankingBacklinksBot/1.0; +https://seranking.com/backlinks-crawler)" "-"
216.73.217.0 - - [11/Aug/2026:00:07:08 +0200] "GET /shop/mypage/mail-magazine?fileloc=%2Fhomepages%2F20%2Fd917057205%2Fhtdocs%2Fclickandbuilds%2FCronicaReinodeAragon%2Fwp-includes%2Fjs%2Fwp-util.min.js&path=%2Fhomepages%2F20%2Fd917057205%2Fhtdocs%2Fclickandbuilds%2FCronicaReinodeAragon%2Fwp-includes%2Fjs HTTP/1.1" 200 14466 cronicareinodearagon.com "-" "Mozilla/5.0 AppleWebKit/537.36 (KHTML, like Gecko; compatible; ClaudeBot/1.0; +claudebot@anthropic.com)" "-"
2a03:2880:f800:: - - [11/Aug/2026:00:07:08 +0200] "GET /?shop/items/I80088191302/ HTTP/1.1" 200 66633 cronicareinodearagon.com "-" "Mozilla/5.0 (Windows NT 10.0; Win64; x64) AppleWebKit/537.36 (KHTML, like Gecko) Chrome/145.0.0.0 Safari/537.36 (compatible; meta-externalagent/1.1 (+https://developers.facebook.com/docs/sharing/webmasters/crawler))" "-"
2a03:2880:f800:: - - [11/Aug/2026:00:07:11 +0200] "GET /?shop/items/S4047429197/ HTTP/1.1" 429 267 cronicareinodearagon.com "-" "Mozilla/5.0 (Macintosh; Intel Mac OS X 10_15_7) AppleWebKit/537.36 (KHTML, like Gecko) Chrome/145.0.0.0 Safari/537.36 (compatible; meta-externalagent/1.1 (+https://developers.facebook.com/docs/sharing/webmasters/crawler))" "-"
216.73.217.0 - - [11/Aug/2026:00:07:13 +0200] "GET /shop/mypage/mail-magazine?path=%2F%2Fkunden%2Flib%2Flocale%2Ffr_FR%40euro HTTP/1.1" 200 30553 cronicareinodearagon.com "-" "Mozilla/5.0 AppleWebKit/537.36 (KHTML, like Gecko; compatible; ClaudeBot/1.0; +claudebot@anthropic.com)" "-"
46.4.220.0 - - [11/Aug/2026:00:07:14 +0200] "GET /?shop/items/Y26882734/ HTTP/1.1" 200 66633 cronicareinodearagon.com "-" "Mozilla/5.0 (compatible; SERankingBacklinksBot/1.0; +https://seranking.com/backlinks-crawler)" "-"
2a03:2880:f800:: - - [11/Aug/2026:00:07:17 +0200] "GET /?shop/items/Y2688213357/ HTTP/1.1" 429 267 cronicareinodearagon.com "-" "Mozilla/5.0 (Windows NT 10.0; Win64; x64) AppleWebKit/537.36 (KHTML, like Gecko) Chrome/145.0.0.0 Safari/537.36 (compatible; meta-externalagent/1.1 (+https://developers.facebook.com/docs/sharing/webmasters/crawler))" "-"
2a03:2880:f800:: - - [11/Aug/2026:00:07:17 +0200] "GET /?shop/items/A63076246372/ HTTP/1.1" 429 267 cronicareinodearagon.com "-" "Mozilla/5.0 (Windows NT 10.0; Win64; x64) AppleWebKit/537.36 (KHTML, like Gecko) Chrome/145.0.0.0 Safari/537.36 (compatible; meta-externalagent/1.1 (+https://developers.facebook.com/docs/sharing/webmasters/crawler))" "-"
216.73.217.0 - - [11/Aug/2026:00:07:18 +0200] "GET /shop/mypage/mail-magazine?path=%2F%2Fkunden%2Flib%2Flocale%2Fes_ES%40euro HTTP/1.1" 200 30553 cronicareinodearagon.com "-" "Mozilla/5.0 AppleWebKit/537.36 (KHTML, like Gecko; compatible; ClaudeBot/1.0; +claudebot@anthropic.com)" "-"
74.7.227.0 - - [11/Aug/2026:00:07:19 +0200] "GET /?fileloc=//kunden/bin/racc2.7&path=//kunden/bin HTTP/1.1" 200 12878 cronicareinodearagon.com "http://cronicareinodearagon.com/?path=//kunden/bin" "Mozilla/5.0 AppleWebKit/537.36 (KHTML, like Gecko; compatible; GPTBot/1.4; +https://openai.com/gptbot)" "-"
46.4.220.0 - - [11/Aug/2026:00:07:20 +0200] "GET /?shop/items/P52561658/ HTTP/1.1" 200 66633 cronicareinodearagon.com "-" "Mozilla/5.0 (compatible; SERankingBacklinksBot/1.0; +https://seranking.com/backlinks-crawler)" "-"
2a03:2880:f800:: - - [11/Aug/2026:00:07:21 +0200] "GET /?shop/items/I80088160699/ HTTP/1.1" 429 267 cronicareinodearagon.com "-" "Mozilla/5.0 (Windows NT 10.0; Win64; x64) AppleWebKit/537.36 (KHTML, like Gecko) Chrome/145.0.0.0 Safari/537.36 (compatible; meta-externalagent/1.1 (+https://developers.facebook.com/docs/sharing/webmasters/crawler))" "-"
2a03:2880:f800:: - - [11/Aug/2026:00:07:22 +0200] "GET /?shop/items/G3851248831/ HTTP/1.1" 429 267 cronicareinodearagon.com "-" "Mozilla/5.0 (Macintosh; Intel Mac OS X 10_15_7) AppleWebKit/537.36 (KHTML, like Gecko) Chrome/145.0.0.0 Safari/537.36 (compatible; meta-externalagent/1.1 (+https://developers.facebook.com/docs/sharing/webmasters/crawler))" "-"
216.73.217.0 - - [11/Aug/2026:00:07:23 +0200] "GET /shop/mypage/mail-magazine?fileloc=%2Fhomepages%2F20%2Fd917057205%2Fhtdocs%2Fclickandbuilds%2FCronicaReinodeAragon%2Fwp-includes%2Fjs%2Fwp-lists.js&path=%2Fhomepages%2F20%2Fd917057205%2Fhtdocs%2Fclickandbuilds%2FCronicaReinodeAragon%2Fwp-includes%2Fjs HTTP/1.1" 200 38330 cronicareinodearagon.com "-" "Mozilla/5.0 AppleWebKit/537.36 (KHTML, like Gecko; compatible; ClaudeBot/1.0; +claudebot@anthropic.com)" "-"
138.91.30.0 - - [11/Aug/2026:00:07:23 +0200] "GET /?shop/items/W91750154842/= HTTP/1.1" 200 66633 cronicareinodearagon.com "-" "Mozilla/5.0 AppleWebKit/537.36 (KHTML, like Gecko); compatible; ChatGPT-User/1.0; +https://openai.com/bot" "-"
114.119.133.0 - - [11/Aug/2026:00:07:25 +0200] "GET /?shop/items/S4710485096/ HTTP/1.1" 200 66633 cronicareinodearagon.com "http://cronicareinodearagon.com/sitemap830.xml" "Mozilla/5.0 (Linux; Android 7.0;) AppleWebKit/537.36 (HTML, like Gecko) Mobile Safari/537.36 (compatible; PetalBot;+https://webmaster.petalsearch.com/site/petalbot)" "-"
46.4.220.0 - - [11/Aug/2026:00:07:26 +0200] "GET /?shop/items/Y26882737/ HTTP/1.1" 200 66633 cronicareinodearagon.com "-" "Mozilla/5.0 (compatible; SERankingBacklinksBot/1.0; +https://seranking.com/backlinks-crawler)" "-"
2a03:2880:f800:: - - [11/Aug/2026:00:07:27 +0200] "GET /?shop/items/S47104177578/ HTTP/1.1" 429 267 cronicareinodearagon.com "-" "Mozilla/5.0 (Windows NT 10.0; Win64; x64) AppleWebKit/537.36 (KHTML, like Gecko) Chrome/145.0.0.0 Safari/537.36 (compatible; meta-externalagent/1.1 (+https://developers.facebook.com/docs/sharing/webmasters/crawler))" "-"
216.73.217.0 - - [11/Aug/2026:00:07:28 +0200] "GET /shop/mypage/mail-magazine?fileloc=%2Fhomepages%2F20%2Fd917057205%2Fhtdocs%2Fclickandbuilds%2FCronicaReinodeAragon%2Fwp-includes%2Fjs%2Fbackbone.js&path=%2Fhomepages%2F20%2Fd917057205%2Fhtdocs%2Fclickandbuilds%2FCronicaReinodeAragon%2Fwp-includes%2Fjs HTTP/1.1" 200 94053 cronicareinodearagon.com "-" "Mozilla/5.0 AppleWebKit/537.36 (KHTML, like Gecko; compatible; ClaudeBot/1.0; +claudebot@anthropic.com)" "-"
2a03:2880:f800:: - - [11/Aug/2026:00:07:29 +0200] "GET /?shop/items/I80088213300/ HTTP/1.1" 429 267 cronicareinodearagon.com "-" "Mozilla/5.0 (Windows NT 10.0; Win64; x64) AppleWebKit/537.36 (KHTML, like Gecko) Chrome/145.0.0.0 Safari/537.36 (compatible; meta-externalagent/1.1 (+https://developers.facebook.com/docs/sharing/webmasters/crawler))" "-"
74.7.243.0 - - [11/Aug/2026:00:07:30 +0200] "GET /?shop%2Fitems%2FW91750154842%2F HTTP/1.1" 200 66633 cronicareinodearagon.com "-" "Mozilla/5.0 (Macintosh; Intel Mac OS X 10_15_7) AppleWebKit/537.36 (KHTML, like Gecko) Chrome/131.0.0.0 Safari/537.36; compatible; OAI-SearchBot/1.4; +https://openai.com/searchbot" "-"
46.4.220.0 - - [11/Aug/2026:00:07:32 +0200] "GET /?shop/items/P52561659/ HTTP/1.1" 200 66633 cronicareinodearagon.com "-" "Mozilla/5.0 (compatible; SERankingBacklinksBot/1.0; +https://seranking.com/backlinks-crawler)" "-"
216.73.217.0 - - [11/Aug/2026:00:07:33 +0200] "GET /shop/mypage/mail-magazine?path=%2F%2Fkunden%2Flib%2Flocale%2Ffr_LU%40euro HTTP/1.1" 200 30553 cronicareinodearagon.com "-" "Mozilla/5.0 AppleWebKit/537.36 (KHTML, like Gecko; compatible; ClaudeBot/1.0; +claudebot@anthropic.com)" "-"
2a03:2880:f800:: - - [11/Aug/2026:00:07:36 +0200] "GET /?shop/items/Y26882237164/ HTTP/1.1" 429 267 cronicareinodearagon.com "-" "Mozilla/5.0 (Macintosh; Intel Mac OS X 10_15_7) AppleWebKit/537.36 (KHTML, like Gecko) Chrome/145.0.0.0 Safari/537.36 (compatible; meta-externalagent/1.1 (+https://developers.facebook.com/docs/sharing/webmasters/crawler))" "-"
2a03:2880:f800:: - - [11/Aug/2026:00:07:38 +0200] "GET /?shop/items/I4953834291/ HTTP/1.1" 429 267 cronicareinodearagon.com "-" "Mozilla/5.0 (Windows NT 10.0; Win64; x64) AppleWebKit/537.36 (KHTML, like Gecko) Chrome/145.0.0.0 Safari/537.36 (compatible; meta-externalagent/1.1 (+https://developers.facebook.com/docs/sharing/webmasters/crawler))" "-"
216.73.217.0 - - [11/Aug/2026:00:07:38 +0200] "GET /shop/mypage/mail-magazine?fileloc=%2Fhomepages%2F20%2Fd917057205%2Fhtdocs%2Fclickandbuilds%2FCronicaReinodeAragon%2Fwp-includes%2Fjs%2Fwp-embed.min.js&path=%2Fhomepages%2F20%2Fd917057205%2Fhtdocs%2Fclickandbuilds%2FCronicaReinodeAragon%2Fwp-includes%2Fjs HTTP/1.1" 200 14382 cronicareinodearagon.com "-" "Mozilla/5.0 AppleWebKit/537.36 (KHTML, like Gecko; compatible; ClaudeBot/1.0; +claudebot@anthropic.com)" "-"
46.4.220.0 - - [11/Aug/2026:00:07:38 +0200] "GET /?shop/items/Y26882738/ HTTP/1.1" 200 66633 cronicareinodearagon.com "-" "Mozilla/5.0 (compatible; SERankingBacklinksBot/1.0; +https://seranking.com/backlinks-crawler)" "-"
43.135.142.0 - - [11/Aug/2026:00:07:42 +0200] "GET / HTTP/1.1" 200 336 www.cronicadecordoba.com "-" "Mozilla/5.0 (iPhone; CPU iPhone OS 13_2_3 like Mac OS X) AppleWebKit/605.1.15 (KHTML, like Gecko) Version/13.0.3 Mobile/15E148 Safari/604.1" "-"
216.73.217.0 - - [11/Aug/2026:00:07:43 +0200] "GET /shop/mypage/mail-magazine?path=%2F%2Fkunden%2Flib%2Flocale%2Fen_GB HTTP/1.1" 200 30306 cronicareinodearagon.com "-" "Mozilla/5.0 AppleWebKit/537.36 (KHTML, like Gecko; compatible; ClaudeBot/1.0; +claudebot@anthropic.com)" "-"
46.4.220.0 - - [11/Aug/2026:00:07:45 +0200] "GET /?shop/items/P52561661/ HTTP/1.1" 200 66633 cronicareinodearagon.com "-" "Mozilla/5.0 (compatible; SERankingBacklinksBot/1.0; +https://seranking.com/backlinks-crawler)" "-"
2a03:2880:f800:: - - [11/Aug/2026:00:07:46 +0200] "GET /?shop/items/Q86258204095/ HTTP/1.1" 429 267 cronicareinodearagon.com "-" "Mozilla/5.0 (Windows NT 10.0; Win64; x64) AppleWebKit/537.36 (KHTML, like Gecko) Chrome/145.0.0.0 Safari/537.36 (compatible; meta-externalagent/1.1 (+https://developers.facebook.com/docs/sharing/webmasters/crawler))" "-"
2a03:2880:f800:: - - [11/Aug/2026:00:07:48 +0200] "GET /?shop/items/G38512254522/ HTTP/1.1" 429 267 cronicareinodearagon.com "-" "Mozilla/5.0 (Windows NT 10.0; Win64; x64) AppleWebKit/537.36 (KHTML, like Gecko) Chrome/145.0.0.0 Safari/537.36 (compatible; meta-externalagent/1.1 (+https://developers.facebook.com/docs/sharing/webmasters/crawler))" "-"
216.73.217.0 - - [11/Aug/2026:00:07:48 +0200] "GET /shop/mypage/mail-magazine?fileloc=%2Fhomepages%2F20%2Fd917057205%2Fhtdocs%2Fclickandbuilds%2FCronicaReinodeAragon%2Fwp-includes%2Fjs%2Fjson2.js&path=%2Fhomepages%2F20%2Fd917057205%2Fhtdocs%2Fclickandbuilds%2FCronicaReinodeAragon%2Fwp-includes%2Fjs HTTP/1.1" 200 12870 cronicareinodearagon.com "-" "Mozilla/5.0 AppleWebKit/537.36 (KHTML, like Gecko; compatible; ClaudeBot/1.0; +claudebot@anthropic.com)" "-"
46.4.220.0 - - [11/Aug/2026:00:07:51 +0200] "GET /?shop/items/Y26882741/ HTTP/1.1" 200 66633 cronicareinodearagon.com "-" "Mozilla/5.0 (compatible; SERankingBacklinksBot/1.0; +https://seranking.com/backlinks-crawler)" "-"
216.73.217.0 - - [11/Aug/2026:00:07:53 +0200] "GET /shop/mypage/mail-magazine?path=%2F%2Fkunden%2Fkunden%2Fkunden HTTP/1.1" 200 46230 cronicareinodearagon.com "-" "Mozilla/5.0 AppleWebKit/537.36 (KHTML, like Gecko; compatible; ClaudeBot/1.0; +claudebot@anthropic.com)" "-"
138.197.165.0 - - [11/Aug/2026:00:07:57 +0200] "GET / HTTP/1.1" 200 336 cronicadealmeria.com "-" "Mozilla/5.0 (X11; Linux x86_64; rv:142.0) Gecko/20100101 Firefox/142.0" "-"
2a03:2880:f800:: - - [11/Aug/2026:00:07:57 +0200] "GET /?shop/items/I49538236487/ HTTP/1.1" 429 267 cronicareinodearagon.com "-" "Mozilla/5.0 (Windows NT 10.0; Win64; x64) AppleWebKit/537.36 (KHTML, like Gecko) Chrome/145.0.0.0 Safari/537.36 (compatible; meta-externalagent/1.1 (+https://developers.facebook.com/docs/sharing/webmasters/crawler))" "-"
138.197.165.0 - - [11/Aug/2026:00:07:58 +0200] "GET /favicon.ico HTTP/1.1" 404 596 cronicadealmeria.com "http://cronicadealmeria.com/" "Mozilla/5.0 (X11; Linux x86_64; rv:142.0) Gecko/20100101 Firefox/142.0" "-"
216.73.217.0 - - [11/Aug/2026:00:07:58 +0200] "GET /shop/mypage/mail-magazine?path=%2F%2Fkunden%2Flib%2Flocale%2Fkw_GB.utf8 HTTP/1.1" 200 30549 cronicareinodearagon.com "-" "Mozilla/5.0 AppleWebKit/537.36 (KHTML, like Gecko; compatible; ClaudeBot/1.0; +claudebot@anthropic.com)" "-"
46.4.220.0 - - [11/Aug/2026:00:07:59 +0200] "GET /?shop/items/P52561663/ HTTP/1.1" 200 66633 cronicareinodearagon.com "-" "Mozilla/5.0 (compatible; SERankingBacklinksBot/1.0; +https://seranking.com/backlinks-crawler)" "-"
2a03:2880:f800:: - - [11/Aug/2026:00:08:00 +0200] "GET /?shop/items/Y26882168432/ HTTP/1.1" 429 267 cronicareinodearagon.com "-" "Mozilla/5.0 (Windows NT 10.0; Win64; x64) AppleWebKit/537.36 (KHTML, like Gecko) Chrome/145.0.0.0 Safari/537.36 (compatible; meta-externalagent/1.1 (+https://developers.facebook.com/docs/sharing/webmasters/crawler))" "-"
2a03:2880:f800:: - - [11/Aug/2026:00:08:02 +0200] "GET /?shop/items/Y2688262328/ HTTP/1.1" 429 267 cronicareinodearagon.com "-" "Mozilla/5.0 (Windows NT 10.0; Win64; x64) AppleWebKit/537.36 (KHTML, like Gecko) Chrome/145.0.0.0 Safari/537.36 (compatible; meta-externalagent/1.1 (+https://developers.facebook.com/docs/sharing/webmasters/crawler))" "-"
216.73.217.0 - - [11/Aug/2026:00:08:03 +0200] "GET /shop/mypage/mail-magazine?path=%2F%2Fkunden%2Flib%2Flocale%2Fbr_FR%40euro HTTP/1.1" 200 30551 cronicareinodearagon.com "-" "Mozilla/5.0 AppleWebKit/537.36 (KHTML, like Gecko; compatible; ClaudeBot/1.0; +claudebot@anthropic.com)" "-"
46.4.220.0 - - [11/Aug/2026:00:08:05 +0200] "GET /?shop/items/Y26882745/ HTTP/1.1" 200 66633 cronicareinodearagon.com "-" "Mozilla/5.0 (compatible; SERankingBacklinksBot/1.0; +https://seranking.com/backlinks-crawler)" "-"
216.73.217.0 - - [11/Aug/2026:00:08:08 +0200] "GET /shop/contents/shipping?fileloc=%2Fhomepages%2F28%2Fd744858613%2Flast_traffic&path=%2Fhomepages%2F28%2Fd744858613 HTTP/1.1" 200 12317 cronicareinodearagon.com "-" "Mozilla/5.0 AppleWebKit/537.36 (KHTML, like Gecko; compatible; ClaudeBot/1.0; +claudebot@anthropic.com)" "-"
46.4.220.0 - - [11/Aug/2026:00:08:11 +0200] "GET /?shop/items/P52561664/ HTTP/1.1" 200 66633 cronicareinodearagon.com "-" "Mozilla/5.0 (compatible; SERankingBacklinksBot/1.0; +https://seranking.com/backlinks-crawler)" "-"
216.73.217.0 - - [11/Aug/2026:00:08:13 +0200] "GET /shop/contents/shipping?fileloc=%2Fhomepages%2F1%2Fd822733027%2Flast_traffic&path=%2Fhomepages%2F1%2Fd822733027 HTTP/1.1" 200 12313 cronicareinodearagon.com "-" "Mozilla/5.0 AppleWebKit/537.36 (KHTML, like Gecko; compatible; ClaudeBot/1.0; +claudebot@anthropic.com)" "-"
2a03:2880:f800:: - - [11/Aug/2026:00:08:16 +0200] "GET /?shop/items/A63076226291/ HTTP/1.1" 200 66633 cronicareinodearagon.com "-" "Mozilla/5.0 (Windows NT 10.0; Win64; x64) AppleWebKit/537.36 (KHTML, like Gecko) Chrome/145.0.0.0 Safari/537.36 (compatible; meta-externalagent/1.1 (+https://developers.facebook.com/docs/sharing/webmasters/crawler))" "-"
216.73.217.0 - - [11/Aug/2026:00:08:18 +0200] "GET /shop/contents/malwil_begin?fileloc=%2Fhomepages%2F32%2Fd825158869%2Flast_traffic&path=%2Fhomepages%2F32%2Fd825158869 HTTP/1.1" 200 12317 cronicareinodearagon.com "-" "Mozilla/5.0 AppleWebKit/537.36 (KHTML, like Gecko; compatible; ClaudeBot/1.0; +claudebot@anthropic.com)" "-"
46.4.220.0 - - [11/Aug/2026:00:08:18 +0200] "GET /?shop/items/Y26882746/ HTTP/1.1" 200 66633 cronicareinodearagon.com "-" "Mozilla/5.0 (compatible; SERankingBacklinksBot/1.0; +https://seranking.com/backlinks-crawler)" "-"
2a03:2880:f800:: - - [11/Aug/2026:00:08:19 +0200] "GET /?shop/items/W91750232650/ HTTP/1.1" 200 66633 cronicareinodearagon.com "-" "Mozilla/5.0 (Windows NT 10.0; Win64; x64) AppleWebKit/537.36 (KHTML, like Gecko) Chrome/145.0.0.0 Safari/537.36 (compatible; meta-externalagent/1.1 (+https://developers.facebook.com/docs/sharing/webmasters/crawler))" "-"
74.7.227.0 - - [11/Aug/2026:00:08:23 +0200] "GET /?fileloc=//kunden/bin/racc2.7&path=//kunden/bin HTTP/1.1" 200 12878 cronicareinodearagon.com "https://cronicareinodearagon.com/?path=//kunden/bin" "Mozilla/5.0 AppleWebKit/537.36 (KHTML, like Gecko; compatible; GPTBot/1.4; +https://openai.com/gptbot)" "-"
216.73.217.0 - - [11/Aug/2026:00:08:23 +0200] "GET /shop/contents/shipping?fileloc=%2Fhomepages%2F38%2Fd821096477%2Flast_traffic&path=%2Fhomepages%2F38%2Fd821096477 HTTP/1.1" 200 12317 cronicareinodearagon.com "-" "Mozilla/5.0 AppleWebKit/537.36 (KHTML, like Gecko; compatible; ClaudeBot/1.0; +claudebot@anthropic.com)" "-"
49.51.204.0 - - [11/Aug/2026:00:08:26 +0200] "GET /?path=/homepages/20/d917057205/htdocs/logs HTTP/1.1" 200 50934 cronicareinodearagon.com "-" "Mozilla/5.0 (iPhone; CPU iPhone OS 13_2_3 like Mac OS X) AppleWebKit/605.1.15 (KHTML, like Gecko) Version/13.0.3 Mobile/15E148 Safari/604.1" "-"
216.73.217.0 - - [11/Aug/2026:00:08:28 +0200] "GET /shop/contents/shipping?fileloc=%2Fhomepages%2F28%2Fd744858613%2Flastmovespace&path=%2Fhomepages%2F28%2Fd744858613 HTTP/1.1" 429 267 cronicareinodearagon.com "-" "Mozilla/5.0 AppleWebKit/537.36 (KHTML, like Gecko; compatible; ClaudeBot/1.0; +claudebot@anthropic.com)" "-"
46.4.220.0 - - [11/Aug/2026:00:08:28 +0200] "GET /?shop/items/P52561665/ HTTP/1.1" 200 66633 cronicareinodearagon.com "-" "Mozilla/5.0 (compatible; SERankingBacklinksBot/1.0; +https://seranking.com/backlinks-crawler)" "-"
216.73.217.0 - - [11/Aug/2026:00:08:33 +0200] "GET /shop/contents/shipping?fileloc=%2Fhomepages%2F28%2Fd744858613%2Fhtpasswd&path=%2Fhomepages%2F28%2Fd744858613 HTTP/1.1" 429 267 cronicareinodearagon.com "-" "Mozilla/5.0 AppleWebKit/537.36 (KHTML, like Gecko; compatible; ClaudeBot/1.0; +claudebot@anthropic.com)" "-"
46.4.220.0 - - [11/Aug/2026:00:08:34 +0200] "GET /?shop/items/Y26882747/ HTTP/1.1" 200 66633 cronicareinodearagon.com "-" "Mozilla/5.0 (compatible; SERankingBacklinksBot/1.0; +https://seranking.com/backlinks-crawler)" "-"
2a03:2880:f800:: - - [11/Aug/2026:00:08:35 +0200] "GET /?shop/items/S40474135442/ HTTP/1.1" 200 66633 cronicareinodearagon.com "-" "Mozilla/5.0 (Windows NT 10.0; Win64; x64) AppleWebKit/537.36 (KHTML, like Gecko) Chrome/145.0.0.0 Safari/537.36 Edg/145.0.0.0 (compatible; meta-externalagent/1.1 (+https://developers.facebook.com/docs/sharing/webmasters/crawler))" "-"
216.73.217.0 - - [11/Aug/2026:00:08:38 +0200] "GET /shop/contents/shipping?fileloc=%2Fhomepages%2F1%2Fd822733027%2Fhtpasswd&path=%2Fhomepages%2F1%2Fd822733027 HTTP/1.1" 429 267 cronicareinodearagon.com "-" "Mozilla/5.0 AppleWebKit/537.36 (KHTML, like Gecko; compatible; ClaudeBot/1.0; +claudebot@anthropic.com)" "-"
46.4.220.0 - - [11/Aug/2026:00:08:40 +0200] "GET /?shop/items/P52561666/ HTTP/1.1" 200 66633 cronicareinodearagon.com "-" "Mozilla/5.0 (compatible; SERankingBacklinksBot/1.0; +https://seranking.com/backlinks-crawler)" "-"
216.73.217.0 - - [11/Aug/2026:00:08:43 +0200] "GET /shop/contents/malwil_begin?fileloc=%2Fhomepages%2F32%2Fd825158869%2Fhtpasswd&path=%2Fhomepages%2F32%2Fd825158869 HTTP/1.1" 429 267 cronicareinodearagon.com "-" "Mozilla/5.0 AppleWebKit/537.36 (KHTML, like Gecko; compatible; ClaudeBot/1.0; +claudebot@anthropic.com)" "-"
46.4.220.0 - - [11/Aug/2026:00:08:46 +0200] "GET /?shop/items/Y26882748/ HTTP/1.1" 200 66633 cronicareinodearagon.com "-" "Mozilla/5.0 (compatible; SERankingBacklinksBot/1.0; +https://seranking.com/backlinks-crawler)" "-"
2a03:2880:f800:: - - [11/Aug/2026:00:08:47 +0200] "GET /?shop/items/Q86258196248/ HTTP/1.1" 200 66633 cronicareinodearagon.com "-" "Mozilla/5.0 (Macintosh; Intel Mac OS X 10_15_7) AppleWebKit/537.36 (KHTML, like Gecko) Chrome/145.0.0.0 Safari/537.36 (compatible; meta-externalagent/1.1 (+https://developers.facebook.com/docs/sharing/webmasters/crawler))" "-"
216.73.217.0 - - [11/Aug/2026:00:08:48 +0200] "GET /shop/contents/shipping?fileloc=%2Fhomepages%2F38%2Fd821096477%2Fhtpasswd&path=%2Fhomepages%2F38%2Fd821096477 HTTP/1.1" 429 267 cronicareinodearagon.com "-" "Mozilla/5.0 AppleWebKit/537.36 (KHTML, like Gecko; compatible; ClaudeBot/1.0; +claudebot@anthropic.com)" "-"
114.119.142.0 - - [11/Aug/2026:00:08:48 +0200] "GET /?shop/items/S4710484605/ HTTP/1.1" 200 66633 cronicareinodearagon.com "http://cronicareinodearagon.com/sitemap942.xml" "Mozilla/5.0 (Linux; Android 7.0;) AppleWebKit/537.36 (HTML, like Gecko) Mobile Safari/537.36 (compatible; PetalBot;+https://webmaster.petalsearch.com/site/petalbot)" "-"
216.73.217.0 - - [11/Aug/2026:00:08:53 +0200] "GET /shop/contents/shipping?fileloc=%2Fhomepages%2F28%2Fd744858613%2Fhtaccesslist&path=%2Fhomepages%2F28%2Fd744858613 HTTP/1.1" 429 267 cronicareinodearagon.com "-" "Mozilla/5.0 AppleWebKit/537.36 (KHTML, like Gecko; compatible; ClaudeBot/1.0; +claudebot@anthropic.com)" "-"
46.4.220.0 - - [11/Aug/2026:00:08:53 +0200] "GET /?shop/items/P52561667/ HTTP/1.1" 200 66633 cronicareinodearagon.com "-" "Mozilla/5.0 (compatible; SERankingBacklinksBot/1.0; +https://seranking.com/backlinks-crawler)" "-"
216.73.217.0 - - [11/Aug/2026:00:08:58 +0200] "GET /shop/contents/shipping?fileloc=%2Fhomepages%2F28%2Fd744858613%2F.siteapps&path=%2Fhomepages%2F28%2Fd744858613 HTTP/1.1" 429 267 cronicareinodearagon.com "-" "Mozilla/5.0 AppleWebKit/537.36 (KHTML, like Gecko; compatible; ClaudeBot/1.0; +claudebot@anthropic.com)" "-"
2a03:2880:f800:: - - [11/Aug/2026:00:08:58 +0200] "GET /?shop/items/I49538122325/ HTTP/1.1" 200 66633 cronicareinodearagon.com "-" "Mozilla/5.0 (Macintosh; Intel Mac OS X 10_15_7) AppleWebKit/537.36 (KHTML, like Gecko) Chrome/145.0.0.0 Safari/537.36 (compatible; meta-externalagent/1.1 (+https://developers.facebook.com/docs/sharing/webmasters/crawler))" "-"
46.4.220.0 - - [11/Aug/2026:00:08:59 +0200] "GET /?shop/items/Y26882749/ HTTP/1.1" 200 66633 cronicareinodearagon.com "-" "Mozilla/5.0 (compatible; SERankingBacklinksBot/1.0; +https://seranking.com/backlinks-crawler)" "-"
51.68.247.0 - - [11/Aug/2026:00:09:02 +0200] "GET /aragon/facua-movilizaciones-defensa-sanidad-publica/feed/ HTTP/1.1" 200 66705 cronicareinodearagon.com "-" "Mozilla/5.0 (compatible; AhrefsBot/7.0; +http://ahrefs.com/robot/)" "-"
216.73.217.0 - - [11/Aug/2026:00:09:03 +0200] "GET /shop/contents/shipping?fileloc=%2Fhomepages%2F1%2Fd822733027%2Fhtaccesslist&path=%2Fhomepages%2F1%2Fd822733027 HTTP/1.1" 429 267 cronicareinodearagon.com "-" "Mozilla/5.0 AppleWebKit/537.36 (KHTML, like Gecko; compatible; ClaudeBot/1.0; +claudebot@anthropic.com)" "-"
216.73.217.0 - - [11/Aug/2026:00:09:08 +0200] "GET /shop/contents/malwil_begin?fileloc=%2Fhomepages%2F32%2Fd825158869%2Fhtaccesslist&path=%2Fhomepages%2F32%2Fd825158869 HTTP/1.1" 429 267 cronicareinodearagon.com "-" "Mozilla/5.0 AppleWebKit/537.36 (KHTML, like Gecko; compatible; ClaudeBot/1.0; +claudebot@anthropic.com)" "-"
46.4.220.0 - - [11/Aug/2026:00:09:08 +0200] "GET /?shop/items/P52561668/ HTTP/1.1" 200 66633 cronicareinodearagon.com "-" "Mozilla/5.0 (compatible; SERankingBacklinksBot/1.0; +https://seranking.com/backlinks-crawler)" "-"
2a03:2880:f800:: - - [11/Aug/2026:00:09:09 +0200] "GET /?shop/items/Q86258188800/ HTTP/1.1" 200 66633 cronicareinodearagon.com "-" "Mozilla/5.0 (Macintosh; Intel Mac OS X 10_15_7) AppleWebKit/537.36 (KHTML, like Gecko) Chrome/145.0.0.0 Safari/537.36 (compatible; meta-externalagent/1.1 (+https://developers.facebook.com/docs/sharing/webmasters/crawler))" "-"
216.73.217.0 - - [11/Aug/2026:00:09:13 +0200] "GET /shop/contents/shipping?fileloc=%2Fhomepages%2F28%2Fd744858613%2Fdistributor.lock&path=%2Fhomepages%2F28%2Fd744858613 HTTP/1.1" 429 267 cronicareinodearagon.com "-" "Mozilla/5.0 AppleWebKit/537.36 (KHTML, like Gecko; compatible; ClaudeBot/1.0; +claudebot@anthropic.com)" "-"
46.4.220.0 - - [11/Aug/2026:00:09:14 +0200] "GET /?shop/items/Y26882750/ HTTP/1.1" 200 66633 cronicareinodearagon.com "-" "Mozilla/5.0 (compatible; SERankingBacklinksBot/1.0; +https://seranking.com/backlinks-crawler)" "-"
216.73.217.0 - - [11/Aug/2026:00:09:18 +0200] "GET /shop/contents/shipping?fileloc=%2Fhomepages%2F28%2Fd744858613%2Fmetadata.json&path=%2Fhomepages%2F28%2Fd744858613 HTTP/1.1" 429 267 cronicareinodearagon.com "-" "Mozilla/5.0 AppleWebKit/537.36 (KHTML, like Gecko; compatible; ClaudeBot/1.0; +claudebot@anthropic.com)" "-"
2a03:2880:f800:: - - [11/Aug/2026:00:09:18 +0200] "GET /?shop/items/A63076195954/ HTTP/1.1" 200 66633 cronicareinodearagon.com "-" "Mozilla/5.0 (Macintosh; Intel Mac OS X 10_15_7) AppleWebKit/537.36 (KHTML, like Gecko) Chrome/145.0.0.0 Safari/537.36 (compatible; meta-externalagent/1.1 (+https://developers.facebook.com/docs/sharing/webmasters/crawler))" "-"
74.7.227.0 - - [11/Aug/2026:00:09:21 +0200] "GET /?fileloc=//kunden/bin/imgsize&path=//kunden/bin HTTP/1.1" 429 267 cronicareinodearagon.com "http://cronicareinodearagon.com/?path=//kunden/bin" "Mozilla/5.0 AppleWebKit/537.36 (KHTML, like Gecko; compatible; GPTBot/1.4; +https://openai.com/gptbot)" "-"
46.4.220.0 - - [11/Aug/2026:00:09:22 +0200] "GET /?shop/items/P52561670/ HTTP/1.1" 200 66633 cronicareinodearagon.com "-" "Mozilla/5.0 (compatible; SERankingBacklinksBot/1.0; +https://seranking.com/backlinks-crawler)" "-"
216.73.217.0 - - [11/Aug/2026:00:09:23 +0200] "GET /shop/contents/shipping?fileloc=%2Fhomepages%2F28%2Fd744858613%2F.created&path=%2Fhomepages%2F28%2Fd744858613 HTTP/1.1" 429 267 cronicareinodearagon.com "-" "Mozilla/5.0 AppleWebKit/537.36 (KHTML, like Gecko; compatible; ClaudeBot/1.0; +claudebot@anthropic.com)" "-"
2a03:2880:f800:: - - [11/Aug/2026:00:09:27 +0200] "GET /?shop/items/G38512126576/ HTTP/1.1" 200 66633 cronicareinodearagon.com "-" "Mozilla/5.0 (Macintosh; Intel Mac OS X 10_15_7) AppleWebKit/537.36 (KHTML, like Gecko) Chrome/145.0.0.0 Safari/537.36 (compatible; meta-externalagent/1.1 (+https://developers.facebook.com/docs/sharing/webmasters/crawler))" "-"
216.73.217.0 - - [11/Aug/2026:00:09:28 +0200] "GET /shop/contents/shipping?fileloc=%2Fhomepages%2F28%2Fd744858613%2F.htaccess&path=%2Fhomepages%2F28%2Fd744858613 HTTP/1.1" 200 12314 cronicareinodearagon.com "-" "Mozilla/5.0 AppleWebKit/537.36 (KHTML, like Gecko; compatible; ClaudeBot/1.0; +claudebot@anthropic.com)" "-"
46.4.220.0 - - [11/Aug/2026:00:09:29 +0200] "GET /?shop/items/Y26882751/ HTTP/1.1" 200 66633 cronicareinodearagon.com "-" "Mozilla/5.0 (compatible; SERankingBacklinksBot/1.0; +https://seranking.com/backlinks-crawler)" "-"
216.73.217.0 - - [11/Aug/2026:00:09:33 +0200] "GET /shop/contents/shipping?fileloc=%2Fhomepages%2F38%2Fd821096477%2Fhtaccesslist&path=%2Fhomepages%2F38%2Fd821096477 HTTP/1.1" 200 12317 cronicareinodearagon.com "-" "Mozilla/5.0 AppleWebKit/537.36 (KHTML, like Gecko; compatible; ClaudeBot/1.0; +claudebot@anthropic.com)" "-"
2a03:2880:f800:: - - [11/Aug/2026:00:09:34 +0200] "GET /?shop/items/W91750223469/ HTTP/1.1" 200 66633 cronicareinodearagon.com "-" "Mozilla/5.0 (Windows NT 10.0; Win64; x64) AppleWebKit/537.36 (KHTML, like Gecko) Chrome/145.0.0.0 Safari/537.36 (compatible; meta-externalagent/1.1 (+https://developers.facebook.com/docs/sharing/webmasters/crawler))" "-"
46.4.220.0 - - [11/Aug/2026:00:09:35 +0200] "GET /?shop/items/P52561671/ HTTP/1.1" 200 66633 cronicareinodearagon.com "-" "Mozilla/5.0 (compatible; SERankingBacklinksBot/1.0; +https://seranking.com/backlinks-crawler)" "-"
216.73.217.0 - - [11/Aug/2026:00:09:38 +0200] "GET /shop/contents/shipping?fileloc=%2Fhomepages%2F1%2Fd822733027%2Fdistributor.lock&path=%2Fhomepages%2F1%2Fd822733027 HTTP/1.1" 200 12317 cronicareinodearagon.com "-" "Mozilla/5.0 AppleWebKit/537.36 (KHTML, like Gecko; compatible; ClaudeBot/1.0; +claudebot@anthropic.com)" "-"
2a03:2880:f800:: - - [11/Aug/2026:00:09:42 +0200] "GET /?shop/items/Y2688250562/ HTTP/1.1" 200 66633 cronicareinodearagon.com "-" "Mozilla/5.0 (Windows NT 10.0; Win64; x64) AppleWebKit/537.36 (KHTML, like Gecko) Chrome/145.0.0.0 Safari/537.36 (compatible; meta-externalagent/1.1 (+https://developers.facebook.com/docs/sharing/webmasters/crawler))" "-"
46.4.220.0 - - [11/Aug/2026:00:09:42 +0200] "GET /?shop/items/Y26882752/ HTTP/1.1" 200 66633 cronicareinodearagon.com "-" "Mozilla/5.0 (compatible; SERankingBacklinksBot/1.0; +https://seranking.com/backlinks-crawler)" "-"
216.73.217.0 - - [11/Aug/2026:00:09:43 +0200] "GET /shop/contents/shipping?fileloc=%2Fhomepages%2F28%2Fd744858613%2Fphpinilist&path=%2Fhomepages%2F28%2Fd744858613 HTTP/1.1" 200 12315 cronicareinodearagon.com "-" "Mozilla/5.0 AppleWebKit/537.36 (KHTML, like Gecko; compatible; ClaudeBot/1.0; +claudebot@anthropic.com)" "-"
216.73.217.0 - - [11/Aug/2026:00:09:48 +0200] "GET /shop/contents/malwil_begin?fileloc=%2Fhomepages%2F21%2Fd735020190%2Flastmovespace&path=%2Fhomepages%2F21%2Fd735020190 HTTP/1.1" 200 12318 cronicareinodearagon.com "-" "Mozilla/5.0 AppleWebKit/537.36 (KHTML, like Gecko; compatible; ClaudeBot/1.0; +claudebot@anthropic.com)" "-"
2a03:2880:f800:: - - [11/Aug/2026:00:09:48 +0200] "GET /?shop/items/A6307674515/ HTTP/1.1" 200 66633 cronicareinodearagon.com "-" "Mozilla/5.0 (Windows NT 10.0; Win64; x64) AppleWebKit/537.36 (KHTML, like Gecko) Chrome/145.0.0.0 Safari/537.36 (compatible; meta-externalagent/1.1 (+https://developers.facebook.com/docs/sharing/webmasters/crawler))" "-"
46.4.220.0 - - [11/Aug/2026:00:09:50 +0200] "GET /?shop/items/P52561672/ HTTP/1.1" 200 66633 cronicareinodearagon.com "-" "Mozilla/5.0 (compatible; SERankingBacklinksBot/1.0; +https://seranking.com/backlinks-crawler)" "-"
216.73.217.0 - - [11/Aug/2026:00:09:53 +0200] "GET /shop/contents/shipping?fileloc=%2Fhomepages%2F1%2Fd822733027%2Fmetadata.json&path=%2Fhomepages%2F1%2Fd822733027 HTTP/1.1" 200 12314 cronicareinodearagon.com "-" "Mozilla/5.0 AppleWebKit/537.36 (KHTML, like Gecko; compatible; ClaudeBot/1.0; +claudebot@anthropic.com)" "-"
2a03:2880:f800:: - - [11/Aug/2026:00:09:55 +0200] "GET /?shop/items/S47104223611/ HTTP/1.1" 200 66633 cronicareinodearagon.com "-" "Mozilla/5.0 (Windows NT 10.0; Win64; x64) AppleWebKit/537.36 (KHTML, like Gecko) Chrome/145.0.0.0 Safari/537.36 (compatible; meta-externalagent/1.1 (+https://developers.facebook.com/docs/sharing/webmasters/crawler))" "-"
46.4.220.0 - - [11/Aug/2026:00:09:56 +0200] "GET /?shop/items/Y26882753/ HTTP/1.1" 200 66633 cronicareinodearagon.com "-" "Mozilla/5.0 (compatible; SERankingBacklinksBot/1.0; +https://seranking.com/backlinks-crawler)" "-"
216.73.217.0 - - [11/Aug/2026:00:09:58 +0200] "GET /shop/contents/malwil_begin?fileloc=%2Fhomepages%2F21%2Fd826272429%2Fhtaccesslist&path=%2Fhomepages%2F21%2Fd826272429 HTTP/1.1" 200 12317 cronicareinodearagon.com "-" "Mozilla/5.0 AppleWebKit/537.36 (KHTML, like Gecko; compatible; ClaudeBot/1.0; +claudebot@anthropic.com)" "-"
2a03:2880:f800:: - - [11/Aug/2026:00:10:01 +0200] "GET /?shop/items/S40474176663/ HTTP/1.1" 200 66633 cronicareinodearagon.com "-" "Mozilla/5.0 (Windows NT 10.0; Win64; x64) AppleWebKit/537.36 (KHTML, like Gecko) Chrome/145.0.0.0 Safari/537.36 (compatible; meta-externalagent/1.1 (+https://developers.facebook.com/docs/sharing/webmasters/crawler))" "-"
216.73.217.0 - - [11/Aug/2026:00:10:03 +0200] "GET /shop/contents/malwil_begin?fileloc=%2Fhomepages%2F44%2Fd824345781%2Fdistributor.lock&path=%2Fhomepages%2F44%2Fd824345781 HTTP/1.1" 200 12321 cronicareinodearagon.com "-" "Mozilla/5.0 AppleWebKit/537.36 (KHTML, like Gecko; compatible; ClaudeBot/1.0; +claudebot@anthropic.com)" "-"
46.4.220.0 - - [11/Aug/2026:00:10:03 +0200] "GET /?shop/items/P52561674/ HTTP/1.1" 200 66633 cronicareinodearagon.com "-" "Mozilla/5.0 (compatible; SERankingBacklinksBot/1.0; +https://seranking.com/backlinks-crawler)" "-"
