216.73.217.0 - - [11/Aug/2026:00:39:57 +0200] "GET /shop/mypage/mail-magazine?fileloc=%2F%2Fkunden%2Flib%2Fgit-core%2Fgit-clone&path=%2F%2Fkunden%2Flib%2Fgit-core HTTP/1.1" 200 12301 cronicareinodearagon.com "-" "Mozilla/5.0 AppleWebKit/537.36 (KHTML, like Gecko; compatible; ClaudeBot/1.0; +claudebot@anthropic.com)" "-"
216.73.217.0 - - [11/Aug/2026:00:39:58 +0200] "GET /shop/mypage/mail-magazine?fileloc=%2F%2Fetc%2Fvim%2Fvimrc&path=%2F%2Fetc%2Fvim HTTP/1.1" 200 14781 cronicareinodearagon.com "-" "Mozilla/5.0 AppleWebKit/537.36 (KHTML, like Gecko; compatible; ClaudeBot/1.0; +claudebot@anthropic.com)" "-"
216.73.217.0 - - [11/Aug/2026:00:39:58 +0200] "GET /shop/mypage/mail-magazine?fileloc=%2F%2Fkunden%2Flib%2Fgit-core%2Fgit-worktree&path=%2F%2Fkunden%2Flib%2Fgit-core HTTP/1.1" 200 12304 cronicareinodearagon.com "-" "Mozilla/5.0 AppleWebKit/537.36 (KHTML, like Gecko; compatible; ClaudeBot/1.0; +claudebot@anthropic.com)" "-"
216.73.217.0 - - [11/Aug/2026:00:39:59 +0200] "GET /shop/mypage/mail-magazine?path=%2F%2Fvar%2Fcache%2Fdictionaries-common HTTP/1.1" 200 26352 cronicareinodearagon.com "-" "Mozilla/5.0 AppleWebKit/537.36 (KHTML, like Gecko; compatible; ClaudeBot/1.0; +claudebot@anthropic.com)" "-"
216.73.217.0 - - [11/Aug/2026:00:39:59 +0200] "GET /shop/mypage/mail-magazine?fileloc=%2F%2Fkunden%2Flib%2Fgit-core%2Fgit-bundle&path=%2F%2Fkunden%2Flib%2Fgit-core HTTP/1.1" 200 12302 cronicareinodearagon.com "-" "Mozilla/5.0 AppleWebKit/537.36 (KHTML, like Gecko; compatible; ClaudeBot/1.0; +claudebot@anthropic.com)" "-"
216.73.217.0 - - [11/Aug/2026:00:40:00 +0200] "GET /shop/mypage/mail-magazine?fileloc=%2F%2Fkunden%2Flib%2Fgit-core%2Fgit-annotate&path=%2F%2Fkunden%2Flib%2Fgit-core HTTP/1.1" 200 12304 cronicareinodearagon.com "-" "Mozilla/5.0 AppleWebKit/537.36 (KHTML, like Gecko; compatible; ClaudeBot/1.0; +claudebot@anthropic.com)" "-"
216.73.217.0 - - [11/Aug/2026:00:40:00 +0200] "GET /shop/mypage/mail-magazine?fileloc=%2F%2Fkunden%2Flib%2Fgit-core%2Fgit-submodule&path=%2F%2Fkunden%2Flib%2Fgit-core HTTP/1.1" 200 36167 cronicareinodearagon.com "-" "Mozilla/5.0 AppleWebKit/537.36 (KHTML, like Gecko; compatible; ClaudeBot/1.0; +claudebot@anthropic.com)" "-"
2a03:2880:f800:: - - [11/Aug/2026:00:40:00 +0200] "GET /?shop/items/I8008842742/ HTTP/1.1" 200 66633 cronicareinodearagon.com "-" "Mozilla/5.0 (Windows NT 10.0; Win64; x64) AppleWebKit/537.36 (KHTML, like Gecko) Chrome/145.0.0.0 Safari/537.36 (compatible; meta-externalagent/1.1 (+https://developers.facebook.com/docs/sharing/webmasters/crawler))" "-"
216.73.217.0 - - [11/Aug/2026:00:40:01 +0200] "GET /shop/mypage/mail-magazine?path=%2F%2Fusr%2Flib64 HTTP/1.1" 429 267 cronicareinodearagon.com "-" "Mozilla/5.0 AppleWebKit/537.36 (KHTML, like Gecko; compatible; ClaudeBot/1.0; +claudebot@anthropic.com)" "-"
46.4.220.0 - - [11/Aug/2026:00:40:01 +0200] "GET /?shop/items/P52561159/ HTTP/1.1" 200 66633 cronicareinodearagon.com "-" "Mozilla/5.0 (compatible; SERankingBacklinksBot/1.0; +https://seranking.com/backlinks-crawler)" "-"
216.73.217.0 - - [11/Aug/2026:00:40:02 +0200] "GET /shop/mypage/mail-magazine?path=%2F%2Fusr%2Flib32 HTTP/1.1" 429 267 cronicareinodearagon.com "-" "Mozilla/5.0 AppleWebKit/537.36 (KHTML, like Gecko; compatible; ClaudeBot/1.0; +claudebot@anthropic.com)" "-"
216.73.217.0 - - [11/Aug/2026:00:40:02 +0200] "GET /shop/mypage/mail-magazine?fileloc=%2F%2Fkunden%2Flib%2Fgit-core%2Fgit-shell&path=%2F%2Fkunden%2Flib%2Fgit-core HTTP/1.1" 429 267 cronicareinodearagon.com "-" "Mozilla/5.0 AppleWebKit/537.36 (KHTML, like Gecko; compatible; ClaudeBot/1.0; +claudebot@anthropic.com)" "-"
216.73.217.0 - - [11/Aug/2026:00:40:03 +0200] "GET /shop/mypage/mail-magazine?fileloc=%2F%2Fkunden%2Flib%2Fgit-core%2Fgit-notes&path=%2F%2Fkunden%2Flib%2Fgit-core HTTP/1.1" 429 267 cronicareinodearagon.com "-" "Mozilla/5.0 AppleWebKit/537.36 (KHTML, like Gecko; compatible; ClaudeBot/1.0; +claudebot@anthropic.com)" "-"
216.73.217.0 - - [11/Aug/2026:00:40:03 +0200] "GET /shop/mypage/mail-magazine?path=%2F%2Fusr%2Fgames HTTP/1.1" 429 267 cronicareinodearagon.com "-" "Mozilla/5.0 AppleWebKit/537.36 (KHTML, like Gecko; compatible; ClaudeBot/1.0; +claudebot@anthropic.com)" "-"
74.7.227.0 - - [11/Aug/2026:00:40:03 +0200] "GET /?fileloc=//kunden/bin/lexgrog&path=//kunden/bin HTTP/1.1" 429 267 cronicareinodearagon.com "http://cronicareinodearagon.com/?path=//kunden/bin" "Mozilla/5.0 AppleWebKit/537.36 (KHTML, like Gecko; compatible; GPTBot/1.4; +https://openai.com/gptbot)" "-"
216.73.217.0 - - [11/Aug/2026:00:40:04 +0200] "GET /shop/mypage/mail-magazine?path=%2F%2Fkunden%2Fusr%2Flibexec HTTP/1.1" 429 267 cronicareinodearagon.com "-" "Mozilla/5.0 AppleWebKit/537.36 (KHTML, like Gecko; compatible; ClaudeBot/1.0; +claudebot@anthropic.com)" "-"
216.73.217.0 - - [11/Aug/2026:00:40:04 +0200] "GET /shop/mypage/mail-magazine?fileloc=%2F%2Fkunden%2Flib%2Fgit-core%2Fgit-pull&path=%2F%2Fkunden%2Flib%2Fgit-core HTTP/1.1" 429 267 cronicareinodearagon.com "-" "Mozilla/5.0 AppleWebKit/537.36 (KHTML, like Gecko; compatible; ClaudeBot/1.0; +claudebot@anthropic.com)" "-"
216.73.217.0 - - [11/Aug/2026:00:40:05 +0200] "GET /shop/mypage/mail-magazine?path=%2F%2Fvar%2Fcache%2Ffontconfig HTTP/1.1" 429 267 cronicareinodearagon.com "-" "Mozilla/5.0 AppleWebKit/537.36 (KHTML, like Gecko; compatible; ClaudeBot/1.0; +claudebot@anthropic.com)" "-"
216.73.217.0 - - [11/Aug/2026:00:40:05 +0200] "GET /shop/mypage/mail-magazine?path=%2F%2Fkunden%2Flib%2Fgit-core%2Fmergetools HTTP/1.1" 429 267 cronicareinodearagon.com "-" "Mozilla/5.0 AppleWebKit/537.36 (KHTML, like Gecko; compatible; ClaudeBot/1.0; +claudebot@anthropic.com)" "-"
216.73.217.0 - - [11/Aug/2026:00:40:06 +0200] "GET /shop/mypage/mail-magazine?path=%2F%2Fusr%2Flocal HTTP/1.1" 429 267 cronicareinodearagon.com "-" "Mozilla/5.0 AppleWebKit/537.36 (KHTML, like Gecko; compatible; ClaudeBot/1.0; +claudebot@anthropic.com)" "-"
216.73.217.0 - - [11/Aug/2026:00:40:06 +0200] "GET /shop/mypage/mail-magazine?path=%2F%2Fusr%2Flib HTTP/1.1" 429 267 cronicareinodearagon.com "-" "Mozilla/5.0 AppleWebKit/537.36 (KHTML, like Gecko; compatible; ClaudeBot/1.0; +claudebot@anthropic.com)" "-"
2a03:2880:f800:: - - [11/Aug/2026:00:40:06 +0200] "GET /?shop/items/G38512230014/ HTTP/1.1" 200 66633 cronicareinodearagon.com "-" "Mozilla/5.0 (Windows NT 10.0; Win64; x64) AppleWebKit/537.36 (KHTML, like Gecko) Chrome/145.0.0.0 Safari/537.36 (compatible; meta-externalagent/1.1 (+https://developers.facebook.com/docs/sharing/webmasters/crawler))" "-"
46.4.220.0 - - [11/Aug/2026:00:40:07 +0200] "GET /?shop/items/I80088548/ HTTP/1.1" 200 66633 cronicareinodearagon.com "-" "Mozilla/5.0 (compatible; SERankingBacklinksBot/1.0; +https://seranking.com/backlinks-crawler)" "-"
216.73.217.0 - - [11/Aug/2026:00:40:11 +0200] "GET /shop/mypage/mail-magazine?fileloc=%2F%2Fkunden%2Flib%2Fgit-core%2Fgit-replace&path=%2F%2Fkunden%2Flib%2Fgit-core HTTP/1.1" 429 267 cronicareinodearagon.com "-" "Mozilla/5.0 AppleWebKit/537.36 (KHTML, like Gecko; compatible; ClaudeBot/1.0; +claudebot@anthropic.com)" "-"
2a03:2880:f800:: - - [11/Aug/2026:00:40:11 +0200] "GET /?shop/items/G3851230199/ HTTP/1.1" 200 66633 cronicareinodearagon.com "-" "Mozilla/5.0 (Macintosh; Intel Mac OS X 10_15_7) AppleWebKit/537.36 (KHTML, like Gecko) Chrome/145.0.0.0 Safari/537.36 (compatible; meta-externalagent/1.1 (+https://developers.facebook.com/docs/sharing/webmasters/crawler))" "-"
46.4.220.0 - - [11/Aug/2026:00:40:14 +0200] "GET /?shop/items/P52561160/ HTTP/1.1" 200 66633 cronicareinodearagon.com "-" "Mozilla/5.0 (compatible; SERankingBacklinksBot/1.0; +https://seranking.com/backlinks-crawler)" "-"
2a03:2880:f800:: - - [11/Aug/2026:00:40:16 +0200] "GET /?shop/items/G38512156076/ HTTP/1.1" 200 66633 cronicareinodearagon.com "-" "Mozilla/5.0 (Windows NT 10.0; Win64; x64) AppleWebKit/537.36 (KHTML, like Gecko) Chrome/145.0.0.0 Safari/537.36 (compatible; meta-externalagent/1.1 (+https://developers.facebook.com/docs/sharing/webmasters/crawler))" "-"
216.73.217.0 - - [11/Aug/2026:00:40:16 +0200] "GET /shop/mypage/mail-magazine?path=%2F%2Fusr%2Fshare HTTP/1.1" 429 267 cronicareinodearagon.com "-" "Mozilla/5.0 AppleWebKit/537.36 (KHTML, like Gecko; compatible; ClaudeBot/1.0; +claudebot@anthropic.com)" "-"
216.73.217.0 - - [11/Aug/2026:00:40:19 +0200] "GET /shop/mypage/mail-magazine?fileloc=%2F%2Fkunden%2Fusr%2Fsbin%2Fcppw&path=%2F%2Fkunden%2Fusr%2Fsbin HTTP/1.1" 429 267 cronicareinodearagon.com "-" "Mozilla/5.0 AppleWebKit/537.36 (KHTML, like Gecko; compatible; ClaudeBot/1.0; +claudebot@anthropic.com)" "-"
2a03:2880:f800:: - - [11/Aug/2026:00:40:20 +0200] "GET /?shop/items/I49538135348/ HTTP/1.1" 200 66633 cronicareinodearagon.com "-" "Mozilla/5.0 (Windows NT 10.0; Win64; x64) AppleWebKit/537.36 (KHTML, like Gecko) Chrome/145.0.0.0 Safari/537.36 (compatible; meta-externalagent/1.1 (+https://developers.facebook.com/docs/sharing/webmasters/crawler))" "-"
46.4.220.0 - - [11/Aug/2026:00:40:21 +0200] "GET /?shop/items/I80088549/ HTTP/1.1" 200 66633 cronicareinodearagon.com "-" "Mozilla/5.0 (compatible; SERankingBacklinksBot/1.0; +https://seranking.com/backlinks-crawler)" "-"
216.73.217.0 - - [11/Aug/2026:00:40:24 +0200] "GET /shop/mypage/mail-magazine?fileloc=%2F%2Fbin%2Fx86_64-linux-gnu-pkg-config&path=%2F%2Fbin HTTP/1.1" 429 267 cronicareinodearagon.com "-" "Mozilla/5.0 AppleWebKit/537.36 (KHTML, like Gecko; compatible; ClaudeBot/1.0; +claudebot@anthropic.com)" "-"
2a03:2880:f800:: - - [11/Aug/2026:00:40:24 +0200] "GET /?shop/items/I8008868490/ HTTP/1.1" 200 66633 cronicareinodearagon.com "-" "Mozilla/5.0 (Macintosh; Intel Mac OS X 10_15_7) AppleWebKit/537.36 (KHTML, like Gecko) Chrome/145.0.0.0 Safari/537.36 (compatible; meta-externalagent/1.1 (+https://developers.facebook.com/docs/sharing/webmasters/crawler))" "-"
46.4.220.0 - - [11/Aug/2026:00:40:29 +0200] "GET /?shop/items/P52561161/ HTTP/1.1" 200 66633 cronicareinodearagon.com "-" "Mozilla/5.0 (compatible; SERankingBacklinksBot/1.0; +https://seranking.com/backlinks-crawler)" "-"
2a03:2880:f800:: - - [11/Aug/2026:00:40:29 +0200] "GET /?shop/items/S4710484352/ HTTP/1.1" 429 267 cronicareinodearagon.com "-" "Mozilla/5.0 (Windows NT 10.0; Win64; x64) AppleWebKit/537.36 (KHTML, like Gecko) Chrome/145.0.0.0 Safari/537.36 (compatible; meta-externalagent/1.1 (+https://developers.facebook.com/docs/sharing/webmasters/crawler))" "-"
216.73.217.0 - - [11/Aug/2026:00:40:29 +0200] "GET /shop/mypage/mail-magazine?fileloc=%2F%2Fbin%2Fc++&path=%2F%2Fbin HTTP/1.1" 429 267 cronicareinodearagon.com "-" "Mozilla/5.0 AppleWebKit/537.36 (KHTML, like Gecko; compatible; ClaudeBot/1.0; +claudebot@anthropic.com)" "-"
2a03:2880:f800:: - - [11/Aug/2026:00:40:32 +0200] "GET /?shop/items/G38512233078/ HTTP/1.1" 429 267 cronicareinodearagon.com "-" "Mozilla/5.0 (Windows NT 10.0; Win64; x64) AppleWebKit/537.36 (KHTML, like Gecko) Chrome/145.0.0.0 Safari/537.36 (compatible; meta-externalagent/1.1 (+https://developers.facebook.com/docs/sharing/webmasters/crawler))" "-"
2a03:2880:f800:: - - [11/Aug/2026:00:40:33 +0200] "GET /?shop/items/I8008858789/ HTTP/1.1" 429 267 cronicareinodearagon.com "-" "Mozilla/5.0 (Windows NT 10.0; Win64; x64) AppleWebKit/537.36 (KHTML, like Gecko) Chrome/145.0.0.0 Safari/537.36 (compatible; meta-externalagent/1.1 (+https://developers.facebook.com/docs/sharing/webmasters/crawler))" "-"
216.73.217.0 - - [11/Aug/2026:00:40:34 +0200] "GET /shop/mypage/mail-magazine?fileloc=%2F%2Fkunden%2Flib%2Fgit-core%2Fgit-reset&path=%2F%2Fkunden%2Flib%2Fgit-core HTTP/1.1" 429 267 cronicareinodearagon.com "-" "Mozilla/5.0 AppleWebKit/537.36 (KHTML, like Gecko; compatible; ClaudeBot/1.0; +claudebot@anthropic.com)" "-"
46.4.220.0 - - [11/Aug/2026:00:40:35 +0200] "GET /?shop/items/I80088550/ HTTP/1.1" 200 66633 cronicareinodearagon.com "-" "Mozilla/5.0 (compatible; SERankingBacklinksBot/1.0; +https://seranking.com/backlinks-crawler)" "-"
2a03:2880:f800:: - - [11/Aug/2026:00:40:37 +0200] "GET /?shop/items/W9175037094/ HTTP/1.1" 429 267 cronicareinodearagon.com "-" "Mozilla/5.0 (Macintosh; Intel Mac OS X 10_15_7) AppleWebKit/537.36 (KHTML, like Gecko) Chrome/145.0.0.0 Safari/537.36 (compatible; meta-externalagent/1.1 (+https://developers.facebook.com/docs/sharing/webmasters/crawler))" "-"
2a03:2880:f800:: - - [11/Aug/2026:00:40:38 +0200] "GET /?shop/items/S47104259113/ HTTP/1.1" 429 267 cronicareinodearagon.com "-" "Mozilla/5.0 (Windows NT 10.0; Win64; x64) AppleWebKit/537.36 (KHTML, like Gecko) Chrome/145.0.0.0 Safari/537.36 (compatible; meta-externalagent/1.1 (+https://developers.facebook.com/docs/sharing/webmasters/crawler))" "-"
216.73.217.0 - - [11/Aug/2026:00:40:39 +0200] "GET /shop/mypage/mail-magazine?fileloc=%2F%2Fbin%2Fwrite.ul&path=%2F%2Fbin HTTP/1.1" 429 267 cronicareinodearagon.com "-" "Mozilla/5.0 AppleWebKit/537.36 (KHTML, like Gecko; compatible; ClaudeBot/1.0; +claudebot@anthropic.com)" "-"
46.4.220.0 - - [11/Aug/2026:00:40:41 +0200] "GET /?shop/items/P52561165/ HTTP/1.1" 200 66633 cronicareinodearagon.com "-" "Mozilla/5.0 (compatible; SERankingBacklinksBot/1.0; +https://seranking.com/backlinks-crawler)" "-"
2a03:2880:f800:: - - [11/Aug/2026:00:40:44 +0200] "GET /?shop/items/I80088268355/ HTTP/1.1" 429 267 cronicareinodearagon.com "-" "Mozilla/5.0 (Windows NT 10.0; Win64; x64) AppleWebKit/537.36 (KHTML, like Gecko) Chrome/145.0.0.0 Safari/537.36 (compatible; meta-externalagent/1.1 (+https://developers.facebook.com/docs/sharing/webmasters/crawler))" "-"
216.73.217.0 - - [11/Aug/2026:00:40:44 +0200] "GET /shop/mypage/mail-magazine?fileloc=%2F%2Fbin%2Fsshpass&path=%2F%2Fbin HTTP/1.1" 429 267 cronicareinodearagon.com "-" "Mozilla/5.0 AppleWebKit/537.36 (KHTML, like Gecko; compatible; ClaudeBot/1.0; +claudebot@anthropic.com)" "-"
2a03:2880:f800:: - - [11/Aug/2026:00:40:45 +0200] "GET /?shop/items/I80088125125/ HTTP/1.1" 429 267 cronicareinodearagon.com "-" "Mozilla/5.0 (Windows NT 10.0; Win64; x64) AppleWebKit/537.36 (KHTML, like Gecko) Chrome/145.0.0.0 Safari/537.36 (compatible; meta-externalagent/1.1 (+https://developers.facebook.com/docs/sharing/webmasters/crawler))" "-"
46.4.220.0 - - [11/Aug/2026:00:40:48 +0200] "GET /?shop/items/I80088551/ HTTP/1.1" 200 66633 cronicareinodearagon.com "-" "Mozilla/5.0 (compatible; SERankingBacklinksBot/1.0; +https://seranking.com/backlinks-crawler)" "-"
216.73.217.0 - - [11/Aug/2026:00:40:49 +0200] "GET /shop/mypage/mail-magazine?path=%2F%2Fmnt%2Fstrato HTTP/1.1" 429 267 cronicareinodearagon.com "-" "Mozilla/5.0 AppleWebKit/537.36 (KHTML, like Gecko; compatible; ClaudeBot/1.0; +claudebot@anthropic.com)" "-"
2a03:2880:f800:: - - [11/Aug/2026:00:40:52 +0200] "GET /?shop/items/S4047437151/ HTTP/1.1" 429 267 cronicareinodearagon.com "-" "Mozilla/5.0 (Windows NT 10.0; Win64; x64) AppleWebKit/537.36 (KHTML, like Gecko) Chrome/145.0.0.0 Safari/537.36 (compatible; meta-externalagent/1.1 (+https://developers.facebook.com/docs/sharing/webmasters/crawler))" "-"
74.7.227.0 - - [11/Aug/2026:00:40:53 +0200] "GET /?fileloc=//kunden/bin/lzfgrep&path=//kunden/bin HTTP/1.1" 429 267 cronicareinodearagon.com "https://cronicareinodearagon.com/?path=//kunden/bin" "Mozilla/5.0 AppleWebKit/537.36 (KHTML, like Gecko; compatible; GPTBot/1.4; +https://openai.com/gptbot)" "-"
2a03:2880:f800:: - - [11/Aug/2026:00:40:53 +0200] "GET /?shop/items/P5256152581/ HTTP/1.1" 429 267 cronicareinodearagon.com "-" "Mozilla/5.0 (Macintosh; Intel Mac OS X 10_15_7) AppleWebKit/537.36 (KHTML, like Gecko) Chrome/145.0.0.0 Safari/537.36 (compatible; meta-externalagent/1.1 (+https://developers.facebook.com/docs/sharing/webmasters/crawler))" "-"
46.4.220.0 - - [11/Aug/2026:00:40:54 +0200] "GET /?shop/items/P52561166/ HTTP/1.1" 200 66633 cronicareinodearagon.com "-" "Mozilla/5.0 (compatible; SERankingBacklinksBot/1.0; +https://seranking.com/backlinks-crawler)" "-"
216.73.217.0 - - [11/Aug/2026:00:40:54 +0200] "GET /shop/mypage/mail-magazine?path=%2F%2Fkunden%2Fusr%2Fshare HTTP/1.1" 429 267 cronicareinodearagon.com "-" "Mozilla/5.0 AppleWebKit/537.36 (KHTML, like Gecko; compatible; ClaudeBot/1.0; +claudebot@anthropic.com)" "-"
216.73.217.0 - - [11/Aug/2026:00:40:59 +0200] "GET /shop/mypage/mail-magazine?fileloc=%2F%2Fbin%2Fxzdiff&path=%2F%2Fbin HTTP/1.1" 429 267 cronicareinodearagon.com "-" "Mozilla/5.0 AppleWebKit/537.36 (KHTML, like Gecko; compatible; ClaudeBot/1.0; +claudebot@anthropic.com)" "-"
46.4.220.0 - - [11/Aug/2026:00:41:00 +0200] "GET /?shop/items/I80088552/ HTTP/1.1" 200 66633 cronicareinodearagon.com "-" "Mozilla/5.0 (compatible; SERankingBacklinksBot/1.0; +https://seranking.com/backlinks-crawler)" "-"
2a03:2880:f800:: - - [11/Aug/2026:00:41:02 +0200] "GET /?shop/items/A63076204396/ HTTP/1.1" 429 267 cronicareinodearagon.com "-" "Mozilla/5.0 (X11; Linux x86_64) AppleWebKit/537.36 (KHTML, like Gecko) Chrome/145.0.0.0 Safari/537.36 (compatible; meta-externalagent/1.1 (+https://developers.facebook.com/docs/sharing/webmasters/crawler))" "-"
2a03:2880:f800:: - - [11/Aug/2026:00:41:03 +0200] "GET /?shop/items/W91750171966/ HTTP/1.1" 429 267 cronicareinodearagon.com "-" "Mozilla/5.0 (Macintosh; Intel Mac OS X 10_15_7) AppleWebKit/537.36 (KHTML, like Gecko) Chrome/145.0.0.0 Safari/537.36 (compatible; meta-externalagent/1.1 (+https://developers.facebook.com/docs/sharing/webmasters/crawler))" "-"
216.73.217.0 - - [11/Aug/2026:00:41:04 +0200] "GET /shop/contents/return?path=%2Fhomepages%2F20%2Fd917057205%2Fhtdocs%2Fclickandbuilds%2FCronicaReinodeAragon%2Fwp-includes%2FSimplePie HTTP/1.1" 200 19743 cronicareinodearagon.com "-" "Mozilla/5.0 AppleWebKit/537.36 (KHTML, like Gecko; compatible; ClaudeBot/1.0; +claudebot@anthropic.com)" "-"
46.4.220.0 - - [11/Aug/2026:00:41:09 +0200] "GET /?shop/items/P52561169/ HTTP/1.1" 200 66633 cronicareinodearagon.com "-" "Mozilla/5.0 (compatible; SERankingBacklinksBot/1.0; +https://seranking.com/backlinks-crawler)" "-"
216.73.217.0 - - [11/Aug/2026:00:41:09 +0200] "GET /shop/mypage/mail-magazine?path=%2F%2Fetc%2Fperl HTTP/1.1" 200 15231 cronicareinodearagon.com "-" "Mozilla/5.0 AppleWebKit/537.36 (KHTML, like Gecko; compatible; ClaudeBot/1.0; +claudebot@anthropic.com)" "-"
114.119.133.0 - - [11/Aug/2026:00:41:12 +0200] "GET /?shop/items/S4710480761/ HTTP/1.1" 200 66633 cronicareinodearagon.com "http://cronicareinodearagon.com/sitemap260.xml" "Mozilla/5.0 (Linux; Android 7.0;) AppleWebKit/537.36 (HTML, like Gecko) Mobile Safari/537.36 (compatible; PetalBot;+https://webmaster.petalsearch.com/site/petalbot)" "-"
2a03:2880:f800:: - - [11/Aug/2026:00:41:14 +0200] "GET /?shop/items/I80088146690/ HTTP/1.1" 429 267 cronicareinodearagon.com "-" "Mozilla/5.0 (Windows NT 10.0; Win64; x64) AppleWebKit/537.36 (KHTML, like Gecko) Chrome/145.0.0.0 Safari/537.36 (compatible; meta-externalagent/1.1 (+https://developers.facebook.com/docs/sharing/webmasters/crawler))" "-"
216.73.217.0 - - [11/Aug/2026:00:41:14 +0200] "GET /shop/mypage/mail-magazine?fileloc=%2F%2Fkunden%2Flib%2Fgit-core%2Fgit&path=%2F%2Fkunden%2Flib%2Fgit-core HTTP/1.1" 200 12295 cronicareinodearagon.com "-" "Mozilla/5.0 AppleWebKit/537.36 (KHTML, like Gecko; compatible; ClaudeBot/1.0; +claudebot@anthropic.com)" "-"
46.4.220.0 - - [11/Aug/2026:00:41:15 +0200] "GET /?shop/items/I80088553/ HTTP/1.1" 200 66633 cronicareinodearagon.com "-" "Mozilla/5.0 (compatible; SERankingBacklinksBot/1.0; +https://seranking.com/backlinks-crawler)" "-"
2a03:2880:f800:: - - [11/Aug/2026:00:41:16 +0200] "GET /?shop/items/S47104252891/ HTTP/1.1" 429 267 cronicareinodearagon.com "-" "Mozilla/5.0 (Windows NT 10.0; Win64; x64) AppleWebKit/537.36 (KHTML, like Gecko) Chrome/145.0.0.0 Safari/537.36 (compatible; meta-externalagent/1.1 (+https://developers.facebook.com/docs/sharing/webmasters/crawler))" "-"
2a03:2880:f800:: - - [11/Aug/2026:00:41:18 +0200] "GET /?shop/items/W91750127993/ HTTP/1.1" 429 267 cronicareinodearagon.com "-" "Mozilla/5.0 (Macintosh; Intel Mac OS X 10_15_7) AppleWebKit/537.36 (KHTML, like Gecko) Chrome/145.0.0.0 Safari/537.36 (compatible; meta-externalagent/1.1 (+https://developers.facebook.com/docs/sharing/webmasters/crawler))" "-"
216.73.217.0 - - [11/Aug/2026:00:41:19 +0200] "GET /shop/mypage/mail-magazine?fileloc=%2F%2Fbin%2Fpaste&path=%2F%2Fbin HTTP/1.1" 200 12187 cronicareinodearagon.com "-" "Mozilla/5.0 AppleWebKit/537.36 (KHTML, like Gecko; compatible; ClaudeBot/1.0; +claudebot@anthropic.com)" "-"
46.4.220.0 - - [11/Aug/2026:00:41:22 +0200] "GET /?shop/items/P52561171/ HTTP/1.1" 200 66633 cronicareinodearagon.com "-" "Mozilla/5.0 (compatible; SERankingBacklinksBot/1.0; +https://seranking.com/backlinks-crawler)" "-"
216.73.217.0 - - [11/Aug/2026:00:41:24 +0200] "GET /shop/contents/malwil_begin?path=%2Fhomepages%2F20%2Fd917057205%2Fhtdocs%2Fclickandbuilds%2FCronicaReinodeAragon%2Fwp-includes%2FRequests%2Fsrc HTTP/1.1" 200 53937 cronicareinodearagon.com "-" "Mozilla/5.0 AppleWebKit/537.36 (KHTML, like Gecko; compatible; ClaudeBot/1.0; +claudebot@anthropic.com)" "-"
207.46.13.0 - - [11/Aug/2026:00:41:27 +0200] "GET /economia/andujar-parque-fluvial-rio-guadalquivir/ HTTP/1.1" 200 66705 cronicareinodearagon.com "-" "Mozilla/5.0 AppleWebKit/537.36 (KHTML, like Gecko; compatible; bingbot/2.0; +http://www.bing.com/bingbot.htm) Chrome/116.0.1938.76 Safari/537.36" "-"
216.73.217.0 - - [11/Aug/2026:00:41:29 +0200] "GET /shop/mypage/mail-magazine?fileloc=%2F%2Fkunden%2Flib%2Fgit-core%2Fgit-repack&path=%2F%2Fkunden%2Flib%2Fgit-core HTTP/1.1" 200 12302 cronicareinodearagon.com "-" "Mozilla/5.0 AppleWebKit/537.36 (KHTML, like Gecko; compatible; ClaudeBot/1.0; +claudebot@anthropic.com)" "-"
46.4.220.0 - - [11/Aug/2026:00:41:29 +0200] "GET /?shop/items/I80088554/ HTTP/1.1" 200 66633 cronicareinodearagon.com "-" "Mozilla/5.0 (compatible; SERankingBacklinksBot/1.0; +https://seranking.com/backlinks-crawler)" "-"
2a03:2880:f800:: - - [11/Aug/2026:00:41:32 +0200] "GET /?shop/items/S40474189495/ HTTP/1.1" 200 66633 cronicareinodearagon.com "-" "Mozilla/5.0 (Macintosh; Intel Mac OS X 10_15_7) AppleWebKit/537.36 (KHTML, like Gecko) Chrome/145.0.0.0 Safari/537.36 (compatible; meta-externalagent/1.1 (+https://developers.facebook.com/docs/sharing/webmasters/crawler))" "-"
216.73.217.0 - - [11/Aug/2026:00:41:34 +0200] "GET /shop/contents/malwil_begin?path=%2Fhomepages%2F1%2Fd821041027%2Fmanaged HTTP/1.1" 200 12766 cronicareinodearagon.com "-" "Mozilla/5.0 AppleWebKit/537.36 (KHTML, like Gecko; compatible; ClaudeBot/1.0; +claudebot@anthropic.com)" "-"
2a03:2880:f800:: - - [11/Aug/2026:00:41:35 +0200] "GET /?shop/items/I49538253052/ HTTP/1.1" 200 66633 cronicareinodearagon.com "-" "Mozilla/5.0 (Windows NT 10.0; Win64; x64) AppleWebKit/537.36 (KHTML, like Gecko) Chrome/145.0.0.0 Safari/537.36 (compatible; meta-externalagent/1.1 (+https://developers.facebook.com/docs/sharing/webmasters/crawler))" "-"
46.4.220.0 - - [11/Aug/2026:00:41:36 +0200] "GET /?shop/items/P52561172/ HTTP/1.1" 200 66633 cronicareinodearagon.com "-" "Mozilla/5.0 (compatible; SERankingBacklinksBot/1.0; +https://seranking.com/backlinks-crawler)" "-"
216.73.217.0 - - [11/Aug/2026:00:41:39 +0200] "GET /shop/mypage/mail-magazine?path=%2F%2Fkunden%2Fetc%2Finit.d HTTP/1.1" 200 21283 cronicareinodearagon.com "-" "Mozilla/5.0 AppleWebKit/537.36 (KHTML, like Gecko; compatible; ClaudeBot/1.0; +claudebot@anthropic.com)" "-"
46.4.220.0 - - [11/Aug/2026:00:41:43 +0200] "GET /?shop/items/I80088555/ HTTP/1.1" 200 66633 cronicareinodearagon.com "-" "Mozilla/5.0 (compatible; SERankingBacklinksBot/1.0; +https://seranking.com/backlinks-crawler)" "-"
216.73.217.0 - - [11/Aug/2026:00:41:44 +0200] "GET /shop/mypage/mail-magazine?fileloc=%2F%2Fbin%2Fwrite&path=%2F%2Fbin HTTP/1.1" 200 12187 cronicareinodearagon.com "-" "Mozilla/5.0 AppleWebKit/537.36 (KHTML, like Gecko; compatible; ClaudeBot/1.0; +claudebot@anthropic.com)" "-"
216.73.217.0 - - [11/Aug/2026:00:41:49 +0200] "GET /shop/mypage/mail-magazine?path=%2F%2Fetc%2Fpam.d HTTP/1.1" 200 36592 cronicareinodearagon.com "-" "Mozilla/5.0 AppleWebKit/537.36 (KHTML, like Gecko; compatible; ClaudeBot/1.0; +claudebot@anthropic.com)" "-"
2a03:2880:f800:: - - [11/Aug/2026:00:41:50 +0200] "GET /?shop/items/A63076113311/ HTTP/1.1" 200 66633 cronicareinodearagon.com "-" "Mozilla/5.0 (Macintosh; Intel Mac OS X 10_15_7) AppleWebKit/537.36 (KHTML, like Gecko) Chrome/145.0.0.0 Safari/537.36 (compatible; meta-externalagent/1.1 (+https://developers.facebook.com/docs/sharing/webmasters/crawler))" "-"
46.4.220.0 - - [11/Aug/2026:00:41:50 +0200] "GET /?shop/items/P52561173/ HTTP/1.1" 200 66633 cronicareinodearagon.com "-" "Mozilla/5.0 (compatible; SERankingBacklinksBot/1.0; +https://seranking.com/backlinks-crawler)" "-"
216.73.217.0 - - [11/Aug/2026:00:41:54 +0200] "GET /shop/mypage/mail-magazine?fileloc=%2F%2Fkunden%2Flib%2Fgit-core%2Fgit-remote&path=%2F%2Fkunden%2Flib%2Fgit-core HTTP/1.1" 200 12302 cronicareinodearagon.com "-" "Mozilla/5.0 AppleWebKit/537.36 (KHTML, like Gecko; compatible; ClaudeBot/1.0; +claudebot@anthropic.com)" "-"
46.4.220.0 - - [11/Aug/2026:00:41:57 +0200] "GET /?shop/items/I80088556/ HTTP/1.1" 200 66633 cronicareinodearagon.com "-" "Mozilla/5.0 (compatible; SERankingBacklinksBot/1.0; +https://seranking.com/backlinks-crawler)" "-"
74.7.227.0 - - [11/Aug/2026:00:41:59 +0200] "GET /?fileloc=//kunden/bin/lexgrog&path=//kunden/bin HTTP/1.1" 200 12239 cronicareinodearagon.com "https://cronicareinodearagon.com/?path=//kunden/bin" "Mozilla/5.0 AppleWebKit/537.36 (KHTML, like Gecko; compatible; GPTBot/1.4; +https://openai.com/gptbot)" "-"
216.73.217.0 - - [11/Aug/2026:00:41:59 +0200] "GET /shop/mypage/mail-magazine?fileloc=%2F%2Fkunden%2Flib%2Fgit-core%2Fgit-cherry&path=%2F%2Fkunden%2Flib%2Fgit-core HTTP/1.1" 200 12302 cronicareinodearagon.com "-" "Mozilla/5.0 AppleWebKit/537.36 (KHTML, like Gecko; compatible; ClaudeBot/1.0; +claudebot@anthropic.com)" "-"
66.249.65.0 - - [11/Aug/2026:00:42:00 +0200] "GET /?shop/items/P52561236780/ HTTP/1.1" 200 66633 cronicareinodearagon.com "-" "Mozilla/5.0 (Linux; Android 6.0.1; Nexus 5X Build/MMB29P) AppleWebKit/537.36 (KHTML, like Gecko) Chrome/150.0.7871.186 Mobile Safari/537.36 (compatible; Googlebot/2.1; +http://www.google.com/bot.html)" "-"
87.250.224.0 - - [11/Aug/2026:00:42:01 +0200] "GET /robots.txt HTTP/1.1" 429 267 cronicareinodearagon.com "-" "Mozilla/5.0 (compatible; YandexBot/3.0; +http://yandex.com/bots)" "-"
2a03:2880:f800:: - - [11/Aug/2026:00:42:03 +0200] "GET /?shop/items/S47104184027/ HTTP/1.1" 200 66633 cronicareinodearagon.com "-" "Mozilla/5.0 (Macintosh; Intel Mac OS X 10_15_7) AppleWebKit/537.36 (KHTML, like Gecko) Chrome/145.0.0.0 Safari/537.36 (compatible; meta-externalagent/1.1 (+https://developers.facebook.com/docs/sharing/webmasters/crawler))" "-"
46.4.220.0 - - [11/Aug/2026:00:42:04 +0200] "GET /?shop/items/A63076109/ HTTP/1.1" 200 66633 cronicareinodearagon.com "-" "Mozilla/5.0 (compatible; SERankingBacklinksBot/1.0; +https://seranking.com/backlinks-crawler)" "-"
216.73.217.0 - - [11/Aug/2026:00:42:04 +0200] "GET /shop/login?path=%2Fhomepages%2F20%2Fd917057205 HTTP/1.1" 200 34379 cronicareinodearagon.com "-" "Mozilla/5.0 AppleWebKit/537.36 (KHTML, like Gecko; compatible; ClaudeBot/1.0; +claudebot@anthropic.com)" "-"
216.73.217.0 - - [11/Aug/2026:00:42:09 +0200] "GET /shop/mypage/mail-magazine?path=%2F%2Fkunden%2Ftmp-private HTTP/1.1" 200 12664 cronicareinodearagon.com "-" "Mozilla/5.0 AppleWebKit/537.36 (KHTML, like Gecko; compatible; ClaudeBot/1.0; +claudebot@anthropic.com)" "-"
46.4.220.0 - - [11/Aug/2026:00:42:10 +0200] "GET /?shop/items/I80088558/ HTTP/1.1" 200 66633 cronicareinodearagon.com "-" "Mozilla/5.0 (compatible; SERankingBacklinksBot/1.0; +https://seranking.com/backlinks-crawler)" "-"
66.249.90.0 - - [11/Aug/2026:00:42:11 +0200] "GET /category/educacion/feed/ HTTP/1.1" 200 66705 cronicareinodearagon.com "-" "FeedFetcher-Google; (+http://www.google.com/feedfetcher.html)" "-"
216.73.217.0 - - [11/Aug/2026:00:42:14 +0200] "GET /shop/mypage/mail-magazine?path=%2F%2Fkunden%2Flib%2Fsystemd%2Fuser HTTP/1.1" 200 27713 cronicareinodearagon.com "-" "Mozilla/5.0 AppleWebKit/537.36 (KHTML, like Gecko; compatible; ClaudeBot/1.0; +claudebot@anthropic.com)" "-"
2a03:2880:f800:: - - [11/Aug/2026:00:42:14 +0200] "GET /?shop/items/W91750127140/ HTTP/1.1" 200 66633 cronicareinodearagon.com "-" "Mozilla/5.0 (Macintosh; Intel Mac OS X 10_15_7) AppleWebKit/537.36 (KHTML, like Gecko) Chrome/145.0.0.0 Safari/537.36 (compatible; meta-externalagent/1.1 (+https://developers.facebook.com/docs/sharing/webmasters/crawler))" "-"
46.4.220.0 - - [11/Aug/2026:00:42:16 +0200] "GET /?shop/items/A63076110/ HTTP/1.1" 200 66633 cronicareinodearagon.com "-" "Mozilla/5.0 (compatible; SERankingBacklinksBot/1.0; +https://seranking.com/backlinks-crawler)" "-"
216.73.217.0 - - [11/Aug/2026:00:42:19 +0200] "GET /shop/mypage/mail-magazine?fileloc=%2F%2Fbin%2Fmd5sum.textutils&path=%2F%2Fbin HTTP/1.1" 200 12198 cronicareinodearagon.com "-" "Mozilla/5.0 AppleWebKit/537.36 (KHTML, like Gecko; compatible; ClaudeBot/1.0; +claudebot@anthropic.com)" "-"
46.4.220.0 - - [11/Aug/2026:00:42:24 +0200] "GET /?shop/items/I80088559/ HTTP/1.1" 200 66633 cronicareinodearagon.com "-" "Mozilla/5.0 (compatible; SERankingBacklinksBot/1.0; +https://seranking.com/backlinks-crawler)" "-"
2a03:2880:f800:: - - [11/Aug/2026:00:42:25 +0200] "GET /?shop/items/I49538107836/ HTTP/1.1" 200 66633 cronicareinodearagon.com "-" "Mozilla/5.0 (Windows NT 10.0; Win64; x64) AppleWebKit/537.36 (KHTML, like Gecko) Chrome/145.0.0.0 Safari/537.36 (compatible; meta-externalagent/1.1 (+https://developers.facebook.com/docs/sharing/webmasters/crawler))" "-"
216.73.217.0 - - [11/Aug/2026:00:42:25 +0200] "GET /shop/mypage/mail-magazine?path=%2F%2Fkunden%2Fetc%2Flogcheck HTTP/1.1" 200 14075 cronicareinodearagon.com "-" "Mozilla/5.0 AppleWebKit/537.36 (KHTML, like Gecko; compatible; ClaudeBot/1.0; +claudebot@anthropic.com)" "-"
216.73.217.0 - - [11/Aug/2026:00:42:30 +0200] "GET /shop/mypage/mail-magazine?fileloc=%2F%2Fbin%2Fdh_autotools-dev_restoreconfig&path=%2F%2Fbin HTTP/1.1" 200 14198 cronicareinodearagon.com "-" "Mozilla/5.0 AppleWebKit/537.36 (KHTML, like Gecko; compatible; ClaudeBot/1.0; +claudebot@anthropic.com)" "-"
114.119.134.0 - - [11/Aug/2026:00:42:30 +0200] "GET /?shop/items/S4710480435/ HTTP/1.1" 200 66633 cronicareinodearagon.com "http://cronicareinodearagon.com/sitemap260.xml" "Mozilla/5.0 (Linux; Android 7.0;) AppleWebKit/537.36 (HTML, like Gecko) Mobile Safari/537.36 (compatible; PetalBot;+https://webmaster.petalsearch.com/site/petalbot)" "-"
46.4.220.0 - - [11/Aug/2026:00:42:31 +0200] "GET /?shop/items/A63076111/ HTTP/1.1" 200 66633 cronicareinodearagon.com "-" "Mozilla/5.0 (compatible; SERankingBacklinksBot/1.0; +https://seranking.com/backlinks-crawler)" "-"
2a03:2880:f800:: - - [11/Aug/2026:00:42:34 +0200] "GET /?shop/items/S47104135369/ HTTP/1.1" 200 66633 cronicareinodearagon.com "-" "Mozilla/5.0 (Windows NT 10.0; Win64; x64) AppleWebKit/537.36 (KHTML, like Gecko) Chrome/145.0.0.0 Safari/537.36 (compatible; meta-externalagent/1.1 (+https://developers.facebook.com/docs/sharing/webmasters/crawler))" "-"
216.73.217.0 - - [11/Aug/2026:00:42:35 +0200] "GET /shop/contents/malwil_begin?path=%2Fhomepages%2F22%2Fd823085454 HTTP/1.1" 200 28697 cronicareinodearagon.com "-" "Mozilla/5.0 AppleWebKit/537.36 (KHTML, like Gecko; compatible; ClaudeBot/1.0; +claudebot@anthropic.com)" "-"
46.4.220.0 - - [11/Aug/2026:00:42:38 +0200] "GET /?shop/items/I80088561/ HTTP/1.1" 200 66633 cronicareinodearagon.com "-" "Mozilla/5.0 (compatible; SERankingBacklinksBot/1.0; +https://seranking.com/backlinks-crawler)" "-"
216.73.217.0 - - [11/Aug/2026:00:42:40 +0200] "GET /shop/mypage/mail-magazine?fileloc=%2F%2Fkunden%2Fbin%2Fui-sqlmapper&path=%2F%2Fkunden%2Fbin HTTP/1.1" 429 267 cronicareinodearagon.com "-" "Mozilla/5.0 AppleWebKit/537.36 (KHTML, like Gecko; compatible; ClaudeBot/1.0; +claudebot@anthropic.com)" "-"
2a03:2880:f800:: - - [11/Aug/2026:00:42:42 +0200] "GET /?shop/items/S40474212168/ HTTP/1.1" 200 66633 cronicareinodearagon.com "-" "Mozilla/5.0 (Macintosh; Intel Mac OS X 10_15_7) AppleWebKit/537.36 (KHTML, like Gecko) Chrome/145.0.0.0 Safari/537.36 (compatible; meta-externalagent/1.1 (+https://developers.facebook.com/docs/sharing/webmasters/crawler))" "-"
216.73.217.0 - - [11/Aug/2026:00:42:45 +0200] "GET /shop/mypage/mail-magazine?fileloc=%2F%2Fbin%2Fx86_64-linux-gnu-gcc&path=%2F%2Fbin HTTP/1.1" 429 267 cronicareinodearagon.com "-" "Mozilla/5.0 AppleWebKit/537.36 (KHTML, like Gecko; compatible; ClaudeBot/1.0; +claudebot@anthropic.com)" "-"
46.4.220.0 - - [11/Aug/2026:00:42:48 +0200] "GET /?shop/items/A63076112/ HTTP/1.1" 200 66633 cronicareinodearagon.com "-" "Mozilla/5.0 (compatible; SERankingBacklinksBot/1.0; +https://seranking.com/backlinks-crawler)" "-"
2a03:2880:f800:: - - [11/Aug/2026:00:42:49 +0200] "GET /?shop/items/W9175058382/ HTTP/1.1" 200 66633 cronicareinodearagon.com "-" "Mozilla/5.0 (Windows NT 10.0; Win64; x64) AppleWebKit/537.36 (KHTML, like Gecko) Chrome/145.0.0.0 Safari/537.36 (compatible; meta-externalagent/1.1 (+https://developers.facebook.com/docs/sharing/webmasters/crawler))" "-"
216.73.217.0 - - [11/Aug/2026:00:42:50 +0200] "GET /shop/mypage/mail-magazine?fileloc=%2F%2Fbin%2Fdwp&path=%2F%2Fbin HTTP/1.1" 429 267 cronicareinodearagon.com "-" "Mozilla/5.0 AppleWebKit/537.36 (KHTML, like Gecko; compatible; ClaudeBot/1.0; +claudebot@anthropic.com)" "-"
66.249.65.0 - - [11/Aug/2026:00:42:53 +0200] "GET /detail.php?shop/items/W5654699064/ HTTP/1.1" 200 199379 cronicareinodearagon.com "-" "Mozilla/5.0 (Linux; Android 6.0.1; Nexus 5X Build/MMB29P) AppleWebKit/537.36 (KHTML, like Gecko) Chrome/150.0.7871.186 Mobile Safari/537.36 (compatible; GoogleOther)" "-"
216.73.217.0 - - [11/Aug/2026:00:42:55 +0200] "GET /shop/mypage/mail-magazine?fileloc=%2F%2Fbin%2Fpygettext3.9&path=%2F%2Fbin HTTP/1.1" 429 267 cronicareinodearagon.com "-" "Mozilla/5.0 AppleWebKit/537.36 (KHTML, like Gecko; compatible; ClaudeBot/1.0; +claudebot@anthropic.com)" "-"
46.4.220.0 - - [11/Aug/2026:00:42:56 +0200] "GET /?shop/items/I80088562/ HTTP/1.1" 200 66633 cronicareinodearagon.com "-" "Mozilla/5.0 (compatible; SERankingBacklinksBot/1.0; +https://seranking.com/backlinks-crawler)" "-"
2a03:2880:f800:: - - [11/Aug/2026:00:42:57 +0200] "GET /?shop/items/P52561119492/ HTTP/1.1" 200 66633 cronicareinodearagon.com "-" "Mozilla/5.0 (Windows NT 10.0; Win64; x64) AppleWebKit/537.36 (KHTML, like Gecko) Chrome/145.0.0.0 Safari/537.36 Edg/145.0.0.0 (compatible; meta-externalagent/1.1 (+https://developers.facebook.com/docs/sharing/webmasters/crawler))" "-"
74.7.227.0 - - [11/Aug/2026:00:43:00 +0200] "GET /?fileloc=//kunden/bin/savelog&path=//kunden/bin HTTP/1.1" 429 267 cronicareinodearagon.com "https://cronicareinodearagon.com/?path=//kunden/bin" "Mozilla/5.0 AppleWebKit/537.36 (KHTML, like Gecko; compatible; GPTBot/1.4; +https://openai.com/gptbot)" "-"
216.73.217.0 - - [11/Aug/2026:00:43:00 +0200] "GET /shop/mypage/mail-magazine?fileloc=%2F%2Fbin%2Fdebconf-apt-progress&path=%2F%2Fbin HTTP/1.1" 429 267 cronicareinodearagon.com "-" "Mozilla/5.0 AppleWebKit/537.36 (KHTML, like Gecko; compatible; ClaudeBot/1.0; +claudebot@anthropic.com)" "-"
46.4.220.0 - - [11/Aug/2026:00:43:02 +0200] "GET /?shop/items/A63076113/ HTTP/1.1" 200 66633 cronicareinodearagon.com "-" "Mozilla/5.0 (compatible; SERankingBacklinksBot/1.0; +https://seranking.com/backlinks-crawler)" "-"
2a03:2880:f800:: - - [11/Aug/2026:00:43:04 +0200] "GET /?shop/items/A63076178096/ HTTP/1.1" 200 66633 cronicareinodearagon.com "-" "Mozilla/5.0 (X11; Linux x86_64; rv:147.0) Gecko/20100101 Firefox/147.0 (compatible; meta-externalagent/1.1 (+https://developers.facebook.com/docs/sharing/webmasters/crawler))" "-"
216.73.217.0 - - [11/Aug/2026:00:43:05 +0200] "GET /shop/contents/shipping?path=%2Fhomepages%2F20%2Fd917057205%2Fhtdocs%2Fclickandbuilds%2FCronicaReinodeAragon%2Fwp-includes%2Fjs%2Fcodemirror HTTP/1.1" 429 267 cronicareinodearagon.com "-" "Mozilla/5.0 AppleWebKit/537.36 (KHTML, like Gecko; compatible; ClaudeBot/1.0; +claudebot@anthropic.com)" "-"
46.4.220.0 - - [11/Aug/2026:00:43:08 +0200] "GET /?shop/items/I80088563/ HTTP/1.1" 200 66633 cronicareinodearagon.com "-" "Mozilla/5.0 (compatible; SERankingBacklinksBot/1.0; +https://seranking.com/backlinks-crawler)" "-"
216.73.217.0 - - [11/Aug/2026:00:43:10 +0200] "GET /shop/contents/return?path=%2Fhomepages%2F20%2Fd917057205%2Fhtdocs%2Fclickandbuilds%2FCronicaReinodeAragon%2Fwp-includes%2FID3 HTTP/1.1" 429 267 cronicareinodearagon.com "-" "Mozilla/5.0 AppleWebKit/537.36 (KHTML, like Gecko; compatible; ClaudeBot/1.0; +claudebot@anthropic.com)" "-"
2a03:2880:f800:: - - [11/Aug/2026:00:43:10 +0200] "GET /?shop/items/A63076278114/ HTTP/1.1" 200 66633 cronicareinodearagon.com "-" "Mozilla/5.0 (Macintosh; Intel Mac OS X 10_15_7) AppleWebKit/537.36 (KHTML, like Gecko) Chrome/145.0.0.0 Safari/537.36 (compatible; meta-externalagent/1.1 (+https://developers.facebook.com/docs/sharing/webmasters/crawler))" "-"
20.194.1.0 - - [11/Aug/2026:00:43:15 +0200] "GET /?shop/items/P52561101199/= HTTP/1.1" 429 267 cronicareinodearagon.com "-" "Mozilla/5.0 AppleWebKit/537.36 (KHTML, like Gecko); compatible; ChatGPT-User/1.0; +https://openai.com/bot" "-"
216.73.217.0 - - [11/Aug/2026:00:43:15 +0200] "GET /shop/mypage/mail-magazine?fileloc=%2F%2Fkunden%2Flib%2Fgit-core%2Fgit-whatchanged&path=%2F%2Fkunden%2Flib%2Fgit-core HTTP/1.1" 429 267 cronicareinodearagon.com "-" "Mozilla/5.0 AppleWebKit/537.36 (KHTML, like Gecko; compatible; ClaudeBot/1.0; +claudebot@anthropic.com)" "-"
46.4.220.0 - - [11/Aug/2026:00:43:15 +0200] "GET /?shop/items/A63076114/ HTTP/1.1" 200 66633 cronicareinodearagon.com "-" "Mozilla/5.0 (compatible; SERankingBacklinksBot/1.0; +https://seranking.com/backlinks-crawler)" "-"
2a03:2880:f800:: - - [11/Aug/2026:00:43:16 +0200] "GET /?shop/items/Q8625861602/ HTTP/1.1" 200 66633 cronicareinodearagon.com "-" "Mozilla/5.0 (Macintosh; Intel Mac OS X 10_15_7) AppleWebKit/537.36 (KHTML, like Gecko) Chrome/145.0.0.0 Safari/537.36 (compatible; meta-externalagent/1.1 (+https://developers.facebook.com/docs/sharing/webmasters/crawler))" "-"
216.73.217.0 - - [11/Aug/2026:00:43:20 +0200] "GET /shop/contents/malwil_begin?path=%2Fhomepages%2F29%2Fd822835797 HTTP/1.1" 429 267 cronicareinodearagon.com "-" "Mozilla/5.0 AppleWebKit/537.36 (KHTML, like Gecko; compatible; ClaudeBot/1.0; +claudebot@anthropic.com)" "-"
46.4.220.0 - - [11/Aug/2026:00:43:22 +0200] "GET /?shop/items/I80088566/ HTTP/1.1" 200 66633 cronicareinodearagon.com "-" "Mozilla/5.0 (compatible; SERankingBacklinksBot/1.0; +https://seranking.com/backlinks-crawler)" "-"
2a03:2880:f800:: - - [11/Aug/2026:00:43:22 +0200] "GET /?shop/items/P5256162682/ HTTP/1.1" 200 66633 cronicareinodearagon.com "-" "Mozilla/5.0 (Windows NT 10.0; Win64; x64) AppleWebKit/537.36 (KHTML, like Gecko) Chrome/145.0.0.0 Safari/537.36 (compatible; meta-externalagent/1.1 (+https://developers.facebook.com/docs/sharing/webmasters/crawler))" "-"
216.73.217.0 - - [11/Aug/2026:00:43:25 +0200] "GET /shop/commodity/ordered-list/SIEI1551D/I03839DU00014?path=%2Fhomepages%2F1 HTTP/1.1" 429 267 cronicareinodearagon.com "-" "Mozilla/5.0 AppleWebKit/537.36 (KHTML, like Gecko; compatible; ClaudeBot/1.0; +claudebot@anthropic.com)" "-"
2a03:2880:f800:: - - [11/Aug/2026:00:43:27 +0200] "GET /?shop/items/A63076147719/ HTTP/1.1" 200 66633 cronicareinodearagon.com "-" "Mozilla/5.0 (Macintosh; Intel Mac OS X 10_15_7) AppleWebKit/537.36 (KHTML, like Gecko) Chrome/145.0.0.0 Safari/537.36 (compatible; meta-externalagent/1.1 (+https://developers.facebook.com/docs/sharing/webmasters/crawler))" "-"
46.4.220.0 - - [11/Aug/2026:00:43:29 +0200] "GET /?shop/items/A63076115/ HTTP/1.1" 200 66633 cronicareinodearagon.com "-" "Mozilla/5.0 (compatible; SERankingBacklinksBot/1.0; +https://seranking.com/backlinks-crawler)" "-"
216.73.217.0 - - [11/Aug/2026:00:43:30 +0200] "GET /shop/contents/malwil_begin?path=%2Fhomepages%2F46%2Fd825638377 HTTP/1.1" 429 267 cronicareinodearagon.com "-" "Mozilla/5.0 AppleWebKit/537.36 (KHTML, like Gecko; compatible; ClaudeBot/1.0; +claudebot@anthropic.com)" "-"
2a03:2880:f800:: - - [11/Aug/2026:00:43:32 +0200] "GET /?shop/items/W91750135505/ HTTP/1.1" 200 66633 cronicareinodearagon.com "-" "Mozilla/5.0 (Macintosh; Intel Mac OS X 10_15_7) AppleWebKit/537.36 (KHTML, like Gecko) Chrome/145.0.0.0 Safari/537.36 (compatible; meta-externalagent/1.1 (+https://developers.facebook.com/docs/sharing/webmasters/crawler))" "-"
216.73.217.0 - - [11/Aug/2026:00:43:35 +0200] "GET /shop/mypage/mail-magazine?fileloc=%2F%2Fbin%2Fpkg-config&path=%2F%2Fbin HTTP/1.1" 429 267 cronicareinodearagon.com "-" "Mozilla/5.0 AppleWebKit/537.36 (KHTML, like Gecko; compatible; ClaudeBot/1.0; +claudebot@anthropic.com)" "-"
46.4.220.0 - - [11/Aug/2026:00:43:35 +0200] "GET /?shop/items/I80088567/ HTTP/1.1" 200 66633 cronicareinodearagon.com "-" "Mozilla/5.0 (compatible; SERankingBacklinksBot/1.0; +https://seranking.com/backlinks-crawler)" "-"
2a03:2880:f800:: - - [11/Aug/2026:00:43:37 +0200] "GET /?shop/items/P5256120236/ HTTP/1.1" 200 66633 cronicareinodearagon.com "-" "Mozilla/5.0 (Windows NT 10.0; Win64; x64) AppleWebKit/537.36 (KHTML, like Gecko) Chrome/145.0.0.0 Safari/537.36 (compatible; meta-externalagent/1.1 (+https://developers.facebook.com/docs/sharing/webmasters/crawler))" "-"
216.73.217.0 - - [11/Aug/2026:00:43:40 +0200] "GET /shop/contents/return?path=%2Fhomepages%2F20%2Fd917057205%2Fhtdocs%2Fclickandbuilds%2FCronicaReinodeAragon%2Fwp-includes%2Fassets HTTP/1.1" 200 31172 cronicareinodearagon.com "-" "Mozilla/5.0 AppleWebKit/537.36 (KHTML, like Gecko; compatible; ClaudeBot/1.0; +claudebot@anthropic.com)" "-"
2a03:2880:f800:: - - [11/Aug/2026:00:43:41 +0200] "GET /?shop/items/S4047411869/ HTTP/1.1" 200 66633 cronicareinodearagon.com "-" "Mozilla/5.0 (Windows NT 10.0; Win64; x64) AppleWebKit/537.36 (KHTML, like Gecko) Chrome/145.0.0.0 Safari/537.36 (compatible; meta-externalagent/1.1 (+https://developers.facebook.com/docs/sharing/webmasters/crawler))" "-"
46.4.220.0 - - [11/Aug/2026:00:43:42 +0200] "GET /?shop/items/A63076116/ HTTP/1.1" 200 66633 cronicareinodearagon.com "-" "Mozilla/5.0 (compatible; SERankingBacklinksBot/1.0; +https://seranking.com/backlinks-crawler)" "-"
216.73.217.0 - - [11/Aug/2026:00:43:45 +0200] "GET /shop/contents/shipping?path=%2Fhomepages%2F3%2Fd707967536%2Fmanaged HTTP/1.1" 200 12766 cronicareinodearagon.com "-" "Mozilla/5.0 AppleWebKit/537.36 (KHTML, like Gecko; compatible; ClaudeBot/1.0; +claudebot@anthropic.com)" "-"
114.119.141.0 - - [11/Aug/2026:00:43:46 +0200] "GET /?shop/items/S4710480150/ HTTP/1.1" 200 66633 cronicareinodearagon.com "http://cronicareinodearagon.com/sitemap260.xml" "Mozilla/5.0 (Linux; Android 7.0;) AppleWebKit/537.36 (HTML, like Gecko) Mobile Safari/537.36 (compatible; PetalBot;+https://webmaster.petalsearch.com/site/petalbot)" "-"
2a03:2880:f800:: - - [11/Aug/2026:00:43:46 +0200] "GET /?shop/items/A63076105302/ HTTP/1.1" 200 66633 cronicareinodearagon.com "-" "Mozilla/5.0 (Windows NT 10.0; Win64; x64) AppleWebKit/537.36 (KHTML, like Gecko) Chrome/145.0.0.0 Safari/537.36 Edg/145.0.0.0 (compatible; meta-externalagent/1.1 (+https://developers.facebook.com/docs/sharing/webmasters/crawler))" "-"
46.4.220.0 - - [11/Aug/2026:00:43:48 +0200] "GET /?shop/items/I80088568/ HTTP/1.1" 200 66633 cronicareinodearagon.com "-" "Mozilla/5.0 (compatible; SERankingBacklinksBot/1.0; +https://seranking.com/backlinks-crawler)" "-"
216.73.217.0 - - [11/Aug/2026:00:43:50 +0200] "GET /shop/contents/shipping?path=%2Fhomepages%2F3%2Fd746084630%2Fmanaged HTTP/1.1" 200 12766 cronicareinodearagon.com "-" "Mozilla/5.0 AppleWebKit/537.36 (KHTML, like Gecko; compatible; ClaudeBot/1.0; +claudebot@anthropic.com)" "-"
2a03:2880:f800:: - - [11/Aug/2026:00:43:51 +0200] "GET /?shop/items/W9175079045/ HTTP/1.1" 200 66633 cronicareinodearagon.com "-" "Mozilla/5.0 (Windows NT 10.0; Win64; x64) AppleWebKit/537.36 (KHTML, like Gecko) Chrome/145.0.0.0 Safari/537.36 Edg/145.0.0.0 (compatible; meta-externalagent/1.1 (+https://developers.facebook.com/docs/sharing/webmasters/crawler))" "-"
2a03:2880:f800:: - - [11/Aug/2026:00:43:54 +0200] "GET /?shop/items/I80088280772/ HTTP/1.1" 429 267 cronicareinodearagon.com "-" "Mozilla/5.0 (Windows NT 10.0; Win64; x64) AppleWebKit/537.36 (KHTML, like Gecko) Chrome/145.0.0.0 Safari/537.36 (compatible; meta-externalagent/1.1 (+https://developers.facebook.com/docs/sharing/webmasters/crawler))" "-"
216.73.217.0 - - [11/Aug/2026:00:43:55 +0200] "GET /shop/mypage/mail-magazine?fileloc=%2F%2Fbin%2Flogresolve&path=%2F%2Fbin HTTP/1.1" 200 12192 cronicareinodearagon.com "-" "Mozilla/5.0 AppleWebKit/537.36 (KHTML, like Gecko; compatible; ClaudeBot/1.0; +claudebot@anthropic.com)" "-"
46.4.220.0 - - [11/Aug/2026:00:43:55 +0200] "GET /?shop/items/A63076117/ HTTP/1.1" 200 66633 cronicareinodearagon.com "-" "Mozilla/5.0 (compatible; SERankingBacklinksBot/1.0; +https://seranking.com/backlinks-crawler)" "-"
74.7.227.0 - - [11/Aug/2026:00:43:55 +0200] "GET /?fileloc=//kunden/bin/lzfgrep&path=//kunden/bin HTTP/1.1" 200 18956 cronicareinodearagon.com "http://cronicareinodearagon.com/?path=//kunden/bin" "Mozilla/5.0 AppleWebKit/537.36 (KHTML, like Gecko; compatible; GPTBot/1.4; +https://openai.com/gptbot)" "-"
2a03:2880:f800:: - - [11/Aug/2026:00:43:58 +0200] "GET /?shop/items/I49538268352/ HTTP/1.1" 429 267 cronicareinodearagon.com "-" "Mozilla/5.0 (Macintosh; Intel Mac OS X 10_15_7) AppleWebKit/537.36 (KHTML, like Gecko) Chrome/145.0.0.0 Safari/537.36 (compatible; meta-externalagent/1.1 (+https://developers.facebook.com/docs/sharing/webmasters/crawler))" "-"
2a03:2880:f800:: - - [11/Aug/2026:00:43:59 +0200] "GET /?shop/items/S4710460281/ HTTP/1.1" 429 267 cronicareinodearagon.com "-" "Mozilla/5.0 (Windows NT 10.0; Win64; x64) AppleWebKit/537.36 (KHTML, like Gecko) Chrome/145.0.0.0 Safari/537.36 Edg/145.0.0.0 (compatible; meta-externalagent/1.1 (+https://developers.facebook.com/docs/sharing/webmasters/crawler))" "-"
216.73.217.0 - - [11/Aug/2026:00:44:00 +0200] "GET /shop/mypage/mail-magazine?fileloc=%2F%2Fbin%2Feditor&path=%2F%2Fbin HTTP/1.1" 200 12188 cronicareinodearagon.com "-" "Mozilla/5.0 AppleWebKit/537.36 (KHTML, like Gecko; compatible; ClaudeBot/1.0; +claudebot@anthropic.com)" "-"
46.4.220.0 - - [11/Aug/2026:00:44:01 +0200] "GET /?shop/items/I80088569/ HTTP/1.1" 200 66633 cronicareinodearagon.com "-" "Mozilla/5.0 (compatible; SERankingBacklinksBot/1.0; +https://seranking.com/backlinks-crawler)" "-"
2a03:2880:f800:: - - [11/Aug/2026:00:44:03 +0200] "GET /?shop/items/W91750103830/ HTTP/1.1" 429 267 cronicareinodearagon.com "-" "Mozilla/5.0 (Windows NT 10.0; Win64; x64) AppleWebKit/537.36 (KHTML, like Gecko) Chrome/145.0.0.0 Safari/537.36 (compatible; meta-externalagent/1.1 (+https://developers.facebook.com/docs/sharing/webmasters/crawler))" "-"
2a03:2880:f800:: - - [11/Aug/2026:00:44:04 +0200] "GET /?shop/items/Y2688294373/ HTTP/1.1" 429 267 cronicareinodearagon.com "-" "Mozilla/5.0 (Windows NT 10.0; Win64; x64) AppleWebKit/537.36 (KHTML, like Gecko) Chrome/146.0.0.0 Safari/537.36 Edg/146.0.0.0 (compatible; meta-externalagent/1.1 (+https://developers.facebook.com/docs/sharing/webmasters/crawler))" "-"
216.73.217.0 - - [11/Aug/2026:00:44:05 +0200] "GET /shop/contents/malwil_begin?path=%2Fhomepages%2F29%2Fd828535064 HTTP/1.1" 200 28697 cronicareinodearagon.com "-" "Mozilla/5.0 AppleWebKit/537.36 (KHTML, like Gecko; compatible; ClaudeBot/1.0; +claudebot@anthropic.com)" "-"
46.4.220.0 - - [11/Aug/2026:00:44:08 +0200] "GET /?shop/items/A63076119/ HTTP/1.1" 200 66633 cronicareinodearagon.com "-" "Mozilla/5.0 (compatible; SERankingBacklinksBot/1.0; +https://seranking.com/backlinks-crawler)" "-"
2a03:2880:f800:: - - [11/Aug/2026:00:44:09 +0200] "GET /?shop/items/G38512255907/ HTTP/1.1" 429 267 cronicareinodearagon.com "-" "Mozilla/5.0 (Macintosh; Intel Mac OS X 10_15_7) AppleWebKit/537.36 (KHTML, like Gecko) Chrome/145.0.0.0 Safari/537.36 (compatible; meta-externalagent/1.1 (+https://developers.facebook.com/docs/sharing/webmasters/crawler))" "-"
216.73.217.0 - - [11/Aug/2026:00:44:10 +0200] "GET /shop/contents/shipping?path=%2Fhomepages%2F20%2Fd917057205%2Fhtdocs%2Fclickandbuilds%2FCronicaReinodeAragon%2Fwp-includes%2Fcss HTTP/1.1" 200 89899 cronicareinodearagon.com "-" "Mozilla/5.0 AppleWebKit/537.36 (KHTML, like Gecko; compatible; ClaudeBot/1.0; +claudebot@anthropic.com)" "-"
2a03:2880:f800:: - - [11/Aug/2026:00:44:10 +0200] "GET /?shop/items/I80088217150/ HTTP/1.1" 429 267 cronicareinodearagon.com "-" "Mozilla/5.0 (Macintosh; Intel Mac OS X 10_15_7) AppleWebKit/537.36 (KHTML, like Gecko) Chrome/145.0.0.0 Safari/537.36 (compatible; meta-externalagent/1.1 (+https://developers.facebook.com/docs/sharing/webmasters/crawler))" "-"
2a03:2880:f800:: - - [11/Aug/2026:00:44:11 +0200] "GET /?shop/items/I8008893363/ HTTP/1.1" 429 267 cronicareinodearagon.com "-" "Mozilla/5.0 (Windows NT 10.0; Win64; x64) AppleWebKit/537.36 (KHTML, like Gecko) Chrome/145.0.0.0 Safari/537.36 (compatible; meta-externalagent/1.1 (+https://developers.facebook.com/docs/sharing/webmasters/crawler))" "-"
46.4.220.0 - - [11/Aug/2026:00:44:14 +0200] "GET /?shop/items/I80088570/ HTTP/1.1" 200 66633 cronicareinodearagon.com "-" "Mozilla/5.0 (compatible; SERankingBacklinksBot/1.0; +https://seranking.com/backlinks-crawler)" "-"
216.73.217.0 - - [11/Aug/2026:00:44:15 +0200] "GET /shop/mypage/mail-magazine?path=%2Fhomepages%2F20%2Fd917057205%2Fhtdocs%2Fclickandbuilds%2FCronicaReinodeAragon%2Fwp-includes%2Finteractivity-api HTTP/1.1" 200 18794 cronicareinodearagon.com "-" "Mozilla/5.0 AppleWebKit/537.36 (KHTML, like Gecko; compatible; ClaudeBot/1.0; +claudebot@anthropic.com)" "-"
2a03:2880:f800:: - - [11/Aug/2026:00:44:19 +0200] "GET /?shop/items/I49538165363/ HTTP/1.1" 429 267 cronicareinodearagon.com "-" "Mozilla/5.0 (Windows NT 10.0; Win64; x64) AppleWebKit/537.36 (KHTML, like Gecko) Chrome/145.0.0.0 Safari/537.36 (compatible; meta-externalagent/1.1 (+https://developers.facebook.com/docs/sharing/webmasters/crawler))" "-"
