222.79.103.0 - - [06/Jan/2024:05:44:39 +0100] "GET / HTTP/1.1" 200 336 www.cronicadesevilla.com "-" "Mozilla/5.0 (iPhone; CPU iPhone OS 13_2_3 like Mac OS X) AppleWebKit/605.1.15 (KHTML, like Gecko) Version/13.0.3 Mobile/15E148 Safari/604.1" "-"
222.79.103.0 - - [06/Jan/2024:05:44:39 +0100] "GET / HTTP/1.1" 200 336 www.cronicadecordoba.com "-" "Mozilla/5.0 (iPhone; CPU iPhone OS 13_2_3 like Mac OS X) AppleWebKit/605.1.15 (KHTML, like Gecko) Version/13.0.3 Mobile/15E148 Safari/604.1" "-"
222.79.103.0 - - [06/Jan/2024:05:44:42 +0100] "GET / HTTP/1.1" 200 336 www.cronicadegranada.com "-" "Mozilla/5.0 (iPhone; CPU iPhone OS 13_2_3 like Mac OS X) AppleWebKit/605.1.15 (KHTML, like Gecko) Version/13.0.3 Mobile/15E148 Safari/604.1" "-"
222.79.103.0 - - [06/Jan/2024:05:44:42 +0100] "GET / HTTP/1.1" 200 336 www.cronicadealmeria.com "-" "Mozilla/5.0 (iPhone; CPU iPhone OS 13_2_3 like Mac OS X) AppleWebKit/605.1.15 (KHTML, like Gecko) Version/13.0.3 Mobile/15E148 Safari/604.1" "-"
66.249.68.0 - - [06/Jan/2024:05:49:20 +0100] "GET /robots.txt HTTP/1.1" 200 202 cronicareinodearagon.com "-" "Mozilla/5.0 (compatible; Googlebot/2.1; +http://www.google.com/bot.html)" "-"
82.165.88.0 - - [06/Jan/2024:05:49:21 +0100] "POST /wp-cron.php?doing_wp_cron=1704516561.6749470233917236328125 HTTP/1.1" 200 - cronicareinodearagon.com "-" "WordPress/6.2.2; https://cronicareinodearagon.com" "-"
66.249.68.0 - - [06/Jan/2024:05:50:45 +0100] "GET /aragon/forestalia-empleos-instalaciones-renovables/ HTTP/1.1" 200 34603 cronicareinodearagon.com "-" "Mozilla/5.0 (Linux; Android 6.0.1; Nexus 5X Build/MMB29P) AppleWebKit/537.36 (KHTML, like Gecko) Chrome/120.0.6099.129 Mobile Safari/537.36 (compatible; Googlebot/2.1; +http://www.google.com/bot.html)" "-"
101.91.148.0 - - [06/Jan/2024:05:52:33 +0100] "GET / HTTP/1.1" 200 336 www.cronicadeasturias.com "-" "Mozilla/5.0 (iPhone; CPU iPhone OS 13_2_3 like Mac OS X) AppleWebKit/605.1.15 (KHTML, like Gecko) Version/13.0.3 Mobile/15E148 Safari/604.1" "-"
101.91.148.0 - - [06/Jan/2024:05:52:33 +0100] "GET / HTTP/1.1" 200 336 www.cronicadevalencia.com "-" "Mozilla/5.0 (iPhone; CPU iPhone OS 13_2_3 like Mac OS X) AppleWebKit/605.1.15 (KHTML, like Gecko) Version/13.0.3 Mobile/15E148 Safari/604.1" "-"
66.249.68.0 - - [06/Jan/2024:05:57:17 +0100] "GET /aragon/aragon-financiacion-dependencia/ HTTP/1.1" 200 163104 cronicareinodearagon.com "-" "Mozilla/5.0 (Linux; Android 6.0.1; Nexus 5X Build/MMB29P) AppleWebKit/537.36 (KHTML, like Gecko) Chrome/120.0.6099.129 Mobile Safari/537.36 (compatible; Googlebot/2.1; +http://www.google.com/bot.html)" "-"
82.165.88.0 - - [06/Jan/2024:05:57:19 +0100] "POST /wp-cron.php?doing_wp_cron=1704517039.5864489078521728515625 HTTP/1.1" 200 - cronicareinodearagon.com "-" "WordPress/6.2.2; https://cronicareinodearagon.com" "-"
66.249.68.0 - - [06/Jan/2024:05:57:31 +0100] "GET /wp-content/themes/jnews/assets/css/elementor-frontend.css?ver=10.7.9 HTTP/1.1" 200 215 cronicareinodearagon.com "https://cronicareinodearagon.com/aragon/aragon-financiacion-dependencia/" "Mozilla/5.0 (Linux; Android 6.0.1; Nexus 5X Build/MMB29P) AppleWebKit/537.36 (KHTML, like Gecko) Chrome/120.0.6099.71 Mobile Safari/537.36 (compatible; Googlebot/2.1; +http://www.google.com/bot.html)" "-"
74.125.212.0 - - [06/Jan/2024:05:59:48 +0100] "GET /category/economia/feed/ HTTP/1.1" 200 12913 cronicareinodearagon.com "-" "FeedFetcher-Google; (+http://www.google.com/feedfetcher.html)" "-"
74.125.212.0 - - [06/Jan/2024:06:11:03 +0100] "GET /category/economia/feed/ HTTP/1.1" 200 12913 cronicareinodearagon.com "-" "FeedFetcher-Google; (+http://www.google.com/feedfetcher.html)" "-"
198.71.230.0 - - [06/Jan/2024:06:13:27 +0100] "POST /xmlrpc.php HTTP/1.1" 200 416 cronicareinodearagon.com "-" "Mozilla/5.0 (Windows NT 10.0; Win64; x64) AppleWebKit/537.36 (KHTML, like Gecko) Chrome/87.0.4280.88 Safari/537.36" "-"
82.165.88.0 - - [06/Jan/2024:06:13:28 +0100] "POST /wp-cron.php?doing_wp_cron=1704518008.3498980998992919921875 HTTP/1.1" 200 - cronicareinodearagon.com "-" "WordPress/6.2.2; https://cronicareinodearagon.com" "-"
198.71.229.0 - - [06/Jan/2024:06:13:30 +0100] "POST /xmlrpc.php HTTP/1.1" 200 416 cronicareinodearagon.com "-" "Mozilla/5.0 (Windows; U; Windows NT 5.1; en-US; rv:1.7.12) Gecko/20050915 Firefox/1.0.7" "-"
198.71.229.0 - - [06/Jan/2024:06:13:31 +0100] "POST /xmlrpc.php HTTP/1.1" 200 416 cronicareinodearagon.com "-" "Mozilla/5.0 (Windows NT 6.1; Win64; x64) AppleWebKit/537.36 (KHTML, like Gecko) Chrome/69.0.3497.100 Safari/537.36" "-"
18.229.252.0 - - [06/Jan/2024:06:13:42 +0100] "POST /xmlrpc.php HTTP/1.1" 200 416 cronicareinodearagon.com "-" "Mozilla/5.0 (Linux; Android 10; LM-Q710(FGN)) AppleWebKit/537.36 (KHTML, like Gecko) Chrome/91.0.4472.114 Mobile Safari/537.36" "-"
2a05:d014:1600:: - - [06/Jan/2024:06:13:42 +0100] "POST /xmlrpc.php HTTP/1.1" 200 416 cronicareinodearagon.com "-" "Mozilla/5.0 (Windows NT 6.3; Win64; x64) AppleWebKit/537.36 (KHTML, like Gecko) Chrome/60.0.3112.113 Safari/537.36" "-"
82.165.88.0 - - [06/Jan/2024:06:13:43 +0100] "POST /wp-cron.php?doing_wp_cron=1704518023.1796319484710693359375 HTTP/1.1" 200 - cronicareinodearagon.com "-" "WordPress/6.2.2; https://cronicareinodearagon.com" "-"
92.205.132.0 - - [06/Jan/2024:06:13:46 +0100] "POST /xmlrpc.php HTTP/1.1" 200 416 cronicareinodearagon.com "-" "Mozilla/5.0 (Windows NT 6.1; WOW64; rv:45.0) Gecko/20100101 Firefox/45.0" "-"
198.12.240.0 - - [06/Jan/2024:06:13:50 +0100] "POST /xmlrpc.php HTTP/1.1" 200 416 cronicareinodearagon.com "-" "Mozilla/5.0 (Windows NT 10.0; Win64; x64) AppleWebKit/537.36 (KHTML, like Gecko) Chrome/88.0.4324.104 Safari/537.36" "-"
40.77.70.0 - - [06/Jan/2024:06:14:00 +0100] "POST /xmlrpc.php HTTP/1.1" 200 416 cronicareinodearagon.com "-" "Mozilla/5.0 (Windows NT 6.1; rv:52.0) Gecko/20100101 Firefox/52.0" "-"
91.238.163.0 - - [06/Jan/2024:06:14:00 +0100] "POST /xmlrpc.php HTTP/1.1" 200 416 cronicareinodearagon.com "-" "Mozilla/5.0 (Windows NT 6.1; WOW64; rv:52.0) Gecko/20100101 Firefox/52.0" "-"
92.205.132.0 - - [06/Jan/2024:06:14:09 +0100] "POST /xmlrpc.php HTTP/1.1" 200 416 cronicareinodearagon.com "-" "Mozilla/5.0 (Windows NT 10.0; Win64; x64) AppleWebKit/537.36 (KHTML, like Gecko) Chrome/88.0.4324.190 Safari/537.36" "-"
66.249.78.0 - - [06/Jan/2024:06:15:15 +0100] "GET /aragon/ampliacion-kdk-automotive-borja-empleos/ HTTP/1.1" 200 36478 cronicareinodearagon.com "-" "Mozilla/5.0 (Linux; Android 6.0.1; Nexus 5X Build/MMB29P) AppleWebKit/537.36 (KHTML, like Gecko) Chrome/120.0.6099.129 Mobile Safari/537.36 (compatible; Googlebot/2.1; +http://www.google.com/bot.html)" "-"
82.165.88.0 - - [06/Jan/2024:06:15:16 +0100] "POST /wp-cron.php?doing_wp_cron=1704518116.1101338863372802734375 HTTP/1.1" 200 - cronicareinodearagon.com "-" "WordPress/6.2.2; https://cronicareinodearagon.com" "-"
66.249.68.0 - - [06/Jan/2024:06:15:19 +0100] "GET /wp-content/plugins/jnews-social-share/assets/css/plugin.css HTTP/1.1" 200 506 cronicareinodearagon.com "https://cronicareinodearagon.com/aragon/ampliacion-kdk-automotive-borja-empleos/" "Mozilla/5.0 (Linux; Android 6.0.1; Nexus 5X Build/MMB29P) AppleWebKit/537.36 (KHTML, like Gecko) Chrome/120.0.6099.71 Mobile Safari/537.36 (compatible; Googlebot/2.1; +http://www.google.com/bot.html)" "-"
66.249.78.0 - - [06/Jan/2024:06:15:19 +0100] "GET /wp-content/plugins/elementor/assets/lib/eicons/css/elementor-icons.min.css?ver=5.21.0 HTTP/1.1" 200 4358 cronicareinodearagon.com "https://cronicareinodearagon.com/aragon/ampliacion-kdk-automotive-borja-empleos/" "Mozilla/5.0 (Linux; Android 6.0.1; Nexus 5X Build/MMB29P) AppleWebKit/537.36 (KHTML, like Gecko) Chrome/120.0.6099.71 Mobile Safari/537.36 (compatible; Googlebot/2.1; +http://www.google.com/bot.html)" "-"
66.249.78.0 - - [06/Jan/2024:06:15:20 +0100] "GET /wp-content/themes/jnews/assets/dist/frontend.min.css?ver=10.7.9 HTTP/1.1" 200 126484 cronicareinodearagon.com "https://cronicareinodearagon.com/aragon/ampliacion-kdk-automotive-borja-empleos/" "Mozilla/5.0 (Linux; Android 6.0.1; Nexus 5X Build/MMB29P) AppleWebKit/537.36 (KHTML, like Gecko) Chrome/120.0.6099.71 Mobile Safari/537.36 (compatible; Googlebot/2.1; +http://www.google.com/bot.html)" "-"
66.249.68.0 - - [06/Jan/2024:06:15:20 +0100] "GET /wp-includes/js/jquery/jquery-migrate.min.js?ver=3.4.0 HTTP/1.1" 200 5257 cronicareinodearagon.com "https://cronicareinodearagon.com/aragon/ampliacion-kdk-automotive-borja-empleos/" "Mozilla/5.0 (Linux; Android 6.0.1; Nexus 5X Build/MMB29P) AppleWebKit/537.36 (KHTML, like Gecko) Chrome/120.0.6099.71 Mobile Safari/537.36 (compatible; Googlebot/2.1; +http://www.google.com/bot.html)" "-"
66.249.68.0 - - [06/Jan/2024:06:15:21 +0100] "GET /wp-content/plugins/jnews-social-share/assets/js/plugin.js HTTP/1.1" 200 1411 cronicareinodearagon.com "https://cronicareinodearagon.com/aragon/ampliacion-kdk-automotive-borja-empleos/" "Mozilla/5.0 (Linux; Android 6.0.1; Nexus 5X Build/MMB29P) AppleWebKit/537.36 (KHTML, like Gecko) Chrome/120.0.6099.71 Mobile Safari/537.36 (compatible; Googlebot/2.1; +http://www.google.com/bot.html)" "-"
66.249.68.0 - - [06/Jan/2024:06:15:22 +0100] "GET /wp-content/plugins/elementor/assets/js/frontend-modules.min.js?ver=3.15.2 HTTP/1.1" 200 19256 cronicareinodearagon.com "https://cronicareinodearagon.com/aragon/ampliacion-kdk-automotive-borja-empleos/" "Mozilla/5.0 (Linux; Android 6.0.1; Nexus 5X Build/MMB29P) AppleWebKit/537.36 (KHTML, like Gecko) Chrome/120.0.6099.71 Mobile Safari/537.36 (compatible; Googlebot/2.1; +http://www.google.com/bot.html)" "-"
66.249.68.0 - - [06/Jan/2024:06:15:29 +0100] "GET /wp-content/plugins/elementor/assets/js/lightbox.1b6e05e0607040eb8929.bundle.min.js HTTP/1.1" 200 11140 cronicareinodearagon.com "https://cronicareinodearagon.com/aragon/ampliacion-kdk-automotive-borja-empleos/" "Mozilla/5.0 (Linux; Android 6.0.1; Nexus 5X Build/MMB29P) AppleWebKit/537.36 (KHTML, like Gecko) Chrome/120.0.6099.71 Mobile Safari/537.36 (compatible; Googlebot/2.1; +http://www.google.com/bot.html)" "-"
66.249.79.0 - - [06/Jan/2024:06:18:31 +0100] "GET /robots.txt HTTP/1.1" 200 188 cronicadeextremadura.com "-" "Mozilla/5.0 (compatible; Googlebot/2.1; +http://www.google.com/bot.html)" "-"
165.227.177.0 - - [06/Jan/2024:06:18:36 +0100] "GET / HTTP/1.1" 200 336 grupocronicaenlibertad.com "-" "Mozilla/5.0 (X11; Linux x86_64) AppleWebKit/537.36 (KHTML, like Gecko) Chrome/108.0.0.0 Safari/537.36" "-"
66.249.78.0 - - [06/Jan/2024:06:20:07 +0100] "GET / HTTP/1.1" 200 336 cronicadeextremadura.com "-" "Mozilla/5.0 (Linux; Android 6.0.1; Nexus 5X Build/MMB29P) AppleWebKit/537.36 (KHTML, like Gecko) Chrome/120.0.6099.129 Mobile Safari/537.36 (compatible; Googlebot/2.1; +http://www.google.com/bot.html)" "-"
66.249.79.0 - - [06/Jan/2024:06:21:39 +0100] "GET /defaultsite HTTP/1.1" 200 18994 cronicadeextremadura.com "-" "Mozilla/5.0 (Linux; Android 6.0.1; Nexus 5X Build/MMB29P) AppleWebKit/537.36 (KHTML, like Gecko) Chrome/120.0.6099.129 Mobile Safari/537.36 (compatible; Googlebot/2.1; +http://www.google.com/bot.html)" "-"
66.249.78.0 - - [06/Jan/2024:06:21:43 +0100] "GET /spicons/templates/defaultsite/es-ES/images/css/main.css HTTP/1.1" 200 486180 cronicadeextremadura.com "http://cronicadeextremadura.com/defaultsite" "Mozilla/5.0 (Linux; Android 6.0.1; Nexus 5X Build/MMB29P) AppleWebKit/537.36 (KHTML, like Gecko) Chrome/120.0.6099.71 Mobile Safari/537.36 (compatible; Googlebot/2.1; +http://www.google.com/bot.html)" "-"
66.249.79.0 - - [06/Jan/2024:06:21:44 +0100] "GET /spicons/templates/defaultsite/es-ES/images/vi-logo.svg HTTP/1.1" 200 2042 cronicadeextremadura.com "http://cronicadeextremadura.com/defaultsite" "Mozilla/5.0 (Linux; Android 6.0.1; Nexus 5X Build/MMB29P) AppleWebKit/537.36 (KHTML, like Gecko) Chrome/120.0.6099.71 Mobile Safari/537.36 (compatible; Googlebot/2.1; +http://www.google.com/bot.html)" "-"
66.249.79.0 - - [06/Jan/2024:06:21:45 +0100] "GET /spicons/templates/defaultsite/es-ES/images/domain_transfer.svg HTTP/1.1" 200 1201 cronicadeextremadura.com "http://cronicadeextremadura.com/defaultsite" "Mozilla/5.0 (Linux; Android 6.0.1; Nexus 5X Build/MMB29P) AppleWebKit/537.36 (KHTML, like Gecko) Chrome/120.0.6099.71 Mobile Safari/537.36 (compatible; Googlebot/2.1; +http://www.google.com/bot.html)" "-"
66.249.79.0 - - [06/Jan/2024:06:21:45 +0100] "GET /spicons/templates/defaultsite/es-ES/images/ic-world.svg HTTP/1.1" 200 1248 cronicadeextremadura.com "http://cronicadeextremadura.com/defaultsite" "Mozilla/5.0 (Linux; Android 6.0.1; Nexus 5X Build/MMB29P) AppleWebKit/537.36 (KHTML, like Gecko) Chrome/120.0.6099.71 Mobile Safari/537.36 (compatible; Googlebot/2.1; +http://www.google.com/bot.html)" "-"
66.249.78.0 - - [06/Jan/2024:06:21:46 +0100] "GET /spicons/templates/defaultsite/es-ES/images/domain.svg HTTP/1.1" 200 2095 cronicadeextremadura.com "http://cronicadeextremadura.com/defaultsite" "Mozilla/5.0 (Linux; Android 6.0.1; Nexus 5X Build/MMB29P) AppleWebKit/537.36 (KHTML, like Gecko) Chrome/120.0.6099.71 Mobile Safari/537.36 (compatible; Googlebot/2.1; +http://www.google.com/bot.html)" "-"
158.220.80.0 - - [06/Jan/2024:06:25:17 +0100] "GET / HTTP/1.1" 200 336 cronicademalaga.com "http://cronicademalaga.com" "Mozilla/5.0 (Windows NT 10.0; Win64; x64) AppleWebKit/537.36 (KHTML, like Gecko) Chrome/85.0.4183.102 Safari/537.36 Edg/85.0.564.51" "-"
2a00:6800:: - - [06/Jan/2024:06:32:30 +0100] "GET / HTTP/1.1" 200 336 cronicadevalencia.com "-" "Mozilla/5.0 (Windows NT 10.0; Win64; x64) AppleWebKit/537.36 (KHTML, like Gecko) Chrome/91.0.4472.114 Safari/537.36 Edg/91.0.864.54" "-"
74.125.212.0 - - [06/Jan/2024:06:40:37 +0100] "GET /category/economia/feed/ HTTP/1.1" 200 12913 cronicareinodearagon.com "-" "FeedFetcher-Google; (+http://www.google.com/feedfetcher.html)" "-"
80.66.79.0 - - [06/Jan/2024:06:42:33 +0100] "GET / HTTP/1.1" 301 241 cronicareinodearagon.com "https://prolifehc.com/" "Mozilla/4.0 (compatible; MSIE 5.5; Windows NT 4.0; .NET CLR 1.0.2914)" "-"
80.66.79.0 - - [06/Jan/2024:06:42:34 +0100] "GET / HTTP/1.1" 301 241 cronicareinodearagon.com "https://prolifehc.com/" "Mozilla/4.0 (compatible; MSIE 5.5; Windows NT 4.0; .NET CLR 1.0.2914)" "-"
80.66.79.0 - - [06/Jan/2024:06:42:34 +0100] "GET / HTTP/1.1" 301 241 cronicareinodearagon.com "https://prolifehc.com/" "Mozilla/4.0 (compatible; MSIE 5.5; Windows NT 4.0; .NET CLR 1.0.2914)" "-"
74.125.209.0 - - [06/Jan/2024:06:59:44 +0100] "GET /category/sociedad/feed/ HTTP/1.1" 200 16233 cronicareinodearagon.com "-" "FeedFetcher-Google; (+http://www.google.com/feedfetcher.html)" "-"
64.124.8.0 - - [06/Jan/2024:07:03:11 +0100] "GET /wp-content/uploads/2022/07/Diseno-sin-titulo.png HTTP/1.1" 304 - cronicareinodearagon.com "-" "Mozilla/5.0 (compatible; ImagesiftBot; +imagesift.com)" "-"
74.125.212.0 - - [06/Jan/2024:07:11:16 +0100] "GET /category/economia/feed/ HTTP/1.1" 200 12913 cronicareinodearagon.com "-" "FeedFetcher-Google; (+http://www.google.com/feedfetcher.html)" "-"
52.167.144.0 - - [06/Jan/2024:07:12:12 +0100] "GET /wp-json/complianz/v1/ HTTP/1.1" 200 1947 cronicareinodearagon.com "-" "Mozilla/5.0 AppleWebKit/537.36 (KHTML, like Gecko; compatible; bingbot/2.0; +http://www.bing.com/bingbot.htm) Chrome/116.0.1938.76 Safari/537.36" "-"
82.165.88.0 - - [06/Jan/2024:07:12:14 +0100] "POST /wp-cron.php?doing_wp_cron=1704521534.4355850219726562500000 HTTP/1.1" 200 - cronicareinodearagon.com "-" "WordPress/6.2.2; https://cronicareinodearagon.com" "-"
222.79.104.0 - - [06/Jan/2024:07:12:22 +0100] "GET / HTTP/1.1" 301 245 www.cronicareinodearagon.com "-" "Mozilla/5.0 (iPhone; CPU iPhone OS 13_2_3 like Mac OS X) AppleWebKit/605.1.15 (KHTML, like Gecko) Version/13.0.3 Mobile/15E148 Safari/604.1" "-"
222.79.104.0 - - [06/Jan/2024:07:12:22 +0100] "GET / HTTP/1.1" 200 336 www.cronicadeextremadura.com "-" "Mozilla/5.0 (iPhone; CPU iPhone OS 13_2_3 like Mac OS X) AppleWebKit/605.1.15 (KHTML, like Gecko) Version/13.0.3 Mobile/15E148 Safari/604.1" "-"
222.79.104.0 - - [06/Jan/2024:07:12:29 +0100] "GET / HTTP/1.1" 301 - www.cronicareinodearagon.com "http://www.cronicareinodearagon.com" "Mozilla/5.0 (iPhone; CPU iPhone OS 13_2_3 like Mac OS X) AppleWebKit/605.1.15 (KHTML, like Gecko) Version/13.0.3 Mobile/15E148 Safari/604.1" "-"
222.79.104.0 - - [06/Jan/2024:07:12:35 +0100] "GET / HTTP/1.1" 200 41734 cronicareinodearagon.com "https://www.cronicareinodearagon.com/" "Mozilla/5.0 (iPhone; CPU iPhone OS 13_2_3 like Mac OS X) AppleWebKit/605.1.15 (KHTML, like Gecko) Version/13.0.3 Mobile/15E148 Safari/604.1" "-"
40.77.167.0 - - [06/Jan/2024:07:19:45 +0100] "GET /?s=2024 HTTP/1.1" 200 156320 cronicareinodearagon.com "-" "Mozilla/5.0 AppleWebKit/537.36 (KHTML, like Gecko; compatible; bingbot/2.0; +http://www.bing.com/bingbot.htm) Chrome/116.0.1938.76 Safari/537.36" "-"
82.165.88.0 - - [06/Jan/2024:07:19:46 +0100] "POST /wp-cron.php?doing_wp_cron=1704521986.2098429203033447265625 HTTP/1.1" 200 - cronicareinodearagon.com "-" "WordPress/6.2.2; https://cronicareinodearagon.com" "-"
160.153.246.0 - - [06/Jan/2024:07:22:22 +0100] "POST /xmlrpc.php HTTP/1.1" 200 416 cronicareinodearagon.com "-" "Mozilla/5.0 (Windows NT 6.1; WOW64; rv:54.0) Gecko/20100101 Firefox/54.0" "-"
82.165.88.0 - - [06/Jan/2024:07:22:23 +0100] "POST /wp-cron.php?doing_wp_cron=1704522143.1957991123199462890625 HTTP/1.1" 200 - cronicareinodearagon.com "-" "WordPress/6.2.2; https://cronicareinodearagon.com" "-"
165.232.190.0 - - [06/Jan/2024:07:22:23 +0100] "POST /xmlrpc.php HTTP/1.1" 200 416 cronicareinodearagon.com "-" "Mozilla/5.0 (Windows NT 5.1; rv:30.0) Gecko/20100101 Firefox/30.0" "-"
198.71.230.0 - - [06/Jan/2024:07:22:25 +0100] "POST /xmlrpc.php HTTP/1.1" 200 416 cronicareinodearagon.com "-" "Mozilla/5.0 (Windows NT 10.0; Win64; x64) AppleWebKit/537.36 (KHTML, like Gecko) Chrome/70.0.3538.102 Safari/537.36" "-"
175.6.217.0 - - [06/Jan/2024:07:22:28 +0100] "GET / HTTP/1.1" 200 336 www.grupocronicaenlibertad.com "-" "Mozilla/5.0 (iPhone; CPU iPhone OS 13_2_3 like Mac OS X) AppleWebKit/605.1.15 (KHTML, like Gecko) Version/13.0.3 Mobile/15E148 Safari/604.1" "-"
198.12.218.0 - - [06/Jan/2024:07:22:29 +0100] "POST /xmlrpc.php HTTP/1.1" 200 416 cronicareinodearagon.com "-" "Mozilla/5.0 (iPhone; CPU iPhone OS 14_6 like Mac OS X) AppleWebKit/605.1.15 (KHTML, like Gecko) CriOS/91.0.4472.80 Mobile/15E148 Safari/604.1" "-"
97.74.204.0 - - [06/Jan/2024:07:22:37 +0100] "POST /xmlrpc.php HTTP/1.1" 200 416 cronicareinodearagon.com "-" "Mozilla/5.0 (Windows; U; Windows NT 5.1; en-US; rv:1.7.5) Gecko/20041107 Firefox/1.0" "-"
82.165.88.0 - - [06/Jan/2024:07:22:47 +0100] "POST /wp-cron.php?doing_wp_cron=1704522167.7543129920959472656250 HTTP/1.1" 200 - cronicareinodearagon.com "-" "WordPress/6.2.2; https://cronicareinodearagon.com" "-"
2001:1640:: - - [06/Jan/2024:07:22:47 +0100] "POST /xmlrpc.php HTTP/1.1" 200 416 cronicareinodearagon.com "-" "Mozilla/5.0 (Windows NT 6.1; Win64; x64) AppleWebKit/537.36 (KHTML, like Gecko) Chrome/69.0.3497.100 Safari/537.36" "-"
40.77.70.0 - - [06/Jan/2024:07:22:48 +0100] "POST /xmlrpc.php HTTP/1.1" 200 416 cronicareinodearagon.com "-" "Mozilla/5.0 (Windows NT 6.1) AppleWebKit/537.36 (KHTML, like Gecko) Chrome/56.0.2924.76 Safari/537.36" "-"
148.251.236.0 - - [06/Jan/2024:07:22:49 +0100] "POST /xmlrpc.php HTTP/1.1" 200 416 cronicareinodearagon.com "-" "Mozilla/5.0 (Windows NT 10.0; WOW64) AppleWebKit/537.36 (KHTML, like Gecko) Chrome/72.0.3626.121 Safari/537.36" "-"
107.180.109.0 - - [06/Jan/2024:07:24:34 +0100] "GET /style.php?sig=rename HTTP/1.1" 301 261 cronicareinodearagon.com "-" "Mozilla/5.0 (Windows NT 6.2; WOW64) AppleWebKit/537.36 (KHTML, like Gecko) Chrome/79.0.3945.130 Safari/537.36" "-"
82.165.88.0 - - [06/Jan/2024:07:24:35 +0100] "POST /wp-cron.php?doing_wp_cron=1704522275.7491719722747802734375 HTTP/1.1" 200 - cronicareinodearagon.com "-" "WordPress/6.2.2; https://cronicareinodearagon.com" "-"
107.180.109.0 - - [06/Jan/2024:07:24:35 +0100] "GET /style.php?sig=rename HTTP/1.1" 404 144829 cronicareinodearagon.com "-" "Mozilla/5.0 (Windows NT 6.2; WOW64) AppleWebKit/537.36 (KHTML, like Gecko) Chrome/79.0.3945.130 Safari/537.36" "-"
182.42.111.0 - - [06/Jan/2024:07:31:17 +0100] "GET / HTTP/1.1" 200 336 www.cronicadelpaisvalenciano.com "-" "Mozilla/5.0 (iPhone; CPU iPhone OS 13_2_3 like Mac OS X) AppleWebKit/605.1.15 (KHTML, like Gecko) Version/13.0.3 Mobile/15E148 Safari/604.1" "-"
74.125.209.0 - - [06/Jan/2024:07:32:27 +0100] "GET /category/sociedad/feed/ HTTP/1.1" 200 16233 cronicareinodearagon.com "-" "FeedFetcher-Google; (+http://www.google.com/feedfetcher.html)" "-"
198.71.235.0 - - [06/Jan/2024:07:35:47 +0100] "GET /style.php?sig=rename HTTP/1.1" 404 596 cronicadealmeria.com "-" "Mozilla/5.0 (Windows NT 10.0; Win64; x64) AppleWebKit/537.36 (KHTML, like Gecko) Chrome/84.0.4147.105 Safari/537.36" "-"
198.71.235.0 - - [06/Jan/2024:07:35:47 +0100] "GET /style.php?sig=rename HTTP/1.1" 404 596 cronicadearagon.com "-" "Mozilla/5.0 (Linux; Android 9; Redmi Note 7) AppleWebKit/537.36 (KHTML, like Gecko) Chrome/84.0.4147.111 Mobile Safari/537.36" "-"
198.71.235.0 - - [06/Jan/2024:07:35:48 +0100] "GET /style.php?sig=rename HTTP/1.1" 404 596 cronicadelpaisvalenciano.com "-" "Mozilla/5.0 (iPhone; CPU iPhone OS 13_7 like Mac OS X) AppleWebKit/605.1.15 (KHTML, like Gecko) Version/13.1.2 Mobile/15E148 Safari/604.1" "-"
198.71.235.0 - - [06/Jan/2024:07:35:48 +0100] "GET /style.php?sig=rename HTTP/1.1" 404 596 cronicadegranada.com "-" "Mozilla/5.0 (Windows NT 10.0; Win64; x64) AppleWebKit/537.36 (KHTML, like Gecko) Chrome/88.0.4324.190 Safari/537.36" "-"
198.71.235.0 - - [06/Jan/2024:07:35:48 +0100] "GET /style.php?sig=rename HTTP/1.1" 404 596 cronicadeextremadura.com "-" "Mozilla/5.0 (iPhone; CPU iPhone OS 12_3_1 like Mac OS X) AppleWebKit/605.1.15 (KHTML, like Gecko) Version/12.1.1 Mobile/15E148 Safari/604.1" "-"
198.71.235.0 - - [06/Jan/2024:07:35:48 +0100] "GET /style.php?sig=rename HTTP/1.1" 404 596 cronicadecadiz.com "-" "Mozilla/5.0 (iPhone; CPU iPhone OS 12_3_1 like Mac OS X) AppleWebKit/605.1.15 (KHTML, like Gecko) Version/12.1.1 Mobile/15E148 Safari/604.1" "-"
198.71.235.0 - - [06/Jan/2024:07:35:48 +0100] "GET /style.php?sig=rename HTTP/1.1" 404 596 cronicadejaen.com "-" "Mozilla/5.0 (Linux; Android 9; SAMSUNG SM-G950F) AppleWebKit/537.36 (KHTML, like Gecko) SamsungBrowser/12.1 Chrome/79.0.3945.136 Mobile Safari/537.36" "-"
198.71.235.0 - - [06/Jan/2024:07:35:48 +0100] "GET /style.php?sig=rename HTTP/1.1" 404 596 cronicadecordoba.com "-" "Mozilla/5.0 (Windows NT 10.0; Win64; x64) AppleWebKit/537.36 (KHTML, like Gecko) Chrome/83.0.4103.61 Safari/537.36" "-"
198.71.235.0 - - [06/Jan/2024:07:35:48 +0100] "GET /style.php?sig=rename HTTP/1.1" 404 596 cronicadesevilla.com "-" "Mozilla/5.0 (Linux; Android 9; SAMSUNG SM-G950F) AppleWebKit/537.36 (KHTML, like Gecko) SamsungBrowser/12.1 Chrome/79.0.3945.136 Mobile Safari/537.36" "-"
198.71.235.0 - - [06/Jan/2024:07:35:48 +0100] "GET /style.php?sig=rename HTTP/1.1" 404 596 cronicadeasturias.com "-" "Mozilla/5.0 (iPhone; CPU iPhone OS 13_6 like Mac OS X) AppleWebKit/605.1.15 (KHTML, like Gecko) Version/13.1.2 Mobile/15E148 Safari/604.1" "-"
198.71.235.0 - - [06/Jan/2024:07:35:48 +0100] "GET /style.php?sig=rename HTTP/1.1" 404 596 cronicadevalencia.com "-" "Mozilla/5.0 (iPhone; CPU iPhone OS 14_7_1 like Mac OS X) AppleWebKit/605.1.15 (KHTML, like Gecko) Version/14.1.2 Mobile/15E148 Safari/604.1" "-"
198.71.235.0 - - [06/Jan/2024:07:35:48 +0100] "GET /style.php?sig=rename HTTP/1.1" 404 596 cronicadehuelva.com "-" "Mozilla/5.0 (Windows NT 10.0; Win64; x64; rv:88.0) Gecko/20100101 Firefox/88.0" "-"
198.71.235.0 - - [06/Jan/2024:07:35:48 +0100] "GET /style.php?sig=rename HTTP/1.1" 404 596 cronicademalaga.com "-" "Mozilla/5.0 (Windows NT 10.0; Win64; x64; rv:84.0) Gecko/20100101 Firefox/84.0" "-"
74.125.209.0 - - [06/Jan/2024:07:41:17 +0100] "GET /category/sociedad/feed/ HTTP/1.1" 200 16233 cronicareinodearagon.com "-" "FeedFetcher-Google; (+http://www.google.com/feedfetcher.html)" "-"
74.125.209.0 - - [06/Jan/2024:07:45:00 +0100] "GET /category/politica/feed/ HTTP/1.1" 200 18273 cronicareinodearagon.com "-" "FeedFetcher-Google; (+http://www.google.com/feedfetcher.html)" "-"
66.249.68.0 - - [06/Jan/2024:07:50:02 +0100] "GET /robots.txt HTTP/1.1" 200 202 cronicareinodearagon.com "-" "Mozilla/5.0 (compatible; Googlebot/2.1; +http://www.google.com/bot.html)" "-"
82.165.88.0 - - [06/Jan/2024:07:50:04 +0100] "POST /wp-cron.php?doing_wp_cron=1704523804.2813959121704101562500 HTTP/1.1" 200 - cronicareinodearagon.com "-" "WordPress/6.2.2; https://cronicareinodearagon.com" "-"
82.165.88.0 - - [06/Jan/2024:07:51:21 +0100] "POST /wp-cron.php?doing_wp_cron=1704523881.8849129676818847656250 HTTP/1.1" 200 - cronicareinodearagon.com "-" "WordPress/6.2.2; https://cronicareinodearagon.com" "-"
66.249.68.0 - - [06/Jan/2024:07:51:21 +0100] "GET /aragon/pacientes-asma-aragon-tratamiento/ HTTP/1.1" 200 34047 cronicareinodearagon.com "-" "Mozilla/5.0 (Linux; Android 6.0.1; Nexus 5X Build/MMB29P) AppleWebKit/537.36 (KHTML, like Gecko) Chrome/120.0.6099.129 Mobile Safari/537.36 (compatible; Googlebot/2.1; +http://www.google.com/bot.html)" "-"
66.249.68.0 - - [06/Jan/2024:07:51:29 +0100] "GET /wp-content/themes/jnews/style.css?ver=10.7.9 HTTP/1.1" 200 297 cronicareinodearagon.com "https://cronicareinodearagon.com/aragon/pacientes-asma-aragon-tratamiento/" "Mozilla/5.0 (Linux; Android 6.0.1; Nexus 5X Build/MMB29P) AppleWebKit/537.36 (KHTML, like Gecko) Chrome/120.0.6099.71 Mobile Safari/537.36 (compatible; Googlebot/2.1; +http://www.google.com/bot.html)" "-"
82.165.88.0 - - [06/Jan/2024:07:52:54 +0100] "POST /wp-cron.php?doing_wp_cron=1704523974.7345569133758544921875 HTTP/1.1" 200 - cronicareinodearagon.com "-" "WordPress/6.2.2; https://cronicareinodearagon.com" "-"
17.241.75.0 - - [06/Jan/2024:07:52:54 +0100] "GET /aragon/prorroga-pasaporte-covid-andalucia-31-enero/ HTTP/1.1" 200 36340 cronicareinodearagon.com "-" "Mozilla/5.0 (Macintosh; Intel Mac OS X 10_15_5) AppleWebKit/605.1.15 (KHTML, like Gecko) Version/13.1.1 Safari/605.1.15 (Applebot/0.1; +http://www.apple.com/go/applebot)" "-"
54.36.148.0 - - [06/Jan/2024:07:53:27 +0100] "GET /aragon/el-biogas-como-aliado-en-la-descarbonizacion-tematica-de-jornada-de-itainnova-circe-y-clenar/ HTTP/1.1" 200 34280 cronicareinodearagon.com "-" "Mozilla/5.0 (compatible; AhrefsBot/7.0; +http://ahrefs.com/robot/)" "-"
74.125.209.0 - - [06/Jan/2024:07:55:02 +0100] "GET /category/sociedad/feed/ HTTP/1.1" 200 16233 cronicareinodearagon.com "-" "FeedFetcher-Google; (+http://www.google.com/feedfetcher.html)" "-"
2a12:3e80:400:: - - [06/Jan/2024:08:00:29 +0100] "GET /dup-installer/main.installer.php HTTP/1.1" 404 596 cronicadeextremadura.com "-" "-" "-"
74.125.209.0 - - [06/Jan/2024:08:02:22 +0100] "GET /category/politica/feed/ HTTP/1.1" 200 18273 cronicareinodearagon.com "-" "FeedFetcher-Google; (+http://www.google.com/feedfetcher.html)" "-"
74.125.209.0 - - [06/Jan/2024:08:03:19 +0100] "GET /category/sociedad/feed/ HTTP/1.1" 200 16233 cronicareinodearagon.com "-" "FeedFetcher-Google; (+http://www.google.com/feedfetcher.html)" "-"
124.227.132.0 - - [06/Jan/2024:08:04:24 +0100] "POST /wp-comments-post.php HTTP/1.1" 302 - cronicareinodearagon.com "-" "Mozilla/5.0 (Windows NT 10.0; Win64; x64) AppleWebKit/537.36 (KHTML, like Gecko) Chrome/108.0.0.0 Safari/537.36 Edg/108.0.1462.46" "-"
82.165.88.0 - - [06/Jan/2024:08:04:25 +0100] "POST /wp-cron.php?doing_wp_cron=1704524665.5855250358581542968750 HTTP/1.1" 200 - cronicareinodearagon.com "-" "WordPress/6.2.2; https://cronicareinodearagon.com" "-"
82.165.88.0 - - [06/Jan/2024:08:04:26 +0100] "GET / HTTP/1.1" 200 41652 cronicareinodearagon.com "-" "WordPress/6.2.2; https://cronicareinodearagon.com" "-"
124.227.132.0 - - [06/Jan/2024:08:04:27 +0100] "GET /aragon/ccoo-ugt-aumento-salarios-precios/ HTTP/1.1" 200 173338 cronicareinodearagon.com "-" "Mozilla/5.0 (Windows NT 10.0; Win64; x64) AppleWebKit/537.36 (KHTML, like Gecko) Chrome/108.0.0.0 Safari/537.36 Edg/108.0.1462.46" "-"
64.124.8.0 - - [06/Jan/2024:08:07:27 +0100] "GET /wp-content/uploads/2023/05/alfarero-zaragoza.jpg HTTP/1.1" 304 - cronicareinodearagon.com "-" "Mozilla/5.0 (compatible; ImagesiftBot; +imagesift.com)" "-"
157.55.39.0 - - [06/Jan/2024:08:15:52 +0100] "GET /wp-content/uploads/2023/05/inaem-ayudas-1-360x180.jpg HTTP/1.1" 200 14732 cronicareinodearagon.com "-" "Mozilla/5.0 AppleWebKit/537.36 (KHTML, like Gecko; compatible; bingbot/2.0; +http://www.bing.com/bingbot.htm) Chrome/116.0.1938.76 Safari/537.36" "-"
74.125.212.0 - - [06/Jan/2024:08:17:44 +0100] "GET /category/economia/feed/ HTTP/1.1" 200 12913 cronicareinodearagon.com "-" "FeedFetcher-Google; (+http://www.google.com/feedfetcher.html)" "-"
184.154.139.0 - - [06/Jan/2024:08:22:24 +0100] "GET / HTTP/1.1" 200 336 www.grupocronicaenlibertad.com "http://www.google.com/url?url=www.grupocronicaenlibertad.com&yahoo.com" "Mozilla/5.0 (compatible; MSIE 9.0; Windows NT 6.1; WOW64; Trident/6.0)" "-"
184.154.139.0 - - [06/Jan/2024:08:22:24 +0100] "GET /th1s_1s_a_4o4.html HTTP/1.1" 404 596 www.grupocronicaenlibertad.com "http://www.google.com/url?url=www.grupocronicaenlibertad.com&yahoo.com" "Mozilla/5.0 (compatible; MSIE 9.0; Windows NT 6.1; WOW64; Trident/6.0)" "-"
184.154.139.0 - - [06/Jan/2024:08:22:24 +0100] "GET /defaultsite HTTP/1.1" 200 18994 www.grupocronicaenlibertad.com "-" "SiteLockSpider [en] (WinNT; I ;Nav)" "-"
184.154.139.0 - - [06/Jan/2024:08:22:25 +0100] "GET /domaincheckresult?__SBMT:d359e110d15:=1&__SYNT:d359e110d15:__CMD(domaincheckresult):RETWRP=domainselect&__SYNT:d359e110d15:__CMD(domaincheckresult):SELWRP=multicheck&__SYNT:d359e110d15:__forcestop=true&__pageflow=Order&__sendingdata=1&linkId=ct.btn.check.default-page-check&multicheck.Domain=1 HTTP/1.1" 404 596 www.grupocronicaenlibertad.com "-" "SiteLockSpider [en] (WinNT; I ;Nav)" "-"
184.154.139.0 - - [06/Jan/2024:08:22:25 +0100] "GET /spicons/templates/defaultsite/es-ES/images/domain.svg HTTP/1.1" 200 2095 www.grupocronicaenlibertad.com "http://www.google.com/url?url=www.grupocronicaenlibertad.com&yahoo.com" "Mozilla/5.0 (compatible; MSIE 9.0; Windows NT 6.1; WOW64; Trident/6.0)" "-"
184.154.139.0 - - [06/Jan/2024:08:22:25 +0100] "GET /spicons/templates/defaultsite/es-ES/images/domain_transfer.svg HTTP/1.1" 200 1201 www.grupocronicaenlibertad.com "-" "SiteLockSpider [en] (WinNT; I ;Nav)" "-"
184.154.139.0 - - [06/Jan/2024:08:22:26 +0100] "GET /spicons/templates/defaultsite/es-ES/images/ic-world.svg HTTP/1.1" 200 1248 www.grupocronicaenlibertad.com "-" "SiteLockSpider [en] (WinNT; I ;Nav)" "-"
184.154.139.0 - - [06/Jan/2024:08:22:26 +0100] "GET /spicons/templates/defaultsite/es-ES/images/css/main.css HTTP/1.1" 200 486180 www.grupocronicaenlibertad.com "http://www.google.com/url?url=www.grupocronicaenlibertad.com&yahoo.com" "Mozilla/5.0 (compatible; MSIE 9.0; Windows NT 6.1; WOW64; Trident/6.0)" "-"
2401:c080:1800:: - - [06/Jan/2024:08:29:48 +0100] "GET /.env HTTP/1.1" 300 492 grupocronicaenlibertad.com "-" "Mozilla/5.0 (X11; Linux x86_64) AppleWebKit/537.36 (KHTML, like Gecko) Chrome/81.0.4044.129 Safari/537.36" "-"
2401:c080:1800:: - - [06/Jan/2024:08:29:55 +0100] "POST / HTTP/1.1" 200 336 grupocronicaenlibertad.com "-" "Mozilla/5.0 (X11; Linux x86_64) AppleWebKit/537.36 (KHTML, like Gecko) Chrome/81.0.4044.129 Safari/537.36" "-"
74.125.212.0 - - [06/Jan/2024:08:31:55 +0100] "GET /category/economia/feed/ HTTP/1.1" 200 12913 cronicareinodearagon.com "-" "FeedFetcher-Google; (+http://www.google.com/feedfetcher.html)" "-"
74.125.209.0 - - [06/Jan/2024:08:40:23 +0100] "GET /category/sociedad/feed/ HTTP/1.1" 200 16233 cronicareinodearagon.com "-" "FeedFetcher-Google; (+http://www.google.com/feedfetcher.html)" "-"
85.215.155.0 - - [06/Jan/2024:08:42:52 +0100] "GET / HTTP/1.1" 200 336 www.cronicadegranada.com "-" "Mozilla/5.0 (Macintosh; Intel Mac OS X 10_10_1) AppleWebKit/537.36 (KHTML, like Gecko) Chrome/39.0.2171.95 Safari/537.36" "-"
85.215.155.0 - - [06/Jan/2024:08:42:52 +0100] "GET //media/system/js/core.js HTTP/1.1" 404 596 www.cronicadegranada.com "-" "Mozilla/5.0 (Macintosh; Intel Mac OS X 10_10_1) AppleWebKit/537.36 (KHTML, like Gecko) Chrome/39.0.2171.95 Safari/537.36" "-"
85.215.155.0 - - [06/Jan/2024:08:42:56 +0100] "GET //wp-includes/js/jquery/jquery.js HTTP/1.1" 404 596 www.cronicadegranada.com "-" "Mozilla/5.0 (Macintosh; Intel Mac OS X 10_10_1) AppleWebKit/537.36 (KHTML, like Gecko) Chrome/39.0.2171.95 Safari/537.36" "-"
114.119.138.0 - - [06/Jan/2024:08:48:42 +0100] "GET /robots.txt HTTP/1.1" 200 202 cronicareinodearagon.com "-" "Mozilla/5.0 (compatible;PetalBot;+https://webmaster.petalsearch.com/site/petalbot)" "-"
82.165.88.0 - - [06/Jan/2024:08:48:44 +0100] "POST /wp-cron.php?doing_wp_cron=1704527323.9345080852508544921875 HTTP/1.1" 200 - cronicareinodearagon.com "-" "WordPress/6.2.2; https://cronicareinodearagon.com" "-"
161.35.189.0 - - [06/Jan/2024:08:50:49 +0100] "GET / HTTP/1.1" 200 336 cronicadejaen.com "-" "Mozilla/5.0 (X11; Linux x86_64) AppleWebKit/537.36 (KHTML, like Gecko) Chrome/108.0.0.0 Safari/537.36" "-"
74.125.209.0 - - [06/Jan/2024:08:53:36 +0100] "GET /category/educacion/feed/ HTTP/1.1" 200 16487 cronicareinodearagon.com "-" "FeedFetcher-Google; (+http://www.google.com/feedfetcher.html)" "-"
54.36.148.0 - - [06/Jan/2024:08:56:33 +0100] "GET /aragon/astic-reconocimiento-carreras-grupo/ HTTP/1.1" 200 32597 cronicareinodearagon.com "-" "Mozilla/5.0 (compatible; AhrefsBot/7.0; +http://ahrefs.com/robot/)" "-"
185.220.101.0 - - [06/Jan/2024:08:57:53 +0100] "GET / HTTP/1.1" 200 336 cronicadecordoba.com "http://cronicadecordoba.com" "Mozilla/5.0 (Windows NT 6.1; Win64; x64) AppleWebKit/537.36 (KHTML, like Gecko) Chrome/79.0.3945.88 Safari/537.36" "-"
51.15.17.0 - - [06/Jan/2024:09:03:31 +0100] "GET /cgi-bin/wp-login.php HTTP/1.1" 404 596 cronicadecordoba.com "-" "Mozlila/5.0 (Linux; Android 7.0; SM-G892A Bulid/NRD90M; wv) AppleWebKit/537.36 (KHTML, like Gecko) Version/4.0 Chrome/60.0.3112.107 Moblie Safari/537.36" "-"
51.15.17.0 - - [06/Jan/2024:09:03:46 +0100] "GET /wp-admin/includes/wp-login.php HTTP/1.1" 404 596 cronicadecordoba.com "-" "Mozlila/5.0 (Linux; Android 7.0; SM-G892A Bulid/NRD90M; wv) AppleWebKit/537.36 (KHTML, like Gecko) Version/4.0 Chrome/60.0.3112.107 Moblie Safari/537.36" "-"
51.15.17.0 - - [06/Jan/2024:09:04:01 +0100] "GET /wp-admin/user/wp-login.php HTTP/1.1" 404 596 cronicadecordoba.com "-" "Mozlila/5.0 (Linux; Android 7.0; SM-G892A Bulid/NRD90M; wv) AppleWebKit/537.36 (KHTML, like Gecko) Version/4.0 Chrome/60.0.3112.107 Moblie Safari/537.36" "-"
51.15.17.0 - - [06/Jan/2024:09:04:16 +0100] "GET /wp-content/admin.php HTTP/1.1" 404 596 cronicadecordoba.com "-" "Mozlila/5.0 (Linux; Android 7.0; SM-G892A Bulid/NRD90M; wv) AppleWebKit/537.36 (KHTML, like Gecko) Version/4.0 Chrome/60.0.3112.107 Moblie Safari/537.36" "-"
51.15.17.0 - - [06/Jan/2024:09:04:29 +0100] "GET /wp-admin/css/wp-login.php HTTP/1.1" 404 596 cronicadecordoba.com "-" "Mozlila/5.0 (Linux; Android 7.0; SM-G892A Bulid/NRD90M; wv) AppleWebKit/537.36 (KHTML, like Gecko) Version/4.0 Chrome/60.0.3112.107 Moblie Safari/537.36" "-"
51.15.17.0 - - [06/Jan/2024:09:04:42 +0100] "GET /.tmb/wp-login.php HTTP/1.1" 300 583 cronicadecordoba.com "-" "Mozlila/5.0 (Linux; Android 7.0; SM-G892A Bulid/NRD90M; wv) AppleWebKit/537.36 (KHTML, like Gecko) Version/4.0 Chrome/60.0.3112.107 Moblie Safari/537.36" "-"
51.15.17.0 - - [06/Jan/2024:09:04:48 +0100] "GET /wp-content/plugins/classic-editor/wp-login.php HTTP/1.1" 404 596 cronicadecordoba.com "-" "Mozlila/5.0 (Linux; Android 7.0; SM-G892A Bulid/NRD90M; wv) AppleWebKit/537.36 (KHTML, like Gecko) Version/4.0 Chrome/60.0.3112.107 Moblie Safari/537.36" "-"
51.15.17.0 - - [06/Jan/2024:09:05:02 +0100] "GET /wp-includes/pomo/wp-login.php HTTP/1.1" 404 596 cronicadecordoba.com "-" "Mozlila/5.0 (Linux; Android 7.0; SM-G892A Bulid/NRD90M; wv) AppleWebKit/537.36 (KHTML, like Gecko) Version/4.0 Chrome/60.0.3112.107 Moblie Safari/537.36" "-"
51.15.17.0 - - [06/Jan/2024:09:05:17 +0100] "GET /wp-includes/customize/wp-login.php HTTP/1.1" 404 596 cronicadecordoba.com "-" "Mozlila/5.0 (Linux; Android 7.0; SM-G892A Bulid/NRD90M; wv) AppleWebKit/537.36 (KHTML, like Gecko) Version/4.0 Chrome/60.0.3112.107 Moblie Safari/537.36" "-"
51.15.17.0 - - [06/Jan/2024:09:05:33 +0100] "GET /wp-admin/network/wp-login.php HTTP/1.1" 404 596 cronicadecordoba.com "-" "Mozlila/5.0 (Linux; Android 7.0; SM-G892A Bulid/NRD90M; wv) AppleWebKit/537.36 (KHTML, like Gecko) Version/4.0 Chrome/60.0.3112.107 Moblie Safari/537.36" "-"
51.15.17.0 - - [06/Jan/2024:09:05:45 +0100] "GET /wp-admin/maint/wp-login.php HTTP/1.1" 404 596 cronicadecordoba.com "-" "Mozlila/5.0 (Linux; Android 7.0; SM-G892A Bulid/NRD90M; wv) AppleWebKit/537.36 (KHTML, like Gecko) Version/4.0 Chrome/60.0.3112.107 Moblie Safari/537.36" "-"
51.15.17.0 - - [06/Jan/2024:09:06:03 +0100] "GET /wp-includes/fonts/wp-login.php HTTP/1.1" 404 596 cronicadecordoba.com "-" "Mozlila/5.0 (Linux; Android 7.0; SM-G892A Bulid/NRD90M; wv) AppleWebKit/537.36 (KHTML, like Gecko) Version/4.0 Chrome/60.0.3112.107 Moblie Safari/537.36" "-"
51.15.17.0 - - [06/Jan/2024:09:06:15 +0100] "GET /wp-admin/images/wp-login.php HTTP/1.1" 404 596 cronicadecordoba.com "-" "Mozlila/5.0 (Linux; Android 7.0; SM-G892A Bulid/NRD90M; wv) AppleWebKit/537.36 (KHTML, like Gecko) Version/4.0 Chrome/60.0.3112.107 Moblie Safari/537.36" "-"
51.15.17.0 - - [06/Jan/2024:09:06:28 +0100] "GET /ms.php HTTP/1.1" 404 596 cronicadecordoba.com "-" "Mozlila/5.0 (Linux; Android 7.0; SM-G892A Bulid/NRD90M; wv) AppleWebKit/537.36 (KHTML, like Gecko) Version/4.0 Chrome/60.0.3112.107 Moblie Safari/537.36" "-"
51.15.17.0 - - [06/Jan/2024:09:06:43 +0100] "GET /wp-admin/user/wp-login.php HTTP/1.1" 404 596 cronicadecordoba.com "-" "Mozlila/5.0 (Linux; Android 7.0; SM-G892A Bulid/NRD90M; wv) AppleWebKit/537.36 (KHTML, like Gecko) Version/4.0 Chrome/60.0.3112.107 Moblie Safari/537.36" "-"
51.15.17.0 - - [06/Jan/2024:09:06:54 +0100] "GET /wp-admin/about.php HTTP/1.1" 404 596 cronicadecordoba.com "-" "Mozlila/5.0 (Linux; Android 7.0; SM-G892A Bulid/NRD90M; wv) AppleWebKit/537.36 (KHTML, like Gecko) Version/4.0 Chrome/60.0.3112.107 Moblie Safari/537.36" "-"
51.15.17.0 - - [06/Jan/2024:09:07:06 +0100] "GET /wp-admin/options.php HTTP/1.1" 404 596 cronicadecordoba.com "-" "Mozlila/5.0 (Linux; Android 7.0; SM-G892A Bulid/NRD90M; wv) AppleWebKit/537.36 (KHTML, like Gecko) Version/4.0 Chrome/60.0.3112.107 Moblie Safari/537.36" "-"
51.15.17.0 - - [06/Jan/2024:09:07:21 +0100] "GET /bala.php HTTP/1.1" 404 596 cronicadecordoba.com "-" "Mozlila/5.0 (Linux; Android 7.0; SM-G892A Bulid/NRD90M; wv) AppleWebKit/537.36 (KHTML, like Gecko) Version/4.0 Chrome/60.0.3112.107 Moblie Safari/537.36" "-"
51.15.17.0 - - [06/Jan/2024:09:07:32 +0100] "GET /alfanew.php HTTP/1.1" 404 596 cronicadecordoba.com "-" "Mozlila/5.0 (Linux; Android 7.0; SM-G892A Bulid/NRD90M; wv) AppleWebKit/537.36 (KHTML, like Gecko) Version/4.0 Chrome/60.0.3112.107 Moblie Safari/537.36" "-"
51.15.17.0 - - [06/Jan/2024:09:07:47 +0100] "GET /wp-content/plugins/core/include.php HTTP/1.1" 404 596 cronicadecordoba.com "-" "Mozlila/5.0 (Linux; Android 7.0; SM-G892A Bulid/NRD90M; wv) AppleWebKit/537.36 (KHTML, like Gecko) Version/4.0 Chrome/60.0.3112.107 Moblie Safari/537.36" "-"
51.15.17.0 - - [06/Jan/2024:09:07:58 +0100] "GET /bb.php HTTP/1.1" 404 596 cronicadecordoba.com "-" "Mozlila/5.0 (Linux; Android 7.0; SM-G892A Bulid/NRD90M; wv) AppleWebKit/537.36 (KHTML, like Gecko) Version/4.0 Chrome/60.0.3112.107 Moblie Safari/537.36" "-"
51.15.17.0 - - [06/Jan/2024:09:08:09 +0100] "GET /ms.php HTTP/1.1" 404 596 cronicadecordoba.com "-" "Mozlila/5.0 (Linux; Android 7.0; SM-G892A Bulid/NRD90M; wv) AppleWebKit/537.36 (KHTML, like Gecko) Version/4.0 Chrome/60.0.3112.107 Moblie Safari/537.36" "-"
51.15.17.0 - - [06/Jan/2024:09:08:19 +0100] "GET /wp-admin/user/wp-login.php HTTP/1.1" 404 596 cronicadecordoba.com "-" "Mozlila/5.0 (Linux; Android 7.0; SM-G892A Bulid/NRD90M; wv) AppleWebKit/537.36 (KHTML, like Gecko) Version/4.0 Chrome/60.0.3112.107 Moblie Safari/537.36" "-"
51.15.17.0 - - [06/Jan/2024:09:08:31 +0100] "GET /wp-admin/about.php HTTP/1.1" 404 596 cronicadecordoba.com "-" "Mozlila/5.0 (Linux; Android 7.0; SM-G892A Bulid/NRD90M; wv) AppleWebKit/537.36 (KHTML, like Gecko) Version/4.0 Chrome/60.0.3112.107 Moblie Safari/537.36" "-"
51.15.17.0 - - [06/Jan/2024:09:08:44 +0100] "GET /wp-admin/options.php HTTP/1.1" 404 596 cronicadecordoba.com "-" "Mozlila/5.0 (Linux; Android 7.0; SM-G892A Bulid/NRD90M; wv) AppleWebKit/537.36 (KHTML, like Gecko) Version/4.0 Chrome/60.0.3112.107 Moblie Safari/537.36" "-"
51.15.17.0 - - [06/Jan/2024:09:08:58 +0100] "GET /bala.php HTTP/1.1" 404 596 cronicadecordoba.com "-" "Mozlila/5.0 (Linux; Android 7.0; SM-G892A Bulid/NRD90M; wv) AppleWebKit/537.36 (KHTML, like Gecko) Version/4.0 Chrome/60.0.3112.107 Moblie Safari/537.36" "-"
51.15.17.0 - - [06/Jan/2024:09:09:12 +0100] "GET /4pric.php HTTP/1.1" 404 596 cronicadecordoba.com "-" "Mozlila/5.0 (Linux; Android 7.0; SM-G892A Bulid/NRD90M; wv) AppleWebKit/537.36 (KHTML, like Gecko) Version/4.0 Chrome/60.0.3112.107 Moblie Safari/537.36" "-"
51.15.17.0 - - [06/Jan/2024:09:09:25 +0100] "GET /4price3.php HTTP/1.1" 404 596 cronicadecordoba.com "-" "Mozlila/5.0 (Linux; Android 7.0; SM-G892A Bulid/NRD90M; wv) AppleWebKit/537.36 (KHTML, like Gecko) Version/4.0 Chrome/60.0.3112.107 Moblie Safari/537.36" "-"
51.15.17.0 - - [06/Jan/2024:09:09:36 +0100] "GET /shellv3.php HTTP/1.1" 404 596 cronicadecordoba.com "-" "Mozlila/5.0 (Linux; Android 7.0; SM-G892A Bulid/NRD90M; wv) AppleWebKit/537.36 (KHTML, like Gecko) Version/4.0 Chrome/60.0.3112.107 Moblie Safari/537.36" "-"
51.15.17.0 - - [06/Jan/2024:09:09:47 +0100] "GET /x.php HTTP/1.1" 404 596 cronicadecordoba.com "-" "Mozlila/5.0 (Linux; Android 7.0; SM-G892A Bulid/NRD90M; wv) AppleWebKit/537.36 (KHTML, like Gecko) Version/4.0 Chrome/60.0.3112.107 Moblie Safari/537.36" "-"
51.15.17.0 - - [06/Jan/2024:09:10:00 +0100] "GET /autoload_classmap.php HTTP/1.1" 404 596 cronicadecordoba.com "-" "Mozlila/5.0 (Linux; Android 7.0; SM-G892A Bulid/NRD90M; wv) AppleWebKit/537.36 (KHTML, like Gecko) Version/4.0 Chrome/60.0.3112.107 Moblie Safari/537.36" "-"
51.15.17.0 - - [06/Jan/2024:09:10:11 +0100] "GET /wp-includes/IXR/themes.php HTTP/1.1" 404 596 cronicadecordoba.com "-" "Mozlila/5.0 (Linux; Android 7.0; SM-G892A Bulid/NRD90M; wv) AppleWebKit/537.36 (KHTML, like Gecko) Version/4.0 Chrome/60.0.3112.107 Moblie Safari/537.36" "-"
74.125.209.0 - - [06/Jan/2024:09:10:16 +0100] "GET /category/politica/feed/ HTTP/1.1" 200 18273 cronicareinodearagon.com "-" "FeedFetcher-Google; (+http://www.google.com/feedfetcher.html)" "-"
51.15.17.0 - - [06/Jan/2024:09:10:21 +0100] "GET /wp-admin/includes/themes.php HTTP/1.1" 404 596 cronicadecordoba.com "-" "Mozlila/5.0 (Linux; Android 7.0; SM-G892A Bulid/NRD90M; wv) AppleWebKit/537.36 (KHTML, like Gecko) Version/4.0 Chrome/60.0.3112.107 Moblie Safari/537.36" "-"
51.15.17.0 - - [06/Jan/2024:09:10:35 +0100] "GET /wp-admin/dropdown.php HTTP/1.1" 404 596 cronicadecordoba.com "-" "Mozlila/5.0 (Linux; Android 7.0; SM-G892A Bulid/NRD90M; wv) AppleWebKit/537.36 (KHTML, like Gecko) Version/4.0 Chrome/60.0.3112.107 Moblie Safari/537.36" "-"
51.15.17.0 - - [06/Jan/2024:09:10:46 +0100] "GET /about.php HTTP/1.1" 404 596 cronicadecordoba.com "-" "Mozlila/5.0 (Linux; Android 7.0; SM-G892A Bulid/NRD90M; wv) AppleWebKit/537.36 (KHTML, like Gecko) Version/4.0 Chrome/60.0.3112.107 Moblie Safari/537.36" "-"
51.15.17.0 - - [06/Jan/2024:09:11:00 +0100] "GET /cong.php HTTP/1.1" 404 596 cronicadecordoba.com "-" "Mozlila/5.0 (Linux; Android 7.0; SM-G892A Bulid/NRD90M; wv) AppleWebKit/537.36 (KHTML, like Gecko) Version/4.0 Chrome/60.0.3112.107 Moblie Safari/537.36" "-"
51.15.17.0 - - [06/Jan/2024:09:11:14 +0100] "GET /wp-content/themes/hello-element/footer.php HTTP/1.1" 404 596 cronicadecordoba.com "-" "Mozlila/5.0 (Linux; Android 7.0; SM-G892A Bulid/NRD90M; wv) AppleWebKit/537.36 (KHTML, like Gecko) Version/4.0 Chrome/60.0.3112.107 Moblie Safari/537.36" "-"
51.15.17.0 - - [06/Jan/2024:09:11:25 +0100] "GET /wp-content/plugins/about.php HTTP/1.1" 404 596 cronicadecordoba.com "-" "Mozlila/5.0 (Linux; Android 7.0; SM-G892A Bulid/NRD90M; wv) AppleWebKit/537.36 (KHTML, like Gecko) Version/4.0 Chrome/60.0.3112.107 Moblie Safari/537.36" "-"
51.15.17.0 - - [06/Jan/2024:09:11:38 +0100] "GET /dropdown.php HTTP/1.1" 404 596 cronicadecordoba.com "-" "Mozlila/5.0 (Linux; Android 7.0; SM-G892A Bulid/NRD90M; wv) AppleWebKit/537.36 (KHTML, like Gecko) Version/4.0 Chrome/60.0.3112.107 Moblie Safari/537.36" "-"
51.15.17.0 - - [06/Jan/2024:09:11:48 +0100] "GET /wp-includes/SimplePie/plugins.php HTTP/1.1" 404 596 cronicadecordoba.com "-" "Mozlila/5.0 (Linux; Android 7.0; SM-G892A Bulid/NRD90M; wv) AppleWebKit/537.36 (KHTML, like Gecko) Version/4.0 Chrome/60.0.3112.107 Moblie Safari/537.36" "-"
51.15.17.0 - - [06/Jan/2024:09:12:03 +0100] "GET /wp-head.php HTTP/1.1" 404 596 cronicadecordoba.com "-" "Mozlila/5.0 (Linux; Android 7.0; SM-G892A Bulid/NRD90M; wv) AppleWebKit/537.36 (KHTML, like Gecko) Version/4.0 Chrome/60.0.3112.107 Moblie Safari/537.36" "-"
51.15.17.0 - - [06/Jan/2024:09:12:15 +0100] "GET /wp-content/plugins/press/wp-class.php HTTP/1.1" 404 596 cronicadecordoba.com "-" "Mozlila/5.0 (Linux; Android 7.0; SM-G892A Bulid/NRD90M; wv) AppleWebKit/537.36 (KHTML, like Gecko) Version/4.0 Chrome/60.0.3112.107 Moblie Safari/537.36" "-"
51.15.17.0 - - [06/Jan/2024:09:12:27 +0100] "GET /wp-admin/css/index.php HTTP/1.1" 404 596 cronicadecordoba.com "-" "Mozlila/5.0 (Linux; Android 7.0; SM-G892A Bulid/NRD90M; wv) AppleWebKit/537.36 (KHTML, like Gecko) Version/4.0 Chrome/60.0.3112.107 Moblie Safari/537.36" "-"
51.15.17.0 - - [06/Jan/2024:09:12:45 +0100] "GET /wp-content/themes/about.php HTTP/1.1" 404 596 cronicadecordoba.com "-" "Mozlila/5.0 (Linux; Android 7.0; SM-G892A Bulid/NRD90M; wv) AppleWebKit/537.36 (KHTML, like Gecko) Version/4.0 Chrome/60.0.3112.107 Moblie Safari/537.36" "-"
51.15.17.0 - - [06/Jan/2024:09:12:54 +0100] "GET /ws.php HTTP/1.1" 404 596 cronicadecordoba.com "-" "Mozlila/5.0 (Linux; Android 7.0; SM-G892A Bulid/NRD90M; wv) AppleWebKit/537.36 (KHTML, like Gecko) Version/4.0 Chrome/60.0.3112.107 Moblie Safari/537.36" "-"
74.125.209.0 - - [06/Jan/2024:09:13:00 +0100] "GET /category/educacion/feed/ HTTP/1.1" 200 16487 cronicareinodearagon.com "-" "FeedFetcher-Google; (+http://www.google.com/feedfetcher.html)" "-"
51.15.17.0 - - [06/Jan/2024:09:13:07 +0100] "GET /wp-includes/wp-class.php HTTP/1.1" 404 596 cronicadecordoba.com "-" "Mozlila/5.0 (Linux; Android 7.0; SM-G892A Bulid/NRD90M; wv) AppleWebKit/537.36 (KHTML, like Gecko) Version/4.0 Chrome/60.0.3112.107 Moblie Safari/537.36" "-"
51.15.17.0 - - [06/Jan/2024:09:13:18 +0100] "GET /shell20211028.php HTTP/1.1" 404 596 cronicadecordoba.com "-" "Mozlila/5.0 (Linux; Android 7.0; SM-G892A Bulid/NRD90M; wv) AppleWebKit/537.36 (KHTML, like Gecko) Version/4.0 Chrome/60.0.3112.107 Moblie Safari/537.36" "-"
51.15.17.0 - - [06/Jan/2024:09:13:27 +0100] "GET /wp-includes/shell20211028.php HTTP/1.1" 404 596 cronicadecordoba.com "-" "Mozlila/5.0 (Linux; Android 7.0; SM-G892A Bulid/NRD90M; wv) AppleWebKit/537.36 (KHTML, like Gecko) Version/4.0 Chrome/60.0.3112.107 Moblie Safari/537.36" "-"
51.15.17.0 - - [06/Jan/2024:09:13:43 +0100] "GET /admin.php HTTP/1.1" 404 596 cronicadecordoba.com "-" "Mozlila/5.0 (Linux; Android 7.0; SM-G892A Bulid/NRD90M; wv) AppleWebKit/537.36 (KHTML, like Gecko) Version/4.0 Chrome/60.0.3112.107 Moblie Safari/537.36" "-"
51.15.17.0 - - [06/Jan/2024:09:13:56 +0100] "GET /wp.php HTTP/1.1" 404 596 cronicadecordoba.com "-" "Mozlila/5.0 (Linux; Android 7.0; SM-G892A Bulid/NRD90M; wv) AppleWebKit/537.36 (KHTML, like Gecko) Version/4.0 Chrome/60.0.3112.107 Moblie Safari/537.36" "-"
51.15.17.0 - - [06/Jan/2024:09:14:09 +0100] "GET /wso-x569.php HTTP/1.1" 404 596 cronicadecordoba.com "-" "Mozlila/5.0 (Linux; Android 7.0; SM-G892A Bulid/NRD90M; wv) AppleWebKit/537.36 (KHTML, like Gecko) Version/4.0 Chrome/60.0.3112.107 Moblie Safari/537.36" "-"
51.15.17.0 - - [06/Jan/2024:09:14:23 +0100] "GET /wso112233.php HTTP/1.1" 404 596 cronicadecordoba.com "-" "Mozlila/5.0 (Linux; Android 7.0; SM-G892A Bulid/NRD90M; wv) AppleWebKit/537.36 (KHTML, like Gecko) Version/4.0 Chrome/60.0.3112.107 Moblie Safari/537.36" "-"
51.15.17.0 - - [06/Jan/2024:09:14:36 +0100] "GET /wp-includes/ID3/about.php HTTP/1.1" 404 596 cronicadecordoba.com "-" "Mozlila/5.0 (Linux; Android 7.0; SM-G892A Bulid/NRD90M; wv) AppleWebKit/537.36 (KHTML, like Gecko) Version/4.0 Chrome/60.0.3112.107 Moblie Safari/537.36" "-"
51.15.17.0 - - [06/Jan/2024:09:14:48 +0100] "GET /wp-content/themes/twenty/twenty.php HTTP/1.1" 404 596 cronicadecordoba.com "-" "Mozlila/5.0 (Linux; Android 7.0; SM-G892A Bulid/NRD90M; wv) AppleWebKit/537.36 (KHTML, like Gecko) Version/4.0 Chrome/60.0.3112.107 Moblie Safari/537.36" "-"
51.15.17.0 - - [06/Jan/2024:09:15:01 +0100] "GET /wp-content/admin.php HTTP/1.1" 404 596 cronicadecordoba.com "-" "Mozlila/5.0 (Linux; Android 7.0; SM-G892A Bulid/NRD90M; wv) AppleWebKit/537.36 (KHTML, like Gecko) Version/4.0 Chrome/60.0.3112.107 Moblie Safari/537.36" "-"
74.125.209.0 - - [06/Jan/2024:09:15:06 +0100] "GET /category/educacion/feed/ HTTP/1.1" 200 16487 cronicareinodearagon.com "-" "FeedFetcher-Google; (+http://www.google.com/feedfetcher.html)" "-"
51.15.17.0 - - [06/Jan/2024:09:15:15 +0100] "GET /wp-content/themes.php HTTP/1.1" 404 596 cronicadecordoba.com "-" "Mozlila/5.0 (Linux; Android 7.0; SM-G892A Bulid/NRD90M; wv) AppleWebKit/537.36 (KHTML, like Gecko) Version/4.0 Chrome/60.0.3112.107 Moblie Safari/537.36" "-"
66.249.68.0 - - [06/Jan/2024:09:15:29 +0100] "GET /robots.txt HTTP/1.1" 200 202 cronicareinodearagon.com "-" "Mozilla/5.0 (compatible; Googlebot/2.1; +http://www.google.com/bot.html)" "-"
51.15.17.0 - - [06/Jan/2024:09:15:30 +0100] "GET /wp-content/index.php HTTP/1.1" 404 596 cronicadecordoba.com "-" "Mozlila/5.0 (Linux; Android 7.0; SM-G892A Bulid/NRD90M; wv) AppleWebKit/537.36 (KHTML, like Gecko) Version/4.0 Chrome/60.0.3112.107 Moblie Safari/537.36" "-"
