HEX
Server: Apache
System: Linux info 3.0 #1337 SMP Tue Jan 01 00:00:00 CEST 2000 all GNU/Linux
User: u108971390 (10552621)
PHP: 8.0.30
Disabled: NONE
Upload Files
File: /homepages/20/d917057205/htdocs/_ProviderRestore/logs/access.log.01.6
217.160.71.0 - - [06/Jan/2024:00:02:11 +0100] "GET / HTTP/1.1" 200 336 cronicadesevilla.com "-" "Mozilla/5.0 (Windows NT 10.0; Win64; x64) AppleWebKit/537.36 (KHTML, like Gecko) Chrome/117.0.0.0 Safari/537.36" "-"
217.160.71.0 - - [06/Jan/2024:00:02:11 +0100] "GET / HTTP/1.1" 200 336 cronicadesevilla.com "-" "Mozilla/5.0 (X11; Linux x86_64) AppleWebKit/537.36 (KHTML, like Gecko) Chrome/117.0.0.0 Safari/537.36" "-"
217.160.71.0 - - [06/Jan/2024:00:02:11 +0100] "GET /wp-json HTTP/1.1" 404 596 cronicadesevilla.com "-" "Mozilla/5.0 (Macintosh; Intel Mac OS X 10.15; rv:109.0) Gecko/20100101 Firefox/117.0" "-"
217.160.71.0 - - [06/Jan/2024:00:02:11 +0100] "GET / HTTP/1.1" 200 336 cronicadesevilla.com "-" "Mozilla/5.0 (X11; Linux x86_64) AppleWebKit/537.36 (KHTML, like Gecko) Chrome/116.0.0.0 Safari/537.36" "-"
217.160.71.0 - - [06/Jan/2024:00:02:11 +0100] "GET /index.php?rest_route=/tdw HTTP/1.1" 300 449 cronicadesevilla.com "-" "Mozilla/5.0 (X11; Linux x86_64; rv:109.0) Gecko/20100101 Firefox/117.0" "-"
217.160.71.0 - - [06/Jan/2024:00:02:11 +0100] "GET /wp-json/wpgmza/v1/markers HTTP/1.1" 404 596 cronicadesevilla.com "-" "Mozilla/5.0 (Macintosh; Intel Mac OS X 10_15_7) AppleWebKit/537.36 (KHTML, like Gecko) Chrome/117.0.0.0 Safari/537.36" "-"
217.160.71.0 - - [06/Jan/2024:00:02:11 +0100] "GET / HTTP/1.1" 200 336 cronicadesevilla.com "-" "Mozilla/5.0 (Windows NT 10.0; Win64; x64) AppleWebKit/537.36 (KHTML, like Gecko) Chrome/116.0.0.0 Safari/537.36" "-"
217.160.71.0 - - [06/Jan/2024:00:02:11 +0100] "GET /wp-json/wp/v2/posts HTTP/1.1" 404 596 cronicadesevilla.com "-" "Mozilla/5.0 (Windows NT 10.0; Win64; x64) AppleWebKit/537.36 (KHTML, like Gecko) Chrome/117.0.0.0 Safari/537.36" "-"
217.160.71.0 - - [06/Jan/2024:00:02:11 +0100] "GET /?p=99 HTTP/1.1" 200 336 cronicadesevilla.com "-" "Mozilla/5.0 (Windows NT 10.0; Win64; x64) AppleWebKit/537.36 (KHTML, like Gecko) Chrome/117.0.0.0 Safari/537.36" "-"
217.160.71.0 - - [06/Jan/2024:00:02:11 +0100] "GET / HTTP/1.1" 200 336 cronicadesevilla.com "-" "Mozilla/5.0 (Linux; Android 11; SAMSUNG SM-G973U) AppleWebKit/537.36 (KHTML, like Gecko) SamsungBrowser/14.2 Chrome/87.0.4280.141 Mobile Safari/537.36" "-"
184.154.76.0 - - [06/Jan/2024:00:05:04 +0100] "GET / HTTP/1.1" 200 336 www.cronicadealmeria.com "http://www.google.com/url?url=www.cronicadealmeria.com&yahoo.com" "Mozilla/5.0 (compatible; MSIE 9.0; Windows NT 6.1; WOW64; Trident/6.0)" "-"
184.154.76.0 - - [06/Jan/2024:00:05:05 +0100] "GET /th1s_1s_a_4o4.html HTTP/1.1" 404 596 www.cronicadealmeria.com "http://www.google.com/url?url=www.cronicadealmeria.com&yahoo.com" "Mozilla/5.0 (compatible; MSIE 9.0; Windows NT 6.1; WOW64; Trident/6.0)" "-"
184.154.76.0 - - [06/Jan/2024:00:05:05 +0100] "GET /spicons/templates/defaultsite/es-ES/images/domain_transfer.svg HTTP/1.1" 200 1201 www.cronicadealmeria.com "http://www.google.com/url?url=www.cronicadealmeria.com&yahoo.com" "Mozilla/5.0 (compatible; MSIE 9.0; Windows NT 6.1; WOW64; Trident/6.0)" "-"
184.154.76.0 - - [06/Jan/2024:00:05:05 +0100] "GET /defaultsite HTTP/1.1" 200 18994 www.cronicadealmeria.com "-" "SiteLockSpider [en] (WinNT; I ;Nav)" "-"
184.154.76.0 - - [06/Jan/2024:00:05:06 +0100] "GET /spicons/templates/defaultsite/es-ES/images/domain.svg HTTP/1.1" 200 2095 www.cronicadealmeria.com "-" "SiteLockSpider [en] (WinNT; I ;Nav)" "-"
184.154.76.0 - - [06/Jan/2024:00:05:06 +0100] "GET /domaincheckresult?__SBMT:d359e110d15:=1&__SYNT:d359e110d15:__CMD(domaincheckresult):RETWRP=domainselect&__SYNT:d359e110d15:__CMD(domaincheckresult):SELWRP=multicheck&__SYNT:d359e110d15:__forcestop=true&__pageflow=Order&__sendingdata=1&linkId=ct.btn.check.default-page-check&multicheck.Domain=1 HTTP/1.1" 404 596 www.cronicadealmeria.com "-" "SiteLockSpider [en] (WinNT; I ;Nav)" "-"
184.154.76.0 - - [06/Jan/2024:00:05:07 +0100] "GET /spicons/templates/defaultsite/es-ES/images/css/main.css HTTP/1.1" 200 486180 www.cronicadealmeria.com "http://www.google.com/url?url=www.cronicadealmeria.com&yahoo.com" "Mozilla/5.0 (compatible; MSIE 9.0; Windows NT 6.1; WOW64; Trident/6.0)" "-"
74.125.209.0 - - [06/Jan/2024:00:14:21 +0100] "GET /category/educacion/feed/ HTTP/1.1" 200 16487 cronicareinodearagon.com "-" "FeedFetcher-Google; (+http://www.google.com/feedfetcher.html)" "-"
66.249.78.0 - - [06/Jan/2024:00:21:19 +0100] "GET /robots.txt HTTP/1.1" 200 202 cronicareinodearagon.com "-" "Mozilla/5.0 (compatible; Googlebot/2.1; +http://www.google.com/bot.html)" "-"
82.165.88.0 - - [06/Jan/2024:00:21:20 +0100] "POST /wp-cron.php?doing_wp_cron=1704496880.5057690143585205078125 HTTP/1.1" 200 - cronicareinodearagon.com "-" "WordPress/6.2.2; https://cronicareinodearagon.com" "-"
66.249.78.0 - - [06/Jan/2024:00:23:20 +0100] "GET /sociedad/diputacion-zaragoza-ayudas-ayuntamientos-autoconsumo/ HTTP/1.1" 200 35364 cronicareinodearagon.com "-" "Mozilla/5.0 (Linux; Android 6.0.1; Nexus 5X Build/MMB29P) AppleWebKit/537.36 (KHTML, like Gecko) Chrome/120.0.6099.129 Mobile Safari/537.36 (compatible; Googlebot/2.1; +http://www.google.com/bot.html)" "-"
82.165.88.0 - - [06/Jan/2024:00:23:21 +0100] "POST /wp-cron.php?doing_wp_cron=1704497001.1600239276885986328125 HTTP/1.1" 200 - cronicareinodearagon.com "-" "WordPress/6.2.2; https://cronicareinodearagon.com" "-"
66.249.78.0 - - [06/Jan/2024:00:23:34 +0100] "GET /wp-includes/css/classic-themes.min.css?ver=6.2.2 HTTP/1.1" 200 211 cronicareinodearagon.com "https://cronicareinodearagon.com/sociedad/diputacion-zaragoza-ayudas-ayuntamientos-autoconsumo/" "Mozilla/5.0 (Linux; Android 6.0.1; Nexus 5X Build/MMB29P) AppleWebKit/537.36 (KHTML, like Gecko) Chrome/120.0.6099.71 Mobile Safari/537.36 (compatible; Googlebot/2.1; +http://www.google.com/bot.html)" "-"
66.249.68.0 - - [06/Jan/2024:00:23:35 +0100] "GET /wp-content/plugins/metronet-profile-picture/dist/blocks.style.build.css?ver=2.6.0 HTTP/1.1" 200 4040 cronicareinodearagon.com "https://cronicareinodearagon.com/sociedad/diputacion-zaragoza-ayudas-ayuntamientos-autoconsumo/" "Mozilla/5.0 (Linux; Android 6.0.1; Nexus 5X Build/MMB29P) AppleWebKit/537.36 (KHTML, like Gecko) Chrome/120.0.6099.71 Mobile Safari/537.36 (compatible; Googlebot/2.1; +http://www.google.com/bot.html)" "-"
66.249.68.0 - - [06/Jan/2024:00:23:35 +0100] "GET /wp-content/themes/jnews/assets/dist/frontend.min.css?ver=10.7.9 HTTP/1.1" 200 126484 cronicareinodearagon.com "https://cronicareinodearagon.com/sociedad/diputacion-zaragoza-ayudas-ayuntamientos-autoconsumo/" "Mozilla/5.0 (Linux; Android 6.0.1; Nexus 5X Build/MMB29P) AppleWebKit/537.36 (KHTML, like Gecko) Chrome/120.0.6099.71 Mobile Safari/537.36 (compatible; Googlebot/2.1; +http://www.google.com/bot.html)" "-"
66.249.68.0 - - [06/Jan/2024:00:23:43 +0100] "GET /wp-includes/js/comment-reply.min.js?ver=6.2.2 HTTP/1.1" 200 1399 cronicareinodearagon.com "https://cronicareinodearagon.com/sociedad/diputacion-zaragoza-ayudas-ayuntamientos-autoconsumo/" "Mozilla/5.0 (Linux; Android 6.0.1; Nexus 5X Build/MMB29P) AppleWebKit/537.36 (KHTML, like Gecko) Chrome/120.0.6099.71 Mobile Safari/537.36 (compatible; Googlebot/2.1; +http://www.google.com/bot.html)" "-"
66.249.78.0 - - [06/Jan/2024:00:23:43 +0100] "GET /wp-includes/js/hoverIntent.min.js?ver=1.10.2 HTTP/1.1" 200 721 cronicareinodearagon.com "https://cronicareinodearagon.com/sociedad/diputacion-zaragoza-ayudas-ayuntamientos-autoconsumo/" "Mozilla/5.0 (Linux; Android 6.0.1; Nexus 5X Build/MMB29P) AppleWebKit/537.36 (KHTML, like Gecko) Chrome/120.0.6099.71 Mobile Safari/537.36 (compatible; Googlebot/2.1; +http://www.google.com/bot.html)" "-"
66.249.78.0 - - [06/Jan/2024:00:23:43 +0100] "GET /wp-content/plugins/elementor/assets/js/webpack.runtime.min.js?ver=3.15.2 HTTP/1.1" 200 2279 cronicareinodearagon.com "https://cronicareinodearagon.com/sociedad/diputacion-zaragoza-ayudas-ayuntamientos-autoconsumo/" "Mozilla/5.0 (Linux; Android 6.0.1; Nexus 5X Build/MMB29P) AppleWebKit/537.36 (KHTML, like Gecko) Chrome/120.0.6099.71 Mobile Safari/537.36 (compatible; Googlebot/2.1; +http://www.google.com/bot.html)" "-"
66.249.78.0 - - [06/Jan/2024:00:23:43 +0100] "GET /wp-content/themes/jnews/assets/dist/frontend.min.js?ver=10.7.9 HTTP/1.1" 200 103509 cronicareinodearagon.com "https://cronicareinodearagon.com/sociedad/diputacion-zaragoza-ayudas-ayuntamientos-autoconsumo/" "Mozilla/5.0 (Linux; Android 6.0.1; Nexus 5X Build/MMB29P) AppleWebKit/537.36 (KHTML, like Gecko) Chrome/120.0.6099.71 Mobile Safari/537.36 (compatible; Googlebot/2.1; +http://www.google.com/bot.html)" "-"
66.249.68.0 - - [06/Jan/2024:00:23:43 +0100] "GET /wp-content/plugins/elementor/assets/js/frontend.min.js?ver=3.15.2 HTTP/1.1" 200 14219 cronicareinodearagon.com "https://cronicareinodearagon.com/sociedad/diputacion-zaragoza-ayudas-ayuntamientos-autoconsumo/" "Mozilla/5.0 (Linux; Android 6.0.1; Nexus 5X Build/MMB29P) AppleWebKit/537.36 (KHTML, like Gecko) Chrome/120.0.6099.71 Mobile Safari/537.36 (compatible; Googlebot/2.1; +http://www.google.com/bot.html)" "-"
66.249.78.0 - - [06/Jan/2024:00:23:44 +0100] "GET /wp-content/plugins/jnews-social-share/assets/js/plugin.js HTTP/1.1" 200 1411 cronicareinodearagon.com "https://cronicareinodearagon.com/sociedad/diputacion-zaragoza-ayudas-ayuntamientos-autoconsumo/" "Mozilla/5.0 (Linux; Android 6.0.1; Nexus 5X Build/MMB29P) AppleWebKit/537.36 (KHTML, like Gecko) Chrome/120.0.6099.71 Mobile Safari/537.36 (compatible; Googlebot/2.1; +http://www.google.com/bot.html)" "-"
66.249.68.0 - - [06/Jan/2024:00:23:44 +0100] "GET /wp-includes/js/jquery/ui/core.min.js?ver=1.13.2 HTTP/1.1" 200 7937 cronicareinodearagon.com "https://cronicareinodearagon.com/sociedad/diputacion-zaragoza-ayudas-ayuntamientos-autoconsumo/" "Mozilla/5.0 (Linux; Android 6.0.1; Nexus 5X Build/MMB29P) AppleWebKit/537.36 (KHTML, like Gecko) Chrome/120.0.6099.71 Mobile Safari/537.36 (compatible; Googlebot/2.1; +http://www.google.com/bot.html)" "-"
66.249.78.0 - - [06/Jan/2024:00:23:45 +0100] "GET /wp-content/plugins/elementor/assets/lib/waypoints/waypoints.min.js?ver=4.0.2 HTTP/1.1" 200 3501 cronicareinodearagon.com "https://cronicareinodearagon.com/sociedad/diputacion-zaragoza-ayudas-ayuntamientos-autoconsumo/" "Mozilla/5.0 (Linux; Android 6.0.1; Nexus 5X Build/MMB29P) AppleWebKit/537.36 (KHTML, like Gecko) Chrome/120.0.6099.71 Mobile Safari/537.36 (compatible; Googlebot/2.1; +http://www.google.com/bot.html)" "-"
66.249.78.0 - - [06/Jan/2024:00:23:52 +0100] "GET /wp-content/plugins/elementor/assets/js/lightbox.1b6e05e0607040eb8929.bundle.min.js HTTP/1.1" 200 11140 cronicareinodearagon.com "https://cronicareinodearagon.com/sociedad/diputacion-zaragoza-ayudas-ayuntamientos-autoconsumo/" "Mozilla/5.0 (Linux; Android 6.0.1; Nexus 5X Build/MMB29P) AppleWebKit/537.36 (KHTML, like Gecko) Chrome/120.0.6099.71 Mobile Safari/537.36 (compatible; Googlebot/2.1; +http://www.google.com/bot.html)" "-"
66.249.68.0 - - [06/Jan/2024:00:23:54 +0100] "GET /wp-content/plugins/elementor/assets/lib/share-link/share-link.min.js?ver=3.15.2 HTTP/1.1" 200 1185 cronicareinodearagon.com "https://cronicareinodearagon.com/sociedad/diputacion-zaragoza-ayudas-ayuntamientos-autoconsumo/" "Mozilla/5.0 (Linux; Android 6.0.1; Nexus 5X Build/MMB29P) AppleWebKit/537.36 (KHTML, like Gecko) Chrome/120.0.6099.71 Mobile Safari/537.36 (compatible; Googlebot/2.1; +http://www.google.com/bot.html)" "-"
74.125.209.0 - - [06/Jan/2024:00:33:29 +0100] "GET /category/politica/feed/ HTTP/1.1" 200 18273 cronicareinodearagon.com "-" "FeedFetcher-Google; (+http://www.google.com/feedfetcher.html)" "-"
54.36.148.0 - - [06/Jan/2024:00:42:58 +0100] "GET /aragon/las-obras-de-la-nueva-residencia-de-mayores-en-agon-encaran-su-recta-final/ HTTP/1.1" 200 35031 cronicareinodearagon.com "-" "Mozilla/5.0 (compatible; AhrefsBot/7.0; +http://ahrefs.com/robot/)" "-"
82.165.88.0 - - [06/Jan/2024:00:42:59 +0100] "POST /wp-cron.php?doing_wp_cron=1704498179.5541570186614990234375 HTTP/1.1" 500 649 cronicareinodearagon.com "-" "WordPress/6.2.2; https://cronicareinodearagon.com" "-"
165.232.190.0 - - [06/Jan/2024:00:50:52 +0100] "POST /xmlrpc.php HTTP/1.1" 200 416 cronicareinodearagon.com "-" "Mozilla/5.0 (Windows NT 5.1; Win64; x64) AppleWebKit/537.36 (KHTML, like Gecko) Chrome/60.0.3112.90 Safari/537.36" "-"
34.80.163.0 - - [06/Jan/2024:00:50:53 +0100] "POST /xmlrpc.php HTTP/1.1" 200 416 cronicareinodearagon.com "-" "Mozilla/5.0 (Windows NT 6.1; WOW64; rv:17.0) Gecko/20100101 Firefox/17.0" "-"
82.165.88.0 - - [06/Jan/2024:00:50:53 +0100] "POST /wp-cron.php?doing_wp_cron=1704498653.2737538814544677734375 HTTP/1.1" 200 - cronicareinodearagon.com "-" "WordPress/6.2.2; https://cronicareinodearagon.com" "-"
149.143.49.0 - - [06/Jan/2024:00:50:58 +0100] "POST /xmlrpc.php HTTP/1.1" 200 416 cronicareinodearagon.com "-" "Mozilla/5.0 (Windows NT 10.0; Win64; x64) AppleWebKit/537.36 (KHTML, like Gecko) Chrome/70.0.3538.102 Safari/537.36" "-"
40.77.70.0 - - [06/Jan/2024:00:51:07 +0100] "POST /xmlrpc.php HTTP/1.1" 200 416 cronicareinodearagon.com "-" "Mozilla/5.0 (Windows NT 10.0; Win64; x64) AppleWebKit/537.36 (KHTML, like Gecko) Chrome/80.0.3987.132 Safari/537.36" "-"
198.71.230.0 - - [06/Jan/2024:00:51:16 +0100] "POST /xmlrpc.php HTTP/1.1" 200 416 cronicareinodearagon.com "-" "Mozilla/5.0 (Linux; Android 10) AppleWebKit/537.36 (KHTML, like Gecko) Chrome/91.0.4472.114 Mobile Safari/537.36" "-"
2400:6180:100:: - - [06/Jan/2024:00:51:17 +0100] "POST /xmlrpc.php HTTP/1.1" 200 416 cronicareinodearagon.com "-" "Mozilla/5.0 (Windows NT 6.1; WOW64; rv:17.0) Gecko/20100101 Firefox/17.0" "-"
82.165.88.0 - - [06/Jan/2024:01:06:43 +0100] "POST /wp-cron.php?doing_wp_cron=1704499603.9048049449920654296875 HTTP/1.1" 200 - cronicareinodearagon.com "-" "WordPress/6.2.2; https://cronicareinodearagon.com" "-"
64.124.8.0 - - [06/Jan/2024:01:06:43 +0100] "GET /robots.txt HTTP/1.1" 200 202 cronicareinodearagon.com "-" "Mozilla/5.0 (compatible; ImagesiftBot; +imagesift.com)" "-"
64.124.8.0 - - [06/Jan/2024:01:06:44 +0100] "GET /wp-content/uploads/2022/08/escolar_.jpg HTTP/1.1" 304 - cronicareinodearagon.com "-" "Mozilla/5.0 (compatible; ImagesiftBot; +imagesift.com)" "-"
82.165.88.0 - - [06/Jan/2024:01:08:45 +0100] "POST /wp-cron.php?doing_wp_cron=1704499725.4036939144134521484375 HTTP/1.1" 200 - cronicareinodearagon.com "-" "WordPress/6.2.2; https://cronicareinodearagon.com" "-"
64.124.8.0 - - [06/Jan/2024:01:08:45 +0100] "GET /robots.txt HTTP/1.1" 200 202 cronicareinodearagon.com "-" "Mozilla/5.0 (compatible; ImagesiftBot; +imagesift.com)" "-"
64.124.8.0 - - [06/Jan/2024:01:08:45 +0100] "GET /wp-content/uploads/2023/05/enfermeria-huesca.jpg HTTP/1.1" 304 - cronicareinodearagon.com "-" "Mozilla/5.0 (compatible; ImagesiftBot; +imagesift.com)" "-"
54.36.149.0 - - [06/Jan/2024:01:11:45 +0100] "GET /sociedad/aulas-muel-diputacion-zaragoza/ HTTP/1.1" 200 160947 cronicareinodearagon.com "-" "Mozilla/5.0 (compatible; AhrefsBot/7.0; +http://ahrefs.com/robot/)" "-"
82.165.88.0 - - [06/Jan/2024:01:11:46 +0100] "POST /wp-cron.php?doing_wp_cron=1704499906.2199609279632568359375 HTTP/1.1" 200 - cronicareinodearagon.com "-" "WordPress/6.2.2; https://cronicareinodearagon.com" "-"
74.125.209.0 - - [06/Jan/2024:01:13:24 +0100] "GET /category/educacion/feed/ HTTP/1.1" 200 16487 cronicareinodearagon.com "-" "FeedFetcher-Google; (+http://www.google.com/feedfetcher.html)" "-"
82.165.88.0 - - [06/Jan/2024:01:22:07 +0100] "POST /wp-cron.php?doing_wp_cron=1704500527.8090529441833496093750 HTTP/1.1" 200 - cronicareinodearagon.com "-" "WordPress/6.2.2; https://cronicareinodearagon.com" "-"
46.248.187.0 - - [06/Jan/2024:01:22:07 +0100] "GET /robots.txt HTTP/1.1" 200 202 cronicareinodearagon.com "-" "GuzzleHttp/7" "-"
46.248.187.0 - - [06/Jan/2024:01:22:08 +0100] "GET /sitemap_index.xml HTTP/1.1" 200 693 cronicareinodearagon.com "-" "GuzzleHttp/7" "-"
46.248.187.0 - - [06/Jan/2024:01:22:08 +0100] "GET //sitemap.xml HTTP/1.1" 301 - cronicareinodearagon.com "-" "GuzzleHttp/7" "-"
46.248.187.0 - - [06/Jan/2024:01:22:09 +0100] "GET /sitemap.xml HTTP/1.1" 301 - cronicareinodearagon.com "-" "GuzzleHttp/7" "-"
46.248.187.0 - - [06/Jan/2024:01:22:09 +0100] "GET /sitemap_index.xml HTTP/1.1" 200 693 cronicareinodearagon.com "-" "GuzzleHttp/7" "-"
46.248.187.0 - - [06/Jan/2024:01:22:09 +0100] "GET //sitemap.xml HTTP/1.1" 301 - cronicareinodearagon.com "-" "GuzzleHttp/7" "-"
46.248.187.0 - - [06/Jan/2024:01:22:10 +0100] "GET /sitemap.xml HTTP/1.1" 301 - cronicareinodearagon.com "-" "GuzzleHttp/7" "-"
46.248.187.0 - - [06/Jan/2024:01:22:10 +0100] "GET /sitemap_index.xml HTTP/1.1" 200 693 cronicareinodearagon.com "-" "GuzzleHttp/7" "-"
46.248.187.0 - - [06/Jan/2024:01:22:11 +0100] "GET / HTTP/1.1" 200 319418 cronicareinodearagon.com "-" "GuzzleHttp/7" "-"
166.88.139.0 - - [06/Jan/2024:01:22:12 +0100] "GET /category/politica/ HTTP/1.1" 200 147261 cronicareinodearagon.com "-" "Anthill" "-"
173.233.148.0 - - [06/Jan/2024:01:22:15 +0100] "GET /category/aragon/huesca/ HTTP/1.1" 200 147153 cronicareinodearagon.com "-" "Anthill" "-"
5.253.113.0 - - [06/Jan/2024:01:22:26 +0100] "GET /category/politica/ HTTP/1.1" 200 147261 cronicareinodearagon.com "-" "Anthill" "-"
104.232.196.0 - - [06/Jan/2024:01:22:29 +0100] "GET /category/aragon/huesca/ HTTP/1.1" 200 147153 cronicareinodearagon.com "-" "Anthill" "-"
134.73.20.0 - - [06/Jan/2024:01:22:31 +0100] "GET /aragon/el-biogas-como-aliado-en-la-descarbonizacion-tematica-de-jornada-de-itainnova-circe-y-clenar/ HTTP/1.1" 200 165421 cronicareinodearagon.com "-" "Anthill" "-"
166.88.139.0 - - [06/Jan/2024:01:22:33 +0100] "GET /aragon/aragon-vacunacion-neumococo-junio/ HTTP/1.1" 200 161597 cronicareinodearagon.com "-" "Anthill" "-"
5.153.237.0 - - [06/Jan/2024:01:22:34 +0100] "GET /aragon/fima-digital-jornada-maquinaria-agricola/ HTTP/1.1" 200 161877 cronicareinodearagon.com "-" "Anthill" "-"
104.238.52.0 - - [06/Jan/2024:01:22:37 +0100] "GET /sociedad/planta-transferencia-residuos-quinto-ecoprovincia-zaragoza/ HTTP/1.1" 200 168263 cronicareinodearagon.com "-" "Anthill" "-"
91.108.182.0 - - [06/Jan/2024:01:22:39 +0100] "GET /aragon/resultados-elecciones-autonomicas-municipales-aragon/ HTTP/1.1" 200 169150 cronicareinodearagon.com "-" "Anthill" "-"
104.232.197.0 - - [06/Jan/2024:01:22:40 +0100] "GET /aragon/segundo-avance-participacion-elecciones-aragon/ HTTP/1.1" 200 166335 cronicareinodearagon.com "-" "Anthill" "-"
82.165.88.0 - - [06/Jan/2024:01:22:48 +0100] "POST /wp-cron.php?doing_wp_cron=1704500568.8935139179229736328125 HTTP/1.1" 200 - cronicareinodearagon.com "-" "WordPress/6.2.2; https://cronicareinodearagon.com" "-"
134.73.20.0 - - [06/Jan/2024:01:22:48 +0100] "GET /aragon/avance-participacion-elecciones-aragon/ HTTP/1.1" 200 166709 cronicareinodearagon.com "-" "Anthill" "-"
5.253.112.0 - - [06/Jan/2024:01:22:56 +0100] "GET /author/redaccion/ HTTP/1.1" 301 - cronicareinodearagon.com "-" "Anthill" "-"
5.253.112.0 - - [06/Jan/2024:01:22:57 +0100] "GET / HTTP/1.1" 200 319418 cronicareinodearagon.com "-" "Anthill" "-"
104.232.197.0 - - [06/Jan/2024:01:22:59 +0100] "GET /aragon/avance-participacion-elecciones-aragon/ HTTP/1.1" 200 166711 cronicareinodearagon.com "-" "Anthill" "-"
91.108.182.0 - - [06/Jan/2024:01:23:01 +0100] "GET /aragon/resultados-elecciones-autonomicas-municipales-aragon/ HTTP/1.1" 200 169150 cronicareinodearagon.com "-" "Anthill" "-"
91.108.182.0 - - [06/Jan/2024:01:23:07 +0100] "GET /aragon/segundo-avance-participacion-elecciones-aragon/ HTTP/1.1" 200 166435 cronicareinodearagon.com "-" "Anthill" "-"
5.181.41.0 - - [06/Jan/2024:01:23:09 +0100] "GET /aragon/avance-participacion-elecciones-aragon/ HTTP/1.1" 200 166710 cronicareinodearagon.com "-" "Anthill" "-"
104.232.196.0 - - [06/Jan/2024:01:23:16 +0100] "GET /aragon/guitarte-teruel-existe-cierre-campana/ HTTP/1.1" 200 177140 cronicareinodearagon.com "-" "Anthill" "-"
5.157.35.0 - - [06/Jan/2024:01:23:39 +0100] "GET /category/america/ HTTP/1.1" 200 138176 cronicareinodearagon.com "-" "Anthill" "-"
5.153.237.0 - - [06/Jan/2024:01:23:41 +0100] "GET /aragon/astic-reconocimiento-carreras-grupo/ HTTP/1.1" 200 158188 cronicareinodearagon.com "-" "Anthill" "-"
82.165.88.0 - - [06/Jan/2024:01:23:42 +0100] "POST /wp-cron.php?doing_wp_cron=1704500622.0542299747467041015625 HTTP/1.1" 200 - cronicareinodearagon.com "-" "WordPress/6.2.2; https://cronicareinodearagon.com" "-"
5.153.237.0 - - [06/Jan/2024:01:23:48 +0100] "GET /author/redaccion/ HTTP/1.1" 301 - cronicareinodearagon.com "-" "Anthill" "-"
5.153.237.0 - - [06/Jan/2024:01:23:48 +0100] "GET / HTTP/1.1" 200 319418 cronicareinodearagon.com "-" "Anthill" "-"
23.92.126.0 - - [06/Jan/2024:01:23:56 +0100] "GET /aragon/nuevo-programa-de-aceleracion-gratuito-para-empresas-innovadoras/ HTTP/1.1" 200 164856 cronicareinodearagon.com "-" "Anthill" "-"
166.88.139.0 - - [06/Jan/2024:01:23:59 +0100] "GET /author/redaccion/ HTTP/1.1" 301 - cronicareinodearagon.com "-" "Anthill" "-"
166.88.139.0 - - [06/Jan/2024:01:23:59 +0100] "GET / HTTP/1.1" 200 319418 cronicareinodearagon.com "-" "Anthill" "-"
134.73.20.0 - - [06/Jan/2024:01:24:06 +0100] "GET /aragon/el-gobierno-de-aragon-impulsa-nueve-proyectos-empresariales-de-id-en-sector-farmaceutico-y-movilidad-sostenible/ HTTP/1.1" 200 168322 cronicareinodearagon.com "-" "Anthill" "-"
38.103.248.0 - - [06/Jan/2024:01:24:10 +0100] "GET /author/redaccion/ HTTP/1.1" 301 - cronicareinodearagon.com "-" "Anthill" "-"
38.103.248.0 - - [06/Jan/2024:01:24:11 +0100] "GET / HTTP/1.1" 200 319418 cronicareinodearagon.com "-" "Anthill" "-"
104.232.197.0 - - [06/Jan/2024:01:24:23 +0100] "GET /category/opinion/ HTTP/1.1" 200 145007 cronicareinodearagon.com "-" "Anthill" "-"
5.253.113.0 - - [06/Jan/2024:01:24:25 +0100] "GET /author/redaccion/ HTTP/1.1" 301 - cronicareinodearagon.com "-" "Anthill" "-"
5.253.113.0 - - [06/Jan/2024:01:24:26 +0100] "GET / HTTP/1.1" 200 319418 cronicareinodearagon.com "-" "Anthill" "-"
5.153.235.0 - - [06/Jan/2024:01:24:27 +0100] "GET /author/redaccion/ HTTP/1.1" 301 - cronicareinodearagon.com "-" "Anthill" "-"
5.153.235.0 - - [06/Jan/2024:01:24:27 +0100] "GET / HTTP/1.1" 200 319418 cronicareinodearagon.com "-" "Anthill" "-"
166.88.139.0 - - [06/Jan/2024:01:24:33 +0100] "GET /aragon/educacion-sexual-edades-tempranas-aragon/ HTTP/1.1" 200 161476 cronicareinodearagon.com "-" "Anthill" "-"
104.232.196.0 - - [06/Jan/2024:01:24:37 +0100] "GET /author/redaccion/ HTTP/1.1" 301 - cronicareinodearagon.com "-" "Anthill" "-"
104.232.196.0 - - [06/Jan/2024:01:24:38 +0100] "GET / HTTP/1.1" 200 319418 cronicareinodearagon.com "-" "Anthill" "-"
91.108.182.0 - - [06/Jan/2024:01:24:39 +0100] "GET /category/politica/ HTTP/1.1" 200 147261 cronicareinodearagon.com "-" "Anthill" "-"
134.73.20.0 - - [06/Jan/2024:01:24:41 +0100] "GET /category/aragon/huesca/ HTTP/1.1" 200 147153 cronicareinodearagon.com "-" "Anthill" "-"
128.199.63.0 - - [06/Jan/2024:01:29:24 +0100] "GET / HTTP/1.1" 200 336 cronicadelpaisvalenciano.com "-" "Mozilla/5.0 (X11; Linux x86_64) AppleWebKit/537.36 (KHTML, like Gecko) Chrome/108.0.0.0 Safari/537.36" "-"
192.42.116.0 - - [06/Jan/2024:01:35:27 +0100] "GET / HTTP/1.1" 200 336 cronicadejaen.com "http://cronicadejaen.com" "Mozilla/5.0 (Windows NT 6.1; Win64; x64) AppleWebKit/537.36 (KHTML, like Gecko) Chrome/58.0.3029.110 Safari/537.36" "-"
74.125.209.0 - - [06/Jan/2024:01:35:56 +0100] "GET /category/sociedad/feed/ HTTP/1.1" 200 16233 cronicareinodearagon.com "-" "FeedFetcher-Google; (+http://www.google.com/feedfetcher.html)" "-"
54.36.148.0 - - [06/Jan/2024:01:36:21 +0100] "GET /sociedad/feria-san-lucas-exito/ HTTP/1.1" 200 174464 cronicareinodearagon.com "-" "Mozilla/5.0 (compatible; AhrefsBot/7.0; +http://ahrefs.com/robot/)" "-"
82.165.88.0 - - [06/Jan/2024:01:36:22 +0100] "POST /wp-cron.php?doing_wp_cron=1704501382.6209230422973632812500 HTTP/1.1" 200 - cronicareinodearagon.com "-" "WordPress/6.2.2; https://cronicareinodearagon.com" "-"
74.125.209.0 - - [06/Jan/2024:01:41:30 +0100] "GET /category/politica/feed/ HTTP/1.1" 200 18273 cronicareinodearagon.com "-" "FeedFetcher-Google; (+http://www.google.com/feedfetcher.html)" "-"
66.249.68.0 - - [06/Jan/2024:01:45:14 +0100] "GET /robots.txt HTTP/1.1" 200 202 cronicareinodearagon.com "-" "Mozilla/5.0 (compatible; Googlebot/2.1; +http://www.google.com/bot.html)" "-"
82.165.88.0 - - [06/Jan/2024:01:45:16 +0100] "POST /wp-cron.php?doing_wp_cron=1704501916.4543619155883789062500 HTTP/1.1" 200 - cronicareinodearagon.com "-" "WordPress/6.2.2; https://cronicareinodearagon.com" "-"
74.125.212.0 - - [06/Jan/2024:01:45:27 +0100] "GET /category/economia/feed/ HTTP/1.1" 200 12913 cronicareinodearagon.com "-" "FeedFetcher-Google; (+http://www.google.com/feedfetcher.html)" "-"
158.220.92.0 - - [06/Jan/2024:01:45:53 +0100] "GET / HTTP/1.1" 200 336 cronicadecordoba.com "http://cronicadecordoba.com" "Mozilla/5.0 (Windows NT 10.0; Win64; x64) AppleWebKit/537.36 (KHTML, like Gecko) Chrome/67.0.3396.87 Safari/537.36" "-"
66.249.78.0 - - [06/Jan/2024:01:48:09 +0100] "GET /aragon/javier-lamban-dia-familias-aragon/ HTTP/1.1" 200 174923 cronicareinodearagon.com "-" "Mozilla/5.0 (Linux; Android 6.0.1; Nexus 5X Build/MMB29P) AppleWebKit/537.36 (KHTML, like Gecko) Chrome/120.0.6099.129 Mobile Safari/537.36 (compatible; Googlebot/2.1; +http://www.google.com/bot.html)" "-"
82.165.88.0 - - [06/Jan/2024:01:48:10 +0100] "POST /wp-cron.php?doing_wp_cron=1704502090.0922949314117431640625 HTTP/1.1" 200 - cronicareinodearagon.com "-" "WordPress/6.2.2; https://cronicareinodearagon.com" "-"
66.249.78.0 - - [06/Jan/2024:01:48:26 +0100] "GET /wp-content/themes/jnews/assets/dist/frontend.min.css?ver=10.7.9 HTTP/1.1" 200 126484 cronicareinodearagon.com "https://cronicareinodearagon.com/aragon/javier-lamban-dia-familias-aragon/" "Mozilla/5.0 (Linux; Android 6.0.1; Nexus 5X Build/MMB29P) AppleWebKit/537.36 (KHTML, like Gecko) Chrome/120.0.6099.71 Mobile Safari/537.36 (compatible; Googlebot/2.1; +http://www.google.com/bot.html)" "-"
66.249.78.0 - - [06/Jan/2024:01:48:27 +0100] "GET /wp-content/themes/jnews/assets/css/darkmode.css?ver=10.7.9 HTTP/1.1" 200 9055 cronicareinodearagon.com "https://cronicareinodearagon.com/aragon/javier-lamban-dia-familias-aragon/" "Mozilla/5.0 (Linux; Android 6.0.1; Nexus 5X Build/MMB29P) AppleWebKit/537.36 (KHTML, like Gecko) Chrome/120.0.6099.71 Mobile Safari/537.36 (compatible; Googlebot/2.1; +http://www.google.com/bot.html)" "-"
66.249.78.0 - - [06/Jan/2024:01:48:27 +0100] "GET /wp-content/plugins/jnews-social-share/assets/css/plugin.css HTTP/1.1" 200 506 cronicareinodearagon.com "https://cronicareinodearagon.com/aragon/javier-lamban-dia-familias-aragon/" "Mozilla/5.0 (Linux; Android 6.0.1; Nexus 5X Build/MMB29P) AppleWebKit/537.36 (KHTML, like Gecko) Chrome/120.0.6099.71 Mobile Safari/537.36 (compatible; Googlebot/2.1; +http://www.google.com/bot.html)" "-"
66.249.68.0 - - [06/Jan/2024:01:48:28 +0100] "GET /wp-content/plugins/elementor/assets/lib/eicons/css/elementor-icons.min.css?ver=5.21.0 HTTP/1.1" 200 4358 cronicareinodearagon.com "https://cronicareinodearagon.com/aragon/javier-lamban-dia-familias-aragon/" "Mozilla/5.0 (Linux; Android 6.0.1; Nexus 5X Build/MMB29P) AppleWebKit/537.36 (KHTML, like Gecko) Chrome/120.0.6099.71 Mobile Safari/537.36 (compatible; Googlebot/2.1; +http://www.google.com/bot.html)" "-"
66.249.68.0 - - [06/Jan/2024:01:48:28 +0100] "GET /wp-content/plugins/metronet-profile-picture/js/mpp-frontend.js?ver=2.6.0 HTTP/1.1" 200 201 cronicareinodearagon.com "https://cronicareinodearagon.com/aragon/javier-lamban-dia-familias-aragon/" "Mozilla/5.0 (Linux; Android 6.0.1; Nexus 5X Build/MMB29P) AppleWebKit/537.36 (KHTML, like Gecko) Chrome/120.0.6099.71 Mobile Safari/537.36 (compatible; Googlebot/2.1; +http://www.google.com/bot.html)" "-"
82.165.88.0 - - [06/Jan/2024:01:53:48 +0100] "POST /wp-cron.php?doing_wp_cron=1704502428.8122599124908447265625 HTTP/1.1" 200 - cronicareinodearagon.com "-" "WordPress/6.2.2; https://cronicareinodearagon.com" "-"
17.241.75.0 - - [06/Jan/2024:01:53:48 +0100] "GET /educacion/hospital-regional-malaga-covid-vacuna-hipra/ HTTP/1.1" 200 166541 cronicareinodearagon.com "-" "Mozilla/5.0 (Macintosh; Intel Mac OS X 10_15_5) AppleWebKit/605.1.15 (KHTML, like Gecko) Version/13.1.1 Safari/605.1.15 (Applebot/0.1; +http://www.apple.com/go/applebot)" "-"
194.35.113.0 - - [06/Jan/2024:01:55:07 +0100] "GET / HTTP/1.1" 301 241 cronicareinodearagon.com "http://cronicareinodearagon.com" "Mozilla/5.0 (Macintosh; Intel Mac OS X 10_15_7) AppleWebKit/605.1.15 (KHTML, like Gecko) Version/17.0 Safari/605.1.15" "-"
194.35.113.0 - - [06/Jan/2024:01:55:09 +0100] "GET / HTTP/1.1" 200 319418 cronicareinodearagon.com "http://cronicareinodearagon.com" "Mozilla/5.0 (Macintosh; Intel Mac OS X 10_15_7) AppleWebKit/605.1.15 (KHTML, like Gecko) Version/17.0 Safari/605.1.15" "-"
167.172.27.0 - - [06/Jan/2024:02:00:42 +0100] "GET / HTTP/1.1" 200 336 cronicadearagon.com "-" "Mozilla/5.0 (X11; Linux x86_64) AppleWebKit/537.36 (KHTML, like Gecko) Chrome/108.0.0.0 Safari/537.36" "-"
167.172.27.0 - - [06/Jan/2024:02:00:43 +0100] "GET / HTTP/1.1" 200 336 cronicadearagon.com "-" "Mozilla/5.0 (X11; Linux x86_64) AppleWebKit/537.36 (KHTML, like Gecko) Chrome/108.0.0.0 Safari/537.36" "-"
92.205.132.0 - - [06/Jan/2024:02:00:47 +0100] "POST /xmlrpc.php HTTP/1.1" 200 416 cronicareinodearagon.com "-" "Mozilla/5.0 (Windows NT 10.0; Win64; x64) AppleWebKit/537.36 (KHTML, like Gecko) Chrome/64.0.3282.186 Safari/537.36" "-"
82.165.88.0 - - [06/Jan/2024:02:00:47 +0100] "POST /wp-cron.php?doing_wp_cron=1704502847.3370130062103271484375 HTTP/1.1" 200 - cronicareinodearagon.com "-" "WordPress/6.2.2; https://cronicareinodearagon.com" "-"
104.168.23.0 - - [06/Jan/2024:02:00:47 +0100] "POST /xmlrpc.php HTTP/1.1" 200 416 cronicareinodearagon.com "-" "Mozilla/5.0 (Windows NT 6.1; Win64; x64; rv:25.0) Gecko/20100101 Firefox/29.0" "-"
198.71.230.0 - - [06/Jan/2024:02:00:51 +0100] "POST /xmlrpc.php HTTP/1.1" 200 416 cronicareinodearagon.com "-" "Mozilla/5.0 (Windows NT 10.0) AppleWebKit/537.36 (KHTML, like Gecko) Chrome/91.0.4472.114 Safari/537.36" "-"
45.78.22.0 - - [06/Jan/2024:02:00:53 +0100] "POST /xmlrpc.php HTTP/1.1" 200 416 cronicareinodearagon.com "-" "Mozilla/5.0 (Windows NT 10.0; Win64; x64) AppleWebKit/537.36 (KHTML, like Gecko) Chrome/65.0.3325.181 Safari/537.36" "-"
198.71.229.0 - - [06/Jan/2024:02:00:57 +0100] "POST /xmlrpc.php HTTP/1.1" 200 416 cronicareinodearagon.com "-" "Mozilla/5.0 (Windows NT 10.0; Win64; x64; rv:63.0) Gecko/20100101 Firefox/63.0" "-"
195.170.168.0 - - [06/Jan/2024:02:01:01 +0100] "POST /xmlrpc.php HTTP/1.1" 200 416 cronicareinodearagon.com "-" "Mozilla/5.0 (Windows NT 6.1; Win64; x64; rv:58.0) Gecko/20100101 Firefox/58.0" "-"
8.218.88.0 - - [06/Jan/2024:02:01:01 +0100] "POST /xmlrpc.php HTTP/1.1" 200 416 cronicareinodearagon.com "-" "Mozilla/5.0 (Windows NT 6.1; WOW64; rv:52.0) Gecko/20100101 Firefox/52.0" "-"
216.69.168.0 - - [06/Jan/2024:02:01:04 +0100] "POST /xmlrpc.php HTTP/1.1" 200 416 cronicareinodearagon.com "-" "Mozilla/5.0 (Windows NT 10.0; Win64; x64; rv:62.0) Gecko/20100101 Firefox/62.0" "-"
82.165.88.0 - - [06/Jan/2024:02:02:40 +0100] "POST /wp-cron.php?doing_wp_cron=1704502960.3142340183258056640625 HTTP/1.1" 200 - cronicareinodearagon.com "-" "WordPress/6.2.2; https://cronicareinodearagon.com" "-"
54.36.149.0 - - [06/Jan/2024:02:02:40 +0100] "GET /politica/aragon-existe-movilidad-sostenible-zaragoza/ HTTP/1.1" 200 166969 cronicareinodearagon.com "-" "Mozilla/5.0 (compatible; AhrefsBot/7.0; +http://ahrefs.com/robot/)" "-"
194.31.173.0 - - [06/Jan/2024:02:06:33 +0100] "GET / HTTP/1.1" 200 336 cronicadecadiz.com "-" "Mozilla/5.0 (Macintosh; Intel Mac OS X 10_15_7) AppleWebKit/537.36 (KHTML, like Gecko) Chrome/104.0.5112.79 Safari/537.36" "-"
194.31.173.0 - - [06/Jan/2024:02:06:33 +0100] "GET /defaultsite HTTP/1.1" 200 18994 cronicadecadiz.com "http://cronicadecadiz.com/" "Mozilla/5.0 (Macintosh; Intel Mac OS X 10_15_7) AppleWebKit/537.36 (KHTML, like Gecko) Chrome/104.0.5112.79 Safari/537.36" "-"
194.31.173.0 - - [06/Jan/2024:02:06:34 +0100] "GET /spicons/templates/defaultsite/es-ES/images/css/main.css HTTP/1.1" 200 486180 cronicadecadiz.com "http://cronicadecadiz.com/defaultsite" "Mozilla/5.0 (Macintosh; Intel Mac OS X 10_15_7) AppleWebKit/537.36 (KHTML, like Gecko) Chrome/104.0.5112.79 Safari/537.36" "-"
74.125.209.0 - - [06/Jan/2024:02:27:46 +0100] "GET /category/educacion/feed/ HTTP/1.1" 200 16487 cronicareinodearagon.com "-" "FeedFetcher-Google; (+http://www.google.com/feedfetcher.html)" "-"
138.197.122.0 - - [06/Jan/2024:02:38:01 +0100] "GET / HTTP/1.1" 200 336 cronicadecordoba.com "-" "Mozilla/5.0 (X11; Linux x86_64) AppleWebKit/537.36 (KHTML, like Gecko) Chrome/108.0.0.0 Safari/537.36" "-"
188.165.237.0 - - [06/Jan/2024:02:50:24 +0100] "GET /robots.txt HTTP/1.1" 200 188 cronicadearagon.com "-" "Mozilla/5.0 (compatible; MJ12bot/v1.4.8; http://mj12bot.com/)" "-"
188.165.237.0 - - [06/Jan/2024:02:50:27 +0100] "GET /wp-content/uploads/2021/02/FEC_30Espan%CC%83aUE_blog.jpg HTTP/1.1" 404 596 cronicadearagon.com "-" "Mozilla/5.0 (compatible; MJ12bot/v1.4.8; http://mj12bot.com/)" "-"
47.111.129.0 - - [06/Jan/2024:02:50:51 +0100] "POST /xmlrpc.php HTTP/1.1" 200 416 cronicareinodearagon.com "-" "Mozilla/5.0 (X11; Linux x86_64) AppleWebKit/537.36 (KHTML, like Gecko) Chrome/44.0.2403.157 Safari/537.36" "-"
82.165.88.0 - - [06/Jan/2024:02:50:53 +0100] "POST /wp-cron.php?doing_wp_cron=1704505853.3108990192413330078125 HTTP/1.1" 200 - cronicareinodearagon.com "-" "WordPress/6.2.2; https://cronicareinodearagon.com" "-"
47.251.36.0 - - [06/Jan/2024:02:51:00 +0100] "POST /xmlrpc.php HTTP/1.1" 200 416 cronicareinodearagon.com "-" "Mozilla/5.0 (Windows NT 10.0; Win64; x64) AppleWebKit/537.36 (KHTML, like Gecko) Chrome/80.0.3987.163 Safari/537.36" "-"
103.118.28.0 - - [06/Jan/2024:02:51:03 +0100] "POST /xmlrpc.php HTTP/1.1" 200 416 cronicareinodearagon.com "-" "Mozilla/5.0 (iPhone; CPU iPhone OS 14_6 like Mac OS X) AppleWebKit/605.1.15 (KHTML, like Gecko) CriOS/91.0.4472.80 Mobile/15E148 Safari/604.1" "-"
92.205.132.0 - - [06/Jan/2024:02:51:10 +0100] "POST /xmlrpc.php HTTP/1.1" 200 416 cronicareinodearagon.com "-" "Mozilla/5.0 (Windows NT 10.0) AppleWebKit/537.36 (KHTML, like Gecko) Chrome/72.0.3626.121 Safari/537.36" "-"
103.97.125.0 - - [06/Jan/2024:02:51:13 +0100] "POST /xmlrpc.php HTTP/1.1" 200 416 cronicareinodearagon.com "-" "Mozilla/5.0 (Windows NT 10.0; Win64; x64; rv:78.0) Gecko/20100101 Firefox/78.0" "-"
68.65.123.0 - - [06/Jan/2024:02:51:24 +0100] "POST /xmlrpc.php HTTP/1.1" 200 416 cronicareinodearagon.com "-" "Mozilla/5.0 (Windows NT 10.0; WOW64; rv:52.0) Gecko/20100101 Firefox/52.0" "-"
103.28.36.0 - - [06/Jan/2024:02:51:32 +0100] "POST /xmlrpc.php HTTP/1.1" 200 416 cronicareinodearagon.com "-" "Mozilla/5.0 (Windows NT 10.0; Win64; x64) AppleWebKit/537.36 (KHTML, like Gecko) Chrome/80.0.3987.149 Safari/537.36" "-"
40.77.70.0 - - [06/Jan/2024:02:51:41 +0100] "POST /xmlrpc.php HTTP/1.1" 200 416 cronicareinodearagon.com "-" "Mozilla/5.0 (Windows NT 10.0; Win64; x64) AppleWebKit/537.36 (KHTML, like Gecko) Chrome/69.0.3497.100 Safari/537.36" "-"
193.187.172.0 - - [06/Jan/2024:03:01:09 +0100] "GET / HTTP/1.1" 200 336 cronicadealmeria.com "https://www.google.de/" "Mozilla/5.0 (Windows; Windows NT 6.2; Win64; x64; en-US) AppleWebKit/600.28 (KHTML, like Gecko) Chrome/47.0.2448.219 Safari/534" "-"
74.125.212.0 - - [06/Jan/2024:03:03:31 +0100] "GET /category/economia/feed/ HTTP/1.1" 200 12913 cronicareinodearagon.com "-" "FeedFetcher-Google; (+http://www.google.com/feedfetcher.html)" "-"
207.46.13.0 - - [06/Jan/2024:03:05:31 +0100] "GET /wp-content/uploads/2022/04/cruces-750x375.jpg HTTP/1.1" 200 69190 cronicareinodearagon.com "-" "Mozilla/5.0 AppleWebKit/537.36 (KHTML, like Gecko; compatible; bingbot/2.0; +http://www.bing.com/bingbot.htm) Chrome/116.0.1938.76 Safari/537.36" "-"
54.36.148.0 - - [06/Jan/2024:03:05:35 +0100] "GET /author/cristobal-navarro/ HTTP/1.1" 301 - cronicareinodearagon.com "-" "Mozilla/5.0 (compatible; AhrefsBot/7.0; +http://ahrefs.com/robot/)" "-"
82.165.88.0 - - [06/Jan/2024:03:05:36 +0100] "POST /wp-cron.php?doing_wp_cron=1704506736.0614900588989257812500 HTTP/1.1" 200 - cronicareinodearagon.com "-" "WordPress/6.2.2; https://cronicareinodearagon.com" "-"
40.77.167.0 - - [06/Jan/2024:03:06:23 +0100] "GET /wp-content/uploads/2021/09/BALTASAR-GARZ%C3%93N-300x218.jpeg HTTP/1.1" 404 144986 cronicareinodearagon.com "-" "Mozilla/5.0 AppleWebKit/537.36 (KHTML, like Gecko; compatible; bingbot/2.0; +http://www.bing.com/bingbot.htm) Chrome/116.0.1938.76 Safari/537.36" "-"
82.165.88.0 - - [06/Jan/2024:03:06:24 +0100] "POST /wp-cron.php?doing_wp_cron=1704506784.0030920505523681640625 HTTP/1.1" 200 - cronicareinodearagon.com "-" "WordPress/6.2.2; https://cronicareinodearagon.com" "-"
64.124.8.0 - - [06/Jan/2024:03:07:28 +0100] "GET /wp-content/uploads/2023/05/isabel-rodriguez-huesca.jpg HTTP/1.1" 304 - cronicareinodearagon.com "-" "Mozilla/5.0 (compatible; ImagesiftBot; +imagesift.com)" "-"
74.125.212.0 - - [06/Jan/2024:03:08:08 +0100] "GET /category/economia/feed/ HTTP/1.1" 200 12913 cronicareinodearagon.com "-" "FeedFetcher-Google; (+http://www.google.com/feedfetcher.html)" "-"
74.125.209.0 - - [06/Jan/2024:03:11:25 +0100] "GET /category/politica/feed/ HTTP/1.1" 200 18273 cronicareinodearagon.com "-" "FeedFetcher-Google; (+http://www.google.com/feedfetcher.html)" "-"
107.189.5.0 - - [06/Jan/2024:03:16:49 +0100] "GET /?author=5 HTTP/1.1" 301 250 cronicareinodearagon.com "http://www.google.com.hk" "Mozilla/5.0 (Windows NT 6.1; WOW64) AppleWebKit/537.36 (KHTML, like Gecko) Chrome/42.0.2311.90 Safari/537.36" "-"
82.165.88.0 - - [06/Jan/2024:03:17:51 +0100] "POST /wp-cron.php?doing_wp_cron=1704507471.6930599212646484375000 HTTP/1.1" 200 - cronicareinodearagon.com "-" "WordPress/6.2.2; https://cronicareinodearagon.com" "-"
107.189.5.0 - - [06/Jan/2024:03:17:51 +0100] "GET /?author=5 HTTP/1.1" 301 - cronicareinodearagon.com "http://www.google.com.hk" "Mozilla/5.0 (Windows NT 6.1; WOW64) AppleWebKit/537.36 (KHTML, like Gecko) Chrome/42.0.2311.90 Safari/537.36" "-"
107.189.5.0 - - [06/Jan/2024:03:19:54 +0100] "GET / HTTP/1.1" 200 319418 cronicareinodearagon.com "http://www.google.com.hk" "Mozilla/5.0 (Windows NT 6.1; WOW64) AppleWebKit/537.36 (KHTML, like Gecko) Chrome/42.0.2311.90 Safari/537.36" "-"
74.125.209.0 - - [06/Jan/2024:03:21:52 +0100] "GET /category/sociedad/feed/ HTTP/1.1" 200 16233 cronicareinodearagon.com "-" "FeedFetcher-Google; (+http://www.google.com/feedfetcher.html)" "-"
38.60.191.0 - - [06/Jan/2024:03:23:48 +0100] "GET /wp-login.php HTTP/1.1" 404 596 cronicadecadiz.com "-" "-" "-"
82.165.88.0 - - [06/Jan/2024:03:38:27 +0100] "POST /wp-cron.php?doing_wp_cron=1704508707.5914309024810791015625 HTTP/1.1" 200 - cronicareinodearagon.com "-" "WordPress/6.2.2; https://cronicareinodearagon.com" "-"
54.36.148.0 - - [06/Jan/2024:03:38:27 +0100] "GET /category/opinion/ HTTP/1.1" 200 145007 cronicareinodearagon.com "-" "Mozilla/5.0 (compatible; AhrefsBot/7.0; +http://ahrefs.com/robot/)" "-"
64.227.190.0 - - [06/Jan/2024:03:42:18 +0100] "GET / HTTP/1.1" 200 336 cronicadeasturias.com "-" "Mozilla/5.0 (X11; Linux x86_64) AppleWebKit/537.36 (KHTML, like Gecko) Chrome/108.0.0.0 Safari/537.36" "-"
192.71.142.0 - - [06/Jan/2024:03:47:17 +0100] "GET /robots.txt HTTP/1.1" 200 188 cronicadecadiz.com "-" "Mozilla/5.0 (Windows NT 10.0; Win64; x64) AppleWebKit/537.36 (KHTML, like Gecko) Chrome/98.0.4758.82 Safari/537.36 OPR/84.0.4316.14" "-"
82.165.88.0 - - [06/Jan/2024:03:47:18 +0100] "POST /wp-cron.php?doing_wp_cron=1704509238.7882609367370605468750 HTTP/1.1" 200 - cronicareinodearagon.com "-" "WordPress/6.2.2; https://cronicareinodearagon.com" "-"
192.71.12.0 - - [06/Jan/2024:03:47:18 +0100] "GET /sitemap_index.xml HTTP/1.1" 200 693 cronicareinodearagon.com "-" "Mozilla/5.0 (Windows NT 10.0; Win64; x64) AppleWebKit/537.36 (KHTML, like Gecko) Chrome/98.0.4758.82 Safari/537.36 OPR/84.0.4316.14" "-"
194.103.212.0 - - [06/Jan/2024:03:47:19 +0100] "GET /humans.txt HTTP/1.1" 404 596 cronicadecadiz.com "-" "Mozilla/5.0 (Windows NT 10.0; Win64; x64) AppleWebKit/537.36 (KHTML, like Gecko) Chrome/98.0.4758.82 Safari/537.36 OPR/84.0.4316.14" "-"
192.71.142.0 - - [06/Jan/2024:03:47:19 +0100] "GET /ads.txt HTTP/1.1" 404 596 cronicadecadiz.com "-" "Mozilla/5.0 (Windows NT 10.0; Win64; x64) AppleWebKit/537.36 (KHTML, like Gecko) Chrome/98.0.4758.82 Safari/537.36 OPR/84.0.4316.14" "-"
192.71.12.0 - - [06/Jan/2024:03:47:19 +0100] "GET / HTTP/1.1" 200 336 cronicadecadiz.com "-" "Mozilla/5.0 (Windows NT 10.0; Win64; x64) AppleWebKit/537.36 (KHTML, like Gecko) Chrome/98.0.4758.82 Safari/537.36 OPR/84.0.4316.14" "-"
74.125.209.0 - - [06/Jan/2024:03:54:39 +0100] "GET /category/sociedad/feed/ HTTP/1.1" 200 16233 cronicareinodearagon.com "-" "FeedFetcher-Google; (+http://www.google.com/feedfetcher.html)" "-"
54.36.148.0 - - [06/Jan/2024:04:07:50 +0100] "GET /aragon/finalizacion-centro-interpretacion-escalona/ HTTP/1.1" 200 168372 cronicareinodearagon.com "-" "Mozilla/5.0 (compatible; AhrefsBot/7.0; +http://ahrefs.com/robot/)" "-"
82.165.88.0 - - [06/Jan/2024:04:07:52 +0100] "POST /wp-cron.php?doing_wp_cron=1704510472.8221139907836914062500 HTTP/1.1" 200 - cronicareinodearagon.com "-" "WordPress/6.2.2; https://cronicareinodearagon.com" "-"
74.125.209.0 - - [06/Jan/2024:04:18:52 +0100] "GET /category/sociedad/feed/ HTTP/1.1" 200 16233 cronicareinodearagon.com "-" "FeedFetcher-Google; (+http://www.google.com/feedfetcher.html)" "-"
74.125.209.0 - - [06/Jan/2024:04:27:25 +0100] "GET /category/educacion/feed/ HTTP/1.1" 200 16487 cronicareinodearagon.com "-" "FeedFetcher-Google; (+http://www.google.com/feedfetcher.html)" "-"
85.215.106.0 - - [06/Jan/2024:04:30:49 +0100] "GET / HTTP/1.1" 200 336 www.cronicadegranada.com "-" "python-requests/2.31.0" "-"
74.125.212.0 - - [06/Jan/2024:04:31:43 +0100] "GET /category/economia/feed/ HTTP/1.1" 200 12913 cronicareinodearagon.com "-" "FeedFetcher-Google; (+http://www.google.com/feedfetcher.html)" "-"
54.36.148.0 - - [06/Jan/2024:04:35:56 +0100] "GET /aragon/empresas-aragon-expofranquicia/ HTTP/1.1" 200 160406 cronicareinodearagon.com "-" "Mozilla/5.0 (compatible; AhrefsBot/7.0; +http://ahrefs.com/robot/)" "-"
82.165.88.0 - - [06/Jan/2024:04:35:58 +0100] "POST /wp-cron.php?doing_wp_cron=1704512158.0361459255218505859375 HTTP/1.1" 200 - cronicareinodearagon.com "-" "WordPress/6.2.2; https://cronicareinodearagon.com" "-"
74.125.209.0 - - [06/Jan/2024:04:40:57 +0100] "GET /category/sociedad/feed/ HTTP/1.1" 200 16233 cronicareinodearagon.com "-" "FeedFetcher-Google; (+http://www.google.com/feedfetcher.html)" "-"
82.165.88.0 - - [06/Jan/2024:04:43:05 +0100] "POST /wp-cron.php?doing_wp_cron=1704512585.4855539798736572265625 HTTP/1.1" 200 - cronicareinodearagon.com "-" "WordPress/6.2.2; https://cronicareinodearagon.com" "-"
2001:1640:: - - [06/Jan/2024:04:43:05 +0100] "POST /xmlrpc.php HTTP/1.1" 200 416 cronicareinodearagon.com "-" "Mozilla/5.0 (Windows NT 10.0; WOW64; rv:54.0) Gecko/20100101 Firefox/54.0" "-"
216.69.168.0 - - [06/Jan/2024:04:43:17 +0100] "POST /xmlrpc.php HTTP/1.1" 200 416 cronicareinodearagon.com "-" "Mozilla/5.0 (Windows NT 10.0; Win64; x64) AppleWebKit/537.36 (KHTML, like Gecko) Chrome/74.0.3729.169 Safari/537.36" "-"
198.71.230.0 - - [06/Jan/2024:04:43:23 +0100] "POST /xmlrpc.php HTTP/1.1" 200 416 cronicareinodearagon.com "-" "Mozilla/5.0 (Windows NT 6.1; WOW64; rv:44.0) Gecko/20100101 Firefox/44.0" "-"
82.165.88.0 - - [06/Jan/2024:04:43:47 +0100] "POST /wp-cron.php?doing_wp_cron=1704512627.8100399971008300781250 HTTP/1.1" 200 - cronicareinodearagon.com "-" "WordPress/6.2.2; https://cronicareinodearagon.com" "-"
103.28.36.0 - - [06/Jan/2024:04:43:47 +0100] "POST /xmlrpc.php HTTP/1.1" 200 416 cronicareinodearagon.com "-" "Mozilla/5.0 (Windows NT 6.1; Win64; x64; rv:61.0) Gecko/20100101 Firefox/61.0" "-"
184.154.139.0 - - [06/Jan/2024:04:48:30 +0100] "GET / HTTP/1.1" 301 245 www.cronicareinodearagon.com "http://www.google.com/url?url=www.cronicareinodearagon.com&yahoo.com" "Mozilla/5.0 (compatible; MSIE 9.0; Windows NT 6.1; WOW64; Trident/6.0)" "-"
82.165.88.0 - - [06/Jan/2024:04:48:31 +0100] "POST /wp-cron.php?doing_wp_cron=1704512911.3670849800109863281250 HTTP/1.1" 200 - cronicareinodearagon.com "-" "WordPress/6.2.2; https://cronicareinodearagon.com" "-"
184.154.139.0 - - [06/Jan/2024:04:48:31 +0100] "GET / HTTP/1.1" 301 - www.cronicareinodearagon.com "http://www.google.com/url?url=www.cronicareinodearagon.com&yahoo.com" "Mozilla/5.0 (compatible; MSIE 9.0; Windows NT 6.1; WOW64; Trident/6.0)" "-"
184.154.139.0 - - [06/Jan/2024:04:48:32 +0100] "GET / HTTP/1.1" 200 319418 cronicareinodearagon.com "http://www.google.com/url?url=cronicareinodearagon.com&yahoo.com" "Mozilla/5.0 (compatible; MSIE 9.0; Windows NT 6.1; WOW64; Trident/6.0)" "-"
184.154.139.0 - - [06/Jan/2024:04:48:36 +0100] "GET /th1s_1s_a_4o4.html HTTP/1.1" 404 144856 cronicareinodearagon.com "-" "SiteLockSpider [en] (WinNT; I ;Nav)" "-"
184.154.139.0 - - [06/Jan/2024:04:48:39 +0100] "GET /wp-content/plugins/metronet-profile-picture/js/mpp-frontend.js?ver=2.6.0 HTTP/1.1" 200 331 cronicareinodearagon.com "http://www.google.com/url?url=cronicareinodearagon.com&yahoo.com" "Mozilla/5.0 (compatible; MSIE 9.0; Windows NT 6.1; WOW64; Trident/6.0)" "-"
184.154.139.0 - - [06/Jan/2024:04:48:39 +0100] "GET /wp-content/plugins/elementor/assets/lib/waypoints/waypoints.min.js?ver=4.0.2 HTTP/1.1" 200 12198 cronicareinodearagon.com "http://www.google.com/url?url=cronicareinodearagon.com&yahoo.com" "Mozilla/5.0 (compatible; MSIE 9.0; Windows NT 6.1; WOW64; Trident/6.0)" "-"
184.154.139.0 - - [06/Jan/2024:04:48:40 +0100] "GET /wp-json/ HTTP/1.1" 200 210988 cronicareinodearagon.com "http://www.google.com/url?url=cronicareinodearagon.com&yahoo.com" "Mozilla/5.0 (compatible; MSIE 9.0; Windows NT 6.1; WOW64; Trident/6.0)" "-"
184.154.139.0 - - [06/Jan/2024:04:48:43 +0100] "GET /wp-content/themes/jnews/assets/dist/frontend.min.css?ver=10.7.9 HTTP/1.1" 200 598038 cronicareinodearagon.com "http://www.google.com/url?url=cronicareinodearagon.com&yahoo.com" "Mozilla/5.0 (compatible; MSIE 9.0; Windows NT 6.1; WOW64; Trident/6.0)" "-"
82.165.88.0 - - [06/Jan/2024:04:48:46 +0100] "POST /wp-cron.php?doing_wp_cron=1704512926.9529149532318115234375 HTTP/1.1" 200 - cronicareinodearagon.com "-" "WordPress/6.2.2; https://cronicareinodearagon.com" "-"
184.154.139.0 - - [06/Jan/2024:04:48:46 +0100] "GET /opinion/la-miseria/ HTTP/1.1" 200 176911 cronicareinodearagon.com "http://www.google.com/url?url=cronicareinodearagon.com&yahoo.com" "Mozilla/5.0 (compatible; MSIE 9.0; Windows NT 6.1; WOW64; Trident/6.0)" "-"
184.154.139.0 - - [06/Jan/2024:04:49:01 +0100] "GET //wp-content/plugins/elementor/readme.txt HTTP/1.1" 200 287791 cronicareinodearagon.com "-" "SiteLockSpider [en] (WinNT; I ;Nav)" "-"
45.128.133.0 - - [06/Jan/2024:04:58:58 +0100] "POST /xmlrpc.php HTTP/1.1" 200 416 cronicareinodearagon.com "-" "Mozilla/5.0 (Windows NT 6.1; Win64; x64) AppleWebKit/537.36 (KHTML, like Gecko) Chrome/74.0.3729.169 Safari/537.36" "-"
82.165.88.0 - - [06/Jan/2024:04:58:59 +0100] "POST /wp-cron.php?doing_wp_cron=1704513539.0744199752807617187500 HTTP/1.1" 200 - cronicareinodearagon.com "-" "WordPress/6.2.2; https://cronicareinodearagon.com" "-"
45.128.133.0 - - [06/Jan/2024:04:58:59 +0100] "POST /xmlrpc.php HTTP/1.1" 200 416 cronicareinodearagon.com "-" "Mozilla/5.0 (Windows NT 6.1; Win64; x64) AppleWebKit/537.36 (KHTML, like Gecko) Chrome/74.0.3729.169 Safari/537.36" "-"
45.128.133.0 - - [06/Jan/2024:04:59:00 +0100] "POST /xmlrpc.php HTTP/1.1" 403 775 cronicareinodearagon.com "-" "Mozilla/5.0 (Windows NT 6.1; Win64; x64) AppleWebKit/537.36 (KHTML, like Gecko) Chrome/74.0.3729.169 Safari/537.36" "-"
45.128.133.0 - - [06/Jan/2024:04:59:01 +0100] "POST /xmlrpc.php HTTP/1.1" 403 775 cronicareinodearagon.com "-" "Mozilla/5.0 (Windows NT 6.1; Win64; x64) AppleWebKit/537.36 (KHTML, like Gecko) Chrome/74.0.3729.169 Safari/537.36" "-"
45.128.133.0 - - [06/Jan/2024:04:59:02 +0100] "POST /xmlrpc.php HTTP/1.1" 403 775 cronicareinodearagon.com "-" "Mozilla/5.0 (Windows NT 6.1; Win64; x64) AppleWebKit/537.36 (KHTML, like Gecko) Chrome/74.0.3729.169 Safari/537.36" "-"
52.167.144.0 - - [06/Jan/2024:05:08:44 +0100] "GET /wp-content/uploads/2022/10/Salinas-Cabo-de-Gata-Almeria-360x180.jpg HTTP/1.1" 200 10912 cronicareinodearagon.com "-" "Mozilla/5.0 AppleWebKit/537.36 (KHTML, like Gecko; compatible; bingbot/2.0; +http://www.bing.com/bingbot.htm) Chrome/116.0.1938.76 Safari/537.36" "-"
106.227.49.0 - - [06/Jan/2024:05:10:03 +0100] "GET / HTTP/1.1" 200 336 www.cronicadejaen.com "-" "Mozilla/5.0 (iPhone; CPU iPhone OS 13_2_3 like Mac OS X) AppleWebKit/605.1.15 (KHTML, like Gecko) Version/13.0.3 Mobile/15E148 Safari/604.1" "-"
125.75.66.0 - - [06/Jan/2024:05:22:15 +0100] "GET / HTTP/1.1" 200 336 www.cronicadecadiz.com "-" "Mozilla/5.0 (iPhone; CPU iPhone OS 13_2_3 like Mac OS X) AppleWebKit/605.1.15 (KHTML, like Gecko) Version/13.0.3 Mobile/15E148 Safari/604.1" "-"
74.125.209.0 - - [06/Jan/2024:05:34:07 +0100] "GET /category/sociedad/feed/ HTTP/1.1" 200 16233 cronicareinodearagon.com "-" "FeedFetcher-Google; (+http://www.google.com/feedfetcher.html)" "-"
114.80.36.0 - - [06/Jan/2024:05:35:56 +0100] "GET / HTTP/1.1" 200 336 www.cronicadearagon.com "-" "Mozilla/5.0 (iPhone; CPU iPhone OS 13_2_3 like Mac OS X) AppleWebKit/605.1.15 (KHTML, like Gecko) Version/13.0.3 Mobile/15E148 Safari/604.1" "-"
114.80.36.0 - - [06/Jan/2024:05:35:56 +0100] "GET / HTTP/1.1" 200 336 www.cronicademalaga.com "-" "Mozilla/5.0 (iPhone; CPU iPhone OS 13_2_3 like Mac OS X) AppleWebKit/605.1.15 (KHTML, like Gecko) Version/13.0.3 Mobile/15E148 Safari/604.1" "-"
114.80.36.0 - - [06/Jan/2024:05:36:00 +0100] "GET / HTTP/1.1" 200 336 www.cronicadehuelva.com "-" "Mozilla/5.0 (iPhone; CPU iPhone OS 13_2_3 like Mac OS X) AppleWebKit/605.1.15 (KHTML, like Gecko) Version/13.0.3 Mobile/15E148 Safari/604.1" "-"
