176.9.31.0 - - [09/Jan/2024:18:52:56 +0100] "GET /wp-includes/js/wp-emoji-release.min.js?ver=6.2.2 HTTP/1.1" 200 5828 cronicareinodearagon.com "https://cronicareinodearagon.com/" "Mozilla/5.0 (Macintosh; Intel Mac OS X 10_14_6) AppleWebKit/537.36 (KHTML, like Gecko) Chrome/81.0.4044.0 Safari/537.36" "-"
176.9.31.0 - - [09/Jan/2024:18:52:56 +0100] "GET /wp-content/plugins/complianz-gdpr/cookiebanner/js/complianz.min.js?ver=6.4.4 HTTP/1.1" 200 12688 cronicareinodearagon.com "https://cronicareinodearagon.com/" "Mozilla/5.0 (Macintosh; Intel Mac OS X 10_14_6) AppleWebKit/537.36 (KHTML, like Gecko) Chrome/81.0.4044.0 Safari/537.36" "-"
176.9.31.0 - - [09/Jan/2024:18:52:56 +0100] "GET /wp-content/uploads/2022/10/CABECERA-CrAra_MOVIL-1.png HTTP/1.1" 200 3014 cronicareinodearagon.com "https://cronicareinodearagon.com/" "Mozilla/5.0 (Macintosh; Intel Mac OS X 10_14_6) AppleWebKit/537.36 (KHTML, like Gecko) Chrome/81.0.4044.0 Safari/537.36" "-"
176.9.31.0 - - [09/Jan/2024:18:52:56 +0100] "GET /wp-content/uploads/2023/05/resultados-autonomicas-aragon-1140x570.jpg HTTP/1.1" 200 31556 cronicareinodearagon.com "https://cronicareinodearagon.com/" "Mozilla/5.0 (Macintosh; Intel Mac OS X 10_14_6) AppleWebKit/537.36 (KHTML, like Gecko) Chrome/81.0.4044.0 Safari/537.36" "-"
176.9.31.0 - - [09/Jan/2024:18:52:56 +0100] "GET /wp-content/themes/jnews/assets/dist/font/fontawesome-webfont.woff2 HTTP/1.1" 200 77160 cronicareinodearagon.com "https://cronicareinodearagon.com/wp-content/themes/jnews/assets/dist/frontend.min.css?ver=10.7.9" "Mozilla/5.0 (Macintosh; Intel Mac OS X 10_14_6) AppleWebKit/537.36 (KHTML, like Gecko) Chrome/81.0.4044.0 Safari/537.36" "-"
176.9.16.0 - - [09/Jan/2024:18:52:56 +0100] "GET /wp-content/uploads/complianz/css/banner-1-optin.css?v=41 HTTP/1.1" 200 3432 cronicareinodearagon.com "https://cronicareinodearagon.com/" "Mozilla/5.0 (iPhone; CPU iPhone OS 11_0 like Mac OS X) AppleWebKit/604.1.38 (KHTML, like Gecko) Version/11.0 Mobile/15A372 Safari/604.1" "-"
176.9.31.0 - - [09/Jan/2024:18:52:56 +0100] "GET /wp-content/uploads/2023/05/templo-mercader-750x469.jpg HTTP/1.1" 200 108752 cronicareinodearagon.com "https://cronicareinodearagon.com/" "Mozilla/5.0 (Macintosh; Intel Mac OS X 10_14_6) AppleWebKit/537.36 (KHTML, like Gecko) Chrome/81.0.4044.0 Safari/537.36" "-"
176.9.31.0 - - [09/Jan/2024:18:52:56 +0100] "GET /wp-content/uploads/2023/05/vinicius-750x469.jpg HTTP/1.1" 200 53526 cronicareinodearagon.com "https://cronicareinodearagon.com/" "Mozilla/5.0 (Macintosh; Intel Mac OS X 10_14_6) AppleWebKit/537.36 (KHTML, like Gecko) Chrome/81.0.4044.0 Safari/537.36" "-"
176.9.44.0 - - [09/Jan/2024:18:52:56 +0100] "GET /wp-content/themes/jnews/assets/dist/font/jegicon.woff HTTP/1.1" 200 7144 cronicareinodearagon.com "https://cronicareinodearagon.com/wp-content/themes/jnews/assets/dist/frontend.min.css?ver=10.7.9" "Mozilla/5.0 (Macintosh; Intel Mac OS X 10_14_6) AppleWebKit/537.36 (KHTML, like Gecko) Chrome/81.0.4044.0 Safari/537.36" "-"
176.9.44.0 - - [09/Jan/2024:18:52:56 +0100] "GET /wp-content/uploads/complianz/css/banner-1-optin.css?v=41 HTTP/1.1" 200 3432 cronicareinodearagon.com "https://cronicareinodearagon.com/" "Mozilla/5.0 (Macintosh; Intel Mac OS X 10_14_6) AppleWebKit/537.36 (KHTML, like Gecko) Chrome/81.0.4044.0 Safari/537.36" "-"
176.9.44.0 - - [09/Jan/2024:18:52:56 +0100] "GET /wp-content/uploads/2023/05/participacion-aragon-18.00-750x375.jpg HTTP/1.1" 200 21048 cronicareinodearagon.com "https://cronicareinodearagon.com/" "Mozilla/5.0 (Macintosh; Intel Mac OS X 10_14_6) AppleWebKit/537.36 (KHTML, like Gecko) Chrome/81.0.4044.0 Safari/537.36" "-"
176.9.44.0 - - [09/Jan/2024:18:52:56 +0100] "GET /wp-content/uploads/2023/05/lamban-voto-elecciones-750x375.jpg HTTP/1.1" 200 46428 cronicareinodearagon.com "https://cronicareinodearagon.com/" "Mozilla/5.0 (Macintosh; Intel Mac OS X 10_14_6) AppleWebKit/537.36 (KHTML, like Gecko) Chrome/81.0.4044.0 Safari/537.36" "-"
176.9.44.0 - - [09/Jan/2024:18:52:56 +0100] "GET /wp-content/uploads/2023/05/teruel-existe-fin-campana-750x375.jpg HTTP/1.1" 200 37339 cronicareinodearagon.com "https://cronicareinodearagon.com/" "Mozilla/5.0 (Macintosh; Intel Mac OS X 10_14_6) AppleWebKit/537.36 (KHTML, like Gecko) Chrome/81.0.4044.0 Safari/537.36" "-"
176.9.31.0 - - [09/Jan/2024:18:52:56 +0100] "GET /wp-content/uploads/2023/05/pp_aragon.jpg HTTP/1.1" 200 66565 cronicareinodearagon.com "https://cronicareinodearagon.com/" "Mozilla/5.0 (Macintosh; Intel Mac OS X 10_14_6) AppleWebKit/537.36 (KHTML, like Gecko) Chrome/81.0.4044.0 Safari/537.36" "-"
176.9.16.0 - - [09/Jan/2024:18:52:56 +0100] "GET /wp-content/plugins/elementor/assets/js/text-editor.2c35aafbe5bf0e127950.bundle.min.js HTTP/1.1" 200 688 cronicareinodearagon.com "https://cronicareinodearagon.com/" "Mozilla/5.0 (iPhone; CPU iPhone OS 11_0 like Mac OS X) AppleWebKit/604.1.38 (KHTML, like Gecko) Version/11.0 Mobile/15A372 Safari/604.1" "-"
176.9.44.0 - - [09/Jan/2024:18:52:56 +0100] "GET /wp-content/plugins/elementor/assets/js/text-editor.2c35aafbe5bf0e127950.bundle.min.js HTTP/1.1" 200 688 cronicareinodearagon.com "https://cronicareinodearagon.com/" "Mozilla/5.0 (Macintosh; Intel Mac OS X 10_14_6) AppleWebKit/537.36 (KHTML, like Gecko) Chrome/81.0.4044.0 Safari/537.36" "-"
176.9.31.0 - - [09/Jan/2024:18:52:56 +0100] "GET /wp-content/themes/jnews/assets/dist/font/jegicon.woff HTTP/1.1" 200 7144 cronicareinodearagon.com "https://cronicareinodearagon.com/wp-content/themes/jnews/assets/dist/frontend.min.css?ver=10.7.9" "Mozilla/5.0 (Macintosh; Intel Mac OS X 10_14_6) AppleWebKit/537.36 (KHTML, like Gecko) Chrome/81.0.4044.0 Safari/537.36" "-"
176.9.44.0 - - [09/Jan/2024:18:52:56 +0100] "GET /wp-content/uploads/2022/10/anuncio-para-pc.gif HTTP/1.1" 200 203763 cronicareinodearagon.com "https://cronicareinodearagon.com/" "Mozilla/5.0 (Macintosh; Intel Mac OS X 10_14_6) AppleWebKit/537.36 (KHTML, like Gecko) Chrome/81.0.4044.0 Safari/537.36" "-"
176.9.31.0 - - [09/Jan/2024:18:52:57 +0100] "GET /wp-content/uploads/complianz/css/banner-1-optin.css?v=41 HTTP/1.1" 200 3432 cronicareinodearagon.com "https://cronicareinodearagon.com/" "Mozilla/5.0 (Macintosh; Intel Mac OS X 10_14_6) AppleWebKit/537.36 (KHTML, like Gecko) Chrome/81.0.4044.0 Safari/537.36" "-"
176.9.31.0 - - [09/Jan/2024:18:52:57 +0100] "GET /wp-content/uploads/2023/05/participacion-aragon-18.00-360x180.jpg HTTP/1.1" 200 7995 cronicareinodearagon.com "https://cronicareinodearagon.com/" "Mozilla/5.0 (Macintosh; Intel Mac OS X 10_14_6) AppleWebKit/537.36 (KHTML, like Gecko) Chrome/81.0.4044.0 Safari/537.36" "-"
176.9.31.0 - - [09/Jan/2024:18:52:57 +0100] "GET /wp-content/uploads/2023/05/teruel-existe-fin-campana-360x180.jpg HTTP/1.1" 200 12318 cronicareinodearagon.com "https://cronicareinodearagon.com/" "Mozilla/5.0 (Macintosh; Intel Mac OS X 10_14_6) AppleWebKit/537.36 (KHTML, like Gecko) Chrome/81.0.4044.0 Safari/537.36" "-"
176.9.31.0 - - [09/Jan/2024:18:52:57 +0100] "GET /wp-content/uploads/2023/05/lamban-voto-elecciones-360x180.jpg HTTP/1.1" 200 14872 cronicareinodearagon.com "https://cronicareinodearagon.com/" "Mozilla/5.0 (Macintosh; Intel Mac OS X 10_14_6) AppleWebKit/537.36 (KHTML, like Gecko) Chrome/81.0.4044.0 Safari/537.36" "-"
176.9.31.0 - - [09/Jan/2024:18:52:57 +0100] "GET /wp-content/plugins/elementor/assets/js/text-editor.2c35aafbe5bf0e127950.bundle.min.js HTTP/1.1" 200 688 cronicareinodearagon.com "https://cronicareinodearagon.com/" "Mozilla/5.0 (Macintosh; Intel Mac OS X 10_14_6) AppleWebKit/537.36 (KHTML, like Gecko) Chrome/81.0.4044.0 Safari/537.36" "-"
176.9.31.0 - - [09/Jan/2024:18:52:57 +0100] "GET /wp-content/uploads/2022/10/Anuncio_Mobile_GIF-1.gif HTTP/1.1" 200 168679 cronicareinodearagon.com "https://cronicareinodearagon.com/" "Mozilla/5.0 (Macintosh; Intel Mac OS X 10_14_6) AppleWebKit/537.36 (KHTML, like Gecko) Chrome/81.0.4044.0 Safari/537.36" "-"
17.241.227.0 - - [09/Jan/2024:18:53:03 +0100] "GET /wp-content/uploads/2021/12/Javier-Imbroda-750x375.jpeg HTTP/1.1" 200 32672 cronicareinodearagon.com "-" "Mozilla/5.0 (Macintosh; Intel Mac OS X 10_15_5) AppleWebKit/605.1.15 (KHTML, like Gecko) Version/13.1.1 Safari/605.1.15 (Applebot/0.1; +http://www.apple.com/go/applebot)" "-"
157.55.39.0 - - [09/Jan/2024:18:53:58 +0100] "GET /?s=2023 HTTP/1.1" 200 155743 cronicareinodearagon.com "-" "Mozilla/5.0 AppleWebKit/537.36 (KHTML, like Gecko; compatible; bingbot/2.0; +http://www.bing.com/bingbot.htm) Chrome/116.0.1938.76 Safari/537.36" "-"
82.165.88.0 - - [09/Jan/2024:18:54:00 +0100] "POST /wp-cron.php?doing_wp_cron=1704822840.2038500308990478515625 HTTP/1.1" 200 - cronicareinodearagon.com "-" "WordPress/6.2.2; https://cronicareinodearagon.com" "-"
128.199.7.0 - - [09/Jan/2024:18:54:36 +0100] "GET / HTTP/1.1" 200 336 cronicadegranada.com "-" "Mozilla/5.0 (X11; Linux x86_64) AppleWebKit/537.36 (KHTML, like Gecko) Chrome/108.0.0.0 Safari/537.36" "-"
205.185.126.0 - - [09/Jan/2024:18:55:48 +0100] "GET /wp-login.php HTTP/1.1" 404 596 cronicadeasturias.com "http://www.google.com.hk" "Mozilla/5.0 (Windows NT 6.1; WOW64) AppleWebKit/537.36 (KHTML, like Gecko) Chrome/42.0.2311.90 Safari/537.36" "-"
205.185.126.0 - - [09/Jan/2024:18:56:50 +0100] "GET /wp-login.php HTTP/1.1" 404 596 cronicadeextremadura.com "http://www.google.com.hk" "Mozilla/5.0 (Windows NT 6.1; WOW64) AppleWebKit/537.36 (KHTML, like Gecko) Chrome/42.0.2311.90 Safari/537.36" "-"
74.125.209.0 - - [09/Jan/2024:18:59:06 +0100] "GET /category/politica/feed/ HTTP/1.1" 200 18273 cronicareinodearagon.com "-" "FeedFetcher-Google; (+http://www.google.com/feedfetcher.html)" "-"
82.165.88.0 - - [09/Jan/2024:19:04:50 +0100] "POST /wp-cron.php?doing_wp_cron=1704823490.7588760852813720703125 HTTP/1.1" 200 - cronicareinodearagon.com "-" "WordPress/6.2.2; https://cronicareinodearagon.com" "-"
207.46.13.0 - - [09/Jan/2024:19:04:50 +0100] "GET /aragon/programa-economia-eoi-mujeres-talento/ HTTP/1.1" 200 166750 cronicareinodearagon.com "-" "Mozilla/5.0 AppleWebKit/537.36 (KHTML, like Gecko; compatible; bingbot/2.0; +http://www.bing.com/bingbot.htm) Chrome/116.0.1938.76 Safari/537.36" "-"
64.124.8.0 - - [09/Jan/2024:19:05:38 +0100] "GET /wp-content/uploads/2022/03/manifestacion-bajada-ratio.jpg HTTP/1.1" 304 - cronicareinodearagon.com "-" "Mozilla/5.0 (compatible; ImagesiftBot; +imagesift.com)" "-"
72.167.44.0 - - [09/Jan/2024:19:07:21 +0100] "GET /wp-login.php HTTP/1.1" 404 596 cronicadelpaisvalenciano.com "-" "Mozilla/5.0 (X11; Fedora; Linux x86_64; rv:94.0) Gecko/20100101 Firefox/95.0" "-"
74.125.212.0 - - [09/Jan/2024:19:08:59 +0100] "GET /category/economia/feed/ HTTP/1.1" 200 12913 cronicareinodearagon.com "-" "FeedFetcher-Google; (+http://www.google.com/feedfetcher.html)" "-"
82.165.88.0 - - [09/Jan/2024:19:09:00 +0100] "POST /wp-cron.php?doing_wp_cron=1704823739.9222528934478759765625 HTTP/1.1" 200 - cronicareinodearagon.com "-" "WordPress/6.2.2; https://cronicareinodearagon.com" "-"
17.241.227.0 - - [09/Jan/2024:19:09:57 +0100] "GET /wp-content/uploads/2022/03/IMG_20200827_125016-750x375.jpg HTTP/1.1" 200 28531 cronicareinodearagon.com "-" "Mozilla/5.0 (Macintosh; Intel Mac OS X 10_15_5) AppleWebKit/605.1.15 (KHTML, like Gecko) Version/13.1.1 Safari/605.1.15 (Applebot/0.1; +http://www.apple.com/go/applebot)" "-"
77.246.96.0 - - [09/Jan/2024:19:10:57 +0100] "GET /aragon/resultados-elecciones-autonomicas-municipales-aragon/ HTTP/1.1" 200 169149 cronicareinodearagon.com "https://cronicareinodearagon.com/aragon/resultados-elecciones-autonomicas-municipales-aragon/#comment-2452" "Mozilla/5.0 (Windows NT 6.3; Win64; x64) AppleWebKit/537.36 (KHTML, like Gecko) Chrome/103.0.5060.53 Safari/537.36" "-"
77.246.96.0 - - [09/Jan/2024:19:10:57 +0100] "POST /wp-comments-post.php HTTP/1.1" 302 - cronicareinodearagon.com "https://cronicareinodearagon.com/aragon/resultados-elecciones-autonomicas-municipales-aragon/#comment-2452" "Mozilla/5.0 (Windows NT 6.3; Win64; x64) AppleWebKit/537.36 (KHTML, like Gecko) Chrome/103.0.5060.53 Safari/537.36" "-"
82.165.88.0 - - [09/Jan/2024:19:10:58 +0100] "POST /wp-cron.php?doing_wp_cron=1704823857.9962999820709228515625 HTTP/1.1" 200 - cronicareinodearagon.com "-" "WordPress/6.2.2; https://cronicareinodearagon.com" "-"
77.246.96.0 - - [09/Jan/2024:19:10:58 +0100] "GET /aragon/resultados-elecciones-autonomicas-municipales-aragon/ HTTP/1.1" 200 169050 cronicareinodearagon.com "https://cronicareinodearagon.com/aragon/resultados-elecciones-autonomicas-municipales-aragon/#comment-2774" "Mozilla/5.0 (Windows NT 6.3; Win64; x64) AppleWebKit/537.36 (KHTML, like Gecko) Chrome/103.0.5060.53 Safari/537.36" "-"
66.249.78.0 - - [09/Jan/2024:19:11:11 +0100] "GET /robots.txt HTTP/1.1" 200 202 cronicareinodearagon.com "-" "Mozilla/5.0 (compatible; Googlebot/2.1; +http://www.google.com/bot.html)" "-"
66.249.68.0 - - [09/Jan/2024:19:11:18 +0100] "GET /sitemap_index.xml HTTP/1.1" 200 317 cronicareinodearagon.com "-" "Mozilla/5.0 (compatible; Googlebot/2.1; +http://www.google.com/bot.html)" "-"
2a03:b0c0:: - - [09/Jan/2024:19:12:47 +0100] "POST /xmlrpc.php HTTP/1.1" 200 416 cronicareinodearagon.com "-" "Mozilla/5.0 (Windows NT 10.0; Win64; x64; rv:67.0) Gecko/20100101 Firefox/67.0" "-"
82.165.88.0 - - [09/Jan/2024:19:12:48 +0100] "POST /wp-cron.php?doing_wp_cron=1704823968.1588919162750244140625 HTTP/1.1" 200 - cronicareinodearagon.com "-" "WordPress/6.2.2; https://cronicareinodearagon.com" "-"
45.197.56.0 - - [09/Jan/2024:19:12:49 +0100] "POST /xmlrpc.php HTTP/1.1" 200 416 cronicareinodearagon.com "-" "Mozilla/5.0 (Windows NT 5.1; rv:36.0) Gecko/20100101 Firefox/36.0" "-"
133.167.101.0 - - [09/Jan/2024:19:12:52 +0100] "POST /xmlrpc.php HTTP/1.1" 200 416 cronicareinodearagon.com "-" "Mozilla/5.0 (Windows NT 10.0; Win64; x64) AppleWebKit/537.36 (KHTML, like Gecko) Chrome/78.0.3904.108 Safari/537.36" "-"
137.184.180.0 - - [09/Jan/2024:19:12:53 +0100] "POST /xmlrpc.php HTTP/1.1" 200 416 cronicareinodearagon.com "-" "Mozilla/5.0 (Windows; U; Windows NT 5.1; en-US; rv:1.7.10) Gecko/20050716 Firefox/1.0.6" "-"
41.111.146.0 - - [09/Jan/2024:19:12:55 +0100] "POST /xmlrpc.php HTTP/1.1" 200 416 cronicareinodearagon.com "-" "Mozilla/5.0 (Windows NT 10.0; Win64; x64) AppleWebKit/537.36 (KHTML, like Gecko) Chrome/79.0.3945.117 Safari/537.36" "-"
2a03:b0c0:: - - [09/Jan/2024:19:13:06 +0100] "POST /xmlrpc.php HTTP/1.1" 200 416 cronicareinodearagon.com "-" "Mozilla/5.0 (Windows NT 10.0; Win64; x64) AppleWebKit/537.36 (KHTML, like Gecko) Chrome/79.0.3945.130 Safari/537.36" "-"
31.24.128.0 - - [09/Jan/2024:19:13:19 +0100] "POST /xmlrpc.php HTTP/1.1" 200 416 cronicareinodearagon.com "-" "Mozilla/5.0 (Windows NT 10.0; WOW64) AppleWebKit/537.36 (KHTML, like Gecko) Chrome/91.0.4472.114 Safari/537.36" "-"
66.249.78.0 - - [09/Jan/2024:19:13:41 +0100] "GET /wp-content/uploads/2023/05/ecoprovincia-zaragoza-1.jpg HTTP/1.1" 200 38815 cronicareinodearagon.com "-" "Googlebot-Image/1.0" "-"
157.55.39.0 - - [09/Jan/2024:19:17:01 +0100] "GET /wp-content/uploads/2022/05/FRrKDGvXEAE-OAQ-1140x570.jpg HTTP/1.1" 200 126210 cronicareinodearagon.com "-" "Mozilla/5.0 AppleWebKit/537.36 (KHTML, like Gecko; compatible; bingbot/2.0; +http://www.bing.com/bingbot.htm) Chrome/116.0.1938.76 Safari/537.36" "-"
173.249.59.0 - - [09/Jan/2024:19:18:30 +0100] "GET /inputs.php HTTP/1.1" 404 596 cronicadesevilla.com "-" "Mozlila/5.0 (Linux; Android 7.0; SM-G892A Bulid/NRD90M; wv) AppleWebKit/537.36 (KHTML, like Gecko) Version/4.0 Chrome/60.0.3112.107 Moblie Safari/537.36" "-"
54.36.148.0 - - [09/Jan/2024:19:23:57 +0100] "GET /aragon/teruel-existe-mocion-vox-senado-trasvase-ebro/ HTTP/1.1" 200 164674 cronicareinodearagon.com "-" "Mozilla/5.0 (compatible; AhrefsBot/7.0; +http://ahrefs.com/robot/)" "-"
82.165.88.0 - - [09/Jan/2024:19:23:58 +0100] "POST /wp-cron.php?doing_wp_cron=1704824638.0397300720214843750000 HTTP/1.1" 200 - cronicareinodearagon.com "-" "WordPress/6.2.2; https://cronicareinodearagon.com" "-"
157.55.39.0 - - [09/Jan/2024:19:24:05 +0100] "GET /aragon/astic-reconocimiento-carreras-grupo/ HTTP/1.1" 200 158190 cronicareinodearagon.com "-" "Mozilla/5.0 AppleWebKit/537.36 (KHTML, like Gecko; compatible; bingbot/2.0; +http://www.bing.com/bingbot.htm) Chrome/116.0.1938.76 Safari/537.36" "-"
199.244.88.0 - - [09/Jan/2024:19:27:47 +0100] "GET / HTTP/1.1" 200 336 cronicadecordoba.com "-" "Mozilla/5.0 (X11; Linux x86_64) AppleWebKit/537.36 (KHTML, like Gecko) Chrome/105.0.0.0 Safari/537.36" "-"
104.197.209.0 - - [09/Jan/2024:19:33:54 +0100] "GET /wp-login.php HTTP/1.1" 404 596 cronicadearagon.com "-" "Mozilla/5.0 (X11; Fedora; Linux x86_64; rv:94.0) Gecko/20100101 Firefox/95.0" "-"
199.244.88.0 - - [09/Jan/2024:19:39:33 +0100] "GET / HTTP/1.1" 200 336 cronicadearagon.com "-" "Mozilla/5.0 (X11; Linux x86_64) AppleWebKit/537.36 (KHTML, like Gecko) Chrome/105.0.0.0 Safari/537.36" "-"
74.125.209.0 - - [09/Jan/2024:19:41:34 +0100] "GET /category/sociedad/feed/ HTTP/1.1" 200 16233 cronicareinodearagon.com "-" "FeedFetcher-Google; (+http://www.google.com/feedfetcher.html)" "-"
205.185.126.0 - - [09/Jan/2024:19:56:42 +0100] "GET /wp-login.php HTTP/1.1" 404 596 cronicadehuelva.com "http://www.google.com.hk" "Mozilla/5.0 (Windows NT 6.1; WOW64) AppleWebKit/537.36 (KHTML, like Gecko) Chrome/42.0.2311.90 Safari/537.36" "-"
188.166.253.0 - - [09/Jan/2024:20:08:01 +0100] "POST /xmlrpc.php HTTP/1.1" 301 251 cronicareinodearagon.com "-" "Mozilla/5.0 (Windows NT 10.0; Win64; x64) AppleWebKit/537.36 (KHTML, like Gecko) Chrome/88.0.4324.104 Safari/537.36" "-"
188.166.253.0 - - [09/Jan/2024:20:08:02 +0100] "POST /xmlrpc.php HTTP/1.1" 200 416 cronicareinodearagon.com "-" "Mozilla/5.0 (Windows NT 10.0; Win64; x64) AppleWebKit/537.36 (KHTML, like Gecko) Chrome/88.0.4324.104 Safari/537.36" "-"
185.217.41.0 - - [09/Jan/2024:20:08:03 +0100] "POST /xmlrpc.php HTTP/1.1" 301 251 cronicareinodearagon.com "-" "Mozilla/5.0 (Windows NT 10.0; Win64; x64) AppleWebKit/537.36 (KHTML, like Gecko) Chrome/90.0.4430.212 Safari/537.36" "-"
185.217.41.0 - - [09/Jan/2024:20:08:04 +0100] "POST /xmlrpc.php HTTP/1.1" 200 416 cronicareinodearagon.com "-" "Mozilla/5.0 (Windows NT 10.0; Win64; x64) AppleWebKit/537.36 (KHTML, like Gecko) Chrome/90.0.4430.212 Safari/537.36" "-"
82.165.88.0 - - [09/Jan/2024:20:08:04 +0100] "GET / HTTP/1.1" 200 41728 cronicareinodearagon.com "-" "WordPress/6.2.2; https://cronicareinodearagon.com" "-"
82.165.88.0 - - [09/Jan/2024:20:08:04 +0100] "POST /wp-cron.php?doing_wp_cron=1704827284.2599020004272460937500 HTTP/1.1" 200 - cronicareinodearagon.com "-" "WordPress/6.2.2; https://cronicareinodearagon.com" "-"
31.31.196.0 - - [09/Jan/2024:20:08:17 +0100] "POST /xmlrpc.php HTTP/1.1" 301 251 cronicareinodearagon.com "-" "Mozilla/5.0 (Windows NT 10.0; Win64; x64; rv:61.0) Gecko/20100101 Firefox/61.0" "-"
31.31.196.0 - - [09/Jan/2024:20:08:18 +0100] "POST /xmlrpc.php HTTP/1.1" 200 416 cronicareinodearagon.com "-" "Mozilla/5.0 (Windows NT 10.0; Win64; x64; rv:61.0) Gecko/20100101 Firefox/61.0" "-"
103.43.188.0 - - [09/Jan/2024:20:08:18 +0100] "POST /xmlrpc.php HTTP/1.1" 301 251 cronicareinodearagon.com "-" "Mozilla/5.0 (Windows NT 6.1; WOW64; rv:47.0) Gecko/20100101 Firefox/47.0" "-"
103.43.188.0 - - [09/Jan/2024:20:08:20 +0100] "POST /xmlrpc.php HTTP/1.1" 200 416 cronicareinodearagon.com "-" "Mozilla/5.0 (Windows NT 6.1; WOW64; rv:47.0) Gecko/20100101 Firefox/47.0" "-"
83.98.36.0 - - [09/Jan/2024:20:08:31 +0100] "POST /xmlrpc.php HTTP/1.1" 301 251 cronicareinodearagon.com "-" "Mozilla/5.0 (Windows NT 10.0; Win64; x64; rv:61.0) Gecko/20100101 Firefox/61.0" "-"
83.98.36.0 - - [09/Jan/2024:20:08:32 +0100] "POST /xmlrpc.php HTTP/1.1" 200 416 cronicareinodearagon.com "-" "Mozilla/5.0 (Windows NT 10.0; Win64; x64; rv:61.0) Gecko/20100101 Firefox/61.0" "-"
64.227.108.0 - - [09/Jan/2024:20:08:35 +0100] "POST /xmlrpc.php HTTP/1.1" 301 251 cronicareinodearagon.com "-" "Mozilla/5.0 (Windows NT 6.1; WOW64; rv:41.0) Gecko/20100101 Firefox/41.0" "-"
64.227.108.0 - - [09/Jan/2024:20:08:36 +0100] "POST /xmlrpc.php HTTP/1.1" 200 416 cronicareinodearagon.com "-" "Mozilla/5.0 (Windows NT 6.1; WOW64; rv:41.0) Gecko/20100101 Firefox/41.0" "-"
2603:c022:: - - [09/Jan/2024:20:08:39 +0100] "POST /xmlrpc.php HTTP/1.1" 301 251 cronicareinodearagon.com "-" "Mozilla/5.0 (Linux; Android 10; LM-Q720) AppleWebKit/537.36 (KHTML, like Gecko) Chrome/91.0.4472.114 Mobile Safari/537.36" "-"
45.197.56.0 - - [09/Jan/2024:20:08:39 +0100] "POST /xmlrpc.php HTTP/1.1" 301 251 cronicareinodearagon.com "-" "Mozilla/5.0 (Windows NT 6.1; Win64; x64) AppleWebKit/537.36 (KHTML, like Gecko) Chrome/60.0.3112.90 Safari/537.36" "-"
2603:c022:: - - [09/Jan/2024:20:08:40 +0100] "POST /xmlrpc.php HTTP/1.1" 200 416 cronicareinodearagon.com "-" "Mozilla/5.0 (Linux; Android 10; LM-Q720) AppleWebKit/537.36 (KHTML, like Gecko) Chrome/91.0.4472.114 Mobile Safari/537.36" "-"
45.197.56.0 - - [09/Jan/2024:20:08:41 +0100] "POST /xmlrpc.php HTTP/1.1" 200 416 cronicareinodearagon.com "-" "Mozilla/5.0 (Windows NT 6.1; Win64; x64) AppleWebKit/537.36 (KHTML, like Gecko) Chrome/60.0.3112.90 Safari/537.36" "-"
92.205.146.0 - - [09/Jan/2024:20:08:46 +0100] "POST /xmlrpc.php HTTP/1.1" 301 251 cronicareinodearagon.com "-" "Mozilla/5.0 (Windows NT 10.0; Win64; x64) AppleWebKit/537.36 (KHTML, like Gecko) Chrome/90.0.4430.93 Safari/537.36" "-"
82.165.88.0 - - [09/Jan/2024:20:08:47 +0100] "POST /wp-cron.php?doing_wp_cron=1704827327.4448449611663818359375 HTTP/1.1" 200 - cronicareinodearagon.com "-" "WordPress/6.2.2; https://cronicareinodearagon.com" "-"
92.205.146.0 - - [09/Jan/2024:20:08:47 +0100] "POST /xmlrpc.php HTTP/1.1" 200 416 cronicareinodearagon.com "-" "Mozilla/5.0 (Windows NT 10.0; Win64; x64) AppleWebKit/537.36 (KHTML, like Gecko) Chrome/90.0.4430.93 Safari/537.36" "-"
92.53.96.0 - - [09/Jan/2024:20:08:48 +0100] "POST /xmlrpc.php HTTP/1.1" 301 251 cronicareinodearagon.com "-" "Mozilla/5.0 (Windows NT 10.0; Win64; x64) AppleWebKit/537.36 (KHTML, like Gecko) Chrome/68.0.3440.106 Safari/537.36" "-"
92.53.96.0 - - [09/Jan/2024:20:08:49 +0100] "POST /xmlrpc.php HTTP/1.1" 200 416 cronicareinodearagon.com "-" "Mozilla/5.0 (Windows NT 10.0; Win64; x64) AppleWebKit/537.36 (KHTML, like Gecko) Chrome/68.0.3440.106 Safari/537.36" "-"
198.44.173.0 - - [09/Jan/2024:20:08:51 +0100] "POST /xmlrpc.php HTTP/1.1" 301 251 cronicareinodearagon.com "-" "Mozilla/5.0 (Windows NT 10.0; Win64; x64; rv:60.0) Gecko/20100101 Firefox/60.0" "-"
198.44.173.0 - - [09/Jan/2024:20:08:52 +0100] "POST /xmlrpc.php HTTP/1.1" 200 416 cronicareinodearagon.com "-" "Mozilla/5.0 (Windows NT 10.0; Win64; x64; rv:60.0) Gecko/20100101 Firefox/60.0" "-"
23.106.20.0 - - [09/Jan/2024:20:16:50 +0100] "GET /politica/lamban-asegura-que-las-renovables-son-una-magnifica-oportunidad-para-que-aragon-despegue/ HTTP/1.1" 200 159736 cronicareinodearagon.com "-" "Mozilla/5.0 (Macintosh; Intel Mac OS X 12_5) AppleWebKit/537.36 (KHTML, like Gecko) Chrome/114.0.0.0 YaBrowser/22.7.0 Yowser/2.5 Safari/537.36" "-"
82.165.88.0 - - [09/Jan/2024:20:16:51 +0100] "POST /wp-cron.php?doing_wp_cron=1704827811.3238909244537353515625 HTTP/1.1" 200 - cronicareinodearagon.com "-" "WordPress/6.2.2; https://cronicareinodearagon.com" "-"
23.106.20.0 - - [09/Jan/2024:20:16:57 +0100] "POST /wp-comments-post.php HTTP/1.1" 302 - cronicareinodearagon.com "https://cronicareinodearagon.com/politica/lamban-asegura-que-las-renovables-son-una-magnifica-oportunidad-para-que-aragon-despegue/" "Mozilla/5.0 (Macintosh; Intel Mac OS X 12_5) AppleWebKit/537.36 (KHTML, like Gecko) Chrome/114.0.0.0 YaBrowser/22.7.0 Yowser/2.5 Safari/537.36" "-"
23.106.20.0 - - [09/Jan/2024:20:17:00 +0100] "GET /politica/lamban-asegura-que-las-renovables-son-una-magnifica-oportunidad-para-que-aragon-despegue/ HTTP/1.1" 200 159735 cronicareinodearagon.com "https://cronicareinodearagon.com/wp-comments-post.php" "Mozilla/5.0 (Macintosh; Intel Mac OS X 12_5) AppleWebKit/537.36 (KHTML, like Gecko) Chrome/114.0.0.0 YaBrowser/22.7.0 Yowser/2.5 Safari/537.36" "-"
17.241.75.0 - - [09/Jan/2024:20:41:15 +0100] "GET /wp-content/uploads/2022/01/IMG-20220102-WA0013-750x375.jpg HTTP/1.1" 200 48346 cronicareinodearagon.com "-" "Mozilla/5.0 (Macintosh; Intel Mac OS X 10_15_5) AppleWebKit/605.1.15 (KHTML, like Gecko) Version/13.1.1 Safari/605.1.15 (Applebot/0.1; +http://www.apple.com/go/applebot)" "-"
64.124.8.0 - - [09/Jan/2024:20:45:06 +0100] "GET /wp-content/uploads/2022/09/presidente-diputacion-francisco-salado.jpg HTTP/1.1" 304 - cronicareinodearagon.com "-" "Mozilla/5.0 (compatible; ImagesiftBot; +imagesift.com)" "-"
157.55.39.0 - - [09/Jan/2024:20:47:09 +0100] "GET /wp-content/uploads/2021/09/BALTASAR-GARZ%C3%93N.jpeg HTTP/1.1" 404 144962 cronicareinodearagon.com "-" "Mozilla/5.0 AppleWebKit/537.36 (KHTML, like Gecko; compatible; bingbot/2.0; +http://www.bing.com/bingbot.htm) Chrome/116.0.1938.76 Safari/537.36" "-"
82.165.88.0 - - [09/Jan/2024:20:47:10 +0100] "POST /wp-cron.php?doing_wp_cron=1704829630.9211630821228027343750 HTTP/1.1" 200 - cronicareinodearagon.com "-" "WordPress/6.2.2; https://cronicareinodearagon.com" "-"
199.16.157.0 - - [09/Jan/2024:20:55:46 +0100] "GET /robots.txt HTTP/1.1" 200 202 cronicareinodearagon.com "-" "Twitterbot/1.0" "-"
199.16.157.0 - - [09/Jan/2024:20:55:46 +0100] "GET /robots.txt HTTP/1.1" 200 202 cronicareinodearagon.com "-" "Twitterbot/1.0" "-"
199.16.157.0 - - [09/Jan/2024:20:55:46 +0100] "GET /wp-content/uploads/2022/10/Zaragoza.jpg HTTP/1.1" 200 162949 cronicareinodearagon.com "-" "Twitterbot/1.0" "-"
82.165.88.0 - - [09/Jan/2024:20:55:46 +0100] "POST /wp-cron.php?doing_wp_cron=1704830146.5877509117126464843750 HTTP/1.1" 200 - cronicareinodearagon.com "-" "WordPress/6.2.2; https://cronicareinodearagon.com" "-"
199.16.157.0 - - [09/Jan/2024:20:55:46 +0100] "GET /robots.txt HTTP/1.1" 200 202 cronicareinodearagon.com "-" "Twitterbot/1.0" "-"
199.16.157.0 - - [09/Jan/2024:20:55:46 +0100] "GET /aragon/la-aficion-de-la-real-contra-el-zaragoza-con-una-bomba-todo-volaria-una-explosion-de-goma-2/ HTTP/1.1" 200 160485 cronicareinodearagon.com "-" "Twitterbot/1.0" "-"
199.16.157.0 - - [09/Jan/2024:20:55:47 +0100] "GET /wp-content/uploads/2022/10/Zaragoza.jpg HTTP/1.1" 200 162949 cronicareinodearagon.com "-" "Twitterbot/1.0" "-"
52.167.144.0 - - [09/Jan/2024:20:55:52 +0100] "GET /wp-content/uploads/2022/07/exposicion-catedral-cadiz-inauguracion-delegada-gobierno-360x180.jpg HTTP/1.1" 200 15580 cronicareinodearagon.com "-" "Mozilla/5.0 AppleWebKit/537.36 (KHTML, like Gecko; compatible; bingbot/2.0; +http://www.bing.com/bingbot.htm) Chrome/116.0.1938.76 Safari/537.36" "-"
74.125.209.0 - - [09/Jan/2024:21:02:06 +0100] "GET /category/sociedad/feed/ HTTP/1.1" 200 16233 cronicareinodearagon.com "-" "FeedFetcher-Google; (+http://www.google.com/feedfetcher.html)" "-"
82.165.88.0 - - [09/Jan/2024:21:05:08 +0100] "POST /wp-cron.php?doing_wp_cron=1704830708.3764939308166503906250 HTTP/1.1" 200 - cronicareinodearagon.com "-" "WordPress/6.2.2; https://cronicareinodearagon.com" "-"
205.185.126.0 - - [09/Jan/2024:21:05:08 +0100] "GET /wp-login.php HTTP/1.1" 200 9152 cronicareinodearagon.com "http://www.google.com.hk" "Mozilla/5.0 (Windows NT 6.1; WOW64) AppleWebKit/537.36 (KHTML, like Gecko) Chrome/42.0.2311.90 Safari/537.36" "-"
82.165.88.0 - - [09/Jan/2024:21:06:17 +0100] "POST /wp-cron.php?doing_wp_cron=1704830777.4875750541687011718750 HTTP/1.1" 200 - cronicareinodearagon.com "-" "WordPress/6.2.2; https://cronicareinodearagon.com" "-"
205.185.126.0 - - [09/Jan/2024:21:06:17 +0100] "GET //wp-content/plugins/WordPressCore/include.php HTTP/1.1" 301 - cronicareinodearagon.com "http://www.google.com.hk" "Mozilla/5.0 (Windows NT 6.1; WOW64) AppleWebKit/537.36 (KHTML, like Gecko) Chrome/42.0.2311.90 Safari/537.36" "-"
205.185.126.0 - - [09/Jan/2024:21:06:18 +0100] "GET /wp-content/plugins/WordPressCore/include.php HTTP/1.1" 404 144937 cronicareinodearagon.com "http://www.google.com.hk" "Mozilla/5.0 (Windows NT 6.1; WOW64) AppleWebKit/537.36 (KHTML, like Gecko) Chrome/42.0.2311.90 Safari/537.36" "-"
205.185.126.0 - - [09/Jan/2024:21:06:42 +0100] "GET /?author=1 HTTP/1.1" 404 144798 cronicareinodearagon.com "http://www.google.com.hk" "Mozilla/5.0 (Windows NT 6.1; WOW64) AppleWebKit/537.36 (KHTML, like Gecko) Chrome/42.0.2311.90 Safari/537.36" "-"
82.165.88.0 - - [09/Jan/2024:21:06:43 +0100] "POST /wp-cron.php?doing_wp_cron=1704830802.9818849563598632812500 HTTP/1.1" 200 - cronicareinodearagon.com "-" "WordPress/6.2.2; https://cronicareinodearagon.com" "-"
177.153.58.0 - - [09/Jan/2024:21:12:57 +0100] "POST /xmlrpc.php HTTP/1.1" 200 416 cronicareinodearagon.com "-" "Mozilla/5.0 (Windows NT 6.1; WOW64; rv:43.0) Gecko/20100101 Firefox/43.0" "-"
82.165.88.0 - - [09/Jan/2024:21:12:58 +0100] "POST /wp-cron.php?doing_wp_cron=1704831178.0990290641784667968750 HTTP/1.1" 200 - cronicareinodearagon.com "-" "WordPress/6.2.2; https://cronicareinodearagon.com" "-"
24.199.106.0 - - [09/Jan/2024:21:12:58 +0100] "POST /xmlrpc.php HTTP/1.1" 200 416 cronicareinodearagon.com "-" "Mozilla/5.0 (Windows NT 10.0; Win64; x64) AppleWebKit/537.36 (KHTML, like Gecko) Chrome/80.0.3987.149 Safari/537.36" "-"
101.200.153.0 - - [09/Jan/2024:21:13:10 +0100] "POST /xmlrpc.php HTTP/1.1" 200 416 cronicareinodearagon.com "-" "Mozilla/5.0 (Windows NT 10.0; WOW64; rv:50.0) Gecko/20100101 Firefox/50.0" "-"
103.175.248.0 - - [09/Jan/2024:21:13:20 +0100] "POST /xmlrpc.php HTTP/1.1" 200 416 cronicareinodearagon.com "-" "Mozilla/5.0 (Windows NT 6.1; WOW64; rv:41.0) Gecko/20100101 Firefox/41.0" "-"
68.178.227.0 - - [09/Jan/2024:21:13:22 +0100] "POST /xmlrpc.php HTTP/1.1" 200 416 cronicareinodearagon.com "-" "Mozilla/5.0 (Windows NT 10.0; Win64; x64) AppleWebKit/537.36 (KHTML, like Gecko) Chrome/79.0.3945.88 Safari/537.36" "-"
88.119.176.0 - - [09/Jan/2024:21:13:27 +0100] "POST /xmlrpc.php HTTP/1.1" 200 416 cronicareinodearagon.com "-" "Mozilla/5.0 (Windows NT 5.1; Win64; x64) AppleWebKit/537.36 (KHTML, like Gecko) Chrome/60.0.3112.90 Safari/537.36" "-"
68.178.227.0 - - [09/Jan/2024:21:13:27 +0100] "POST /xmlrpc.php HTTP/1.1" 200 416 cronicareinodearagon.com "-" "Mozilla/5.0 (Windows NT 6.3; Win64; x64) AppleWebKit/537.36 (KHTML, like Gecko) Chrome/60.0.3112.113 Safari/537.36" "-"
82.165.88.0 - - [09/Jan/2024:21:13:44 +0100] "POST /wp-cron.php?doing_wp_cron=1704831224.8216240406036376953125 HTTP/1.1" 200 - cronicareinodearagon.com "-" "WordPress/6.2.2; https://cronicareinodearagon.com" "-"
167.172.115.0 - - [09/Jan/2024:21:13:44 +0100] "POST /xmlrpc.php HTTP/1.1" 200 416 cronicareinodearagon.com "-" "Mozilla/5.0 (Windows NT 10.0; Win64; x64; rv:66.0) Gecko/20100101 Firefox/66.0" "-"
17.241.219.0 - - [09/Jan/2024:21:16:29 +0100] "GET /wp-content/uploads/2022/06/ubeda-750x375.jpg HTTP/1.1" 200 58132 cronicareinodearagon.com "-" "Mozilla/5.0 (Macintosh; Intel Mac OS X 10_15_5) AppleWebKit/605.1.15 (KHTML, like Gecko) Version/13.1.1 Safari/605.1.15 (Applebot/0.1; +http://www.apple.com/go/applebot)" "-"
17.241.219.0 - - [09/Jan/2024:21:17:04 +0100] "GET /wp-content/uploads/2022/02/juanmamoreno_ayuso-750x375.jpg HTTP/1.1" 200 61200 cronicareinodearagon.com "-" "Mozilla/5.0 (Macintosh; Intel Mac OS X 10_15_5) AppleWebKit/605.1.15 (KHTML, like Gecko) Version/13.1.1 Safari/605.1.15 (Applebot/0.1; +http://www.apple.com/go/applebot)" "-"
157.55.39.0 - - [09/Jan/2024:21:24:16 +0100] "GET /aragon/granja-patentes-tervalis-contaminacion-purines/ HTTP/1.1" 200 173036 cronicareinodearagon.com "-" "Mozilla/5.0 AppleWebKit/537.36 (KHTML, like Gecko; compatible; bingbot/2.0; +http://www.bing.com/bingbot.htm) Chrome/116.0.1938.76 Safari/537.36" "-"
82.165.88.0 - - [09/Jan/2024:21:24:17 +0100] "POST /wp-cron.php?doing_wp_cron=1704831857.1454489231109619140625 HTTP/1.1" 200 - cronicareinodearagon.com "-" "WordPress/6.2.2; https://cronicareinodearagon.com" "-"
72.167.101.0 - - [09/Jan/2024:21:26:19 +0100] "GET /wp-login.php HTTP/1.1" 404 596 cronicadegranada.com "-" "Mozilla/5.0 (X11; Fedora; Linux x86_64; rv:94.0) Gecko/20100101 Firefox/95.0" "-"
138.197.135.0 - - [09/Jan/2024:21:28:32 +0100] "GET / HTTP/1.1" 200 336 cronicadehuelva.com "-" "Mozilla/5.0 (X11; Linux x86_64) AppleWebKit/537.36 (KHTML, like Gecko) Chrome/108.0.0.0 Safari/537.36" "-"
64.124.8.0 - - [09/Jan/2024:21:30:58 +0100] "GET /wp-content/uploads/2021/11/tren.jpg HTTP/1.1" 304 - cronicareinodearagon.com "-" "Mozilla/5.0 (compatible; ImagesiftBot; +imagesift.com)" "-"
184.154.139.0 - - [09/Jan/2024:21:32:52 +0100] "GET / HTTP/1.1" 200 336 www.cronicadesevilla.com "http://www.google.com/url?url=www.cronicadesevilla.com&yahoo.com" "Mozilla/5.0 (compatible; MSIE 9.0; Windows NT 6.1; WOW64; Trident/6.0)" "-"
184.154.139.0 - - [09/Jan/2024:21:32:52 +0100] "GET /th1s_1s_a_4o4.html HTTP/1.1" 404 596 www.cronicadesevilla.com "http://www.google.com/url?url=www.cronicadesevilla.com&yahoo.com" "Mozilla/5.0 (compatible; MSIE 9.0; Windows NT 6.1; WOW64; Trident/6.0)" "-"
184.154.139.0 - - [09/Jan/2024:21:32:53 +0100] "GET /?=1&s=1 HTTP/1.1" 200 336 cronicadesevilla.com "http://www.google.com/url?url=www.cronicadesevilla.com&yahoo.com" "Mozilla/5.0 (compatible; MSIE 9.0; Windows NT 6.1; WOW64; Trident/6.0)" "-"
184.154.139.0 - - [09/Jan/2024:21:32:54 +0100] "GET /spicons/templates/defaultsite/es-ES/images/css/main.css HTTP/1.1" 200 486180 www.cronicadesevilla.com "http://www.google.com/url?url=www.cronicadesevilla.com&yahoo.com" "Mozilla/5.0 (compatible; MSIE 9.0; Windows NT 6.1; WOW64; Trident/6.0)" "-"
184.154.139.0 - - [09/Jan/2024:21:32:55 +0100] "GET /defaultsite HTTP/1.1" 200 18994 www.cronicadesevilla.com "-" "SiteLockSpider [en] (WinNT; I ;Nav)" "-"
184.154.139.0 - - [09/Jan/2024:21:32:56 +0100] "GET /spicons/templates/defaultsite/es-ES/images/domain_transfer.svg HTTP/1.1" 200 1201 www.cronicadesevilla.com "http://www.google.com/url?url=www.cronicadesevilla.com&yahoo.com" "Mozilla/5.0 (compatible; MSIE 9.0; Windows NT 6.1; WOW64; Trident/6.0)" "-"
184.154.139.0 - - [09/Jan/2024:21:32:56 +0100] "GET /domaincheckresult?__SBMT:d359e110d15:=1&__SYNT:d359e110d15:__CMD(domaincheckresult):RETWRP=domainselect&__SYNT:d359e110d15:__CMD(domaincheckresult):SELWRP=multicheck&__SYNT:d359e110d15:__forcestop=true&__pageflow=Order&__sendingdata=1&linkId=ct.btn.check.default-page-check&multicheck.Domain=1 HTTP/1.1" 404 596 www.cronicadesevilla.com "-" "SiteLockSpider [en] (WinNT; I ;Nav)" "-"
184.154.139.0 - - [09/Jan/2024:21:32:57 +0100] "GET /spicons/templates/defaultsite/es-ES/images/ic-world.svg HTTP/1.1" 200 1248 www.cronicadesevilla.com "http://www.google.com/url?url=www.cronicadesevilla.com&yahoo.com" "Mozilla/5.0 (compatible; MSIE 9.0; Windows NT 6.1; WOW64; Trident/6.0)" "-"
184.154.139.0 - - [09/Jan/2024:21:32:57 +0100] "GET / HTTP/1.1" 200 336 cronicadesevilla.com "-" "SiteLockSpider [en] (WinNT; I ;Nav)" "-"
184.154.139.0 - - [09/Jan/2024:21:32:58 +0100] "GET /defaultsite HTTP/1.1" 200 18994 www.cronicadesevilla.com "http://www.google.com/url?url=www.cronicadesevilla.com&yahoo.com" "Mozilla/5.0 (compatible; MSIE 9.0; Windows NT 6.1; WOW64; Trident/6.0)" "-"
184.154.139.0 - - [09/Jan/2024:21:32:58 +0100] "GET /spicons/templates/defaultsite/es-ES/images/domain_transfer.svg HTTP/1.1" 200 1201 www.cronicadesevilla.com "-" "SiteLockSpider [en] (WinNT; I ;Nav)" "-"
184.154.139.0 - - [09/Jan/2024:21:32:59 +0100] "GET /spicons/templates/defaultsite/es-ES/images/css/main.css HTTP/1.1" 200 486180 www.cronicadesevilla.com "http://www.google.com/url?url=www.cronicadesevilla.com&yahoo.com" "Mozilla/5.0 (compatible; MSIE 9.0; Windows NT 6.1; WOW64; Trident/6.0)" "-"
184.154.139.0 - - [09/Jan/2024:21:33:00 +0100] "GET /domaincheckresult?__SBMT:d359e110d15:=1&__SYNT:d359e110d15:__CMD(domaincheckresult):RETWRP=domainselect&__SYNT:d359e110d15:__CMD(domaincheckresult):SELWRP=multicheck&__SYNT:d359e110d15:__forcestop=true&__pageflow=Order&__sendingdata=1&linkId=ct.btn.check.default-page-check&multicheck.Domain=1 HTTP/1.1" 404 596 www.cronicadesevilla.com "-" "SiteLockSpider [en] (WinNT; I ;Nav)" "-"
184.154.139.0 - - [09/Jan/2024:21:33:00 +0100] "GET /spicons/templates/defaultsite/es-ES/images/domain.svg HTTP/1.1" 200 2095 www.cronicadesevilla.com "-" "SiteLockSpider [en] (WinNT; I ;Nav)" "-"
184.154.139.0 - - [09/Jan/2024:21:33:01 +0100] "GET /spicons/templates/defaultsite/es-ES/images/domain.svg HTTP/1.1" 200 2095 www.cronicadesevilla.com "-" "SiteLockSpider [en] (WinNT; I ;Nav)" "-"
184.154.139.0 - - [09/Jan/2024:21:33:02 +0100] "GET / HTTP/1.1" 200 336 cronicadesevilla.com "http://www.google.com/url?url=www.cronicadesevilla.com&yahoo.com" "Mozilla/5.0 (compatible; MSIE 9.0; Windows NT 6.1; WOW64; Trident/6.0)" "-"
82.165.88.0 - - [09/Jan/2024:21:39:01 +0100] "POST /wp-cron.php?doing_wp_cron=1704832741.6303660869598388671875 HTTP/1.1" 200 - cronicareinodearagon.com "-" "WordPress/6.2.2; https://cronicareinodearagon.com" "-"
109.248.175.0 - - [09/Jan/2024:21:39:01 +0100] "GET /wp-includes/dropdown.php HTTP/1.1" 404 144876 cronicareinodearagon.com "-" "Mozilla/4.0 (compatible; MSIE 6.0; Windows NT 5.1; SV1)" "-"
82.165.88.0 - - [09/Jan/2024:21:40:32 +0100] "POST /wp-cron.php?doing_wp_cron=1704832832.4643890857696533203125 HTTP/1.1" 200 - cronicareinodearagon.com "-" "WordPress/6.2.2; https://cronicareinodearagon.com" "-"
188.68.49.0 - - [09/Jan/2024:21:40:32 +0100] "POST /xmlrpc.php HTTP/1.1" 200 416 cronicareinodearagon.com "-" "Mozilla/5.0 (Windows NT 10.0; Win64; x64) AppleWebKit/537.36 (KHTML, like Gecko) Chrome/87.0.4280.141 Safari/537.36 Edg/87.0.664.75" "-"
188.68.49.0 - - [09/Jan/2024:21:40:33 +0100] "POST /xmlrpc.php HTTP/1.1" 200 416 cronicareinodearagon.com "-" "Mozilla/5.0 (Windows NT 10.0; Win64; x64) AppleWebKit/537.36 (KHTML, like Gecko) Chrome/87.0.4280.141 Safari/537.36 Edg/87.0.664.75" "-"
188.68.49.0 - - [09/Jan/2024:21:40:34 +0100] "POST /xmlrpc.php HTTP/1.1" 403 775 cronicareinodearagon.com "-" "Mozilla/5.0 (Windows NT 10.0; Win64; x64) AppleWebKit/537.36 (KHTML, like Gecko) Chrome/87.0.4280.141 Safari/537.36 Edg/87.0.664.75" "-"
188.68.49.0 - - [09/Jan/2024:21:40:35 +0100] "POST /xmlrpc.php HTTP/1.1" 403 775 cronicareinodearagon.com "-" "Mozilla/5.0 (Windows NT 10.0; Win64; x64) AppleWebKit/537.36 (KHTML, like Gecko) Chrome/87.0.4280.141 Safari/537.36 Edg/87.0.664.75" "-"
188.68.49.0 - - [09/Jan/2024:21:40:36 +0100] "POST /xmlrpc.php HTTP/1.1" 403 775 cronicareinodearagon.com "-" "Mozilla/5.0 (Windows NT 10.0; Win64; x64) AppleWebKit/537.36 (KHTML, like Gecko) Chrome/87.0.4280.141 Safari/537.36 Edg/87.0.664.75" "-"
199.45.154.0 - - [09/Jan/2024:21:41:58 +0100] "GET / HTTP/1.1" 200 336 cronicadesevilla.com "-" "Mozilla/5.0 (compatible; CensysInspect/1.1; +https://about.censys.io/)" "-"
199.45.154.0 - - [09/Jan/2024:21:42:03 +0100] "GET /favicon.ico HTTP/1.1" 404 596 cronicadesevilla.com "-" "Mozilla/5.0 (compatible; CensysInspect/1.1; +https://about.censys.io/)" "-"
157.55.39.0 - - [09/Jan/2024:21:42:47 +0100] "GET /wp-content/uploads/2022/08/puerto-de-huelva-wikipedia-360x180.jpg HTTP/1.1" 200 11611 cronicareinodearagon.com "-" "Mozilla/5.0 AppleWebKit/537.36 (KHTML, like Gecko; compatible; bingbot/2.0; +http://www.bing.com/bingbot.htm) Chrome/116.0.1938.76 Safari/537.36" "-"
64.124.8.0 - - [09/Jan/2024:21:47:53 +0100] "GET /wp-content/uploads/2022/09/grinan-indulto.jpg HTTP/1.1" 304 - cronicareinodearagon.com "-" "Mozilla/5.0 (compatible; ImagesiftBot; +imagesift.com)" "-"
134.209.173.0 - - [09/Jan/2024:22:03:31 +0100] "GET / HTTP/1.1" 200 336 cronicadealmeria.com "-" "Mozilla/5.0 (X11; Linux x86_64) AppleWebKit/537.36 (KHTML, like Gecko) Chrome/108.0.0.0 Safari/537.36" "-"
2a03:2880:2500:: - - [09/Jan/2024:22:06:08 +0100] "GET /wp-content/uploads/2022/10/CABECERA-CrAra_MOVIL-1.png HTTP/1.1" 200 3014 cronicareinodearagon.com "-" "facebookexternalhit/1.1 (+http://www.facebook.com/externalhit_uatext.php)" "-"
207.46.13.0 - - [09/Jan/2024:22:06:29 +0100] "GET /wp-content/uploads/2022/04/fotonoticia_20220425102231_1920-1-1140x570.jpg HTTP/1.1" 200 108934 cronicareinodearagon.com "-" "Mozilla/5.0 AppleWebKit/537.36 (KHTML, like Gecko; compatible; bingbot/2.0; +http://www.bing.com/bingbot.htm) Chrome/116.0.1938.76 Safari/537.36" "-"
74.125.150.0 - - [09/Jan/2024:22:10:18 +0100] "GET /category/economia/feed/ HTTP/1.1" 200 12913 cronicareinodearagon.com "-" "FeedFetcher-Google; (+http://www.google.com/feedfetcher.html)" "-"
82.165.88.0 - - [09/Jan/2024:22:10:19 +0100] "POST /wp-cron.php?doing_wp_cron=1704834619.4977951049804687500000 HTTP/1.1" 200 - cronicareinodearagon.com "-" "WordPress/6.2.2; https://cronicareinodearagon.com" "-"
74.125.150.0 - - [09/Jan/2024:22:13:46 +0100] "GET /category/educacion/feed/ HTTP/1.1" 200 16487 cronicareinodearagon.com "-" "FeedFetcher-Google; (+http://www.google.com/feedfetcher.html)" "-"
82.165.88.0 - - [09/Jan/2024:22:13:47 +0100] "POST /wp-cron.php?doing_wp_cron=1704834827.2707490921020507812500 HTTP/1.1" 200 - cronicareinodearagon.com "-" "WordPress/6.2.2; https://cronicareinodearagon.com" "-"
74.125.150.0 - - [09/Jan/2024:22:13:49 +0100] "GET /category/politica/feed/ HTTP/1.1" 200 18273 cronicareinodearagon.com "-" "FeedFetcher-Google; (+http://www.google.com/feedfetcher.html)" "-"
74.125.209.0 - - [09/Jan/2024:22:21:09 +0100] "GET /category/sociedad/feed/ HTTP/1.1" 200 16233 cronicareinodearagon.com "-" "FeedFetcher-Google; (+http://www.google.com/feedfetcher.html)" "-"
82.165.88.0 - - [09/Jan/2024:22:28:11 +0100] "POST /wp-cron.php?doing_wp_cron=1704835691.7396318912506103515625 HTTP/1.1" 200 - cronicareinodearagon.com "-" "WordPress/6.2.2; https://cronicareinodearagon.com" "-"
74.125.212.0 - - [09/Jan/2024:22:28:11 +0100] "GET /category/economia/feed/ HTTP/1.1" 200 12913 cronicareinodearagon.com "-" "FeedFetcher-Google; (+http://www.google.com/feedfetcher.html)" "-"
2a03:2880:2500:: - - [09/Jan/2024:22:28:31 +0100] "GET /wp-content/uploads/2022/10/CABECERA-CrAra_Escritorio.png HTTP/1.1" 200 4995 cronicareinodearagon.com "-" "facebookexternalhit/1.1 (+http://www.facebook.com/externalhit_uatext.php)" "-"
157.55.39.0 - - [09/Jan/2024:22:38:02 +0100] "GET /wp-content/uploads/2022/05/presentacion-campana-fomento-lectura-diputacion-de-huelva-360x180.jpg HTTP/1.1" 200 16937 cronicareinodearagon.com "-" "Mozilla/5.0 AppleWebKit/537.36 (KHTML, like Gecko; compatible; bingbot/2.0; +http://www.bing.com/bingbot.htm) Chrome/116.0.1938.76 Safari/537.36" "-"
74.125.209.0 - - [09/Jan/2024:22:49:13 +0100] "GET /category/politica/feed/ HTTP/1.1" 200 18273 cronicareinodearagon.com "-" "FeedFetcher-Google; (+http://www.google.com/feedfetcher.html)" "-"
2a01:4f9:c000:: - - [09/Jan/2024:22:51:47 +0100] "POST /xmlrpc.php HTTP/1.1" 200 416 cronicareinodearagon.com "-" "Mozilla/5.0 (Windows NT 5.1; rv:7.0.1) Gecko/20100101 Firefox/7.0.1" "-"
51.178.146.0 - - [09/Jan/2024:22:51:49 +0100] "POST /xmlrpc.php HTTP/1.1" 200 416 cronicareinodearagon.com "-" "Mozilla/5.0 (Windows NT 10.0; WOW64) AppleWebKit/537.36 (KHTML, like Gecko) Chrome/91.0.4472.114 Safari/537.36" "-"
82.165.88.0 - - [09/Jan/2024:22:51:49 +0100] "POST /wp-cron.php?doing_wp_cron=1704837109.4753739833831787109375 HTTP/1.1" 200 - cronicareinodearagon.com "-" "WordPress/6.2.2; https://cronicareinodearagon.com" "-"
103.175.248.0 - - [09/Jan/2024:22:51:51 +0100] "POST /xmlrpc.php HTTP/1.1" 200 416 cronicareinodearagon.com "-" "Mozilla/5.0 (Windows NT 6.1; Win64; x64) AppleWebKit/537.36 (KHTML, like Gecko) Chrome/69.0.3497.100 Safari/537.36" "-"
165.232.161.0 - - [09/Jan/2024:22:51:58 +0100] "POST /xmlrpc.php HTTP/1.1" 200 416 cronicareinodearagon.com "-" "Mozilla/5.0 (Windows NT 6.1; Win64; x64) AppleWebKit/537.36 (KHTML, like Gecko) Chrome/63.0.3239.132 Safari/537.36" "-"
92.204.217.0 - - [09/Jan/2024:22:52:04 +0100] "POST /xmlrpc.php HTTP/1.1" 200 416 cronicareinodearagon.com "-" "Mozilla/5.0 (Windows NT 10.0; Win64; x64) AppleWebKit/537.36 (KHTML, like Gecko) Chrome/72.0.3626.121 Safari/537.36" "-"
113.161.21.0 - - [09/Jan/2024:22:52:11 +0100] "POST /xmlrpc.php HTTP/1.1" 200 416 cronicareinodearagon.com "-" "Mozilla/5.0 (Windows; U; Windows NT 5.1; en-US; rv:1.7.12) Gecko/20050915 Firefox/1.0.7" "-"
113.161.21.0 - - [09/Jan/2024:22:52:23 +0100] "POST /xmlrpc.php HTTP/1.1" 200 416 cronicareinodearagon.com "-" "Mozilla/5.0 (Linux; Android 10) AppleWebKit/537.36 (KHTML, like Gecko) Chrome/91.0.4472.114 Mobile Safari/537.36" "-"
2a03:2880:2500:: - - [09/Jan/2024:22:55:27 +0100] "GET /wp-content/uploads/2023/05/resultados-autonomicas-aragon-750x375.jpg HTTP/1.1" 200 19010 cronicareinodearagon.com "-" "facebookexternalhit/1.1 (+http://www.facebook.com/externalhit_uatext.php)" "-"
74.125.209.0 - - [09/Jan/2024:23:00:46 +0100] "GET /category/sociedad/feed/ HTTP/1.1" 200 16233 cronicareinodearagon.com "-" "FeedFetcher-Google; (+http://www.google.com/feedfetcher.html)" "-"
17.241.227.0 - - [09/Jan/2024:23:01:08 +0100] "GET /robots.txt HTTP/1.1" 200 188 cronicadecordoba.com "-" "Mozilla/5.0 (Macintosh; Intel Mac OS X 10_15_5) AppleWebKit/605.1.15 (KHTML, like Gecko) Version/13.1.1 Safari/605.1.15 (Applebot/0.1; +http://www.apple.com/go/applebot)" "-"
17.241.227.0 - - [09/Jan/2024:23:01:09 +0100] "GET /defaultsite HTTP/1.1" 200 18994 cronicadecordoba.com "-" "Mozilla/5.0 (Macintosh; Intel Mac OS X 10_15_5) AppleWebKit/605.1.15 (KHTML, like Gecko) Version/13.1.1 Safari/605.1.15 (Applebot/0.1; +http://www.apple.com/go/applebot)" "-"
74.125.212.0 - - [09/Jan/2024:23:08:08 +0100] "GET /category/economia/feed/ HTTP/1.1" 200 12913 cronicareinodearagon.com "-" "FeedFetcher-Google; (+http://www.google.com/feedfetcher.html)" "-"
82.165.88.0 - - [09/Jan/2024:23:08:09 +0100] "POST /wp-cron.php?doing_wp_cron=1704838089.0354490280151367187500 HTTP/1.1" 200 - cronicareinodearagon.com "-" "WordPress/6.2.2; https://cronicareinodearagon.com" "-"
40.77.167.0 - - [09/Jan/2024:23:15:35 +0100] "GET /wp-content/uploads/2023/05/huesca-sequia-360x180.jpg HTTP/1.1" 200 18487 cronicareinodearagon.com "-" "Mozilla/5.0 AppleWebKit/537.36 (KHTML, like Gecko; compatible; bingbot/2.0; +http://www.bing.com/bingbot.htm) Chrome/116.0.1938.76 Safari/537.36" "-"
157.55.39.0 - - [09/Jan/2024:23:17:52 +0100] "GET /robots.txt HTTP/1.1" 200 188 cronicadehuelva.com "-" "Mozilla/5.0 AppleWebKit/537.36 (KHTML, like Gecko; compatible; bingbot/2.0; +http://www.bing.com/bingbot.htm) Chrome/116.0.1938.76 Safari/537.36" "-"
52.167.144.0 - - [09/Jan/2024:23:18:04 +0100] "GET / HTTP/1.1" 304 - cronicadehuelva.com "-" "Mozilla/5.0 AppleWebKit/537.36 (KHTML, like Gecko; compatible; bingbot/2.0; +http://www.bing.com/bingbot.htm) Chrome/116.0.1938.76 Safari/537.36" "-"
34.121.116.0 - - [09/Jan/2024:23:22:24 +0100] "GET / HTTP/1.1" 200 336 cronicadeasturias.com "-" "python-requests/2.31.0" "-"
157.55.39.0 - - [09/Jan/2024:23:26:14 +0100] "GET /wp-content/uploads/2023/05/carril-bici-zaragoza-cuarte-huerva-360x180.jpg HTTP/1.1" 200 15595 cronicareinodearagon.com "-" "Mozilla/5.0 AppleWebKit/537.36 (KHTML, like Gecko; compatible; bingbot/2.0; +http://www.bing.com/bingbot.htm) Chrome/116.0.1938.76 Safari/537.36" "-"
80.66.79.0 - - [09/Jan/2024:23:27:29 +0100] "GET / HTTP/1.1" 301 241 cronicareinodearagon.com "https://burmalda.pro/" "Mozilla/4.0 (compatible; MSIE 6.0; Windows 98; Win 9x 4.90; Creative)" "-"
80.66.79.0 - - [09/Jan/2024:23:27:30 +0100] "GET / HTTP/1.1" 301 241 cronicareinodearagon.com "https://burmalda.pro/" "Mozilla/4.0 (compatible; MSIE 6.0; Windows 98; Win 9x 4.90; Creative)" "-"
80.66.79.0 - - [09/Jan/2024:23:27:30 +0100] "GET / HTTP/1.1" 301 241 cronicareinodearagon.com "https://burmalda.pro/" "Mozilla/4.0 (compatible; MSIE 6.0; Windows 98; Win 9x 4.90; Creative)" "-"
74.125.209.0 - - [09/Jan/2024:23:41:04 +0100] "GET /category/sociedad/feed/ HTTP/1.1" 200 16233 cronicareinodearagon.com "-" "FeedFetcher-Google; (+http://www.google.com/feedfetcher.html)" "-"
74.125.212.0 - - [09/Jan/2024:23:42:38 +0100] "GET /category/economia/feed/ HTTP/1.1" 200 12913 cronicareinodearagon.com "-" "FeedFetcher-Google; (+http://www.google.com/feedfetcher.html)" "-"
82.165.88.0 - - [09/Jan/2024:23:42:40 +0100] "POST /wp-cron.php?doing_wp_cron=1704840159.9296200275421142578125 HTTP/1.1" 200 - cronicareinodearagon.com "-" "WordPress/6.2.2; https://cronicareinodearagon.com" "-"
64.124.8.0 - - [09/Jan/2024:23:45:47 +0100] "GET /wp-content/uploads/2023/05/expedientes-residentes.jpg HTTP/1.1" 200 44321 cronicareinodearagon.com "-" "Mozilla/5.0 (compatible; ImagesiftBot; +imagesift.com)" "-"
54.36.148.0 - - [09/Jan/2024:23:54:44 +0100] "GET /aragon/manifestaciones-8m-igualdad-mujeres/ HTTP/1.1" 200 167178 cronicareinodearagon.com "-" "Mozilla/5.0 (compatible; AhrefsBot/7.0; +http://ahrefs.com/robot/)" "-"
82.165.88.0 - - [09/Jan/2024:23:54:45 +0100] "POST /wp-cron.php?doing_wp_cron=1704840885.0947000980377197265625 HTTP/1.1" 200 - cronicareinodearagon.com "-" "WordPress/6.2.2; https://cronicareinodearagon.com" "-"
82.165.88.0 - - [09/Jan/2024:23:56:54 +0100] "POST /wp-cron.php?doing_wp_cron=1704841014.8437800407409667968750 HTTP/1.1" 200 - cronicareinodearagon.com "-" "WordPress/6.2.2; https://cronicareinodearagon.com" "-"
74.125.212.0 - - [09/Jan/2024:23:56:54 +0100] "GET /category/economia/feed/ HTTP/1.1" 200 12913 cronicareinodearagon.com "-" "FeedFetcher-Google; (+http://www.google.com/feedfetcher.html)" "-"