HEX
Server: Apache
System: Linux info 3.0 #1337 SMP Tue Jan 01 00:00:00 CEST 2000 all GNU/Linux
User: u108971390 (10552621)
PHP: 8.0.30
Disabled: NONE
Upload Files
File: /homepages/20/d917057205/htdocs/_ProviderRestore/logs/access.log.02.2
82.165.88.0 - - [09/Jan/2024:00:01:17 +0100] "POST /wp-cron.php?doing_wp_cron=1704754877.3208720684051513671875 HTTP/1.1" 200 - cronicareinodearagon.com "-" "WordPress/6.2.2; https://cronicareinodearagon.com" "-"
85.208.96.0 - - [09/Jan/2024:00:01:17 +0100] "GET /sociedad/fallecimiento-carlos-amigo-vallejo-sevilla/ HTTP/1.1" 200 170834 cronicareinodearagon.com "-" "Mozilla/5.0 (compatible; SemrushBot/7~bl; +http://www.semrush.com/bot.html)" "-"
82.165.88.0 - - [09/Jan/2024:00:03:24 +0100] "POST /wp-cron.php?doing_wp_cron=1704755004.6152100563049316406250 HTTP/1.1" 200 - cronicareinodearagon.com "-" "WordPress/6.2.2; https://cronicareinodearagon.com" "-"
185.191.171.0 - - [09/Jan/2024:00:03:24 +0100] "GET /sociedad/los-canticos-contra-el-zaragoza-y-aragon-se-repiten-en-el-partido-contra-real-sociedad/ HTTP/1.1" 200 161547 cronicareinodearagon.com "-" "Mozilla/5.0 (compatible; SemrushBot/7~bl; +http://www.semrush.com/bot.html)" "-"
185.191.171.0 - - [09/Jan/2024:00:03:49 +0100] "GET /economia/protesta-trabajadores-santa-barbara-sevilla/ HTTP/1.1" 200 178611 cronicareinodearagon.com "-" "Mozilla/5.0 (compatible; SemrushBot/7~bl; +http://www.semrush.com/bot.html)" "-"
82.165.88.0 - - [09/Jan/2024:00:03:50 +0100] "POST /wp-cron.php?doing_wp_cron=1704755030.0747730731964111328125 HTTP/1.1" 200 - cronicareinodearagon.com "-" "WordPress/6.2.2; https://cronicareinodearagon.com" "-"
66.249.84.0 - - [09/Jan/2024:00:06:44 +0100] "GET /category/educacion/feed/ HTTP/1.1" 200 56994 cronicareinodearagon.com "-" "FeedFetcher-Google; (+http://www.google.com/feedfetcher.html)" "-"
2001:4ba0:ca00:: - - [09/Jan/2024:00:09:34 +0100] "GET / HTTP/1.1" 200 336 cronicadecordoba.com "-" "Mozilla/5.0 (Windows NT 10.0; Win64; x64) AppleWebKit/537.36 (KHTML, like Gecko) Chrome/91.0.4472.114 Safari/537.36 Edg/91.0.864.54" "-"
85.208.96.0 - - [09/Jan/2024:00:23:18 +0100] "GET /robots.txt HTTP/1.1" 200 202 cronicareinodearagon.com "-" "Mozilla/5.0 (compatible; SemrushBot/7~bl; +http://www.semrush.com/bot.html)" "-"
82.165.88.0 - - [09/Jan/2024:00:23:20 +0100] "POST /wp-cron.php?doing_wp_cron=1704756200.2788059711456298828125 HTTP/1.1" 200 - cronicareinodearagon.com "-" "WordPress/6.2.2; https://cronicareinodearagon.com" "-"
85.208.96.0 - - [09/Jan/2024:00:23:21 +0100] "GET /aragon/datos-covid-andalucia-septima-ola/ HTTP/1.1" 200 171649 cronicareinodearagon.com "-" "Mozilla/5.0 (compatible; SemrushBot/7~bl; +http://www.semrush.com/bot.html)" "-"
82.165.88.0 - - [09/Jan/2024:00:26:45 +0100] "POST /wp-cron.php?doing_wp_cron=1704756405.3948059082031250000000 HTTP/1.1" 200 - cronicareinodearagon.com "-" "WordPress/6.2.2; https://cronicareinodearagon.com" "-"
31.177.95.0 - - [09/Jan/2024:00:26:45 +0100] "POST /xmlrpc.php HTTP/1.1" 200 416 cronicareinodearagon.com "-" "Mozilla/5.0 (Windows NT 6.1; WOW64; rv:41.0) Gecko/20100101 Firefox/41.0" "-"
20.81.134.0 - - [09/Jan/2024:00:26:56 +0100] "POST /xmlrpc.php HTTP/1.1" 200 416 cronicareinodearagon.com "-" "Mozilla/5.0 (X11; Linux x86_64) AppleWebKit/537.36 (KHTML, like Gecko) Chrome/91.0.4472.114 Safari/537.36" "-"
2604:a880:800:: - - [09/Jan/2024:00:27:03 +0100] "POST /xmlrpc.php HTTP/1.1" 200 416 cronicareinodearagon.com "-" "Mozilla/5.0 (Windows NT 10.0; Win64; x64; rv:59.0) Gecko/20100101 Firefox/59.0" "-"
161.97.150.0 - - [09/Jan/2024:00:27:06 +0100] "POST /xmlrpc.php HTTP/1.1" 200 416 cronicareinodearagon.com "-" "Mozilla/5.0 (Windows NT 6.1; Win64; x64; rv:61.0) Gecko/20100101 Firefox/61.0" "-"
31.24.128.0 - - [09/Jan/2024:00:27:10 +0100] "POST /xmlrpc.php HTTP/1.1" 200 416 cronicareinodearagon.com "-" "Mozilla/5.0 (X11; Ubuntu; Linux i686; rv:24.0) Gecko/20100101 Firefox/24.0" "-"
2604:a880:800:: - - [09/Jan/2024:00:27:11 +0100] "POST /xmlrpc.php HTTP/1.1" 200 416 cronicareinodearagon.com "-" "Mozilla/5.0 (Windows NT 6.1; WOW64; rv:43.0) Gecko/20100101 Firefox/43.0" "-"
193.168.3.0 - - [09/Jan/2024:00:27:21 +0100] "POST /xmlrpc.php HTTP/1.1" 200 416 cronicareinodearagon.com "-" "Mozilla/5.0 (Windows NT 10.0; Win64; x64) AppleWebKit/537.36 (KHTML, like Gecko) Chrome/74.0.3729.157 Safari/537.36" "-"
107.150.39.0 - - [09/Jan/2024:00:27:26 +0100] "POST /xmlrpc.php HTTP/1.1" 200 416 cronicareinodearagon.com "-" "Mozilla/5.0 (X11; Linux x86_64) AppleWebKit/537.36 (KHTML, like Gecko) Chrome/44.0.2403.157 Safari/537.36" "-"
2600:3c01:: - - [09/Jan/2024:00:27:30 +0100] "POST /xmlrpc.php HTTP/1.1" 200 416 cronicareinodearagon.com "-" "Mozilla/5.0 (Windows NT 10.0; Win64; x64) AppleWebKit/537.36 (KHTML, like Gecko) Chrome/81.0.4044.138 Safari/537.36" "-"
94.247.172.0 - - [09/Jan/2024:00:31:56 +0100] "GET / HTTP/1.1" 301 245 www.cronicareinodearagon.com "-" "Mozilla/5.0 (Macintosh; Intel Mac OS X 10_9_2)" "-"
94.247.172.0 - - [09/Jan/2024:00:31:56 +0100] "GET / HTTP/1.1" 301 - www.cronicareinodearagon.com "-" "Mozilla/5.0 (Macintosh; Intel Mac OS X 10_9_2)" "-"
82.165.88.0 - - [09/Jan/2024:00:31:57 +0100] "POST /wp-cron.php?doing_wp_cron=1704756717.2996969223022460937500 HTTP/1.1" 200 - cronicareinodearagon.com "-" "WordPress/6.2.2; https://cronicareinodearagon.com" "-"
94.247.172.0 - - [09/Jan/2024:00:31:57 +0100] "GET / HTTP/1.1" 200 41653 cronicareinodearagon.com "-" "Mozilla/5.0 (Macintosh; Intel Mac OS X 10_9_2)" "-"
82.165.88.0 - - [09/Jan/2024:00:33:48 +0100] "POST /wp-cron.php?doing_wp_cron=1704756828.7693889141082763671875 HTTP/1.1" 200 - cronicareinodearagon.com "-" "WordPress/6.2.2; https://cronicareinodearagon.com" "-"
85.208.96.0 - - [09/Jan/2024:00:33:48 +0100] "GET /aragon/espadas-moreno-unica-ccaa-sin-plan/ HTTP/1.1" 200 169015 cronicareinodearagon.com "-" "Mozilla/5.0 (compatible; SemrushBot/7~bl; +http://www.semrush.com/bot.html)" "-"
185.191.171.0 - - [09/Jan/2024:00:35:24 +0100] "GET /aragon/violencia-genero-machismo-andalucia-viogen-ayuntamientos/ HTTP/1.1" 200 166980 cronicareinodearagon.com "-" "Mozilla/5.0 (compatible; SemrushBot/7~bl; +http://www.semrush.com/bot.html)" "-"
82.165.88.0 - - [09/Jan/2024:00:35:25 +0100] "POST /wp-cron.php?doing_wp_cron=1704756925.2858340740203857421875 HTTP/1.1" 200 - cronicareinodearagon.com "-" "WordPress/6.2.2; https://cronicareinodearagon.com" "-"
40.77.167.0 - - [09/Jan/2024:00:38:07 +0100] "GET /wp-content/uploads/2021/11/Triptico-taller-educacion-sexual.jpg HTTP/1.1" 200 169531 cronicareinodearagon.com "-" "Mozilla/5.0 AppleWebKit/537.36 (KHTML, like Gecko; compatible; bingbot/2.0; +http://www.bing.com/bingbot.htm) Chrome/116.0.1938.76 Safari/537.36" "-"
82.165.88.0 - - [09/Jan/2024:00:39:26 +0100] "POST /wp-cron.php?doing_wp_cron=1704757166.5618040561676025390625 HTTP/1.1" 200 - cronicareinodearagon.com "-" "WordPress/6.2.2; https://cronicareinodearagon.com" "-"
85.208.96.0 - - [09/Jan/2024:00:39:26 +0100] "GET /aragon/manifestaciones-sistema-universitario-publico-andaluz/ HTTP/1.1" 200 167696 cronicareinodearagon.com "-" "Mozilla/5.0 (compatible; SemrushBot/7~bl; +http://www.semrush.com/bot.html)" "-"
82.165.88.0 - - [09/Jan/2024:00:49:33 +0100] "POST /wp-cron.php?doing_wp_cron=1704757773.6056029796600341796875 HTTP/1.1" 200 - cronicareinodearagon.com "-" "WordPress/6.2.2; https://cronicareinodearagon.com" "-"
185.191.171.0 - - [09/Jan/2024:00:49:33 +0100] "GET /category/sociedad/page/4/ HTTP/1.1" 200 146443 cronicareinodearagon.com "-" "Mozilla/5.0 (compatible; SemrushBot/7~bl; +http://www.semrush.com/bot.html)" "-"
66.249.84.0 - - [09/Jan/2024:00:54:46 +0100] "GET /category/politica/feed/ HTTP/1.1" 200 59109 cronicareinodearagon.com "-" "FeedFetcher-Google; (+http://www.google.com/feedfetcher.html)" "-"
66.249.84.0 - - [09/Jan/2024:00:55:59 +0100] "GET /category/sociedad/feed/ HTTP/1.1" 200 51420 cronicareinodearagon.com "-" "FeedFetcher-Google; (+http://www.google.com/feedfetcher.html)" "-"
85.208.96.0 - - [09/Jan/2024:00:58:31 +0100] "GET /politica/juanma-moreno-recibe-ministro-escriva-san-telmo/ HTTP/1.1" 200 161144 cronicareinodearagon.com "-" "Mozilla/5.0 (compatible; SemrushBot/7~bl; +http://www.semrush.com/bot.html)" "-"
82.165.88.0 - - [09/Jan/2024:00:58:32 +0100] "POST /wp-cron.php?doing_wp_cron=1704758312.0585439205169677734375 HTTP/1.1" 200 - cronicareinodearagon.com "-" "WordPress/6.2.2; https://cronicareinodearagon.com" "-"
82.165.88.0 - - [09/Jan/2024:01:02:14 +0100] "POST /wp-cron.php?doing_wp_cron=1704758534.7376639842987060546875 HTTP/1.1" 200 - cronicareinodearagon.com "-" "WordPress/6.2.2; https://cronicareinodearagon.com" "-"
85.208.96.0 - - [09/Jan/2024:01:02:14 +0100] "GET /opinion/remando-contra-marea/ HTTP/1.1" 200 171154 cronicareinodearagon.com "-" "Mozilla/5.0 (compatible; SemrushBot/7~bl; +http://www.semrush.com/bot.html)" "-"
207.46.13.0 - - [09/Jan/2024:01:07:23 +0100] "GET /?s=2023 HTTP/1.1" 200 155743 cronicareinodearagon.com "-" "Mozilla/5.0 AppleWebKit/537.36 (KHTML, like Gecko; compatible; bingbot/2.0; +http://www.bing.com/bingbot.htm) Chrome/116.0.1938.76 Safari/537.36" "-"
82.165.88.0 - - [09/Jan/2024:01:07:24 +0100] "POST /wp-cron.php?doing_wp_cron=1704758844.2253370285034179687500 HTTP/1.1" 200 - cronicareinodearagon.com "-" "WordPress/6.2.2; https://cronicareinodearagon.com" "-"
185.217.41.0 - - [09/Jan/2024:01:09:09 +0100] "POST /xmlrpc.php HTTP/1.1" 301 251 cronicareinodearagon.com "-" "Mozilla/5.0 (Windows NT 10.0; Win64; x64) AppleWebKit/537.36 (KHTML, like Gecko) Chrome/68.0.3440.106 Safari/537.36" "-"
82.165.88.0 - - [09/Jan/2024:01:09:10 +0100] "POST /wp-cron.php?doing_wp_cron=1704758950.4658799171447753906250 HTTP/1.1" 200 - cronicareinodearagon.com "-" "WordPress/6.2.2; https://cronicareinodearagon.com" "-"
185.217.41.0 - - [09/Jan/2024:01:09:10 +0100] "POST /xmlrpc.php HTTP/1.1" 200 416 cronicareinodearagon.com "-" "Mozilla/5.0 (Windows NT 10.0; Win64; x64) AppleWebKit/537.36 (KHTML, like Gecko) Chrome/68.0.3440.106 Safari/537.36" "-"
2a03:6f00:: - - [09/Jan/2024:01:09:12 +0100] "POST /xmlrpc.php HTTP/1.1" 301 251 cronicareinodearagon.com "-" "Mozilla/5.0 (Windows NT 6.1; WOW64) AppleWebKit/537.1 (KHTML, like Gecko) Chrome/21.0.1180.83 Safari/537.1" "-"
2a03:6f00:: - - [09/Jan/2024:01:09:13 +0100] "POST /xmlrpc.php HTTP/1.1" 200 416 cronicareinodearagon.com "-" "Mozilla/5.0 (Windows NT 6.1; WOW64) AppleWebKit/537.1 (KHTML, like Gecko) Chrome/21.0.1180.83 Safari/537.1" "-"
206.189.41.0 - - [09/Jan/2024:01:09:14 +0100] "POST /xmlrpc.php HTTP/1.1" 301 251 cronicareinodearagon.com "-" "Mozilla/5.0 (Windows NT 10.0; Win64; x64) AppleWebKit/537.36 (KHTML, like Gecko) Chrome/60.0.3112.113 Safari/537.36" "-"
206.189.41.0 - - [09/Jan/2024:01:09:16 +0100] "POST /xmlrpc.php HTTP/1.1" 200 416 cronicareinodearagon.com "-" "Mozilla/5.0 (Windows NT 10.0; Win64; x64) AppleWebKit/537.36 (KHTML, like Gecko) Chrome/60.0.3112.113 Safari/537.36" "-"
82.165.88.0 - - [09/Jan/2024:01:13:47 +0100] "POST /wp-cron.php?doing_wp_cron=1704759227.7096281051635742187500 HTTP/1.1" 200 - cronicareinodearagon.com "-" "WordPress/6.2.2; https://cronicareinodearagon.com" "-"
85.208.96.0 - - [09/Jan/2024:01:13:47 +0100] "GET /sociedad/regeneracion-playas-almeria-temporal/ HTTP/1.1" 200 169169 cronicareinodearagon.com "-" "Mozilla/5.0 (compatible; SemrushBot/7~bl; +http://www.semrush.com/bot.html)" "-"
66.249.84.0 - - [09/Jan/2024:01:16:26 +0100] "GET /category/politica/feed/ HTTP/1.1" 200 59109 cronicareinodearagon.com "-" "FeedFetcher-Google; (+http://www.google.com/feedfetcher.html)" "-"
82.165.88.0 - - [09/Jan/2024:01:21:32 +0100] "POST /wp-cron.php?doing_wp_cron=1704759692.3872408866882324218750 HTTP/1.1" 200 - cronicareinodearagon.com "-" "WordPress/6.2.2; https://cronicareinodearagon.com" "-"
185.191.171.0 - - [09/Jan/2024:01:21:32 +0100] "GET /politica/uso-partidista-bonilla-junta-andalucia/ HTTP/1.1" 200 168406 cronicareinodearagon.com "-" "Mozilla/5.0 (compatible; SemrushBot/7~bl; +http://www.semrush.com/bot.html)" "-"
82.165.88.0 - - [09/Jan/2024:01:23:34 +0100] "POST /wp-cron.php?doing_wp_cron=1704759814.7803509235382080078125 HTTP/1.1" 200 - cronicareinodearagon.com "-" "WordPress/6.2.2; https://cronicareinodearagon.com" "-"
185.191.171.0 - - [09/Jan/2024:01:23:34 +0100] "GET /robots.txt HTTP/1.1" 200 202 cronicareinodearagon.com "-" "Mozilla/5.0 (compatible; SemrushBot/7~bl; +http://www.semrush.com/bot.html)" "-"
85.208.96.0 - - [09/Jan/2024:01:23:36 +0100] "GET /aragon/juanma-moreno-andalucia-elecciones-pp-vox-psoe-podemos/ HTTP/1.1" 200 167822 cronicareinodearagon.com "-" "Mozilla/5.0 (compatible; SemrushBot/7~bl; +http://www.semrush.com/bot.html)" "-"
82.165.88.0 - - [09/Jan/2024:01:27:19 +0100] "POST /wp-cron.php?doing_wp_cron=1704760039.5537509918212890625000 HTTP/1.1" 200 - cronicareinodearagon.com "-" "WordPress/6.2.2; https://cronicareinodearagon.com" "-"
52.167.144.0 - - [09/Jan/2024:01:27:19 +0100] "GET /educacion/ayudas-inaem-programas-empleo-formacion/ HTTP/1.1" 200 165251 cronicareinodearagon.com "-" "Mozilla/5.0 AppleWebKit/537.36 (KHTML, like Gecko; compatible; bingbot/2.0; +http://www.bing.com/bingbot.htm) Chrome/116.0.1938.76 Safari/537.36" "-"
47.107.145.0 - - [09/Jan/2024:01:27:33 +0100] "POST /xmlrpc.php HTTP/1.1" 301 251 cronicareinodearagon.com "-" "Mozilla/5.0 (Windows NT 5.1; rv:33.0) Gecko/20100101 Firefox/33.0" "-"
47.107.145.0 - - [09/Jan/2024:01:27:34 +0100] "POST /xmlrpc.php HTTP/1.1" 200 416 cronicareinodearagon.com "-" "Mozilla/5.0 (Windows NT 5.1; rv:33.0) Gecko/20100101 Firefox/33.0" "-"
190.92.137.0 - - [09/Jan/2024:01:27:36 +0100] "POST /xmlrpc.php HTTP/1.1" 301 251 cronicareinodearagon.com "-" "Mozilla/5.0 (Windows NT 10.0; WOW64) AppleWebKit/537.36 (KHTML, like Gecko) Chrome/72.0.3626.121 Safari/537.36" "-"
190.92.137.0 - - [09/Jan/2024:01:27:37 +0100] "POST /xmlrpc.php HTTP/1.1" 200 416 cronicareinodearagon.com "-" "Mozilla/5.0 (Windows NT 10.0; WOW64) AppleWebKit/537.36 (KHTML, like Gecko) Chrome/72.0.3626.121 Safari/537.36" "-"
103.72.78.0 - - [09/Jan/2024:01:27:41 +0100] "POST /xmlrpc.php HTTP/1.1" 301 251 cronicareinodearagon.com "-" "Mozilla/5.0 (Windows NT 10.0; Win64; x64) AppleWebKit/537.36 (KHTML, like Gecko) Chrome/79.0.3945.88 Safari/537.36" "-"
82.165.88.0 - - [09/Jan/2024:01:27:42 +0100] "POST /wp-cron.php?doing_wp_cron=1704760062.7420411109924316406250 HTTP/1.1" 200 - cronicareinodearagon.com "-" "WordPress/6.2.2; https://cronicareinodearagon.com" "-"
103.72.78.0 - - [09/Jan/2024:01:27:42 +0100] "POST /xmlrpc.php HTTP/1.1" 200 416 cronicareinodearagon.com "-" "Mozilla/5.0 (Windows NT 10.0; Win64; x64) AppleWebKit/537.36 (KHTML, like Gecko) Chrome/79.0.3945.88 Safari/537.36" "-"
72.167.68.0 - - [09/Jan/2024:01:27:45 +0100] "POST /xmlrpc.php HTTP/1.1" 301 251 cronicareinodearagon.com "-" "Mozilla/5.0 (Windows NT 6.1; Win64; x64; rv:25.0) Gecko/20100101 Firefox/29.0" "-"
72.167.68.0 - - [09/Jan/2024:01:27:46 +0100] "POST /xmlrpc.php HTTP/1.1" 200 416 cronicareinodearagon.com "-" "Mozilla/5.0 (Windows NT 6.1; Win64; x64; rv:25.0) Gecko/20100101 Firefox/29.0" "-"
68.178.145.0 - - [09/Jan/2024:01:27:47 +0100] "POST /xmlrpc.php HTTP/1.1" 301 251 cronicareinodearagon.com "-" "Mozilla/5.0 (Macintosh; Intel Mac OS X 10_10; rv:33.0) Gecko/20100101 Firefox/33.0" "-"
68.178.145.0 - - [09/Jan/2024:01:27:48 +0100] "POST /xmlrpc.php HTTP/1.1" 200 416 cronicareinodearagon.com "-" "Mozilla/5.0 (Macintosh; Intel Mac OS X 10_10; rv:33.0) Gecko/20100101 Firefox/33.0" "-"
68.178.159.0 - - [09/Jan/2024:01:27:51 +0100] "POST /xmlrpc.php HTTP/1.1" 301 251 cronicareinodearagon.com "-" "Mozilla/5.0 (Windows NT 6.1; rv:52.0) Gecko/20100101 Firefox/52.0" "-"
68.178.159.0 - - [09/Jan/2024:01:27:52 +0100] "POST /xmlrpc.php HTTP/1.1" 200 416 cronicareinodearagon.com "-" "Mozilla/5.0 (Windows NT 6.1; rv:52.0) Gecko/20100101 Firefox/52.0" "-"
49.232.122.0 - - [09/Jan/2024:01:27:53 +0100] "POST /xmlrpc.php HTTP/1.1" 301 251 cronicareinodearagon.com "-" "Mozilla/5.0 (Windows NT 10.0; Win64; x64; rv:60.0) Gecko/20100101 Firefox/60.0" "-"
49.232.122.0 - - [09/Jan/2024:01:27:54 +0100] "POST /xmlrpc.php HTTP/1.1" 200 416 cronicareinodearagon.com "-" "Mozilla/5.0 (Windows NT 10.0; Win64; x64; rv:60.0) Gecko/20100101 Firefox/60.0" "-"
138.36.238.0 - - [09/Jan/2024:01:28:00 +0100] "POST /xmlrpc.php HTTP/1.1" 301 251 cronicareinodearagon.com "-" "Mozilla/5.0 (Windows NT 5.1; Win64; x64) AppleWebKit/537.36 (KHTML, like Gecko) Chrome/60.0.3112.90 Safari/537.36" "-"
138.36.238.0 - - [09/Jan/2024:01:28:02 +0100] "POST /xmlrpc.php HTTP/1.1" 200 416 cronicareinodearagon.com "-" "Mozilla/5.0 (Windows NT 5.1; Win64; x64) AppleWebKit/537.36 (KHTML, like Gecko) Chrome/60.0.3112.90 Safari/537.36" "-"
157.245.157.0 - - [09/Jan/2024:01:28:12 +0100] "GET /wp-includes/wlwmanifest.xml HTTP/1.1" 404 596 grupocronicaenlibertad.com "-" "python-requests/2.21.0" "-"
157.245.157.0 - - [09/Jan/2024:01:28:12 +0100] "GET /administrator/index.php HTTP/1.1" 404 596 grupocronicaenlibertad.com "-" "python-requests/2.21.0" "-"
157.245.157.0 - - [09/Jan/2024:01:28:13 +0100] "GET /view-source: HTTP/1.1" 404 596 grupocronicaenlibertad.com "-" "python-requests/2.21.0" "-"
157.245.157.0 - - [09/Jan/2024:01:28:13 +0100] "GET /misc/ajax.js HTTP/1.1" 404 596 grupocronicaenlibertad.com "-" "python-requests/2.21.0" "-"
85.208.96.0 - - [09/Jan/2024:01:28:13 +0100] "GET /aragon/sanchez-sevilla-campana-psoe-andalucia-gobierno-gente/ HTTP/1.1" 200 165064 cronicareinodearagon.com "-" "Mozilla/5.0 (compatible; SemrushBot/7~bl; +http://www.semrush.com/bot.html)" "-"
82.165.88.0 - - [09/Jan/2024:01:29:22 +0100] "POST /wp-cron.php?doing_wp_cron=1704760162.5353410243988037109375 HTTP/1.1" 200 - cronicareinodearagon.com "-" "WordPress/6.2.2; https://cronicareinodearagon.com" "-"
17.241.227.0 - - [09/Jan/2024:01:29:22 +0100] "GET /aragon/crisis-gasolina-huelga-transportistas-aceite-pesc/ HTTP/1.1" 200 177157 cronicareinodearagon.com "-" "Mozilla/5.0 (Macintosh; Intel Mac OS X 10_15_5) AppleWebKit/605.1.15 (KHTML, like Gecko) Version/13.1.1 Safari/605.1.15 (Applebot/0.1; +http://www.apple.com/go/applebot)" "-"
82.165.88.0 - - [09/Jan/2024:01:37:43 +0100] "POST /wp-cron.php?doing_wp_cron=1704760663.6844549179077148437500 HTTP/1.1" 200 - cronicareinodearagon.com "-" "WordPress/6.2.2; https://cronicareinodearagon.com" "-"
185.191.171.0 - - [09/Jan/2024:01:37:43 +0100] "GET /aragon/presupuestos-andalucia-no-saldran-adelante-elecciones-primavera/ HTTP/1.1" 200 169399 cronicareinodearagon.com "-" "Mozilla/5.0 (compatible; SemrushBot/7~bl; +http://www.semrush.com/bot.html)" "-"
66.249.84.0 - - [09/Jan/2024:01:40:44 +0100] "GET /category/sociedad/feed/ HTTP/1.1" 200 51420 cronicareinodearagon.com "-" "FeedFetcher-Google; (+http://www.google.com/feedfetcher.html)" "-"
185.191.171.0 - - [09/Jan/2024:01:42:09 +0100] "GET /sociedad/clausura-festival-cine-almeria-libertad/ HTTP/1.1" 200 170968 cronicareinodearagon.com "-" "Mozilla/5.0 (compatible; SemrushBot/7~bl; +http://www.semrush.com/bot.html)" "-"
82.165.88.0 - - [09/Jan/2024:01:42:10 +0100] "POST /wp-cron.php?doing_wp_cron=1704760930.1226799488067626953125 HTTP/1.1" 200 - cronicareinodearagon.com "-" "WordPress/6.2.2; https://cronicareinodearagon.com" "-"
185.191.171.0 - - [09/Jan/2024:01:43:08 +0100] "GET /aragon/policia-nacional-detiene-profesor-secundaria-pederasta/ HTTP/1.1" 200 160788 cronicareinodearagon.com "-" "Mozilla/5.0 (compatible; SemrushBot/7~bl; +http://www.semrush.com/bot.html)" "-"
82.165.88.0 - - [09/Jan/2024:01:43:09 +0100] "POST /wp-cron.php?doing_wp_cron=1704760989.1805050373077392578125 HTTP/1.1" 200 - cronicareinodearagon.com "-" "WordPress/6.2.2; https://cronicareinodearagon.com" "-"
85.208.96.0 - - [09/Jan/2024:01:44:40 +0100] "GET /sociedad/afectados-115-clientes-hotel-mojacar-diarreas/ HTTP/1.1" 200 159484 cronicareinodearagon.com "-" "Mozilla/5.0 (compatible; SemrushBot/7~bl; +http://www.semrush.com/bot.html)" "-"
82.165.88.0 - - [09/Jan/2024:01:44:41 +0100] "POST /wp-cron.php?doing_wp_cron=1704761081.2817180156707763671875 HTTP/1.1" 200 - cronicareinodearagon.com "-" "WordPress/6.2.2; https://cronicareinodearagon.com" "-"
157.230.182.0 - - [09/Jan/2024:01:49:32 +0100] "GET / HTTP/1.1" 200 336 cronicadesevilla.com "-" "Mozilla/5.0 (X11; Linux x86_64) AppleWebKit/537.36 (KHTML, like Gecko) Chrome/108.0.0.0 Safari/537.36" "-"
157.230.182.0 - - [09/Jan/2024:01:49:32 +0100] "GET / HTTP/1.1" 200 336 cronicadesevilla.com "-" "Mozilla/5.0 (X11; Linux x86_64) AppleWebKit/537.36 (KHTML, like Gecko) Chrome/108.0.0.0 Safari/537.36" "-"
82.165.88.0 - - [09/Jan/2024:01:56:08 +0100] "POST /wp-cron.php?doing_wp_cron=1704761768.6456921100616455078125 HTTP/1.1" 200 - cronicareinodearagon.com "-" "WordPress/6.2.2; https://cronicareinodearagon.com" "-"
185.191.171.0 - - [09/Jan/2024:01:56:08 +0100] "GET /category/aragon/page/12/ HTTP/1.1" 200 146906 cronicareinodearagon.com "-" "Mozilla/5.0 (compatible; SemrushBot/7~bl; +http://www.semrush.com/bot.html)" "-"
185.191.171.0 - - [09/Jan/2024:01:56:30 +0100] "GET /aragon/juanma-moreno-vox-presupuestos-andalucia/ HTTP/1.1" 200 165400 cronicareinodearagon.com "-" "Mozilla/5.0 (compatible; SemrushBot/7~bl; +http://www.semrush.com/bot.html)" "-"
51.158.119.0 - - [09/Jan/2024:02:07:29 +0100] "GET / HTTP/1.1" 200 41652 cronicareinodearagon.com "-" "Mozilla/5.0 (Windows NT 10.0; Win64; x64; rv:109.0) Gecko/20100101 Firefox/118.0" "-"
82.165.88.0 - - [09/Jan/2024:02:07:30 +0100] "POST /wp-cron.php?doing_wp_cron=1704762450.3547620773315429687500 HTTP/1.1" 200 - cronicareinodearagon.com "-" "WordPress/6.2.2; https://cronicareinodearagon.com" "-"
74.125.212.0 - - [09/Jan/2024:02:08:24 +0100] "GET /category/economia/feed/ HTTP/1.1" 200 42774 cronicareinodearagon.com "-" "FeedFetcher-Google; (+http://www.google.com/feedfetcher.html)" "-"
82.165.88.0 - - [09/Jan/2024:02:08:48 +0100] "POST /wp-cron.php?doing_wp_cron=1704762528.5438098907470703125000 HTTP/1.1" 200 - cronicareinodearagon.com "-" "WordPress/6.2.2; https://cronicareinodearagon.com" "-"
167.172.115.0 - - [09/Jan/2024:02:08:48 +0100] "POST /xmlrpc.php HTTP/1.1" 200 416 cronicareinodearagon.com "-" "Mozilla/5.0 (Windows NT 5.1; Win64; x64) AppleWebKit/537.36 (KHTML, like Gecko) Chrome/60.0.3112.90 Safari/537.36" "-"
109.123.243.0 - - [09/Jan/2024:02:08:55 +0100] "POST /xmlrpc.php HTTP/1.1" 200 416 cronicareinodearagon.com "-" "Mozilla/5.0 (iPod; CPU iPhone OS 14_6 like Mac OS X) AppleWebKit/605.1.15 (KHTML, like Gecko) CriOS/91.0.4472.80 Mobile/15E148 Safari/604.1" "-"
2a03:b0c0:: - - [09/Jan/2024:02:09:03 +0100] "POST /xmlrpc.php HTTP/1.1" 200 416 cronicareinodearagon.com "-" "Mozilla/5.0 (Windows NT 6.1; Win64; x64) AppleWebKit/537.36 (KHTML, like Gecko) Chrome/79.0.3945.88 Safari/537.36" "-"
89.161.168.0 - - [09/Jan/2024:02:09:09 +0100] "POST /xmlrpc.php HTTP/1.1" 200 416 cronicareinodearagon.com "-" "Mozilla/5.0 (Windows NT 5.1; rv:30.0) Gecko/20100101 Firefox/30.0" "-"
2001:41d0:: - - [09/Jan/2024:02:09:12 +0100] "POST /xmlrpc.php HTTP/1.1" 200 416 cronicareinodearagon.com "-" "Mozilla/5.0 (Windows NT 10.0; Win64; x64) AppleWebKit/537.36 (KHTML, like Gecko) Chrome/57.0.2987.133 Safari/537.36" "-"
66.249.84.0 - - [09/Jan/2024:02:15:16 +0100] "GET /category/sociedad/feed/ HTTP/1.1" 200 51420 cronicareinodearagon.com "-" "FeedFetcher-Google; (+http://www.google.com/feedfetcher.html)" "-"
85.208.96.0 - - [09/Jan/2024:02:16:08 +0100] "GET /aragon/forestalia-invertira-640-millones-en-renovables-hasta-llegar-a-los-800-mw/ HTTP/1.1" 200 160692 cronicareinodearagon.com "-" "Mozilla/5.0 (compatible; SemrushBot/7~bl; +http://www.semrush.com/bot.html)" "-"
82.165.88.0 - - [09/Jan/2024:02:16:09 +0100] "POST /wp-cron.php?doing_wp_cron=1704762969.0320279598236083984375 HTTP/1.1" 200 - cronicareinodearagon.com "-" "WordPress/6.2.2; https://cronicareinodearagon.com" "-"
185.191.171.0 - - [09/Jan/2024:02:16:11 +0100] "GET /sociedad/barrios-hartos-movilizacion-sevilla/ HTTP/1.1" 200 158985 cronicareinodearagon.com "-" "Mozilla/5.0 (compatible; SemrushBot/7~bl; +http://www.semrush.com/bot.html)" "-"
77.68.64.0 - - [09/Jan/2024:02:20:29 +0100] "POST /xmlrpc.php HTTP/1.1" 301 251 cronicareinodearagon.com "-" "Mozilla/5.0 (Windows NT 5.1; rv:30.0) Gecko/20100101 Firefox/30.0" "-"
82.165.88.0 - - [09/Jan/2024:02:20:30 +0100] "POST /wp-cron.php?doing_wp_cron=1704763230.3699569702148437500000 HTTP/1.1" 200 - cronicareinodearagon.com "-" "WordPress/6.2.2; https://cronicareinodearagon.com" "-"
77.68.64.0 - - [09/Jan/2024:02:20:30 +0100] "POST /xmlrpc.php HTTP/1.1" 200 416 cronicareinodearagon.com "-" "Mozilla/5.0 (Windows NT 5.1; rv:30.0) Gecko/20100101 Firefox/30.0" "-"
50.62.137.0 - - [09/Jan/2024:02:20:32 +0100] "POST /xmlrpc.php HTTP/1.1" 301 251 cronicareinodearagon.com "-" "Mozilla/5.0 (Windows NT 10.0; Win64; x64) AppleWebKit/537.36 (KHTML, like Gecko) Chrome/79.0.3945.130 Safari/537.36" "-"
50.62.137.0 - - [09/Jan/2024:02:20:33 +0100] "POST /xmlrpc.php HTTP/1.1" 200 416 cronicareinodearagon.com "-" "Mozilla/5.0 (Windows NT 10.0; Win64; x64) AppleWebKit/537.36 (KHTML, like Gecko) Chrome/79.0.3945.130 Safari/537.36" "-"
166.62.38.0 - - [09/Jan/2024:02:20:41 +0100] "POST /xmlrpc.php HTTP/1.1" 301 251 cronicareinodearagon.com "-" "Mozilla/5.0 (Windows NT 10.0; Win64; x64) AppleWebKit/537.36 (KHTML, like Gecko) Chrome/57.0.2987.133 Safari/537.36" "-"
82.165.88.0 - - [09/Jan/2024:02:20:42 +0100] "POST /wp-cron.php?doing_wp_cron=1704763242.6218099594116210937500 HTTP/1.1" 200 - cronicareinodearagon.com "-" "WordPress/6.2.2; https://cronicareinodearagon.com" "-"
166.62.38.0 - - [09/Jan/2024:02:20:42 +0100] "POST /xmlrpc.php HTTP/1.1" 200 416 cronicareinodearagon.com "-" "Mozilla/5.0 (Windows NT 10.0; Win64; x64) AppleWebKit/537.36 (KHTML, like Gecko) Chrome/57.0.2987.133 Safari/537.36" "-"
144.34.170.0 - - [09/Jan/2024:02:20:47 +0100] "POST /xmlrpc.php HTTP/1.1" 301 251 cronicareinodearagon.com "-" "Mozilla/5.0 (Windows NT 6.1; WOW64; rv:54.0) Gecko/20100101 Firefox/54.0" "-"
144.34.170.0 - - [09/Jan/2024:02:20:47 +0100] "POST /xmlrpc.php HTTP/1.1" 200 416 cronicareinodearagon.com "-" "Mozilla/5.0 (Windows NT 6.1; WOW64; rv:54.0) Gecko/20100101 Firefox/54.0" "-"
139.59.78.0 - - [09/Jan/2024:02:20:50 +0100] "POST /xmlrpc.php HTTP/1.1" 301 251 cronicareinodearagon.com "-" "Mozilla/5.0 (Windows NT 10.0; Win64; x64) AppleWebKit/537.36 (KHTML, like Gecko) Chrome/65.0.3325.181 Safari/537.36" "-"
139.59.78.0 - - [09/Jan/2024:02:20:51 +0100] "POST /xmlrpc.php HTTP/1.1" 200 416 cronicareinodearagon.com "-" "Mozilla/5.0 (Windows NT 10.0; Win64; x64) AppleWebKit/537.36 (KHTML, like Gecko) Chrome/65.0.3325.181 Safari/537.36" "-"
2001:41d0:800:: - - [09/Jan/2024:02:20:54 +0100] "POST /xmlrpc.php HTTP/1.1" 403 775 cronicareinodearagon.com "-" "Mozilla/5.0 (Windows NT 10.0; Win64; x64) AppleWebKit/537.36 (KHTML, like Gecko) Chrome/87.0.4280.88 Safari/537.36" "-"
198.44.173.0 - - [09/Jan/2024:02:20:57 +0100] "POST /xmlrpc.php HTTP/1.1" 301 251 cronicareinodearagon.com "-" "Mozilla/5.0 (Windows NT 6.3; Win64; x64) AppleWebKit/537.36 (KHTML, like Gecko) Chrome/60.0.3112.113 Safari/537.36" "-"
198.44.173.0 - - [09/Jan/2024:02:20:58 +0100] "POST /xmlrpc.php HTTP/1.1" 200 416 cronicareinodearagon.com "-" "Mozilla/5.0 (Windows NT 6.3; Win64; x64) AppleWebKit/537.36 (KHTML, like Gecko) Chrome/60.0.3112.113 Safari/537.36" "-"
68.178.159.0 - - [09/Jan/2024:02:21:05 +0100] "POST /xmlrpc.php HTTP/1.1" 301 251 cronicareinodearagon.com "-" "Mozilla/5.0 (Linux; Android 10; SM-N960U) AppleWebKit/537.36 (KHTML, like Gecko) Chrome/91.0.4472.114 Mobile Safari/537.36" "-"
68.178.159.0 - - [09/Jan/2024:02:21:06 +0100] "POST /xmlrpc.php HTTP/1.1" 200 416 cronicareinodearagon.com "-" "Mozilla/5.0 (Linux; Android 10; SM-N960U) AppleWebKit/537.36 (KHTML, like Gecko) Chrome/91.0.4472.114 Mobile Safari/537.36" "-"
45.126.209.0 - - [09/Jan/2024:02:21:09 +0100] "POST /xmlrpc.php HTTP/1.1" 301 251 cronicareinodearagon.com "-" "Mozilla/5.0 (Windows NT 10.0; Win64; x64; rv:78.0) Gecko/20100101 Firefox/78.0" "-"
45.126.209.0 - - [09/Jan/2024:02:21:09 +0100] "POST /xmlrpc.php HTTP/1.1" 200 416 cronicareinodearagon.com "-" "Mozilla/5.0 (Windows NT 10.0; Win64; x64; rv:78.0) Gecko/20100101 Firefox/78.0" "-"
47.106.153.0 - - [09/Jan/2024:02:21:17 +0100] "POST /xmlrpc.php HTTP/1.1" 301 251 cronicareinodearagon.com "-" "Mozilla/5.0 (Windows NT 10.0; Win64; x64) AppleWebKit/537.36 (KHTML, like Gecko) Chrome/70.0.3538.102 Safari/537.36" "-"
47.106.153.0 - - [09/Jan/2024:02:21:18 +0100] "POST /xmlrpc.php HTTP/1.1" 200 416 cronicareinodearagon.com "-" "Mozilla/5.0 (Windows NT 10.0; Win64; x64) AppleWebKit/537.36 (KHTML, like Gecko) Chrome/70.0.3538.102 Safari/537.36" "-"
82.165.88.0 - - [09/Jan/2024:02:22:09 +0100] "POST /wp-cron.php?doing_wp_cron=1704763329.9346430301666259765625 HTTP/1.1" 200 - cronicareinodearagon.com "-" "WordPress/6.2.2; https://cronicareinodearagon.com" "-"
85.208.96.0 - - [09/Jan/2024:02:22:09 +0100] "GET /category/politica/page/17/ HTTP/1.1" 200 147489 cronicareinodearagon.com "-" "Mozilla/5.0 (compatible; SemrushBot/7~bl; +http://www.semrush.com/bot.html)" "-"
82.165.88.0 - - [09/Jan/2024:02:23:50 +0100] "POST /wp-cron.php?doing_wp_cron=1704763430.5516610145568847656250 HTTP/1.1" 200 - cronicareinodearagon.com "-" "WordPress/6.2.2; https://cronicareinodearagon.com" "-"
185.191.171.0 - - [09/Jan/2024:02:23:50 +0100] "GET /robots.txt HTTP/1.1" 200 202 cronicareinodearagon.com "-" "Mozilla/5.0 (compatible; SemrushBot/7~bl; +http://www.semrush.com/bot.html)" "-"
85.208.96.0 - - [09/Jan/2024:02:23:51 +0100] "GET /aragon/asaja-coag-cooperativas-agrolimentarias-manifestacion-sevilla/ HTTP/1.1" 200 169359 cronicareinodearagon.com "-" "Mozilla/5.0 (compatible; SemrushBot/7~bl; +http://www.semrush.com/bot.html)" "-"
51.158.97.0 - - [09/Jan/2024:02:32:07 +0100] "GET / HTTP/1.1" 200 41650 cronicareinodearagon.com "-" "Mozilla/5.0 (Windows NT 10.0; Win64; x64) AppleWebKit/537.36 (KHTML, like Gecko) Chrome/114.0.0.0 Safari/537.36" "-"
82.165.88.0 - - [09/Jan/2024:02:32:08 +0100] "POST /wp-cron.php?doing_wp_cron=1704763928.0983159542083740234375 HTTP/1.1" 200 - cronicareinodearagon.com "-" "WordPress/6.2.2; https://cronicareinodearagon.com" "-"
51.158.97.0 - - [09/Jan/2024:02:32:09 +0100] "GET /wp-includes/js/jquery/jquery-migrate.min.js?ver=3.4.0 HTTP/1.1" 200 5257 cronicareinodearagon.com "https://cronicareinodearagon.com/" "Mozilla/5.0 (Windows NT 10.0; Win64; x64) AppleWebKit/537.36 (KHTML, like Gecko) Chrome/114.0.0.0 Safari/537.36" "-"
51.158.97.0 - - [09/Jan/2024:02:32:09 +0100] "GET /wp-includes/js/jquery/jquery.min.js?ver=3.6.4 HTTP/1.1" 200 36269 cronicareinodearagon.com "https://cronicareinodearagon.com/" "Mozilla/5.0 (Windows NT 10.0; Win64; x64) AppleWebKit/537.36 (KHTML, like Gecko) Chrome/114.0.0.0 Safari/537.36" "-"
51.158.97.0 - - [09/Jan/2024:02:32:09 +0100] "GET /wp-content/plugins/metronet-profile-picture/js/mpp-frontend.js?ver=2.6.0 HTTP/1.1" 200 201 cronicareinodearagon.com "https://cronicareinodearagon.com/" "Mozilla/5.0 (Windows NT 10.0; Win64; x64) AppleWebKit/537.36 (KHTML, like Gecko) Chrome/114.0.0.0 Safari/537.36" "-"
51.158.97.0 - - [09/Jan/2024:02:32:09 +0100] "GET /wp-includes/js/comment-reply.min.js?ver=6.2.2 HTTP/1.1" 200 1399 cronicareinodearagon.com "https://cronicareinodearagon.com/" "Mozilla/5.0 (Windows NT 10.0; Win64; x64) AppleWebKit/537.36 (KHTML, like Gecko) Chrome/114.0.0.0 Safari/537.36" "-"
51.158.97.0 - - [09/Jan/2024:02:32:09 +0100] "GET /wp-includes/js/hoverIntent.min.js?ver=1.10.2 HTTP/1.1" 200 721 cronicareinodearagon.com "https://cronicareinodearagon.com/" "Mozilla/5.0 (Windows NT 10.0; Win64; x64) AppleWebKit/537.36 (KHTML, like Gecko) Chrome/114.0.0.0 Safari/537.36" "-"
51.158.97.0 - - [09/Jan/2024:02:32:09 +0100] "GET /wp-includes/js/imagesloaded.min.js?ver=4.1.4 HTTP/1.1" 200 2010 cronicareinodearagon.com "https://cronicareinodearagon.com/" "Mozilla/5.0 (Windows NT 10.0; Win64; x64) AppleWebKit/537.36 (KHTML, like Gecko) Chrome/114.0.0.0 Safari/537.36" "-"
51.158.97.0 - - [09/Jan/2024:02:32:09 +0100] "GET /wp-content/themes/jnews/assets/dist/frontend.min.js?ver=10.7.9 HTTP/1.1" 200 103509 cronicareinodearagon.com "https://cronicareinodearagon.com/" "Mozilla/5.0 (Windows NT 10.0; Win64; x64) AppleWebKit/537.36 (KHTML, like Gecko) Chrome/114.0.0.0 Safari/537.36" "-"
51.158.97.0 - - [09/Jan/2024:02:32:09 +0100] "GET /wp-content/plugins/elementor/assets/js/webpack.runtime.min.js?ver=3.15.2 HTTP/1.1" 200 2279 cronicareinodearagon.com "https://cronicareinodearagon.com/" "Mozilla/5.0 (Windows NT 10.0; Win64; x64) AppleWebKit/537.36 (KHTML, like Gecko) Chrome/114.0.0.0 Safari/537.36" "-"
51.158.97.0 - - [09/Jan/2024:02:32:09 +0100] "GET /wp-content/plugins/elementor/assets/lib/waypoints/waypoints.min.js?ver=4.0.2 HTTP/1.1" 200 3501 cronicareinodearagon.com "https://cronicareinodearagon.com/" "Mozilla/5.0 (Windows NT 10.0; Win64; x64) AppleWebKit/537.36 (KHTML, like Gecko) Chrome/114.0.0.0 Safari/537.36" "-"
51.158.97.0 - - [09/Jan/2024:02:32:09 +0100] "GET /wp-includes/js/jquery/ui/core.min.js?ver=1.13.2 HTTP/1.1" 200 7937 cronicareinodearagon.com "https://cronicareinodearagon.com/" "Mozilla/5.0 (Windows NT 10.0; Win64; x64) AppleWebKit/537.36 (KHTML, like Gecko) Chrome/114.0.0.0 Safari/537.36" "-"
51.158.97.0 - - [09/Jan/2024:02:32:09 +0100] "GET /wp-content/plugins/elementor/assets/js/frontend-modules.min.js?ver=3.15.2 HTTP/1.1" 200 19256 cronicareinodearagon.com "https://cronicareinodearagon.com/" "Mozilla/5.0 (Windows NT 10.0; Win64; x64) AppleWebKit/537.36 (KHTML, like Gecko) Chrome/114.0.0.0 Safari/537.36" "-"
51.158.97.0 - - [09/Jan/2024:02:32:09 +0100] "GET /wp-content/plugins/elementor/assets/js/frontend.min.js?ver=3.15.2 HTTP/1.1" 200 14219 cronicareinodearagon.com "https://cronicareinodearagon.com/" "Mozilla/5.0 (Windows NT 10.0; Win64; x64) AppleWebKit/537.36 (KHTML, like Gecko) Chrome/114.0.0.0 Safari/537.36" "-"
51.158.97.0 - - [09/Jan/2024:02:32:09 +0100] "GET /wp-content/plugins/complianz-gdpr/cookiebanner/js/complianz.min.js?ver=6.4.4 HTTP/1.1" 200 12688 cronicareinodearagon.com "https://cronicareinodearagon.com/" "Mozilla/5.0 (Windows NT 10.0; Win64; x64) AppleWebKit/537.36 (KHTML, like Gecko) Chrome/114.0.0.0 Safari/537.36" "-"
51.158.97.0 - - [09/Jan/2024:02:32:10 +0100] "GET /wp-content/plugins/elementor/assets/js/text-editor.2c35aafbe5bf0e127950.bundle.min.js HTTP/1.1" 200 688 cronicareinodearagon.com "https://cronicareinodearagon.com/" "Mozilla/5.0 (Windows NT 10.0; Win64; x64) AppleWebKit/537.36 (KHTML, like Gecko) Chrome/114.0.0.0 Safari/537.36" "-"
185.191.171.0 - - [09/Jan/2024:02:32:36 +0100] "GET /category/aragon/zaragoza/ HTTP/1.1" 200 148284 cronicareinodearagon.com "-" "Mozilla/5.0 (compatible; SemrushBot/7~bl; +http://www.semrush.com/bot.html)" "-"
66.249.84.0 - - [09/Jan/2024:02:35:00 +0100] "GET /category/sociedad/feed/ HTTP/1.1" 200 51420 cronicareinodearagon.com "-" "FeedFetcher-Google; (+http://www.google.com/feedfetcher.html)" "-"
82.165.88.0 - - [09/Jan/2024:02:42:58 +0100] "POST /wp-cron.php?doing_wp_cron=1704764578.3341228961944580078125 HTTP/1.1" 200 - cronicareinodearagon.com "-" "WordPress/6.2.2; https://cronicareinodearagon.com" "-"
85.208.96.0 - - [09/Jan/2024:02:42:58 +0100] "GET /opinion/fenomeno-ocupacion-ilegal/ HTTP/1.1" 200 170853 cronicareinodearagon.com "-" "Mozilla/5.0 (compatible; SemrushBot/7~bl; +http://www.semrush.com/bot.html)" "-"
85.208.96.0 - - [09/Jan/2024:02:44:00 +0100] "GET /category/educacion/page/7/ HTTP/1.1" 200 148735 cronicareinodearagon.com "-" "Mozilla/5.0 (compatible; SemrushBot/7~bl; +http://www.semrush.com/bot.html)" "-"
82.165.88.0 - - [09/Jan/2024:02:44:01 +0100] "POST /wp-cron.php?doing_wp_cron=1704764641.2649369239807128906250 HTTP/1.1" 200 - cronicareinodearagon.com "-" "WordPress/6.2.2; https://cronicareinodearagon.com" "-"
82.165.88.0 - - [09/Jan/2024:02:46:55 +0100] "POST /wp-cron.php?doing_wp_cron=1704764815.4937770366668701171875 HTTP/1.1" 200 - cronicareinodearagon.com "-" "WordPress/6.2.2; https://cronicareinodearagon.com" "-"
207.46.13.0 - - [09/Jan/2024:02:46:55 +0100] "GET /category/educacion/ HTTP/1.1" 200 29293 cronicareinodearagon.com "-" "Mozilla/5.0 AppleWebKit/537.36 (KHTML, like Gecko; compatible; bingbot/2.0; +http://www.bing.com/bingbot.htm) Chrome/116.0.1938.76 Safari/537.36" "-"
85.208.96.0 - - [09/Jan/2024:02:47:14 +0100] "GET /economia/margarita-robles-base-militar/ HTTP/1.1" 200 160168 cronicareinodearagon.com "-" "Mozilla/5.0 (compatible; SemrushBot/7~bl; +http://www.semrush.com/bot.html)" "-"
66.249.84.0 - - [09/Jan/2024:02:49:41 +0100] "GET /category/sociedad/feed/ HTTP/1.1" 200 51420 cronicareinodearagon.com "-" "FeedFetcher-Google; (+http://www.google.com/feedfetcher.html)" "-"
40.77.167.0 - - [09/Jan/2024:02:51:14 +0100] "GET /wp-content/uploads/2023/05/aragon-gravamen-eolicas-fotovoltaicas-750x375.jpg HTTP/1.1" 200 42268 cronicareinodearagon.com "-" "Mozilla/5.0 AppleWebKit/537.36 (KHTML, like Gecko; compatible; bingbot/2.0; +http://www.bing.com/bingbot.htm) Chrome/116.0.1938.76 Safari/537.36" "-"
74.125.216.0 - - [09/Jan/2024:02:53:25 +0100] "GET /category/educacion/feed/ HTTP/1.1" 200 56994 cronicareinodearagon.com "-" "FeedFetcher-Google; (+http://www.google.com/feedfetcher.html)" "-"
185.220.101.0 - - [09/Jan/2024:03:09:07 +0100] "GET / HTTP/1.1" 200 336 cronicadecordoba.com "http://cronicadecordoba.com" "Mozilla/5.0 (Windows NT 6.1) AppleWebKit/537.36 (KHTML, like Gecko) Chrome/65.0.3325.181 Safari/537.36" "-"
165.22.219.0 - - [09/Jan/2024:03:12:45 +0100] "GET / HTTP/1.1" 200 336 grupocronicaenlibertad.com "-" "Mozilla/5.0 (X11; Linux x86_64) AppleWebKit/537.36 (KHTML, like Gecko) Chrome/108.0.0.0 Safari/537.36" "-"
142.171.123.0 - - [09/Jan/2024:03:16:54 +0100] "POST /xmlrpc.php HTTP/1.1" 200 416 cronicareinodearagon.com "-" "Mozilla/5.0 (Windows NT 5.1; rv:52.0) Gecko/20100101 Firefox/52.0" "-"
82.165.88.0 - - [09/Jan/2024:03:16:56 +0100] "POST /wp-cron.php?doing_wp_cron=1704766616.1870529651641845703125 HTTP/1.1" 200 - cronicareinodearagon.com "-" "WordPress/6.2.2; https://cronicareinodearagon.com" "-"
2a02:c206:2100:: - - [09/Jan/2024:03:16:59 +0100] "POST /xmlrpc.php HTTP/1.1" 200 416 cronicareinodearagon.com "-" "Mozilla/5.0 (Windows NT 6.0; rv:34.0) Gecko/20100101 Firefox/34.0" "-"
31.177.95.0 - - [09/Jan/2024:03:17:12 +0100] "POST /xmlrpc.php HTTP/1.1" 200 416 cronicareinodearagon.com "-" "Mozilla/5.0 (Windows NT 10.0; Win64; x64) AppleWebKit/537.36 (KHTML, like Gecko) Chrome/85.0.4183.121 Safari/537.36" "-"
2a01:4ff:: - - [09/Jan/2024:03:17:23 +0100] "POST /xmlrpc.php HTTP/1.1" 200 416 cronicareinodearagon.com "-" "Mozilla/5.0 (Windows NT 5.1; rv:52.0) Gecko/20100101 Firefox/52.0" "-"
82.165.88.0 - - [09/Jan/2024:03:18:39 +0100] "POST /wp-cron.php?doing_wp_cron=1704766719.4124441146850585937500 HTTP/1.1" 200 - cronicareinodearagon.com "-" "WordPress/6.2.2; https://cronicareinodearagon.com" "-"
185.191.171.0 - - [09/Jan/2024:03:18:39 +0100] "GET /category/sociedad/page/11/ HTTP/1.1" 200 29313 cronicareinodearagon.com "-" "Mozilla/5.0 (compatible; SemrushBot/7~bl; +http://www.semrush.com/bot.html)" "-"
82.165.88.0 - - [09/Jan/2024:03:22:38 +0100] "POST /wp-cron.php?doing_wp_cron=1704766958.9121549129486083984375 HTTP/1.1" 200 - cronicareinodearagon.com "-" "WordPress/6.2.2; https://cronicareinodearagon.com" "-"
185.191.171.0 - - [09/Jan/2024:03:22:38 +0100] "GET /aragon/segundo-startup-andalucia-roadshow-septiembre/ HTTP/1.1" 200 35987 cronicareinodearagon.com "-" "Mozilla/5.0 (compatible; SemrushBot/7~bl; +http://www.semrush.com/bot.html)" "-"
66.249.84.0 - - [09/Jan/2024:03:25:05 +0100] "GET /category/educacion/feed/ HTTP/1.1" 200 56994 cronicareinodearagon.com "-" "FeedFetcher-Google; (+http://www.google.com/feedfetcher.html)" "-"
82.165.88.0 - - [09/Jan/2024:03:28:33 +0100] "POST /wp-cron.php?doing_wp_cron=1704767313.4661231040954589843750 HTTP/1.1" 200 - cronicareinodearagon.com "-" "WordPress/6.2.2; https://cronicareinodearagon.com" "-"
185.191.171.0 - - [09/Jan/2024:03:28:33 +0100] "GET /robots.txt HTTP/1.1" 200 202 cronicareinodearagon.com "-" "Mozilla/5.0 (compatible; SemrushBot/7~bl; +http://www.semrush.com/bot.html)" "-"
185.191.171.0 - - [09/Jan/2024:03:28:34 +0100] "GET /sociedad/dia-provincia-jaen/ HTTP/1.1" 200 34373 cronicareinodearagon.com "-" "Mozilla/5.0 (compatible; SemrushBot/7~bl; +http://www.semrush.com/bot.html)" "-"
85.208.96.0 - - [09/Jan/2024:03:34:31 +0100] "GET /politica/psoe-cordoba-denuncia-ayuntamiento-12-millones/ HTTP/1.1" 200 35445 cronicareinodearagon.com "-" "Mozilla/5.0 (compatible; SemrushBot/7~bl; +http://www.semrush.com/bot.html)" "-"
82.165.88.0 - - [09/Jan/2024:03:34:32 +0100] "POST /wp-cron.php?doing_wp_cron=1704767671.9689071178436279296875 HTTP/1.1" 200 - cronicareinodearagon.com "-" "WordPress/6.2.2; https://cronicareinodearagon.com" "-"
199.244.88.0 - - [09/Jan/2024:03:34:44 +0100] "GET / HTTP/1.1" 200 336 cronicadeasturias.com "-" "Mozilla/5.0 (X11; Linux x86_64) AppleWebKit/537.36 (KHTML, like Gecko) Chrome/105.0.0.0 Safari/537.36" "-"
82.165.88.0 - - [09/Jan/2024:03:39:38 +0100] "POST /wp-cron.php?doing_wp_cron=1704767978.9123239517211914062500 HTTP/1.1" 200 - cronicareinodearagon.com "-" "WordPress/6.2.2; https://cronicareinodearagon.com" "-"
54.36.148.0 - - [09/Jan/2024:03:39:38 +0100] "GET /robots.txt HTTP/1.1" 200 202 cronicareinodearagon.com "-" "Mozilla/5.0 (compatible; AhrefsBot/7.0; +http://ahrefs.com/robot/)" "-"
54.36.148.0 - - [09/Jan/2024:03:39:41 +0100] "GET /sociedad/mar-jurasico-dinopolis/ HTTP/1.1" 200 37637 cronicareinodearagon.com "-" "Mozilla/5.0 (compatible; AhrefsBot/7.0; +http://ahrefs.com/robot/)" "-"
17.241.227.0 - - [09/Jan/2024:03:39:59 +0100] "GET /aragon/espadas-sanchez-andalucia-elecciones-psoe/ HTTP/1.1" 200 33619 cronicareinodearagon.com "-" "Mozilla/5.0 (Macintosh; Intel Mac OS X 10_15_5) AppleWebKit/605.1.15 (KHTML, like Gecko) Version/13.1.1 Safari/605.1.15 (Applebot/0.1; +http://www.apple.com/go/applebot)" "-"
82.165.88.0 - - [09/Jan/2024:03:40:00 +0100] "POST /wp-cron.php?doing_wp_cron=1704768000.0265231132507324218750 HTTP/1.1" 200 - cronicareinodearagon.com "-" "WordPress/6.2.2; https://cronicareinodearagon.com" "-"
82.165.88.0 - - [09/Jan/2024:03:40:51 +0100] "POST /wp-cron.php?doing_wp_cron=1704768051.5614590644836425781250 HTTP/1.1" 200 - cronicareinodearagon.com "-" "WordPress/6.2.2; https://cronicareinodearagon.com" "-"
85.208.96.0 - - [09/Jan/2024:03:40:51 +0100] "GET /aragon/inversiones-hidricas-andalucia/ HTTP/1.1" 200 36387 cronicareinodearagon.com "-" "Mozilla/5.0 (compatible; SemrushBot/7~bl; +http://www.semrush.com/bot.html)" "-"
66.249.84.0 - - [09/Jan/2024:03:42:38 +0100] "GET /category/educacion/feed/ HTTP/1.1" 200 56994 cronicareinodearagon.com "-" "FeedFetcher-Google; (+http://www.google.com/feedfetcher.html)" "-"
64.124.8.0 - - [09/Jan/2024:03:43:32 +0100] "GET /wp-content/uploads/2023/05/resultados-autonomicas-aragon-750x375.jpg HTTP/1.1" 304 - cronicareinodearagon.com "-" "Mozilla/5.0 (compatible; ImagesiftBot; +imagesift.com)" "-"
82.165.88.0 - - [09/Jan/2024:03:44:15 +0100] "POST /wp-cron.php?doing_wp_cron=1704768255.3157410621643066406250 HTTP/1.1" 200 - cronicareinodearagon.com "-" "WordPress/6.2.2; https://cronicareinodearagon.com" "-"
185.191.171.0 - - [09/Jan/2024:03:44:15 +0100] "GET /aragon/smith-insta-juanma-elecciones/ HTTP/1.1" 200 34628 cronicareinodearagon.com "-" "Mozilla/5.0 (compatible; SemrushBot/7~bl; +http://www.semrush.com/bot.html)" "-"
103.43.188.0 - - [09/Jan/2024:03:45:27 +0100] "POST /xmlrpc.php HTTP/1.1" 301 251 cronicareinodearagon.com "-" "Mozilla/5.0 (Windows NT 10.0; Win64; x64; rv:63.0) Gecko/20100101 Firefox/63.0" "-"
82.165.88.0 - - [09/Jan/2024:03:45:28 +0100] "POST /wp-cron.php?doing_wp_cron=1704768328.5912899971008300781250 HTTP/1.1" 200 - cronicareinodearagon.com "-" "WordPress/6.2.2; https://cronicareinodearagon.com" "-"
103.43.188.0 - - [09/Jan/2024:03:45:28 +0100] "POST /xmlrpc.php HTTP/1.1" 200 416 cronicareinodearagon.com "-" "Mozilla/5.0 (Windows NT 10.0; Win64; x64; rv:63.0) Gecko/20100101 Firefox/63.0" "-"
207.180.221.0 - - [09/Jan/2024:03:45:31 +0100] "POST /xmlrpc.php HTTP/1.1" 301 251 cronicareinodearagon.com "-" "Mozilla/5.0 (Windows NT 6.1; Win64; x64) AppleWebKit/537.36 (KHTML, like Gecko) Chrome/74.0.3729.169 Safari/537.36" "-"
139.59.78.0 - - [09/Jan/2024:03:45:32 +0100] "POST /xmlrpc.php HTTP/1.1" 301 251 cronicareinodearagon.com "-" "Mozilla/5.0 (Windows NT 10.0; Win64; x64; rv:62.0) Gecko/20100101 Firefox/62.0" "-"
207.180.221.0 - - [09/Jan/2024:03:45:32 +0100] "POST /xmlrpc.php HTTP/1.1" 200 416 cronicareinodearagon.com "-" "Mozilla/5.0 (Windows NT 6.1; Win64; x64) AppleWebKit/537.36 (KHTML, like Gecko) Chrome/74.0.3729.169 Safari/537.36" "-"
139.59.78.0 - - [09/Jan/2024:03:45:33 +0100] "POST /xmlrpc.php HTTP/1.1" 200 416 cronicareinodearagon.com "-" "Mozilla/5.0 (Windows NT 10.0; Win64; x64; rv:62.0) Gecko/20100101 Firefox/62.0" "-"
2600:1f14:1000:: - - [09/Jan/2024:03:45:36 +0100] "POST /xmlrpc.php HTTP/1.1" 301 251 cronicareinodearagon.com "-" "Mozilla/5.0 (Windows NT 10.0; Win64; x64) AppleWebKit/537.36 (KHTML, like Gecko) Chrome/87.0.4280.88 Safari/537.36" "-"
5.101.157.0 - - [09/Jan/2024:03:45:37 +0100] "POST /xmlrpc.php HTTP/1.1" 301 251 cronicareinodearagon.com "-" "Mozilla/5.0 (Windows NT 5.1; rv:33.0) Gecko/20100101 Firefox/33.0" "-"
5.101.157.0 - - [09/Jan/2024:03:45:38 +0100] "POST /xmlrpc.php HTTP/1.1" 200 416 cronicareinodearagon.com "-" "Mozilla/5.0 (Windows NT 5.1; rv:33.0) Gecko/20100101 Firefox/33.0" "-"
92.205.15.0 - - [09/Jan/2024:03:45:38 +0100] "POST /xmlrpc.php HTTP/1.1" 301 251 cronicareinodearagon.com "-" "Mozilla/5.0 (Linux; Android 10; SM-N960U) AppleWebKit/537.36 (KHTML, like Gecko) Chrome/91.0.4472.114 Mobile Safari/537.36" "-"
2600:1f14:1000:: - - [09/Jan/2024:03:45:38 +0100] "POST /xmlrpc.php HTTP/1.1" 200 416 cronicareinodearagon.com "-" "Mozilla/5.0 (Windows NT 10.0; Win64; x64) AppleWebKit/537.36 (KHTML, like Gecko) Chrome/87.0.4280.88 Safari/537.36" "-"
92.205.15.0 - - [09/Jan/2024:03:45:39 +0100] "POST /xmlrpc.php HTTP/1.1" 200 416 cronicareinodearagon.com "-" "Mozilla/5.0 (Linux; Android 10; SM-N960U) AppleWebKit/537.36 (KHTML, like Gecko) Chrome/91.0.4472.114 Mobile Safari/537.36" "-"
97.74.204.0 - - [09/Jan/2024:03:45:43 +0100] "POST /xmlrpc.php HTTP/1.1" 301 251 cronicareinodearagon.com "-" "Mozilla/5.0 (Windows NT 6.1; WOW64; rv:38.0) Gecko/20100101 Firefox/38.0" "-"
82.165.88.0 - - [09/Jan/2024:03:45:44 +0100] "POST /wp-cron.php?doing_wp_cron=1704768344.8511099815368652343750 HTTP/1.1" 200 - cronicareinodearagon.com "-" "WordPress/6.2.2; https://cronicareinodearagon.com" "-"
97.74.204.0 - - [09/Jan/2024:03:45:44 +0100] "POST /xmlrpc.php HTTP/1.1" 200 416 cronicareinodearagon.com "-" "Mozilla/5.0 (Windows NT 6.1; WOW64; rv:38.0) Gecko/20100101 Firefox/38.0" "-"
64.124.8.0 - - [09/Jan/2024:03:46:05 +0100] "GET /wp-content/uploads/2022/01/Santos-Cerdan.jpg HTTP/1.1" 304 - cronicareinodearagon.com "-" "Mozilla/5.0 (compatible; ImagesiftBot; +imagesift.com)" "-"
51.89.218.0 - - [09/Jan/2024:03:46:06 +0100] "POST /xmlrpc.php HTTP/1.1" 301 251 cronicareinodearagon.com "-" "Mozilla/5.0 (Windows NT 5.1) AppleWebKit/537.36 (KHTML, like Gecko) Chrome/46.0.2490.71 Safari/537.36" "-"
51.89.218.0 - - [09/Jan/2024:03:46:07 +0100] "POST /xmlrpc.php HTTP/1.1" 200 416 cronicareinodearagon.com "-" "Mozilla/5.0 (Windows NT 5.1) AppleWebKit/537.36 (KHTML, like Gecko) Chrome/46.0.2490.71 Safari/537.36" "-"
51.89.218.0 - - [09/Jan/2024:03:46:08 +0100] "POST /xmlrpc.php HTTP/1.1" 403 775 cronicareinodearagon.com "-" "Mozilla/5.0 (Windows NT 10.0; Win64; x64) AppleWebKit/537.36 (KHTML, like Gecko) Chrome/72.0.3626.121 Safari/537.36" "-"
2a03:6f00:: - - [09/Jan/2024:03:46:09 +0100] "POST /xmlrpc.php HTTP/1.1" 301 251 cronicareinodearagon.com "-" "Mozilla/5.0 (Windows NT 6.0; rv:34.0) Gecko/20100101 Firefox/34.0" "-"
72.167.68.0 - - [09/Jan/2024:03:46:10 +0100] "POST /xmlrpc.php HTTP/1.1" 301 251 cronicareinodearagon.com "-" "Mozilla/5.0 (Windows NT 10.0; Win64; x64) AppleWebKit/537.36 (KHTML, like Gecko) Chrome/67.0.3396.99 Safari/537.36" "-"
2a03:6f00:: - - [09/Jan/2024:03:46:10 +0100] "POST /xmlrpc.php HTTP/1.1" 200 416 cronicareinodearagon.com "-" "Mozilla/5.0 (Windows NT 6.0; rv:34.0) Gecko/20100101 Firefox/34.0" "-"
72.167.68.0 - - [09/Jan/2024:03:46:11 +0100] "POST /xmlrpc.php HTTP/1.1" 200 416 cronicareinodearagon.com "-" "Mozilla/5.0 (Windows NT 10.0; Win64; x64) AppleWebKit/537.36 (KHTML, like Gecko) Chrome/67.0.3396.99 Safari/537.36" "-"
74.125.212.0 - - [09/Jan/2024:03:47:38 +0100] "GET /category/economia/feed/ HTTP/1.1" 200 42774 cronicareinodearagon.com "-" "FeedFetcher-Google; (+http://www.google.com/feedfetcher.html)" "-"
185.191.171.0 - - [09/Jan/2024:03:49:30 +0100] "GET /sociedad/cordoba-mayo-festivo-cruces/ HTTP/1.1" 200 33665 cronicareinodearagon.com "-" "Mozilla/5.0 (compatible; SemrushBot/7~bl; +http://www.semrush.com/bot.html)" "-"
82.165.88.0 - - [09/Jan/2024:03:49:31 +0100] "POST /wp-cron.php?doing_wp_cron=1704768571.2116250991821289062500 HTTP/1.1" 200 - cronicareinodearagon.com "-" "WordPress/6.2.2; https://cronicareinodearagon.com" "-"
198.20.67.0 - - [09/Jan/2024:03:50:05 +0100] "GET / HTTP/1.1" 200 336 www.cronicadearagon.com "http://www.google.com/url?url=www.cronicadearagon.com&yahoo.com" "Mozilla/5.0 (compatible; MSIE 9.0; Windows NT 6.1; WOW64; Trident/6.0)" "-"
198.20.67.0 - - [09/Jan/2024:03:50:06 +0100] "GET /th1s_1s_a_4o4.html HTTP/1.1" 404 596 www.cronicadearagon.com "http://www.google.com/url?url=www.cronicadearagon.com&yahoo.com" "Mozilla/5.0 (compatible; MSIE 9.0; Windows NT 6.1; WOW64; Trident/6.0)" "-"
198.20.67.0 - - [09/Jan/2024:03:50:07 +0100] "GET /spicons/templates/defaultsite/es-ES/images/css/main.css HTTP/1.1" 200 486180 www.cronicadearagon.com "http://www.google.com/url?url=www.cronicadearagon.com&yahoo.com" "Mozilla/5.0 (compatible; MSIE 9.0; Windows NT 6.1; WOW64; Trident/6.0)" "-"
198.20.67.0 - - [09/Jan/2024:03:50:08 +0100] "GET /defaultsite HTTP/1.1" 200 18994 www.cronicadearagon.com "-" "SiteLockSpider [en] (WinNT; I ;Nav)" "-"
