40.77.167.0 - - [09/Jan/2024:12:50:57 +0100] "GET /politica-de-cookies-ue/ HTTP/1.1" 200 155896 cronicareinodearagon.com "-" "Mozilla/5.0 AppleWebKit/537.36 (KHTML, like Gecko; compatible; bingbot/2.0; +http://www.bing.com/bingbot.htm) Chrome/116.0.1938.76 Safari/537.36" "-"
82.165.88.0 - - [09/Jan/2024:12:50:58 +0100] "POST /wp-cron.php?doing_wp_cron=1704801058.2977859973907470703125 HTTP/1.1" 200 - cronicareinodearagon.com "-" "WordPress/6.2.2; https://cronicareinodearagon.com" "-"
82.165.88.0 - - [09/Jan/2024:12:56:02 +0100] "POST /wp-cron.php?doing_wp_cron=1704801362.7680079936981201171875 HTTP/1.1" 200 - cronicareinodearagon.com "-" "WordPress/6.2.2; https://cronicareinodearagon.com" "-"
185.220.101.0 - - [09/Jan/2024:12:56:02 +0100] "POST /xmlrpc.php HTTP/1.1" 200 416 cronicareinodearagon.com "-" "Mozilla/5.0 (Windows NT 6.1; Win64; x64) AppleWebKit/537.36 (KHTML, like Gecko) Chrome/60.0.3112.90 Safari/537.36" "-"
185.220.101.0 - - [09/Jan/2024:12:56:03 +0100] "POST /xmlrpc.php HTTP/1.1" 200 416 cronicareinodearagon.com "-" "Mozilla/5.0 (Windows NT 6.1; Win64; x64) AppleWebKit/537.36 (KHTML, like Gecko) Chrome/60.0.3112.90 Safari/537.36" "-"
185.220.101.0 - - [09/Jan/2024:12:56:04 +0100] "POST /xmlrpc.php HTTP/1.1" 403 775 cronicareinodearagon.com "-" "Mozilla/5.0 (Windows NT 6.1; Win64; x64) AppleWebKit/537.36 (KHTML, like Gecko) Chrome/60.0.3112.90 Safari/537.36" "-"
185.220.101.0 - - [09/Jan/2024:12:56:05 +0100] "POST /xmlrpc.php HTTP/1.1" 403 775 cronicareinodearagon.com "-" "Mozilla/5.0 (Windows NT 6.1; Win64; x64) AppleWebKit/537.36 (KHTML, like Gecko) Chrome/60.0.3112.90 Safari/537.36" "-"
185.220.101.0 - - [09/Jan/2024:12:56:06 +0100] "POST /xmlrpc.php HTTP/1.1" 403 775 cronicareinodearagon.com "-" "Mozilla/5.0 (Windows NT 6.1; Win64; x64) AppleWebKit/537.36 (KHTML, like Gecko) Chrome/60.0.3112.90 Safari/537.36" "-"
74.125.212.0 - - [09/Jan/2024:12:56:08 +0100] "GET /category/economia/feed/ HTTP/1.1" 200 42774 cronicareinodearagon.com "-" "FeedFetcher-Google; (+http://www.google.com/feedfetcher.html)" "-"
74.125.212.0 - - [09/Jan/2024:12:59:45 +0100] "GET /category/economia/feed/ HTTP/1.1" 200 42774 cronicareinodearagon.com "-" "FeedFetcher-Google; (+http://www.google.com/feedfetcher.html)" "-"
66.249.78.0 - - [09/Jan/2024:13:02:13 +0100] "GET /robots.txt HTTP/1.1" 301 251 cronicareinodearagon.com "-" "Mozilla/5.0 (compatible; Googlebot/2.1; +http://www.google.com/bot.html)" "-"
82.165.88.0 - - [09/Jan/2024:13:02:14 +0100] "POST /wp-cron.php?doing_wp_cron=1704801734.6043169498443603515625 HTTP/1.1" 200 - cronicareinodearagon.com "-" "WordPress/6.2.2; https://cronicareinodearagon.com" "-"
66.249.79.0 - - [09/Jan/2024:13:02:14 +0100] "GET /robots.txt HTTP/1.1" 200 202 cronicareinodearagon.com "-" "Mozilla/5.0 (compatible; Googlebot/2.1; +http://www.google.com/bot.html)" "-"
66.249.84.0 - - [09/Jan/2024:13:03:30 +0100] "GET /category/sociedad/feed/ HTTP/1.1" 200 51420 cronicareinodearagon.com "-" "FeedFetcher-Google; (+http://www.google.com/feedfetcher.html)" "-"
66.249.78.0 - - [09/Jan/2024:13:04:34 +0100] "GET / HTTP/1.1" 301 241 cronicareinodearagon.com "-" "Mozilla/5.0 (Linux; Android 6.0.1; Nexus 5X Build/MMB29P) AppleWebKit/537.36 (KHTML, like Gecko) Chrome/120.0.6099.199 Mobile Safari/537.36 (compatible; Googlebot/2.1; +http://www.google.com/bot.html)" "-"
82.165.88.0 - - [09/Jan/2024:13:04:35 +0100] "POST /wp-cron.php?doing_wp_cron=1704801875.6214489936828613281250 HTTP/1.1" 200 - cronicareinodearagon.com "-" "WordPress/6.2.2; https://cronicareinodearagon.com" "-"
66.249.79.0 - - [09/Jan/2024:13:04:35 +0100] "GET /robots.txt HTTP/1.1" 200 202 cronicareinodearagon.com "-" "Mozilla/5.0 (compatible; Googlebot/2.1; +http://www.google.com/bot.html)" "-"
66.249.78.0 - - [09/Jan/2024:13:06:28 +0100] "GET / HTTP/1.1" 200 319473 cronicareinodearagon.com "-" "Mozilla/5.0 (Linux; Android 6.0.1; Nexus 5X Build/MMB29P) AppleWebKit/537.36 (KHTML, like Gecko) Chrome/120.0.6099.199 Mobile Safari/537.36 (compatible; Googlebot/2.1; +http://www.google.com/bot.html)" "-"
74.125.212.0 - - [09/Jan/2024:13:13:54 +0100] "GET /category/economia/feed/ HTTP/1.1" 200 12913 cronicareinodearagon.com "-" "FeedFetcher-Google; (+http://www.google.com/feedfetcher.html)" "-"
82.165.88.0 - - [09/Jan/2024:13:13:55 +0100] "POST /wp-cron.php?doing_wp_cron=1704802435.3739180564880371093750 HTTP/1.1" 200 - cronicareinodearagon.com "-" "WordPress/6.2.2; https://cronicareinodearagon.com" "-"
68.183.186.0 - - [09/Jan/2024:13:15:23 +0100] "GET / HTTP/1.1" 200 336 cronicadegranada.com "-" "Mozilla/5.0 (Windows NT 10.0; Win64; x64) AppleWebKit/537.36 (KHTML, like Gecko) Chrome/95.0.4638.69 Safari/537.36" "-"
68.183.186.0 - - [09/Jan/2024:13:15:29 +0100] "GET /2019/wp-includes/wlwmanifest.xml HTTP/1.1" 404 596 cronicadegranada.com "-" "Mozilla/5.0 (Windows NT 10.0; Win64; x64) AppleWebKit/537.36 (KHTML, like Gecko) Chrome/95.0.4638.69 Safari/537.36" "-"
66.249.84.0 - - [09/Jan/2024:13:20:38 +0100] "GET /category/educacion/feed/ HTTP/1.1" 200 56994 cronicareinodearagon.com "-" "FeedFetcher-Google; (+http://www.google.com/feedfetcher.html)" "-"
54.36.149.0 - - [09/Jan/2024:13:21:39 +0100] "GET /politica-de-cookies-ue/ HTTP/1.1" 200 155881 cronicareinodearagon.com "-" "Mozilla/5.0 (compatible; AhrefsBot/7.0; +http://ahrefs.com/robot/)" "-"
82.165.88.0 - - [09/Jan/2024:13:21:40 +0100] "POST /wp-cron.php?doing_wp_cron=1704802900.1001889705657958984375 HTTP/1.1" 200 - cronicareinodearagon.com "-" "WordPress/6.2.2; https://cronicareinodearagon.com" "-"
66.249.84.0 - - [09/Jan/2024:13:23:45 +0100] "GET /category/sociedad/feed/ HTTP/1.1" 200 51420 cronicareinodearagon.com "-" "FeedFetcher-Google; (+http://www.google.com/feedfetcher.html)" "-"
109.248.175.0 - - [09/Jan/2024:13:25:43 +0100] "GET /gawean.PhP7 HTTP/1.1" 404 144836 cronicareinodearagon.com "-" "Mozilla/4.0 (compatible; MSIE 6.0; Windows NT 5.1; SV1)" "-"
82.165.88.0 - - [09/Jan/2024:13:25:44 +0100] "POST /wp-cron.php?doing_wp_cron=1704803144.1109390258789062500000 HTTP/1.1" 200 - cronicareinodearagon.com "-" "WordPress/6.2.2; https://cronicareinodearagon.com" "-"
45.61.188.0 - - [09/Jan/2024:13:26:17 +0100] "GET /?author=2 HTTP/1.1" 404 144798 cronicareinodearagon.com "http://www.google.com.hk" "Mozilla/5.0 (Windows NT 6.1; WOW64) AppleWebKit/537.36 (KHTML, like Gecko) Chrome/42.0.2311.90 Safari/537.36" "-"
82.165.88.0 - - [09/Jan/2024:13:26:18 +0100] "POST /wp-cron.php?doing_wp_cron=1704803178.0211460590362548828125 HTTP/1.1" 200 - cronicareinodearagon.com "-" "WordPress/6.2.2; https://cronicareinodearagon.com" "-"
82.165.88.0 - - [09/Jan/2024:13:29:37 +0100] "POST /wp-cron.php?doing_wp_cron=1704803377.7422850131988525390625 HTTP/1.1" 200 - cronicareinodearagon.com "-" "WordPress/6.2.2; https://cronicareinodearagon.com" "-"
107.189.6.0 - - [09/Jan/2024:13:29:37 +0100] "GET /?author=1 HTTP/1.1" 404 144798 cronicareinodearagon.com "http://www.google.com.hk" "Mozilla/5.0 (Windows NT 6.1; WOW64) AppleWebKit/537.36 (KHTML, like Gecko) Chrome/42.0.2311.90 Safari/537.36" "-"
162.247.74.0 - - [09/Jan/2024:13:32:07 +0100] "GET / HTTP/1.1" 200 336 cronicadehuelva.com "http://cronicadehuelva.com" "Mozilla/5.0 (Windows NT 6.1; WOW64) AppleWebKit/537.36 (KHTML, like Gecko) Chrome/46.0.2490.86 Safari/537.36" "-"
66.249.84.0 - - [09/Jan/2024:13:32:58 +0100] "GET /category/sociedad/feed/ HTTP/1.1" 200 51420 cronicareinodearagon.com "-" "FeedFetcher-Google; (+http://www.google.com/feedfetcher.html)" "-"
82.165.88.0 - - [09/Jan/2024:13:33:35 +0100] "POST /wp-cron.php?doing_wp_cron=1704803615.6442298889160156250000 HTTP/1.1" 200 - cronicareinodearagon.com "-" "WordPress/6.2.2; https://cronicareinodearagon.com" "-"
45.40.133.0 - - [09/Jan/2024:13:33:35 +0100] "POST /xmlrpc.php HTTP/1.1" 200 416 cronicareinodearagon.com "-" "Mozilla/5.0 (Windows NT 10.0; Win64; x64) AppleWebKit/537.36 (KHTML, like Gecko) Chrome/69.0.3497.100 Safari/537.36" "-"
82.165.88.0 - - [09/Jan/2024:13:33:43 +0100] "POST /wp-cron.php?doing_wp_cron=1704803623.8422861099243164062500 HTTP/1.1" 200 - cronicareinodearagon.com "-" "WordPress/6.2.2; https://cronicareinodearagon.com" "-"
103.154.229.0 - - [09/Jan/2024:13:33:43 +0100] "POST /xmlrpc.php HTTP/1.1" 200 416 cronicareinodearagon.com "-" "Mozilla/5.0 (Windows NT 10.0; Win64; x64; rv:67.0) Gecko/20100101 Firefox/67.0" "-"
88.119.176.0 - - [09/Jan/2024:13:33:50 +0100] "POST /xmlrpc.php HTTP/1.1" 200 416 cronicareinodearagon.com "-" "Mozilla/5.0 (Windows NT 10.0; Win64; x64; rv:85.0) Gecko/20100101 Firefox/85.0" "-"
51.68.229.0 - - [09/Jan/2024:13:33:52 +0100] "POST /xmlrpc.php HTTP/1.1" 200 416 cronicareinodearagon.com "-" "Mozilla/5.0 (Windows NT 10.0; Win64; x64; rv:63.0) Gecko/20100101 Firefox/63.0" "-"
42.192.111.0 - - [09/Jan/2024:13:33:54 +0100] "POST /xmlrpc.php HTTP/1.1" 200 416 cronicareinodearagon.com "-" "Mozilla/5.0 (Windows NT 6.1; Win64; x64; rv:61.0) Gecko/20100101 Firefox/61.0" "-"
2001:41d0:: - - [09/Jan/2024:13:33:58 +0100] "POST /xmlrpc.php HTTP/1.1" 200 416 cronicareinodearagon.com "-" "Mozilla/5.0 (Windows NT 6.1; Win64; x64) AppleWebKit/537.36 (KHTML, like Gecko) Chrome/69.0.3497.100 Safari/537.36" "-"
72.167.65.0 - - [09/Jan/2024:13:33:59 +0100] "POST /xmlrpc.php HTTP/1.1" 200 416 cronicareinodearagon.com "-" "Mozilla/5.0 (Windows NT 6.1; rv:52.0) Gecko/20100101 Firefox/52.0" "-"
2a01:4f8:1c00:: - - [09/Jan/2024:13:34:05 +0100] "POST /xmlrpc.php HTTP/1.1" 200 416 cronicareinodearagon.com "-" "Mozilla/5.0 (Windows NT 6.1; WOW64; rv:38.0) Gecko/20100101 Firefox/38.0" "-"
2a03:b0c0:: - - [09/Jan/2024:13:34:13 +0100] "POST /xmlrpc.php HTTP/1.1" 200 416 cronicareinodearagon.com "-" "Mozilla/5.0 (iPod; CPU iPhone OS 14_6 like Mac OS X) AppleWebKit/605.1.15 (KHTML, like Gecko) CriOS/91.0.4472.80 Mobile/15E148 Safari/604.1" "-"
82.165.88.0 - - [09/Jan/2024:13:36:04 +0100] "POST /wp-cron.php?doing_wp_cron=1704803764.8784139156341552734375 HTTP/1.1" 200 - cronicareinodearagon.com "-" "WordPress/6.2.2; https://cronicareinodearagon.com" "-"
74.125.212.0 - - [09/Jan/2024:13:36:04 +0100] "GET /category/economia/feed/ HTTP/1.1" 200 12913 cronicareinodearagon.com "-" "FeedFetcher-Google; (+http://www.google.com/feedfetcher.html)" "-"
82.165.88.0 - - [09/Jan/2024:13:39:07 +0100] "POST /wp-cron.php?doing_wp_cron=1704803947.7247099876403808593750 HTTP/1.1" 200 - cronicareinodearagon.com "-" "WordPress/6.2.2; https://cronicareinodearagon.com" "-"
157.55.39.0 - - [09/Jan/2024:13:39:07 +0100] "GET /aragon/guardia-civil-narcolancha-ayamonte/ HTTP/1.1" 200 161148 cronicareinodearagon.com "-" "Mozilla/5.0 AppleWebKit/537.36 (KHTML, like Gecko; compatible; bingbot/2.0; +http://www.bing.com/bingbot.htm) Chrome/116.0.1938.76 Safari/537.36" "-"
82.165.88.0 - - [09/Jan/2024:13:45:43 +0100] "POST /wp-cron.php?doing_wp_cron=1704804343.7587840557098388671875 HTTP/1.1" 200 - cronicareinodearagon.com "-" "WordPress/6.2.2; https://cronicareinodearagon.com" "-"
74.125.212.0 - - [09/Jan/2024:13:45:43 +0100] "GET /category/economia/feed/ HTTP/1.1" 200 12913 cronicareinodearagon.com "-" "FeedFetcher-Google; (+http://www.google.com/feedfetcher.html)" "-"
164.92.227.0 - - [09/Jan/2024:13:46:34 +0100] "GET / HTTP/1.1" 200 336 cronicadevalencia.com "-" "Mozilla/5.0 (X11; Linux x86_64) AppleWebKit/537.36 (KHTML, like Gecko) Chrome/108.0.0.0 Safari/537.36" "-"
40.77.167.0 - - [09/Jan/2024:13:48:02 +0100] "GET /wp-content/uploads/2021/11/Triptico-taller-educacion-sexual.jpg HTTP/1.1" 200 169531 cronicareinodearagon.com "-" "Mozilla/5.0 AppleWebKit/537.36 (KHTML, like Gecko; compatible; bingbot/2.0; +http://www.bing.com/bingbot.htm) Chrome/116.0.1938.76 Safari/537.36" "-"
185.220.101.0 - - [09/Jan/2024:13:49:27 +0100] "GET / HTTP/1.1" 200 336 cronicadearagon.com "http://cronicadearagon.com" "Mozilla/5.0 (Windows NT 10.0; Win64; x64) AppleWebKit/537.36 (KHTML, like Gecko) Chrome/79.0.3945.117 Safari/537.36" "-"
82.165.88.0 - - [09/Jan/2024:13:49:48 +0100] "POST /wp-cron.php?doing_wp_cron=1704804588.8215310573577880859375 HTTP/1.1" 200 - cronicareinodearagon.com "-" "WordPress/6.2.2; https://cronicareinodearagon.com" "-"
64.124.8.0 - - [09/Jan/2024:13:49:48 +0100] "GET /robots.txt HTTP/1.1" 200 202 cronicareinodearagon.com "-" "Mozilla/5.0 (compatible; ImagesiftBot; +imagesift.com)" "-"
64.124.8.0 - - [09/Jan/2024:13:49:49 +0100] "GET /wp-content/uploads/2021/11/taller-dos-hermanas.jpg HTTP/1.1" 304 - cronicareinodearagon.com "-" "Mozilla/5.0 (compatible; ImagesiftBot; +imagesift.com)" "-"
157.245.157.0 - - [09/Jan/2024:13:53:55 +0100] "GET /wp-content/themes/twentyfive/include.php HTTP/1.1" 301 281 cronicareinodearagon.com "-" "Mozlila/5.0 (Linux; Android 7.0; SM-G892A Bulid/NRD90M; wv) AppleWebKit/537.36 (KHTML, like Gecko) Version/4.0 Chrome/60.0.3112.107 Moblie Safari/537.36" "-"
82.165.88.0 - - [09/Jan/2024:13:53:57 +0100] "POST /wp-cron.php?doing_wp_cron=1704804837.7682840824127197265625 HTTP/1.1" 200 - cronicareinodearagon.com "-" "WordPress/6.2.2; https://cronicareinodearagon.com" "-"
157.245.157.0 - - [09/Jan/2024:13:53:57 +0100] "GET /wp-content/themes/twentyfive/include.php HTTP/1.1" 404 144959 cronicareinodearagon.com "-" "Mozlila/5.0 (Linux; Android 7.0; SM-G892A Bulid/NRD90M; wv) AppleWebKit/537.36 (KHTML, like Gecko) Version/4.0 Chrome/60.0.3112.107 Moblie Safari/537.36" "-"
64.124.8.0 - - [09/Jan/2024:13:54:24 +0100] "GET /wp-content/uploads/2022/08/patxi-lopez-mikel-torres.jpg HTTP/1.1" 200 90127 cronicareinodearagon.com "-" "Mozilla/5.0 (compatible; ImagesiftBot; +imagesift.com)" "-"
66.249.78.0 - - [09/Jan/2024:13:54:56 +0100] "GET /educacion/ayudas-inaem-programas-empleo-formacion/ HTTP/1.1" 200 165285 cronicareinodearagon.com "-" "Mozilla/5.0 (Linux; Android 6.0.1; Nexus 5X Build/MMB29P) AppleWebKit/537.36 (KHTML, like Gecko) Chrome/120.0.6099.199 Mobile Safari/537.36 (compatible; Googlebot/2.1; +http://www.google.com/bot.html)" "-"
82.165.88.0 - - [09/Jan/2024:13:54:57 +0100] "POST /wp-cron.php?doing_wp_cron=1704804897.1852159500122070312500 HTTP/1.1" 200 - cronicareinodearagon.com "-" "WordPress/6.2.2; https://cronicareinodearagon.com" "-"
66.249.78.0 - - [09/Jan/2024:13:55:11 +0100] "GET /wp-content/themes/jnews/style.css?ver=10.7.9 HTTP/1.1" 200 297 cronicareinodearagon.com "https://cronicareinodearagon.com/educacion/ayudas-inaem-programas-empleo-formacion/" "Mozilla/5.0 (Linux; Android 6.0.1; Nexus 5X Build/MMB29P) AppleWebKit/537.36 (KHTML, like Gecko) Chrome/120.0.6099.71 Mobile Safari/537.36 (compatible; Googlebot/2.1; +http://www.google.com/bot.html)" "-"
66.249.78.0 - - [09/Jan/2024:13:55:11 +0100] "GET /wp-content/plugins/jnews-social-share/assets/js/plugin.js HTTP/1.1" 200 1411 cronicareinodearagon.com "https://cronicareinodearagon.com/educacion/ayudas-inaem-programas-empleo-formacion/" "Mozilla/5.0 (Linux; Android 6.0.1; Nexus 5X Build/MMB29P) AppleWebKit/537.36 (KHTML, like Gecko) Chrome/120.0.6099.71 Mobile Safari/537.36 (compatible; Googlebot/2.1; +http://www.google.com/bot.html)" "-"
66.249.79.0 - - [09/Jan/2024:13:55:21 +0100] "GET /wp-content/plugins/complianz-gdpr/cookiebanner/js/complianz.min.js?ver=6.4.4 HTTP/1.1" 200 12688 cronicareinodearagon.com "https://cronicareinodearagon.com/educacion/ayudas-inaem-programas-empleo-formacion/" "Mozilla/5.0 (Linux; Android 6.0.1; Nexus 5X Build/MMB29P) AppleWebKit/537.36 (KHTML, like Gecko) Chrome/120.0.6099.71 Mobile Safari/537.36 (compatible; Googlebot/2.1; +http://www.google.com/bot.html)" "-"
66.249.78.0 - - [09/Jan/2024:13:55:21 +0100] "GET /wp-content/plugins/akismet/_inc/akismet-frontend.js?ver=1683388628 HTTP/1.1" 200 3528 cronicareinodearagon.com "https://cronicareinodearagon.com/educacion/ayudas-inaem-programas-empleo-formacion/" "Mozilla/5.0 (Linux; Android 6.0.1; Nexus 5X Build/MMB29P) AppleWebKit/537.36 (KHTML, like Gecko) Chrome/120.0.6099.71 Mobile Safari/537.36 (compatible; Googlebot/2.1; +http://www.google.com/bot.html)" "-"
66.249.78.0 - - [09/Jan/2024:13:55:33 +0100] "GET /wp-content/plugins/elementor/assets/js/lightbox.1b6e05e0607040eb8929.bundle.min.js HTTP/1.1" 200 11140 cronicareinodearagon.com "https://cronicareinodearagon.com/educacion/ayudas-inaem-programas-empleo-formacion/" "Mozilla/5.0 (Linux; Android 6.0.1; Nexus 5X Build/MMB29P) AppleWebKit/537.36 (KHTML, like Gecko) Chrome/120.0.6099.71 Mobile Safari/537.36 (compatible; Googlebot/2.1; +http://www.google.com/bot.html)" "-"
64.124.8.0 - - [09/Jan/2024:13:57:00 +0100] "GET /wp-content/uploads/2022/01/marea_blanca.jpg HTTP/1.1" 304 - cronicareinodearagon.com "-" "Mozilla/5.0 (compatible; ImagesiftBot; +imagesift.com)" "-"
40.77.167.0 - - [09/Jan/2024:14:04:44 +0100] "GET /aragon/resultados-elecciones-autonomicas-municipales-aragon/ HTTP/1.1" 200 36063 cronicareinodearagon.com "-" "Mozilla/5.0 AppleWebKit/537.36 (KHTML, like Gecko; compatible; bingbot/2.0; +http://www.bing.com/bingbot.htm) Chrome/116.0.1938.76 Safari/537.36" "-"
82.165.88.0 - - [09/Jan/2024:14:04:45 +0100] "POST /wp-cron.php?doing_wp_cron=1704805485.2687048912048339843750 HTTP/1.1" 200 - cronicareinodearagon.com "-" "WordPress/6.2.2; https://cronicareinodearagon.com" "-"
64.124.8.0 - - [09/Jan/2024:14:05:21 +0100] "GET /wp-content/uploads/2022/02/concentracion-csif-educacion-jaen.jpg HTTP/1.1" 304 - cronicareinodearagon.com "-" "Mozilla/5.0 (compatible; ImagesiftBot; +imagesift.com)" "-"
82.165.88.0 - - [09/Jan/2024:14:18:38 +0100] "POST /wp-cron.php?doing_wp_cron=1704806318.9516880512237548828125 HTTP/1.1" 200 - cronicareinodearagon.com "-" "WordPress/6.2.2; https://cronicareinodearagon.com" "-"
66.249.84.0 - - [09/Jan/2024:14:18:38 +0100] "GET /category/sociedad/feed/ HTTP/1.1" 200 16233 cronicareinodearagon.com "-" "FeedFetcher-Google; (+http://www.google.com/feedfetcher.html)" "-"
146.190.130.0 - - [09/Jan/2024:14:26:46 +0100] "GET / HTTP/1.1" 200 336 cronicademalaga.com "-" "Mozilla/5.0 (X11; Linux x86_64) AppleWebKit/537.36 (KHTML, like Gecko) Chrome/108.0.0.0 Safari/537.36" "-"
66.249.84.0 - - [09/Jan/2024:14:30:56 +0100] "GET /category/sociedad/feed/ HTTP/1.1" 200 16233 cronicareinodearagon.com "-" "FeedFetcher-Google; (+http://www.google.com/feedfetcher.html)" "-"
142.93.212.0 - - [09/Jan/2024:14:32:07 +0100] "GET / HTTP/1.1" 200 336 cronicadeextremadura.com "-" "Mozilla/5.0 (X11; Linux x86_64) AppleWebKit/537.36 (KHTML, like Gecko) Chrome/108.0.0.0 Safari/537.36" "-"
66.249.84.0 - - [09/Jan/2024:14:52:29 +0100] "GET /category/sociedad/feed/ HTTP/1.1" 200 16233 cronicareinodearagon.com "-" "FeedFetcher-Google; (+http://www.google.com/feedfetcher.html)" "-"
207.46.13.0 - - [09/Jan/2024:14:55:58 +0100] "GET /wp-content/uploads/2022/05/hachis_huelva-360x180.jpg HTTP/1.1" 200 20094 cronicareinodearagon.com "-" "Mozilla/5.0 AppleWebKit/537.36 (KHTML, like Gecko; compatible; bingbot/2.0; +http://www.bing.com/bingbot.htm) Chrome/116.0.1938.76 Safari/537.36" "-"
135.181.75.0 - - [09/Jan/2024:14:58:11 +0100] "GET /robots.txt HTTP/1.1" 200 202 cronicareinodearagon.com "-" "Mozilla/5.0 (compatible; MJ12bot/v1.4.8; http://mj12bot.com/)" "-"
82.165.88.0 - - [09/Jan/2024:14:58:12 +0100] "POST /wp-cron.php?doing_wp_cron=1704808692.6721260547637939453125 HTTP/1.1" 200 - cronicareinodearagon.com "-" "WordPress/6.2.2; https://cronicareinodearagon.com" "-"
135.181.75.0 - - [09/Jan/2024:14:58:27 +0100] "GET /wp-content/uploads/2023/05/alberto-izquierdo-partido-aragones.jpg HTTP/1.1" 200 43451 cronicareinodearagon.com "-" "Mozilla/5.0 (compatible; MJ12bot/v1.4.8; http://mj12bot.com/)" "-"
135.181.75.0 - - [09/Jan/2024:14:58:30 +0100] "GET /wp-content/uploads/2023/05/aragon-existe-ayto-zaragoz.jpg HTTP/1.1" 200 374190 cronicareinodearagon.com "-" "Mozilla/5.0 (compatible; MJ12bot/v1.4.8; http://mj12bot.com/)" "-"
135.181.75.0 - - [09/Jan/2024:14:58:44 +0100] "GET /wp-content/uploads/2023/05/aragon-existe-romareda.jpg HTTP/1.1" 200 41769 cronicareinodearagon.com "-" "Mozilla/5.0 (compatible; MJ12bot/v1.4.8; http://mj12bot.com/)" "-"
135.181.75.0 - - [09/Jan/2024:14:59:02 +0100] "GET /wp-content/uploads/2023/05/aragon-financiacion-dependencia.jpg HTTP/1.1" 200 247759 cronicareinodearagon.com "-" "Mozilla/5.0 (compatible; MJ12bot/v1.4.8; http://mj12bot.com/)" "-"
135.181.75.0 - - [09/Jan/2024:14:59:17 +0100] "GET /wp-content/uploads/2023/05/carretera-cv618.jpg HTTP/1.1" 200 277144 cronicareinodearagon.com "-" "Mozilla/5.0 (compatible; MJ12bot/v1.4.8; http://mj12bot.com/)" "-"
135.181.75.0 - - [09/Jan/2024:14:59:32 +0100] "GET /wp-content/uploads/2023/05/chunta-aragonesista-salud.jpg HTTP/1.1" 200 62607 cronicareinodearagon.com "-" "Mozilla/5.0 (compatible; MJ12bot/v1.4.8; http://mj12bot.com/)" "-"
135.181.75.0 - - [09/Jan/2024:14:59:48 +0100] "GET /wp-content/uploads/2023/05/chunta-aragonesista-zaragoza.jpg HTTP/1.1" 200 56593 cronicareinodearagon.com "-" "Mozilla/5.0 (compatible; MJ12bot/v1.4.8; http://mj12bot.com/)" "-"
135.181.75.0 - - [09/Jan/2024:15:00:02 +0100] "GET /wp-content/uploads/2023/05/conjura-necios.jpg HTTP/1.1" 200 419219 cronicareinodearagon.com "-" "Mozilla/5.0 (compatible; MJ12bot/v1.4.8; http://mj12bot.com/)" "-"
135.181.75.0 - - [09/Jan/2024:15:00:20 +0100] "GET /wp-content/uploads/2023/05/forestalia.jpg HTTP/1.1" 200 321642 cronicareinodearagon.com "-" "Mozilla/5.0 (compatible; MJ12bot/v1.4.8; http://mj12bot.com/)" "-"
135.181.75.0 - - [09/Jan/2024:15:00:36 +0100] "GET /wp-content/uploads/2023/05/ganar-teruel-bus.jpg HTTP/1.1" 200 58840 cronicareinodearagon.com "-" "Mozilla/5.0 (compatible; MJ12bot/v1.4.8; http://mj12bot.com/)" "-"
135.181.75.0 - - [09/Jan/2024:15:00:50 +0100] "GET /wp-content/uploads/2023/05/gastro-aragon.jpg HTTP/1.1" 200 59326 cronicareinodearagon.com "-" "Mozilla/5.0 (compatible; MJ12bot/v1.4.8; http://mj12bot.com/)" "-"
135.181.75.0 - - [09/Jan/2024:15:01:04 +0100] "GET /wp-content/uploads/2023/05/huesca-master-cocina.jpg HTTP/1.1" 200 247822 cronicareinodearagon.com "-" "Mozilla/5.0 (compatible; MJ12bot/v1.4.8; http://mj12bot.com/)" "-"
135.181.75.0 - - [09/Jan/2024:15:01:16 +0100] "GET /wp-content/uploads/2023/05/huesca-sequia.jpg HTTP/1.1" 200 359541 cronicareinodearagon.com "-" "Mozilla/5.0 (compatible; MJ12bot/v1.4.8; http://mj12bot.com/)" "-"
135.181.75.0 - - [09/Jan/2024:15:01:33 +0100] "GET /wp-content/uploads/2023/05/ibercaja.jpg HTTP/1.1" 200 360096 cronicareinodearagon.com "-" "Mozilla/5.0 (compatible; MJ12bot/v1.4.8; http://mj12bot.com/)" "-"
135.181.75.0 - - [09/Jan/2024:15:01:41 +0100] "GET /wp-content/uploads/2023/05/lamban-dia-familais.jpg HTTP/1.1" 200 70199 cronicareinodearagon.com "-" "Mozilla/5.0 (compatible; MJ12bot/v1.4.8; http://mj12bot.com/)" "-"
135.181.75.0 - - [09/Jan/2024:15:01:52 +0100] "GET /wp-content/uploads/2023/05/lamban-vivienda-zaragoza.jpg HTTP/1.1" 200 45537 cronicareinodearagon.com "-" "Mozilla/5.0 (compatible; MJ12bot/v1.4.8; http://mj12bot.com/)" "-"
135.181.75.0 - - [09/Jan/2024:15:02:14 +0100] "GET /wp-content/uploads/2023/05/partido-aragones-huesca.jpg HTTP/1.1" 200 358650 cronicareinodearagon.com "-" "Mozilla/5.0 (compatible; MJ12bot/v1.4.8; http://mj12bot.com/)" "-"
135.181.75.0 - - [09/Jan/2024:15:02:30 +0100] "GET /wp-content/uploads/2023/05/psoe-alto-aragon-agricultura.jpg HTTP/1.1" 200 86841 cronicareinodearagon.com "-" "Mozilla/5.0 (compatible; MJ12bot/v1.4.8; http://mj12bot.com/)" "-"
135.181.75.0 - - [09/Jan/2024:15:02:42 +0100] "GET /wp-content/uploads/2023/05/psoe-teruel-los-toranes.jpg HTTP/1.1" 200 100680 cronicareinodearagon.com "-" "Mozilla/5.0 (compatible; MJ12bot/v1.4.8; http://mj12bot.com/)" "-"
135.181.75.0 - - [09/Jan/2024:15:03:02 +0100] "GET /wp-content/uploads/2023/05/rosa-lopez-psoe-teruel.jpg HTTP/1.1" 200 445960 cronicareinodearagon.com "-" "Mozilla/5.0 (compatible; MJ12bot/v1.4.8; http://mj12bot.com/)" "-"
135.181.75.0 - - [09/Jan/2024:15:03:18 +0100] "GET /wp-content/uploads/2023/05/semana-fp-aragon.jpg HTTP/1.1" 200 305051 cronicareinodearagon.com "-" "Mozilla/5.0 (compatible; MJ12bot/v1.4.8; http://mj12bot.com/)" "-"
135.181.75.0 - - [09/Jan/2024:15:03:30 +0100] "GET /wp-content/uploads/2023/05/templo-mercader.jpg HTTP/1.1" 200 370919 cronicareinodearagon.com "-" "Mozilla/5.0 (compatible; MJ12bot/v1.4.8; http://mj12bot.com/)" "-"
64.124.8.0 - - [09/Jan/2024:15:03:40 +0100] "GET /wp-content/uploads/2023/05/lula-brasil.jpg HTTP/1.1" 304 - cronicareinodearagon.com "-" "Mozilla/5.0 (compatible; ImagesiftBot; +imagesift.com)" "-"
135.181.75.0 - - [09/Jan/2024:15:03:44 +0100] "GET /wp-content/uploads/2023/05/verallia-aragon.jpg HTTP/1.1" 200 329091 cronicareinodearagon.com "-" "Mozilla/5.0 (compatible; MJ12bot/v1.4.8; http://mj12bot.com/)" "-"
135.181.75.0 - - [09/Jan/2024:15:03:57 +0100] "GET /wp-content/uploads/2023/05/zaragoza.jpg HTTP/1.1" 200 374079 cronicareinodearagon.com "-" "Mozilla/5.0 (compatible; MJ12bot/v1.4.8; http://mj12bot.com/)" "-"
66.249.84.0 - - [09/Jan/2024:15:05:35 +0100] "GET /category/educacion/feed/ HTTP/1.1" 200 56994 cronicareinodearagon.com "-" "FeedFetcher-Google; (+http://www.google.com/feedfetcher.html)" "-"
192.133.77.0 - - [09/Jan/2024:15:11:22 +0100] "GET /robots.txt HTTP/1.1" 200 202 cronicareinodearagon.com "-" "Twitterbot/1.0" "-"
192.133.77.0 - - [09/Jan/2024:15:11:22 +0100] "GET /robots.txt HTTP/1.1" 200 202 cronicareinodearagon.com "-" "Twitterbot/1.0" "-"
82.165.88.0 - - [09/Jan/2024:15:11:24 +0100] "POST /wp-cron.php?doing_wp_cron=1704809484.0864999294281005859375 HTTP/1.1" 200 - cronicareinodearagon.com "-" "WordPress/6.2.2; https://cronicareinodearagon.com" "-"
82.165.88.0 - - [09/Jan/2024:15:11:24 +0100] "POST /wp-cron.php?doing_wp_cron=1704809484.0865130424499511718750 HTTP/1.1" 200 - cronicareinodearagon.com "-" "WordPress/6.2.2; https://cronicareinodearagon.com" "-"
192.133.77.0 - - [09/Jan/2024:15:11:24 +0100] "GET /wp-content/uploads/2022/10/Zaragoza.jpg HTTP/1.1" 200 162949 cronicareinodearagon.com "-" "Twitterbot/1.0" "-"
192.133.77.0 - - [09/Jan/2024:15:11:24 +0100] "GET /wp-content/uploads/2022/10/Zaragoza.jpg HTTP/1.1" 200 162949 cronicareinodearagon.com "-" "Twitterbot/1.0" "-"
82.165.88.0 - - [09/Jan/2024:15:20:37 +0100] "POST /wp-cron.php?doing_wp_cron=1704810037.5627009868621826171875 HTTP/1.1" 200 - cronicareinodearagon.com "-" "WordPress/6.2.2; https://cronicareinodearagon.com" "-"
66.249.84.0 - - [09/Jan/2024:15:20:37 +0100] "GET /category/politica/feed/ HTTP/1.1" 200 18273 cronicareinodearagon.com "-" "FeedFetcher-Google; (+http://www.google.com/feedfetcher.html)" "-"
66.249.84.0 - - [09/Jan/2024:15:21:48 +0100] "GET /category/politica/feed/ HTTP/1.1" 200 18273 cronicareinodearagon.com "-" "FeedFetcher-Google; (+http://www.google.com/feedfetcher.html)" "-"
159.65.84.0 - - [09/Jan/2024:15:22:20 +0100] "POST /xmlrpc.php HTTP/1.1" 200 416 cronicareinodearagon.com "-" "Mozilla/5.0 (Windows NT 6.1; Win64; x64; rv:58.0) Gecko/20100101 Firefox/58.0" "-"
82.165.88.0 - - [09/Jan/2024:15:22:21 +0100] "POST /wp-cron.php?doing_wp_cron=1704810141.2833559513092041015625 HTTP/1.1" 200 - cronicareinodearagon.com "-" "WordPress/6.2.2; https://cronicareinodearagon.com" "-"
165.232.161.0 - - [09/Jan/2024:15:22:35 +0100] "POST /xmlrpc.php HTTP/1.1" 200 416 cronicareinodearagon.com "-" "Mozilla/5.0 (Windows NT 10.0; Win64; x64) AppleWebKit/537.36 (KHTML, like Gecko) Chrome/86.0.4240.198 Safari/537.36" "-"
68.178.155.0 - - [09/Jan/2024:15:22:38 +0100] "POST /xmlrpc.php HTTP/1.1" 200 416 cronicareinodearagon.com "-" "Mozilla/5.0 (Windows NT 6.1; Win64; x64) AppleWebKit/537.36 (KHTML, like Gecko) Chrome/63.0.3239.132 Safari/537.36" "-"
51.68.229.0 - - [09/Jan/2024:15:22:40 +0100] "POST /xmlrpc.php HTTP/1.1" 200 416 cronicareinodearagon.com "-" "Mozilla/5.0 (Windows NT 6.1; WOW64; rv:52.0) Gecko/20100101 Firefox/52.0" "-"
185.27.142.0 - - [09/Jan/2024:15:22:45 +0100] "POST /xmlrpc.php HTTP/1.1" 200 416 cronicareinodearagon.com "-" "Mozilla/5.0 (Windows NT 10.0; Win64; x64) AppleWebKit/537.36 (KHTML, like Gecko) Chrome/80.0.3987.163 Safari/537.36" "-"
82.165.88.0 - - [09/Jan/2024:15:22:46 +0100] "POST /wp-cron.php?doing_wp_cron=1704810166.1300289630889892578125 HTTP/1.1" 200 - cronicareinodearagon.com "-" "WordPress/6.2.2; https://cronicareinodearagon.com" "-"
66.249.84.0 - - [09/Jan/2024:15:28:20 +0100] "GET /category/educacion/feed/ HTTP/1.1" 200 56994 cronicareinodearagon.com "-" "FeedFetcher-Google; (+http://www.google.com/feedfetcher.html)" "-"
167.172.137.0 - - [09/Jan/2024:15:31:14 +0100] "GET / HTTP/1.1" 200 336 cronicadecadiz.com "-" "Mozilla/5.0 (X11; Linux x86_64) AppleWebKit/537.36 (KHTML, like Gecko) Chrome/108.0.0.0 Safari/537.36" "-"
66.249.78.0 - - [09/Jan/2024:15:33:39 +0100] "GET /robots.txt HTTP/1.1" 200 202 cronicareinodearagon.com "-" "Mozilla/5.0 (compatible; Googlebot/2.1; +http://www.google.com/bot.html)" "-"
82.165.88.0 - - [09/Jan/2024:15:33:40 +0100] "POST /wp-cron.php?doing_wp_cron=1704810819.9879240989685058593750 HTTP/1.1" 200 - cronicareinodearagon.com "-" "WordPress/6.2.2; https://cronicareinodearagon.com" "-"
66.249.79.0 - - [09/Jan/2024:15:33:41 +0100] "GET /wp-content/uploads/2023/05/chunta-aragonesista-mitin-central-1.jpg HTTP/1.1" 200 69894 cronicareinodearagon.com "-" "Googlebot-Image/1.0" "-"
52.167.144.0 - - [09/Jan/2024:15:35:02 +0100] "GET /wp-content/uploads/2023/05/carril-bici-zaragoza-cuarte-huerva-750x375.jpg HTTP/1.1" 200 56085 cronicareinodearagon.com "-" "Mozilla/5.0 AppleWebKit/537.36 (KHTML, like Gecko; compatible; bingbot/2.0; +http://www.bing.com/bingbot.htm) Chrome/116.0.1938.76 Safari/537.36" "-"
66.249.84.0 - - [09/Jan/2024:15:57:03 +0100] "GET /category/politica/feed/ HTTP/1.1" 200 18273 cronicareinodearagon.com "-" "FeedFetcher-Google; (+http://www.google.com/feedfetcher.html)" "-"
136.144.188.0 - - [09/Jan/2024:15:59:16 +0100] "POST /xmlrpc.php HTTP/1.1" 301 251 cronicareinodearagon.com "-" "Mozilla/5.0 (Windows NT 6.1; Win64; x64) AppleWebKit/537.36 (KHTML, like Gecko) Chrome/79.0.3945.88 Safari/537.36" "-"
136.144.188.0 - - [09/Jan/2024:15:59:16 +0100] "POST /xmlrpc.php HTTP/1.1" 200 416 cronicareinodearagon.com "-" "Mozilla/5.0 (Windows NT 6.1; Win64; x64) AppleWebKit/537.36 (KHTML, like Gecko) Chrome/79.0.3945.88 Safari/537.36" "-"
82.165.88.0 - - [09/Jan/2024:15:59:17 +0100] "POST /wp-cron.php?doing_wp_cron=1704812357.0307550430297851562500 HTTP/1.1" 200 - cronicareinodearagon.com "-" "WordPress/6.2.2; https://cronicareinodearagon.com" "-"
165.232.165.0 - - [09/Jan/2024:15:59:23 +0100] "POST /xmlrpc.php HTTP/1.1" 301 251 cronicareinodearagon.com "-" "Mozilla/5.0 (Windows NT 6.0; rv:34.0) Gecko/20100101 Firefox/34.0" "-"
165.232.165.0 - - [09/Jan/2024:15:59:24 +0100] "POST /xmlrpc.php HTTP/1.1" 200 416 cronicareinodearagon.com "-" "Mozilla/5.0 (Windows NT 6.0; rv:34.0) Gecko/20100101 Firefox/34.0" "-"
103.72.78.0 - - [09/Jan/2024:15:59:24 +0100] "POST /xmlrpc.php HTTP/1.1" 301 251 cronicareinodearagon.com "-" "Mozilla/5.0 (Windows NT 6.1; WOW64; rv:45.0) Gecko/20100101 Firefox/45.0" "-"
103.72.78.0 - - [09/Jan/2024:15:59:25 +0100] "POST /xmlrpc.php HTTP/1.1" 200 416 cronicareinodearagon.com "-" "Mozilla/5.0 (Windows NT 6.1; WOW64; rv:45.0) Gecko/20100101 Firefox/45.0" "-"
72.167.68.0 - - [09/Jan/2024:15:59:30 +0100] "POST /xmlrpc.php HTTP/1.1" 301 251 cronicareinodearagon.com "-" "Mozilla/5.0 (Windows NT 6.1; Win64; x64; rv:58.0) Gecko/20100101 Firefox/58.0" "-"
103.72.78.0 - - [09/Jan/2024:15:59:31 +0100] "POST /xmlrpc.php HTTP/1.1" 403 775 cronicareinodearagon.com "-" "Mozilla/5.0 (Windows NT 6.1; WOW64; rv:17.0) Gecko/20100101 Firefox/17.0" "-"
72.167.68.0 - - [09/Jan/2024:15:59:31 +0100] "POST /xmlrpc.php HTTP/1.1" 200 416 cronicareinodearagon.com "-" "Mozilla/5.0 (Windows NT 6.1; Win64; x64; rv:58.0) Gecko/20100101 Firefox/58.0" "-"
68.178.159.0 - - [09/Jan/2024:15:59:42 +0100] "POST /xmlrpc.php HTTP/1.1" 301 251 cronicareinodearagon.com "-" "Mozilla/5.0 (Windows NT 10.0; Win64; x64; rv:67.0) Gecko/20100101 Firefox/67.0" "-"
82.165.88.0 - - [09/Jan/2024:15:59:43 +0100] "POST /wp-cron.php?doing_wp_cron=1704812383.3188738822937011718750 HTTP/1.1" 200 - cronicareinodearagon.com "-" "WordPress/6.2.2; https://cronicareinodearagon.com" "-"
68.178.159.0 - - [09/Jan/2024:15:59:43 +0100] "POST /xmlrpc.php HTTP/1.1" 200 416 cronicareinodearagon.com "-" "Mozilla/5.0 (Windows NT 10.0; Win64; x64; rv:67.0) Gecko/20100101 Firefox/67.0" "-"
103.72.78.0 - - [09/Jan/2024:15:59:48 +0100] "POST /xmlrpc.php HTTP/1.1" 403 775 cronicareinodearagon.com "-" "Mozilla/5.0 (Windows NT 5.1; rv:33.0) Gecko/20100101 Firefox/33.0" "-"
66.249.84.0 - - [09/Jan/2024:16:06:46 +0100] "GET /category/educacion/feed/ HTTP/1.1" 200 56994 cronicareinodearagon.com "-" "FeedFetcher-Google; (+http://www.google.com/feedfetcher.html)" "-"
160.154.233.0 - - [09/Jan/2024:16:10:49 +0100] "GET /aragon/estudio-bacteria-aguacate-mala HTTP/1.1" 301 - cronicareinodearagon.com "-" "Mozilla/5.0 (Windows NT 6.1; Win64; x64; rv:47.0) Gecko/20100101 Firefox/47.0" "-"
82.165.88.0 - - [09/Jan/2024:16:10:50 +0100] "POST /wp-cron.php?doing_wp_cron=1704813050.2640271186828613281250 HTTP/1.1" 200 - cronicareinodearagon.com "-" "WordPress/6.2.2; https://cronicareinodearagon.com" "-"
160.154.233.0 - - [09/Jan/2024:16:10:50 +0100] "GET /aragon/estudio-bacteria-aguacate-malaga/ HTTP/1.1" 200 167035 cronicareinodearagon.com "-" "Mozilla/5.0 (Windows NT 6.1; Win64; x64; rv:47.0) Gecko/20100101 Firefox/47.0" "-"
193.168.3.0 - - [09/Jan/2024:16:11:35 +0100] "POST /xmlrpc.php HTTP/1.1" 200 416 cronicareinodearagon.com "-" "Mozilla/5.0 (Windows NT 6.1) AppleWebKit/537.36 (KHTML, like Gecko) Chrome/56.0.2924.76 Safari/537.36" "-"
82.165.88.0 - - [09/Jan/2024:16:11:36 +0100] "POST /wp-cron.php?doing_wp_cron=1704813096.0423979759216308593750 HTTP/1.1" 200 - cronicareinodearagon.com "-" "WordPress/6.2.2; https://cronicareinodearagon.com" "-"
103.90.232.0 - - [09/Jan/2024:16:11:41 +0100] "POST /xmlrpc.php HTTP/1.1" 200 416 cronicareinodearagon.com "-" "Mozilla/5.0 (Windows NT 10.0; Win64; x64) AppleWebKit/537.36 (KHTML, like Gecko) Chrome/90.0.4430.212 Safari/537.36" "-"
82.165.88.0 - - [09/Jan/2024:16:12:05 +0100] "POST /wp-cron.php?doing_wp_cron=1704813125.8580110073089599609375 HTTP/1.1" 200 - cronicareinodearagon.com "-" "WordPress/6.2.2; https://cronicareinodearagon.com" "-"
2600:1f16:300:: - - [09/Jan/2024:16:12:05 +0100] "POST /xmlrpc.php HTTP/1.1" 200 416 cronicareinodearagon.com "-" "Mozilla/5.0 (X11; Ubuntu; Linux i686; rv:24.0) Gecko/20100101 Firefox/24.0" "-"
31.24.128.0 - - [09/Jan/2024:16:12:15 +0100] "POST /xmlrpc.php HTTP/1.1" 200 416 cronicareinodearagon.com "-" "Mozilla/5.0 (Windows NT 10.0; Win64; x64) AppleWebKit/537.36 (KHTML, like Gecko) Chrome/78.0.3904.108 Safari/537.36" "-"
51.222.253.0 - - [09/Jan/2024:16:12:17 +0100] "GET /robots.txt HTTP/1.1" 200 202 cronicareinodearagon.com "-" "Mozilla/5.0 (compatible; AhrefsBot/7.0; +http://ahrefs.com/robot/)" "-"
54.36.148.0 - - [09/Jan/2024:16:12:19 +0100] "GET /politica/lamban-defiende-un-aragon-con-voz-propia-frente-al-ruido-frentismo-crispacion-e-insultos-del-pp-de-azcon/ HTTP/1.1" 200 171064 cronicareinodearagon.com "-" "Mozilla/5.0 (compatible; AhrefsBot/7.0; +http://ahrefs.com/robot/)" "-"
193.168.3.0 - - [09/Jan/2024:16:12:23 +0100] "POST /xmlrpc.php HTTP/1.1" 200 416 cronicareinodearagon.com "-" "Mozilla/5.0 (Windows NT 6.1; WOW64; rv:47.0) Gecko/20100101 Firefox/47.0" "-"
88.119.176.0 - - [09/Jan/2024:16:12:30 +0100] "POST /xmlrpc.php HTTP/1.1" 503 299 cronicareinodearagon.com "-" "Mozilla/5.0 (Windows NT 6.1; WOW64; rv:18.0) Gecko/20100101 Firefox/18.0" "-"
66.249.84.0 - - [09/Jan/2024:16:12:30 +0100] "GET /category/sociedad/feed/ HTTP/1.1" 200 16233 cronicareinodearagon.com "-" "FeedFetcher-Google; (+http://www.google.com/feedfetcher.html)" "-"
193.168.3.0 - - [09/Jan/2024:16:12:34 +0100] "POST /xmlrpc.php HTTP/1.1" 403 775 cronicareinodearagon.com "-" "Mozilla/5.0 (iPad; CPU OS 14_6 like Mac OS X) AppleWebKit/605.1.15 (KHTML, like Gecko) CriOS/91.0.4472.80 Mobile/15E148 Safari/604.1" "-"
2800:6c0:: - - [09/Jan/2024:16:12:37 +0100] "POST /xmlrpc.php HTTP/1.1" 503 299 cronicareinodearagon.com "-" "Mozilla/5.0 (Windows NT 6.1; WOW64; rv:18.0) Gecko/20100101 Firefox/18.0" "-"
66.249.79.0 - - [09/Jan/2024:16:14:48 +0100] "GET /wp-content/uploads/2023/05/psoe-teruel-lopez-juderias.jpg HTTP/1.1" 200 69830 cronicareinodearagon.com "-" "Googlebot-Image/1.0" "-"
66.249.79.0 - - [09/Jan/2024:16:14:52 +0100] "GET /wp-content/uploads/2023/05/reduccion-contaminacion-purines.jpg HTTP/1.1" 200 35131 cronicareinodearagon.com "-" "Googlebot-Image/1.0" "-"
66.249.79.0 - - [09/Jan/2024:16:15:25 +0100] "GET /wp-content/uploads/2023/05/lamban_psoe_aragon.jpg HTTP/1.1" 200 46697 cronicareinodearagon.com "-" "Googlebot-Image/1.0" "-"
66.249.78.0 - - [09/Jan/2024:16:20:55 +0100] "GET /wp-content/uploads/2023/05/Fuentes-Claras-Bioenergy.jpg HTTP/1.1" 200 143094 cronicareinodearagon.com "-" "Googlebot-Image/1.0" "-"
66.249.79.0 - - [09/Jan/2024:16:21:41 +0100] "GET /wp-content/uploads/2023/05/aratur-visitantes.jpg HTTP/1.1" 200 72552 cronicareinodearagon.com "-" "Googlebot-Image/1.0" "-"
66.249.79.0 - - [09/Jan/2024:16:23:03 +0100] "GET /wp-content/uploads/2023/05/itainnova-carbo4power.jpg HTTP/1.1" 200 71972 cronicareinodearagon.com "-" "Googlebot-Image/1.0" "-"
64.124.8.0 - - [09/Jan/2024:16:25:31 +0100] "GET /wp-content/uploads/2023/05/carril-bici-zaragoza-cuarte-huerva.jpg HTTP/1.1" 304 - cronicareinodearagon.com "-" "Mozilla/5.0 (compatible; ImagesiftBot; +imagesift.com)" "-"
66.249.79.0 - - [09/Jan/2024:16:25:53 +0100] "GET /wp-content/uploads/2023/05/dinopolis-mar-jurasico.jpg HTTP/1.1" 200 49749 cronicareinodearagon.com "-" "Googlebot-Image/1.0" "-"
66.249.84.0 - - [09/Jan/2024:16:30:23 +0100] "GET /category/sociedad/feed/ HTTP/1.1" 200 16233 cronicareinodearagon.com "-" "FeedFetcher-Google; (+http://www.google.com/feedfetcher.html)" "-"
66.249.78.0 - - [09/Jan/2024:16:32:03 +0100] "GET /wp-content/uploads/2023/05/forestalia-renovables.jpg HTTP/1.1" 200 346479 cronicareinodearagon.com "-" "Googlebot-Image/1.0" "-"
66.249.84.0 - - [09/Jan/2024:16:32:35 +0100] "GET /category/politica/feed/ HTTP/1.1" 200 18273 cronicareinodearagon.com "-" "FeedFetcher-Google; (+http://www.google.com/feedfetcher.html)" "-"
66.249.78.0 - - [09/Jan/2024:16:35:10 +0100] "GET /robots.txt HTTP/1.1" 200 202 cronicareinodearagon.com "-" "Mozilla/5.0 (compatible; Googlebot/2.1; +http://www.google.com/bot.html)" "-"
66.249.79.0 - - [09/Jan/2024:16:35:11 +0100] "GET /wp-content/uploads/2023/05/fernando-rivares-podemos-zaragoza.jpg HTTP/1.1" 200 59111 cronicareinodearagon.com "-" "Googlebot-Image/1.0" "-"
82.165.88.0 - - [09/Jan/2024:16:35:11 +0100] "POST /wp-cron.php?doing_wp_cron=1704814511.3182790279388427734375 HTTP/1.1" 200 - cronicareinodearagon.com "-" "WordPress/6.2.2; https://cronicareinodearagon.com" "-"
160.154.233.0 - - [09/Jan/2024:16:40:19 +0100] "GET /aragon/estudio-bacteria-aguacate-mala HTTP/1.1" 301 - cronicareinodearagon.com "-" "Mozilla/5.0 (Windows NT 6.1; Win64; x64; rv:47.0) Gecko/20100101 Firefox/47.0" "-"
82.165.88.0 - - [09/Jan/2024:16:40:20 +0100] "POST /wp-cron.php?doing_wp_cron=1704814820.2442998886108398437500 HTTP/1.1" 200 - cronicareinodearagon.com "-" "WordPress/6.2.2; https://cronicareinodearagon.com" "-"
160.154.233.0 - - [09/Jan/2024:16:40:20 +0100] "GET /aragon/estudio-bacteria-aguacate-malaga/ HTTP/1.1" 200 167034 cronicareinodearagon.com "-" "Mozilla/5.0 (Windows NT 6.1; Win64; x64; rv:47.0) Gecko/20100101 Firefox/47.0" "-"
66.249.84.0 - - [09/Jan/2024:16:42:29 +0100] "GET /category/educacion/feed/ HTTP/1.1" 200 56994 cronicareinodearagon.com "-" "FeedFetcher-Google; (+http://www.google.com/feedfetcher.html)" "-"
82.165.88.0 - - [09/Jan/2024:16:46:59 +0100] "POST /wp-cron.php?doing_wp_cron=1704815219.7182269096374511718750 HTTP/1.1" 200 - cronicareinodearagon.com "-" "WordPress/6.2.2; https://cronicareinodearagon.com" "-"
157.55.39.0 - - [09/Jan/2024:16:46:59 +0100] "GET /wp-content/uploads/2021/09/BALTASAR-GARZ%C3%93N-1024x746.jpeg HTTP/1.1" 404 144989 cronicareinodearagon.com "-" "Mozilla/5.0 AppleWebKit/537.36 (KHTML, like Gecko; compatible; bingbot/2.0; +http://www.bing.com/bingbot.htm) Chrome/116.0.1938.76 Safari/537.36" "-"
209.141.49.0 - - [09/Jan/2024:16:51:11 +0100] "GET /?author=3 HTTP/1.1" 301 250 cronicareinodearagon.com "http://www.google.com.hk" "Mozilla/5.0 (Windows NT 6.1; WOW64) AppleWebKit/537.36 (KHTML, like Gecko) Chrome/42.0.2311.90 Safari/537.36" "-"
209.141.49.0 - - [09/Jan/2024:16:51:15 +0100] "GET /?author=3 HTTP/1.1" 404 144798 cronicareinodearagon.com "http://www.google.com.hk" "Mozilla/5.0 (Windows NT 6.1; WOW64) AppleWebKit/537.36 (KHTML, like Gecko) Chrome/42.0.2311.90 Safari/537.36" "-"
82.165.88.0 - - [09/Jan/2024:16:51:16 +0100] "POST /wp-cron.php?doing_wp_cron=1704815476.0609478950500488281250 HTTP/1.1" 200 - cronicareinodearagon.com "-" "WordPress/6.2.2; https://cronicareinodearagon.com" "-"
139.59.78.0 - - [09/Jan/2024:16:54:27 +0100] "POST /xmlrpc.php HTTP/1.1" 301 251 cronicareinodearagon.com "-" "Mozilla/5.0 (Windows; U; Windows NT 5.1; en-US; rv:1.7.10) Gecko/20050716 Firefox/1.0.6" "-"
139.59.78.0 - - [09/Jan/2024:16:54:28 +0100] "POST /xmlrpc.php HTTP/1.1" 200 416 cronicareinodearagon.com "-" "Mozilla/5.0 (Windows; U; Windows NT 5.1; en-US; rv:1.7.10) Gecko/20050716 Firefox/1.0.6" "-"
82.165.88.0 - - [09/Jan/2024:16:54:29 +0100] "POST /wp-cron.php?doing_wp_cron=1704815669.2158689498901367187500 HTTP/1.1" 200 - cronicareinodearagon.com "-" "WordPress/6.2.2; https://cronicareinodearagon.com" "-"
2a03:6f00:: - - [09/Jan/2024:16:54:38 +0100] "POST /xmlrpc.php HTTP/1.1" 301 251 cronicareinodearagon.com "-" "Mozilla/5.0 (Windows; U; Windows NT 5.1; en-US; rv:1.7.10) Gecko/20050716 Firefox/1.0.6" "-"
2a03:6f00:: - - [09/Jan/2024:16:54:39 +0100] "POST /xmlrpc.php HTTP/1.1" 200 416 cronicareinodearagon.com "-" "Mozilla/5.0 (Windows; U; Windows NT 5.1; en-US; rv:1.7.10) Gecko/20050716 Firefox/1.0.6" "-"
123.207.11.0 - - [09/Jan/2024:16:54:42 +0100] "POST /xmlrpc.php HTTP/1.1" 301 251 cronicareinodearagon.com "-" "Mozilla/5.0 (Windows NT 10.0; Win64; x64) AppleWebKit/537.36 (KHTML, like Gecko) Chrome/83.0.4103.116 Safari/537.36" "-"
82.165.88.0 - - [09/Jan/2024:16:54:43 +0100] "POST /wp-cron.php?doing_wp_cron=1704815683.9035120010375976562500 HTTP/1.1" 200 - cronicareinodearagon.com "-" "WordPress/6.2.2; https://cronicareinodearagon.com" "-"
123.207.11.0 - - [09/Jan/2024:16:54:43 +0100] "POST /xmlrpc.php HTTP/1.1" 200 416 cronicareinodearagon.com "-" "Mozilla/5.0 (Windows NT 10.0; Win64; x64) AppleWebKit/537.36 (KHTML, like Gecko) Chrome/83.0.4103.116 Safari/537.36" "-"
165.232.165.0 - - [09/Jan/2024:16:54:47 +0100] "POST /xmlrpc.php HTTP/1.1" 301 251 cronicareinodearagon.com "-" "Mozilla/5.0 (Windows NT 6.1; WOW64; rv:45.0) Gecko/20100101 Firefox/45.0" "-"
165.232.165.0 - - [09/Jan/2024:16:54:48 +0100] "POST /xmlrpc.php HTTP/1.1" 200 416 cronicareinodearagon.com "-" "Mozilla/5.0 (Windows NT 6.1; WOW64; rv:45.0) Gecko/20100101 Firefox/45.0" "-"
165.232.165.0 - - [09/Jan/2024:16:54:51 +0100] "POST /xmlrpc.php HTTP/1.1" 403 775 cronicareinodearagon.com "-" "Mozilla/5.0 (Windows NT 6.1) AppleWebKit/537.36 (KHTML, like Gecko) Chrome/56.0.2924.76 Safari/537.36" "-"
94.73.148.0 - - [09/Jan/2024:16:54:52 +0100] "POST /xmlrpc.php HTTP/1.1" 301 251 cronicareinodearagon.com "-" "Mozilla/5.0 (Windows NT 10.0; Win64; x64) AppleWebKit/537.36 (KHTML, like Gecko) Chrome/74.0.3729.169 Safari/537.36" "-"
94.73.148.0 - - [09/Jan/2024:16:54:52 +0100] "POST /xmlrpc.php HTTP/1.1" 200 416 cronicareinodearagon.com "-" "Mozilla/5.0 (Windows NT 10.0; Win64; x64) AppleWebKit/537.36 (KHTML, like Gecko) Chrome/74.0.3729.169 Safari/537.36" "-"
47.254.42.0 - - [09/Jan/2024:16:55:01 +0100] "POST /xmlrpc.php HTTP/1.1" 301 251 cronicareinodearagon.com "-" "Mozilla/5.0 (Windows NT 10.0; Win64; x64; rv:66.0) Gecko/20100101 Firefox/66.0" "-"
47.254.42.0 - - [09/Jan/2024:16:55:02 +0100] "POST /xmlrpc.php HTTP/1.1" 200 416 cronicareinodearagon.com "-" "Mozilla/5.0 (Windows NT 10.0; Win64; x64; rv:66.0) Gecko/20100101 Firefox/66.0" "-"
190.92.137.0 - - [09/Jan/2024:16:55:07 +0100] "POST /xmlrpc.php HTTP/1.1" 301 251 cronicareinodearagon.com "-" "Mozilla/5.0 (Windows NT 10.0) AppleWebKit/537.36 (KHTML, like Gecko) Chrome/91.0.4472.114 Safari/537.36" "-"
34.80.19.0 - - [09/Jan/2024:16:55:07 +0100] "POST /xmlrpc.php HTTP/1.1" 301 251 cronicareinodearagon.com "-" "Mozilla/5.0 (Windows NT 6.1; Win64; x64; rv:58.0) Gecko/20100101 Firefox/58.0" "-"
190.92.137.0 - - [09/Jan/2024:16:55:08 +0100] "POST /xmlrpc.php HTTP/1.1" 200 416 cronicareinodearagon.com "-" "Mozilla/5.0 (Windows NT 10.0) AppleWebKit/537.36 (KHTML, like Gecko) Chrome/91.0.4472.114 Safari/537.36" "-"
34.80.19.0 - - [09/Jan/2024:16:55:08 +0100] "POST /xmlrpc.php HTTP/1.1" 200 416 cronicareinodearagon.com "-" "Mozilla/5.0 (Windows NT 6.1; Win64; x64; rv:58.0) Gecko/20100101 Firefox/58.0" "-"
66.249.79.0 - - [09/Jan/2024:16:55:14 +0100] "GET /wp-content/uploads/2023/05/taller-fondos-europeos-itainnova.jpg HTTP/1.1" 200 36761 cronicareinodearagon.com "-" "Googlebot-Image/1.0" "-"
66.249.79.0 - - [09/Jan/2024:16:55:59 +0100] "GET /wp-content/uploads/2023/05/obras-kdk-borja.jpg HTTP/1.1" 200 65451 cronicareinodearagon.com "-" "Googlebot-Image/1.0" "-"
182.43.70.0 - - [09/Jan/2024:16:56:57 +0100] "GET / HTTP/1.1" 200 336 cronicadejaen.com "-" "Mozilla/5.0 (iPhone; CPU iPhone OS 13_2_3 like Mac OS X) AppleWebKit/605.1.15 (KHTML, like Gecko) Version/13.0.3 Mobile/15E148 Safari/604.1" "-"
157.55.39.0 - - [09/Jan/2024:17:05:21 +0100] "GET /wp-content/uploads/2021/09/1585072968945.jpeg HTTP/1.1" 200 37946 cronicareinodearagon.com "-" "Mozilla/5.0 AppleWebKit/537.36 (KHTML, like Gecko; compatible; bingbot/2.0; +http://www.bing.com/bingbot.htm) Chrome/116.0.1938.76 Safari/537.36" "-"
82.165.88.0 - - [09/Jan/2024:17:06:36 +0100] "POST /wp-cron.php?doing_wp_cron=1704816396.7011709213256835937500 HTTP/1.1" 200 - cronicareinodearagon.com "-" "WordPress/6.2.2; https://cronicareinodearagon.com" "-"
72.14.199.0 - - [09/Jan/2024:17:06:36 +0100] "GET /category/economia/feed/ HTTP/1.1" 200 12913 cronicareinodearagon.com "-" "FeedFetcher-Google; (+http://www.google.com/feedfetcher.html)" "-"
175.6.217.0 - - [09/Jan/2024:17:09:55 +0100] "GET / HTTP/1.1" 200 336 cronicadecadiz.com "-" "Mozilla/5.0 (iPhone; CPU iPhone OS 13_2_3 like Mac OS X) AppleWebKit/605.1.15 (KHTML, like Gecko) Version/13.0.3 Mobile/15E148 Safari/604.1" "-"
66.249.84.0 - - [09/Jan/2024:17:15:03 +0100] "GET /category/politica/feed/ HTTP/1.1" 200 18273 cronicareinodearagon.com "-" "FeedFetcher-Google; (+http://www.google.com/feedfetcher.html)" "-"
2400:6180:100:: - - [09/Jan/2024:17:16:38 +0100] "GET /inputs.php HTTP/1.1" 404 596 cronicadesevilla.com "cronicadesevilla.com" "Mozilla/5.1 (Windows NT 6.0; WOW64) AppleWebKit/537.37 (KHTML, like Gecko) Chrome/58.0.1145.75 Safari/537.37" "-"
82.165.88.0 - - [09/Jan/2024:17:19:23 +0100] "POST /wp-cron.php?doing_wp_cron=1704817163.8280560970306396484375 HTTP/1.1" 200 - cronicareinodearagon.com "-" "WordPress/6.2.2; https://cronicareinodearagon.com" "-"
217.160.88.0 - - [09/Jan/2024:17:19:23 +0100] "POST /xmlrpc.php HTTP/1.1" 200 416 cronicareinodearagon.com "-" "Mozilla/5.0 (X11; Linux x86_64) AppleWebKit/537.36 (KHTML, like Gecko) Chrome/76.0.3809.132 Safari/537.36" "-"
217.160.88.0 - - [09/Jan/2024:17:19:24 +0100] "POST /xmlrpc.php HTTP/1.1" 200 416 cronicareinodearagon.com "-" "Mozilla/5.0 (X11; Linux x86_64) AppleWebKit/537.36 (KHTML, like Gecko) Chrome/76.0.3809.132 Safari/537.36" "-"
217.160.88.0 - - [09/Jan/2024:17:19:25 +0100] "POST /xmlrpc.php HTTP/1.1" 403 775 cronicareinodearagon.com "-" "Mozilla/5.0 (X11; Linux x86_64) AppleWebKit/537.36 (KHTML, like Gecko) Chrome/76.0.3809.132 Safari/537.36" "-"
217.160.88.0 - - [09/Jan/2024:17:19:26 +0100] "POST /xmlrpc.php HTTP/1.1" 403 775 cronicareinodearagon.com "-" "Mozilla/5.0 (X11; Linux x86_64) AppleWebKit/537.36 (KHTML, like Gecko) Chrome/76.0.3809.132 Safari/537.36" "-"
217.160.88.0 - - [09/Jan/2024:17:19:27 +0100] "POST /xmlrpc.php HTTP/1.1" 403 775 cronicareinodearagon.com "-" "Mozilla/5.0 (X11; Linux x86_64) AppleWebKit/537.36 (KHTML, like Gecko) Chrome/76.0.3809.132 Safari/537.36" "-"
176.31.68.0 - - [09/Jan/2024:17:20:09 +0100] "GET /index.php?of=1&a=1 HTTP/1.1" 300 550 cronicadesevilla.com "cronicadesevilla.com" "Mozilla/5.0 (Windows NT 6.1; Win64; x64) AppleWebKit/537.36 (KHTML, like Gecko) Chrome/242.02.8301.120 Safari/537.36" "-"
82.165.88.0 - - [09/Jan/2024:17:20:52 +0100] "POST /wp-cron.php?doing_wp_cron=1704817252.9679460525512695312500 HTTP/1.1" 200 - cronicareinodearagon.com "-" "WordPress/6.2.2; https://cronicareinodearagon.com" "-"
207.46.13.0 - - [09/Jan/2024:17:20:52 +0100] "GET /wp-content/uploads/2021/09/BALTASAR-GARZ%C3%93N-1024x746.jpeg HTTP/1.1" 404 144989 cronicareinodearagon.com "-" "Mozilla/5.0 AppleWebKit/537.36 (KHTML, like Gecko; compatible; bingbot/2.0; +http://www.bing.com/bingbot.htm) Chrome/116.0.1938.76 Safari/537.36" "-"
66.249.78.0 - - [09/Jan/2024:17:23:08 +0100] "GET /wp-content/uploads/2023/05/dinopolis-mar-jurasico.jpg HTTP/1.1" 200 49749 cronicareinodearagon.com "-" "Googlebot-Image/1.0" "-"
107.189.11.0 - - [09/Jan/2024:17:23:31 +0100] "GET / HTTP/1.1" 200 336 cronicadeextremadura.com "http://cronicadeextremadura.com" "Mozilla/5.0 (iPhone; CPU iPhone OS 11_2_5 like Mac OS X) AppleWebKit/604.5.6 (KHTML, like Gecko) Version/11.0 Mobile/15D60 Safari/604.1" "-"
66.249.84.0 - - [09/Jan/2024:17:24:20 +0100] "GET /category/educacion/feed/ HTTP/1.1" 200 56994 cronicareinodearagon.com "-" "FeedFetcher-Google; (+http://www.google.com/feedfetcher.html)" "-"
66.249.79.0 - - [09/Jan/2024:17:24:55 +0100] "GET /wp-content/uploads/2023/05/fernando-rivares-podemos-zaragoza.jpg HTTP/1.1" 200 59111 cronicareinodearagon.com "-" "Googlebot-Image/1.0" "-"
170.106.159.0 - - [09/Jan/2024:17:25:45 +0100] "GET / HTTP/1.1" 200 336 cronicadehuelva.com "-" "Mozilla/5.0 (iPhone; CPU iPhone OS 13_2_3 like Mac OS X) AppleWebKit/605.1.15 (KHTML, like Gecko) Version/13.0.3 Mobile/15E148 Safari/604.1" "-"
