62.197.152.0 - - [10/Jan/2024:13:25:17 +0100] "GET /wp-includes/wp-includes/ HTTP/1.1" 404 596 cronicadearagon.com "-" "Mozilla/5.0 (Macintosh; Intel Mac OS X 10_10_1) AppleWebKit/537.36 (KHTML, like Gecko) Chrome/39.0.2171.95 Safari/537.36" "-"
62.197.152.0 - - [10/Jan/2024:13:25:17 +0100] "GET /wp-includes/css/dist/ HTTP/1.1" 404 596 cronicadearagon.com "-" "Mozilla/5.0 (Macintosh; Intel Mac OS X 10.15; rv:79.0) Gecko/20100101 Firefox/79.0" "-"
62.197.152.0 - - [10/Jan/2024:13:25:17 +0100] "GET /wp-includes/ID3/ HTTP/1.1" 404 596 cronicadearagon.com "-" "Mozilla/5.0 (Macintosh; Intel Mac OS X 10_15_6) AppleWebKit/537.36 (KHTML, like Gecko) Chrome/84.0.4147.105 Safari/537.36 OPR/70.0.3728.95" "-"
62.197.152.0 - - [10/Jan/2024:13:25:17 +0100] "GET /wp-includes/ID3/wp-includes/IXR/ HTTP/1.1" 404 596 cronicadearagon.com "-" "Mozilla/5.0 (Linux x86_64; rv:79.0) Gecko/20100101 Firefox/79.0" "-"
62.197.152.0 - - [10/Jan/2024:13:25:17 +0100] "GET /wp-includes/images/crystal/ HTTP/1.1" 404 596 cronicadearagon.com "-" "Mozilla/5.0 (Windows NT 10.0; WOW64; x64) AppleWebKit/537.36 (KHTML, like Gecko) Chrome/84.0.4147.105 Safari/537.36 OPR/70.0.3728.95" "-"
62.197.152.0 - - [10/Jan/2024:13:25:17 +0100] "GET /wp-includes/images/media/ HTTP/1.1" 404 596 cronicadearagon.com "-" "Mozilla/5.0 (Windows NT 10.0; WOW64) AppleWebKit/537.36 (KHTML, like Gecko) Chrome/72.0.3626.121 Safari/537.36" "-"
62.197.152.0 - - [10/Jan/2024:13:25:17 +0100] "GET /wp-includes/images/smilies/ HTTP/1.1" 404 596 cronicadearagon.com "-" "Mozilla/5.0 (Windows NT 6.3; Win64; x64; rv:73.0) Gecko/20100101 Firefox/73.0" "-"
62.197.152.0 - - [10/Jan/2024:13:25:18 +0100] "GET /wp-includes/images/wlw/ HTTP/1.1" 404 596 cronicadearagon.com "-" "Mozilla/5.0 (Linux x86_64; rv:79.0) Gecko/20100101 Firefox/79.0" "-"
62.197.152.0 - - [10/Jan/2024:13:25:18 +0100] "GET /wp-includes/js/codemirror/ HTTP/1.1" 404 596 cronicadearagon.com "-" "Mozilla/5.0 (Windows NT 10.0; Win64; x64) AppleWebKit/537.36 (KHTML, like Gecko) Chrome/83.0.4103.97 Safari/537.36" "-"
62.197.152.0 - - [10/Jan/2024:13:25:18 +0100] "GET /wp-includes/js/plupload/ HTTP/1.1" 404 596 cronicadearagon.com "-" "Mozilla/5.0 (Windows NT 10.0; Win64; x64; rv:76.0) Gecko/20100101 Firefox/76.0" "-"
62.197.152.0 - - [10/Jan/2024:13:25:18 +0100] "GET /wp-includes/PHPMailer/ HTTP/1.1" 404 596 cronicadearagon.com "-" "Mozilla/5.0 (Windows NT 10.0; WOW64; x64) AppleWebKit/537.36 (KHTML, like Gecko) Chrome/84.0.4147.105 Safari/537.36 OPR/70.0.3728.95" "-"
62.197.152.0 - - [10/Jan/2024:13:25:18 +0100] "GET /wp-includes/sitemaps/ HTTP/1.1" 404 596 cronicadearagon.com "-" "Mozilla/5.0 (Windows NT 10.0; Win64; x64; rv:71.0) Gecko/20100101 Firefox/71.0" "-"
62.197.152.0 - - [10/Jan/2024:13:25:18 +0100] "GET /wp-includes/sitemaps/providers/ HTTP/1.1" 404 596 cronicadearagon.com "-" "Mozilla/5.0 (Windows NT 10.0; Win64; x64) AppleWebKit/537.36 (KHTML, like Gecko) Chrome/83.0.4103.61 Safari/537.36" "-"
62.197.152.0 - - [10/Jan/2024:13:25:18 +0100] "GET /cache-wordpress/ HTTP/1.1" 404 596 cronicadearagon.com "-" "Mozilla/5.0 (Windows NT 10.0; Win64; x64) AppleWebKit/537.36 (KHTML, like Gecko) Chrome/69.0.3497.100 Safari/537.36" "-"
62.197.152.0 - - [10/Jan/2024:13:25:19 +0100] "GET /cakil/ HTTP/1.1" 404 596 cronicadearagon.com "-" "Mozilla/5.0 (Windows NT 10.0) AppleWebKit/537.36 (KHTML, like Gecko) Chrome/72.0.3626.121 Safari/537.36" "-"
62.197.152.0 - - [10/Jan/2024:13:25:19 +0100] "GET /cekidot/ HTTP/1.1" 404 596 cronicadearagon.com "-" "Mozilla/5.0 (Windows NT 10.0; Win64; x64; rv:75.0) Gecko/20100101 Firefox/75.0" "-"
62.197.152.0 - - [10/Jan/2024:13:25:19 +0100] "GET /ubh/ HTTP/1.1" 404 596 cronicadearagon.com "-" "Mozilla/5.0 (Windows NT 10.0; Win64; x64; rv:67.0) Gecko/20100101 Firefox/67.0" "-"
62.197.152.0 - - [10/Jan/2024:13:25:19 +0100] "GET /wp-content/ALFA_DATA/alfacgiapi/ HTTP/1.1" 503 299 cronicadearagon.com "-" "Mozilla/5.0 (Windows NT 10.0; Win64; x64) AppleWebKit/537.36 (KHTML, like Gecko) Chrome/75.0.3770.100 Safari/537.36" "-"
62.197.152.0 - - [10/Jan/2024:13:25:19 +0100] "GET /wp-content/plugins/linkpreview/ HTTP/1.1" 404 596 cronicadearagon.com "-" "Mozilla/5.0 (Windows NT 10.0; Win64; x64) AppleWebKit/537.36 (KHTML, like Gecko) Chrome/58.0.3029.110 Safari/537.3" "-"
62.197.152.0 - - [10/Jan/2024:13:25:19 +0100] "GET /wp-content/plugins/aryabot/ HTTP/1.1" 404 596 cronicadearagon.com "-" "Mozilla/5.0 (Windows NT 10.0; Win64; x64) AppleWebKit/537.36 (KHTML, like Gecko) Chrome/81.0.4044.129 Safari/537.36" "-"
62.197.152.0 - - [10/Jan/2024:13:25:19 +0100] "GET /wp-content/plugins/BrutalShell/ HTTP/1.1" 404 596 cronicadearagon.com "-" "Mozilla/5.0 (Windows NT 10.0; Win64; x64) AppleWebKit/537.36 (KHTML, like Gecko) Chrome/75.0.3770.100 Safari/537.36" "-"
62.197.152.0 - - [10/Jan/2024:13:25:19 +0100] "GET /wp-content/plugins/cache-wordpress/ HTTP/1.1" 404 596 cronicadearagon.com "-" "Mozilla/5.0 (Windows NT 10.0; Win64; x64; rv:74.0) Gecko/20100101 Firefox/74.0" "-"
62.197.152.0 - - [10/Jan/2024:13:25:19 +0100] "GET /wp-content/plugins/cakil/ HTTP/1.1" 404 596 cronicadearagon.com "-" "Mozilla/5.0 (Windows NT 10.0; Win64; x64) AppleWebKit/537.36 (KHTML, like Gecko) Chrome/75.0.3770.100 Safari/537.36" "-"
62.197.152.0 - - [10/Jan/2024:13:25:19 +0100] "GET /wp-content/plugins/cekidot/ HTTP/1.1" 404 596 cronicadearagon.com "-" "Mozilla/5.0 (X11; Fedora; Linux x86_64; rv:79.0) Gecko/20100101 Firefox/79.0" "-"
62.197.152.0 - - [10/Jan/2024:13:25:20 +0100] "GET /wp-content/plugins/db/ HTTP/1.1" 404 596 cronicadearagon.com "-" "Mozilla/5.0 (Windows NT 6.1; Win64; x64) AppleWebKit/537.36 (KHTML, like Gecko) Chrome/79.0.3945.130 Safari/537.36" "-"
62.197.152.0 - - [10/Jan/2024:13:25:20 +0100] "GET /wp-content/plugins/home/ HTTP/1.1" 404 596 cronicadearagon.com "-" "Mozilla/5.0 (Windows NT 10.0; Win64; x64) AppleWebKit/537.36 (KHTML, like Gecko) Chrome/80.0.3987.149 Safari/537.36" "-"
62.197.152.0 - - [10/Jan/2024:13:25:20 +0100] "GET /wp-content/plugins/limit/ HTTP/1.1" 404 596 cronicadearagon.com "-" "Mozilla/5.0 (X11; Fedora; Linux x86_64; rv:79.0) Gecko/20100101 Firefox/79.0" "-"
62.197.152.0 - - [10/Jan/2024:13:25:20 +0100] "GET /wp-content/plugins/owfsmac/ HTTP/1.1" 404 596 cronicadearagon.com "-" "Mozilla/5.0 (X11; Ubuntu; Linux x86_64; rv:79.0) Gecko/20100101 Firefox/79.0" "-"
62.197.152.0 - - [10/Jan/2024:13:25:20 +0100] "GET /wp-content/plugins/prenota/ HTTP/1.1" 404 596 cronicadearagon.com "-" "Mozilla/5.0 (Windows NT 6.1; Win64; x64) AppleWebKit/537.36 (KHTML, like Gecko) Chrome/74.0.3729.169 Safari/537.36" "-"
62.197.152.0 - - [10/Jan/2024:13:25:20 +0100] "GET /wp-content/plugins/random/ HTTP/1.1" 404 596 cronicadearagon.com "-" "Mozilla/5.0 (Macintosh; Intel Mac OS X 10.15; rv:79.0) Gecko/20100101 Firefox/79.0" "-"
62.197.152.0 - - [10/Jan/2024:13:25:20 +0100] "GET /wp-content/plugins/ubh/ HTTP/1.1" 404 596 cronicadearagon.com "-" "Mozilla/5.0 (X11; Fedora; Linux x86_64; rv:79.0) Gecko/20100101 Firefox/79.0" "-"
62.197.152.0 - - [10/Jan/2024:13:25:21 +0100] "GET /wp-content/plugins/Uwogh-Segs/ HTTP/1.1" 404 596 cronicadearagon.com "-" "Mozilla/5.0 (Macintosh; Intel Mac OS X 10_15_6) AppleWebKit/537.36 (KHTML, like Gecko) Chrome/84.0.4147.105 Safari/537.36 OPR/70.0.3728.95" "-"
62.197.152.0 - - [10/Jan/2024:13:25:21 +0100] "GET /wp-content/plugins/wp-diambar/includes/ HTTP/1.1" 404 596 cronicadearagon.com "-" "Mozilla/5.0 (X11; Linux x86_64) AppleWebKit/537.36 (KHTML, like Gecko) Chrome/84.0.4147.105 Safari/537.36" "-"
62.197.152.0 - - [10/Jan/2024:13:25:21 +0100] "GET /wp-content/plugins/wp-freeform/ HTTP/1.1" 404 596 cronicadearagon.com "-" "Mozilla/5.0 (Windows NT 10.0; Win64; x64) AppleWebKit/537.36 (KHTML, like Gecko) Chrome/70.0.3538.110 Safari/537.36" "-"
62.197.152.0 - - [10/Jan/2024:13:25:21 +0100] "GET /wp-content/plugins/wp-hps/sh/ HTTP/1.1" 404 596 cronicadearagon.com "-" "Mozilla/5.0 (Windows NT 10.0) AppleWebKit/537.36 (KHTML, like Gecko) Chrome/84.0.4147.105 Safari/537.36" "-"
62.197.152.0 - - [10/Jan/2024:13:25:21 +0100] "GET /wp-content/plugins/wpeazvp/ HTTP/1.1" 404 596 cronicadearagon.com "-" "Mozilla/5.0 (Windows NT 10.0; Win64; x64) AppleWebKit/537.36 (KHTML, like Gecko) Chrome/79.0.3945.79 Safari/537.36" "-"
62.197.152.0 - - [10/Jan/2024:13:25:21 +0100] "GET /wp-content/plugins/zaen/includes/ HTTP/1.1" 404 596 cronicadearagon.com "-" "Mozilla/5.0 (Windows NT 10.0; Win64; x64) AppleWebKit/537.36 (KHTML, like Gecko) Chrome/79.0.3945.79 Safari/537.36" "-"
62.197.152.0 - - [10/Jan/2024:13:25:21 +0100] "GET /wp-content/plugins/core-stab/ HTTP/1.1" 404 596 cronicadearagon.com "-" "Mozilla/5.0 (Windows NT 6.1; Win64; x64) AppleWebKit/537.36 (KHTML, like Gecko) Chrome/79.0.3945.130 Safari/537.36" "-"
62.197.152.0 - - [10/Jan/2024:13:25:21 +0100] "GET /wp-content/themes/alera/ HTTP/1.1" 404 596 cronicadearagon.com "-" "Mozilla/5.0 (X11; Fedora; Linux x86_64; rv:79.0) Gecko/20100101 Firefox/79.0" "-"
62.197.152.0 - - [10/Jan/2024:13:25:22 +0100] "GET /wp-content/themes/rishi/ HTTP/1.1" 404 596 cronicadearagon.com "-" "Mozilla/5.0 (X11; Linux x86_64) AppleWebKit/537.36 (KHTML, like Gecko) Chrome/84.0.4147.105 Safari/537.36 OPR/70.0.3728.95" "-"
62.197.152.0 - - [10/Jan/2024:13:25:22 +0100] "GET /wp-content/themes/sketch/ HTTP/1.1" 404 596 cronicadearagon.com "-" "Mozilla/5.0 (Windows NT 10.0; Win64; x64; rv:75.0) Gecko/20100101 Firefox/75.0" "-"
62.197.152.0 - - [10/Jan/2024:13:25:22 +0100] "GET /wp-content/themes/thuoc-nam/ HTTP/1.1" 404 596 cronicadearagon.com "-" "Mozilla/5.0 (X11; Linux x86_64) AppleWebKit/537.36 (KHTML, like Gecko) Chrome/84.0.4147.105 Safari/537.36 OPR/70.0.3728.95" "-"
62.197.152.0 - - [10/Jan/2024:13:25:22 +0100] "GET /wp-content/themes/twentyfive/ HTTP/1.1" 404 596 cronicadearagon.com "-" "Mozilla/5.0 (Windows NT 10.0; Win64; x64; rv:71.0) Gecko/20100101 Firefox/71.0" "-"
62.197.152.0 - - [10/Jan/2024:13:25:22 +0100] "GET /wp-content/themes/wp-pridmag/ HTTP/1.1" 404 596 cronicadearagon.com "-" "Mozilla/5.0 (Windows NT 10.0; Win64; x64) AppleWebKit/537.36 (KHTML, like Gecko) Chrome/79.0.3945.88 Safari/537.36" "-"
62.197.152.0 - - [10/Jan/2024:13:25:22 +0100] "GET /wp-content/themes/pridmag/ HTTP/1.1" 404 596 cronicadearagon.com "-" "Mozilla/5.0 (Windows NT 10.0; WOW64; Trident/7.0; .NET4.0C; .NET4.0E; .NET CLR 2.0.50727; .NET CLR 3.0.30729; .NET CLR 3.5.30729; rv:11.0) like Gecko" "-"
62.197.152.0 - - [10/Jan/2024:13:25:22 +0100] "GET /wp-content/themes/zakra/ HTTP/1.1" 404 596 cronicadearagon.com "-" "Mozilla/5.0 (Windows NT 10.0; Win64; x64) AppleWebKit/537.36 (KHTML, like Gecko) Chrome/79.0.3945.88 Safari/537.36" "-"
62.197.152.0 - - [10/Jan/2024:13:25:22 +0100] "GET /wp-content/uploads/simple-file-list/ HTTP/1.1" 404 596 cronicadearagon.com "-" "Mozilla/5.0 (Windows NT 10.0) AppleWebKit/537.36 (KHTML, like Gecko) Chrome/72.0.3626.121 Safari/537.36" "-"
62.197.152.0 - - [10/Jan/2024:13:25:22 +0100] "GET /admin/upload/ HTTP/1.1" 404 596 cronicadearagon.com "-" "Mozilla/5.0 (Linux x86_64; rv:79.0) Gecko/20100101 Firefox/79.0" "-"
62.197.152.0 - - [10/Jan/2024:13:25:22 +0100] "GET /wp-admin/css/colors/blue/ HTTP/1.1" 404 596 cronicadearagon.com "-" "Mozilla/5.0 (Windows NT 10.0; WOW64) AppleWebKit/537.36 (KHTML, like Gecko) Chrome/84.0.4147.105 Safari/537.36" "-"
62.197.152.0 - - [10/Jan/2024:13:25:23 +0100] "GET /up/.well-known/ HTTP/1.1" 404 596 cronicadearagon.com "-" "Mozilla/5.0 (Windows NT 6.1; Win64; x64) AppleWebKit/537.36 (KHTML, like Gecko) Chrome/79.0.3945.130 Safari/537.36" "-"
62.197.152.0 - - [10/Jan/2024:13:25:23 +0100] "GET /wp-content/plugins/apikey/ HTTP/1.1" 404 596 cronicadearagon.com "-" "Mozilla/5.0 (Windows NT 10.0; Win64; x64) AppleWebKit/537.36 (KHTML, like Gecko) Chrome/74.0.3729.157 Safari/537.36" "-"
62.197.152.0 - - [10/Jan/2024:13:25:23 +0100] "GET /wp-content/plugins/backup-backup/includes/ HTTP/1.1" 404 596 cronicadearagon.com "-" "Mozilla/5.0 (Windows NT 10.0; Win64; x64) AppleWebKit/537.36 (KHTML, like Gecko) Chrome/75.0.3770.100 Safari/537.36" "-"
62.197.152.0 - - [10/Jan/2024:13:25:23 +0100] "GET /wp-content/plugins/wordpresss3cll/ HTTP/1.1" 404 596 cronicadearagon.com "-" "Mozilla/5.0 (Macintosh; Intel Mac OS X 10_15_6) AppleWebKit/537.36 (KHTML, like Gecko) Chrome/84.0.4147.125 Safari/537.36" "-"
62.197.152.0 - - [10/Jan/2024:13:25:23 +0100] "GET /maRR.php/Clouds25$$/ HTTP/1.1" 404 596 cronicadearagon.com "-" "Mozilla/5.0 (Windows NT 10.0; Win64; x64; rv:76.0) Gecko/20100101 Firefox/76.0" "-"
62.197.152.0 - - [10/Jan/2024:13:25:23 +0100] "GET /wp-content/plugins/bfiyvjs/ HTTP/1.1" 404 596 cronicadearagon.com "-" "Mozilla/5.0 (Windows NT 10.0; Win64; x64; rv:66.0) Gecko/20100101 Firefox/66.0" "-"
62.197.152.0 - - [10/Jan/2024:13:25:24 +0100] "GET /wp-content/patior/ HTTP/1.1" 404 596 cronicadearagon.com "-" "Mozilla/5.0 (Windows NT 10.0; WOW64; Trident/7.0; .NET4.0C; .NET4.0E; .NET CLR 2.0.50727; .NET CLR 3.0.30729; .NET CLR 3.5.30729; rv:11.0) like Gecko" "-"
134.209.158.0 - - [10/Jan/2024:13:26:23 +0100] "POST /xmlrpc.php HTTP/1.1" 200 414 cronicareinodearagon.com "-" "Mozilla/5.0 (X11; Fedora; Linux x86_64; rv:94.0) Gecko/20100101 Firefox/95.0" "-"
82.165.88.0 - - [10/Jan/2024:13:26:24 +0100] "POST /wp-cron.php?doing_wp_cron=1704889583.9719920158386230468750 HTTP/1.1" 200 - cronicareinodearagon.com "-" "WordPress/6.2.2; https://cronicareinodearagon.com" "-"
199.244.88.0 - - [10/Jan/2024:13:26:59 +0100] "GET / HTTP/1.1" 200 336 cronicadevalencia.com "-" "Mozilla/5.0 (X11; Linux x86_64) AppleWebKit/537.36 (KHTML, like Gecko) Chrome/105.0.0.0 Safari/537.36" "-"
77.68.64.0 - - [10/Jan/2024:13:30:42 +0100] "POST /xmlrpc.php HTTP/1.1" 301 251 cronicareinodearagon.com "-" "Mozilla/5.0 (Windows NT 10.0; Win64; x64) AppleWebKit/537.36 (KHTML, like Gecko) Chrome/87.0.4280.141 Safari/537.36" "-"
50.62.137.0 - - [10/Jan/2024:13:30:42 +0100] "POST /xmlrpc.php HTTP/1.1" 301 251 cronicareinodearagon.com "-" "Mozilla/5.0 (Windows NT 10.0; Win64; x64; rv:62.0) Gecko/20100101 Firefox/62.0" "-"
139.59.78.0 - - [10/Jan/2024:13:30:42 +0100] "POST /xmlrpc.php HTTP/1.1" 301 251 cronicareinodearagon.com "-" "Mozilla/5.0 (Windows NT 10.0; WOW64; rv:54.0) Gecko/20100101 Firefox/54.0" "-"
82.165.88.0 - - [10/Jan/2024:13:30:42 +0100] "POST /wp-cron.php?doing_wp_cron=1704889842.5220680236816406250000 HTTP/1.1" 200 - cronicareinodearagon.com "-" "WordPress/6.2.2; https://cronicareinodearagon.com" "-"
77.68.64.0 - - [10/Jan/2024:13:30:42 +0100] "POST /xmlrpc.php HTTP/1.1" 200 416 cronicareinodearagon.com "-" "Mozilla/5.0 (Windows NT 10.0; Win64; x64) AppleWebKit/537.36 (KHTML, like Gecko) Chrome/87.0.4280.141 Safari/537.36" "-"
50.62.137.0 - - [10/Jan/2024:13:30:43 +0100] "POST /xmlrpc.php HTTP/1.1" 200 416 cronicareinodearagon.com "-" "Mozilla/5.0 (Windows NT 10.0; Win64; x64; rv:62.0) Gecko/20100101 Firefox/62.0" "-"
139.59.78.0 - - [10/Jan/2024:13:30:43 +0100] "POST /xmlrpc.php HTTP/1.1" 200 416 cronicareinodearagon.com "-" "Mozilla/5.0 (Windows NT 10.0; WOW64; rv:54.0) Gecko/20100101 Firefox/54.0" "-"
94.73.148.0 - - [10/Jan/2024:13:30:45 +0100] "POST /xmlrpc.php HTTP/1.1" 301 251 cronicareinodearagon.com "-" "Mozilla/5.0 (X11; Ubuntu; Linux i686; rv:24.0) Gecko/20100101 Firefox/24.0" "-"
94.73.148.0 - - [10/Jan/2024:13:30:46 +0100] "POST /xmlrpc.php HTTP/1.1" 200 416 cronicareinodearagon.com "-" "Mozilla/5.0 (X11; Ubuntu; Linux i686; rv:24.0) Gecko/20100101 Firefox/24.0" "-"
198.12.210.0 - - [10/Jan/2024:13:30:48 +0100] "POST /xmlrpc.php HTTP/1.1" 301 251 cronicareinodearagon.com "-" "Mozilla/5.0 (Windows NT 6.1; Win64; x64; rv:58.0) Gecko/20100101 Firefox/58.0" "-"
198.12.210.0 - - [10/Jan/2024:13:30:49 +0100] "POST /xmlrpc.php HTTP/1.1" 200 416 cronicareinodearagon.com "-" "Mozilla/5.0 (Windows NT 6.1; Win64; x64; rv:58.0) Gecko/20100101 Firefox/58.0" "-"
72.167.211.0 - - [10/Jan/2024:13:30:56 +0100] "POST /xmlrpc.php HTTP/1.1" 301 251 cronicareinodearagon.com "-" "Mozilla/5.0 (Windows NT 6.1; WOW64; rv:17.0) Gecko/20100101 Firefox/17.0" "-"
72.167.211.0 - - [10/Jan/2024:13:30:57 +0100] "POST /xmlrpc.php HTTP/1.1" 200 416 cronicareinodearagon.com "-" "Mozilla/5.0 (Windows NT 6.1; WOW64; rv:17.0) Gecko/20100101 Firefox/17.0" "-"
50.62.137.0 - - [10/Jan/2024:13:31:09 +0100] "POST /xmlrpc.php HTTP/1.1" 403 775 cronicareinodearagon.com "-" "Mozilla/5.0 (Windows; U; Windows NT 5.1; en-US; rv:1.7.12) Gecko/20050915 Firefox/1.0.7" "-"
138.128.176.0 - - [10/Jan/2024:13:31:12 +0100] "POST /xmlrpc.php HTTP/1.1" 503 299 cronicareinodearagon.com "-" "Mozilla/5.0 (Windows NT 6.1; WOW64; rv:18.0) Gecko/20100101 Firefox/18.0" "-"
134.122.59.0 - - [10/Jan/2024:13:31:14 +0100] "POST /xmlrpc.php HTTP/1.1" 301 251 cronicareinodearagon.com "-" "Mozilla/5.0 (Windows NT 6.1; WOW64; rv:54.0) Gecko/20100101 Firefox/54.0" "-"
134.122.59.0 - - [10/Jan/2024:13:31:14 +0100] "POST /xmlrpc.php HTTP/1.1" 200 416 cronicareinodearagon.com "-" "Mozilla/5.0 (Windows NT 6.1; WOW64; rv:54.0) Gecko/20100101 Firefox/54.0" "-"
194.28.86.0 - - [10/Jan/2024:13:31:24 +0100] "POST /xmlrpc.php HTTP/1.1" 301 251 cronicareinodearagon.com "-" "Mozilla/5.0 (Windows NT 6.1; Win64; x64) AppleWebKit/537.36 (KHTML, like Gecko) Chrome/60.0.3112.90 Safari/537.36" "-"
194.28.86.0 - - [10/Jan/2024:13:31:25 +0100] "POST /xmlrpc.php HTTP/1.1" 200 416 cronicareinodearagon.com "-" "Mozilla/5.0 (Windows NT 6.1; Win64; x64) AppleWebKit/537.36 (KHTML, like Gecko) Chrome/60.0.3112.90 Safari/537.36" "-"
185.217.41.0 - - [10/Jan/2024:13:31:26 +0100] "POST /xmlrpc.php HTTP/1.1" 301 251 cronicareinodearagon.com "-" "Mozilla/5.0 (X11; Linux x86_64) AppleWebKit/537.36 (KHTML, like Gecko) Chrome/44.0.2403.157 Safari/537.36" "-"
185.217.41.0 - - [10/Jan/2024:13:31:26 +0100] "POST /xmlrpc.php HTTP/1.1" 200 416 cronicareinodearagon.com "-" "Mozilla/5.0 (X11; Linux x86_64) AppleWebKit/537.36 (KHTML, like Gecko) Chrome/44.0.2403.157 Safari/537.36" "-"
54.36.148.0 - - [10/Jan/2024:13:35:20 +0100] "GET /aragon/segunda-fase-campana-lamban-psoe-aragon/ HTTP/1.1" 200 34439 cronicareinodearagon.com "-" "Mozilla/5.0 (compatible; AhrefsBot/7.0; +http://ahrefs.com/robot/)" "-"
82.165.88.0 - - [10/Jan/2024:13:35:21 +0100] "POST /wp-cron.php?doing_wp_cron=1704890121.1298649311065673828125 HTTP/1.1" 200 - cronicareinodearagon.com "-" "WordPress/6.2.2; https://cronicareinodearagon.com" "-"
66.249.84.0 - - [10/Jan/2024:13:43:15 +0100] "GET /category/educacion/feed/ HTTP/1.1" 200 16487 cronicareinodearagon.com "-" "FeedFetcher-Google; (+http://www.google.com/feedfetcher.html)" "-"
82.165.88.0 - - [10/Jan/2024:13:47:52 +0100] "POST /wp-cron.php?doing_wp_cron=1704890872.5906300544738769531250 HTTP/1.1" 200 - cronicareinodearagon.com "-" "WordPress/6.2.2; https://cronicareinodearagon.com" "-"
54.36.149.0 - - [10/Jan/2024:13:47:52 +0100] "GET /category/aragon/page/73/ HTTP/1.1" 200 29646 cronicareinodearagon.com "-" "Mozilla/5.0 (compatible; AhrefsBot/7.0; +http://ahrefs.com/robot/)" "-"
85.208.98.0 - - [10/Jan/2024:13:54:24 +0100] "GET /robots.txt HTTP/1.1" 301 251 cronicareinodearagon.com "-" "Mozilla/5.0 (compatible; SemrushBot-BA; +http://www.semrush.com/bot.html)" "-"
82.165.88.0 - - [10/Jan/2024:13:54:25 +0100] "POST /wp-cron.php?doing_wp_cron=1704891265.3919520378112792968750 HTTP/1.1" 200 - cronicareinodearagon.com "-" "WordPress/6.2.2; https://cronicareinodearagon.com" "-"
85.208.98.0 - - [10/Jan/2024:13:54:25 +0100] "GET /robots.txt HTTP/1.1" 200 202 cronicareinodearagon.com "http://cronicareinodearagon.com/robots.txt" "Mozilla/5.0 (compatible; SemrushBot-BA; +http://www.semrush.com/bot.html)" "-"
85.208.98.0 - - [10/Jan/2024:13:55:06 +0100] "GET /aragon/el-gobierno-de-aragon-impulsa-nueve-proyectos-empresariales-de-id-en-sector-farmaceutico-y-movilidad-sostenible/ HTTP/1.1" 200 35482 cronicareinodearagon.com "-" "Mozilla/5.0 (compatible; SemrushBot-BA; +http://www.semrush.com/bot.html)" "-"
82.165.88.0 - - [10/Jan/2024:13:55:07 +0100] "POST /wp-cron.php?doing_wp_cron=1704891307.2413530349731445312500 HTTP/1.1" 200 - cronicareinodearagon.com "-" "WordPress/6.2.2; https://cronicareinodearagon.com" "-"
54.36.148.0 - - [10/Jan/2024:13:59:52 +0100] "GET /aragon/filosofia-decreto-gobierno-aulas/ HTTP/1.1" 200 35679 cronicareinodearagon.com "-" "Mozilla/5.0 (compatible; AhrefsBot/7.0; +http://ahrefs.com/robot/)" "-"
82.165.88.0 - - [10/Jan/2024:13:59:53 +0100] "POST /wp-cron.php?doing_wp_cron=1704891593.1803619861602783203125 HTTP/1.1" 200 - cronicareinodearagon.com "-" "WordPress/6.2.2; https://cronicareinodearagon.com" "-"
199.244.88.0 - - [10/Jan/2024:14:06:00 +0100] "GET / HTTP/1.1" 200 336 cronicadecadiz.com "-" "Mozilla/5.0 (X11; Linux x86_64) AppleWebKit/537.36 (KHTML, like Gecko) Chrome/105.0.0.0 Safari/537.36" "-"
82.165.88.0 - - [10/Jan/2024:14:11:00 +0100] "POST /wp-cron.php?doing_wp_cron=1704892260.6861848831176757812500 HTTP/1.1" 200 - cronicareinodearagon.com "-" "WordPress/6.2.2; https://cronicareinodearagon.com" "-"
54.36.148.0 - - [10/Jan/2024:14:11:00 +0100] "GET /aragon/andalucia-record-exportaciones-agroalimentarias/ HTTP/1.1" 200 37920 cronicareinodearagon.com "-" "Mozilla/5.0 (compatible; AhrefsBot/7.0; +http://ahrefs.com/robot/)" "-"
144.172.73.0 - - [10/Jan/2024:14:17:33 +0100] "GET / HTTP/1.1" 200 336 grupocronicaenlibertad.com "http://grupocronicaenlibertad.com" "Mozilla/5.0 (Windows NT 10.0; Win64; x64) AppleWebKit/537.36 (KHTML, like Gecko) Chrome/62.0.3202.94 Safari/537.36" "-"
66.249.79.0 - - [10/Jan/2024:14:20:15 +0100] "GET /robots.txt HTTP/1.1" 200 202 cronicareinodearagon.com "-" "Mozilla/5.0 (compatible; Googlebot/2.1; +http://www.google.com/bot.html)" "-"
82.165.88.0 - - [10/Jan/2024:14:20:16 +0100] "POST /wp-cron.php?doing_wp_cron=1704892816.2423999309539794921875 HTTP/1.1" 200 - cronicareinodearagon.com "-" "WordPress/6.2.2; https://cronicareinodearagon.com" "-"
82.165.88.0 - - [10/Jan/2024:14:21:40 +0100] "POST /wp-cron.php?doing_wp_cron=1704892900.3503210544586181640625 HTTP/1.1" 200 - cronicareinodearagon.com "-" "WordPress/6.2.2; https://cronicareinodearagon.com" "-"
54.36.148.0 - - [10/Jan/2024:14:21:40 +0100] "GET /aragon/crecimiento-exportaciones-andaluzas-enero/ HTTP/1.1" 200 36838 cronicareinodearagon.com "-" "Mozilla/5.0 (compatible; AhrefsBot/7.0; +http://ahrefs.com/robot/)" "-"
66.249.79.0 - - [10/Jan/2024:14:22:53 +0100] "GET /author/ecastellon/ HTTP/1.1" 301 - cronicareinodearagon.com "-" "Mozilla/5.0 (Linux; Android 6.0.1; Nexus 5X Build/MMB29P) AppleWebKit/537.36 (KHTML, like Gecko) Chrome/120.0.6099.199 Mobile Safari/537.36 (compatible; Googlebot/2.1; +http://www.google.com/bot.html)" "-"
82.165.88.0 - - [10/Jan/2024:14:22:54 +0100] "POST /wp-cron.php?doing_wp_cron=1704892974.2672629356384277343750 HTTP/1.1" 200 - cronicareinodearagon.com "-" "WordPress/6.2.2; https://cronicareinodearagon.com" "-"
66.249.84.0 - - [10/Jan/2024:14:24:54 +0100] "GET /category/educacion/feed/ HTTP/1.1" 200 16487 cronicareinodearagon.com "-" "FeedFetcher-Google; (+http://www.google.com/feedfetcher.html)" "-"
188.166.183.0 - - [10/Jan/2024:14:24:56 +0100] "GET /Mshell.php HTTP/1.1" 301 251 cronicareinodearagon.com "www.google.com" "Mozlila/5.0 (Linux; Android 7.0; SM-G892A Bulid/NRD90M; wv) AppleWebKit/537.36 (KHTML, like Gecko) Version/4.0 Chrome/60.0.3112.107 Moblie Safari/537.36" "-"
82.165.88.0 - - [10/Jan/2024:14:24:57 +0100] "POST /wp-cron.php?doing_wp_cron=1704893097.7392361164093017578125 HTTP/1.1" 200 - cronicareinodearagon.com "-" "WordPress/6.2.2; https://cronicareinodearagon.com" "-"
188.166.183.0 - - [10/Jan/2024:14:24:57 +0100] "GET /Mshell.php HTTP/1.1" 404 144867 cronicareinodearagon.com "www.google.com" "Mozlila/5.0 (Linux; Android 7.0; SM-G892A Bulid/NRD90M; wv) AppleWebKit/537.36 (KHTML, like Gecko) Version/4.0 Chrome/60.0.3112.107 Moblie Safari/537.36" "-"
188.166.183.0 - - [10/Jan/2024:14:25:38 +0100] "GET /wp-includes/themes.php HTTP/1.1" 301 263 cronicareinodearagon.com "www.google.com" "Mozlila/5.0 (Linux; Android 7.0; SM-G892A Bulid/NRD90M; wv) AppleWebKit/537.36 (KHTML, like Gecko) Version/4.0 Chrome/60.0.3112.107 Moblie Safari/537.36" "-"
188.166.183.0 - - [10/Jan/2024:14:25:38 +0100] "GET /wp-includes/themes.php HTTP/1.1" 404 144904 cronicareinodearagon.com "www.google.com" "Mozlila/5.0 (Linux; Android 7.0; SM-G892A Bulid/NRD90M; wv) AppleWebKit/537.36 (KHTML, like Gecko) Version/4.0 Chrome/60.0.3112.107 Moblie Safari/537.36" "-"
188.166.183.0 - - [10/Jan/2024:14:25:40 +0100] "GET /wp-admin/css/index.php HTTP/1.1" 301 - cronicareinodearagon.com "www.google.com" "Mozlila/5.0 (Linux; Android 7.0; SM-G892A Bulid/NRD90M; wv) AppleWebKit/537.36 (KHTML, like Gecko) Version/4.0 Chrome/60.0.3112.107 Moblie Safari/537.36" "-"
188.166.183.0 - - [10/Jan/2024:14:25:40 +0100] "GET /wp-admin/css/ HTTP/1.1" 403 775 cronicareinodearagon.com "www.google.com" "Mozlila/5.0 (Linux; Android 7.0; SM-G892A Bulid/NRD90M; wv) AppleWebKit/537.36 (KHTML, like Gecko) Version/4.0 Chrome/60.0.3112.107 Moblie Safari/537.36" "-"
188.166.183.0 - - [10/Jan/2024:14:25:42 +0100] "GET /cong.php HTTP/1.1" 301 249 cronicareinodearagon.com "www.google.com" "Mozlila/5.0 (Linux; Android 7.0; SM-G892A Bulid/NRD90M; wv) AppleWebKit/537.36 (KHTML, like Gecko) Version/4.0 Chrome/60.0.3112.107 Moblie Safari/537.36" "-"
82.165.88.0 - - [10/Jan/2024:14:25:43 +0100] "POST /wp-cron.php?doing_wp_cron=1704893143.7340419292449951171875 HTTP/1.1" 200 - cronicareinodearagon.com "-" "WordPress/6.2.2; https://cronicareinodearagon.com" "-"
188.166.183.0 - - [10/Jan/2024:14:25:43 +0100] "GET /cong.php HTTP/1.1" 404 144861 cronicareinodearagon.com "www.google.com" "Mozlila/5.0 (Linux; Android 7.0; SM-G892A Bulid/NRD90M; wv) AppleWebKit/537.36 (KHTML, like Gecko) Version/4.0 Chrome/60.0.3112.107 Moblie Safari/537.36" "-"
188.166.183.0 - - [10/Jan/2024:14:25:45 +0100] "GET /st.php HTTP/1.1" 404 144855 cronicareinodearagon.com "www.google.com" "Mozlila/5.0 (Linux; Android 7.0; SM-G892A Bulid/NRD90M; wv) AppleWebKit/537.36 (KHTML, like Gecko) Version/4.0 Chrome/60.0.3112.107 Moblie Safari/537.36" "-"
188.166.183.0 - - [10/Jan/2024:14:25:46 +0100] "GET /css/index.php HTTP/1.1" 301 254 cronicareinodearagon.com "www.google.com" "Mozlila/5.0 (Linux; Android 7.0; SM-G892A Bulid/NRD90M; wv) AppleWebKit/537.36 (KHTML, like Gecko) Version/4.0 Chrome/60.0.3112.107 Moblie Safari/537.36" "-"
188.166.183.0 - - [10/Jan/2024:14:25:47 +0100] "GET /css/index.php HTTP/1.1" 301 - cronicareinodearagon.com "www.google.com" "Mozlila/5.0 (Linux; Android 7.0; SM-G892A Bulid/NRD90M; wv) AppleWebKit/537.36 (KHTML, like Gecko) Version/4.0 Chrome/60.0.3112.107 Moblie Safari/537.36" "-"
188.166.183.0 - - [10/Jan/2024:14:25:47 +0100] "GET /css/ HTTP/1.1" 404 144846 cronicareinodearagon.com "www.google.com" "Mozlila/5.0 (Linux; Android 7.0; SM-G892A Bulid/NRD90M; wv) AppleWebKit/537.36 (KHTML, like Gecko) Version/4.0 Chrome/60.0.3112.107 Moblie Safari/537.36" "-"
188.166.183.0 - - [10/Jan/2024:14:25:49 +0100] "GET /radio.php HTTP/1.1" 404 144864 cronicareinodearagon.com "www.google.com" "Mozlila/5.0 (Linux; Android 7.0; SM-G892A Bulid/NRD90M; wv) AppleWebKit/537.36 (KHTML, like Gecko) Version/4.0 Chrome/60.0.3112.107 Moblie Safari/537.36" "-"
128.199.168.0 - - [10/Jan/2024:14:26:27 +0100] "GET /Mshell.php HTTP/1.1" 301 251 cronicareinodearagon.com "www.google.com" "Mozlila/5.0 (Linux; Android 7.0; SM-G892A Bulid/NRD90M; wv) AppleWebKit/537.36 (KHTML, like Gecko) Version/4.0 Chrome/60.0.3112.107 Moblie Safari/537.36" "-"
82.165.88.0 - - [10/Jan/2024:14:26:28 +0100] "POST /wp-cron.php?doing_wp_cron=1704893188.2934110164642333984375 HTTP/1.1" 200 - cronicareinodearagon.com "-" "WordPress/6.2.2; https://cronicareinodearagon.com" "-"
128.199.168.0 - - [10/Jan/2024:14:26:28 +0100] "GET /Mshell.php HTTP/1.1" 404 144867 cronicareinodearagon.com "www.google.com" "Mozlila/5.0 (Linux; Android 7.0; SM-G892A Bulid/NRD90M; wv) AppleWebKit/537.36 (KHTML, like Gecko) Version/4.0 Chrome/60.0.3112.107 Moblie Safari/537.36" "-"
128.199.168.0 - - [10/Jan/2024:14:26:54 +0100] "GET /wp-includes/themes.php HTTP/1.1" 301 263 cronicareinodearagon.com "www.google.com" "Mozlila/5.0 (Linux; Android 7.0; SM-G892A Bulid/NRD90M; wv) AppleWebKit/537.36 (KHTML, like Gecko) Version/4.0 Chrome/60.0.3112.107 Moblie Safari/537.36" "-"
128.199.168.0 - - [10/Jan/2024:14:26:54 +0100] "GET /wp-includes/themes.php HTTP/1.1" 404 144904 cronicareinodearagon.com "www.google.com" "Mozlila/5.0 (Linux; Android 7.0; SM-G892A Bulid/NRD90M; wv) AppleWebKit/537.36 (KHTML, like Gecko) Version/4.0 Chrome/60.0.3112.107 Moblie Safari/537.36" "-"
82.165.88.0 - - [10/Jan/2024:14:26:55 +0100] "POST /wp-cron.php?doing_wp_cron=1704893215.1759119033813476562500 HTTP/1.1" 200 - cronicareinodearagon.com "-" "WordPress/6.2.2; https://cronicareinodearagon.com" "-"
128.199.168.0 - - [10/Jan/2024:14:26:56 +0100] "GET /wp-admin/css/index.php HTTP/1.1" 301 - cronicareinodearagon.com "www.google.com" "Mozlila/5.0 (Linux; Android 7.0; SM-G892A Bulid/NRD90M; wv) AppleWebKit/537.36 (KHTML, like Gecko) Version/4.0 Chrome/60.0.3112.107 Moblie Safari/537.36" "-"
128.199.168.0 - - [10/Jan/2024:14:26:57 +0100] "GET /wp-admin/css/ HTTP/1.1" 403 775 cronicareinodearagon.com "www.google.com" "Mozlila/5.0 (Linux; Android 7.0; SM-G892A Bulid/NRD90M; wv) AppleWebKit/537.36 (KHTML, like Gecko) Version/4.0 Chrome/60.0.3112.107 Moblie Safari/537.36" "-"
128.199.168.0 - - [10/Jan/2024:14:27:27 +0100] "GET /cong.php HTTP/1.1" 301 249 cronicareinodearagon.com "www.google.com" "Mozlila/5.0 (Linux; Android 7.0; SM-G892A Bulid/NRD90M; wv) AppleWebKit/537.36 (KHTML, like Gecko) Version/4.0 Chrome/60.0.3112.107 Moblie Safari/537.36" "-"
128.199.168.0 - - [10/Jan/2024:14:27:28 +0100] "GET /cong.php HTTP/1.1" 404 144861 cronicareinodearagon.com "www.google.com" "Mozlila/5.0 (Linux; Android 7.0; SM-G892A Bulid/NRD90M; wv) AppleWebKit/537.36 (KHTML, like Gecko) Version/4.0 Chrome/60.0.3112.107 Moblie Safari/537.36" "-"
128.199.168.0 - - [10/Jan/2024:14:27:29 +0100] "GET /st.php HTTP/1.1" 404 144855 cronicareinodearagon.com "www.google.com" "Mozlila/5.0 (Linux; Android 7.0; SM-G892A Bulid/NRD90M; wv) AppleWebKit/537.36 (KHTML, like Gecko) Version/4.0 Chrome/60.0.3112.107 Moblie Safari/537.36" "-"
128.199.168.0 - - [10/Jan/2024:14:27:30 +0100] "GET /css/index.php HTTP/1.1" 301 254 cronicareinodearagon.com "www.google.com" "Mozlila/5.0 (Linux; Android 7.0; SM-G892A Bulid/NRD90M; wv) AppleWebKit/537.36 (KHTML, like Gecko) Version/4.0 Chrome/60.0.3112.107 Moblie Safari/537.36" "-"
128.199.168.0 - - [10/Jan/2024:14:27:31 +0100] "GET /css/index.php HTTP/1.1" 301 - cronicareinodearagon.com "www.google.com" "Mozlila/5.0 (Linux; Android 7.0; SM-G892A Bulid/NRD90M; wv) AppleWebKit/537.36 (KHTML, like Gecko) Version/4.0 Chrome/60.0.3112.107 Moblie Safari/537.36" "-"
128.199.168.0 - - [10/Jan/2024:14:27:32 +0100] "GET /css/ HTTP/1.1" 404 144846 cronicareinodearagon.com "www.google.com" "Mozlila/5.0 (Linux; Android 7.0; SM-G892A Bulid/NRD90M; wv) AppleWebKit/537.36 (KHTML, like Gecko) Version/4.0 Chrome/60.0.3112.107 Moblie Safari/537.36" "-"
128.199.168.0 - - [10/Jan/2024:14:27:33 +0100] "GET /radio.php HTTP/1.1" 404 144864 cronicareinodearagon.com "www.google.com" "Mozlila/5.0 (Linux; Android 7.0; SM-G892A Bulid/NRD90M; wv) AppleWebKit/537.36 (KHTML, like Gecko) Version/4.0 Chrome/60.0.3112.107 Moblie Safari/537.36" "-"
54.36.149.0 - - [10/Jan/2024:14:32:24 +0100] "GET /economia/ayudas-trabajadores-erte-provincia-jaen/ HTTP/1.1" 200 35798 cronicareinodearagon.com "-" "Mozilla/5.0 (compatible; AhrefsBot/7.0; +http://ahrefs.com/robot/)" "-"
82.165.88.0 - - [10/Jan/2024:14:32:25 +0100] "POST /wp-cron.php?doing_wp_cron=1704893545.3127920627593994140625 HTTP/1.1" 200 - cronicareinodearagon.com "-" "WordPress/6.2.2; https://cronicareinodearagon.com" "-"
66.249.84.0 - - [10/Jan/2024:14:40:28 +0100] "GET /category/educacion/feed/ HTTP/1.1" 200 16487 cronicareinodearagon.com "-" "FeedFetcher-Google; (+http://www.google.com/feedfetcher.html)" "-"
54.36.149.0 - - [10/Jan/2024:14:43:26 +0100] "GET /category/aragon/page/42/ HTTP/1.1" 200 29687 cronicareinodearagon.com "-" "Mozilla/5.0 (compatible; AhrefsBot/7.0; +http://ahrefs.com/robot/)" "-"
82.165.88.0 - - [10/Jan/2024:14:43:27 +0100] "POST /wp-cron.php?doing_wp_cron=1704894207.1639399528503417968750 HTTP/1.1" 200 - cronicareinodearagon.com "-" "WordPress/6.2.2; https://cronicareinodearagon.com" "-"
194.28.86.0 - - [10/Jan/2024:14:53:56 +0100] "POST /xmlrpc.php HTTP/1.1" 301 251 cronicareinodearagon.com "-" "Mozilla/5.0 (Windows NT 10.0; Win64; x64; rv:84.0) Gecko/20100101 Firefox/84.0" "-"
94.73.148.0 - - [10/Jan/2024:14:53:57 +0100] "POST /xmlrpc.php HTTP/1.1" 301 251 cronicareinodearagon.com "-" "Mozilla/5.0 (Linux; Android 10; LM-X420) AppleWebKit/537.36 (KHTML, like Gecko) Chrome/91.0.4472.114 Mobile Safari/537.36" "-"
82.165.88.0 - - [10/Jan/2024:14:53:57 +0100] "POST /wp-cron.php?doing_wp_cron=1704894837.8052198886871337890625 HTTP/1.1" 200 - cronicareinodearagon.com "-" "WordPress/6.2.2; https://cronicareinodearagon.com" "-"
194.28.86.0 - - [10/Jan/2024:14:53:57 +0100] "POST /xmlrpc.php HTTP/1.1" 200 416 cronicareinodearagon.com "-" "Mozilla/5.0 (Windows NT 10.0; Win64; x64; rv:84.0) Gecko/20100101 Firefox/84.0" "-"
94.73.148.0 - - [10/Jan/2024:14:53:58 +0100] "POST /xmlrpc.php HTTP/1.1" 200 416 cronicareinodearagon.com "-" "Mozilla/5.0 (Linux; Android 10; LM-X420) AppleWebKit/537.36 (KHTML, like Gecko) Chrome/91.0.4472.114 Mobile Safari/537.36" "-"
139.59.78.0 - - [10/Jan/2024:14:54:03 +0100] "POST /xmlrpc.php HTTP/1.1" 301 251 cronicareinodearagon.com "-" "Mozilla/5.0 (Windows NT 10.0; Win64; x64) AppleWebKit/537.36 (KHTML, like Gecko) Chrome/88.0.4324.104 Safari/537.36" "-"
139.59.78.0 - - [10/Jan/2024:14:54:04 +0100] "POST /xmlrpc.php HTTP/1.1" 200 416 cronicareinodearagon.com "-" "Mozilla/5.0 (Windows NT 10.0; Win64; x64) AppleWebKit/537.36 (KHTML, like Gecko) Chrome/88.0.4324.104 Safari/537.36" "-"
5.101.157.0 - - [10/Jan/2024:14:54:07 +0100] "POST /xmlrpc.php HTTP/1.1" 301 251 cronicareinodearagon.com "-" "Mozilla/5.0 (Windows NT 10.0; Win64; x64; rv:78.0) Gecko/20100101 Firefox/78.0" "-"
5.101.157.0 - - [10/Jan/2024:14:54:07 +0100] "POST /xmlrpc.php HTTP/1.1" 200 416 cronicareinodearagon.com "-" "Mozilla/5.0 (Windows NT 10.0; Win64; x64; rv:78.0) Gecko/20100101 Firefox/78.0" "-"
94.73.148.0 - - [10/Jan/2024:14:54:12 +0100] "POST /xmlrpc.php HTTP/1.1" 403 775 cronicareinodearagon.com "-" "Mozilla/5.0 (Windows NT 10.0; Win64; x64; rv:66.0) Gecko/20100101 Firefox/66.0" "-"
2a03:b0c0:: - - [10/Jan/2024:14:54:16 +0100] "POST /xmlrpc.php HTTP/1.1" 503 299 cronicareinodearagon.com "-" "Mozilla/5.0 (Windows NT 6.1; WOW64; rv:18.0) Gecko/20100101 Firefox/18.0" "-"
51.195.219.0 - - [10/Jan/2024:14:54:27 +0100] "POST /xmlrpc.php HTTP/1.1" 503 299 cronicareinodearagon.com "-" "Mozilla/5.0 (Windows NT 6.1; WOW64; rv:18.0) Gecko/20100101 Firefox/18.0" "-"
103.81.85.0 - - [10/Jan/2024:14:54:28 +0100] "POST /xmlrpc.php HTTP/1.1" 301 251 cronicareinodearagon.com "-" "Mozilla/5.0 (Windows NT 6.1; WOW64; rv:45.0) Gecko/20100101 Firefox/45.0" "-"
103.81.85.0 - - [10/Jan/2024:14:54:29 +0100] "POST /xmlrpc.php HTTP/1.1" 200 416 cronicareinodearagon.com "-" "Mozilla/5.0 (Windows NT 6.1; WOW64; rv:45.0) Gecko/20100101 Firefox/45.0" "-"
82.165.88.0 - - [10/Jan/2024:14:56:02 +0100] "POST /wp-cron.php?doing_wp_cron=1704894962.3291330337524414062500 HTTP/1.1" 200 - cronicareinodearagon.com "-" "WordPress/6.2.2; https://cronicareinodearagon.com" "-"
54.36.149.0 - - [10/Jan/2024:14:56:02 +0100] "GET /aragon/segundo-avance-participacion-elecciones-aragon/ HTTP/1.1" 200 35336 cronicareinodearagon.com "-" "Mozilla/5.0 (compatible; AhrefsBot/7.0; +http://ahrefs.com/robot/)" "-"
66.249.84.0 - - [10/Jan/2024:15:03:44 +0100] "GET /category/politica/feed/ HTTP/1.1" 200 18273 cronicareinodearagon.com "-" "FeedFetcher-Google; (+http://www.google.com/feedfetcher.html)" "-"
66.249.84.0 - - [10/Jan/2024:15:06:57 +0100] "GET /category/politica/feed/ HTTP/1.1" 200 18273 cronicareinodearagon.com "-" "FeedFetcher-Google; (+http://www.google.com/feedfetcher.html)" "-"
92.205.146.0 - - [10/Jan/2024:15:08:29 +0100] "POST /xmlrpc.php HTTP/1.1" 301 251 cronicareinodearagon.com "-" "Mozilla/5.0 (Windows NT 6.1; Win64; x64) AppleWebKit/537.36 (KHTML, like Gecko) Chrome/63.0.3239.132 Safari/537.36" "-"
82.165.88.0 - - [10/Jan/2024:15:08:30 +0100] "POST /wp-cron.php?doing_wp_cron=1704895710.9413669109344482421875 HTTP/1.1" 200 - cronicareinodearagon.com "-" "WordPress/6.2.2; https://cronicareinodearagon.com" "-"
92.205.146.0 - - [10/Jan/2024:15:08:30 +0100] "POST /xmlrpc.php HTTP/1.1" 200 416 cronicareinodearagon.com "-" "Mozilla/5.0 (Windows NT 6.1; Win64; x64) AppleWebKit/537.36 (KHTML, like Gecko) Chrome/63.0.3239.132 Safari/537.36" "-"
194.28.86.0 - - [10/Jan/2024:15:08:34 +0100] "POST /xmlrpc.php HTTP/1.1" 301 251 cronicareinodearagon.com "-" "Mozilla/5.0 (Windows NT 6.1; Win64; x64) AppleWebKit/537.36 (KHTML, like Gecko) Chrome/63.0.3239.132 Safari/537.36" "-"
194.28.86.0 - - [10/Jan/2024:15:08:35 +0100] "POST /xmlrpc.php HTTP/1.1" 200 416 cronicareinodearagon.com "-" "Mozilla/5.0 (Windows NT 6.1; Win64; x64) AppleWebKit/537.36 (KHTML, like Gecko) Chrome/63.0.3239.132 Safari/537.36" "-"
94.73.148.0 - - [10/Jan/2024:15:08:41 +0100] "POST /xmlrpc.php HTTP/1.1" 301 251 cronicareinodearagon.com "-" "Mozilla/5.0 (Windows NT 10.0; Win64; x64) AppleWebKit/537.36 (KHTML, like Gecko) Chrome/85.0.4183.102 Safari/537.36" "-"
94.73.148.0 - - [10/Jan/2024:15:08:41 +0100] "POST /xmlrpc.php HTTP/1.1" 200 416 cronicareinodearagon.com "-" "Mozilla/5.0 (Windows NT 10.0; Win64; x64) AppleWebKit/537.36 (KHTML, like Gecko) Chrome/85.0.4183.102 Safari/537.36" "-"
72.167.68.0 - - [10/Jan/2024:15:08:46 +0100] "POST /xmlrpc.php HTTP/1.1" 301 251 cronicareinodearagon.com "-" "Mozilla/5.0 (Windows NT 10.0; Win64; x64) AppleWebKit/537.36 (KHTML, like Gecko) Chrome/79.0.3945.117 Safari/537.36" "-"
82.165.88.0 - - [10/Jan/2024:15:08:47 +0100] "POST /wp-cron.php?doing_wp_cron=1704895727.3055810928344726562500 HTTP/1.1" 200 - cronicareinodearagon.com "-" "WordPress/6.2.2; https://cronicareinodearagon.com" "-"
72.167.68.0 - - [10/Jan/2024:15:08:47 +0100] "POST /xmlrpc.php HTTP/1.1" 200 416 cronicareinodearagon.com "-" "Mozilla/5.0 (Windows NT 10.0; Win64; x64) AppleWebKit/537.36 (KHTML, like Gecko) Chrome/79.0.3945.117 Safari/537.36" "-"
134.122.59.0 - - [10/Jan/2024:15:08:48 +0100] "POST /xmlrpc.php HTTP/1.1" 301 251 cronicareinodearagon.com "-" "Mozilla/5.0 (Windows NT 10.0; Win64; x64) AppleWebKit/537.36 (KHTML, like Gecko) Chrome/91.0.4472.114 Safari/537.36" "-"
134.122.59.0 - - [10/Jan/2024:15:08:48 +0100] "POST /xmlrpc.php HTTP/1.1" 200 416 cronicareinodearagon.com "-" "Mozilla/5.0 (Windows NT 10.0; Win64; x64) AppleWebKit/537.36 (KHTML, like Gecko) Chrome/91.0.4472.114 Safari/537.36" "-"
162.0.229.0 - - [10/Jan/2024:15:08:50 +0100] "POST /xmlrpc.php HTTP/1.1" 301 251 cronicareinodearagon.com "-" "Mozilla/5.0 (Windows NT 6.1; WOW64; rv:41.0) Gecko/20100101 Firefox/41.0" "-"
162.0.229.0 - - [10/Jan/2024:15:08:51 +0100] "POST /xmlrpc.php HTTP/1.1" 200 416 cronicareinodearagon.com "-" "Mozilla/5.0 (Windows NT 6.1; WOW64; rv:41.0) Gecko/20100101 Firefox/41.0" "-"
185.217.41.0 - - [10/Jan/2024:15:08:54 +0100] "POST /xmlrpc.php HTTP/1.1" 301 251 cronicareinodearagon.com "-" "Mozilla/5.0 (Linux; Android 10; SM-N960U) AppleWebKit/537.36 (KHTML, like Gecko) Chrome/91.0.4472.114 Mobile Safari/537.36" "-"
185.217.41.0 - - [10/Jan/2024:15:08:54 +0100] "POST /xmlrpc.php HTTP/1.1" 200 416 cronicareinodearagon.com "-" "Mozilla/5.0 (Linux; Android 10; SM-N960U) AppleWebKit/537.36 (KHTML, like Gecko) Chrome/91.0.4472.114 Mobile Safari/537.36" "-"
50.62.137.0 - - [10/Jan/2024:15:08:58 +0100] "POST /xmlrpc.php HTTP/1.1" 301 251 cronicareinodearagon.com "-" "Mozilla/5.0 (Windows NT 10.0; Win64; x64; rv:78.0) Gecko/20100101 Firefox/78.0" "-"
50.62.137.0 - - [10/Jan/2024:15:08:59 +0100] "POST /xmlrpc.php HTTP/1.1" 200 416 cronicareinodearagon.com "-" "Mozilla/5.0 (Windows NT 10.0; Win64; x64; rv:78.0) Gecko/20100101 Firefox/78.0" "-"
54.36.149.0 - - [10/Jan/2024:15:09:21 +0100] "GET /economia/metal-huelga-convenio-patronal-cadiz/ HTTP/1.1" 200 37422 cronicareinodearagon.com "-" "Mozilla/5.0 (compatible; AhrefsBot/7.0; +http://ahrefs.com/robot/)" "-"
66.249.84.0 - - [10/Jan/2024:15:09:56 +0100] "GET /category/politica/feed/ HTTP/1.1" 200 18273 cronicareinodearagon.com "-" "FeedFetcher-Google; (+http://www.google.com/feedfetcher.html)" "-"
2607:f298:: - - [10/Jan/2024:15:14:08 +0100] "POST /xmlrpc.php HTTP/1.1" 200 414 cronicareinodearagon.com "-" "Mozilla/5.0 (X11; Fedora; Linux x86_64; rv:94.0) Gecko/20100101 Firefox/95.0" "-"
82.165.88.0 - - [10/Jan/2024:15:14:10 +0100] "POST /wp-cron.php?doing_wp_cron=1704896050.2270460128784179687500 HTTP/1.1" 200 - cronicareinodearagon.com "-" "WordPress/6.2.2; https://cronicareinodearagon.com" "-"
82.165.88.0 - - [10/Jan/2024:15:22:38 +0100] "POST /wp-cron.php?doing_wp_cron=1704896558.4120769500732421875000 HTTP/1.1" 200 - cronicareinodearagon.com "-" "WordPress/6.2.2; https://cronicareinodearagon.com" "-"
54.36.149.0 - - [10/Jan/2024:15:22:38 +0100] "GET /economia/comienzo-temporada-esqui-sierra-nevada-granada/ HTTP/1.1" 200 35267 cronicareinodearagon.com "-" "Mozilla/5.0 (compatible; AhrefsBot/7.0; +http://ahrefs.com/robot/)" "-"
66.249.84.0 - - [10/Jan/2024:15:34:06 +0100] "GET /category/politica/feed/ HTTP/1.1" 200 18273 cronicareinodearagon.com "-" "FeedFetcher-Google; (+http://www.google.com/feedfetcher.html)" "-"
54.36.149.0 - - [10/Jan/2024:15:36:09 +0100] "GET /aragon/plazas-escuelas-infantiles-aragon/ HTTP/1.1" 200 33631 cronicareinodearagon.com "-" "Mozilla/5.0 (compatible; AhrefsBot/7.0; +http://ahrefs.com/robot/)" "-"
82.165.88.0 - - [10/Jan/2024:15:36:11 +0100] "POST /wp-cron.php?doing_wp_cron=1704897371.4279060363769531250000 HTTP/1.1" 200 - cronicareinodearagon.com "-" "WordPress/6.2.2; https://cronicareinodearagon.com" "-"
149.202.42.0 - - [10/Jan/2024:15:49:22 +0100] "POST /wp-login.php HTTP/1.1" 200 9604 cronicareinodearagon.com "-" "Mozilla/5.0 (Windows NT 6.1; WOW64) AppleWebKit/537.36 (KHTML, like Gecko) Chrome/48.0.2564.116 Safari/537.36" "-"
82.165.88.0 - - [10/Jan/2024:15:49:23 +0100] "POST /wp-cron.php?doing_wp_cron=1704898163.1886429786682128906250 HTTP/1.1" 200 - cronicareinodearagon.com "-" "WordPress/6.2.2; https://cronicareinodearagon.com" "-"
82.165.88.0 - - [10/Jan/2024:15:49:48 +0100] "POST /wp-cron.php?doing_wp_cron=1704898188.6100540161132812500000 HTTP/1.1" 200 - cronicareinodearagon.com "-" "WordPress/6.2.2; https://cronicareinodearagon.com" "-"
54.36.148.0 - - [10/Jan/2024:15:49:48 +0100] "GET /aragon/andalucia-origen-destino-cronica-de-andalucia/ HTTP/1.1" 200 32724 cronicareinodearagon.com "-" "Mozilla/5.0 (compatible; AhrefsBot/7.0; +http://ahrefs.com/robot/)" "-"
40.77.167.0 - - [10/Jan/2024:15:55:51 +0100] "GET /wp-content/uploads/2023/05/modernizacion-comercio-aragon-360x180.jpg HTTP/1.1" 200 11557 cronicareinodearagon.com "-" "Mozilla/5.0 AppleWebKit/537.36 (KHTML, like Gecko; compatible; bingbot/2.0; +http://www.bing.com/bingbot.htm) Chrome/116.0.1938.76 Safari/537.36" "-"
82.165.88.0 - - [10/Jan/2024:16:02:06 +0100] "POST /wp-cron.php?doing_wp_cron=1704898926.7864029407501220703125 HTTP/1.1" 200 - cronicareinodearagon.com "-" "WordPress/6.2.2; https://cronicareinodearagon.com" "-"
66.249.79.0 - - [10/Jan/2024:16:02:06 +0100] "GET /robots.txt HTTP/1.1" 200 202 cronicareinodearagon.com "-" "Mozilla/5.0 (compatible; Googlebot/2.1; +http://www.google.com/bot.html)" "-"
66.249.79.0 - - [10/Jan/2024:16:02:36 +0100] "GET /wp-content/uploads/2023/05/partido-aragones-zaragoza.jpg HTTP/1.1" 200 48150 cronicareinodearagon.com "-" "Googlebot-Image/1.0" "-"
54.36.148.0 - - [10/Jan/2024:16:02:43 +0100] "GET /economia/huelva-lidera-exportaciones-andalucia/ HTTP/1.1" 200 34630 cronicareinodearagon.com "-" "Mozilla/5.0 (compatible; AhrefsBot/7.0; +http://ahrefs.com/robot/)" "-"
82.165.88.0 - - [10/Jan/2024:16:02:44 +0100] "POST /wp-cron.php?doing_wp_cron=1704898964.1833429336547851562500 HTTP/1.1" 200 - cronicareinodearagon.com "-" "WordPress/6.2.2; https://cronicareinodearagon.com" "-"
66.249.79.0 - - [10/Jan/2024:16:06:25 +0100] "GET /wp-content/uploads/2023/05/participacion-aragon-18.00-350x250.jpg HTTP/1.1" 200 10373 cronicareinodearagon.com "-" "Googlebot-Image/1.0" "-"
66.249.84.0 - - [10/Jan/2024:16:07:21 +0100] "GET /category/educacion/feed/ HTTP/1.1" 200 16487 cronicareinodearagon.com "-" "FeedFetcher-Google; (+http://www.google.com/feedfetcher.html)" "-"
207.46.13.0 - - [10/Jan/2024:16:11:44 +0100] "GET /wp-content/uploads/2022/05/guiris-sevilla-360x180.jpeg HTTP/1.1" 200 19223 cronicareinodearagon.com "-" "Mozilla/5.0 AppleWebKit/537.36 (KHTML, like Gecko; compatible; bingbot/2.0; +http://www.bing.com/bingbot.htm) Chrome/116.0.1938.76 Safari/537.36" "-"
82.165.88.0 - - [10/Jan/2024:16:15:43 +0100] "POST /wp-cron.php?doing_wp_cron=1704899743.6537179946899414062500 HTTP/1.1" 200 - cronicareinodearagon.com "-" "WordPress/6.2.2; https://cronicareinodearagon.com" "-"
54.36.148.0 - - [10/Jan/2024:16:15:43 +0100] "GET /aragon/ugt-medidas-pedro-sanchez/ HTTP/1.1" 200 34751 cronicareinodearagon.com "-" "Mozilla/5.0 (compatible; AhrefsBot/7.0; +http://ahrefs.com/robot/)" "-"
198.20.67.0 - - [10/Jan/2024:16:18:46 +0100] "GET / HTTP/1.1" 200 336 www.cronicadeasturias.com "http://www.google.com/url?url=www.cronicadeasturias.com&yahoo.com" "Mozilla/5.0 (compatible; MSIE 9.0; Windows NT 6.1; WOW64; Trident/6.0)" "-"
198.20.67.0 - - [10/Jan/2024:16:18:47 +0100] "GET /th1s_1s_a_4o4.html HTTP/1.1" 404 596 www.cronicadeasturias.com "http://www.google.com/url?url=www.cronicadeasturias.com&yahoo.com" "Mozilla/5.0 (compatible; MSIE 9.0; Windows NT 6.1; WOW64; Trident/6.0)" "-"
198.20.67.0 - - [10/Jan/2024:16:18:48 +0100] "GET /spicons/templates/defaultsite/es-ES/images/ic-world.svg HTTP/1.1" 200 1248 www.cronicadeasturias.com "http://www.google.com/url?url=www.cronicadeasturias.com&yahoo.com" "Mozilla/5.0 (compatible; MSIE 9.0; Windows NT 6.1; WOW64; Trident/6.0)" "-"
198.20.67.0 - - [10/Jan/2024:16:18:48 +0100] "GET /spicons/templates/defaultsite/es-ES/images/domain.svg HTTP/1.1" 200 2095 www.cronicadeasturias.com "-" "SiteLockSpider [en] (WinNT; I ;Nav)" "-"
198.20.67.0 - - [10/Jan/2024:16:18:48 +0100] "GET /spicons/templates/defaultsite/es-ES/images/domain_transfer.svg HTTP/1.1" 200 1201 www.cronicadeasturias.com "-" "SiteLockSpider [en] (WinNT; I ;Nav)" "-"
198.20.67.0 - - [10/Jan/2024:16:18:49 +0100] "GET /defaultsite HTTP/1.1" 200 18994 www.cronicadeasturias.com "-" "SiteLockSpider [en] (WinNT; I ;Nav)" "-"
198.20.67.0 - - [10/Jan/2024:16:18:51 +0100] "GET /spicons/templates/defaultsite/es-ES/images/css/main.css HTTP/1.1" 200 486180 www.cronicadeasturias.com "http://www.google.com/url?url=www.cronicadeasturias.com&yahoo.com" "Mozilla/5.0 (compatible; MSIE 9.0; Windows NT 6.1; WOW64; Trident/6.0)" "-"
198.20.67.0 - - [10/Jan/2024:16:18:52 +0100] "GET /domaincheckresult?__SBMT:d359e110d15:=1&__SYNT:d359e110d15:__CMD(domaincheckresult):RETWRP=domainselect&__SYNT:d359e110d15:__CMD(domaincheckresult):SELWRP=multicheck&__SYNT:d359e110d15:__forcestop=true&__pageflow=Order&__sendingdata=1&linkId=ct.btn.check.default-page-check&multicheck.Domain=1 HTTP/1.1" 404 596 www.cronicadeasturias.com "-" "SiteLockSpider [en] (WinNT; I ;Nav)" "-"
192.42.116.0 - - [10/Jan/2024:16:21:04 +0100] "POST /xmlrpc.php HTTP/1.1" 200 416 cronicareinodearagon.com "-" "Mozilla/5.0 (Windows NT 10.0; Win64; x64) AppleWebKit/537.36 (KHTML, like Gecko) Chrome/70.0.3538.102 Safari/537.36 Edge/18.18363" "-"
82.165.88.0 - - [10/Jan/2024:16:21:05 +0100] "POST /wp-cron.php?doing_wp_cron=1704900065.3620100021362304687500 HTTP/1.1" 200 - cronicareinodearagon.com "-" "WordPress/6.2.2; https://cronicareinodearagon.com" "-"
192.42.116.0 - - [10/Jan/2024:16:21:06 +0100] "POST /xmlrpc.php HTTP/1.1" 200 416 cronicareinodearagon.com "-" "Mozilla/5.0 (Windows NT 10.0; Win64; x64) AppleWebKit/537.36 (KHTML, like Gecko) Chrome/70.0.3538.102 Safari/537.36 Edge/18.18363" "-"
192.42.116.0 - - [10/Jan/2024:16:21:07 +0100] "POST /xmlrpc.php HTTP/1.1" 403 775 cronicareinodearagon.com "-" "Mozilla/5.0 (Windows NT 10.0; Win64; x64) AppleWebKit/537.36 (KHTML, like Gecko) Chrome/70.0.3538.102 Safari/537.36 Edge/18.18363" "-"
192.42.116.0 - - [10/Jan/2024:16:21:08 +0100] "POST /xmlrpc.php HTTP/1.1" 403 775 cronicareinodearagon.com "-" "Mozilla/5.0 (Windows NT 10.0; Win64; x64) AppleWebKit/537.36 (KHTML, like Gecko) Chrome/70.0.3538.102 Safari/537.36 Edge/18.18363" "-"
192.42.116.0 - - [10/Jan/2024:16:21:09 +0100] "POST /xmlrpc.php HTTP/1.1" 403 775 cronicareinodearagon.com "-" "Mozilla/5.0 (Windows NT 10.0; Win64; x64) AppleWebKit/537.36 (KHTML, like Gecko) Chrome/70.0.3538.102 Safari/537.36 Edge/18.18363" "-"
66.249.84.0 - - [10/Jan/2024:16:23:40 +0100] "GET /category/educacion/feed/ HTTP/1.1" 200 16487 cronicareinodearagon.com "-" "FeedFetcher-Google; (+http://www.google.com/feedfetcher.html)" "-"
72.14.199.0 - - [10/Jan/2024:16:24:16 +0100] "GET /category/economia/feed/ HTTP/1.1" 200 12913 cronicareinodearagon.com "-" "FeedFetcher-Google; (+http://www.google.com/feedfetcher.html)" "-"
82.165.88.0 - - [10/Jan/2024:16:25:29 +0100] "POST /wp-cron.php?doing_wp_cron=1704900329.4329359531402587890625 HTTP/1.1" 200 - cronicareinodearagon.com "-" "WordPress/6.2.2; https://cronicareinodearagon.com" "-"
206.189.59.0 - - [10/Jan/2024:16:25:29 +0100] "POST /wp-login.php HTTP/1.1" 200 9580 cronicareinodearagon.com "-" "Mozilla/5.0 (Windows NT 10.0; Win64; x64) AppleWebKit/537.36 (KHTML, like Gecko) Chrome/70.0.3538.67 Safari/537.36" "-"
82.165.88.0 - - [10/Jan/2024:16:28:53 +0100] "POST /wp-cron.php?doing_wp_cron=1704900533.5256791114807128906250 HTTP/1.1" 200 - cronicareinodearagon.com "-" "WordPress/6.2.2; https://cronicareinodearagon.com" "-"
54.36.148.0 - - [10/Jan/2024:16:28:53 +0100] "GET /aragon/maru-diaz-mitin-central-podemos-aragon/ HTTP/1.1" 200 37785 cronicareinodearagon.com "-" "Mozilla/5.0 (compatible; AhrefsBot/7.0; +http://ahrefs.com/robot/)" "-"
