HEX
Server: Apache
System: Linux info 3.0 #1337 SMP Tue Jan 01 00:00:00 CEST 2000 all GNU/Linux
User: u108971390 (10552621)
PHP: 8.0.30
Disabled: NONE
Upload Files
File: /homepages/20/d917057205/htdocs/_ProviderRestore/logs/access.log.02.5
134.122.123.0 - - [12/Jan/2024:00:00:25 +0100] "POST /wp-login.php HTTP/1.1" 200 9580 cronicareinodearagon.com "-" "Mozilla/5.0 (Windows NT 6.1; WOW64) AppleWebKit/537.36 (KHTML, like Gecko) Chrome/36.0.1985.125 Safari/537.36" "-"
82.165.88.0 - - [12/Jan/2024:00:02:33 +0100] "POST /wp-cron.php?doing_wp_cron=1705014153.9512588977813720703125 HTTP/1.1" 200 - cronicareinodearagon.com "-" "WordPress/6.2.2; https://cronicareinodearagon.com" "-"
51.91.151.0 - - [12/Jan/2024:00:02:33 +0100] "POST /wp-login.php HTTP/1.1" 200 9608 cronicareinodearagon.com "-" "Mozilla/5.0 (Windows NT 6.1) AppleWebKit/537.36 (KHTML, like Gecko) Chrome/80.0.3987.132 Safari/537.36" "-"
82.165.88.0 - - [12/Jan/2024:00:05:36 +0100] "POST /wp-cron.php?doing_wp_cron=1705014336.8013019561767578125000 HTTP/1.1" 200 - cronicareinodearagon.com "-" "WordPress/6.2.2; https://cronicareinodearagon.com" "-"
40.77.167.0 - - [12/Jan/2024:00:05:36 +0100] "GET /?p=1402 HTTP/1.1" 404 144799 cronicareinodearagon.com "-" "Mozilla/5.0 AppleWebKit/537.36 (KHTML, like Gecko; compatible; bingbot/2.0; +http://www.bing.com/bingbot.htm) Chrome/116.0.1938.76 Safari/537.36" "-"
51.222.253.0 - - [12/Jan/2024:00:12:52 +0100] "GET /category/aragon/page/61/ HTTP/1.1" 200 147719 cronicareinodearagon.com "-" "Mozilla/5.0 (compatible; AhrefsBot/7.0; +http://ahrefs.com/robot/)" "-"
82.165.88.0 - - [12/Jan/2024:00:12:53 +0100] "POST /wp-cron.php?doing_wp_cron=1705014773.2999188899993896484375 HTTP/1.1" 200 - cronicareinodearagon.com "-" "WordPress/6.2.2; https://cronicareinodearagon.com" "-"
79.3.212.0 - - [12/Jan/2024:00:13:09 +0100] "POST /wp-login.php HTTP/1.1" 200 9612 cronicareinodearagon.com "-" "Mozilla/5.0 (Windows NT 6.1; WOW64) AppleWebKit/537.36 (KHTML, like Gecko) Chrome/36.0.1985.125 Safari/537.36" "-"
134.209.104.0 - - [12/Jan/2024:00:19:49 +0100] "POST /wp-login.php HTTP/1.1" 200 9620 cronicareinodearagon.com "-" "Mozilla/5.0 (Windows NT 6.1; Win64; x64) AppleWebKit/537.36 (KHTML, like Gecko) Chrome/79.0.3945.117 Safari/537.36" "-"
82.165.88.0 - - [12/Jan/2024:00:19:51 +0100] "POST /wp-cron.php?doing_wp_cron=1705015191.5139639377593994140625 HTTP/1.1" 200 - cronicareinodearagon.com "-" "WordPress/6.2.2; https://cronicareinodearagon.com" "-"
82.165.88.0 - - [12/Jan/2024:00:27:48 +0100] "POST /wp-cron.php?doing_wp_cron=1705015668.7135810852050781250000 HTTP/1.1" 200 - cronicareinodearagon.com "-" "WordPress/6.2.2; https://cronicareinodearagon.com" "-"
51.222.253.0 - - [12/Jan/2024:00:27:48 +0100] "GET /aragon/junta-adelanta-oposiciones-maestro/ HTTP/1.1" 200 167331 cronicareinodearagon.com "-" "Mozilla/5.0 (compatible; AhrefsBot/7.0; +http://ahrefs.com/robot/)" "-"
20.39.198.0 - - [12/Jan/2024:00:28:32 +0100] "POST /xmlrpc.php HTTP/1.1" 301 251 cronicareinodearagon.com "-" "Mozilla/5.0 (Windows NT 10.0; Win64; x64) AppleWebKit/537.36 (KHTML, like Gecko) Chrome/90.0.4430.93 Safari/537.36" "-"
20.39.198.0 - - [12/Jan/2024:00:28:33 +0100] "POST /xmlrpc.php HTTP/1.1" 200 416 cronicareinodearagon.com "-" "Mozilla/5.0 (Windows NT 10.0; Win64; x64) AppleWebKit/537.36 (KHTML, like Gecko) Chrome/90.0.4430.93 Safari/537.36" "-"
20.81.134.0 - - [12/Jan/2024:00:28:35 +0100] "POST /xmlrpc.php HTTP/1.1" 301 251 cronicareinodearagon.com "-" "Mozilla/5.0 (Windows NT 6.2; Win64; x64) AppleWebKit/537.36 (KHTML, like Gecko) Chrome/60.0.3112.90 Safari/537.36" "-"
24.199.106.0 - - [12/Jan/2024:00:28:35 +0100] "POST /xmlrpc.php HTTP/1.1" 301 251 cronicareinodearagon.com "-" "Mozilla/5.0 (Windows NT 5.1; rv:33.0) Gecko/20100101 Firefox/33.0" "-"
20.81.134.0 - - [12/Jan/2024:00:28:36 +0100] "POST /xmlrpc.php HTTP/1.1" 200 416 cronicareinodearagon.com "-" "Mozilla/5.0 (Windows NT 6.2; Win64; x64) AppleWebKit/537.36 (KHTML, like Gecko) Chrome/60.0.3112.90 Safari/537.36" "-"
24.199.106.0 - - [12/Jan/2024:00:28:36 +0100] "POST /xmlrpc.php HTTP/1.1" 200 416 cronicareinodearagon.com "-" "Mozilla/5.0 (Windows NT 5.1; rv:33.0) Gecko/20100101 Firefox/33.0" "-"
41.111.146.0 - - [12/Jan/2024:00:28:40 +0100] "POST /xmlrpc.php HTTP/1.1" 301 251 cronicareinodearagon.com "-" "Mozilla/5.0 (Windows NT 10.0; Win64; x64) AppleWebKit/537.36 (KHTML, like Gecko) Chrome/60.0.3112.113 Safari/537.36" "-"
41.111.146.0 - - [12/Jan/2024:00:28:40 +0100] "POST /xmlrpc.php HTTP/1.1" 200 416 cronicareinodearagon.com "-" "Mozilla/5.0 (Windows NT 10.0; Win64; x64) AppleWebKit/537.36 (KHTML, like Gecko) Chrome/60.0.3112.113 Safari/537.36" "-"
2001:41d0:: - - [12/Jan/2024:00:28:46 +0100] "POST /xmlrpc.php HTTP/1.1" 301 251 cronicareinodearagon.com "-" "Mozilla/5.0 (Windows NT 10.0; Win64; x64; rv:65.0) Gecko/20100101 Firefox/65.0" "-"
82.165.88.0 - - [12/Jan/2024:00:28:46 +0100] "POST /wp-cron.php?doing_wp_cron=1705015726.6220459938049316406250 HTTP/1.1" 200 - cronicareinodearagon.com "-" "WordPress/6.2.2; https://cronicareinodearagon.com" "-"
2001:41d0:: - - [12/Jan/2024:00:28:46 +0100] "POST /xmlrpc.php HTTP/1.1" 200 416 cronicareinodearagon.com "-" "Mozilla/5.0 (Windows NT 10.0; Win64; x64; rv:65.0) Gecko/20100101 Firefox/65.0" "-"
2400:8901:: - - [12/Jan/2024:00:28:48 +0100] "POST /xmlrpc.php HTTP/1.1" 301 251 cronicareinodearagon.com "-" "Mozilla/5.0 (Linux; Android 10; LM-X420) AppleWebKit/537.36 (KHTML, like Gecko) Chrome/91.0.4472.114 Mobile Safari/537.36" "-"
34.142.214.0 - - [12/Jan/2024:00:28:49 +0100] "POST /xmlrpc.php HTTP/1.1" 301 251 cronicareinodearagon.com "-" "Mozilla/5.0 (Windows NT 10.0; Win64; x64) AppleWebKit/537.36 (KHTML, like Gecko) Chrome/78.0.3904.108 Safari/537.36" "-"
2400:8901:: - - [12/Jan/2024:00:28:49 +0100] "POST /xmlrpc.php HTTP/1.1" 200 416 cronicareinodearagon.com "-" "Mozilla/5.0 (Linux; Android 10; LM-X420) AppleWebKit/537.36 (KHTML, like Gecko) Chrome/91.0.4472.114 Mobile Safari/537.36" "-"
68.178.155.0 - - [12/Jan/2024:00:28:50 +0100] "POST /xmlrpc.php HTTP/1.1" 301 251 cronicareinodearagon.com "-" "Mozilla/5.0 (Windows NT 6.1; Win64; x64) AppleWebKit/537.36 (KHTML, like Gecko) Chrome/63.0.3239.132 Safari/537.36" "-"
34.142.214.0 - - [12/Jan/2024:00:28:50 +0100] "POST /xmlrpc.php HTTP/1.1" 200 416 cronicareinodearagon.com "-" "Mozilla/5.0 (Windows NT 10.0; Win64; x64) AppleWebKit/537.36 (KHTML, like Gecko) Chrome/78.0.3904.108 Safari/537.36" "-"
68.178.155.0 - - [12/Jan/2024:00:28:51 +0100] "POST /xmlrpc.php HTTP/1.1" 200 416 cronicareinodearagon.com "-" "Mozilla/5.0 (Windows NT 6.1; Win64; x64) AppleWebKit/537.36 (KHTML, like Gecko) Chrome/63.0.3239.132 Safari/537.36" "-"
72.167.65.0 - - [12/Jan/2024:00:28:53 +0100] "POST /xmlrpc.php HTTP/1.1" 301 251 cronicareinodearagon.com "-" "Mozilla/5.0 (Windows NT 10.0; Win64; x64) AppleWebKit/537.36 (KHTML, like Gecko) Chrome/60.0.3112.113 Safari/537.36" "-"
72.167.65.0 - - [12/Jan/2024:00:28:54 +0100] "POST /xmlrpc.php HTTP/1.1" 200 416 cronicareinodearagon.com "-" "Mozilla/5.0 (Windows NT 10.0; Win64; x64) AppleWebKit/537.36 (KHTML, like Gecko) Chrome/60.0.3112.113 Safari/537.36" "-"
45.40.166.0 - - [12/Jan/2024:00:29:00 +0100] "POST /xmlrpc.php HTTP/1.1" 301 251 cronicareinodearagon.com "-" "Mozilla/5.0 (Windows NT 6.1; WOW64; rv:17.0) Gecko/20100101 Firefox/17.0" "-"
45.40.166.0 - - [12/Jan/2024:00:29:01 +0100] "POST /xmlrpc.php HTTP/1.1" 200 416 cronicareinodearagon.com "-" "Mozilla/5.0 (Windows NT 6.1; WOW64; rv:17.0) Gecko/20100101 Firefox/17.0" "-"
51.178.146.0 - - [12/Jan/2024:00:29:02 +0100] "POST /xmlrpc.php HTTP/1.1" 301 251 cronicareinodearagon.com "-" "Mozilla/5.0 (Windows NT 6.1; Win64; x64; rv:25.0) Gecko/20100101 Firefox/29.0" "-"
51.178.146.0 - - [12/Jan/2024:00:29:03 +0100] "POST /xmlrpc.php HTTP/1.1" 200 416 cronicareinodearagon.com "-" "Mozilla/5.0 (Windows NT 6.1; Win64; x64; rv:25.0) Gecko/20100101 Firefox/29.0" "-"
2a03:b0c0:: - - [12/Jan/2024:00:29:09 +0100] "POST /xmlrpc.php HTTP/1.1" 301 251 cronicareinodearagon.com "-" "Mozilla/5.0 (Windows NT 5.1; rv:33.0) Gecko/20100101 Firefox/33.0" "-"
107.150.39.0 - - [12/Jan/2024:00:29:09 +0100] "POST /xmlrpc.php HTTP/1.1" 301 251 cronicareinodearagon.com "-" "Mozilla/5.0 (Windows NT 10.0; Win64; x64; rv:67.0) Gecko/20100101 Firefox/67.0" "-"
2a03:b0c0:: - - [12/Jan/2024:00:29:10 +0100] "POST /xmlrpc.php HTTP/1.1" 200 416 cronicareinodearagon.com "-" "Mozilla/5.0 (Windows NT 5.1; rv:33.0) Gecko/20100101 Firefox/33.0" "-"
107.150.39.0 - - [12/Jan/2024:00:29:10 +0100] "POST /xmlrpc.php HTTP/1.1" 200 416 cronicareinodearagon.com "-" "Mozilla/5.0 (Windows NT 10.0; Win64; x64; rv:67.0) Gecko/20100101 Firefox/67.0" "-"
107.189.13.0 - - [12/Jan/2024:00:29:19 +0100] "POST /xmlrpc.php HTTP/1.1" 301 251 cronicareinodearagon.com "-" "Mozilla/5.0 (Windows NT 10.0; Win64; x64; rv:58.0) Gecko/20100101 Firefox/58.0" "-"
107.189.13.0 - - [12/Jan/2024:00:29:20 +0100] "POST /xmlrpc.php HTTP/1.1" 200 416 cronicareinodearagon.com "-" "Mozilla/5.0 (Windows NT 10.0; Win64; x64; rv:58.0) Gecko/20100101 Firefox/58.0" "-"
82.165.88.0 - - [12/Jan/2024:00:31:30 +0100] "POST /wp-cron.php?doing_wp_cron=1705015890.6840391159057617187500 HTTP/1.1" 200 - cronicareinodearagon.com "-" "WordPress/6.2.2; https://cronicareinodearagon.com" "-"
4.194.252.0 - - [12/Jan/2024:00:31:30 +0100] "POST /xmlrpc.php HTTP/1.1" 200 416 cronicareinodearagon.com "-" "Mozilla/5.0 (Windows NT 10.0; Win64; x64) AppleWebKit/537.36 (KHTML, like Gecko) Chrome/57.0.2987.133 Safari/537.36" "-"
97.74.206.0 - - [12/Jan/2024:00:31:36 +0100] "POST /xmlrpc.php HTTP/1.1" 200 416 cronicareinodearagon.com "-" "Mozilla/5.0 (Windows NT 10.0; Win64; x64; rv:88.0) Gecko/20100101 Firefox/88.0" "-"
149.129.132.0 - - [12/Jan/2024:00:31:52 +0100] "POST /xmlrpc.php HTTP/1.1" 200 416 cronicareinodearagon.com "-" "Mozilla/5.0 (Windows; U; Windows NT 5.1; en-US; rv:1.7.10) Gecko/20050716 Firefox/1.0.6" "-"
82.165.88.0 - - [12/Jan/2024:00:31:53 +0100] "POST /wp-cron.php?doing_wp_cron=1705015913.2571330070495605468750 HTTP/1.1" 200 - cronicareinodearagon.com "-" "WordPress/6.2.2; https://cronicareinodearagon.com" "-"
82.165.88.0 - - [12/Jan/2024:00:33:31 +0100] "POST /wp-cron.php?doing_wp_cron=1705016011.6792790889739990234375 HTTP/1.1" 200 - cronicareinodearagon.com "-" "WordPress/6.2.2; https://cronicareinodearagon.com" "-"
188.247.237.0 - - [12/Jan/2024:00:33:31 +0100] "POST /xmlrpc.php HTTP/1.1" 200 416 cronicareinodearagon.com "-" "Mozilla/5.0 (Windows NT 10.0; Win64; x64) AppleWebKit/537.36 (KHTML, like Gecko) Chrome/80.0.3987.149 Safari/537.36" "-"
51.89.218.0 - - [12/Jan/2024:00:33:37 +0100] "POST /xmlrpc.php HTTP/1.1" 200 416 cronicareinodearagon.com "-" "Mozilla/5.0 (Windows NT 10.0; Win64; x64; rv:59.0) Gecko/20100101 Firefox/59.0" "-"
157.230.108.0 - - [12/Jan/2024:00:33:43 +0100] "POST /xmlrpc.php HTTP/1.1" 200 416 cronicareinodearagon.com "-" "Mozilla/5.0 (Windows NT 5.1; rv:7.0.1) Gecko/20100101 Firefox/7.0.1" "-"
82.165.88.0 - - [12/Jan/2024:00:33:44 +0100] "POST /wp-cron.php?doing_wp_cron=1705016024.2396159172058105468750 HTTP/1.1" 200 - cronicareinodearagon.com "-" "WordPress/6.2.2; https://cronicareinodearagon.com" "-"
175.178.150.0 - - [12/Jan/2024:00:33:46 +0100] "POST /xmlrpc.php HTTP/1.1" 200 416 cronicareinodearagon.com "-" "Mozilla/5.0 (Linux; Android 10; SM-G960U) AppleWebKit/537.36 (KHTML, like Gecko) Chrome/91.0.4472.114 Mobile Safari/537.36" "-"
47.251.8.0 - - [12/Jan/2024:00:33:49 +0100] "POST /xmlrpc.php HTTP/1.1" 200 416 cronicareinodearagon.com "-" "Mozilla/5.0 (Windows NT 10.0; Win64; x64) AppleWebKit/537.36 (KHTML, like Gecko) Chrome/67.0.3396.99 Safari/537.36" "-"
68.178.132.0 - - [12/Jan/2024:00:33:49 +0100] "POST /xmlrpc.php HTTP/1.1" 200 416 cronicareinodearagon.com "-" "Mozilla/5.0 (Windows NT 10.0; Win64; x64) AppleWebKit/537.36 (KHTML, like Gecko) Chrome/88.0.4324.104 Safari/537.36" "-"
121.41.193.0 - - [12/Jan/2024:00:33:56 +0100] "POST /xmlrpc.php HTTP/1.1" 200 416 cronicareinodearagon.com "-" "Mozilla/5.0 (Windows NT 10.0; Win64; x64; rv:59.0) Gecko/20100101 Firefox/59.0" "-"
103.87.69.0 - - [12/Jan/2024:00:34:11 +0100] "POST /xmlrpc.php HTTP/1.1" 200 416 cronicareinodearagon.com "-" "Mozilla/5.0 (Windows NT 5.1; rv:33.0) Gecko/20100101 Firefox/33.0" "-"
49.232.145.0 - - [12/Jan/2024:00:36:34 +0100] "POST /wp-login.php HTTP/1.1" 200 9585 cronicareinodearagon.com "-" "Mozilla/5.0 (Windows NT 10.0; WOW64) AppleWebKit/537.36 (KHTML, like Gecko) Chrome/53.0.2785.143 Safari/537.36" "-"
82.165.88.0 - - [12/Jan/2024:00:36:35 +0100] "POST /wp-cron.php?doing_wp_cron=1705016195.0326969623565673828125 HTTP/1.1" 200 - cronicareinodearagon.com "-" "WordPress/6.2.2; https://cronicareinodearagon.com" "-"
24.199.106.0 - - [12/Jan/2024:00:38:11 +0100] "POST /xmlrpc.php HTTP/1.1" 200 416 cronicareinodearagon.com "-" "Mozilla/5.0 (Windows NT 5.1; rv:30.0) Gecko/20100101 Firefox/30.0" "-"
82.165.88.0 - - [12/Jan/2024:00:38:12 +0100] "POST /wp-cron.php?doing_wp_cron=1705016292.0637969970703125000000 HTTP/1.1" 200 - cronicareinodearagon.com "-" "WordPress/6.2.2; https://cronicareinodearagon.com" "-"
198.12.220.0 - - [12/Jan/2024:00:38:16 +0100] "POST /xmlrpc.php HTTP/1.1" 200 416 cronicareinodearagon.com "-" "Mozilla/5.0 (Windows NT 10.0; Win64; x64) AppleWebKit/537.36 (KHTML, like Gecko) Chrome/85.0.4183.121 Safari/537.36" "-"
159.65.84.0 - - [12/Jan/2024:00:38:25 +0100] "POST /xmlrpc.php HTTP/1.1" 200 416 cronicareinodearagon.com "-" "Mozilla/5.0 (Windows NT 10.0; Win64; x64) AppleWebKit/537.36 (KHTML, like Gecko) Chrome/80.0.3987.149 Safari/537.36" "-"
23.102.162.0 - - [12/Jan/2024:00:38:26 +0100] "POST /xmlrpc.php HTTP/1.1" 200 416 cronicareinodearagon.com "-" "Mozilla/5.0 (iPod; CPU iPhone OS 14_6 like Mac OS X) AppleWebKit/605.1.15 (KHTML, like Gecko) CriOS/91.0.4472.80 Mobile/15E148 Safari/604.1" "-"
68.178.227.0 - - [12/Jan/2024:00:38:27 +0100] "POST /xmlrpc.php HTTP/1.1" 200 416 cronicareinodearagon.com "-" "Mozilla/5.0 (Windows NT 10.0; Win64; x64; rv:66.0) Gecko/20100101 Firefox/66.0" "-"
20.39.198.0 - - [12/Jan/2024:00:38:31 +0100] "POST /xmlrpc.php HTTP/1.1" 200 416 cronicareinodearagon.com "-" "Mozilla/5.0 (Linux; Android 6.0.1; RedMi Note 5 Build/RB3N5C; wv) AppleWebKit/537.36 (KHTML, like Gecko) Version/4.0 Chrome/68.0.3440.91 Mobile Safari/537.36" "-"
103.195.244.0 - - [12/Jan/2024:00:38:32 +0100] "POST /xmlrpc.php HTTP/1.1" 200 416 cronicareinodearagon.com "-" "Mozilla/5.0 (Windows NT 10.0; Win64; x64) AppleWebKit/537.36 (KHTML, like Gecko) Chrome/87.0.4280.88 Safari/537.36" "-"
101.200.153.0 - - [12/Jan/2024:00:38:35 +0100] "POST /xmlrpc.php HTTP/1.1" 200 416 cronicareinodearagon.com "-" "Mozilla/5.0 (Windows NT 5.1; rv:33.0) Gecko/20100101 Firefox/33.0" "-"
134.122.59.0 - - [12/Jan/2024:00:38:39 +0100] "POST /xmlrpc.php HTTP/1.1" 200 416 cronicareinodearagon.com "-" "Mozilla/5.0 (Windows NT 10.0; Win64; x64) AppleWebKit/537.36 (KHTML, like Gecko) Chrome/79.0.3945.88 Safari/537.36" "-"
148.66.145.0 - - [12/Jan/2024:00:38:41 +0100] "POST /xmlrpc.php HTTP/1.1" 200 416 cronicareinodearagon.com "-" "Mozilla/5.0 (Windows NT 6.1; WOW64; rv:45.0) Gecko/20100101 Firefox/45.0" "-"
134.209.110.0 - - [12/Jan/2024:00:38:54 +0100] "POST /xmlrpc.php HTTP/1.1" 200 416 cronicareinodearagon.com "-" "Mozilla/5.0 (Windows NT 10.0; Win64; x64) AppleWebKit/537.36 (KHTML, like Gecko) Chrome/64.0.3282.186 Safari/537.36" "-"
82.165.88.0 - - [12/Jan/2024:00:38:55 +0100] "POST /wp-cron.php?doing_wp_cron=1705016335.1806120872497558593750 HTTP/1.1" 200 - cronicareinodearagon.com "-" "WordPress/6.2.2; https://cronicareinodearagon.com" "-"
157.230.111.0 - - [12/Jan/2024:00:38:55 +0100] "POST /xmlrpc.php HTTP/1.1" 200 416 cronicareinodearagon.com "-" "Mozilla/5.0 (Windows NT 10.0; Win64; x64; rv:67.0) Gecko/20100101 Firefox/67.0" "-"
206.189.24.0 - - [12/Jan/2024:00:38:56 +0100] "POST /xmlrpc.php HTTP/1.1" 200 416 cronicareinodearagon.com "-" "Mozilla/5.0 (Windows NT 6.1; Win64; x64) AppleWebKit/537.36 (KHTML, like Gecko) Chrome/74.0.3729.169 Safari/537.36" "-"
157.230.111.0 - - [12/Jan/2024:00:39:01 +0100] "POST /xmlrpc.php HTTP/1.1" 200 416 cronicareinodearagon.com "-" "Mozilla/5.0 (Windows NT 10.0; Win64; x64) AppleWebKit/537.36 (KHTML, like Gecko) Chrome/90.0.4430.93 Safari/537.36" "-"
157.230.111.0 - - [12/Jan/2024:00:39:02 +0100] "POST /xmlrpc.php HTTP/1.1" 403 775 cronicareinodearagon.com "-" "Mozilla/5.0 (Linux; Android 10; LM-Q710(FGN)) AppleWebKit/537.36 (KHTML, like Gecko) Chrome/91.0.4472.114 Mobile Safari/537.36" "-"
82.165.88.0 - - [12/Jan/2024:00:42:17 +0100] "POST /wp-cron.php?doing_wp_cron=1705016537.8605520725250244140625 HTTP/1.1" 200 - cronicareinodearagon.com "-" "WordPress/6.2.2; https://cronicareinodearagon.com" "-"
51.222.253.0 - - [12/Jan/2024:00:42:17 +0100] "GET /aragon/aprobado-conservatorio-danza-huelva/ HTTP/1.1" 200 170428 cronicareinodearagon.com "-" "Mozilla/5.0 (compatible; AhrefsBot/7.0; +http://ahrefs.com/robot/)" "-"
157.55.39.0 - - [12/Jan/2024:00:47:21 +0100] "GET /robots.txt HTTP/1.1" 200 188 cronicadelpaisvalenciano.com "-" "Mozilla/5.0 AppleWebKit/537.36 (KHTML, like Gecko; compatible; bingbot/2.0; +http://www.bing.com/bingbot.htm) Chrome/116.0.1938.76 Safari/537.36" "-"
40.77.167.0 - - [12/Jan/2024:00:47:26 +0100] "GET / HTTP/1.1" 200 336 cronicadelpaisvalenciano.com "-" "Mozilla/5.0 AppleWebKit/537.36 (KHTML, like Gecko; compatible; bingbot/2.0; +http://www.bing.com/bingbot.htm) Chrome/116.0.1938.76 Safari/537.36" "-"
82.165.88.0 - - [12/Jan/2024:00:49:03 +0100] "POST /wp-cron.php?doing_wp_cron=1705016943.5740420818328857421875 HTTP/1.1" 200 - cronicareinodearagon.com "-" "WordPress/6.2.2; https://cronicareinodearagon.com" "-"
52.167.144.0 - - [12/Jan/2024:00:49:03 +0100] "GET /?p=1264 HTTP/1.1" 404 144799 cronicareinodearagon.com "-" "Mozilla/5.0 AppleWebKit/537.36 (KHTML, like Gecko; compatible; bingbot/2.0; +http://www.bing.com/bingbot.htm) Chrome/116.0.1938.76 Safari/537.36" "-"
82.165.88.0 - - [12/Jan/2024:00:50:18 +0100] "POST /wp-cron.php?doing_wp_cron=1705017018.8804919719696044921875 HTTP/1.1" 200 - cronicareinodearagon.com "-" "WordPress/6.2.2; https://cronicareinodearagon.com" "-"
141.94.247.0 - - [12/Jan/2024:00:50:18 +0100] "POST /wp-login.php HTTP/1.1" 200 9614 cronicareinodearagon.com "-" "Mozilla/5.0 (Windows NT 6.1; WOW64) AppleWebKit/537.36 (KHTML, like Gecko) Chrome/48.0.2564.109 Safari/537.36" "-"
51.222.253.0 - - [12/Jan/2024:00:53:59 +0100] "GET /aragon/debilidad-moreno-bonilla-celos-marin/ HTTP/1.1" 200 172649 cronicareinodearagon.com "-" "Mozilla/5.0 (compatible; AhrefsBot/7.0; +http://ahrefs.com/robot/)" "-"
82.165.88.0 - - [12/Jan/2024:00:54:00 +0100] "POST /wp-cron.php?doing_wp_cron=1705017240.0265591144561767578125 HTTP/1.1" 200 - cronicareinodearagon.com "-" "WordPress/6.2.2; https://cronicareinodearagon.com" "-"
43.241.70.0 - - [12/Jan/2024:01:01:33 +0100] "POST /wp-login.php HTTP/1.1" 200 9608 cronicareinodearagon.com "-" "Mozilla/5.0 (Windows NT 10.0; WOW64) AppleWebKit/537.36 (KHTML, like Gecko) Chrome/46.0.2490.80 Safari/537.36" "-"
82.165.88.0 - - [12/Jan/2024:01:01:34 +0100] "POST /wp-cron.php?doing_wp_cron=1705017694.1337630748748779296875 HTTP/1.1" 200 - cronicareinodearagon.com "-" "WordPress/6.2.2; https://cronicareinodearagon.com" "-"
185.237.97.0 - - [12/Jan/2024:01:05:36 +0100] "GET //vendor/phpunit/phpunit/phpunit.xsd HTTP/1.1" 404 596 cronicadealmeria.com "-" "Mozilla/5.0 (X11; Linux x86_64; rv:52.0) Gecko/20100101 Firefox/52.0" "-"
185.237.97.0 - - [12/Jan/2024:01:05:40 +0100] "GET //vendor/phpunit/phpunit/phpunit.xsd HTTP/1.1" 404 596 cronicadearagon.com "-" "Mozilla/5.0 (X11; Linux x86_64; rv:52.0) Gecko/20100101 Firefox/52.0" "-"
185.237.97.0 - - [12/Jan/2024:01:05:43 +0100] "GET //vendor/phpunit/phpunit/phpunit.xsd HTTP/1.1" 404 596 cronicadeasturias.com "-" "Mozilla/5.0 (X11; Linux x86_64; rv:52.0) Gecko/20100101 Firefox/52.0" "-"
185.237.97.0 - - [12/Jan/2024:01:05:46 +0100] "GET //vendor/phpunit/phpunit/phpunit.xsd HTTP/1.1" 404 596 cronicadecadiz.com "-" "Mozilla/5.0 (X11; Linux x86_64; rv:52.0) Gecko/20100101 Firefox/52.0" "-"
185.237.97.0 - - [12/Jan/2024:01:05:50 +0100] "GET //vendor/phpunit/phpunit/phpunit.xsd HTTP/1.1" 404 596 cronicadecordoba.com "-" "Mozilla/5.0 (X11; Linux x86_64; rv:52.0) Gecko/20100101 Firefox/52.0" "-"
185.237.97.0 - - [12/Jan/2024:01:05:54 +0100] "GET //vendor/phpunit/phpunit/phpunit.xsd HTTP/1.1" 404 596 cronicadeextremadura.com "-" "Mozilla/5.0 (X11; Linux x86_64; rv:52.0) Gecko/20100101 Firefox/52.0" "-"
185.237.97.0 - - [12/Jan/2024:01:05:58 +0100] "GET //vendor/phpunit/phpunit/phpunit.xsd HTTP/1.1" 404 596 cronicadegranada.com "-" "Mozilla/5.0 (X11; Linux x86_64; rv:52.0) Gecko/20100101 Firefox/52.0" "-"
185.237.97.0 - - [12/Jan/2024:01:06:02 +0100] "GET //vendor/phpunit/phpunit/phpunit.xsd HTTP/1.1" 404 596 cronicadejaen.com "-" "Mozilla/5.0 (X11; Linux x86_64; rv:52.0) Gecko/20100101 Firefox/52.0" "-"
185.237.97.0 - - [12/Jan/2024:01:06:06 +0100] "GET //vendor/phpunit/phpunit/phpunit.xsd HTTP/1.1" 404 596 cronicadehuelva.com "-" "Mozilla/5.0 (X11; Linux x86_64; rv:52.0) Gecko/20100101 Firefox/52.0" "-"
185.237.97.0 - - [12/Jan/2024:01:06:13 +0100] "GET //vendor/phpunit/phpunit/phpunit.xsd HTTP/1.1" 404 596 cronicadelpaisvalenciano.com "-" "Mozilla/5.0 (X11; Linux x86_64; rv:52.0) Gecko/20100101 Firefox/52.0" "-"
185.237.97.0 - - [12/Jan/2024:01:06:16 +0100] "GET //vendor/phpunit/phpunit/phpunit.xsd HTTP/1.1" 404 596 cronicademalaga.com "-" "Mozilla/5.0 (X11; Linux x86_64; rv:52.0) Gecko/20100101 Firefox/52.0" "-"
185.237.97.0 - - [12/Jan/2024:01:06:19 +0100] "GET //vendor/phpunit/phpunit/phpunit.xsd HTTP/1.1" 404 596 cronicadesevilla.com "-" "Mozilla/5.0 (X11; Linux x86_64; rv:52.0) Gecko/20100101 Firefox/52.0" "-"
185.237.97.0 - - [12/Jan/2024:01:06:24 +0100] "GET //vendor/phpunit/phpunit/phpunit.xsd HTTP/1.1" 404 596 cronicadevalencia.com "-" "Mozilla/5.0 (X11; Linux x86_64; rv:52.0) Gecko/20100101 Firefox/52.0" "-"
185.237.97.0 - - [12/Jan/2024:01:06:27 +0100] "GET //vendor/phpunit/phpunit/phpunit.xsd HTTP/1.1" 301 275 cronicareinodearagon.com "-" "Mozilla/5.0 (X11; Linux x86_64; rv:52.0) Gecko/20100101 Firefox/52.0" "-"
82.165.88.0 - - [12/Jan/2024:01:06:30 +0100] "POST /wp-cron.php?doing_wp_cron=1705017990.8194210529327392578125 HTTP/1.1" 200 - cronicareinodearagon.com "-" "WordPress/6.2.2; https://cronicareinodearagon.com" "-"
185.237.97.0 - - [12/Jan/2024:01:06:30 +0100] "GET /vendor/phpunit/phpunit/phpunit.xsd HTTP/1.1" 404 144908 cronicareinodearagon.com "-" "Mozilla/5.0 (X11; Linux x86_64; rv:52.0) Gecko/20100101 Firefox/52.0" "-"
82.165.88.0 - - [12/Jan/2024:01:06:49 +0100] "POST /wp-cron.php?doing_wp_cron=1705018009.3842480182647705078125 HTTP/1.1" 200 - cronicareinodearagon.com "-" "WordPress/6.2.2; https://cronicareinodearagon.com" "-"
66.249.72.0 - - [12/Jan/2024:01:06:49 +0100] "GET /robots.txt HTTP/1.1" 200 202 cronicareinodearagon.com "-" "Mozilla/5.0 (compatible; Googlebot/2.1; +http://www.google.com/bot.html)" "-"
66.249.78.0 - - [12/Jan/2024:01:06:51 +0100] "GET /wp-content/uploads/2022/10/cropped-Favicon_CrAra-180x180.png HTTP/1.1" 200 15867 cronicareinodearagon.com "-" "Googlebot-Image/1.0" "-"
66.249.72.0 - - [12/Jan/2024:01:06:52 +0100] "GET /wp-content/uploads/2022/10/cropped-Favicon_CrAra-192x192.png HTTP/1.1" 200 11953 cronicareinodearagon.com "-" "Googlebot-Image/1.0" "-"
51.222.253.0 - - [12/Jan/2024:01:07:04 +0100] "GET /opinion/elecciones-19j-andalucia-analisis-encuestas/ HTTP/1.1" 200 172971 cronicareinodearagon.com "-" "Mozilla/5.0 (compatible; AhrefsBot/7.0; +http://ahrefs.com/robot/)" "-"
66.249.84.0 - - [12/Jan/2024:01:13:11 +0100] "GET /category/politica/feed/ HTTP/1.1" 200 18273 cronicareinodearagon.com "-" "FeedFetcher-Google; (+http://www.google.com/feedfetcher.html)" "-"
82.165.88.0 - - [12/Jan/2024:01:20:03 +0100] "POST /wp-cron.php?doing_wp_cron=1705018803.8165249824523925781250 HTTP/1.1" 200 - cronicareinodearagon.com "-" "WordPress/6.2.2; https://cronicareinodearagon.com" "-"
51.222.253.0 - - [12/Jan/2024:01:20:03 +0100] "GET /aragon/andalucia-cifras-covid-repunte/ HTTP/1.1" 200 164667 cronicareinodearagon.com "-" "Mozilla/5.0 (compatible; AhrefsBot/7.0; +http://ahrefs.com/robot/)" "-"
82.165.88.0 - - [12/Jan/2024:01:31:03 +0100] "POST /wp-cron.php?doing_wp_cron=1705019463.9098598957061767578125 HTTP/1.1" 200 - cronicareinodearagon.com "-" "WordPress/6.2.2; https://cronicareinodearagon.com" "-"
144.217.181.0 - - [12/Jan/2024:01:31:03 +0100] "POST /wp-login.php HTTP/1.1" 200 9585 cronicareinodearagon.com "-" "Mozilla/5.0 (Windows NT 6.1) AppleWebKit/537.36 (KHTML, like Gecko) Chrome/65.0.3325.181 Safari/537.36" "-"
184.154.76.0 - - [12/Jan/2024:01:34:03 +0100] "GET / HTTP/1.1" 200 336 www.cronicademalaga.com "http://www.google.com/url?url=www.cronicademalaga.com&yahoo.com" "Mozilla/5.0 (compatible; MSIE 9.0; Windows NT 6.1; WOW64; Trident/6.0)" "-"
184.154.76.0 - - [12/Jan/2024:01:34:03 +0100] "GET /th1s_1s_a_4o4.html HTTP/1.1" 404 596 www.cronicademalaga.com "http://www.google.com/url?url=www.cronicademalaga.com&yahoo.com" "Mozilla/5.0 (compatible; MSIE 9.0; Windows NT 6.1; WOW64; Trident/6.0)" "-"
184.154.76.0 - - [12/Jan/2024:01:34:03 +0100] "GET /spicons/templates/defaultsite/es-ES/images/domain.svg HTTP/1.1" 200 2095 www.cronicademalaga.com "http://www.google.com/url?url=www.cronicademalaga.com&yahoo.com" "Mozilla/5.0 (compatible; MSIE 9.0; Windows NT 6.1; WOW64; Trident/6.0)" "-"
184.154.76.0 - - [12/Jan/2024:01:34:03 +0100] "GET /defaultsite HTTP/1.1" 200 18994 www.cronicademalaga.com "-" "SiteLockSpider [en] (WinNT; I ;Nav)" "-"
184.154.76.0 - - [12/Jan/2024:01:34:04 +0100] "GET /spicons/templates/defaultsite/es-ES/images/domain_transfer.svg HTTP/1.1" 200 1201 www.cronicademalaga.com "-" "SiteLockSpider [en] (WinNT; I ;Nav)" "-"
184.154.76.0 - - [12/Jan/2024:01:34:04 +0100] "GET /spicons/templates/defaultsite/es-ES/images/css/main.css HTTP/1.1" 200 486180 www.cronicademalaga.com "http://www.google.com/url?url=www.cronicademalaga.com&yahoo.com" "Mozilla/5.0 (compatible; MSIE 9.0; Windows NT 6.1; WOW64; Trident/6.0)" "-"
184.154.76.0 - - [12/Jan/2024:01:34:05 +0100] "GET /domaincheckresult?__SBMT:d359e110d15:=1&__SYNT:d359e110d15:__CMD(domaincheckresult):RETWRP=domainselect&__SYNT:d359e110d15:__CMD(domaincheckresult):SELWRP=multicheck&__SYNT:d359e110d15:__forcestop=true&__pageflow=Order&__sendingdata=1&linkId=ct.btn.check.default-page-check&multicheck.Domain=1 HTTP/1.1" 404 596 www.cronicademalaga.com "-" "SiteLockSpider [en] (WinNT; I ;Nav)" "-"
184.154.76.0 - - [12/Jan/2024:01:34:05 +0100] "GET /spicons/templates/defaultsite/es-ES/images/ic-world.svg HTTP/1.1" 200 1248 www.cronicademalaga.com "-" "SiteLockSpider [en] (WinNT; I ;Nav)" "-"
206.189.6.0 - - [12/Jan/2024:01:34:37 +0100] "GET / HTTP/1.1" 200 336 cronicadelpaisvalenciano.com "-" "Mozilla/5.0 (X11; Linux x86_64) AppleWebKit/537.36 (KHTML, like Gecko) Chrome/108.0.0.0 Safari/537.36" "-"
52.167.144.0 - - [12/Jan/2024:01:41:38 +0100] "GET /wp-content/uploads/2023/05/jornada-biogas-aragon-360x180.jpg HTTP/1.1" 200 9014 cronicareinodearagon.com "-" "Mozilla/5.0 AppleWebKit/537.36 (KHTML, like Gecko; compatible; bingbot/2.0; +http://www.bing.com/bingbot.htm) Chrome/116.0.1938.76 Safari/537.36" "-"
51.222.253.0 - - [12/Jan/2024:01:42:57 +0100] "GET /aragon/facua-estudio-farmacias-test-antigenos/ HTTP/1.1" 200 165536 cronicareinodearagon.com "-" "Mozilla/5.0 (compatible; AhrefsBot/7.0; +http://ahrefs.com/robot/)" "-"
82.165.88.0 - - [12/Jan/2024:01:42:58 +0100] "POST /wp-cron.php?doing_wp_cron=1705020178.6476659774780273437500 HTTP/1.1" 200 - cronicareinodearagon.com "-" "WordPress/6.2.2; https://cronicareinodearagon.com" "-"
74.125.216.0 - - [12/Jan/2024:01:43:47 +0100] "GET /category/economia/feed/ HTTP/1.1" 200 12913 cronicareinodearagon.com "-" "FeedFetcher-Google; (+http://www.google.com/feedfetcher.html)" "-"
138.197.109.0 - - [12/Jan/2024:01:43:47 +0100] "GET /wp-content/plugins/ai-engine/themes/_codeDark.scss HTTP/1.1" 404 596 cronicadesevilla.com "cronicadesevilla.com" "Mozilla/5.0 (Windows NT 6.1; Win64; x64) AppleWebKit/537.36 (KHTML, like Gecko) Chrome/242.02.8301.120 Safari/537.36" "-"
66.249.84.0 - - [12/Jan/2024:01:44:01 +0100] "GET /category/educacion/feed/ HTTP/1.1" 200 56994 cronicareinodearagon.com "-" "FeedFetcher-Google; (+http://www.google.com/feedfetcher.html)" "-"
66.249.84.0 - - [12/Jan/2024:01:44:06 +0100] "GET /category/politica/feed/ HTTP/1.1" 200 18273 cronicareinodearagon.com "-" "FeedFetcher-Google; (+http://www.google.com/feedfetcher.html)" "-"
82.165.88.0 - - [12/Jan/2024:01:44:44 +0100] "POST /wp-cron.php?doing_wp_cron=1705020284.5409519672393798828125 HTTP/1.1" 200 - cronicareinodearagon.com "-" "WordPress/6.2.2; https://cronicareinodearagon.com" "-"
34.93.16.0 - - [12/Jan/2024:01:44:44 +0100] "POST /wp-login.php HTTP/1.1" 200 9614 cronicareinodearagon.com "-" "Mozilla/5.0 (Windows NT 10.0; Win64; x64) AppleWebKit/537.36 (KHTML, like Gecko) Chrome/73.0.3683.75 Safari/537.36" "-"
198.199.77.0 - - [12/Jan/2024:01:44:48 +0100] "GET / HTTP/1.1" 200 336 cronicadearagon.com "-" "Mozilla/5.0 (X11; Linux x86_64) AppleWebKit/537.36 (KHTML, like Gecko) Chrome/108.0.0.0 Safari/537.36" "-"
198.199.77.0 - - [12/Jan/2024:01:44:48 +0100] "GET / HTTP/1.1" 200 336 cronicadearagon.com "-" "Mozilla/5.0 (X11; Linux x86_64) AppleWebKit/537.36 (KHTML, like Gecko) Chrome/108.0.0.0 Safari/537.36" "-"
82.165.224.0 - - [12/Jan/2024:01:47:00 +0100] "GET /robots.txt HTTP/1.1" 301 251 cronicareinodearagon.com "-" "IonCrawl (https://www.ionos.de/terms-gtc/faq-crawler-en/)" "-"
82.165.224.0 - - [12/Jan/2024:01:47:00 +0100] "GET /robots.txt HTTP/1.1" 200 202 cronicareinodearagon.com "-" "IonCrawl (https://www.ionos.de/terms-gtc/faq-crawler-en/)" "-"
82.165.88.0 - - [12/Jan/2024:01:47:01 +0100] "POST /wp-cron.php?doing_wp_cron=1705020420.9682049751281738281250 HTTP/1.1" 200 - cronicareinodearagon.com "-" "WordPress/6.2.2; https://cronicareinodearagon.com" "-"
52.167.144.0 - - [12/Jan/2024:01:47:01 +0100] "GET /wp-content/uploads/2023/05/ecoprovincia-zaragoza-1-360x180.jpg HTTP/1.1" 200 11411 cronicareinodearagon.com "-" "Mozilla/5.0 AppleWebKit/537.36 (KHTML, like Gecko; compatible; bingbot/2.0; +http://www.bing.com/bingbot.htm) Chrome/116.0.1938.76 Safari/537.36" "-"
82.165.88.0 - - [12/Jan/2024:01:48:15 +0100] "POST /wp-cron.php?doing_wp_cron=1705020495.7307810783386230468750 HTTP/1.1" 200 - cronicareinodearagon.com "-" "WordPress/6.2.2; https://cronicareinodearagon.com" "-"
51.77.195.0 - - [12/Jan/2024:01:48:15 +0100] "POST /xmlrpc.php HTTP/1.1" 200 416 cronicareinodearagon.com "-" "Mozilla/5.0 (Windows NT 6.1; WOW64; rv:17.0) Gecko/20100101 Firefox/17.0" "-"
66.85.129.0 - - [12/Jan/2024:01:48:22 +0100] "POST /xmlrpc.php HTTP/1.1" 200 416 cronicareinodearagon.com "-" "Mozilla/5.0 (Windows NT 6.1; Win64; x64) AppleWebKit/537.36 (KHTML, like Gecko) Chrome/79.0.3945.88 Safari/537.36" "-"
4.194.252.0 - - [12/Jan/2024:01:48:27 +0100] "POST /xmlrpc.php HTTP/1.1" 200 416 cronicareinodearagon.com "-" "Mozilla/5.0 (Windows NT 6.1; WOW64; rv:47.0) Gecko/20100101 Firefox/47.0" "-"
178.128.159.0 - - [12/Jan/2024:01:48:28 +0100] "POST /xmlrpc.php HTTP/1.1" 200 416 cronicareinodearagon.com "-" "Mozilla/5.0 (Linux; Android 10; SM-G960U) AppleWebKit/537.36 (KHTML, like Gecko) Chrome/91.0.4472.114 Mobile Safari/537.36" "-"
82.165.88.0 - - [12/Jan/2024:01:48:48 +0100] "POST /wp-cron.php?doing_wp_cron=1705020528.5842669010162353515625 HTTP/1.1" 200 - cronicareinodearagon.com "-" "WordPress/6.2.2; https://cronicareinodearagon.com" "-"
82.165.224.0 - - [12/Jan/2024:01:48:48 +0100] "GET /sitemap_index.xml HTTP/1.1" 200 317 cronicareinodearagon.com "-" "IonCrawl (https://www.ionos.de/terms-gtc/faq-crawler-en/)" "-"
82.165.224.0 - - [12/Jan/2024:01:48:49 +0100] "GET / HTTP/1.1" 200 41728 cronicareinodearagon.com "-" "IonCrawl (https://www.ionos.de/terms-gtc/faq-crawler-en/)" "-"
82.165.224.0 - - [12/Jan/2024:01:48:49 +0100] "HEAD /aragon/el-gobierno-de-aragon-impulsa-nueve-proyectos-empresariales-de-id-en-sector-farmaceutico-y-movilidad-sostenible/ HTTP/1.1" 200 - cronicareinodearagon.com "-" "Java/1.8.0_362" "-"
82.165.224.0 - - [12/Jan/2024:01:48:49 +0100] "HEAD /aviso-legal/ HTTP/1.1" 200 - cronicareinodearagon.com "-" "Java/1.8.0_362" "-"
82.165.224.0 - - [12/Jan/2024:01:48:50 +0100] "HEAD /aragon/nuevo-programa-de-aceleracion-gratuito-para-empresas-innovadoras/ HTTP/1.1" 200 - cronicareinodearagon.com "-" "Java/1.8.0_362" "-"
82.165.224.0 - - [12/Jan/2024:01:48:50 +0100] "GET /wp-cron.php HTTP/1.1" 200 - cronicareinodearagon.com "-" "IonCrawl (https://www.ionos.de/terms-gtc/faq-crawler-en/)" "-"
111.221.45.0 - - [12/Jan/2024:01:48:56 +0100] "POST /xmlrpc.php HTTP/1.1" 200 416 cronicareinodearagon.com "-" "Mozilla/5.0 (Windows NT 5.1; rv:33.0) Gecko/20100101 Firefox/33.0" "-"
103.87.175.0 - - [12/Jan/2024:01:49:09 +0100] "POST /xmlrpc.php HTTP/1.1" 200 416 cronicareinodearagon.com "-" "Mozilla/5.0 (Windows NT 6.0; rv:34.0) Gecko/20100101 Firefox/34.0" "-"
143.198.227.0 - - [12/Jan/2024:01:49:30 +0100] "POST /wp-login.php HTTP/1.1" 200 9580 cronicareinodearagon.com "-" "Mozilla/5.0 (Windows NT 10.0; WOW64) AppleWebKit/537.36 (KHTML, like Gecko) Chrome/53.0.2785.143 Safari/537.36" "-"
8.218.115.0 - - [12/Jan/2024:01:49:55 +0100] "POST /wp-login.php HTTP/1.1" 200 9580 cronicareinodearagon.com "-" "Mozilla/5.0 (Windows NT 6.3; Win64; x64) AppleWebKit/537.36 (KHTML, like Gecko) Chrome/65.0.3325.181 Safari/537.36" "-"
82.165.88.0 - - [12/Jan/2024:01:49:56 +0100] "POST /wp-cron.php?doing_wp_cron=1705020596.1760210990905761718750 HTTP/1.1" 200 - cronicareinodearagon.com "-" "WordPress/6.2.2; https://cronicareinodearagon.com" "-"
66.249.84.0 - - [12/Jan/2024:01:51:33 +0100] "GET /category/educacion/feed/ HTTP/1.1" 200 56994 cronicareinodearagon.com "-" "FeedFetcher-Google; (+http://www.google.com/feedfetcher.html)" "-"
82.165.88.0 - - [12/Jan/2024:01:52:02 +0100] "POST /wp-cron.php?doing_wp_cron=1705020722.4456288814544677734375 HTTP/1.1" 200 - cronicareinodearagon.com "-" "WordPress/6.2.2; https://cronicareinodearagon.com" "-"
82.165.224.0 - - [12/Jan/2024:01:52:02 +0100] "GET /aragon/el-gobierno-de-aragon-impulsa-nueve-proyectos-empresariales-de-id-en-sector-farmaceutico-y-movilidad-sostenible/ HTTP/1.1" 200 35485 cronicareinodearagon.com "-" "IonCrawl (https://www.ionos.de/terms-gtc/faq-crawler-en/)" "-"
82.165.224.0 - - [12/Jan/2024:01:52:03 +0100] "HEAD /aragon/el-gobierno-de-aragon-impulsa-nueve-proyectos-empresariales-de-id-en-sector-farmaceutico-y-movilidad-sostenible/ HTTP/1.1" 200 - cronicareinodearagon.com "-" "Java/1.8.0_362" "-"
82.165.224.0 - - [12/Jan/2024:01:52:03 +0100] "HEAD /aragon/el-gobierno-de-aragon-impulsa-nueve-proyectos-empresariales-de-id-en-sector-farmaceutico-y-movilidad-sostenible/ HTTP/1.1" 200 - cronicareinodearagon.com "-" "Java/1.8.0_362" "-"
82.165.224.0 - - [12/Jan/2024:01:52:03 +0100] "HEAD /aviso-legal/ HTTP/1.1" 200 - cronicareinodearagon.com "-" "Java/1.8.0_362" "-"
82.165.224.0 - - [12/Jan/2024:01:52:04 +0100] "HEAD /aragon/el-gobierno-de-aragon-impulsa-nueve-proyectos-empresariales-de-id-en-sector-farmaceutico-y-movilidad-sostenible/ HTTP/1.1" 200 - cronicareinodearagon.com "-" "Java/1.8.0_362" "-"
82.165.224.0 - - [12/Jan/2024:01:52:05 +0100] "GET /aragon/nuevo-programa-de-aceleracion-gratuito-para-empresas-innovadoras/ HTTP/1.1" 200 34840 cronicareinodearagon.com "-" "IonCrawl (https://www.ionos.de/terms-gtc/faq-crawler-en/)" "-"
82.165.224.0 - - [12/Jan/2024:01:52:05 +0100] "HEAD /aragon/nuevo-programa-de-aceleracion-gratuito-para-empresas-innovadoras/ HTTP/1.1" 200 - cronicareinodearagon.com "-" "Java/1.8.0_362" "-"
82.165.224.0 - - [12/Jan/2024:01:52:06 +0100] "HEAD /aviso-legal/ HTTP/1.1" 200 - cronicareinodearagon.com "-" "Java/1.8.0_362" "-"
82.165.224.0 - - [12/Jan/2024:01:52:06 +0100] "HEAD /aragon/nuevo-programa-de-aceleracion-gratuito-para-empresas-innovadoras/ HTTP/1.1" 200 - cronicareinodearagon.com "-" "Java/1.8.0_362" "-"
82.165.224.0 - - [12/Jan/2024:01:52:06 +0100] "HEAD /aragon/nuevo-programa-de-aceleracion-gratuito-para-empresas-innovadoras/ HTTP/1.1" 200 - cronicareinodearagon.com "-" "Java/1.8.0_362" "-"
82.165.224.0 - - [12/Jan/2024:01:52:07 +0100] "GET /aviso-legal/ HTTP/1.1" 200 141111 cronicareinodearagon.com "-" "IonCrawl (https://www.ionos.de/terms-gtc/faq-crawler-en/)" "-"
82.165.224.0 - - [12/Jan/2024:01:52:07 +0100] "HEAD /aviso-legal/ HTTP/1.1" 200 - cronicareinodearagon.com "-" "Java/1.8.0_362" "-"
82.165.224.0 - - [12/Jan/2024:01:52:07 +0100] "HEAD /aviso-legal/ HTTP/1.1" 200 - cronicareinodearagon.com "-" "Java/1.8.0_362" "-"
82.165.224.0 - - [12/Jan/2024:01:52:08 +0100] "HEAD /aviso-legal/ HTTP/1.1" 200 - cronicareinodearagon.com "-" "Java/1.8.0_362" "-"
66.249.84.0 - - [12/Jan/2024:01:54:26 +0100] "GET /category/politica/feed/ HTTP/1.1" 200 18273 cronicareinodearagon.com "-" "FeedFetcher-Google; (+http://www.google.com/feedfetcher.html)" "-"
82.165.88.0 - - [12/Jan/2024:01:55:07 +0100] "POST /wp-cron.php?doing_wp_cron=1705020907.5431170463562011718750 HTTP/1.1" 200 - cronicareinodearagon.com "-" "WordPress/6.2.2; https://cronicareinodearagon.com" "-"
51.222.253.0 - - [12/Jan/2024:01:55:07 +0100] "GET /politica/valero-iu-pp-moreno-andalucia-elecciones/ HTTP/1.1" 200 159281 cronicareinodearagon.com "-" "Mozilla/5.0 (compatible; AhrefsBot/7.0; +http://ahrefs.com/robot/)" "-"
82.165.224.0 - - [12/Jan/2024:01:58:20 +0100] "GET / HTTP/1.1" 200 41728 cronicareinodearagon.com "-" "IonCrawl (https://www.ionos.de/terms-gtc/faq-crawler-en/)" "-"
82.165.88.0 - - [12/Jan/2024:01:58:20 +0100] "POST /wp-cron.php?doing_wp_cron=1705021100.8076970577239990234375 HTTP/1.1" 200 - cronicareinodearagon.com "-" "WordPress/6.2.2; https://cronicareinodearagon.com" "-"
82.165.88.0 - - [12/Jan/2024:01:58:20 +0100] "POST /wp-cron.php?doing_wp_cron=1705021100.8085589408874511718750 HTTP/1.1" 200 - cronicareinodearagon.com "-" "WordPress/6.2.2; https://cronicareinodearagon.com" "-"
82.165.224.0 - - [12/Jan/2024:01:58:20 +0100] "HEAD /aragon/el-gobierno-de-aragon-impulsa-nueve-proyectos-empresariales-de-id-en-sector-farmaceutico-y-movilidad-sostenible/ HTTP/1.1" 200 - cronicareinodearagon.com "-" "Java/1.8.0_362" "-"
82.165.224.0 - - [12/Jan/2024:01:58:20 +0100] "GET /category/america/ HTTP/1.1" 200 138177 cronicareinodearagon.com "-" "IonCrawl (https://www.ionos.de/terms-gtc/faq-crawler-en/)" "-"
82.165.224.0 - - [12/Jan/2024:01:58:21 +0100] "HEAD /aviso-legal/ HTTP/1.1" 200 - cronicareinodearagon.com "-" "Java/1.8.0_362" "-"
82.165.224.0 - - [12/Jan/2024:01:58:21 +0100] "HEAD /aragon/nuevo-programa-de-aceleracion-gratuito-para-empresas-innovadoras/ HTTP/1.1" 200 - cronicareinodearagon.com "-" "Java/1.8.0_362" "-"
82.165.224.0 - - [12/Jan/2024:01:58:21 +0100] "HEAD /aviso-legal/ HTTP/1.1" 200 - cronicareinodearagon.com "-" "Java/1.8.0_362" "-"
82.165.224.0 - - [12/Jan/2024:01:58:23 +0100] "GET /america/el-templo-de-los-mercaderes/ HTTP/1.1" 200 179282 cronicareinodearagon.com "-" "IonCrawl (https://www.ionos.de/terms-gtc/faq-crawler-en/)" "-"
82.165.224.0 - - [12/Jan/2024:01:58:24 +0100] "HEAD /aviso-legal/ HTTP/1.1" 200 - cronicareinodearagon.com "-" "Java/1.8.0_362" "-"
82.165.224.0 - - [12/Jan/2024:01:58:24 +0100] "GET /aragon/resultados-elecciones-autonomicas-municipales-aragon/ HTTP/1.1" 200 36139 cronicareinodearagon.com "-" "IonCrawl (https://www.ionos.de/terms-gtc/faq-crawler-en/)" "-"
82.165.224.0 - - [12/Jan/2024:01:58:24 +0100] "HEAD /aviso-legal/ HTTP/1.1" 200 - cronicareinodearagon.com "-" "Java/1.8.0_362" "-"
82.165.224.0 - - [12/Jan/2024:01:58:24 +0100] "GET /aragon/segundo-avance-participacion-elecciones-aragon/ HTTP/1.1" 200 35336 cronicareinodearagon.com "-" "IonCrawl (https://www.ionos.de/terms-gtc/faq-crawler-en/)" "-"
82.165.224.0 - - [12/Jan/2024:01:58:25 +0100] "GET /author/redaccion/ HTTP/1.1" 301 - cronicareinodearagon.com "-" "IonCrawl (https://www.ionos.de/terms-gtc/faq-crawler-en/)" "-"
82.165.224.0 - - [12/Jan/2024:01:58:25 +0100] "HEAD /aviso-legal/ HTTP/1.1" 200 - cronicareinodearagon.com "-" "Java/1.8.0_362" "-"
82.165.224.0 - - [12/Jan/2024:01:58:27 +0100] "GET /aragon/el-biogas-como-aliado-en-la-descarbonizacion-tematica-de-jornada-de-itainnova-circe-y-clenar/ HTTP/1.1" 200 165323 cronicareinodearagon.com "-" "IonCrawl (https://www.ionos.de/terms-gtc/faq-crawler-en/)" "-"
82.165.224.0 - - [12/Jan/2024:01:58:27 +0100] "HEAD /aviso-legal/ HTTP/1.1" 200 - cronicareinodearagon.com "-" "Java/1.8.0_362" "-"
82.165.224.0 - - [12/Jan/2024:01:58:29 +0100] "GET /aragon/educacion-sexual-edades-tempranas-aragon/ HTTP/1.1" 200 161479 cronicareinodearagon.com "-" "IonCrawl (https://www.ionos.de/terms-gtc/faq-crawler-en/)" "-"
82.165.224.0 - - [12/Jan/2024:01:58:30 +0100] "HEAD /aviso-legal/ HTTP/1.1" 200 - cronicareinodearagon.com "-" "Java/1.8.0_362" "-"
82.165.224.0 - - [12/Jan/2024:01:58:32 +0100] "GET /america/lula-da-silva-apoyo-vinicius-ataques-racistas/ HTTP/1.1" 200 162335 cronicareinodearagon.com "-" "IonCrawl (https://www.ionos.de/terms-gtc/faq-crawler-en/)" "-"
82.165.224.0 - - [12/Jan/2024:01:58:32 +0100] "GET /aragon/aragon-vacunacion-neumococo-junio/ HTTP/1.1" 200 161497 cronicareinodearagon.com "-" "IonCrawl (https://www.ionos.de/terms-gtc/faq-crawler-en/)" "-"
82.165.224.0 - - [12/Jan/2024:01:58:32 +0100] "GET /aragon/guitarte-teruel-existe-cierre-campana/ HTTP/1.1" 200 177141 cronicareinodearagon.com "-" "IonCrawl (https://www.ionos.de/terms-gtc/faq-crawler-en/)" "-"
82.165.224.0 - - [12/Jan/2024:01:58:33 +0100] "HEAD /aviso-legal/ HTTP/1.1" 200 - cronicareinodearagon.com "-" "Java/1.8.0_362" "-"
82.165.224.0 - - [12/Jan/2024:01:58:33 +0100] "HEAD /aviso-legal/ HTTP/1.1" 200 - cronicareinodearagon.com "-" "Java/1.8.0_362" "-"
82.165.224.0 - - [12/Jan/2024:01:58:33 +0100] "HEAD /aviso-legal/ HTTP/1.1" 200 - cronicareinodearagon.com "-" "Java/1.8.0_362" "-"
82.165.224.0 - - [12/Jan/2024:01:58:34 +0100] "GET /aragon/astic-reconocimiento-carreras-grupo/ HTTP/1.1" 200 158191 cronicareinodearagon.com "-" "IonCrawl (https://www.ionos.de/terms-gtc/faq-crawler-en/)" "-"
82.165.224.0 - - [12/Jan/2024:01:58:35 +0100] "HEAD /aviso-legal/ HTTP/1.1" 200 - cronicareinodearagon.com "-" "Java/1.8.0_362" "-"
82.165.224.0 - - [12/Jan/2024:01:58:36 +0100] "GET /aragon/avance-participacion-elecciones-aragon/ HTTP/1.1" 200 166812 cronicareinodearagon.com "-" "IonCrawl (https://www.ionos.de/terms-gtc/faq-crawler-en/)" "-"
82.165.224.0 - - [12/Jan/2024:01:58:36 +0100] "HEAD /aviso-legal/ HTTP/1.1" 200 - cronicareinodearagon.com "-" "Java/1.8.0_362" "-"
82.165.224.0 - - [12/Jan/2024:01:58:37 +0100] "GET /aragon/fima-digital-jornada-maquinaria-agricola/ HTTP/1.1" 200 34254 cronicareinodearagon.com "-" "IonCrawl (https://www.ionos.de/terms-gtc/faq-crawler-en/)" "-"
82.165.224.0 - - [12/Jan/2024:01:58:37 +0100] "HEAD /aviso-legal/ HTTP/1.1" 200 - cronicareinodearagon.com "-" "Java/1.8.0_362" "-"
82.165.224.0 - - [12/Jan/2024:01:58:38 +0100] "GET /category/aragon/ HTTP/1.1" 200 29277 cronicareinodearagon.com "-" "IonCrawl (https://www.ionos.de/terms-gtc/faq-crawler-en/)" "-"
82.165.224.0 - - [12/Jan/2024:01:58:38 +0100] "GET /category/aragon/huesca/ HTTP/1.1" 200 147154 cronicareinodearagon.com "-" "IonCrawl (https://www.ionos.de/terms-gtc/faq-crawler-en/)" "-"
82.165.224.0 - - [12/Jan/2024:01:58:38 +0100] "HEAD /aviso-legal/ HTTP/1.1" 200 - cronicareinodearagon.com "-" "Java/1.8.0_362" "-"
82.165.224.0 - - [12/Jan/2024:01:58:39 +0100] "HEAD /aviso-legal/ HTTP/1.1" 200 - cronicareinodearagon.com "-" "Java/1.8.0_362" "-"
82.165.224.0 - - [12/Jan/2024:01:58:39 +0100] "HEAD /aragon/nuevo-programa-de-aceleracion-gratuito-para-empresas-innovadoras/ HTTP/1.1" 200 - cronicareinodearagon.com "-" "Java/1.8.0_362" "-"
72.167.65.0 - - [12/Jan/2024:02:00:42 +0100] "POST /xmlrpc.php HTTP/1.1" 301 251 cronicareinodearagon.com "-" "Mozilla/5.0 (Windows NT 10.0; Win64; x64) AppleWebKit/537.36 (KHTML, like Gecko) Chrome/64.0.3282.186 Safari/537.36" "-"
72.167.65.0 - - [12/Jan/2024:02:00:43 +0100] "POST /xmlrpc.php HTTP/1.1" 403 775 cronicareinodearagon.com "-" "Mozilla/5.0 (Windows NT 10.0; Win64; x64) AppleWebKit/537.36 (KHTML, like Gecko) Chrome/64.0.3282.186 Safari/537.36" "-"
60.43.148.0 - - [12/Jan/2024:02:00:45 +0100] "POST /xmlrpc.php HTTP/1.1" 301 251 cronicareinodearagon.com "-" "Mozilla/5.0 (Windows NT 6.1; WOW64; rv:38.0) Gecko/20100101 Firefox/38.0" "-"
60.43.148.0 - - [12/Jan/2024:02:00:46 +0100] "POST /xmlrpc.php HTTP/1.1" 403 775 cronicareinodearagon.com "-" "Mozilla/5.0 (Windows NT 6.1; WOW64; rv:38.0) Gecko/20100101 Firefox/38.0" "-"
198.71.237.0 - - [12/Jan/2024:02:00:52 +0100] "POST /xmlrpc.php HTTP/1.1" 301 251 cronicareinodearagon.com "-" "Mozilla/5.0 (Windows NT 10.0; Win64; x64) AppleWebKit/537.36 (KHTML, like Gecko) Chrome/84.0.4147.135 Safari/537.36" "-"
198.71.237.0 - - [12/Jan/2024:02:00:53 +0100] "POST /xmlrpc.php HTTP/1.1" 403 775 cronicareinodearagon.com "-" "Mozilla/5.0 (Windows NT 10.0; Win64; x64) AppleWebKit/537.36 (KHTML, like Gecko) Chrome/84.0.4147.135 Safari/537.36" "-"
2602:ffc5:: - - [12/Jan/2024:02:00:53 +0100] "POST /xmlrpc.php HTTP/1.1" 301 251 cronicareinodearagon.com "-" "Mozilla/5.0 (Windows NT 6.1; WOW64; rv:40.0) Gecko/20100101 Firefox/40.1" "-"
82.165.88.0 - - [12/Jan/2024:02:00:54 +0100] "POST /wp-cron.php?doing_wp_cron=1705021254.8815350532531738281250 HTTP/1.1" 200 - cronicareinodearagon.com "-" "WordPress/6.2.2; https://cronicareinodearagon.com" "-"
2602:ffc5:: - - [12/Jan/2024:02:00:54 +0100] "POST /xmlrpc.php HTTP/1.1" 200 416 cronicareinodearagon.com "-" "Mozilla/5.0 (Windows NT 6.1; WOW64; rv:40.0) Gecko/20100101 Firefox/40.1" "-"
89.117.73.0 - - [12/Jan/2024:02:00:55 +0100] "POST /xmlrpc.php HTTP/1.1" 301 251 cronicareinodearagon.com "-" "Mozilla/5.0 (Linux; Android 10; SM-N960U) AppleWebKit/537.36 (KHTML, like Gecko) Chrome/91.0.4472.114 Mobile Safari/537.36" "-"
89.117.73.0 - - [12/Jan/2024:02:00:56 +0100] "POST /xmlrpc.php HTTP/1.1" 200 416 cronicareinodearagon.com "-" "Mozilla/5.0 (Linux; Android 10; SM-N960U) AppleWebKit/537.36 (KHTML, like Gecko) Chrome/91.0.4472.114 Mobile Safari/537.36" "-"
2602:ffc5:: - - [12/Jan/2024:02:00:57 +0100] "POST /xmlrpc.php HTTP/1.1" 403 775 cronicareinodearagon.com "-" "Mozilla/5.0 (Linux; Android 10; SM-N960U) AppleWebKit/537.36 (KHTML, like Gecko) Chrome/91.0.4472.114 Mobile Safari/537.36" "-"
72.167.65.0 - - [12/Jan/2024:02:00:59 +0100] "POST /xmlrpc.php HTTP/1.1" 403 775 cronicareinodearagon.com "-" "Mozilla/5.0 (Windows NT 5.1; rv:36.0) Gecko/20100101 Firefox/36.0" "-"
91.134.248.0 - - [12/Jan/2024:02:01:02 +0100] "POST /xmlrpc.php HTTP/1.1" 301 251 cronicareinodearagon.com "-" "Mozilla/5.0 (Windows NT 5.1; rv:33.0) Gecko/20100101 Firefox/33.0" "-"
91.134.248.0 - - [12/Jan/2024:02:01:02 +0100] "POST /xmlrpc.php HTTP/1.1" 200 416 cronicareinodearagon.com "-" "Mozilla/5.0 (Windows NT 5.1; rv:33.0) Gecko/20100101 Firefox/33.0" "-"
195.16.146.0 - - [12/Jan/2024:02:01:10 +0100] "POST /xmlrpc.php HTTP/1.1" 301 251 cronicareinodearagon.com "-" "Mozilla/5.0 (Windows NT 10.0; Win64; x64; rv:61.0) Gecko/20100101 Firefox/61.0" "-"
195.16.146.0 - - [12/Jan/2024:02:01:11 +0100] "POST /xmlrpc.php HTTP/1.1" 200 416 cronicareinodearagon.com "-" "Mozilla/5.0 (Windows NT 10.0; Win64; x64; rv:61.0) Gecko/20100101 Firefox/61.0" "-"
2600:3c01:: - - [12/Jan/2024:02:01:18 +0100] "POST /xmlrpc.php HTTP/1.1" 301 251 cronicareinodearagon.com "-" "Mozilla/5.0 (Windows; U; Windows NT 5.1; en-US; rv:1.7.12) Gecko/20050915 Firefox/1.0.7" "-"
2600:3c01:: - - [12/Jan/2024:02:01:19 +0100] "POST /xmlrpc.php HTTP/1.1" 200 416 cronicareinodearagon.com "-" "Mozilla/5.0 (Windows; U; Windows NT 5.1; en-US; rv:1.7.12) Gecko/20050915 Firefox/1.0.7" "-"
2001:41d0:: - - [12/Jan/2024:02:01:19 +0100] "POST /xmlrpc.php HTTP/1.1" 301 251 cronicareinodearagon.com "-" "Mozilla/5.0 (iPad; CPU OS 14_6 like Mac OS X) AppleWebKit/605.1.15 (KHTML, like Gecko) CriOS/91.0.4472.80 Mobile/15E148 Safari/604.1" "-"
2001:41d0:: - - [12/Jan/2024:02:01:19 +0100] "POST /xmlrpc.php HTTP/1.1" 200 416 cronicareinodearagon.com "-" "Mozilla/5.0 (iPad; CPU OS 14_6 like Mac OS X) AppleWebKit/605.1.15 (KHTML, like Gecko) CriOS/91.0.4472.80 Mobile/15E148 Safari/604.1" "-"
106.75.70.0 - - [12/Jan/2024:02:01:25 +0100] "POST /xmlrpc.php HTTP/1.1" 301 251 cronicareinodearagon.com "-" "Mozilla/5.0 (X11; Ubuntu; Linux i686; rv:24.0) Gecko/20100101 Firefox/24.0" "-"
20.39.198.0 - - [12/Jan/2024:02:01:26 +0100] "POST /xmlrpc.php HTTP/1.1" 301 251 cronicareinodearagon.com "-" "Mozilla/5.0 (Windows NT 10.0; Win64; x64) AppleWebKit/537.36 (KHTML, like Gecko) Chrome/85.0.4183.121 Safari/537.36" "-"
106.75.70.0 - - [12/Jan/2024:02:01:26 +0100] "POST /xmlrpc.php HTTP/1.1" 200 416 cronicareinodearagon.com "-" "Mozilla/5.0 (X11; Ubuntu; Linux i686; rv:24.0) Gecko/20100101 Firefox/24.0" "-"
20.39.198.0 - - [12/Jan/2024:02:01:27 +0100] "POST /xmlrpc.php HTTP/1.1" 200 416 cronicareinodearagon.com "-" "Mozilla/5.0 (Windows NT 10.0; Win64; x64) AppleWebKit/537.36 (KHTML, like Gecko) Chrome/85.0.4183.121 Safari/537.36" "-"
2600:1f16:300:: - - [12/Jan/2024:02:01:28 +0100] "POST /xmlrpc.php HTTP/1.1" 503 299 cronicareinodearagon.com "-" "Mozilla/5.0 (Windows NT 10.0; Win64; x64) AppleWebKit/537.36 (KHTML, like Gecko) Chrome/61.0.3163.100 Safari/537.36" "-"
5.150.143.0 - - [12/Jan/2024:02:01:34 +0100] "POST /xmlrpc.php HTTP/1.1" 301 251 cronicareinodearagon.com "-" "Mozilla/5.0 (Linux; Android 10; SM-N960U) AppleWebKit/537.36 (KHTML, like Gecko) Chrome/91.0.4472.114 Mobile Safari/537.36" "-"
5.150.143.0 - - [12/Jan/2024:02:01:35 +0100] "POST /xmlrpc.php HTTP/1.1" 200 416 cronicareinodearagon.com "-" "Mozilla/5.0 (Linux; Android 10; SM-N960U) AppleWebKit/537.36 (KHTML, like Gecko) Chrome/91.0.4472.114 Mobile Safari/537.36" "-"
66.249.84.0 - - [12/Jan/2024:02:07:11 +0100] "GET /category/politica/feed/ HTTP/1.1" 200 18273 cronicareinodearagon.com "-" "FeedFetcher-Google; (+http://www.google.com/feedfetcher.html)" "-"
