139.59.246.0 - - [12/Jan/2024:12:05:57 +0100] "GET /blog/wp-admin/install.php HTTP/1.1" 301 266 cronicareinodearagon.com "-" "Mozilla/5.0 (Macintosh; Intel Mac OS X 10_10_1) AppleWebKit/537.36 (KHTML, like Gecko) Chrome/39.0.2171.95 Safari/537.36" "-"
139.59.246.0 - - [12/Jan/2024:12:05:58 +0100] "GET /blog/wp-admin/install.php HTTP/1.1" 404 144880 cronicareinodearagon.com "-" "Mozilla/5.0 (Macintosh; Intel Mac OS X 10_10_1) AppleWebKit/537.36 (KHTML, like Gecko) Chrome/39.0.2171.95 Safari/537.36" "-"
139.59.246.0 - - [12/Jan/2024:12:05:59 +0100] "GET /cms/wp-admin/install.php HTTP/1.1" 301 265 cronicareinodearagon.com "-" "Mozilla/5.0 (Macintosh; Intel Mac OS X 10_10_1) AppleWebKit/537.36 (KHTML, like Gecko) Chrome/39.0.2171.95 Safari/537.36" "-"
139.59.246.0 - - [12/Jan/2024:12:06:00 +0100] "GET /cms/wp-admin/install.php HTTP/1.1" 404 144877 cronicareinodearagon.com "-" "Mozilla/5.0 (Macintosh; Intel Mac OS X 10_10_1) AppleWebKit/537.36 (KHTML, like Gecko) Chrome/39.0.2171.95 Safari/537.36" "-"
139.59.246.0 - - [12/Jan/2024:12:06:01 +0100] "GET /web/wp-admin/install.php HTTP/1.1" 301 265 cronicareinodearagon.com "-" "Mozilla/5.0 (Macintosh; Intel Mac OS X 10_10_1) AppleWebKit/537.36 (KHTML, like Gecko) Chrome/39.0.2171.95 Safari/537.36" "-"
139.59.246.0 - - [12/Jan/2024:12:06:03 +0100] "GET /web/wp-admin/install.php HTTP/1.1" 404 144877 cronicareinodearagon.com "-" "Mozilla/5.0 (Macintosh; Intel Mac OS X 10_10_1) AppleWebKit/537.36 (KHTML, like Gecko) Chrome/39.0.2171.95 Safari/537.36" "-"
139.59.246.0 - - [12/Jan/2024:12:06:04 +0100] "GET /backup/wp-admin/install.php HTTP/1.1" 301 268 cronicareinodearagon.com "-" "Mozilla/5.0 (Macintosh; Intel Mac OS X 10_10_1) AppleWebKit/537.36 (KHTML, like Gecko) Chrome/39.0.2171.95 Safari/537.36" "-"
139.59.246.0 - - [12/Jan/2024:12:06:05 +0100] "GET /backup/wp-admin/install.php HTTP/1.1" 404 144886 cronicareinodearagon.com "-" "Mozilla/5.0 (Macintosh; Intel Mac OS X 10_10_1) AppleWebKit/537.36 (KHTML, like Gecko) Chrome/39.0.2171.95 Safari/537.36" "-"
139.59.246.0 - - [12/Jan/2024:12:06:06 +0100] "GET /site/wp-admin/install.php HTTP/1.1" 301 266 cronicareinodearagon.com "-" "Mozilla/5.0 (Macintosh; Intel Mac OS X 10_10_1) AppleWebKit/537.36 (KHTML, like Gecko) Chrome/39.0.2171.95 Safari/537.36" "-"
139.59.246.0 - - [12/Jan/2024:12:06:07 +0100] "GET /site/wp-admin/install.php HTTP/1.1" 404 144880 cronicareinodearagon.com "-" "Mozilla/5.0 (Macintosh; Intel Mac OS X 10_10_1) AppleWebKit/537.36 (KHTML, like Gecko) Chrome/39.0.2171.95 Safari/537.36" "-"
139.59.246.0 - - [12/Jan/2024:12:06:08 +0100] "GET /oldsite/wp-admin/install.php HTTP/1.1" 301 269 cronicareinodearagon.com "-" "Mozilla/5.0 (Macintosh; Intel Mac OS X 10_10_1) AppleWebKit/537.36 (KHTML, like Gecko) Chrome/39.0.2171.95 Safari/537.36" "-"
139.59.246.0 - - [12/Jan/2024:12:06:09 +0100] "GET /oldsite/wp-admin/install.php HTTP/1.1" 404 144889 cronicareinodearagon.com "-" "Mozilla/5.0 (Macintosh; Intel Mac OS X 10_10_1) AppleWebKit/537.36 (KHTML, like Gecko) Chrome/39.0.2171.95 Safari/537.36" "-"
52.167.144.0 - - [12/Jan/2024:12:06:14 +0100] "GET /category/educacion/ HTTP/1.1" 200 29291 cronicareinodearagon.com "-" "Mozilla/5.0 AppleWebKit/537.36 (KHTML, like Gecko; compatible; bingbot/2.0; +http://www.bing.com/bingbot.htm) Chrome/116.0.1938.76 Safari/537.36" "-"
51.222.253.0 - - [12/Jan/2024:12:09:52 +0100] "GET /aragon/villamandos-universidades-andalucia-economia-financiacion/ HTTP/1.1" 200 33983 cronicareinodearagon.com "-" "Mozilla/5.0 (compatible; AhrefsBot/7.0; +http://ahrefs.com/robot/)" "-"
82.165.88.0 - - [12/Jan/2024:12:09:53 +0100] "POST /wp-cron.php?doing_wp_cron=1705057793.0621669292449951171875 HTTP/1.1" 200 - cronicareinodearagon.com "-" "WordPress/6.2.2; https://cronicareinodearagon.com" "-"
74.125.212.0 - - [12/Jan/2024:12:10:49 +0100] "GET /category/economia/feed/ HTTP/1.1" 200 12913 cronicareinodearagon.com "-" "FeedFetcher-Google; (+http://www.google.com/feedfetcher.html)" "-"
82.165.88.0 - - [12/Jan/2024:12:10:50 +0100] "POST /wp-cron.php?doing_wp_cron=1705057850.2010569572448730468750 HTTP/1.1" 200 - cronicareinodearagon.com "-" "WordPress/6.2.2; https://cronicareinodearagon.com" "-"
82.165.88.0 - - [12/Jan/2024:12:11:50 +0100] "POST /wp-cron.php?doing_wp_cron=1705057910.7898869514465332031250 HTTP/1.1" 200 - cronicareinodearagon.com "-" "WordPress/6.2.2; https://cronicareinodearagon.com" "-"
66.249.84.0 - - [12/Jan/2024:12:11:50 +0100] "GET /category/politica/feed/ HTTP/1.1" 200 18273 cronicareinodearagon.com "-" "FeedFetcher-Google; (+http://www.google.com/feedfetcher.html)" "-"
111.230.202.0 - - [12/Jan/2024:12:12:22 +0100] "POST /wp-login.php HTTP/1.1" 200 9575 cronicareinodearagon.com "-" "Mozilla/5.0 (Windows NT 6.3; Win64; x64) AppleWebKit/537.36 (KHTML, like Gecko) Chrome/67.0.3396.99 Safari/537.36" "-"
82.165.88.0 - - [12/Jan/2024:12:12:55 +0100] "POST /wp-cron.php?doing_wp_cron=1705057975.4728989601135253906250 HTTP/1.1" 200 - cronicareinodearagon.com "-" "WordPress/6.2.2; https://cronicareinodearagon.com" "-"
66.249.84.0 - - [12/Jan/2024:12:12:55 +0100] "GET /category/sociedad/feed/ HTTP/1.1" 200 16233 cronicareinodearagon.com "-" "FeedFetcher-Google; (+http://www.google.com/feedfetcher.html)" "-"
51.222.253.0 - - [12/Jan/2024:12:17:53 +0100] "GET /aragon/asaja-coag-cooperativas-agrolimentarias-manifestacion-sevilla/ HTTP/1.1" 200 36463 cronicareinodearagon.com "-" "Mozilla/5.0 (compatible; AhrefsBot/7.0; +http://ahrefs.com/robot/)" "-"
82.165.88.0 - - [12/Jan/2024:12:17:54 +0100] "POST /wp-cron.php?doing_wp_cron=1705058274.1657979488372802734375 HTTP/1.1" 200 - cronicareinodearagon.com "-" "WordPress/6.2.2; https://cronicareinodearagon.com" "-"
51.195.107.0 - - [12/Jan/2024:12:24:47 +0100] "POST /wp-login.php HTTP/1.1" 200 9575 cronicareinodearagon.com "-" "Mozilla/5.0 (Windows NT 6.1; WOW64) AppleWebKit/537.36 (KHTML, like Gecko) Chrome/63.0.3239.132 Safari/537.36" "-"
82.165.88.0 - - [12/Jan/2024:12:24:48 +0100] "POST /wp-cron.php?doing_wp_cron=1705058688.3202359676361083984375 HTTP/1.1" 200 - cronicareinodearagon.com "-" "WordPress/6.2.2; https://cronicareinodearagon.com" "-"
51.222.253.0 - - [12/Jan/2024:12:25:52 +0100] "GET /aragon/entrevista-antonio-munoz-alcalde-sevilla/ HTTP/1.1" 200 39504 cronicareinodearagon.com "-" "Mozilla/5.0 (compatible; AhrefsBot/7.0; +http://ahrefs.com/robot/)" "-"
82.165.88.0 - - [12/Jan/2024:12:25:53 +0100] "POST /wp-cron.php?doing_wp_cron=1705058753.2500889301300048828125 HTTP/1.1" 200 - cronicareinodearagon.com "-" "WordPress/6.2.2; https://cronicareinodearagon.com" "-"
82.165.88.0 - - [12/Jan/2024:12:28:08 +0100] "POST /wp-cron.php?doing_wp_cron=1705058888.8537869453430175781250 HTTP/1.1" 200 - cronicareinodearagon.com "-" "WordPress/6.2.2; https://cronicareinodearagon.com" "-"
185.6.10.0 - - [12/Jan/2024:12:28:08 +0100] "GET /sitemap_index.xml HTTP/1.1" 200 317 cronicareinodearagon.com "-" "Mozilla/5.0 (Windows NT 10.0; Win64; x64) AppleWebKit/537.36 (KHTML, like Gecko) Chrome/103.0.5060.114 Safari/537.36" "-"
185.12.249.0 - - [12/Jan/2024:12:28:08 +0100] "GET /robots.txt HTTP/1.1" 200 188 cronicademalaga.com "-" "Mozilla/5.0 (Windows NT 10.0; Win64; x64) AppleWebKit/537.36 (KHTML, like Gecko) Chrome/103.0.5060.114 Safari/537.36" "-"
185.6.11.0 - - [12/Jan/2024:12:28:09 +0100] "GET /humans.txt HTTP/1.1" 404 596 cronicademalaga.com "-" "Mozilla/5.0 (Windows NT 10.0; Win64; x64) AppleWebKit/537.36 (KHTML, like Gecko) Chrome/103.0.5060.114 Safari/537.36" "-"
185.12.249.0 - - [12/Jan/2024:12:28:09 +0100] "GET /ads.txt HTTP/1.1" 404 596 cronicademalaga.com "-" "Mozilla/5.0 (Windows NT 10.0; Win64; x64) AppleWebKit/537.36 (KHTML, like Gecko) Chrome/103.0.5060.114 Safari/537.36" "-"
185.6.11.0 - - [12/Jan/2024:12:28:09 +0100] "GET / HTTP/1.1" 200 336 cronicademalaga.com "-" "Mozilla/5.0 (Windows NT 10.0; Win64; x64) AppleWebKit/537.36 (KHTML, like Gecko) Chrome/103.0.5060.114 Safari/537.36" "-"
82.165.88.0 - - [12/Jan/2024:12:33:32 +0100] "POST /wp-cron.php?doing_wp_cron=1705059212.4043829441070556640625 HTTP/1.1" 200 - cronicareinodearagon.com "-" "WordPress/6.2.2; https://cronicareinodearagon.com" "-"
51.222.253.0 - - [12/Jan/2024:12:33:32 +0100] "GET /aragon/psoe-andalucia-explica-adelanto-electoral/ HTTP/1.1" 200 39358 cronicareinodearagon.com "-" "Mozilla/5.0 (compatible; AhrefsBot/7.0; +http://ahrefs.com/robot/)" "-"
51.222.253.0 - - [12/Jan/2024:12:40:55 +0100] "GET /aragon/alerta-sanitaria-casos-covid-nivel-1/ HTTP/1.1" 200 36475 cronicareinodearagon.com "-" "Mozilla/5.0 (compatible; AhrefsBot/7.0; +http://ahrefs.com/robot/)" "-"
82.165.88.0 - - [12/Jan/2024:12:40:56 +0100] "POST /wp-cron.php?doing_wp_cron=1705059656.2503540515899658203125 HTTP/1.1" 200 - cronicareinodearagon.com "-" "WordPress/6.2.2; https://cronicareinodearagon.com" "-"
40.77.167.0 - - [12/Jan/2024:12:42:53 +0100] "GET /?s=2024 HTTP/1.1" 200 156321 cronicareinodearagon.com "-" "Mozilla/5.0 AppleWebKit/537.36 (KHTML, like Gecko; compatible; bingbot/2.0; +http://www.bing.com/bingbot.htm) Chrome/116.0.1938.76 Safari/537.36" "-"
82.165.88.0 - - [12/Jan/2024:12:42:54 +0100] "POST /wp-cron.php?doing_wp_cron=1705059774.1838350296020507812500 HTTP/1.1" 200 - cronicareinodearagon.com "-" "WordPress/6.2.2; https://cronicareinodearagon.com" "-"
54.38.41.0 - - [12/Jan/2024:12:44:03 +0100] "GET /wp-content/uploads/2023/05/lamban-vivienda-zaragoza.jpg HTTP/1.1" 200 45537 cronicareinodearagon.com "-" "python-urllib3/1.26.9" "-"
74.125.212.0 - - [12/Jan/2024:12:44:24 +0100] "GET /category/economia/feed/ HTTP/1.1" 200 12913 cronicareinodearagon.com "-" "FeedFetcher-Google; (+http://www.google.com/feedfetcher.html)" "-"
82.165.88.0 - - [12/Jan/2024:12:44:47 +0100] "POST /wp-cron.php?doing_wp_cron=1705059887.9145948886871337890625 HTTP/1.1" 200 - cronicareinodearagon.com "-" "WordPress/6.2.2; https://cronicareinodearagon.com" "-"
165.232.180.0 - - [12/Jan/2024:12:44:47 +0100] "POST /wp-login.php HTTP/1.1" 200 9576 cronicareinodearagon.com "-" "Mozilla/5.0 (Windows NT 10.0; Win64; x64) AppleWebKit/537.36 (KHTML, like Gecko) Chrome/73.0.3683.75 Safari/537.36" "-"
51.222.253.0 - - [12/Jan/2024:12:48:39 +0100] "GET /aragon/andalucia-voto-estadisticas-votantes-elecciones-junio/ HTTP/1.1" 200 159999 cronicareinodearagon.com "-" "Mozilla/5.0 (compatible; AhrefsBot/7.0; +http://ahrefs.com/robot/)" "-"
82.165.88.0 - - [12/Jan/2024:12:48:40 +0100] "POST /wp-cron.php?doing_wp_cron=1705060120.1201760768890380859375 HTTP/1.1" 200 - cronicareinodearagon.com "-" "WordPress/6.2.2; https://cronicareinodearagon.com" "-"
82.165.88.0 - - [12/Jan/2024:12:56:08 +0100] "POST /wp-cron.php?doing_wp_cron=1705060568.6171801090240478515625 HTTP/1.1" 200 - cronicareinodearagon.com "-" "WordPress/6.2.2; https://cronicareinodearagon.com" "-"
51.222.253.0 - - [12/Jan/2024:12:56:08 +0100] "GET /aragon/espadas-elecciones-andalucia-barometro-centra-pp-psoe/ HTTP/1.1" 200 160271 cronicareinodearagon.com "-" "Mozilla/5.0 (compatible; AhrefsBot/7.0; +http://ahrefs.com/robot/)" "-"
54.37.23.0 - - [12/Jan/2024:12:57:29 +0100] "GET /wp-content/uploads/2023/05/rivares-podemos-zaragoza-1.jpg HTTP/1.1" 200 56762 cronicareinodearagon.com "-" "python-urllib3/1.26.9" "-"
212.170.104.0 - - [12/Jan/2024:12:57:39 +0100] "GET /wp-content/uploads/2023/05/grupo-jorge.jpg HTTP/1.1" 200 40206 cronicareinodearagon.com "https://www.google.com/" "Mozilla/5.0 (Windows NT 10.0; Win64; x64) AppleWebKit/537.36 (KHTML, like Gecko) Chrome/120.0.0.0 Safari/537.36" "-"
212.170.104.0 - - [12/Jan/2024:12:57:41 +0100] "GET /wp-content/uploads/2023/05/grupo-jorge.jpg HTTP/1.1" 200 40206 cronicareinodearagon.com "https://www.google.com/" "Mozilla/5.0 (Windows NT 10.0; Win64; x64) AppleWebKit/537.36 (KHTML, like Gecko) Chrome/120.0.0.0 Safari/537.36" "-"
212.170.104.0 - - [12/Jan/2024:12:57:41 +0100] "GET /favicon.ico HTTP/1.1" 200 8895 cronicareinodearagon.com "https://cronicareinodearagon.com/wp-content/uploads/2023/05/grupo-jorge.jpg" "Mozilla/5.0 (Windows NT 10.0; Win64; x64) AppleWebKit/537.36 (KHTML, like Gecko) Chrome/120.0.0.0 Safari/537.36" "-"
82.165.88.0 - - [12/Jan/2024:13:02:14 +0100] "POST /wp-cron.php?doing_wp_cron=1705060934.8359639644622802734375 HTTP/1.1" 200 - cronicareinodearagon.com "-" "WordPress/6.2.2; https://cronicareinodearagon.com" "-"
192.99.3.0 - - [12/Jan/2024:13:02:14 +0100] "GET /robots.txt HTTP/1.1" 200 202 cronicareinodearagon.com "-" "Mozilla/5.0 (compatible; MJ12bot/v1.4.8; http://mj12bot.com/)" "-"
192.99.3.0 - - [12/Jan/2024:13:02:16 +0100] "GET /america/la-esperanza-del-gobierno-de-lula/ HTTP/1.1" 200 167460 cronicareinodearagon.com "-" "Mozilla/5.0 (compatible; MJ12bot/v1.4.8; http://mj12bot.com/)" "-"
192.99.3.0 - - [12/Jan/2024:13:02:19 +0100] "GET /america/la-esperanza-del-gobierno-de-lula/feed/ HTTP/1.1" 200 917 cronicareinodearagon.com "-" "Mozilla/5.0 (compatible; MJ12bot/v1.4.8; http://mj12bot.com/)" "-"
192.99.3.0 - - [12/Jan/2024:13:02:22 +0100] "GET /aragon/aragon-eoi-curso-marketing-digital-cooperativas/ HTTP/1.1" 200 166448 cronicareinodearagon.com "-" "Mozilla/5.0 (compatible; MJ12bot/v1.4.8; http://mj12bot.com/)" "-"
192.99.3.0 - - [12/Jan/2024:13:02:25 +0100] "GET /aragon/aragon-eoi-curso-marketing-digital-cooperativas/feed/ HTTP/1.1" 200 1014 cronicareinodearagon.com "-" "Mozilla/5.0 (compatible; MJ12bot/v1.4.8; http://mj12bot.com/)" "-"
192.99.3.0 - - [12/Jan/2024:13:02:28 +0100] "GET /aragon/aratur-visitantes-17-edicion/ HTTP/1.1" 200 160526 cronicareinodearagon.com "-" "Mozilla/5.0 (compatible; MJ12bot/v1.4.8; http://mj12bot.com/)" "-"
192.99.3.0 - - [12/Jan/2024:13:02:31 +0100] "GET /aragon/aratur-visitantes-17-edicion/feed/ HTTP/1.1" 200 924 cronicareinodearagon.com "-" "Mozilla/5.0 (compatible; MJ12bot/v1.4.8; http://mj12bot.com/)" "-"
192.99.3.0 - - [12/Jan/2024:13:02:33 +0100] "GET /aragon/chunta-aragonesista-empesa-publica-energia/ HTTP/1.1" 200 162030 cronicareinodearagon.com "-" "Mozilla/5.0 (compatible; MJ12bot/v1.4.8; http://mj12bot.com/)" "-"
192.99.3.0 - - [12/Jan/2024:13:02:36 +0100] "GET /aragon/chunta-aragonesista-programa-sanidad/feed/ HTTP/1.1" 200 955 cronicareinodearagon.com "-" "Mozilla/5.0 (compatible; MJ12bot/v1.4.8; http://mj12bot.com/)" "-"
192.99.3.0 - - [12/Jan/2024:13:02:38 +0100] "GET /aragon/chunta-aragonesista-propuestas-juventud/ HTTP/1.1" 200 164074 cronicareinodearagon.com "-" "Mozilla/5.0 (compatible; MJ12bot/v1.4.8; http://mj12bot.com/)" "-"
192.99.3.0 - - [12/Jan/2024:13:02:41 +0100] "GET /aragon/chunta-aragonesista-propuestas-juventud/feed/ HTTP/1.1" 200 1004 cronicareinodearagon.com "-" "Mozilla/5.0 (compatible; MJ12bot/v1.4.8; http://mj12bot.com/)" "-"
82.165.88.0 - - [12/Jan/2024:13:02:43 +0100] "POST /wp-cron.php?doing_wp_cron=1705060963.4615089893341064453125 HTTP/1.1" 200 - cronicareinodearagon.com "-" "WordPress/6.2.2; https://cronicareinodearagon.com" "-"
192.99.3.0 - - [12/Jan/2024:13:02:43 +0100] "GET /aragon/debate-elecciones-aragon-tv/ HTTP/1.1" 200 169764 cronicareinodearagon.com "-" "Mozilla/5.0 (compatible; MJ12bot/v1.4.8; http://mj12bot.com/)" "-"
192.99.3.0 - - [12/Jan/2024:13:02:46 +0100] "GET /aragon/dinopolis-fosiles-dia-museos/ HTTP/1.1" 200 164116 cronicareinodearagon.com "-" "Mozilla/5.0 (compatible; MJ12bot/v1.4.8; http://mj12bot.com/)" "-"
192.99.3.0 - - [12/Jan/2024:13:02:48 +0100] "GET /aragon/dinopolis-fosiles-dia-museos/feed/ HTTP/1.1" 200 970 cronicareinodearagon.com "-" "Mozilla/5.0 (compatible; MJ12bot/v1.4.8; http://mj12bot.com/)" "-"
192.99.3.0 - - [12/Jan/2024:13:02:51 +0100] "GET /aragon/el-inaem-subvenciona-acciones-formativas-para-personas-desempleadas-en-riesgo-de-exclusion-social-o-laboral/ HTTP/1.1" 200 164475 cronicareinodearagon.com "-" "Mozilla/5.0 (compatible; MJ12bot/v1.4.8; http://mj12bot.com/)" "-"
192.99.3.0 - - [12/Jan/2024:13:02:54 +0100] "GET /aragon/el-proyecto-carbo4power-sigue-avanzando-de-la-mano-de-itainnova/ HTTP/1.1" 200 161333 cronicareinodearagon.com "-" "Mozilla/5.0 (compatible; MJ12bot/v1.4.8; http://mj12bot.com/)" "-"
192.99.3.0 - - [12/Jan/2024:13:02:58 +0100] "GET /aragon/el-proyecto-carbo4power-sigue-avanzando-de-la-mano-de-itainnova/feed/ HTTP/1.1" 200 1005 cronicareinodearagon.com "-" "Mozilla/5.0 (compatible; MJ12bot/v1.4.8; http://mj12bot.com/)" "-"
192.99.3.0 - - [12/Jan/2024:13:03:01 +0100] "GET /aragon/gobierno-aragon-impuesto-parques-eolicos-fotovoltaicos/ HTTP/1.1" 200 168838 cronicareinodearagon.com "-" "Mozilla/5.0 (compatible; MJ12bot/v1.4.8; http://mj12bot.com/)" "-"
192.99.3.0 - - [12/Jan/2024:13:03:04 +0100] "GET /aragon/gobierno-aragon-impuesto-parques-eolicos-fotovoltaicos/feed/ HTTP/1.1" 200 1016 cronicareinodearagon.com "-" "Mozilla/5.0 (compatible; MJ12bot/v1.4.8; http://mj12bot.com/)" "-"
192.99.3.0 - - [12/Jan/2024:13:03:07 +0100] "GET /aragon/inaem-programas-experienciales-empleo-formacion/ HTTP/1.1" 200 169423 cronicareinodearagon.com "-" "Mozilla/5.0 (compatible; MJ12bot/v1.4.8; http://mj12bot.com/)" "-"
192.99.3.0 - - [12/Jan/2024:13:03:10 +0100] "GET /aragon/javier-lamban-dia-familias-aragon/feed/ HTTP/1.1" 200 967 cronicareinodearagon.com "-" "Mozilla/5.0 (compatible; MJ12bot/v1.4.8; http://mj12bot.com/)" "-"
192.99.3.0 - - [12/Jan/2024:13:03:13 +0100] "GET /aragon/lamban-andorra-industrializacion/ HTTP/1.1" 200 163668 cronicareinodearagon.com "-" "Mozilla/5.0 (compatible; MJ12bot/v1.4.8; http://mj12bot.com/)" "-"
192.99.3.0 - - [12/Jan/2024:13:03:16 +0100] "GET /aragon/lamban-andorra-industrializacion/feed/ HTTP/1.1" 200 970 cronicareinodearagon.com "-" "Mozilla/5.0 (compatible; MJ12bot/v1.4.8; http://mj12bot.com/)" "-"
192.99.3.0 - - [12/Jan/2024:13:03:18 +0100] "GET /aragon/los-municipios-aragoneses-frente-al-reto-demografico/ HTTP/1.1" 200 165427 cronicareinodearagon.com "-" "Mozilla/5.0 (compatible; MJ12bot/v1.4.8; http://mj12bot.com/)" "-"
192.99.3.0 - - [12/Jan/2024:13:03:21 +0100] "GET /aragon/los-municipios-aragoneses-frente-al-reto-demografico/feed/ HTTP/1.1" 200 973 cronicareinodearagon.com "-" "Mozilla/5.0 (compatible; MJ12bot/v1.4.8; http://mj12bot.com/)" "-"
192.99.3.0 - - [12/Jan/2024:13:03:23 +0100] "GET /aragon/plan-de-interes-general-villanueva-de-gallego/ HTTP/1.1" 200 161726 cronicareinodearagon.com "-" "Mozilla/5.0 (compatible; MJ12bot/v1.4.8; http://mj12bot.com/)" "-"
82.165.88.0 - - [12/Jan/2024:13:03:26 +0100] "POST /wp-cron.php?doing_wp_cron=1705061006.5271201133728027343750 HTTP/1.1" 200 - cronicareinodearagon.com "-" "WordPress/6.2.2; https://cronicareinodearagon.com" "-"
51.222.253.0 - - [12/Jan/2024:13:03:26 +0100] "GET /aragon/paralizada-mocion-censura-linares/ HTTP/1.1" 200 169453 cronicareinodearagon.com "-" "Mozilla/5.0 (compatible; AhrefsBot/7.0; +http://ahrefs.com/robot/)" "-"
192.99.3.0 - - [12/Jan/2024:13:03:26 +0100] "GET /aragon/programa-erasmus-rural-zaragoza/ HTTP/1.1" 200 168759 cronicareinodearagon.com "-" "Mozilla/5.0 (compatible; MJ12bot/v1.4.8; http://mj12bot.com/)" "-"
192.99.3.0 - - [12/Jan/2024:13:03:29 +0100] "GET /aragon/teltronic-viaja-al-ccw-donde-mostrara-sus-soluciones-banda-ancha-y-mcx/ HTTP/1.1" 200 163552 cronicareinodearagon.com "-" "Mozilla/5.0 (compatible; MJ12bot/v1.4.8; http://mj12bot.com/)" "-"
192.99.3.0 - - [12/Jan/2024:13:03:33 +0100] "GET /aragon/teltronic-viaja-al-ccw-donde-mostrara-sus-soluciones-banda-ancha-y-mcx/feed/ HTTP/1.1" 200 1027 cronicareinodearagon.com "-" "Mozilla/5.0 (compatible; MJ12bot/v1.4.8; http://mj12bot.com/)" "-"
192.99.3.0 - - [12/Jan/2024:13:03:35 +0100] "GET /economia/fuentes-claras-bioenergy-creara-12-puestos-de-trabajo-en-su-nueva-planta-de-biometano-y-biofertilizantes/ HTTP/1.1" 200 167316 cronicareinodearagon.com "-" "Mozilla/5.0 (compatible; MJ12bot/v1.4.8; http://mj12bot.com/)" "-"
192.99.3.0 - - [12/Jan/2024:13:03:38 +0100] "GET /economia/gobierno-aragon-subvenciones-agroalimentarias-teruel/ HTTP/1.1" 200 167112 cronicareinodearagon.com "-" "Mozilla/5.0 (compatible; MJ12bot/v1.4.8; http://mj12bot.com/)" "-"
82.165.88.0 - - [12/Jan/2024:13:03:42 +0100] "POST /wp-cron.php?doing_wp_cron=1705061022.9426069259643554687500 HTTP/1.1" 200 - cronicareinodearagon.com "-" "WordPress/6.2.2; https://cronicareinodearagon.com" "-"
192.99.3.0 - - [12/Jan/2024:13:03:42 +0100] "GET /economia/gobierno-aragon-subvenciones-agroalimentarias-teruel/feed/ HTTP/1.1" 200 1023 cronicareinodearagon.com "-" "Mozilla/5.0 (compatible; MJ12bot/v1.4.8; http://mj12bot.com/)" "-"
192.99.3.0 - - [12/Jan/2024:13:03:45 +0100] "GET /opinion/plusvalia-opinion-gana-impuesto/feed/ HTTP/1.1" 200 898 cronicareinodearagon.com "-" "Mozilla/5.0 (compatible; MJ12bot/v1.4.8; http://mj12bot.com/)" "-"
192.99.3.0 - - [12/Jan/2024:13:03:47 +0100] "GET /politica/aragon-existe-candidatura-zaragoza/feed/ HTTP/1.1" 200 962 cronicareinodearagon.com "-" "Mozilla/5.0 (compatible; MJ12bot/v1.4.8; http://mj12bot.com/)" "-"
192.99.3.0 - - [12/Jan/2024:13:03:50 +0100] "GET /politica/chunta-aragonesista-progreso-aragon-y-zaragoza/feed/ HTTP/1.1" 200 990 cronicareinodearagon.com "-" "Mozilla/5.0 (compatible; MJ12bot/v1.4.8; http://mj12bot.com/)" "-"
192.99.3.0 - - [12/Jan/2024:13:03:52 +0100] "GET /politica/fernando-rivares-inseguridad-zaragoza/ HTTP/1.1" 200 163453 cronicareinodearagon.com "-" "Mozilla/5.0 (compatible; MJ12bot/v1.4.8; http://mj12bot.com/)" "-"
192.99.3.0 - - [12/Jan/2024:13:03:55 +0100] "GET /politica/javier-lamban-psoe-teruel-empleo/ HTTP/1.1" 200 169578 cronicareinodearagon.com "-" "Mozilla/5.0 (compatible; MJ12bot/v1.4.8; http://mj12bot.com/)" "-"
192.99.3.0 - - [12/Jan/2024:13:03:59 +0100] "GET /politica/javier-lamban-psoe-teruel-empleo/feed/ HTTP/1.1" 200 975 cronicareinodearagon.com "-" "Mozilla/5.0 (compatible; MJ12bot/v1.4.8; http://mj12bot.com/)" "-"
192.99.3.0 - - [12/Jan/2024:13:04:01 +0100] "GET /politica/partido-aragones-revindicacion-inversiones-huesca/feed/ HTTP/1.1" 200 1003 cronicareinodearagon.com "-" "Mozilla/5.0 (compatible; MJ12bot/v1.4.8; http://mj12bot.com/)" "-"
192.99.3.0 - - [12/Jan/2024:13:04:05 +0100] "GET /politica/psoe-alto-aragon-sector-primario/feed/ HTTP/1.1" 200 949 cronicareinodearagon.com "-" "Mozilla/5.0 (compatible; MJ12bot/v1.4.8; http://mj12bot.com/)" "-"
192.99.3.0 - - [12/Jan/2024:13:04:08 +0100] "GET /politica/rosa-lopez-teruel-psoe-ferial-los-planos/feed/ HTTP/1.1" 200 979 cronicareinodearagon.com "-" "Mozilla/5.0 (compatible; MJ12bot/v1.4.8; http://mj12bot.com/)" "-"
192.99.3.0 - - [12/Jan/2024:13:04:11 +0100] "GET /sociedad/diputacion-zaragoza-arreglo-carreteras/ HTTP/1.1" 200 164369 cronicareinodearagon.com "-" "Mozilla/5.0 (compatible; MJ12bot/v1.4.8; http://mj12bot.com/)" "-"
192.99.3.0 - - [12/Jan/2024:13:04:14 +0100] "GET /sociedad/diputacion-zaragoza-arreglo-carreteras/feed/ HTTP/1.1" 200 1005 cronicareinodearagon.com "-" "Mozilla/5.0 (compatible; MJ12bot/v1.4.8; http://mj12bot.com/)" "-"
74.125.212.0 - - [12/Jan/2024:13:06:01 +0100] "GET /category/economia/feed/ HTTP/1.1" 200 12913 cronicareinodearagon.com "-" "FeedFetcher-Google; (+http://www.google.com/feedfetcher.html)" "-"
82.165.88.0 - - [12/Jan/2024:13:08:42 +0100] "POST /wp-cron.php?doing_wp_cron=1705061322.4724578857421875000000 HTTP/1.1" 200 - cronicareinodearagon.com "-" "WordPress/6.2.2; https://cronicareinodearagon.com" "-"
104.131.181.0 - - [12/Jan/2024:13:08:42 +0100] "POST /wp-login.php HTTP/1.1" 200 9576 cronicareinodearagon.com "-" "Mozilla/5.0 (Windows NT 6.1) AppleWebKit/537.36 (KHTML, like Gecko) Chrome/70.0.3538.77 Safari/537.36" "-"
82.165.88.0 - - [12/Jan/2024:13:10:01 +0100] "POST /wp-cron.php?doing_wp_cron=1705061401.6502780914306640625000 HTTP/1.1" 200 - cronicareinodearagon.com "-" "WordPress/6.2.2; https://cronicareinodearagon.com" "-"
2001:41d0:400:: - - [12/Jan/2024:13:10:01 +0100] "POST /xmlrpc.php HTTP/1.1" 200 416 cronicareinodearagon.com "-" "Mozilla/5.0 (Linux; Android 10) AppleWebKit/537.36 (KHTML, like Gecko) Chrome/91.0.4472.114 Mobile Safari/537.36" "-"
2a01:4f8:c00:: - - [12/Jan/2024:13:10:04 +0100] "POST /xmlrpc.php HTTP/1.1" 503 299 cronicareinodearagon.com "-" "Mozilla/5.0 (Windows NT 10.0; Win64; x64) AppleWebKit/537.36 (KHTML, like Gecko) Chrome/63.0.3239.132 Safari/537.36" "-"
54.37.121.0 - - [12/Jan/2024:13:10:06 +0100] "POST /xmlrpc.php HTTP/1.1" 200 416 cronicareinodearagon.com "-" "Mozilla/5.0 (X11; Linux x86_64) AppleWebKit/537.36 (KHTML, like Gecko) Chrome/91.0.4472.114 Safari/537.36" "-"
178.62.227.0 - - [12/Jan/2024:13:10:09 +0100] "POST /xmlrpc.php HTTP/1.1" 200 416 cronicareinodearagon.com "-" "Mozilla/5.0 (Windows NT 6.0; rv:34.0) Gecko/20100101 Firefox/34.0" "-"
202.90.137.0 - - [12/Jan/2024:13:10:13 +0100] "POST /xmlrpc.php HTTP/1.1" 200 416 cronicareinodearagon.com "-" "Mozilla/5.0 (X11; Linux x86_64) AppleWebKit/537.36 (KHTML, like Gecko) Chrome/44.0.2403.157 Safari/537.36" "-"
92.204.220.0 - - [12/Jan/2024:13:10:19 +0100] "POST /xmlrpc.php HTTP/1.1" 200 416 cronicareinodearagon.com "-" "Mozilla/5.0 (Linux; Android 10; SM-G960U) AppleWebKit/537.36 (KHTML, like Gecko) Chrome/91.0.4472.114 Mobile Safari/537.36" "-"
2001:41d0:400:: - - [12/Jan/2024:13:10:21 +0100] "POST /xmlrpc.php HTTP/1.1" 503 299 cronicareinodearagon.com "-" "Mozilla/5.0 (Windows NT 10.0; Win64; x64) AppleWebKit/537.36 (KHTML, like Gecko) Chrome/63.0.3239.132 Safari/537.36" "-"
82.165.88.0 - - [12/Jan/2024:13:10:57 +0100] "POST /wp-cron.php?doing_wp_cron=1705061457.5394809246063232421875 HTTP/1.1" 200 - cronicareinodearagon.com "-" "WordPress/6.2.2; https://cronicareinodearagon.com" "-"
51.222.253.0 - - [12/Jan/2024:13:10:57 +0100] "GET /aragon/estreno-documental-larissa-swirski-queen-of-hearts/ HTTP/1.1" 200 162297 cronicareinodearagon.com "-" "Mozilla/5.0 (compatible; AhrefsBot/7.0; +http://ahrefs.com/robot/)" "-"
198.12.220.0 - - [12/Jan/2024:13:12:13 +0100] "POST /xmlrpc.php HTTP/1.1" 301 251 cronicareinodearagon.com "-" "Mozilla/5.0 (Linux; Android 10; SM-G960U) AppleWebKit/537.36 (KHTML, like Gecko) Chrome/91.0.4472.114 Mobile Safari/537.36" "-"
206.189.219.0 - - [12/Jan/2024:13:12:14 +0100] "POST /xmlrpc.php HTTP/1.1" 301 251 cronicareinodearagon.com "-" "Mozilla/5.0 (Windows NT 10.0; Win64; x64; rv:78.0) Gecko/20100101 Firefox/78.0" "-"
82.165.88.0 - - [12/Jan/2024:13:12:14 +0100] "POST /wp-cron.php?doing_wp_cron=1705061534.4551670551300048828125 HTTP/1.1" 200 - cronicareinodearagon.com "-" "WordPress/6.2.2; https://cronicareinodearagon.com" "-"
198.12.220.0 - - [12/Jan/2024:13:12:14 +0100] "POST /xmlrpc.php HTTP/1.1" 200 416 cronicareinodearagon.com "-" "Mozilla/5.0 (Linux; Android 10; SM-G960U) AppleWebKit/537.36 (KHTML, like Gecko) Chrome/91.0.4472.114 Mobile Safari/537.36" "-"
20.81.134.0 - - [12/Jan/2024:13:12:15 +0100] "POST /xmlrpc.php HTTP/1.1" 301 251 cronicareinodearagon.com "-" "Mozilla/5.0 (Windows NT 10.0; WOW64; rv:50.0) Gecko/20100101 Firefox/50.0" "-"
206.189.219.0 - - [12/Jan/2024:13:12:15 +0100] "POST /xmlrpc.php HTTP/1.1" 200 416 cronicareinodearagon.com "-" "Mozilla/5.0 (Windows NT 10.0; Win64; x64; rv:78.0) Gecko/20100101 Firefox/78.0" "-"
20.81.134.0 - - [12/Jan/2024:13:12:15 +0100] "POST /xmlrpc.php HTTP/1.1" 200 416 cronicareinodearagon.com "-" "Mozilla/5.0 (Windows NT 10.0; WOW64; rv:50.0) Gecko/20100101 Firefox/50.0" "-"
184.164.94.0 - - [12/Jan/2024:13:12:25 +0100] "POST /xmlrpc.php HTTP/1.1" 301 251 cronicareinodearagon.com "-" "Mozilla/5.0 (Windows NT 10.0; Win64; x64) AppleWebKit/537.36 (KHTML, like Gecko) Chrome/65.0.3325.181 Safari/537.36" "-"
184.164.94.0 - - [12/Jan/2024:13:12:26 +0100] "POST /xmlrpc.php HTTP/1.1" 200 416 cronicareinodearagon.com "-" "Mozilla/5.0 (Windows NT 10.0; Win64; x64) AppleWebKit/537.36 (KHTML, like Gecko) Chrome/65.0.3325.181 Safari/537.36" "-"
72.167.65.0 - - [12/Jan/2024:13:12:31 +0100] "POST /xmlrpc.php HTTP/1.1" 301 251 cronicareinodearagon.com "-" "Mozilla/5.0 (Windows; U; Windows NT 5.1; en-US; rv:1.7.10) Gecko/20050716 Firefox/1.0.6" "-"
72.167.65.0 - - [12/Jan/2024:13:12:31 +0100] "POST /xmlrpc.php HTTP/1.1" 200 416 cronicareinodearagon.com "-" "Mozilla/5.0 (Windows; U; Windows NT 5.1; en-US; rv:1.7.10) Gecko/20050716 Firefox/1.0.6" "-"
203.150.243.0 - - [12/Jan/2024:13:12:33 +0100] "POST /xmlrpc.php HTTP/1.1" 301 251 cronicareinodearagon.com "-" "Mozilla/5.0 (Linux; Android 10; LM-X420) AppleWebKit/537.36 (KHTML, like Gecko) Chrome/91.0.4472.114 Mobile Safari/537.36" "-"
24.199.106.0 - - [12/Jan/2024:13:12:33 +0100] "POST /xmlrpc.php HTTP/1.1" 301 251 cronicareinodearagon.com "-" "Mozilla/5.0 (Windows NT 6.2; Win64; x64) AppleWebKit/537.36 (KHTML, like Gecko) Chrome/60.0.3112.90 Safari/537.36" "-"
203.150.243.0 - - [12/Jan/2024:13:12:34 +0100] "POST /xmlrpc.php HTTP/1.1" 200 416 cronicareinodearagon.com "-" "Mozilla/5.0 (Linux; Android 10; LM-X420) AppleWebKit/537.36 (KHTML, like Gecko) Chrome/91.0.4472.114 Mobile Safari/537.36" "-"
24.199.106.0 - - [12/Jan/2024:13:12:34 +0100] "POST /xmlrpc.php HTTP/1.1" 200 416 cronicareinodearagon.com "-" "Mozilla/5.0 (Windows NT 6.2; Win64; x64) AppleWebKit/537.36 (KHTML, like Gecko) Chrome/60.0.3112.90 Safari/537.36" "-"
72.167.206.0 - - [12/Jan/2024:13:12:36 +0100] "POST /xmlrpc.php HTTP/1.1" 301 251 cronicareinodearagon.com "-" "Mozilla/5.0 (Windows NT 10.0; Win64; x64) AppleWebKit/537.36 (KHTML, like Gecko) Chrome/87.0.4280.88 Safari/537.36" "-"
161.97.150.0 - - [12/Jan/2024:13:12:37 +0100] "POST /xmlrpc.php HTTP/1.1" 301 251 cronicareinodearagon.com "-" "Mozilla/5.0 (Windows NT 10.0; Win64; x64) AppleWebKit/537.36 (KHTML, like Gecko) Chrome/74.0.3729.157 Safari/537.36" "-"
72.167.206.0 - - [12/Jan/2024:13:12:37 +0100] "POST /xmlrpc.php HTTP/1.1" 200 416 cronicareinodearagon.com "-" "Mozilla/5.0 (Windows NT 10.0; Win64; x64) AppleWebKit/537.36 (KHTML, like Gecko) Chrome/87.0.4280.88 Safari/537.36" "-"
161.97.150.0 - - [12/Jan/2024:13:12:38 +0100] "POST /xmlrpc.php HTTP/1.1" 200 416 cronicareinodearagon.com "-" "Mozilla/5.0 (Windows NT 10.0; Win64; x64) AppleWebKit/537.36 (KHTML, like Gecko) Chrome/74.0.3729.157 Safari/537.36" "-"
80.244.168.0 - - [12/Jan/2024:13:12:41 +0100] "POST /xmlrpc.php HTTP/1.1" 503 299 cronicareinodearagon.com "-" "Mozilla/5.0 (Windows NT 6.1; WOW64; rv:18.0) Gecko/20100101 Firefox/18.0" "-"
203.150.243.0 - - [12/Jan/2024:13:12:50 +0100] "POST /xmlrpc.php HTTP/1.1" 403 775 cronicareinodearagon.com "-" "Mozilla/5.0 (Linux; Android 10; SM-N960U) AppleWebKit/537.36 (KHTML, like Gecko) Chrome/91.0.4472.114 Mobile Safari/537.36" "-"
72.167.65.0 - - [12/Jan/2024:13:12:53 +0100] "POST /xmlrpc.php HTTP/1.1" 403 775 cronicareinodearagon.com "-" "Mozilla/5.0 (Windows NT 6.1; WOW64; rv:52.0) Gecko/20100101 Firefox/52.0" "-"
43.241.58.0 - - [12/Jan/2024:13:12:58 +0100] "POST /xmlrpc.php HTTP/1.1" 301 251 cronicareinodearagon.com "-" "Mozilla/5.0 (Windows NT 10.0; WOW64; rv:50.0) Gecko/20100101 Firefox/50.0" "-"
80.80.161.0 - - [12/Jan/2024:13:12:59 +0100] "POST /xmlrpc.php HTTP/1.1" 301 251 cronicareinodearagon.com "-" "Mozilla/5.0 (Windows NT 10.0; Win64; x64; rv:60.0) Gecko/20100101 Firefox/60.0" "-"
43.241.58.0 - - [12/Jan/2024:13:12:59 +0100] "POST /xmlrpc.php HTTP/1.1" 200 416 cronicareinodearagon.com "-" "Mozilla/5.0 (Windows NT 10.0; WOW64; rv:50.0) Gecko/20100101 Firefox/50.0" "-"
82.165.88.0 - - [12/Jan/2024:13:13:00 +0100] "POST /wp-cron.php?doing_wp_cron=1705061580.1435120105743408203125 HTTP/1.1" 200 - cronicareinodearagon.com "-" "WordPress/6.2.2; https://cronicareinodearagon.com" "-"
80.80.161.0 - - [12/Jan/2024:13:13:00 +0100] "POST /xmlrpc.php HTTP/1.1" 200 416 cronicareinodearagon.com "-" "Mozilla/5.0 (Windows NT 10.0; Win64; x64; rv:60.0) Gecko/20100101 Firefox/60.0" "-"
88.119.176.0 - - [12/Jan/2024:13:13:02 +0100] "POST /xmlrpc.php HTTP/1.1" 301 251 cronicareinodearagon.com "-" "Mozilla/5.0 (Windows NT 6.1; WOW64; rv:47.0) Gecko/20100101 Firefox/47.0" "-"
88.119.176.0 - - [12/Jan/2024:13:13:02 +0100] "POST /xmlrpc.php HTTP/1.1" 200 416 cronicareinodearagon.com "-" "Mozilla/5.0 (Windows NT 6.1; WOW64; rv:47.0) Gecko/20100101 Firefox/47.0" "-"
82.165.88.0 - - [12/Jan/2024:13:18:04 +0100] "POST /wp-cron.php?doing_wp_cron=1705061884.8306739330291748046875 HTTP/1.1" 200 - cronicareinodearagon.com "-" "WordPress/6.2.2; https://cronicareinodearagon.com" "-"
51.222.253.0 - - [12/Jan/2024:13:18:04 +0100] "GET /aragon/espadas-sanchez-andalucia-elecciones-psoe/ HTTP/1.1" 200 33619 cronicareinodearagon.com "-" "Mozilla/5.0 (compatible; AhrefsBot/7.0; +http://ahrefs.com/robot/)" "-"
45.40.166.0 - - [12/Jan/2024:13:21:25 +0100] "POST /xmlrpc.php HTTP/1.1" 200 416 cronicareinodearagon.com "-" "Mozilla/5.0 (Windows NT 10.0; Win64; x64; rv:63.0) Gecko/20100101 Firefox/63.0" "-"
82.165.88.0 - - [12/Jan/2024:13:21:26 +0100] "POST /wp-cron.php?doing_wp_cron=1705062086.1314520835876464843750 HTTP/1.1" 200 - cronicareinodearagon.com "-" "WordPress/6.2.2; https://cronicareinodearagon.com" "-"
60.43.148.0 - - [12/Jan/2024:13:21:27 +0100] "POST /xmlrpc.php HTTP/1.1" 200 416 cronicareinodearagon.com "-" "Mozilla/5.0 (Linux; Android 10; LM-X420) AppleWebKit/537.36 (KHTML, like Gecko) Chrome/91.0.4472.114 Mobile Safari/537.36" "-"
198.12.220.0 - - [12/Jan/2024:13:21:29 +0100] "POST /xmlrpc.php HTTP/1.1" 200 416 cronicareinodearagon.com "-" "Mozilla/5.0 (Windows NT 10.0; Win64; x64; rv:60.0) Gecko/20100101 Firefox/60.0" "-"
2604:a880:800:: - - [12/Jan/2024:13:21:30 +0100] "POST /xmlrpc.php HTTP/1.1" 503 299 cronicareinodearagon.com "-" "Mozilla/5.0 (Windows NT 6.1; WOW64; rv:18.0) Gecko/20100101 Firefox/18.0" "-"
92.204.217.0 - - [12/Jan/2024:13:21:34 +0100] "POST /xmlrpc.php HTTP/1.1" 200 416 cronicareinodearagon.com "-" "Mozilla/5.0 (Windows NT 10.0; Win64; x64) AppleWebKit/537.36 (KHTML, like Gecko) Chrome/80.0.3987.132 Safari/537.36" "-"
198.71.237.0 - - [12/Jan/2024:13:21:35 +0100] "POST /xmlrpc.php HTTP/1.1" 200 416 cronicareinodearagon.com "-" "Mozilla/5.0 (Windows NT 6.1; WOW64; rv:40.0) Gecko/20100101 Firefox/40.1" "-"
31.31.198.0 - - [12/Jan/2024:13:21:36 +0100] "POST /xmlrpc.php HTTP/1.1" 200 416 cronicareinodearagon.com "-" "Mozilla/5.0 (Linux; Android 10; LM-Q720) AppleWebKit/537.36 (KHTML, like Gecko) Chrome/91.0.4472.114 Mobile Safari/537.36" "-"
82.165.88.0 - - [12/Jan/2024:13:21:42 +0100] "POST /wp-cron.php?doing_wp_cron=1705062102.8438649177551269531250 HTTP/1.1" 200 - cronicareinodearagon.com "-" "WordPress/6.2.2; https://cronicareinodearagon.com" "-"
165.232.161.0 - - [12/Jan/2024:13:21:42 +0100] "POST /xmlrpc.php HTTP/1.1" 200 416 cronicareinodearagon.com "-" "Mozilla/5.0 (Windows NT 5.1; rv:36.0) Gecko/20100101 Firefox/36.0" "-"
45.40.166.0 - - [12/Jan/2024:13:21:43 +0100] "POST /xmlrpc.php HTTP/1.1" 403 775 cronicareinodearagon.com "-" "Mozilla/5.0 (Linux; Android 10) AppleWebKit/537.36 (KHTML, like Gecko) Chrome/91.0.4472.114 Mobile Safari/537.36" "-"
2001:41d0:: - - [12/Jan/2024:13:21:49 +0100] "POST /xmlrpc.php HTTP/1.1" 200 416 cronicareinodearagon.com "-" "Mozilla/5.0 (Windows NT 10.0; Win64; x64; rv:60.0) Gecko/20100101 Firefox/60.0" "-"
203.107.129.0 - - [12/Jan/2024:13:21:50 +0100] "POST /xmlrpc.php HTTP/1.1" 200 416 cronicareinodearagon.com "-" "Mozilla/5.0 (Windows NT 10.0; Win64; x64) AppleWebKit/537.36 (KHTML, like Gecko) Chrome/64.0.3282.186 Safari/537.36" "-"
34.142.214.0 - - [12/Jan/2024:13:21:52 +0100] "POST /xmlrpc.php HTTP/1.1" 200 416 cronicareinodearagon.com "-" "Mozilla/5.0 (Windows NT 6.1; WOW64; rv:44.0) Gecko/20100101 Firefox/44.0" "-"
2602:ffc5:: - - [12/Jan/2024:13:22:03 +0100] "POST /xmlrpc.php HTTP/1.1" 200 416 cronicareinodearagon.com "-" "Mozilla/5.0 (Windows NT 10.0; Win64; x64) AppleWebKit/537.36 (KHTML, like Gecko) Chrome/85.0.4183.121 Safari/537.36" "-"
45.40.166.0 - - [12/Jan/2024:13:22:07 +0100] "POST /xmlrpc.php HTTP/1.1" 403 775 cronicareinodearagon.com "-" "Mozilla/5.0 (Windows NT 10.0; Win64; x64) AppleWebKit/537.36 (KHTML, like Gecko) Chrome/57.0.2987.133 Safari/537.36" "-"
198.12.220.0 - - [12/Jan/2024:13:22:09 +0100] "POST /xmlrpc.php HTTP/1.1" 200 416 cronicareinodearagon.com "-" "Mozilla/5.0 (Windows NT 10.0; Win64; x64) AppleWebKit/537.36 (KHTML, like Gecko) Chrome/90.0.4430.212 Safari/537.36" "-"
24.199.106.0 - - [12/Jan/2024:13:22:18 +0100] "POST /xmlrpc.php HTTP/1.1" 200 416 cronicareinodearagon.com "-" "Mozilla/5.0 (Windows NT 10.0; Win64; x64; rv:67.0) Gecko/20100101 Firefox/67.0" "-"
35.245.96.0 - - [12/Jan/2024:13:22:45 +0100] "POST /wp-login.php HTTP/1.1" 200 9576 cronicareinodearagon.com "-" "Mozilla/5.0 (Windows NT 6.1) AppleWebKit/537.36 (KHTML, like Gecko) Chrome/59.0.3071.115 Safari/537.36" "-"
82.165.88.0 - - [12/Jan/2024:13:22:46 +0100] "POST /wp-cron.php?doing_wp_cron=1705062166.1977128982543945312500 HTTP/1.1" 200 - cronicareinodearagon.com "-" "WordPress/6.2.2; https://cronicareinodearagon.com" "-"
51.222.253.0 - - [12/Jan/2024:13:24:57 +0100] "GET /aragon/prueba-madurez-selectividad-septiembre/ HTTP/1.1" 200 164563 cronicareinodearagon.com "-" "Mozilla/5.0 (compatible; AhrefsBot/7.0; +http://ahrefs.com/robot/)" "-"
82.165.88.0 - - [12/Jan/2024:13:24:58 +0100] "POST /wp-cron.php?doing_wp_cron=1705062298.0136709213256835937500 HTTP/1.1" 200 - cronicareinodearagon.com "-" "WordPress/6.2.2; https://cronicareinodearagon.com" "-"
82.165.88.0 - - [12/Jan/2024:13:31:47 +0100] "POST /wp-cron.php?doing_wp_cron=1705062707.3653450012207031250000 HTTP/1.1" 200 - cronicareinodearagon.com "-" "WordPress/6.2.2; https://cronicareinodearagon.com" "-"
51.222.253.0 - - [12/Jan/2024:13:31:47 +0100] "GET /category/politica/page/30/ HTTP/1.1" 200 147587 cronicareinodearagon.com "-" "Mozilla/5.0 (compatible; AhrefsBot/7.0; +http://ahrefs.com/robot/)" "-"
82.165.88.0 - - [12/Jan/2024:13:38:40 +0100] "POST /wp-cron.php?doing_wp_cron=1705063120.5090711116790771484375 HTTP/1.1" 200 - cronicareinodearagon.com "-" "WordPress/6.2.2; https://cronicareinodearagon.com" "-"
51.222.253.0 - - [12/Jan/2024:13:38:40 +0100] "GET /opinion/opinion-falso-testimonio/ HTTP/1.1" 200 169954 cronicareinodearagon.com "-" "Mozilla/5.0 (compatible; AhrefsBot/7.0; +http://ahrefs.com/robot/)" "-"
66.249.84.0 - - [12/Jan/2024:13:39:41 +0100] "GET /category/sociedad/feed/ HTTP/1.1" 200 16233 cronicareinodearagon.com "-" "FeedFetcher-Google; (+http://www.google.com/feedfetcher.html)" "-"
51.222.253.0 - - [12/Jan/2024:13:45:18 +0100] "GET /aragon/sanitarios-satse-reclaman-financiacion-adecuada-sanidad-publica/ HTTP/1.1" 200 170993 cronicareinodearagon.com "-" "Mozilla/5.0 (compatible; AhrefsBot/7.0; +http://ahrefs.com/robot/)" "-"
82.165.88.0 - - [12/Jan/2024:13:45:19 +0100] "POST /wp-cron.php?doing_wp_cron=1705063519.0810580253601074218750 HTTP/1.1" 200 - cronicareinodearagon.com "-" "WordPress/6.2.2; https://cronicareinodearagon.com" "-"
66.249.84.0 - - [12/Jan/2024:13:50:12 +0100] "GET /category/sociedad/feed/ HTTP/1.1" 200 16233 cronicareinodearagon.com "-" "FeedFetcher-Google; (+http://www.google.com/feedfetcher.html)" "-"
51.68.231.0 - - [12/Jan/2024:13:51:00 +0100] "POST /xmlrpc.php HTTP/1.1" 200 416 cronicareinodearagon.com "-" "Mozilla/5.0 (Windows NT 10.0; Win64; x64; rv:61.0) Gecko/20100101 Firefox/61.0" "-"
82.165.88.0 - - [12/Jan/2024:13:51:01 +0100] "POST /wp-cron.php?doing_wp_cron=1705063861.0526690483093261718750 HTTP/1.1" 200 - cronicareinodearagon.com "-" "WordPress/6.2.2; https://cronicareinodearagon.com" "-"
92.204.129.0 - - [12/Jan/2024:13:51:08 +0100] "POST /xmlrpc.php HTTP/1.1" 200 416 cronicareinodearagon.com "-" "Mozilla/5.0 (Windows NT 10.0; Win64; x64) AppleWebKit/537.36 (KHTML, like Gecko) Chrome/64.0.3282.186 Safari/537.36" "-"
198.12.210.0 - - [12/Jan/2024:13:51:11 +0100] "POST /xmlrpc.php HTTP/1.1" 200 416 cronicareinodearagon.com "-" "Mozilla/5.0 (Windows NT 10.0; WOW64) AppleWebKit/537.36 (KHTML, like Gecko) Chrome/91.0.4472.114 Safari/537.36" "-"
43.129.191.0 - - [12/Jan/2024:13:51:19 +0100] "POST /xmlrpc.php HTTP/1.1" 200 416 cronicareinodearagon.com "-" "Mozilla/5.0 (Windows NT 10.0; Win64; x64) AppleWebKit/537.36 (KHTML, like Gecko) Chrome/65.0.3325.181 Safari/537.36" "-"
92.204.212.0 - - [12/Jan/2024:13:51:32 +0100] "POST /xmlrpc.php HTTP/1.1" 200 416 cronicareinodearagon.com "-" "Mozilla/5.0 (Windows NT 6.1; WOW64; rv:52.0) Gecko/20100101 Firefox/52.0" "-"
82.165.88.0 - - [12/Jan/2024:13:53:34 +0100] "POST /wp-cron.php?doing_wp_cron=1705064014.4000270366668701171875 HTTP/1.1" 200 - cronicareinodearagon.com "-" "WordPress/6.2.2; https://cronicareinodearagon.com" "-"
51.222.253.0 - - [12/Jan/2024:13:53:34 +0100] "GET /aragon/ataque-vivienda-concejal-linares/ HTTP/1.1" 200 164090 cronicareinodearagon.com "-" "Mozilla/5.0 (compatible; AhrefsBot/7.0; +http://ahrefs.com/robot/)" "-"
66.249.84.0 - - [12/Jan/2024:13:56:58 +0100] "GET /category/politica/feed/ HTTP/1.1" 200 18273 cronicareinodearagon.com "-" "FeedFetcher-Google; (+http://www.google.com/feedfetcher.html)" "-"
66.249.84.0 - - [12/Jan/2024:13:59:27 +0100] "GET /category/educacion/feed/ HTTP/1.1" 200 56994 cronicareinodearagon.com "-" "FeedFetcher-Google; (+http://www.google.com/feedfetcher.html)" "-"
82.165.88.0 - - [12/Jan/2024:13:59:28 +0100] "POST /wp-cron.php?doing_wp_cron=1705064368.0205760002136230468750 HTTP/1.1" 200 - cronicareinodearagon.com "-" "WordPress/6.2.2; https://cronicareinodearagon.com" "-"
66.249.84.0 - - [12/Jan/2024:14:01:20 +0100] "GET /category/sociedad/feed/ HTTP/1.1" 200 16233 cronicareinodearagon.com "-" "FeedFetcher-Google; (+http://www.google.com/feedfetcher.html)" "-"
82.165.88.0 - - [12/Jan/2024:14:07:21 +0100] "POST /wp-cron.php?doing_wp_cron=1705064841.6863269805908203125000 HTTP/1.1" 200 - cronicareinodearagon.com "-" "WordPress/6.2.2; https://cronicareinodearagon.com" "-"
125.212.214.0 - - [12/Jan/2024:14:07:21 +0100] "POST /xmlrpc.php HTTP/1.1" 200 416 cronicareinodearagon.com "-" "Mozilla/5.0 (Windows NT 10.0; Win64; x64; rv:62.0) Gecko/20100101 Firefox/62.0" "-"
34.95.28.0 - - [12/Jan/2024:14:07:24 +0100] "POST /xmlrpc.php HTTP/1.1" 200 416 cronicareinodearagon.com "-" "Mozilla/5.0 (Linux; Android 10; LM-Q710(FGN)) AppleWebKit/537.36 (KHTML, like Gecko) Chrome/91.0.4472.114 Mobile Safari/537.36" "-"
45.183.247.0 - - [12/Jan/2024:14:07:31 +0100] "POST /xmlrpc.php HTTP/1.1" 200 416 cronicareinodearagon.com "-" "Mozilla/5.0 (Windows NT 6.1; WOW64; rv:41.0) Gecko/20100101 Firefox/41.0" "-"
161.97.150.0 - - [12/Jan/2024:14:07:37 +0100] "POST /xmlrpc.php HTTP/1.1" 200 416 cronicareinodearagon.com "-" "Mozilla/5.0 (Windows NT 10.0; Win64; x64) AppleWebKit/537.36 (KHTML, like Gecko) Chrome/85.0.4183.102 Safari/537.36" "-"
150.230.98.0 - - [12/Jan/2024:14:07:38 +0100] "POST /xmlrpc.php HTTP/1.1" 200 416 cronicareinodearagon.com "-" "Mozilla/5.0 (Windows NT 10.0; Win64; x64) AppleWebKit/537.36 (KHTML, like Gecko) Chrome/88.0.4324.104 Safari/537.36" "-"
82.165.88.0 - - [12/Jan/2024:14:07:49 +0100] "POST /wp-cron.php?doing_wp_cron=1705064869.5043299198150634765625 HTTP/1.1" 200 - cronicareinodearagon.com "-" "WordPress/6.2.2; https://cronicareinodearagon.com" "-"
174.138.18.0 - - [12/Jan/2024:14:07:49 +0100] "POST /xmlrpc.php HTTP/1.1" 200 416 cronicareinodearagon.com "-" "Mozilla/5.0 (Windows NT 10.0; Win64; x64; rv:59.0) Gecko/20100101 Firefox/59.0" "-"
2a03:6f00:: - - [12/Jan/2024:14:07:53 +0100] "POST /xmlrpc.php HTTP/1.1" 200 416 cronicareinodearagon.com "-" "Mozilla/5.0 (Windows NT 6.1; Win64; x64) AppleWebKit/537.36 (KHTML, like Gecko) Chrome/60.0.3112.90 Safari/537.36" "-"
157.230.108.0 - - [12/Jan/2024:14:07:59 +0100] "POST /xmlrpc.php HTTP/1.1" 200 416 cronicareinodearagon.com "-" "Mozilla/5.0 (Windows NT 10.0; Win64; x64; rv:58.0) Gecko/20100101 Firefox/58.0" "-"
92.204.239.0 - - [12/Jan/2024:14:08:06 +0100] "POST /xmlrpc.php HTTP/1.1" 200 416 cronicareinodearagon.com "-" "Mozilla/5.0 (Windows NT 10.0; Win64; x64; rv:60.0) Gecko/20100101 Firefox/60.0" "-"
2001:41d0:800:: - - [12/Jan/2024:14:08:10 +0100] "POST /xmlrpc.php HTTP/1.1" 200 416 cronicareinodearagon.com "-" "Mozilla/5.0 (Windows NT 10.0; WOW64; rv:52.0) Gecko/20100101 Firefox/52.0" "-"
83.147.246.0 - - [12/Jan/2024:14:08:12 +0100] "POST /xmlrpc.php HTTP/1.1" 200 416 cronicareinodearagon.com "-" "Mozilla/5.0 (Linux; Android 10; SM-A102U) AppleWebKit/537.36 (KHTML, like Gecko) Chrome/91.0.4472.114 Mobile Safari/537.36" "-"
47.251.8.0 - - [12/Jan/2024:14:08:18 +0100] "POST /xmlrpc.php HTTP/1.1" 200 416 cronicareinodearagon.com "-" "Mozilla/5.0 (Windows NT 6.1; Win64; x64) AppleWebKit/537.36 (KHTML, like Gecko) Chrome/63.0.3239.132 Safari/537.36" "-"
188.166.231.0 - - [12/Jan/2024:14:08:25 +0100] "POST /xmlrpc.php HTTP/1.1" 200 416 cronicareinodearagon.com "-" "Mozilla/5.0 (Macintosh; Intel Mac OS X 10_10; rv:33.0) Gecko/20100101 Firefox/33.0" "-"
82.165.88.0 - - [12/Jan/2024:14:10:45 +0100] "POST /wp-cron.php?doing_wp_cron=1705065045.5339629650115966796875 HTTP/1.1" 200 - cronicareinodearagon.com "-" "WordPress/6.2.2; https://cronicareinodearagon.com" "-"
51.222.253.0 - - [12/Jan/2024:14:10:45 +0100] "GET /category/educacion/page/10/ HTTP/1.1" 200 137148 cronicareinodearagon.com "-" "Mozilla/5.0 (compatible; AhrefsBot/7.0; +http://ahrefs.com/robot/)" "-"
54.39.17.0 - - [12/Jan/2024:14:13:42 +0100] "POST /xmlrpc.php HTTP/1.1" 200 414 cronicareinodearagon.com "-" "Mozilla/5.0 (X11; Fedora; Linux x86_64; rv:94.0) Gecko/20100101 Firefox/95.0" "-"
82.165.88.0 - - [12/Jan/2024:14:13:43 +0100] "POST /wp-cron.php?doing_wp_cron=1705065223.2050518989562988281250 HTTP/1.1" 200 - cronicareinodearagon.com "-" "WordPress/6.2.2; https://cronicareinodearagon.com" "-"
66.249.84.0 - - [12/Jan/2024:14:18:19 +0100] "GET /category/sociedad/feed/ HTTP/1.1" 200 16233 cronicareinodearagon.com "-" "FeedFetcher-Google; (+http://www.google.com/feedfetcher.html)" "-"
82.165.88.0 - - [12/Jan/2024:14:18:40 +0100] "POST /wp-cron.php?doing_wp_cron=1705065520.3514120578765869140625 HTTP/1.1" 200 - cronicareinodearagon.com "-" "WordPress/6.2.2; https://cronicareinodearagon.com" "-"
51.222.253.0 - - [12/Jan/2024:14:18:40 +0100] "GET /category/economia/page/16/ HTTP/1.1" 200 147355 cronicareinodearagon.com "-" "Mozilla/5.0 (compatible; AhrefsBot/7.0; +http://ahrefs.com/robot/)" "-"
74.125.212.0 - - [12/Jan/2024:14:18:53 +0100] "GET /category/economia/feed/ HTTP/1.1" 200 12913 cronicareinodearagon.com "-" "FeedFetcher-Google; (+http://www.google.com/feedfetcher.html)" "-"
51.222.253.0 - - [12/Jan/2024:14:27:10 +0100] "GET /aragon/javier-imbroda-educacion-especial-andalucia/ HTTP/1.1" 200 166111 cronicareinodearagon.com "-" "Mozilla/5.0 (compatible; AhrefsBot/7.0; +http://ahrefs.com/robot/)" "-"
82.165.88.0 - - [12/Jan/2024:14:27:11 +0100] "POST /wp-cron.php?doing_wp_cron=1705066030.9777441024780273437500 HTTP/1.1" 200 - cronicareinodearagon.com "-" "WordPress/6.2.2; https://cronicareinodearagon.com" "-"
206.189.219.0 - - [12/Jan/2024:14:33:07 +0100] "POST /xmlrpc.php HTTP/1.1" 200 416 cronicareinodearagon.com "-" "Mozilla/5.0 (Windows NT 10.0; Win64; x64) AppleWebKit/537.36 (KHTML, like Gecko) Chrome/78.0.3904.108 Safari/537.36" "-"
82.165.88.0 - - [12/Jan/2024:14:33:08 +0100] "POST /wp-cron.php?doing_wp_cron=1705066388.0081379413604736328125 HTTP/1.1" 200 - cronicareinodearagon.com "-" "WordPress/6.2.2; https://cronicareinodearagon.com" "-"
92.204.217.0 - - [12/Jan/2024:14:33:12 +0100] "POST /xmlrpc.php HTTP/1.1" 200 416 cronicareinodearagon.com "-" "Mozilla/5.0 (Windows NT 10.0; Win64; x64) AppleWebKit/537.36 (KHTML, like Gecko) Chrome/70.0.3538.102 Safari/537.36" "-"
88.119.176.0 - - [12/Jan/2024:14:33:13 +0100] "POST /xmlrpc.php HTTP/1.1" 200 416 cronicareinodearagon.com "-" "Mozilla/5.0 (Windows NT 10.0; Win64; x64) AppleWebKit/537.36 (KHTML, like Gecko) Chrome/79.0.3945.117 Safari/537.36" "-"
60.43.148.0 - - [12/Jan/2024:14:33:14 +0100] "POST /xmlrpc.php HTTP/1.1" 200 416 cronicareinodearagon.com "-" "Mozilla/5.0 (Windows NT 6.3; Win64; x64) AppleWebKit/537.36 (KHTML, like Gecko) Chrome/60.0.3112.113 Safari/537.36" "-"
142.171.123.0 - - [12/Jan/2024:14:33:25 +0100] "POST /xmlrpc.php HTTP/1.1" 200 416 cronicareinodearagon.com "-" "Mozilla/5.0 (iPad; CPU OS 14_6 like Mac OS X) AppleWebKit/605.1.15 (KHTML, like Gecko) CriOS/91.0.4472.80 Mobile/15E148 Safari/604.1" "-"
51.178.146.0 - - [12/Jan/2024:14:33:31 +0100] "POST /xmlrpc.php HTTP/1.1" 200 416 cronicareinodearagon.com "-" "Mozilla/5.0 (Windows NT 6.1; WOW64; rv:54.0) Gecko/20100101 Firefox/54.0" "-"
198.71.237.0 - - [12/Jan/2024:14:33:32 +0100] "POST /xmlrpc.php HTTP/1.1" 200 416 cronicareinodearagon.com "-" "Mozilla/5.0 (Windows NT 6.1; Win64; x64; rv:61.0) Gecko/20100101 Firefox/61.0" "-"
43.241.58.0 - - [12/Jan/2024:14:33:38 +0100] "POST /xmlrpc.php HTTP/1.1" 200 416 cronicareinodearagon.com "-" "Mozilla/5.0 (X11; Linux x86_64) AppleWebKit/537.36 (KHTML, like Gecko) Chrome/44.0.2403.157 Safari/537.36" "-"
88.119.176.0 - - [12/Jan/2024:14:33:46 +0100] "POST /xmlrpc.php HTTP/1.1" 200 416 cronicareinodearagon.com "-" "Mozilla/5.0 (X11; Ubuntu; Linux i686; rv:24.0) Gecko/20100101 Firefox/24.0" "-"
82.165.88.0 - - [12/Jan/2024:14:33:47 +0100] "POST /wp-cron.php?doing_wp_cron=1705066427.1877419948577880859375 HTTP/1.1" 200 - cronicareinodearagon.com "-" "WordPress/6.2.2; https://cronicareinodearagon.com" "-"
66.249.84.0 - - [12/Jan/2024:14:33:47 +0100] "GET /category/politica/feed/ HTTP/1.1" 200 18273 cronicareinodearagon.com "-" "FeedFetcher-Google; (+http://www.google.com/feedfetcher.html)" "-"
2a03:b0c0:: - - [12/Jan/2024:14:33:54 +0100] "POST /xmlrpc.php HTTP/1.1" 200 416 cronicareinodearagon.com "-" "Mozilla/5.0 (Windows NT 10.0; Win64; x64; rv:85.0) Gecko/20100101 Firefox/85.0" "-"
103.195.244.0 - - [12/Jan/2024:14:33:56 +0100] "POST /xmlrpc.php HTTP/1.1" 200 416 cronicareinodearagon.com "-" "Mozilla/5.0 (Windows NT 10.0; Win64; x64; rv:63.0) Gecko/20100101 Firefox/63.0" "-"
203.107.129.0 - - [12/Jan/2024:14:34:01 +0100] "POST /xmlrpc.php HTTP/1.1" 503 299 cronicareinodearagon.com "-" "Mozilla/5.0 (Windows NT 10.0; Win64; x64) AppleWebKit/537.36 (KHTML, like Gecko) Chrome/61.0.3163.100 Safari/537.36" "-"
82.165.88.0 - - [12/Jan/2024:14:35:55 +0100] "POST /wp-cron.php?doing_wp_cron=1705066555.3440461158752441406250 HTTP/1.1" 200 - cronicareinodearagon.com "-" "WordPress/6.2.2; https://cronicareinodearagon.com" "-"
51.222.253.0 - - [12/Jan/2024:14:35:55 +0100] "GET /aragon/encuesta-cis-desaparicion-ciudadanos/ HTTP/1.1" 200 162767 cronicareinodearagon.com "-" "Mozilla/5.0 (compatible; AhrefsBot/7.0; +http://ahrefs.com/robot/)" "-"
