HEX
Server: Apache
System: Linux info 3.0 #1337 SMP Tue Jan 01 00:00:00 CEST 2000 all GNU/Linux
User: u108971390 (10552621)
PHP: 8.0.30
Disabled: NONE
Upload Files
File: /homepages/20/d917057205/htdocs/_ProviderRestore/logs/access.log.03.1
82.165.88.0 - - [15/Jan/2024:00:02:09 +0100] "POST /wp-cron.php?doing_wp_cron=1705273329.9132590293884277343750 HTTP/1.1" 200 - cronicareinodearagon.com "-" "WordPress/6.2.2; https://cronicareinodearagon.com" "-"
87.98.171.0 - - [15/Jan/2024:00:02:09 +0100] "POST /wp-login.php HTTP/1.1" 200 9585 cronicareinodearagon.com "-" "Mozilla/5.0 (Windows NT 10.0; Win64; x64) AppleWebKit/537.36 (KHTML, like Gecko) Chrome/73.0.3683.75 Safari/537.36" "-"
40.77.167.0 - - [15/Jan/2024:00:11:23 +0100] "GET /wp-content/uploads/2022/10/taller-recogida-aceitunas-600x375.jpg HTTP/1.1" 200 112311 cronicareinodearagon.com "-" "Mozilla/5.0 AppleWebKit/537.36 (KHTML, like Gecko; compatible; bingbot/2.0; +http://www.bing.com/bingbot.htm) Chrome/116.0.1938.76 Safari/537.36" "-"
66.249.84.0 - - [15/Jan/2024:00:13:19 +0100] "GET /category/sociedad/feed/ HTTP/1.1" 200 16233 cronicareinodearagon.com "-" "FeedFetcher-Google; (+http://www.google.com/feedfetcher.html)" "-"
82.165.88.0 - - [15/Jan/2024:00:13:20 +0100] "POST /wp-cron.php?doing_wp_cron=1705274000.8561010360717773437500 HTTP/1.1" 200 - cronicareinodearagon.com "-" "WordPress/6.2.2; https://cronicareinodearagon.com" "-"
80.66.79.0 - - [15/Jan/2024:00:38:34 +0100] "GET / HTTP/1.1" 301 241 cronicareinodearagon.com "https://antiddos24.ru/" "Mozilla/4.0 (compatible; MSIE 6.0; AOL 9.0; Windows NT 5.1)" "-"
80.66.79.0 - - [15/Jan/2024:00:38:35 +0100] "GET / HTTP/1.1" 301 241 cronicareinodearagon.com "https://antiddos24.ru/" "Mozilla/4.0 (compatible; MSIE 6.0; AOL 9.0; Windows NT 5.1)" "-"
80.66.79.0 - - [15/Jan/2024:00:38:35 +0100] "GET / HTTP/1.1" 301 241 cronicareinodearagon.com "https://antiddos24.ru/" "Mozilla/4.0 (compatible; MSIE 6.0; AOL 9.0; Windows NT 5.1)" "-"
66.249.84.0 - - [15/Jan/2024:00:39:44 +0100] "GET /category/educacion/feed/ HTTP/1.1" 200 16487 cronicareinodearagon.com "-" "FeedFetcher-Google; (+http://www.google.com/feedfetcher.html)" "-"
2a00:6800:: - - [15/Jan/2024:00:53:25 +0100] "GET / HTTP/1.1" 301 241 cronicareinodearagon.com "-" "Mozilla/5.0 (Windows NT 10.0; Win64; x64) AppleWebKit/537.36 (KHTML, like Gecko) Chrome/91.0.4472.114 Safari/537.36 Edg/91.0.864.54" "-"
2a00:6800:: - - [15/Jan/2024:00:53:26 +0100] "GET / HTTP/1.1" 200 41645 cronicareinodearagon.com "-" "Mozilla/5.0 (Windows NT 10.0; Win64; x64) AppleWebKit/537.36 (KHTML, like Gecko) Chrome/91.0.4472.114 Safari/537.36 Edg/91.0.864.54" "-"
82.165.88.0 - - [15/Jan/2024:00:53:27 +0100] "POST /wp-cron.php?doing_wp_cron=1705276407.6447370052337646484375 HTTP/1.1" 200 - cronicareinodearagon.com "-" "WordPress/6.2.2; https://cronicareinodearagon.com" "-"
213.175.66.0 - - [15/Jan/2024:01:01:47 +0100] "POST /wp-login.php HTTP/1.1" 200 9585 cronicareinodearagon.com "-" "Mozilla/5.0 (Windows NT 6.1; Win64; x64) AppleWebKit/537.36 (KHTML, like Gecko) Chrome/80.0.3987.106 Safari/537.36" "-"
82.165.88.0 - - [15/Jan/2024:01:01:48 +0100] "POST /wp-cron.php?doing_wp_cron=1705276908.1371979713439941406250 HTTP/1.1" 200 - cronicareinodearagon.com "-" "WordPress/6.2.2; https://cronicareinodearagon.com" "-"
110.44.119.0 - - [15/Jan/2024:01:02:12 +0100] "POST /wp-login.php HTTP/1.1" 200 9612 cronicareinodearagon.com "-" "Mozilla/5.0 (Windows NT 10.0; WOW64) AppleWebKit/537.36 (KHTML, like Gecko) Chrome/56.0.2924.87 Safari/537.36" "-"
184.154.139.0 - - [15/Jan/2024:01:02:53 +0100] "GET / HTTP/1.1" 200 336 www.cronicademalaga.com "http://www.google.com/url?url=www.cronicademalaga.com&yahoo.com" "Mozilla/5.0 (compatible; MSIE 9.0; Windows NT 6.1; WOW64; Trident/6.0)" "-"
184.154.139.0 - - [15/Jan/2024:01:02:53 +0100] "GET /th1s_1s_a_4o4.html HTTP/1.1" 404 596 www.cronicademalaga.com "http://www.google.com/url?url=www.cronicademalaga.com&yahoo.com" "Mozilla/5.0 (compatible; MSIE 9.0; Windows NT 6.1; WOW64; Trident/6.0)" "-"
184.154.139.0 - - [15/Jan/2024:01:02:54 +0100] "GET /spicons/templates/defaultsite/es-ES/images/css/main.css HTTP/1.1" 200 486180 www.cronicademalaga.com "http://www.google.com/url?url=www.cronicademalaga.com&yahoo.com" "Mozilla/5.0 (compatible; MSIE 9.0; Windows NT 6.1; WOW64; Trident/6.0)" "-"
184.154.139.0 - - [15/Jan/2024:01:02:55 +0100] "GET /defaultsite HTTP/1.1" 200 18994 www.cronicademalaga.com "-" "SiteLockSpider [en] (WinNT; I ;Nav)" "-"
184.154.139.0 - - [15/Jan/2024:01:02:55 +0100] "GET /spicons/templates/defaultsite/es-ES/images/domain.svg HTTP/1.1" 200 2095 www.cronicademalaga.com "http://www.google.com/url?url=www.cronicademalaga.com&yahoo.com" "Mozilla/5.0 (compatible; MSIE 9.0; Windows NT 6.1; WOW64; Trident/6.0)" "-"
184.154.139.0 - - [15/Jan/2024:01:02:56 +0100] "GET /domaincheckresult?__SBMT:d359e110d15:=1&__SYNT:d359e110d15:__CMD(domaincheckresult):RETWRP=domainselect&__SYNT:d359e110d15:__CMD(domaincheckresult):SELWRP=multicheck&__SYNT:d359e110d15:__forcestop=true&__pageflow=Order&__sendingdata=1&linkId=ct.btn.check.default-page-check&multicheck.Domain=1 HTTP/1.1" 404 596 www.cronicademalaga.com "-" "SiteLockSpider [en] (WinNT; I ;Nav)" "-"
184.154.139.0 - - [15/Jan/2024:01:02:56 +0100] "GET /spicons/templates/defaultsite/es-ES/images/domain_transfer.svg HTTP/1.1" 200 1201 www.cronicademalaga.com "-" "SiteLockSpider [en] (WinNT; I ;Nav)" "-"
82.165.88.0 - - [15/Jan/2024:01:08:43 +0100] "POST /wp-cron.php?doing_wp_cron=1705277323.9223730564117431640625 HTTP/1.1" 200 - cronicareinodearagon.com "-" "WordPress/6.2.2; https://cronicareinodearagon.com" "-"
158.69.18.0 - - [15/Jan/2024:01:08:43 +0100] "POST /wp-login.php HTTP/1.1" 200 9608 cronicareinodearagon.com "-" "Mozilla/5.0 (Windows NT 10.0; WOW64) AppleWebKit/537.36 (KHTML, like Gecko) Chrome/47.0.2526.106 Safari/537.36" "-"
82.165.88.0 - - [15/Jan/2024:01:18:31 +0100] "POST /wp-cron.php?doing_wp_cron=1705277911.7534370422363281250000 HTTP/1.1" 200 - cronicareinodearagon.com "-" "WordPress/6.2.2; https://cronicareinodearagon.com" "-"
2400:6180:100:: - - [15/Jan/2024:01:18:31 +0100] "POST /wp-login.php HTTP/1.1" 200 121 cronicareinodearagon.com "-" "Mozilla/5.0 (Windows NT 10.0; Win64; x64) AppleWebKit/537.36 (KHTML, like Gecko) Chrome/72.0.3626.109 Safari/537.36" "-"
184.154.139.0 - - [15/Jan/2024:01:32:04 +0100] "GET / HTTP/1.1" 200 336 www.cronicadesevilla.com "http://www.google.com/url?url=www.cronicadesevilla.com&yahoo.com" "Mozilla/5.0 (compatible; MSIE 9.0; Windows NT 6.1; WOW64; Trident/6.0)" "-"
184.154.139.0 - - [15/Jan/2024:01:32:04 +0100] "GET /th1s_1s_a_4o4.html HTTP/1.1" 404 596 www.cronicadesevilla.com "http://www.google.com/url?url=www.cronicadesevilla.com&yahoo.com" "Mozilla/5.0 (compatible; MSIE 9.0; Windows NT 6.1; WOW64; Trident/6.0)" "-"
184.154.139.0 - - [15/Jan/2024:01:32:05 +0100] "GET /spicons/templates/defaultsite/es-ES/images/domain.svg HTTP/1.1" 200 2095 www.cronicadesevilla.com "http://www.google.com/url?url=www.cronicadesevilla.com&yahoo.com" "Mozilla/5.0 (compatible; MSIE 9.0; Windows NT 6.1; WOW64; Trident/6.0)" "-"
184.154.139.0 - - [15/Jan/2024:01:32:05 +0100] "GET /spicons/templates/defaultsite/es-ES/images/domain_transfer.svg HTTP/1.1" 200 1201 www.cronicadesevilla.com "http://www.google.com/url?url=www.cronicadesevilla.com&yahoo.com" "Mozilla/5.0 (compatible; MSIE 9.0; Windows NT 6.1; WOW64; Trident/6.0)" "-"
184.154.139.0 - - [15/Jan/2024:01:32:06 +0100] "GET /?=1&s=1 HTTP/1.1" 200 336 cronicadesevilla.com "http://www.google.com/url?url=www.cronicadesevilla.com&yahoo.com" "Mozilla/5.0 (compatible; MSIE 9.0; Windows NT 6.1; WOW64; Trident/6.0)" "-"
184.154.139.0 - - [15/Jan/2024:01:32:06 +0100] "GET /defaultsite HTTP/1.1" 200 18994 www.cronicadesevilla.com "-" "SiteLockSpider [en] (WinNT; I ;Nav)" "-"
184.154.139.0 - - [15/Jan/2024:01:32:07 +0100] "GET /spicons/templates/defaultsite/es-ES/images/domain_transfer.svg HTTP/1.1" 200 1201 www.cronicadesevilla.com "-" "SiteLockSpider [en] (WinNT; I ;Nav)" "-"
184.154.139.0 - - [15/Jan/2024:01:32:07 +0100] "GET /domaincheckresult?__SBMT:d359e110d15:=1&__SYNT:d359e110d15:__CMD(domaincheckresult):RETWRP=domainselect&__SYNT:d359e110d15:__CMD(domaincheckresult):SELWRP=multicheck&__SYNT:d359e110d15:__forcestop=true&__pageflow=Order&__sendingdata=1&linkId=ct.btn.check.default-page-check&multicheck.Domain=1 HTTP/1.1" 404 596 www.cronicadesevilla.com "-" "SiteLockSpider [en] (WinNT; I ;Nav)" "-"
184.154.139.0 - - [15/Jan/2024:01:32:08 +0100] "GET /spicons/templates/defaultsite/es-ES/images/domain.svg HTTP/1.1" 200 2095 www.cronicadesevilla.com "-" "SiteLockSpider [en] (WinNT; I ;Nav)" "-"
184.154.139.0 - - [15/Jan/2024:01:32:08 +0100] "GET /domaincheckresult?__SBMT:d359e110d15:=1&__SYNT:d359e110d15:__CMD(domaincheckresult):RETWRP=domainselect&__SYNT:d359e110d15:__CMD(domaincheckresult):SELWRP=multicheck&__SYNT:d359e110d15:__forcestop=true&__pageflow=Order&__sendingdata=1&linkId=ct.btn.check.default-page-check&multicheck.Domain=1 HTTP/1.1" 404 596 www.cronicadesevilla.com "http://www.google.com/url?url=www.cronicadesevilla.com&yahoo.com" "Mozilla/5.0 (compatible; MSIE 9.0; Windows NT 6.1; WOW64; Trident/6.0)" "-"
184.154.139.0 - - [15/Jan/2024:01:32:09 +0100] "GET / HTTP/1.1" 200 336 cronicadesevilla.com "http://www.google.com/url?url=www.cronicadesevilla.com&yahoo.com" "Mozilla/5.0 (compatible; MSIE 9.0; Windows NT 6.1; WOW64; Trident/6.0)" "-"
184.154.139.0 - - [15/Jan/2024:01:32:09 +0100] "GET /spicons/templates/defaultsite/es-ES/images/css/main.css HTTP/1.1" 200 486180 www.cronicadesevilla.com "http://www.google.com/url?url=www.cronicadesevilla.com&yahoo.com" "Mozilla/5.0 (compatible; MSIE 9.0; Windows NT 6.1; WOW64; Trident/6.0)" "-"
184.154.139.0 - - [15/Jan/2024:01:32:10 +0100] "GET /spicons/templates/defaultsite/es-ES/images/ic-world.svg HTTP/1.1" 200 1248 www.cronicadesevilla.com "-" "SiteLockSpider [en] (WinNT; I ;Nav)" "-"
184.154.139.0 - - [15/Jan/2024:01:32:10 +0100] "GET /spicons/templates/defaultsite/es-ES/images/css/main.css HTTP/1.1" 200 486180 www.cronicadesevilla.com "http://www.google.com/url?url=www.cronicadesevilla.com&yahoo.com" "Mozilla/5.0 (compatible; MSIE 9.0; Windows NT 6.1; WOW64; Trident/6.0)" "-"
184.154.139.0 - - [15/Jan/2024:01:32:12 +0100] "GET /defaultsite HTTP/1.1" 200 18994 www.cronicadesevilla.com "-" "SiteLockSpider [en] (WinNT; I ;Nav)" "-"
184.154.139.0 - - [15/Jan/2024:01:32:12 +0100] "GET / HTTP/1.1" 200 336 cronicadesevilla.com "-" "SiteLockSpider [en] (WinNT; I ;Nav)" "-"
184.154.139.0 - - [15/Jan/2024:01:32:13 +0100] "GET /spicons/templates/defaultsite/es-ES/images/ic-world.svg HTTP/1.1" 200 1248 www.cronicadesevilla.com "-" "SiteLockSpider [en] (WinNT; I ;Nav)" "-"
184.154.139.0 - - [15/Jan/2024:01:32:13 +0100] "GET /domaincheckresult?__SBMT:d359e110d15:=1&__SYNT:d359e110d15:__CMD(domaincheckresult):RETWRP=domainselect&__SYNT:d359e110d15:__CMD(domaincheckresult):SELWRP=multicheck&__SYNT:d359e110d15:__forcestop=true&__pageflow=Order&__sendingdata=1&linkId=ct.btn.check.default-page-check&multicheck.Domain=1 HTTP/1.1" 404 596 www.cronicadesevilla.com "-" "SiteLockSpider [en] (WinNT; I ;Nav)" "-"
66.249.84.0 - - [15/Jan/2024:01:40:35 +0100] "GET /category/politica/feed/ HTTP/1.1" 200 18273 cronicareinodearagon.com "-" "FeedFetcher-Google; (+http://www.google.com/feedfetcher.html)" "-"
82.165.88.0 - - [15/Jan/2024:01:40:36 +0100] "POST /wp-cron.php?doing_wp_cron=1705279236.8776578903198242187500 HTTP/1.1" 200 - cronicareinodearagon.com "-" "WordPress/6.2.2; https://cronicareinodearagon.com" "-"
159.65.87.0 - - [15/Jan/2024:01:50:39 +0100] "GET / HTTP/1.1" 200 336 cronicadesevilla.com "-" "Mozilla/5.0 (X11; Linux x86_64) AppleWebKit/537.36 (KHTML, like Gecko) Chrome/108.0.0.0 Safari/537.36" "-"
159.65.87.0 - - [15/Jan/2024:01:50:39 +0100] "GET / HTTP/1.1" 200 336 cronicadesevilla.com "-" "Mozilla/5.0 (X11; Linux x86_64) AppleWebKit/537.36 (KHTML, like Gecko) Chrome/108.0.0.0 Safari/537.36" "-"
82.165.88.0 - - [15/Jan/2024:01:54:17 +0100] "POST /wp-cron.php?doing_wp_cron=1705280057.5846469402313232421875 HTTP/1.1" 200 - cronicareinodearagon.com "-" "WordPress/6.2.2; https://cronicareinodearagon.com" "-"
64.124.8.0 - - [15/Jan/2024:01:54:17 +0100] "GET /robots.txt HTTP/1.1" 200 202 cronicareinodearagon.com "-" "Mozilla/5.0 (compatible; ImagesiftBot; +imagesift.com)" "-"
64.124.8.0 - - [15/Jan/2024:01:54:18 +0100] "GET /wp-content/uploads/2021/08/76.jpeg HTTP/1.1" 304 - cronicareinodearagon.com "-" "Mozilla/5.0 (compatible; ImagesiftBot; +imagesift.com)" "-"
82.165.88.0 - - [15/Jan/2024:01:55:21 +0100] "POST /wp-cron.php?doing_wp_cron=1705280121.6840341091156005859375 HTTP/1.1" 200 - cronicareinodearagon.com "-" "WordPress/6.2.2; https://cronicareinodearagon.com" "-"
64.124.8.0 - - [15/Jan/2024:01:55:21 +0100] "GET /robots.txt HTTP/1.1" 200 202 cronicareinodearagon.com "-" "Mozilla/5.0 (compatible; ImagesiftBot; +imagesift.com)" "-"
64.124.8.0 - - [15/Jan/2024:01:55:22 +0100] "GET /wp-content/uploads/2022/01/Manuel-Gavira.jpg HTTP/1.1" 304 - cronicareinodearagon.com "-" "Mozilla/5.0 (compatible; ImagesiftBot; +imagesift.com)" "-"
64.124.8.0 - - [15/Jan/2024:01:58:59 +0100] "GET /wp-content/uploads/2022/04/Reyes-rueda-UJA-2.jpg HTTP/1.1" 304 - cronicareinodearagon.com "-" "Mozilla/5.0 (compatible; ImagesiftBot; +imagesift.com)" "-"
82.165.88.0 - - [15/Jan/2024:02:01:35 +0100] "POST /wp-cron.php?doing_wp_cron=1705280495.8110530376434326171875 HTTP/1.1" 200 - cronicareinodearagon.com "-" "WordPress/6.2.2; https://cronicareinodearagon.com" "-"
51.83.42.0 - - [15/Jan/2024:02:01:35 +0100] "POST /wp-login.php HTTP/1.1" 200 9585 cronicareinodearagon.com "-" "Mozilla/5.0 (Windows NT 10.0; Win64; x64) AppleWebKit/537.36 (KHTML, like Gecko) Chrome/87.0.4280.88 Safari/537.36" "-"
82.165.88.0 - - [15/Jan/2024:02:02:04 +0100] "POST /wp-cron.php?doing_wp_cron=1705280524.4518189430236816406250 HTTP/1.1" 200 - cronicareinodearagon.com "-" "WordPress/6.2.2; https://cronicareinodearagon.com" "-"
64.227.146.0 - - [15/Jan/2024:02:02:04 +0100] "POST /wp-login.php HTTP/1.1" 200 9612 cronicareinodearagon.com "-" "Mozilla/5.0 (Windows NT 6.1; WOW64) AppleWebKit/537.36 (KHTML, like Gecko) Chrome/48.0.2564.109 Safari/537.36" "-"
66.249.92.0 - - [15/Jan/2024:02:05:52 +0100] "GET /category/economia/feed/ HTTP/1.1" 200 12913 cronicareinodearagon.com "-" "FeedFetcher-Google; (+http://www.google.com/feedfetcher.html)" "-"
66.249.84.0 - - [15/Jan/2024:02:09:55 +0100] "GET /category/sociedad/feed/ HTTP/1.1" 200 16233 cronicareinodearagon.com "-" "FeedFetcher-Google; (+http://www.google.com/feedfetcher.html)" "-"
82.165.88.0 - - [15/Jan/2024:02:09:56 +0100] "POST /wp-cron.php?doing_wp_cron=1705280996.2916638851165771484375 HTTP/1.1" 200 - cronicareinodearagon.com "-" "WordPress/6.2.2; https://cronicareinodearagon.com" "-"
82.165.88.0 - - [15/Jan/2024:02:14:04 +0100] "POST /wp-cron.php?doing_wp_cron=1705281244.7960290908813476562500 HTTP/1.1" 200 - cronicareinodearagon.com "-" "WordPress/6.2.2; https://cronicareinodearagon.com" "-"
45.134.225.0 - - [15/Jan/2024:02:14:04 +0100] "POST /xmlrpc.php HTTP/1.1" 200 416 cronicareinodearagon.com "-" "Mozilla/5.0 (Windows NT 10.0; Win64; x64) AppleWebKit/537.36 (KHTML, like Gecko) Chrome/74.0.3729.157 Safari/537.36" "-"
45.134.225.0 - - [15/Jan/2024:02:14:05 +0100] "POST /xmlrpc.php HTTP/1.1" 200 416 cronicareinodearagon.com "-" "Mozilla/5.0 (Windows NT 10.0; Win64; x64) AppleWebKit/537.36 (KHTML, like Gecko) Chrome/74.0.3729.157 Safari/537.36" "-"
45.134.225.0 - - [15/Jan/2024:02:14:06 +0100] "POST /xmlrpc.php HTTP/1.1" 403 775 cronicareinodearagon.com "-" "Mozilla/5.0 (Windows NT 10.0; Win64; x64) AppleWebKit/537.36 (KHTML, like Gecko) Chrome/74.0.3729.157 Safari/537.36" "-"
45.134.225.0 - - [15/Jan/2024:02:14:07 +0100] "POST /xmlrpc.php HTTP/1.1" 403 775 cronicareinodearagon.com "-" "Mozilla/5.0 (Windows NT 10.0; Win64; x64) AppleWebKit/537.36 (KHTML, like Gecko) Chrome/74.0.3729.157 Safari/537.36" "-"
45.134.225.0 - - [15/Jan/2024:02:14:08 +0100] "POST /xmlrpc.php HTTP/1.1" 403 775 cronicareinodearagon.com "-" "Mozilla/5.0 (Windows NT 10.0; Win64; x64) AppleWebKit/537.36 (KHTML, like Gecko) Chrome/74.0.3729.157 Safari/537.36" "-"
17.241.219.0 - - [15/Jan/2024:02:14:20 +0100] "GET /robots.txt HTTP/1.1" 200 188 www.grupocronicaenlibertad.com "-" "Mozilla/5.0 (Macintosh; Intel Mac OS X 10_15_5) AppleWebKit/605.1.15 (KHTML, like Gecko) Version/13.1.1 Safari/605.1.15 (Applebot/0.1; +http://www.apple.com/go/applebot)" "-"
17.241.219.0 - - [15/Jan/2024:02:14:20 +0100] "GET /defaultsite HTTP/1.1" 200 18994 www.grupocronicaenlibertad.com "-" "Mozilla/5.0 (Macintosh; Intel Mac OS X 10_15_5) AppleWebKit/605.1.15 (KHTML, like Gecko) Version/13.1.1 Safari/605.1.15 (Applebot/0.1; +http://www.apple.com/go/applebot)" "-"
74.125.212.0 - - [15/Jan/2024:02:18:31 +0100] "GET /category/economia/feed/ HTTP/1.1" 200 12913 cronicareinodearagon.com "-" "FeedFetcher-Google; (+http://www.google.com/feedfetcher.html)" "-"
66.249.84.0 - - [15/Jan/2024:02:20:48 +0100] "GET /category/sociedad/feed/ HTTP/1.1" 200 16233 cronicareinodearagon.com "-" "FeedFetcher-Google; (+http://www.google.com/feedfetcher.html)" "-"
82.165.88.0 - - [15/Jan/2024:02:20:49 +0100] "POST /wp-cron.php?doing_wp_cron=1705281649.0892400741577148437500 HTTP/1.1" 200 - cronicareinodearagon.com "-" "WordPress/6.2.2; https://cronicareinodearagon.com" "-"
82.165.88.0 - - [15/Jan/2024:02:21:58 +0100] "POST /wp-cron.php?doing_wp_cron=1705281718.6429259777069091796875 HTTP/1.1" 200 - cronicareinodearagon.com "-" "WordPress/6.2.2; https://cronicareinodearagon.com" "-"
142.4.25.0 - - [15/Jan/2024:02:21:58 +0100] "POST /wp-login.php HTTP/1.1" 200 9614 cronicareinodearagon.com "-" "Mozilla/5.0 (Windows NT 6.1) AppleWebKit/537.36 (KHTML, like Gecko) Chrome/80.0.3987.132 Safari/537.36" "-"
206.189.29.0 - - [15/Jan/2024:02:25:18 +0100] "GET / HTTP/1.1" 200 336 grupocronicaenlibertad.com "-" "Mozilla/5.0 (X11; Linux x86_64) AppleWebKit/537.36 (KHTML, like Gecko) Chrome/108.0.0.0 Safari/537.36" "-"
66.249.84.0 - - [15/Jan/2024:02:30:44 +0100] "GET /category/sociedad/feed/ HTTP/1.1" 200 16233 cronicareinodearagon.com "-" "FeedFetcher-Google; (+http://www.google.com/feedfetcher.html)" "-"
82.165.88.0 - - [15/Jan/2024:02:30:45 +0100] "POST /wp-cron.php?doing_wp_cron=1705282245.0766189098358154296875 HTTP/1.1" 200 - cronicareinodearagon.com "-" "WordPress/6.2.2; https://cronicareinodearagon.com" "-"
66.249.84.0 - - [15/Jan/2024:02:33:26 +0100] "GET /category/educacion/feed/ HTTP/1.1" 200 16487 cronicareinodearagon.com "-" "FeedFetcher-Google; (+http://www.google.com/feedfetcher.html)" "-"
2001:4ca0:100:: - - [15/Jan/2024:02:40:06 +0100] "GET /robots.txt HTTP/1.1" 200 188 cronicadesevilla.com "-" "Mozilla/5.0 (Windows NT 10.0; Win64; x64) AppleWebKit/537.36 (KHTML, like Gecko) Chrome/103.0.5060.134 Safari/537.36" "-"
74.125.212.0 - - [15/Jan/2024:02:44:00 +0100] "GET /category/economia/feed/ HTTP/1.1" 200 12913 cronicareinodearagon.com "-" "FeedFetcher-Google; (+http://www.google.com/feedfetcher.html)" "-"
89.208.153.0 - - [15/Jan/2024:02:45:58 +0100] "GET /wp-login.php HTTP/1.1" 503 299 cronicareinodearagon.com "-" "Mozilla/5.0 (X11; Ubuntu; Linux x86_64; rv:62.0) Gecko/20100101 Firefox/62.0" "-"
66.249.84.0 - - [15/Jan/2024:02:47:47 +0100] "GET /category/educacion/feed/ HTTP/1.1" 200 16487 cronicareinodearagon.com "-" "FeedFetcher-Google; (+http://www.google.com/feedfetcher.html)" "-"
2a00:6800:: - - [15/Jan/2024:02:51:28 +0100] "GET / HTTP/1.1" 200 41649 cronicareinodearagon.com "-" "Mozilla/5.0 (Windows NT 10.0; Win64; x64) AppleWebKit/537.36 (KHTML, like Gecko) Chrome/91.0.4472.114 Safari/537.36 Edg/91.0.864.54" "-"
82.165.88.0 - - [15/Jan/2024:02:51:29 +0100] "POST /wp-cron.php?doing_wp_cron=1705283489.8630270957946777343750 HTTP/1.1" 200 - cronicareinodearagon.com "-" "WordPress/6.2.2; https://cronicareinodearagon.com" "-"
74.125.212.0 - - [15/Jan/2024:02:53:38 +0100] "GET /category/economia/feed/ HTTP/1.1" 200 12913 cronicareinodearagon.com "-" "FeedFetcher-Google; (+http://www.google.com/feedfetcher.html)" "-"
82.165.88.0 - - [15/Jan/2024:02:55:13 +0100] "POST /wp-cron.php?doing_wp_cron=1705283713.5977768898010253906250 HTTP/1.1" 200 - cronicareinodearagon.com "-" "WordPress/6.2.2; https://cronicareinodearagon.com" "-"
62.138.24.0 - - [15/Jan/2024:02:55:13 +0100] "POST /wp-login.php HTTP/1.1" 200 9604 cronicareinodearagon.com "-" "Mozilla/5.0 (Windows NT 6.1) AppleWebKit/537.36 (KHTML, like Gecko) Chrome/61.0.3163.100 Safari/537.36" "-"
82.165.88.0 - - [15/Jan/2024:02:56:13 +0100] "POST /wp-cron.php?doing_wp_cron=1705283773.8921680450439453125000 HTTP/1.1" 200 - cronicareinodearagon.com "-" "WordPress/6.2.2; https://cronicareinodearagon.com" "-"
42.96.59.0 - - [15/Jan/2024:02:56:13 +0100] "POST /wp-login.php HTTP/1.1" 200 9620 cronicareinodearagon.com "-" "Mozilla/5.0 (Windows NT 6.1; Win64; x64) AppleWebKit/537.36 (KHTML, like Gecko) Chrome/79.0.3945.117 Safari/537.36" "-"
82.165.88.0 - - [15/Jan/2024:03:02:02 +0100] "POST /wp-cron.php?doing_wp_cron=1705284122.7861390113830566406250 HTTP/1.1" 200 - cronicareinodearagon.com "-" "WordPress/6.2.2; https://cronicareinodearagon.com" "-"
139.196.46.0 - - [15/Jan/2024:03:02:02 +0100] "POST /wp-login.php HTTP/1.1" 200 9585 cronicareinodearagon.com "-" "Mozilla/5.0 (Windows NT 10.0; Win64; x64) AppleWebKit/537.36 (KHTML, like Gecko) Chrome/54.0.2840.99 Safari/537.36" "-"
40.77.167.0 - - [15/Jan/2024:03:21:28 +0100] "GET /aragon/convenios-construccion-vivienda-rural-alquiler/ HTTP/1.1" 200 165990 cronicareinodearagon.com "-" "Mozilla/5.0 AppleWebKit/537.36 (KHTML, like Gecko; compatible; bingbot/2.0; +http://www.bing.com/bingbot.htm) Chrome/116.0.1938.76 Safari/537.36" "-"
82.165.88.0 - - [15/Jan/2024:03:21:29 +0100] "POST /wp-cron.php?doing_wp_cron=1705285289.3271698951721191406250 HTTP/1.1" 200 - cronicareinodearagon.com "-" "WordPress/6.2.2; https://cronicareinodearagon.com" "-"
64.124.8.0 - - [15/Jan/2024:03:42:04 +0100] "GET /wp-content/uploads/2022/05/foto-articulo-opinion-espias.png HTTP/1.1" 304 - cronicareinodearagon.com "-" "Mozilla/5.0 (compatible; ImagesiftBot; +imagesift.com)" "-"
145.239.2.0 - - [15/Jan/2024:03:56:08 +0100] "POST /wp-login.php HTTP/1.1" 200 1675 cronicareinodearagon.com "-" "Mozilla/5.0 (Windows NT 6.1; Win64; x64) AppleWebKit/537.36 (KHTML, like Gecko) Chrome/55.0.2883.87 Safari/537.36" "-"
82.165.88.0 - - [15/Jan/2024:03:56:09 +0100] "POST /wp-cron.php?doing_wp_cron=1705287369.5643999576568603515625 HTTP/1.1" 200 - cronicareinodearagon.com "-" "WordPress/6.2.2; https://cronicareinodearagon.com" "-"
82.165.88.0 - - [15/Jan/2024:04:02:35 +0100] "POST /wp-cron.php?doing_wp_cron=1705287755.7197730541229248046875 HTTP/1.1" 200 - cronicareinodearagon.com "-" "WordPress/6.2.2; https://cronicareinodearagon.com" "-"
66.249.66.0 - - [15/Jan/2024:04:02:35 +0100] "GET /robots.txt HTTP/1.1" 200 202 cronicareinodearagon.com "-" "Mozilla/5.0 (compatible; Googlebot/2.1; +http://www.google.com/bot.html)" "-"
66.249.66.0 - - [15/Jan/2024:04:02:36 +0100] "GET /aragon/lamban-psoe-aragon-cultura/ HTTP/1.1" 200 166526 cronicareinodearagon.com "-" "Mozilla/5.0 (Linux; Android 6.0.1; Nexus 5X Build/MMB29P) AppleWebKit/537.36 (KHTML, like Gecko) Chrome/120.0.6099.216 Mobile Safari/537.36 (compatible; Googlebot/2.1; +http://www.google.com/bot.html)" "-"
66.249.66.0 - - [15/Jan/2024:04:02:41 +0100] "GET /wp-content/plugins/metronet-profile-picture/js/mpp-frontend.js?ver=2.6.0 HTTP/1.1" 200 201 cronicareinodearagon.com "https://cronicareinodearagon.com/aragon/lamban-psoe-aragon-cultura/" "Mozilla/5.0 (Linux; Android 6.0.1; Nexus 5X Build/MMB29P) AppleWebKit/537.36 (KHTML, like Gecko) Chrome/120.0.6099.199 Mobile Safari/537.36 (compatible; Googlebot/2.1; +http://www.google.com/bot.html)" "-"
66.249.66.0 - - [15/Jan/2024:04:02:41 +0100] "GET /wp-includes/js/comment-reply.min.js?ver=6.2.2 HTTP/1.1" 200 1399 cronicareinodearagon.com "https://cronicareinodearagon.com/aragon/lamban-psoe-aragon-cultura/" "Mozilla/5.0 (Linux; Android 6.0.1; Nexus 5X Build/MMB29P) AppleWebKit/537.36 (KHTML, like Gecko) Chrome/120.0.6099.199 Mobile Safari/537.36 (compatible; Googlebot/2.1; +http://www.google.com/bot.html)" "-"
66.249.78.0 - - [15/Jan/2024:04:02:41 +0100] "GET /wp-content/plugins/complianz-gdpr/cookiebanner/js/complianz.min.js?ver=6.4.4 HTTP/1.1" 200 12688 cronicareinodearagon.com "https://cronicareinodearagon.com/aragon/lamban-psoe-aragon-cultura/" "Mozilla/5.0 (Linux; Android 6.0.1; Nexus 5X Build/MMB29P) AppleWebKit/537.36 (KHTML, like Gecko) Chrome/120.0.6099.199 Mobile Safari/537.36 (compatible; Googlebot/2.1; +http://www.google.com/bot.html)" "-"
104.131.181.0 - - [15/Jan/2024:04:03:07 +0100] "POST /wp-login.php HTTP/1.1" 200 9585 cronicareinodearagon.com "-" "Mozilla/5.0 (Windows NT 6.1; WOW64) AppleWebKit/537.36 (KHTML, like Gecko) Chrome/32.0.1700.107 Safari/537.36" "-"
82.165.88.0 - - [15/Jan/2024:04:03:08 +0100] "POST /wp-cron.php?doing_wp_cron=1705287788.0649449825286865234375 HTTP/1.1" 200 - cronicareinodearagon.com "-" "WordPress/6.2.2; https://cronicareinodearagon.com" "-"
74.125.212.0 - - [15/Jan/2024:04:11:39 +0100] "GET /category/economia/feed/ HTTP/1.1" 200 12913 cronicareinodearagon.com "-" "FeedFetcher-Google; (+http://www.google.com/feedfetcher.html)" "-"
82.165.88.0 - - [15/Jan/2024:04:11:41 +0100] "POST /wp-cron.php?doing_wp_cron=1705288301.7101869583129882812500 HTTP/1.1" 200 - cronicareinodearagon.com "-" "WordPress/6.2.2; https://cronicareinodearagon.com" "-"
23.106.20.0 - - [15/Jan/2024:04:11:41 +0100] "GET /politica/lamban-asegura-que-las-renovables-son-una-magnifica-oportunidad-para-que-aragon-despegue/ HTTP/1.1" 200 159736 cronicareinodearagon.com "-" "Mozilla/5.0 (Windows NT 10.0; Win64; x64) AppleWebKit/537.36 (KHTML, like Gecko) Chrome/114.0.0.0 Safari/537.36 Vivaldi/5.3.2679.68" "-"
23.106.20.0 - - [15/Jan/2024:04:11:48 +0100] "POST /wp-comments-post.php HTTP/1.1" 302 - cronicareinodearagon.com "https://cronicareinodearagon.com/politica/lamban-asegura-que-las-renovables-son-una-magnifica-oportunidad-para-que-aragon-despegue/" "Mozilla/5.0 (Windows NT 10.0; Win64; x64) AppleWebKit/537.36 (KHTML, like Gecko) Chrome/114.0.0.0 Safari/537.36 Vivaldi/5.3.2679.68" "-"
23.106.20.0 - - [15/Jan/2024:04:11:51 +0100] "GET /politica/lamban-asegura-que-las-renovables-son-una-magnifica-oportunidad-para-que-aragon-despegue/ HTTP/1.1" 200 159737 cronicareinodearagon.com "https://cronicareinodearagon.com/wp-comments-post.php" "Mozilla/5.0 (Windows NT 10.0; Win64; x64) AppleWebKit/537.36 (KHTML, like Gecko) Chrome/114.0.0.0 Safari/537.36 Vivaldi/5.3.2679.68" "-"
66.249.66.0 - - [15/Jan/2024:04:12:59 +0100] "GET /aragon/renfe-andalucia-madrid-puente-diciembre/ HTTP/1.1" 200 160017 cronicareinodearagon.com "-" "Mozilla/5.0 (compatible; Googlebot/2.1; +http://www.google.com/bot.html)" "-"
82.165.88.0 - - [15/Jan/2024:04:13:00 +0100] "POST /wp-cron.php?doing_wp_cron=1705288380.2024650573730468750000 HTTP/1.1" 200 - cronicareinodearagon.com "-" "WordPress/6.2.2; https://cronicareinodearagon.com" "-"
74.125.212.0 - - [15/Jan/2024:04:14:34 +0100] "GET /category/economia/feed/ HTTP/1.1" 200 12913 cronicareinodearagon.com "-" "FeedFetcher-Google; (+http://www.google.com/feedfetcher.html)" "-"
82.165.88.0 - - [15/Jan/2024:04:15:08 +0100] "POST /wp-cron.php?doing_wp_cron=1705288508.6288409233093261718750 HTTP/1.1" 200 - cronicareinodearagon.com "-" "WordPress/6.2.2; https://cronicareinodearagon.com" "-"
66.249.78.0 - - [15/Jan/2024:04:15:08 +0100] "GET /aragon/cccoo-incremento-precio-comedores-escolares/ HTTP/1.1" 200 162303 cronicareinodearagon.com "-" "Mozilla/5.0 (Linux; Android 6.0.1; Nexus 5X Build/MMB29P) AppleWebKit/537.36 (KHTML, like Gecko) Chrome/120.0.6099.216 Mobile Safari/537.36 (compatible; Googlebot/2.1; +http://www.google.com/bot.html)" "-"
66.249.66.0 - - [15/Jan/2024:04:15:12 +0100] "GET /wp-content/themes/jnews/assets/css/elementor-frontend.css?ver=10.7.9 HTTP/1.1" 200 215 cronicareinodearagon.com "https://cronicareinodearagon.com/aragon/cccoo-incremento-precio-comedores-escolares/" "Mozilla/5.0 (Linux; Android 6.0.1; Nexus 5X Build/MMB29P) AppleWebKit/537.36 (KHTML, like Gecko) Chrome/120.0.6099.199 Mobile Safari/537.36 (compatible; Googlebot/2.1; +http://www.google.com/bot.html)" "-"
66.249.66.0 - - [15/Jan/2024:04:15:13 +0100] "GET /wp-content/plugins/elementor/assets/js/webpack.runtime.min.js?ver=3.15.2 HTTP/1.1" 200 2279 cronicareinodearagon.com "https://cronicareinodearagon.com/aragon/cccoo-incremento-precio-comedores-escolares/" "Mozilla/5.0 (Linux; Android 6.0.1; Nexus 5X Build/MMB29P) AppleWebKit/537.36 (KHTML, like Gecko) Chrome/120.0.6099.199 Mobile Safari/537.36 (compatible; Googlebot/2.1; +http://www.google.com/bot.html)" "-"
66.249.66.0 - - [15/Jan/2024:04:15:13 +0100] "GET /wp-content/plugins/elementor/assets/js/frontend-modules.min.js?ver=3.15.2 HTTP/1.1" 200 19256 cronicareinodearagon.com "https://cronicareinodearagon.com/aragon/cccoo-incremento-precio-comedores-escolares/" "Mozilla/5.0 (Linux; Android 6.0.1; Nexus 5X Build/MMB29P) AppleWebKit/537.36 (KHTML, like Gecko) Chrome/120.0.6099.199 Mobile Safari/537.36 (compatible; Googlebot/2.1; +http://www.google.com/bot.html)" "-"
66.249.66.0 - - [15/Jan/2024:04:15:16 +0100] "GET /wp-content/plugins/elementor/assets/lib/share-link/share-link.min.js?ver=3.15.2 HTTP/1.1" 200 1185 cronicareinodearagon.com "https://cronicareinodearagon.com/aragon/cccoo-incremento-precio-comedores-escolares/" "Mozilla/5.0 (Linux; Android 6.0.1; Nexus 5X Build/MMB29P) AppleWebKit/537.36 (KHTML, like Gecko) Chrome/120.0.6099.199 Mobile Safari/537.36 (compatible; Googlebot/2.1; +http://www.google.com/bot.html)" "-"
82.165.88.0 - - [15/Jan/2024:04:16:10 +0100] "POST /wp-cron.php?doing_wp_cron=1705288570.3622028827667236328125 HTTP/1.1" 200 - cronicareinodearagon.com "-" "WordPress/6.2.2; https://cronicareinodearagon.com" "-"
54.36.148.0 - - [15/Jan/2024:04:16:10 +0100] "GET /aragon/el-gobierno-de-aragon-impulsa-nueve-proyectos-empresariales-de-id-en-sector-farmaceutico-y-movilidad-sostenible/ HTTP/1.1" 200 35481 cronicareinodearagon.com "-" "Mozilla/5.0 (compatible; AhrefsBot/7.0; +http://ahrefs.com/robot/)" "-"
64.124.8.0 - - [15/Jan/2024:04:17:24 +0100] "GET /wp-content/uploads/2023/05/psoe-alto-aragon-agricultura.jpg HTTP/1.1" 304 - cronicareinodearagon.com "-" "Mozilla/5.0 (compatible; ImagesiftBot; +imagesift.com)" "-"
40.77.167.0 - - [15/Jan/2024:04:18:53 +0100] "GET /wp-content/uploads/2021/11/Triptico-taller-educacion-sexual-300x212.jpg HTTP/1.1" 200 18417 cronicareinodearagon.com "-" "Mozilla/5.0 AppleWebKit/537.36 (KHTML, like Gecko; compatible; bingbot/2.0; +http://www.bing.com/bingbot.htm) Chrome/116.0.1938.76 Safari/537.36" "-"
66.249.66.0 - - [15/Jan/2024:04:21:52 +0100] "GET /wp-content/uploads/2023/05/lamban_psoe_aragon.jpg HTTP/1.1" 200 46697 cronicareinodearagon.com "-" "Googlebot-Image/1.0" "-"
54.36.148.0 - - [15/Jan/2024:04:24:55 +0100] "GET /educacion/practicas-estudiantes-internacionales-medio-rural/ HTTP/1.1" 200 162987 cronicareinodearagon.com "-" "Mozilla/5.0 (compatible; AhrefsBot/7.0; +http://ahrefs.com/robot/)" "-"
82.165.88.0 - - [15/Jan/2024:04:24:56 +0100] "POST /wp-cron.php?doing_wp_cron=1705289095.9574539661407470703125 HTTP/1.1" 200 - cronicareinodearagon.com "-" "WordPress/6.2.2; https://cronicareinodearagon.com" "-"
17.241.75.0 - - [15/Jan/2024:04:25:23 +0100] "GET /sociedad/baltasar-garzon-jaen-ensayo-encrucijada/ HTTP/1.1" 200 165701 cronicareinodearagon.com "-" "Mozilla/5.0 (Macintosh; Intel Mac OS X 10_15_5) AppleWebKit/605.1.15 (KHTML, like Gecko) Version/13.1.1 Safari/605.1.15 (Applebot/0.1; +http://www.apple.com/go/applebot)" "-"
74.125.212.0 - - [15/Jan/2024:04:25:47 +0100] "GET /category/economia/feed/ HTTP/1.1" 200 12913 cronicareinodearagon.com "-" "FeedFetcher-Google; (+http://www.google.com/feedfetcher.html)" "-"
82.165.88.0 - - [15/Jan/2024:04:27:59 +0100] "POST /wp-cron.php?doing_wp_cron=1705289279.7922110557556152343750 HTTP/1.1" 200 - cronicareinodearagon.com "-" "WordPress/6.2.2; https://cronicareinodearagon.com" "-"
66.249.84.0 - - [15/Jan/2024:04:27:59 +0100] "GET /category/sociedad/feed/ HTTP/1.1" 200 16233 cronicareinodearagon.com "-" "FeedFetcher-Google; (+http://www.google.com/feedfetcher.html)" "-"
82.165.88.0 - - [15/Jan/2024:04:33:40 +0100] "POST /wp-cron.php?doing_wp_cron=1705289620.4377429485321044921875 HTTP/1.1" 200 - cronicareinodearagon.com "-" "WordPress/6.2.2; https://cronicareinodearagon.com" "-"
54.36.149.0 - - [15/Jan/2024:04:33:40 +0100] "GET /aragon/planas-aplaude-desconvoque-amarre/ HTTP/1.1" 200 166032 cronicareinodearagon.com "-" "Mozilla/5.0 (compatible; AhrefsBot/7.0; +http://ahrefs.com/robot/)" "-"
66.249.78.0 - - [15/Jan/2024:04:35:48 +0100] "GET /wp-content/uploads/2023/05/rivares-podemos-zaragoza.jpg HTTP/1.1" 200 62724 cronicareinodearagon.com "-" "Googlebot-Image/1.0" "-"
54.36.148.0 - - [15/Jan/2024:04:42:41 +0100] "GET /aragon/andalucia-lidera-incremento-paro-agosto/ HTTP/1.1" 200 167008 cronicareinodearagon.com "-" "Mozilla/5.0 (compatible; AhrefsBot/7.0; +http://ahrefs.com/robot/)" "-"
82.165.88.0 - - [15/Jan/2024:04:42:42 +0100] "POST /wp-cron.php?doing_wp_cron=1705290162.1192569732666015625000 HTTP/1.1" 200 - cronicareinodearagon.com "-" "WordPress/6.2.2; https://cronicareinodearagon.com" "-"
54.36.148.0 - - [15/Jan/2024:04:52:16 +0100] "GET /sociedad/policia-rescata-menores-sevilla/ HTTP/1.1" 200 159251 cronicareinodearagon.com "-" "Mozilla/5.0 (compatible; AhrefsBot/7.0; +http://ahrefs.com/robot/)" "-"
82.165.88.0 - - [15/Jan/2024:04:52:17 +0100] "POST /wp-cron.php?doing_wp_cron=1705290737.3755691051483154296875 HTTP/1.1" 200 - cronicareinodearagon.com "-" "WordPress/6.2.2; https://cronicareinodearagon.com" "-"
82.165.88.0 - - [15/Jan/2024:04:58:03 +0100] "POST /wp-cron.php?doing_wp_cron=1705291083.4564840793609619140625 HTTP/1.1" 200 - cronicareinodearagon.com "-" "WordPress/6.2.2; https://cronicareinodearagon.com" "-"
178.128.127.0 - - [15/Jan/2024:04:58:03 +0100] "POST /wp-login.php HTTP/1.1" 200 9620 cronicareinodearagon.com "-" "Mozilla/5.0 (Windows NT 6.1; Win64; x64) AppleWebKit/537.36 (KHTML, like Gecko) Chrome/67.0.3396.87 Safari/537.36" "-"
17.241.227.0 - - [15/Jan/2024:04:58:30 +0100] "GET /aragon/policia-narcotrafico-drones-submarinos/ HTTP/1.1" 200 167916 cronicareinodearagon.com "-" "Mozilla/5.0 (Macintosh; Intel Mac OS X 10_15_5) AppleWebKit/605.1.15 (KHTML, like Gecko) Version/13.1.1 Safari/605.1.15 (Applebot/0.1; +http://www.apple.com/go/applebot)" "-"
54.36.149.0 - - [15/Jan/2024:04:59:52 +0100] "GET /category/aragon/page/52/ HTTP/1.1" 200 147651 cronicareinodearagon.com "-" "Mozilla/5.0 (compatible; AhrefsBot/7.0; +http://ahrefs.com/robot/)" "-"
82.165.88.0 - - [15/Jan/2024:04:59:53 +0100] "POST /wp-cron.php?doing_wp_cron=1705291193.2310769557952880859375 HTTP/1.1" 200 - cronicareinodearagon.com "-" "WordPress/6.2.2; https://cronicareinodearagon.com" "-"
82.165.88.0 - - [15/Jan/2024:05:01:34 +0100] "POST /wp-cron.php?doing_wp_cron=1705291294.8355770111083984375000 HTTP/1.1" 200 - cronicareinodearagon.com "-" "WordPress/6.2.2; https://cronicareinodearagon.com" "-"
66.249.84.0 - - [15/Jan/2024:05:01:34 +0100] "GET /category/politica/feed/ HTTP/1.1" 200 18273 cronicareinodearagon.com "-" "FeedFetcher-Google; (+http://www.google.com/feedfetcher.html)" "-"
82.165.88.0 - - [15/Jan/2024:05:06:01 +0100] "POST /wp-cron.php?doing_wp_cron=1705291561.8004770278930664062500 HTTP/1.1" 200 - cronicareinodearagon.com "-" "WordPress/6.2.2; https://cronicareinodearagon.com" "-"
47.95.112.0 - - [15/Jan/2024:05:06:01 +0100] "POST /xmlrpc.php HTTP/1.1" 200 414 cronicareinodearagon.com "-" "Mozilla/5.0 (X11; Fedora; Linux x86_64; rv:94.0) Gecko/20100101 Firefox/95.0" "-"
82.165.88.0 - - [15/Jan/2024:05:08:13 +0100] "POST /wp-cron.php?doing_wp_cron=1705291693.8034150600433349609375 HTTP/1.1" 200 - cronicareinodearagon.com "-" "WordPress/6.2.2; https://cronicareinodearagon.com" "-"
54.36.148.0 - - [15/Jan/2024:05:08:13 +0100] "GET /sociedad/tres-detenidos-granada-nonagenario/ HTTP/1.1" 200 164304 cronicareinodearagon.com "-" "Mozilla/5.0 (compatible; AhrefsBot/7.0; +http://ahrefs.com/robot/)" "-"
51.89.230.0 - - [15/Jan/2024:05:16:18 +0100] "GET / HTTP/1.1" 200 336 www.cronicadeextremadura.com "-" "Mozilla/5.0 (Windows NT 10.0; Win64; x64; rv:109.0) Gecko/20100101 Firefox/119.0" "-"
51.89.230.0 - - [15/Jan/2024:05:16:19 +0100] "GET /ads.txt HTTP/1.1" 404 596 cronicadeextremadura.com "-" "Mozilla/5.0 (Windows NT 10.0; Win64; x64; rv:109.0) Gecko/20100101 Firefox/119.0" "-"
54.36.148.0 - - [15/Jan/2024:05:16:30 +0100] "GET /sociedad/listas-de-espera-jaen-salud-andalucia/ HTTP/1.1" 200 163036 cronicareinodearagon.com "-" "Mozilla/5.0 (compatible; AhrefsBot/7.0; +http://ahrefs.com/robot/)" "-"
82.165.88.0 - - [15/Jan/2024:05:16:31 +0100] "POST /wp-cron.php?doing_wp_cron=1705292191.1504459381103515625000 HTTP/1.1" 200 - cronicareinodearagon.com "-" "WordPress/6.2.2; https://cronicareinodearagon.com" "-"
82.165.88.0 - - [15/Jan/2024:05:24:30 +0100] "POST /wp-cron.php?doing_wp_cron=1705292670.8540060520172119140625 HTTP/1.1" 200 - cronicareinodearagon.com "-" "WordPress/6.2.2; https://cronicareinodearagon.com" "-"
54.36.148.0 - - [15/Jan/2024:05:24:30 +0100] "GET /politica/baltasar-garzon-comite-derechos-humanos-onu/ HTTP/1.1" 200 162639 cronicareinodearagon.com "-" "Mozilla/5.0 (compatible; AhrefsBot/7.0; +http://ahrefs.com/robot/)" "-"
82.165.88.0 - - [15/Jan/2024:05:32:14 +0100] "POST /wp-cron.php?doing_wp_cron=1705293134.5131421089172363281250 HTTP/1.1" 200 - cronicareinodearagon.com "-" "WordPress/6.2.2; https://cronicareinodearagon.com" "-"
54.36.148.0 - - [15/Jan/2024:05:32:14 +0100] "GET /aragon/cierra-centro-donacion-sangre-falta-personal-suspension-operaciones/ HTTP/1.1" 200 165866 cronicareinodearagon.com "-" "Mozilla/5.0 (compatible; AhrefsBot/7.0; +http://ahrefs.com/robot/)" "-"
82.165.88.0 - - [15/Jan/2024:05:35:09 +0100] "POST /wp-cron.php?doing_wp_cron=1705293309.7083408832550048828125 HTTP/1.1" 200 - cronicareinodearagon.com "-" "WordPress/6.2.2; https://cronicareinodearagon.com" "-"
92.204.139.0 - - [15/Jan/2024:05:35:09 +0100] "POST /xmlrpc.php HTTP/1.1" 200 414 cronicareinodearagon.com "-" "Mozilla/5.0 (X11; Fedora; Linux x86_64; rv:94.0) Gecko/20100101 Firefox/95.0" "-"
54.36.148.0 - - [15/Jan/2024:05:40:11 +0100] "GET /aragon/renfe-tren-andalucia-galicia-xacobeo/ HTTP/1.1" 200 162783 cronicareinodearagon.com "-" "Mozilla/5.0 (compatible; AhrefsBot/7.0; +http://ahrefs.com/robot/)" "-"
82.165.88.0 - - [15/Jan/2024:05:40:12 +0100] "POST /wp-cron.php?doing_wp_cron=1705293612.0963919162750244140625 HTTP/1.1" 200 - cronicareinodearagon.com "-" "WordPress/6.2.2; https://cronicareinodearagon.com" "-"
82.165.88.0 - - [15/Jan/2024:05:47:20 +0100] "POST /wp-cron.php?doing_wp_cron=1705294040.9371299743652343750000 HTTP/1.1" 200 - cronicareinodearagon.com "-" "WordPress/6.2.2; https://cronicareinodearagon.com" "-"
54.36.148.0 - - [15/Jan/2024:05:47:20 +0100] "GET /aragon/prorroga-pasaporte-covid-andalucia-31-enero/ HTTP/1.1" 200 167999 cronicareinodearagon.com "-" "Mozilla/5.0 (compatible; AhrefsBot/7.0; +http://ahrefs.com/robot/)" "-"
82.165.88.0 - - [15/Jan/2024:05:50:31 +0100] "POST /wp-cron.php?doing_wp_cron=1705294231.7654249668121337890625 HTTP/1.1" 200 - cronicareinodearagon.com "-" "WordPress/6.2.2; https://cronicareinodearagon.com" "-"
31.220.85.0 - - [15/Jan/2024:05:50:31 +0100] "POST /xmlrpc.php HTTP/1.1" 200 416 cronicareinodearagon.com "-" "Mozilla/5.0 (Macintosh; Intel Mac OS X 10_11_3) AppleWebKit/601.4.4 (KHTML, like Gecko) Version/9.0.3 Safari/601.4.4" "-"
31.220.85.0 - - [15/Jan/2024:05:50:32 +0100] "POST /xmlrpc.php HTTP/1.1" 200 416 cronicareinodearagon.com "-" "Mozilla/5.0 (Macintosh; Intel Mac OS X 10_11_3) AppleWebKit/601.4.4 (KHTML, like Gecko) Version/9.0.3 Safari/601.4.4" "-"
31.220.85.0 - - [15/Jan/2024:05:50:33 +0100] "POST /xmlrpc.php HTTP/1.1" 403 775 cronicareinodearagon.com "-" "Mozilla/5.0 (Macintosh; Intel Mac OS X 10_11_3) AppleWebKit/601.4.4 (KHTML, like Gecko) Version/9.0.3 Safari/601.4.4" "-"
31.220.85.0 - - [15/Jan/2024:05:50:34 +0100] "POST /xmlrpc.php HTTP/1.1" 403 775 cronicareinodearagon.com "-" "Mozilla/5.0 (Macintosh; Intel Mac OS X 10_11_3) AppleWebKit/601.4.4 (KHTML, like Gecko) Version/9.0.3 Safari/601.4.4" "-"
31.220.85.0 - - [15/Jan/2024:05:50:35 +0100] "POST /xmlrpc.php HTTP/1.1" 403 775 cronicareinodearagon.com "-" "Mozilla/5.0 (Macintosh; Intel Mac OS X 10_11_3) AppleWebKit/601.4.4 (KHTML, like Gecko) Version/9.0.3 Safari/601.4.4" "-"
82.165.88.0 - - [15/Jan/2024:05:54:24 +0100] "POST /wp-cron.php?doing_wp_cron=1705294464.7704710960388183593750 HTTP/1.1" 200 - cronicareinodearagon.com "-" "WordPress/6.2.2; https://cronicareinodearagon.com" "-"
54.36.148.0 - - [15/Jan/2024:05:54:24 +0100] "GET /aragon/educacion-ccoo-universidad-privada-publica-pp-andalucia/ HTTP/1.1" 200 164542 cronicareinodearagon.com "-" "Mozilla/5.0 (compatible; AhrefsBot/7.0; +http://ahrefs.com/robot/)" "-"
82.165.88.0 - - [15/Jan/2024:06:01:26 +0100] "POST /wp-cron.php?doing_wp_cron=1705294886.5494749546051025390625 HTTP/1.1" 200 - cronicareinodearagon.com "-" "WordPress/6.2.2; https://cronicareinodearagon.com" "-"
54.36.149.0 - - [15/Jan/2024:06:01:26 +0100] "GET /robots.txt HTTP/1.1" 200 202 cronicareinodearagon.com "-" "Mozilla/5.0 (compatible; AhrefsBot/7.0; +http://ahrefs.com/robot/)" "-"
54.36.149.0 - - [15/Jan/2024:06:01:28 +0100] "GET /politica/lamban-psoe-aragon/ HTTP/1.1" 200 160296 cronicareinodearagon.com "-" "Mozilla/5.0 (compatible; AhrefsBot/7.0; +http://ahrefs.com/robot/)" "-"
82.165.88.0 - - [15/Jan/2024:06:04:39 +0100] "POST /wp-cron.php?doing_wp_cron=1705295079.7031230926513671875000 HTTP/1.1" 200 - cronicareinodearagon.com "-" "WordPress/6.2.2; https://cronicareinodearagon.com" "-"
66.249.84.0 - - [15/Jan/2024:06:04:39 +0100] "GET /category/sociedad/feed/ HTTP/1.1" 200 16233 cronicareinodearagon.com "-" "FeedFetcher-Google; (+http://www.google.com/feedfetcher.html)" "-"
167.99.53.0 - - [15/Jan/2024:06:05:45 +0100] "GET / HTTP/1.1" 200 336 cronicadealmeria.com "-" "Mozilla/5.0 (X11; Linux x86_64) AppleWebKit/537.36 (KHTML, like Gecko) Chrome/108.0.0.0 Safari/537.36" "-"
82.165.88.0 - - [15/Jan/2024:06:08:11 +0100] "POST /wp-cron.php?doing_wp_cron=1705295291.7439329624176025390625 HTTP/1.1" 200 - cronicareinodearagon.com "-" "WordPress/6.2.2; https://cronicareinodearagon.com" "-"
68.178.145.0 - - [15/Jan/2024:06:08:11 +0100] "POST /xmlrpc.php HTTP/1.1" 200 414 cronicareinodearagon.com "-" "Mozilla/5.0 (X11; Fedora; Linux x86_64; rv:94.0) Gecko/20100101 Firefox/95.0" "-"
54.36.149.0 - - [15/Jan/2024:06:08:35 +0100] "GET /aragon/junta-andalucia-no-ampliara-distancia-colegios-salones-juego/ HTTP/1.1" 200 168407 cronicareinodearagon.com "-" "Mozilla/5.0 (compatible; AhrefsBot/7.0; +http://ahrefs.com/robot/)" "-"
82.165.88.0 - - [15/Jan/2024:06:09:51 +0100] "POST /wp-cron.php?doing_wp_cron=1705295391.3253569602966308593750 HTTP/1.1" 200 - cronicareinodearagon.com "-" "WordPress/6.2.2; https://cronicareinodearagon.com" "-"
207.46.13.0 - - [15/Jan/2024:06:09:51 +0100] "GET /aragon/granja-patentes-tervalis-contaminacion-purines/ HTTP/1.1" 200 173037 cronicareinodearagon.com "-" "Mozilla/5.0 AppleWebKit/537.36 (KHTML, like Gecko; compatible; bingbot/2.0; +http://www.bing.com/bingbot.htm) Chrome/116.0.1938.76 Safari/537.36" "-"
74.125.212.0 - - [15/Jan/2024:06:15:05 +0100] "GET /category/economia/feed/ HTTP/1.1" 200 12913 cronicareinodearagon.com "-" "FeedFetcher-Google; (+http://www.google.com/feedfetcher.html)" "-"
82.165.88.0 - - [15/Jan/2024:06:15:21 +0100] "POST /wp-cron.php?doing_wp_cron=1705295721.4003980159759521484375 HTTP/1.1" 200 - cronicareinodearagon.com "-" "WordPress/6.2.2; https://cronicareinodearagon.com" "-"
54.36.149.0 - - [15/Jan/2024:06:15:21 +0100] "GET /aragon/violencia-machista-andalucia-parlamento-manifiesto/ HTTP/1.1" 200 170129 cronicareinodearagon.com "-" "Mozilla/5.0 (compatible; AhrefsBot/7.0; +http://ahrefs.com/robot/)" "-"
170.64.208.0 - - [15/Jan/2024:06:22:26 +0100] "POST /xmlrpc.php HTTP/1.1" 200 414 cronicareinodearagon.com "-" "Mozilla/5.0 (X11; Fedora; Linux x86_64; rv:94.0) Gecko/20100101 Firefox/95.0" "-"
82.165.88.0 - - [15/Jan/2024:06:22:27 +0100] "POST /wp-cron.php?doing_wp_cron=1705296147.0218729972839355468750 HTTP/1.1" 200 - cronicareinodearagon.com "-" "WordPress/6.2.2; https://cronicareinodearagon.com" "-"
82.165.88.0 - - [15/Jan/2024:06:23:01 +0100] "POST /wp-cron.php?doing_wp_cron=1705296181.5874791145324707031250 HTTP/1.1" 200 - cronicareinodearagon.com "-" "WordPress/6.2.2; https://cronicareinodearagon.com" "-"
54.36.148.0 - - [15/Jan/2024:06:23:01 +0100] "GET /aragon/psoe-a-exige-juanma-moreno-infoca/ HTTP/1.1" 200 161867 cronicareinodearagon.com "-" "Mozilla/5.0 (compatible; AhrefsBot/7.0; +http://ahrefs.com/robot/)" "-"
135.125.1.0 - - [15/Jan/2024:06:24:08 +0100] "POST /wp-login.php HTTP/1.1" 200 9614 cronicareinodearagon.com "-" "Mozilla/5.0 (Windows NT 10.0; Win64; x64) AppleWebKit/537.36 (KHTML, like Gecko) Chrome/78.0.3904.70 Safari/537.36" "-"
82.165.88.0 - - [15/Jan/2024:06:24:09 +0100] "POST /wp-cron.php?doing_wp_cron=1705296249.1299979686737060546875 HTTP/1.1" 200 - cronicareinodearagon.com "-" "WordPress/6.2.2; https://cronicareinodearagon.com" "-"
78.153.140.0 - - [15/Jan/2024:06:26:41 +0100] "GET /.env HTTP/1.1" 300 492 cronicadearagon.com "-" "Mozilla/5.0 (X11; Linux x86_64) AppleWebKit/537.36 (KHTML, like Gecko) Chrome/81.0.4044.129 Safari/537.36" "-"
78.153.140.0 - - [15/Jan/2024:06:26:42 +0100] "POST /.env HTTP/1.1" 404 596 cronicadearagon.com "-" "Mozilla/5.0 (X11; Linux x86_64) AppleWebKit/537.36 (KHTML, like Gecko) Chrome/81.0.4044.129 Safari/537.36" "-"
78.153.140.0 - - [15/Jan/2024:06:26:44 +0100] "GET /.env HTTP/1.1" 300 492 cronicadearagon.com "-" "Mozilla/5.0 (X11; Linux x86_64) AppleWebKit/537.36 (KHTML, like Gecko) Chrome/81.0.4044.129 Safari/537.36" "-"
78.153.140.0 - - [15/Jan/2024:06:26:44 +0100] "GET /.env HTTP/1.1" 300 492 www.cronicadearagon.com "-" "Mozilla/5.0 (X11; Linux x86_64) AppleWebKit/537.36 (KHTML, like Gecko) Chrome/81.0.4044.129 Safari/537.36" "-"
78.153.140.0 - - [15/Jan/2024:06:26:47 +0100] "GET /.env HTTP/1.1" 300 492 www.cronicadearagon.com "-" "Mozilla/5.0 (X11; Linux x86_64) AppleWebKit/537.36 (KHTML, like Gecko) Chrome/81.0.4044.129 Safari/537.36" "-"
78.153.140.0 - - [15/Jan/2024:06:26:53 +0100] "POST /.env HTTP/1.1" 404 596 www.cronicadearagon.com "-" "Mozilla/5.0 (X11; Linux x86_64) AppleWebKit/537.36 (KHTML, like Gecko) Chrome/81.0.4044.129 Safari/537.36" "-"
72.167.190.0 - - [15/Jan/2024:06:28:28 +0100] "POST /xmlrpc.php HTTP/1.1" 200 414 cronicareinodearagon.com "-" "Mozilla/5.0 (X11; Fedora; Linux x86_64; rv:94.0) Gecko/20100101 Firefox/95.0" "-"
82.165.88.0 - - [15/Jan/2024:06:28:29 +0100] "POST /wp-cron.php?doing_wp_cron=1705296509.2650868892669677734375 HTTP/1.1" 200 - cronicareinodearagon.com "-" "WordPress/6.2.2; https://cronicareinodearagon.com" "-"
82.165.88.0 - - [15/Jan/2024:06:28:56 +0100] "POST /wp-cron.php?doing_wp_cron=1705296536.5939359664916992187500 HTTP/1.1" 200 - cronicareinodearagon.com "-" "WordPress/6.2.2; https://cronicareinodearagon.com" "-"
199.249.230.0 - - [15/Jan/2024:06:28:56 +0100] "POST /xmlrpc.php HTTP/1.1" 200 416 cronicareinodearagon.com "-" "Mozilla/5.0 (Windows NT 10.0; Win64; x64) AppleWebKit/537.36 (KHTML, like Gecko) Chrome/64.0.3282.140 Safari/537.36 Edge/17.17134" "-"
199.249.230.0 - - [15/Jan/2024:06:28:57 +0100] "POST /xmlrpc.php HTTP/1.1" 200 416 cronicareinodearagon.com "-" "Mozilla/5.0 (Windows NT 10.0; Win64; x64) AppleWebKit/537.36 (KHTML, like Gecko) Chrome/64.0.3282.140 Safari/537.36 Edge/17.17134" "-"
199.249.230.0 - - [15/Jan/2024:06:28:58 +0100] "POST /xmlrpc.php HTTP/1.1" 403 775 cronicareinodearagon.com "-" "Mozilla/5.0 (Windows NT 10.0; Win64; x64) AppleWebKit/537.36 (KHTML, like Gecko) Chrome/64.0.3282.140 Safari/537.36 Edge/17.17134" "-"
199.249.230.0 - - [15/Jan/2024:06:28:59 +0100] "POST /xmlrpc.php HTTP/1.1" 403 775 cronicareinodearagon.com "-" "Mozilla/5.0 (Windows NT 10.0; Win64; x64) AppleWebKit/537.36 (KHTML, like Gecko) Chrome/64.0.3282.140 Safari/537.36 Edge/17.17134" "-"
199.249.230.0 - - [15/Jan/2024:06:29:00 +0100] "POST /xmlrpc.php HTTP/1.1" 403 775 cronicareinodearagon.com "-" "Mozilla/5.0 (Windows NT 10.0; Win64; x64) AppleWebKit/537.36 (KHTML, like Gecko) Chrome/64.0.3282.140 Safari/537.36 Edge/17.17134" "-"
54.36.149.0 - - [15/Jan/2024:06:30:09 +0100] "GET /category/politica/page/19/ HTTP/1.1" 200 147612 cronicareinodearagon.com "-" "Mozilla/5.0 (compatible; AhrefsBot/7.0; +http://ahrefs.com/robot/)" "-"
82.165.88.0 - - [15/Jan/2024:06:30:10 +0100] "POST /wp-cron.php?doing_wp_cron=1705296610.1648681163787841796875 HTTP/1.1" 200 - cronicareinodearagon.com "-" "WordPress/6.2.2; https://cronicareinodearagon.com" "-"
2a01:4f9:3000:: - - [15/Jan/2024:06:33:41 +0100] "POST /xmlrpc.php HTTP/1.1" 200 414 cronicareinodearagon.com "-" "Mozilla/5.0 (X11; Fedora; Linux x86_64; rv:94.0) Gecko/20100101 Firefox/95.0" "-"
82.165.88.0 - - [15/Jan/2024:06:33:42 +0100] "POST /wp-cron.php?doing_wp_cron=1705296822.1609709262847900390625 HTTP/1.1" 200 - cronicareinodearagon.com "-" "WordPress/6.2.2; https://cronicareinodearagon.com" "-"
184.154.76.0 - - [15/Jan/2024:06:34:41 +0100] "GET / HTTP/1.1" 200 336 www.cronicadearagon.com "http://www.google.com/url?url=www.cronicadearagon.com&yahoo.com" "Mozilla/5.0 (compatible; MSIE 9.0; Windows NT 6.1; WOW64; Trident/6.0)" "-"
184.154.76.0 - - [15/Jan/2024:06:34:42 +0100] "GET /th1s_1s_a_4o4.html HTTP/1.1" 404 596 www.cronicadearagon.com "http://www.google.com/url?url=www.cronicadearagon.com&yahoo.com" "Mozilla/5.0 (compatible; MSIE 9.0; Windows NT 6.1; WOW64; Trident/6.0)" "-"
184.154.76.0 - - [15/Jan/2024:06:34:42 +0100] "GET /defaultsite HTTP/1.1" 200 18994 www.cronicadearagon.com "-" "SiteLockSpider [en] (WinNT; I ;Nav)" "-"
