72.167.68.0 - - [20/Jan/2024:16:50:42 +0100] "POST /xmlrpc.php HTTP/1.1" 200 416 cronicareinodearagon.com "-" "Mozilla/5.0 (Linux; Android 10; SM-G960U) AppleWebKit/537.36 (KHTML, like Gecko) Chrome/91.0.4472.114 Mobile Safari/537.36" "-"
82.165.88.0 - - [20/Jan/2024:16:50:42 +0100] "POST /wp-cron.php?doing_wp_cron=1705765842.3335270881652832031250 HTTP/1.1" 200 - cronicareinodearagon.com "-" "WordPress/6.2.2; https://cronicareinodearagon.com" "-"
66.249.84.0 - - [20/Jan/2024:17:14:44 +0100] "GET /category/educacion/feed/ HTTP/1.1" 200 16487 cronicareinodearagon.com "-" "FeedFetcher-Google; (+http://www.google.com/feedfetcher.html)" "-"
66.249.84.0 - - [20/Jan/2024:17:21:27 +0100] "GET /category/educacion/feed/ HTTP/1.1" 200 16487 cronicareinodearagon.com "-" "FeedFetcher-Google; (+http://www.google.com/feedfetcher.html)" "-"
74.125.212.0 - - [20/Jan/2024:17:27:39 +0100] "GET /category/economia/feed/ HTTP/1.1" 200 12913 cronicareinodearagon.com "-" "FeedFetcher-Google; (+http://www.google.com/feedfetcher.html)" "-"
66.249.84.0 - - [20/Jan/2024:17:33:07 +0100] "GET /category/educacion/feed/ HTTP/1.1" 200 16487 cronicareinodearagon.com "-" "FeedFetcher-Google; (+http://www.google.com/feedfetcher.html)" "-"
17.241.219.0 - - [20/Jan/2024:17:37:20 +0100] "GET /aragon/juanma-moreno-universidades-recorte/ HTTP/1.1" 200 159786 cronicareinodearagon.com "-" "Mozilla/5.0 (Macintosh; Intel Mac OS X 10_15_5) AppleWebKit/605.1.15 (KHTML, like Gecko) Version/13.1.1 Safari/605.1.15 (Applebot/0.1; +http://www.apple.com/go/applebot)" "-"
82.165.88.0 - - [20/Jan/2024:17:37:21 +0100] "POST /wp-cron.php?doing_wp_cron=1705768641.8498849868774414062500 HTTP/1.1" 200 - cronicareinodearagon.com "-" "WordPress/6.2.2; https://cronicareinodearagon.com" "-"
40.77.167.0 - - [20/Jan/2024:17:41:35 +0100] "GET /aragon/enfermeria-solape-jornada-satse/ HTTP/1.1" 200 166675 cronicareinodearagon.com "-" "Mozilla/5.0 AppleWebKit/537.36 (KHTML, like Gecko; compatible; bingbot/2.0; +http://www.bing.com/bingbot.htm) Chrome/116.0.1938.76 Safari/537.36" "-"
82.165.88.0 - - [20/Jan/2024:17:41:36 +0100] "POST /wp-cron.php?doing_wp_cron=1705768896.0330929756164550781250 HTTP/1.1" 200 - cronicareinodearagon.com "-" "WordPress/6.2.2; https://cronicareinodearagon.com" "-"
66.249.84.0 - - [20/Jan/2024:17:43:09 +0100] "GET /category/sociedad/feed/ HTTP/1.1" 200 16233 cronicareinodearagon.com "-" "FeedFetcher-Google; (+http://www.google.com/feedfetcher.html)" "-"
66.249.84.0 - - [20/Jan/2024:17:43:12 +0100] "GET /category/educacion/feed/ HTTP/1.1" 200 16487 cronicareinodearagon.com "-" "FeedFetcher-Google; (+http://www.google.com/feedfetcher.html)" "-"
66.249.84.0 - - [20/Jan/2024:17:43:31 +0100] "GET /category/politica/feed/ HTTP/1.1" 200 18273 cronicareinodearagon.com "-" "FeedFetcher-Google; (+http://www.google.com/feedfetcher.html)" "-"
54.36.148.0 - - [20/Jan/2024:18:05:10 +0100] "GET /category/aragon/zaragoza/page/3/ HTTP/1.1" 200 147518 cronicareinodearagon.com "-" "Mozilla/5.0 (compatible; AhrefsBot/7.0; +http://ahrefs.com/robot/)" "-"
82.165.88.0 - - [20/Jan/2024:18:05:11 +0100] "POST /wp-cron.php?doing_wp_cron=1705770311.6180860996246337890625 HTTP/1.1" 200 - cronicareinodearagon.com "-" "WordPress/6.2.2; https://cronicareinodearagon.com" "-"
66.249.84.0 - - [20/Jan/2024:18:16:05 +0100] "GET /category/educacion/feed/ HTTP/1.1" 200 16487 cronicareinodearagon.com "-" "FeedFetcher-Google; (+http://www.google.com/feedfetcher.html)" "-"
66.249.84.0 - - [20/Jan/2024:18:18:12 +0100] "GET /category/sociedad/feed/ HTTP/1.1" 200 16233 cronicareinodearagon.com "-" "FeedFetcher-Google; (+http://www.google.com/feedfetcher.html)" "-"
66.249.84.0 - - [20/Jan/2024:18:23:28 +0100] "GET /category/politica/feed/ HTTP/1.1" 200 18273 cronicareinodearagon.com "-" "FeedFetcher-Google; (+http://www.google.com/feedfetcher.html)" "-"
82.165.88.0 - - [20/Jan/2024:18:31:36 +0100] "POST /wp-cron.php?doing_wp_cron=1705771896.6229739189147949218750 HTTP/1.1" 200 - cronicareinodearagon.com "-" "WordPress/6.2.2; https://cronicareinodearagon.com" "-"
72.167.68.0 - - [20/Jan/2024:18:31:36 +0100] "POST /xmlrpc.php HTTP/1.1" 200 416 cronicareinodearagon.com "-" "Mozilla/5.0 (Windows NT 6.1; Win64; x64) AppleWebKit/537.36 (KHTML, like Gecko) Chrome/69.0.3497.100 Safari/537.36" "-"
2003:a:100:: - - [20/Jan/2024:18:31:38 +0100] "POST /xmlrpc.php HTTP/1.1" 200 416 cronicareinodearagon.com "-" "Mozilla/5.0 (Windows NT 10.0; Win64; x64) AppleWebKit/537.36 (KHTML, like Gecko) Chrome/80.0.3987.163 Safari/537.36" "-"
82.165.88.0 - - [20/Jan/2024:18:31:44 +0100] "POST /wp-cron.php?doing_wp_cron=1705771904.8338000774383544921875 HTTP/1.1" 200 - cronicareinodearagon.com "-" "WordPress/6.2.2; https://cronicareinodearagon.com" "-"
95.111.225.0 - - [20/Jan/2024:18:31:44 +0100] "POST /xmlrpc.php HTTP/1.1" 200 416 cronicareinodearagon.com "-" "Mozilla/5.0 (Windows NT 10.0; Win64; x64) AppleWebKit/537.36 (KHTML, like Gecko) Chrome/67.0.3396.99 Safari/537.36" "-"
31.31.198.0 - - [20/Jan/2024:18:31:54 +0100] "POST /xmlrpc.php HTTP/1.1" 200 416 cronicareinodearagon.com "-" "Mozilla/5.0 (Windows NT 5.1; rv:33.0) Gecko/20100101 Firefox/33.0" "-"
2001:1640:: - - [20/Jan/2024:18:31:57 +0100] "POST /xmlrpc.php HTTP/1.1" 200 416 cronicareinodearagon.com "-" "Mozilla/5.0 (Windows NT 10.0; Win64; x64; rv:59.0) Gecko/20100101 Firefox/59.0" "-"
43.241.72.0 - - [20/Jan/2024:18:32:18 +0100] "POST /xmlrpc.php HTTP/1.1" 200 416 cronicareinodearagon.com "-" "Mozilla/5.0 (Windows NT 10.0; Win64; x64) AppleWebKit/537.36 (KHTML, like Gecko) Chrome/86.0.4240.198 Safari/537.36" "-"
185.212.47.0 - - [20/Jan/2024:18:33:27 +0100] "GET / HTTP/1.1" 301 241 cronicareinodearagon.com "-" "user_agent: rc-crawler" "-"
185.212.47.0 - - [20/Jan/2024:18:33:27 +0100] "GET / HTTP/1.1" 200 41722 cronicareinodearagon.com "-" "user_agent: rc-crawler" "-"
66.249.84.0 - - [20/Jan/2024:18:45:05 +0100] "GET /category/politica/feed/ HTTP/1.1" 200 18273 cronicareinodearagon.com "-" "FeedFetcher-Google; (+http://www.google.com/feedfetcher.html)" "-"
66.249.84.0 - - [20/Jan/2024:18:46:28 +0100] "GET /category/sociedad/feed/ HTTP/1.1" 200 16233 cronicareinodearagon.com "-" "FeedFetcher-Google; (+http://www.google.com/feedfetcher.html)" "-"
52.167.144.0 - - [20/Jan/2024:18:51:23 +0100] "GET /politica-de-cookies-ue/ HTTP/1.1" 200 30328 cronicareinodearagon.com "-" "Mozilla/5.0 AppleWebKit/537.36 (KHTML, like Gecko; compatible; bingbot/2.0; +http://www.bing.com/bingbot.htm) Chrome/116.0.1938.76 Safari/537.36" "-"
82.165.88.0 - - [20/Jan/2024:18:51:24 +0100] "POST /wp-cron.php?doing_wp_cron=1705773084.2282660007476806640625 HTTP/1.1" 200 - cronicareinodearagon.com "-" "WordPress/6.2.2; https://cronicareinodearagon.com" "-"
66.249.84.0 - - [20/Jan/2024:18:58:05 +0100] "GET /category/politica/feed/ HTTP/1.1" 200 18273 cronicareinodearagon.com "-" "FeedFetcher-Google; (+http://www.google.com/feedfetcher.html)" "-"
212.227.216.0 - - [20/Jan/2024:19:00:27 +0100] "GET /robots.txt HTTP/1.1" 200 188 cronicadeextremadura.com "-" "IonCrawl (https://www.ionos.de/terms-gtc/faq-crawler-en/)" "-"
40.77.167.0 - - [20/Jan/2024:19:01:49 +0100] "GET /aragon/astic-reconocimiento-carreras-grupo/ HTTP/1.1" 200 158191 cronicareinodearagon.com "-" "Mozilla/5.0 AppleWebKit/537.36 (KHTML, like Gecko; compatible; bingbot/2.0; +http://www.bing.com/bingbot.htm) Chrome/116.0.1938.76 Safari/537.36" "-"
82.165.88.0 - - [20/Jan/2024:19:01:50 +0100] "POST /wp-cron.php?doing_wp_cron=1705773710.3437230587005615234375 HTTP/1.1" 200 - cronicareinodearagon.com "-" "WordPress/6.2.2; https://cronicareinodearagon.com" "-"
82.165.88.0 - - [20/Jan/2024:19:03:13 +0100] "POST /wp-cron.php?doing_wp_cron=1705773793.5581569671630859375000 HTTP/1.1" 200 - cronicareinodearagon.com "-" "WordPress/6.2.2; https://cronicareinodearagon.com" "-"
212.227.216.0 - - [20/Jan/2024:19:03:13 +0100] "GET /sitemap_index.xml HTTP/1.1" 200 317 cronicareinodearagon.com "-" "IonCrawl (https://www.ionos.de/terms-gtc/faq-crawler-en/)" "-"
212.227.216.0 - - [20/Jan/2024:19:04:13 +0100] "GET / HTTP/1.1" 200 336 cronicadeextremadura.com "-" "IonCrawl (https://www.ionos.de/terms-gtc/faq-crawler-en/)" "-"
212.227.216.0 - - [20/Jan/2024:19:04:14 +0100] "GET /wp-cron.php HTTP/1.1" 404 596 cronicadeextremadura.com "-" "IonCrawl (https://www.ionos.de/terms-gtc/faq-crawler-en/)" "-"
212.227.216.0 - - [20/Jan/2024:19:06:59 +0100] "GET /defaultsite HTTP/1.1" 200 18994 cronicadeextremadura.com "-" "IonCrawl (https://www.ionos.de/terms-gtc/faq-crawler-en/)" "-"
82.165.88.0 - - [20/Jan/2024:19:12:41 +0100] "POST /wp-cron.php?doing_wp_cron=1705774361.5001630783081054687500 HTTP/1.1" 200 - cronicareinodearagon.com "-" "WordPress/6.2.2; https://cronicareinodearagon.com" "-"
40.77.167.0 - - [20/Jan/2024:19:12:41 +0100] "GET /aragon/junta-pasaporte-covid-hosteleria-ocio-nocturno/ HTTP/1.1" 200 166114 cronicareinodearagon.com "-" "Mozilla/5.0 AppleWebKit/537.36 (KHTML, like Gecko; compatible; bingbot/2.0; +http://www.bing.com/bingbot.htm) Chrome/116.0.1938.76 Safari/537.36" "-"
82.165.88.0 - - [20/Jan/2024:19:28:08 +0100] "POST /wp-cron.php?doing_wp_cron=1705775288.8146920204162597656250 HTTP/1.1" 200 - cronicareinodearagon.com "-" "WordPress/6.2.2; https://cronicareinodearagon.com" "-"
17.241.227.0 - - [20/Jan/2024:19:28:08 +0100] "GET /aragon/espadas-presentacion-candidatura-junta-andalucia/ HTTP/1.1" 200 165356 cronicareinodearagon.com "-" "Mozilla/5.0 (Macintosh; Intel Mac OS X 10_15_5) AppleWebKit/605.1.15 (KHTML, like Gecko) Version/13.1.1 Safari/605.1.15 (Applebot/0.1; +http://www.apple.com/go/applebot)" "-"
82.165.88.0 - - [20/Jan/2024:19:33:41 +0100] "POST /wp-cron.php?doing_wp_cron=1705775621.5190379619598388671875 HTTP/1.1" 200 - cronicareinodearagon.com "-" "WordPress/6.2.2; https://cronicareinodearagon.com" "-"
51.178.136.0 - - [20/Jan/2024:19:33:41 +0100] "POST /wp-login.php HTTP/1.1" 200 9608 cronicareinodearagon.com "-" "Mozilla/5.0 (Windows NT 6.1; WOW64) AppleWebKit/537.36 (KHTML, like Gecko) Chrome/46.0.2490.86 Safari/537.36" "-"
82.165.88.0 - - [20/Jan/2024:19:37:48 +0100] "POST /wp-cron.php?doing_wp_cron=1705775868.8683779239654541015625 HTTP/1.1" 200 - cronicareinodearagon.com "-" "WordPress/6.2.2; https://cronicareinodearagon.com" "-"
173.249.53.0 - - [20/Jan/2024:19:37:48 +0100] "POST /xmlrpc.php HTTP/1.1" 200 416 cronicareinodearagon.com "-" "Mozilla/5.0 (Windows NT 10.0; Win64; x64) AppleWebKit/537.36 (KHTML, like Gecko) Chrome/69.0.3497.100 Safari/537.36" "-"
2a03:b0c0:: - - [20/Jan/2024:19:38:06 +0100] "POST /xmlrpc.php HTTP/1.1" 200 416 cronicareinodearagon.com "-" "Mozilla/5.0 (Linux; Android 10; SM-G960U) AppleWebKit/537.36 (KHTML, like Gecko) Chrome/91.0.4472.114 Mobile Safari/537.36" "-"
2a03:b0c0:: - - [20/Jan/2024:19:38:07 +0100] "POST /xmlrpc.php HTTP/1.1" 200 416 cronicareinodearagon.com "-" "Mozilla/5.0 (Linux; Android 10; LM-X420) AppleWebKit/537.36 (KHTML, like Gecko) Chrome/91.0.4472.114 Mobile Safari/537.36" "-"
2403:6b80:: - - [20/Jan/2024:19:38:36 +0100] "POST /xmlrpc.php HTTP/1.1" 200 416 cronicareinodearagon.com "-" "Mozilla/5.0 (Windows NT 10.0; Win64; x64) AppleWebKit/537.36 (KHTML, like Gecko) Chrome/69.0.3497.100 Safari/537.36" "-"
143.110.234.0 - - [20/Jan/2024:19:38:40 +0100] "POST /xmlrpc.php HTTP/1.1" 200 416 cronicareinodearagon.com "-" "Mozilla/5.0 (Windows NT 10.0; Win64; x64) AppleWebKit/537.36 (KHTML, like Gecko) Chrome/68.0.3440.106 Safari/537.36" "-"
74.125.212.0 - - [20/Jan/2024:19:39:07 +0100] "GET /category/economia/feed/ HTTP/1.1" 200 12913 cronicareinodearagon.com "-" "FeedFetcher-Google; (+http://www.google.com/feedfetcher.html)" "-"
186.87.69.0 - - [20/Jan/2024:19:39:26 +0100] "POST /wp-login.php HTTP/1.1" 200 9585 cronicareinodearagon.com "-" "Mozilla/5.0 (Windows NT 10.0; Win64; x64) AppleWebKit/537.36 (KHTML, like Gecko) Chrome/54.0.2840.99 Safari/537.36" "-"
82.165.88.0 - - [20/Jan/2024:19:39:27 +0100] "POST /wp-cron.php?doing_wp_cron=1705775967.2348940372467041015625 HTTP/1.1" 200 - cronicareinodearagon.com "-" "WordPress/6.2.2; https://cronicareinodearagon.com" "-"
101.44.249.0 - - [20/Jan/2024:19:40:13 +0100] "GET / HTTP/1.1" 200 336 cronicadecordoba.com "http://cronicadecordoba.com/" "Mozilla/5.0 (Macintosh; Intel Mac OS X 10_15_7) AppleWebKit/537.36 (KHTML, like Gecko) Chrome/114.0.0.0 Safari/537.36" "-"
82.165.88.0 - - [20/Jan/2024:19:42:47 +0100] "POST /wp-cron.php?doing_wp_cron=1705776167.5605170726776123046875 HTTP/1.1" 200 - cronicareinodearagon.com "-" "WordPress/6.2.2; https://cronicareinodearagon.com" "-"
192.169.89.0 - - [20/Jan/2024:19:42:47 +0100] "POST /wp-login.php HTTP/1.1" 200 9620 cronicareinodearagon.com "-" "Mozilla/5.0 (Windows NT 6.1; Win64; x64) AppleWebKit/537.36 (KHTML, like Gecko) Chrome/80.0.3987.163 Safari/537.36" "-"
188.166.1.0 - - [20/Jan/2024:19:49:36 +0100] "POST /wp-login.php HTTP/1.1" 503 299 cronicareinodearagon.com "-" "Mozilla/5.0 (Windows NT 6.1; WOW64) AppleWebKit/537.36 (KHTML, like Gecko) Chrome/48.0.2564.109 Safari/537.36" "-"
66.249.84.0 - - [20/Jan/2024:19:53:18 +0100] "GET /category/educacion/feed/ HTTP/1.1" 200 16487 cronicareinodearagon.com "-" "FeedFetcher-Google; (+http://www.google.com/feedfetcher.html)" "-"
91.121.168.0 - - [20/Jan/2024:19:53:31 +0100] "POST /wp-login.php HTTP/1.1" 200 9614 cronicareinodearagon.com "-" "Mozilla/5.0 (Windows NT 10.0; Win64; x64) AppleWebKit/537.36 (KHTML, like Gecko) Chrome/66.0.3359.117 Safari/537.36" "-"
82.165.88.0 - - [20/Jan/2024:19:53:32 +0100] "POST /wp-cron.php?doing_wp_cron=1705776812.0386550426483154296875 HTTP/1.1" 200 - cronicareinodearagon.com "-" "WordPress/6.2.2; https://cronicareinodearagon.com" "-"
45.141.215.0 - - [20/Jan/2024:19:54:26 +0100] "GET / HTTP/1.1" 200 336 cronicadegranada.com "http://cronicadegranada.com" "Mozilla/5.0 (Windows NT 10.0; Win64; x64) AppleWebKit/537.36 (KHTML, like Gecko) Chrome/63.0.3239.132 Safari/537.36" "-"
66.249.84.0 - - [20/Jan/2024:19:58:44 +0100] "GET /category/politica/feed/ HTTP/1.1" 200 18273 cronicareinodearagon.com "-" "FeedFetcher-Google; (+http://www.google.com/feedfetcher.html)" "-"
74.125.212.0 - - [20/Jan/2024:20:08:37 +0100] "GET /category/economia/feed/ HTTP/1.1" 200 12913 cronicareinodearagon.com "-" "FeedFetcher-Google; (+http://www.google.com/feedfetcher.html)" "-"
141.95.11.0 - - [20/Jan/2024:20:11:52 +0100] "POST /wp-login.php HTTP/1.1" 200 257 cronicareinodearagon.com "-" "Mozilla/5.0 (Windows NT 6.3; Win64; x64) AppleWebKit/537.36 (KHTML, like Gecko) Chrome/68.0.3440.106 Safari/537.36" "-"
82.165.88.0 - - [20/Jan/2024:20:11:53 +0100] "GET / HTTP/1.1" 200 41722 cronicareinodearagon.com "-" "WordPress/6.2.2; https://cronicareinodearagon.com" "-"
82.165.88.0 - - [20/Jan/2024:20:11:53 +0100] "POST /wp-cron.php?doing_wp_cron=1705777913.4206259250640869140625 HTTP/1.1" 200 - cronicareinodearagon.com "-" "WordPress/6.2.2; https://cronicareinodearagon.com" "-"
210.207.92.0 - - [20/Jan/2024:20:14:32 +0100] "POST /wp-login.php HTTP/1.1" 200 180 cronicareinodearagon.com "-" "Mozilla/5.0 (Windows NT 10.0; Win64; x64) AppleWebKit/537.36 (KHTML, like Gecko) Chrome/62.0.3202.89 Safari/537.36" "-"
82.165.88.0 - - [20/Jan/2024:20:14:33 +0100] "POST /wp-cron.php?doing_wp_cron=1705778073.4715969562530517578125 HTTP/1.1" 200 - cronicareinodearagon.com "-" "WordPress/6.2.2; https://cronicareinodearagon.com" "-"
82.165.88.0 - - [20/Jan/2024:20:15:39 +0100] "POST /wp-cron.php?doing_wp_cron=1705778139.9273560047149658203125 HTTP/1.1" 200 - cronicareinodearagon.com "-" "WordPress/6.2.2; https://cronicareinodearagon.com" "-"
66.249.66.0 - - [20/Jan/2024:20:15:39 +0100] "GET /robots.txt HTTP/1.1" 200 202 cronicareinodearagon.com "-" "Mozilla/5.0 (compatible; Googlebot/2.1; +http://www.google.com/bot.html)" "-"
66.249.66.0 - - [20/Jan/2024:20:15:40 +0100] "GET /wp-content/uploads/2021/12/DGT-trafico-navidad.jpg HTTP/1.1" 200 432969 cronicareinodearagon.com "-" "Googlebot-Image/1.0" "-"
82.165.88.0 - - [20/Jan/2024:20:16:46 +0100] "POST /wp-cron.php?doing_wp_cron=1705778206.5691800117492675781250 HTTP/1.1" 200 - cronicareinodearagon.com "-" "WordPress/6.2.2; https://cronicareinodearagon.com" "-"
202.95.9.0 - - [20/Jan/2024:20:16:46 +0100] "POST /wp-login.php HTTP/1.1" 200 9580 cronicareinodearagon.com "-" "Mozilla/5.0 (Windows NT 10.0; WOW64) AppleWebKit/537.36 (KHTML, like Gecko) Chrome/46.0.2490.86 Safari/537.36" "-"
193.233.233.0 - - [20/Jan/2024:20:30:56 +0100] "GET / HTTP/1.1" 200 336 cronicadealmeria.com "http://cronicadealmeria.com" "Mozilla/5.0 (Windows NT 10.0; Win64; x64) AppleWebKit/537.36 (KHTML, like Gecko) Chrome/74.0.3729.157 Safari/537.36" "-"
82.165.88.0 - - [20/Jan/2024:20:33:10 +0100] "POST /wp-cron.php?doing_wp_cron=1705779190.9335598945617675781250 HTTP/1.1" 200 - cronicareinodearagon.com "-" "WordPress/6.2.2; https://cronicareinodearagon.com" "-"
198.12.221.0 - - [20/Jan/2024:20:33:10 +0100] "POST /xmlrpc.php HTTP/1.1" 200 416 cronicareinodearagon.com "-" "Mozilla/5.0 (Macintosh; Intel Mac OS X 11_4) AppleWebKit/537.36 (KHTML, like Gecko) Chrome/91.0.4472.114 Safari/537.36" "-"
106.52.79.0 - - [20/Jan/2024:20:33:23 +0100] "POST /xmlrpc.php HTTP/1.1" 200 416 cronicareinodearagon.com "-" "Mozilla/5.0 (Windows NT 10.0; Win64; x64) AppleWebKit/537.36 (KHTML, like Gecko) Chrome/74.0.3729.157 Safari/537.36" "-"
2003:a:100:: - - [20/Jan/2024:20:33:39 +0100] "POST /xmlrpc.php HTTP/1.1" 200 416 cronicareinodearagon.com "-" "Mozilla/5.0 (Windows NT 10.0; Win64; x64) AppleWebKit/537.36 (KHTML, like Gecko) Chrome/60.0.3112.113 Safari/537.36" "-"
50.62.137.0 - - [20/Jan/2024:20:33:40 +0100] "POST /xmlrpc.php HTTP/1.1" 200 416 cronicareinodearagon.com "-" "Mozilla/5.0 (Windows NT 6.0; rv:34.0) Gecko/20100101 Firefox/34.0" "-"
66.249.84.0 - - [20/Jan/2024:20:40:31 +0100] "GET /category/politica/feed/ HTTP/1.1" 200 18273 cronicareinodearagon.com "-" "FeedFetcher-Google; (+http://www.google.com/feedfetcher.html)" "-"
101.44.250.0 - - [20/Jan/2024:20:45:02 +0100] "GET / HTTP/1.1" 200 336 cronicadelpaisvalenciano.com "http://cronicadelpaisvalenciano.com/" "Mozilla/5.0 (Macintosh; Intel Mac OS X 10_15_7) AppleWebKit/537.36 (KHTML, like Gecko) Chrome/114.0.0.0 Safari/537.36" "-"
178.175.129.0 - - [20/Jan/2024:20:47:20 +0100] "GET /aragon/resultados-elecciones-autonomicas-municipales-aragon/ HTTP/1.1" 200 169150 cronicareinodearagon.com "https://cronicareinodearagon.com/aragon/resultados-elecciones-autonomicas-municipales-aragon/#comment-2452" "Mozilla/5.0 (Windows NT 6.3) AppleWebKit/537.36 (KHTML, like Gecko) Chrome/103.0.0.0 Safari/537.36" "-"
178.175.129.0 - - [20/Jan/2024:20:47:21 +0100] "POST /wp-comments-post.php HTTP/1.1" 302 - cronicareinodearagon.com "https://cronicareinodearagon.com/aragon/resultados-elecciones-autonomicas-municipales-aragon/#comment-2452" "Mozilla/5.0 (Windows NT 6.3) AppleWebKit/537.36 (KHTML, like Gecko) Chrome/103.0.0.0 Safari/537.36" "-"
82.165.88.0 - - [20/Jan/2024:20:47:22 +0100] "POST /wp-cron.php?doing_wp_cron=1705780041.9212119579315185546875 HTTP/1.1" 200 - cronicareinodearagon.com "-" "WordPress/6.2.2; https://cronicareinodearagon.com" "-"
178.175.129.0 - - [20/Jan/2024:20:47:23 +0100] "GET /aragon/resultados-elecciones-autonomicas-municipales-aragon/ HTTP/1.1" 200 169051 cronicareinodearagon.com "https://cronicareinodearagon.com/aragon/resultados-elecciones-autonomicas-municipales-aragon/#comment-2804" "Mozilla/5.0 (Windows NT 6.3) AppleWebKit/537.36 (KHTML, like Gecko) Chrome/103.0.0.0 Safari/537.36" "-"
66.249.84.0 - - [20/Jan/2024:20:47:32 +0100] "GET /category/educacion/feed/ HTTP/1.1" 200 16487 cronicareinodearagon.com "-" "FeedFetcher-Google; (+http://www.google.com/feedfetcher.html)" "-"
82.165.88.0 - - [20/Jan/2024:20:49:53 +0100] "POST /wp-cron.php?doing_wp_cron=1705780193.4274959564208984375000 HTTP/1.1" 200 - cronicareinodearagon.com "-" "WordPress/6.2.2; https://cronicareinodearagon.com" "-"
167.99.131.0 - - [20/Jan/2024:20:49:53 +0100] "GET /category/educacion/ HTTP/1.1" 200 29291 cronicareinodearagon.com "-" "Mozilla/5.0 (Macintosh; Intel Mac OS X 10_15_7) AppleWebKit/537.36 (KHTML, like Gecko) Chrome/114.0.0.0 Safari/537.36" "-"
135.125.132.0 - - [20/Jan/2024:20:57:38 +0100] "POST /wp-login.php HTTP/1.1" 200 9604 cronicareinodearagon.com "-" "Mozilla/5.0 (Windows NT 10.0; Win64; x64) AppleWebKit/537.36 (KHTML, like Gecko) Chrome/73.0.3683.86 Safari/537.36" "-"
82.165.88.0 - - [20/Jan/2024:20:57:39 +0100] "POST /wp-cron.php?doing_wp_cron=1705780658.9997270107269287109375 HTTP/1.1" 200 - cronicareinodearagon.com "-" "WordPress/6.2.2; https://cronicareinodearagon.com" "-"
82.165.88.0 - - [20/Jan/2024:21:01:23 +0100] "POST /wp-cron.php?doing_wp_cron=1705780883.6409559249877929687500 HTTP/1.1" 200 - cronicareinodearagon.com "-" "WordPress/6.2.2; https://cronicareinodearagon.com" "-"
35.209.9.0 - - [20/Jan/2024:21:01:23 +0100] "POST /wp-login.php HTTP/1.1" 200 9608 cronicareinodearagon.com "-" "Mozilla/5.0 (Windows NT 10.0; Win64; x64) AppleWebKit/537.36 (KHTML, like Gecko) Chrome/60.0.3112.101 Safari/537.36" "-"
66.249.84.0 - - [20/Jan/2024:21:04:36 +0100] "GET /category/politica/feed/ HTTP/1.1" 200 18273 cronicareinodearagon.com "-" "FeedFetcher-Google; (+http://www.google.com/feedfetcher.html)" "-"
82.165.88.0 - - [20/Jan/2024:21:07:39 +0100] "POST /wp-cron.php?doing_wp_cron=1705781259.9597470760345458984375 HTTP/1.1" 200 - cronicareinodearagon.com "-" "WordPress/6.2.2; https://cronicareinodearagon.com" "-"
137.184.45.0 - - [20/Jan/2024:21:07:39 +0100] "GET /category/politica/ HTTP/1.1" 200 29437 cronicareinodearagon.com "-" "Mozilla/5.0 (Macintosh; Intel Mac OS X 10_15_7) AppleWebKit/537.36 (KHTML, like Gecko) Chrome/114.0.0.0 Safari/537.36" "-"
66.249.84.0 - - [20/Jan/2024:21:15:08 +0100] "GET /category/politica/feed/ HTTP/1.1" 200 18273 cronicareinodearagon.com "-" "FeedFetcher-Google; (+http://www.google.com/feedfetcher.html)" "-"
198.20.67.0 - - [20/Jan/2024:21:18:43 +0100] "GET / HTTP/1.1" 200 336 www.cronicadesevilla.com "http://www.google.com/url?url=www.cronicadesevilla.com&yahoo.com" "Mozilla/5.0 (compatible; MSIE 9.0; Windows NT 6.1; WOW64; Trident/6.0)" "-"
198.20.67.0 - - [20/Jan/2024:21:18:44 +0100] "GET /th1s_1s_a_4o4.html HTTP/1.1" 404 596 www.cronicadesevilla.com "http://www.google.com/url?url=www.cronicadesevilla.com&yahoo.com" "Mozilla/5.0 (compatible; MSIE 9.0; Windows NT 6.1; WOW64; Trident/6.0)" "-"
198.20.67.0 - - [20/Jan/2024:21:18:45 +0100] "GET / HTTP/1.1" 200 336 cronicadesevilla.com "http://www.google.com/url?url=www.cronicadesevilla.com&yahoo.com" "Mozilla/5.0 (compatible; MSIE 9.0; Windows NT 6.1; WOW64; Trident/6.0)" "-"
198.20.67.0 - - [20/Jan/2024:21:18:46 +0100] "GET /?=1&s=1 HTTP/1.1" 200 336 cronicadesevilla.com "http://www.google.com/url?url=www.cronicadesevilla.com&yahoo.com" "Mozilla/5.0 (compatible; MSIE 9.0; Windows NT 6.1; WOW64; Trident/6.0)" "-"
198.20.67.0 - - [20/Jan/2024:21:18:46 +0100] "GET /domaincheckresult?__SBMT:d359e110d15:=1&__SYNT:d359e110d15:__CMD(domaincheckresult):RETWRP=domainselect&__SYNT:d359e110d15:__CMD(domaincheckresult):SELWRP=multicheck&__SYNT:d359e110d15:__forcestop=true&__pageflow=Order&__sendingdata=1&linkId=ct.btn.check.default-page-check&multicheck.Domain=1 HTTP/1.1" 404 596 www.cronicadesevilla.com "-" "SiteLockSpider [en] (WinNT; I ;Nav)" "-"
198.20.67.0 - - [20/Jan/2024:21:18:47 +0100] "GET / HTTP/1.1" 200 336 cronicadesevilla.com "-" "SiteLockSpider [en] (WinNT; I ;Nav)" "-"
198.20.67.0 - - [20/Jan/2024:21:18:48 +0100] "GET /spicons/templates/defaultsite/es-ES/images/domain_transfer.svg HTTP/1.1" 200 1201 www.cronicadesevilla.com "http://www.google.com/url?url=www.cronicadesevilla.com&yahoo.com" "Mozilla/5.0 (compatible; MSIE 9.0; Windows NT 6.1; WOW64; Trident/6.0)" "-"
198.20.67.0 - - [20/Jan/2024:21:18:49 +0100] "GET /spicons/templates/defaultsite/es-ES/images/domain.svg HTTP/1.1" 200 2095 www.cronicadesevilla.com "-" "SiteLockSpider [en] (WinNT; I ;Nav)" "-"
198.20.67.0 - - [20/Jan/2024:21:18:49 +0100] "GET /spicons/templates/defaultsite/es-ES/images/domain.svg HTTP/1.1" 200 2095 www.cronicadesevilla.com "http://www.google.com/url?url=www.cronicadesevilla.com&yahoo.com" "Mozilla/5.0 (compatible; MSIE 9.0; Windows NT 6.1; WOW64; Trident/6.0)" "-"
198.20.67.0 - - [20/Jan/2024:21:18:50 +0100] "GET /domaincheckresult?__SBMT:d359e110d15:=1&__SYNT:d359e110d15:__CMD(domaincheckresult):RETWRP=domainselect&__SYNT:d359e110d15:__CMD(domaincheckresult):SELWRP=multicheck&__SYNT:d359e110d15:__forcestop=true&__pageflow=Order&__sendingdata=1&linkId=ct.btn.check.default-page-check&multicheck.Domain=1 HTTP/1.1" 404 596 www.cronicadesevilla.com "http://www.google.com/url?url=www.cronicadesevilla.com&yahoo.com" "Mozilla/5.0 (compatible; MSIE 9.0; Windows NT 6.1; WOW64; Trident/6.0)" "-"
198.20.67.0 - - [20/Jan/2024:21:18:50 +0100] "GET /spicons/templates/defaultsite/es-ES/images/domain_transfer.svg HTTP/1.1" 200 1201 www.cronicadesevilla.com "-" "SiteLockSpider [en] (WinNT; I ;Nav)" "-"
198.20.67.0 - - [20/Jan/2024:21:18:51 +0100] "GET /defaultsite HTTP/1.1" 200 18994 www.cronicadesevilla.com "-" "SiteLockSpider [en] (WinNT; I ;Nav)" "-"
198.20.67.0 - - [20/Jan/2024:21:18:52 +0100] "GET /spicons/templates/defaultsite/es-ES/images/ic-world.svg HTTP/1.1" 200 1248 www.cronicadesevilla.com "-" "SiteLockSpider [en] (WinNT; I ;Nav)" "-"
198.20.67.0 - - [20/Jan/2024:21:18:53 +0100] "GET /domaincheckresult?__SBMT:d359e110d15:=1&__SYNT:d359e110d15:__CMD(domaincheckresult):RETWRP=domainselect&__SYNT:d359e110d15:__CMD(domaincheckresult):SELWRP=multicheck&__SYNT:d359e110d15:__forcestop=true&__pageflow=Order&__sendingdata=1&linkId=ct.btn.check.default-page-check&multicheck.Domain=1 HTTP/1.1" 404 596 www.cronicadesevilla.com "-" "SiteLockSpider [en] (WinNT; I ;Nav)" "-"
198.20.67.0 - - [20/Jan/2024:21:18:53 +0100] "GET /defaultsite HTTP/1.1" 200 18994 www.cronicadesevilla.com "-" "SiteLockSpider [en] (WinNT; I ;Nav)" "-"
198.20.67.0 - - [20/Jan/2024:21:18:54 +0100] "GET /spicons/templates/defaultsite/es-ES/images/css/main.css HTTP/1.1" 200 486180 www.cronicadesevilla.com "http://www.google.com/url?url=www.cronicadesevilla.com&yahoo.com" "Mozilla/5.0 (compatible; MSIE 9.0; Windows NT 6.1; WOW64; Trident/6.0)" "-"
198.20.67.0 - - [20/Jan/2024:21:18:56 +0100] "GET /spicons/templates/defaultsite/es-ES/images/css/main.css HTTP/1.1" 200 486180 www.cronicadesevilla.com "http://www.google.com/url?url=www.cronicadesevilla.com&yahoo.com" "Mozilla/5.0 (compatible; MSIE 9.0; Windows NT 6.1; WOW64; Trident/6.0)" "-"
198.20.67.0 - - [20/Jan/2024:21:18:58 +0100] "GET /spicons/templates/defaultsite/es-ES/images/ic-world.svg HTTP/1.1" 200 1248 www.cronicadesevilla.com "-" "SiteLockSpider [en] (WinNT; I ;Nav)" "-"
198.20.67.0 - - [20/Jan/2024:21:18:58 +0100] "GET /domaincheckresult?__SBMT:d359e110d15:=1&__SYNT:d359e110d15:__CMD(domaincheckresult):RETWRP=domainselect&__SYNT:d359e110d15:__CMD(domaincheckresult):SELWRP=multicheck&__SYNT:d359e110d15:__forcestop=true&__pageflow=Order&__sendingdata=1&linkId=ct.btn.check.default-page-check&multicheck.Domain=1 HTTP/1.1" 404 596 www.cronicadesevilla.com "-" "SiteLockSpider [en] (WinNT; I ;Nav)" "-"
82.165.88.0 - - [20/Jan/2024:21:22:08 +0100] "POST /wp-cron.php?doing_wp_cron=1705782128.8293910026550292968750 HTTP/1.1" 200 - cronicareinodearagon.com "-" "WordPress/6.2.2; https://cronicareinodearagon.com" "-"
66.249.78.0 - - [20/Jan/2024:21:22:08 +0100] "GET /robots.txt HTTP/1.1" 200 202 cronicareinodearagon.com "-" "Mozilla/5.0 (compatible; Googlebot/2.1; +http://www.google.com/bot.html)" "-"
66.249.84.0 - - [20/Jan/2024:21:22:20 +0100] "GET /category/politica/feed/ HTTP/1.1" 200 18273 cronicareinodearagon.com "-" "FeedFetcher-Google; (+http://www.google.com/feedfetcher.html)" "-"
82.165.88.0 - - [20/Jan/2024:21:23:09 +0100] "POST /wp-cron.php?doing_wp_cron=1705782189.9174580574035644531250 HTTP/1.1" 200 - cronicareinodearagon.com "-" "WordPress/6.2.2; https://cronicareinodearagon.com" "-"
158.69.18.0 - - [20/Jan/2024:21:23:09 +0100] "POST /wp-login.php HTTP/1.1" 200 9608 cronicareinodearagon.com "-" "Mozilla/5.0 (Windows NT 10.0; WOW64) AppleWebKit/537.36 (KHTML, like Gecko) Chrome/57.0.2987.133 Safari/537.36" "-"
188.166.155.0 - - [20/Jan/2024:21:23:27 +0100] "GET /category/opinion/ HTTP/1.1" 200 145008 cronicareinodearagon.com "-" "Mozilla/5.0 (Macintosh; Intel Mac OS X 10_15_7) AppleWebKit/537.36 (KHTML, like Gecko) Chrome/114.0.0.0 Safari/537.36" "-"
82.165.88.0 - - [20/Jan/2024:21:33:12 +0100] "POST /wp-cron.php?doing_wp_cron=1705782792.5617520809173583984375 HTTP/1.1" 200 - cronicareinodearagon.com "-" "WordPress/6.2.2; https://cronicareinodearagon.com" "-"
5.101.157.0 - - [20/Jan/2024:21:33:12 +0100] "POST /xmlrpc.php HTTP/1.1" 200 416 cronicareinodearagon.com "-" "Mozilla/5.0 (Windows NT 5.1; Win64; x64) AppleWebKit/537.36 (KHTML, like Gecko) Chrome/60.0.3112.90 Safari/537.36" "-"
2003:a:100:: - - [20/Jan/2024:21:33:31 +0100] "POST /xmlrpc.php HTTP/1.1" 200 416 cronicareinodearagon.com "-" "Mozilla/5.0 (Linux; Android 10; SM-A205U) AppleWebKit/537.36 (KHTML, like Gecko) Chrome/91.0.4472.114 Mobile Safari/537.36" "-"
92.205.146.0 - - [20/Jan/2024:21:33:40 +0100] "POST /xmlrpc.php HTTP/1.1" 200 416 cronicareinodearagon.com "-" "Mozilla/5.0 (Windows NT 10.0; Win64; x64) AppleWebKit/537.36 (KHTML, like Gecko) Chrome/79.0.3945.117 Safari/537.36" "-"
82.165.88.0 - - [20/Jan/2024:21:33:44 +0100] "POST /wp-cron.php?doing_wp_cron=1705782824.9104640483856201171875 HTTP/1.1" 200 - cronicareinodearagon.com "-" "WordPress/6.2.2; https://cronicareinodearagon.com" "-"
198.38.91.0 - - [20/Jan/2024:21:33:44 +0100] "POST /xmlrpc.php HTTP/1.1" 200 416 cronicareinodearagon.com "-" "Mozilla/5.0 (Windows NT 10.0; WOW64; rv:52.0) Gecko/20100101 Firefox/52.0" "-"
43.231.127.0 - - [20/Jan/2024:21:33:45 +0100] "POST /xmlrpc.php HTTP/1.1" 200 416 cronicareinodearagon.com "-" "Mozilla/5.0 (Windows NT 5.1; Win64; x64) AppleWebKit/537.36 (KHTML, like Gecko) Chrome/60.0.3112.90 Safari/537.36" "-"
103.28.36.0 - - [20/Jan/2024:21:33:50 +0100] "POST /xmlrpc.php HTTP/1.1" 200 416 cronicareinodearagon.com "-" "Mozilla/5.0 (Windows NT 6.1; WOW64; rv:44.0) Gecko/20100101 Firefox/44.0" "-"
40.77.167.0 - - [20/Jan/2024:21:34:08 +0100] "GET /?s=2024 HTTP/1.1" 200 156321 cronicareinodearagon.com "-" "Mozilla/5.0 AppleWebKit/537.36 (KHTML, like Gecko; compatible; bingbot/2.0; +http://www.bing.com/bingbot.htm) Chrome/116.0.1938.76 Safari/537.36" "-"
134.209.104.0 - - [20/Jan/2024:21:36:50 +0100] "POST /wp-login.php HTTP/1.1" 200 9612 cronicareinodearagon.com "-" "Mozilla/5.0 (Windows NT 6.1; WOW64) AppleWebKit/537.36 (KHTML, like Gecko) Chrome/46.0.2490.86 Safari/537.36" "-"
82.165.88.0 - - [20/Jan/2024:21:36:51 +0100] "POST /wp-cron.php?doing_wp_cron=1705783011.2013800144195556640625 HTTP/1.1" 200 - cronicareinodearagon.com "-" "WordPress/6.2.2; https://cronicareinodearagon.com" "-"
17.241.75.0 - - [20/Jan/2024:21:41:27 +0100] "GET /aragon/adelanto-elecciones-andalucia-juanma-moreno-juan-marin/ HTTP/1.1" 200 34605 cronicareinodearagon.com "-" "Mozilla/5.0 (Macintosh; Intel Mac OS X 10_15_5) AppleWebKit/605.1.15 (KHTML, like Gecko) Version/13.1.1 Safari/605.1.15 (Applebot/0.1; +http://www.apple.com/go/applebot)" "-"
82.165.88.0 - - [20/Jan/2024:21:41:28 +0100] "POST /wp-cron.php?doing_wp_cron=1705783287.9767560958862304687500 HTTP/1.1" 200 - cronicareinodearagon.com "-" "WordPress/6.2.2; https://cronicareinodearagon.com" "-"
54.37.156.0 - - [20/Jan/2024:21:42:29 +0100] "POST /wp-login.php HTTP/1.1" 200 1531 cronicareinodearagon.com "-" "Mozilla/5.0 (Windows NT 6.1; Win64; x64) AppleWebKit/537.36 (KHTML, like Gecko) Chrome/80.0.3987.163 Safari/537.36" "-"
82.165.88.0 - - [20/Jan/2024:21:42:30 +0100] "POST /wp-cron.php?doing_wp_cron=1705783350.0307140350341796875000 HTTP/1.1" 200 - cronicareinodearagon.com "-" "WordPress/6.2.2; https://cronicareinodearagon.com" "-"
45.15.157.0 - - [20/Jan/2024:21:43:22 +0100] "GET / HTTP/1.1" 301 241 cronicareinodearagon.com "http://cronicareinodearagon.com" "Mozilla/5.0 (Windows; U; Windows NT 5.1; en-US) AppleWebKit/533.4 (KHTML, like Gecko) Chrome/5.0.375.99 Safari/533.4" "-"
45.15.157.0 - - [20/Jan/2024:21:43:26 +0100] "GET / HTTP/1.1" 200 41722 cronicareinodearagon.com "http://cronicareinodearagon.com" "Mozilla/5.0 (Windows; U; Windows NT 5.1; en-US) AppleWebKit/533.4 (KHTML, like Gecko) Chrome/5.0.375.99 Safari/533.4" "-"
82.165.88.0 - - [20/Jan/2024:21:43:29 +0100] "POST /wp-cron.php?doing_wp_cron=1705783409.9692931175231933593750 HTTP/1.1" 200 - cronicareinodearagon.com "-" "WordPress/6.2.2; https://cronicareinodearagon.com" "-"
46.166.139.0 - - [20/Jan/2024:21:43:29 +0100] "GET /?author=1 HTTP/1.1" 404 144799 cronicareinodearagon.com "https://cronicareinodearagon.com/" "Mozilla/5.0 (Windows NT 10.0; Win64; x64) AppleWebKit/537.36 (KHTML, like Gecko) Chrome/86.0.4240.198 Safari/537.36" "-"
185.220.101.0 - - [20/Jan/2024:21:43:31 +0100] "GET /?author=2 HTTP/1.1" 404 144799 cronicareinodearagon.com "https://cronicareinodearagon.com/" "Mozilla/5.0 (Windows NT 10.0; WOW64; rv:56.0) Gecko/20100101 Firefox/56.0" "-"
45.15.158.0 - - [20/Jan/2024:21:43:33 +0100] "GET /?author=3 HTTP/1.1" 404 144799 cronicareinodearagon.com "https://cronicareinodearagon.com/" "Mozilla/5.0 (Windows NT 10.0; Win64; x64) AppleWebKit/537.36 (KHTML, like Gecko) Chrome/78.0.3904.108 Safari/537.36" "-"
91.203.5.0 - - [20/Jan/2024:21:43:36 +0100] "GET /?author=4 HTTP/1.1" 404 144799 cronicareinodearagon.com "https://cronicareinodearagon.com/" "Mozilla/5.0 (Windows NT 10.0; Win64; x64) AppleWebKit/537.36 (KHTML, like Gecko) Chrome/71.0.3578.98 Safari/537.36" "-"
192.42.116.0 - - [20/Jan/2024:21:43:39 +0100] "GET /?author=5 HTTP/1.1" 301 - cronicareinodearagon.com "https://cronicareinodearagon.com/" "Mozilla/5.0 (Windows NT 10.0; Win64; x64) AppleWebKit/537.36 (KHTML, like Gecko) Chrome/85.0.4183.121 Safari/537.36" "-"
192.42.116.0 - - [20/Jan/2024:21:43:42 +0100] "GET / HTTP/1.1" 200 41722 cronicareinodearagon.com "https://cronicareinodearagon.com/" "Mozilla/5.0 (Windows NT 10.0; Win64; x64) AppleWebKit/537.36 (KHTML, like Gecko) Chrome/85.0.4183.121 Safari/537.36" "-"
82.165.88.0 - - [20/Jan/2024:21:43:45 +0100] "POST /wp-cron.php?doing_wp_cron=1705783425.3957190513610839843750 HTTP/1.1" 200 - cronicareinodearagon.com "-" "WordPress/6.2.2; https://cronicareinodearagon.com" "-"
5.255.124.0 - - [20/Jan/2024:21:43:45 +0100] "GET /wp-json/wp/v2/users/1 HTTP/1.1" 404 95 cronicareinodearagon.com "https://cronicareinodearagon.com/" "Mozilla/5.0 (Windows NT 10.0; Win64; x64) AppleWebKit/537.36 (KHTML, like Gecko) Chrome/70.0.3538.102 Safari/537.36" "-"
185.220.101.0 - - [20/Jan/2024:21:43:48 +0100] "GET /wp-json/wp/v2/users/2 HTTP/1.1" 404 95 cronicareinodearagon.com "https://cronicareinodearagon.com/" "Mozilla/5.0 (compatible; MSIE 9.0; Windows NT 6.0; Trident/5.0)" "-"
193.35.18.0 - - [20/Jan/2024:21:43:52 +0100] "GET /wp-json/wp/v2/users/3 HTTP/1.1" 404 95 cronicareinodearagon.com "https://cronicareinodearagon.com/" "Mozilla/5.0 (Macintosh; Intel Mac OS X 10_15_6) AppleWebKit/605.1.15 (KHTML, like Gecko) Version/14.0 Safari/605.1.15" "-"
5.42.80.0 - - [20/Jan/2024:21:43:56 +0100] "GET /wp-json/wp/v2/users/4 HTTP/1.1" 404 95 cronicareinodearagon.com "https://cronicareinodearagon.com/" "Mozilla/5.0 (Windows NT 6.1; WOW64) AppleWebKit/537.36 (KHTML, like Gecko) Chrome/46.0.2490.80 Safari/537.36" "-"
192.42.116.0 - - [20/Jan/2024:21:43:57 +0100] "GET /wp-json/wp/v2/users/5 HTTP/1.1" 200 1401 cronicareinodearagon.com "https://cronicareinodearagon.com/" "Mozilla/5.0 (Windows NT 10.0; Win64; x64) AppleWebKit/537.36 (KHTML, like Gecko) Chrome/60.0.3112.113 Safari/537.36 (+https://whatis.contentkingapp.com)" "-"
66.249.84.0 - - [20/Jan/2024:21:45:43 +0100] "GET /category/sociedad/feed/ HTTP/1.1" 200 16233 cronicareinodearagon.com "-" "FeedFetcher-Google; (+http://www.google.com/feedfetcher.html)" "-"
82.165.88.0 - - [20/Jan/2024:21:50:16 +0100] "POST /wp-cron.php?doing_wp_cron=1705783816.9242739677429199218750 HTTP/1.1" 200 - cronicareinodearagon.com "-" "WordPress/6.2.2; https://cronicareinodearagon.com" "-"
165.232.191.0 - - [20/Jan/2024:21:50:16 +0100] "POST /wp-login.php HTTP/1.1" 200 9585 cronicareinodearagon.com "-" "Mozilla/5.0 (Windows NT 10.0; WOW64) AppleWebKit/537.36 (KHTML, like Gecko) Chrome/79.0.3945.130 Safari/537.36" "-"
52.167.144.0 - - [20/Jan/2024:21:58:39 +0100] "GET /wp-json/complianz/v1/ HTTP/1.1" 200 1947 cronicareinodearagon.com "-" "Mozilla/5.0 AppleWebKit/537.36 (KHTML, like Gecko; compatible; bingbot/2.0; +http://www.bing.com/bingbot.htm) Chrome/116.0.1938.76 Safari/537.36" "-"
82.165.88.0 - - [20/Jan/2024:21:58:40 +0100] "POST /wp-cron.php?doing_wp_cron=1705784320.2010800838470458984375 HTTP/1.1" 200 - cronicareinodearagon.com "-" "WordPress/6.2.2; https://cronicareinodearagon.com" "-"
74.125.212.0 - - [20/Jan/2024:22:01:41 +0100] "GET /category/economia/feed/ HTTP/1.1" 200 12913 cronicareinodearagon.com "-" "FeedFetcher-Google; (+http://www.google.com/feedfetcher.html)" "-"
82.165.88.0 - - [20/Jan/2024:22:03:14 +0100] "POST /wp-cron.php?doing_wp_cron=1705784594.9230079650878906250000 HTTP/1.1" 200 - cronicareinodearagon.com "-" "WordPress/6.2.2; https://cronicareinodearagon.com" "-"
167.172.66.0 - - [20/Jan/2024:22:03:14 +0100] "POST /wp-login.php HTTP/1.1" 200 9604 cronicareinodearagon.com "-" "Mozilla/5.0 (Windows NT 6.1; WOW64) AppleWebKit/537.36 (KHTML, like Gecko) Chrome/46.0.2490.86 Safari/537.36" "-"
212.227.216.0 - - [20/Jan/2024:22:05:01 +0100] "GET /robots.txt HTTP/1.1" 200 188 cronicadehuelva.com "-" "IonCrawl (https://www.ionos.de/terms-gtc/faq-crawler-en/)" "-"
135.125.132.0 - - [20/Jan/2024:22:06:42 +0100] "POST /wp-login.php HTTP/1.1" 200 9608 cronicareinodearagon.com "-" "Mozilla/5.0 (Windows NT 10.0; WOW64) AppleWebKit/537.36 (KHTML, like Gecko) Chrome/79.0.3945.130 Safari/537.36" "-"
82.165.88.0 - - [20/Jan/2024:22:06:43 +0100] "POST /wp-cron.php?doing_wp_cron=1705784803.2219800949096679687500 HTTP/1.1" 200 - cronicareinodearagon.com "-" "WordPress/6.2.2; https://cronicareinodearagon.com" "-"
212.227.216.0 - - [20/Jan/2024:22:08:12 +0100] "GET /sitemap_index.xml HTTP/1.1" 200 317 cronicareinodearagon.com "-" "IonCrawl (https://www.ionos.de/terms-gtc/faq-crawler-en/)" "-"
82.165.88.0 - - [20/Jan/2024:22:08:13 +0100] "POST /wp-cron.php?doing_wp_cron=1705784892.9989190101623535156250 HTTP/1.1" 200 - cronicareinodearagon.com "-" "WordPress/6.2.2; https://cronicareinodearagon.com" "-"
212.227.216.0 - - [20/Jan/2024:22:10:47 +0100] "GET / HTTP/1.1" 200 336 cronicadehuelva.com "-" "IonCrawl (https://www.ionos.de/terms-gtc/faq-crawler-en/)" "-"
212.227.216.0 - - [20/Jan/2024:22:10:49 +0100] "GET /wp-cron.php HTTP/1.1" 404 596 cronicadehuelva.com "-" "IonCrawl (https://www.ionos.de/terms-gtc/faq-crawler-en/)" "-"
66.249.84.0 - - [20/Jan/2024:22:11:13 +0100] "GET /category/educacion/feed/ HTTP/1.1" 200 16487 cronicareinodearagon.com "-" "FeedFetcher-Google; (+http://www.google.com/feedfetcher.html)" "-"
212.227.216.0 - - [20/Jan/2024:22:13:35 +0100] "GET /defaultsite HTTP/1.1" 200 18994 cronicadehuelva.com "-" "IonCrawl (https://www.ionos.de/terms-gtc/faq-crawler-en/)" "-"
192.99.15.0 - - [20/Jan/2024:22:19:26 +0100] "GET /robots.txt HTTP/1.1" 200 202 cronicareinodearagon.com "-" "Mozilla/5.0 (compatible; MJ12bot/v1.4.8; http://mj12bot.com/)" "-"
82.165.88.0 - - [20/Jan/2024:22:19:28 +0100] "POST /wp-cron.php?doing_wp_cron=1705785568.1158089637756347656250 HTTP/1.1" 200 - cronicareinodearagon.com "-" "WordPress/6.2.2; https://cronicareinodearagon.com" "-"
192.99.15.0 - - [20/Jan/2024:22:19:30 +0100] "GET /aragon/psoe-aragon-estrategia-cuidado-mayores/ HTTP/1.1" 200 35482 cronicareinodearagon.com "-" "Mozilla/5.0 (compatible; MJ12bot/v1.4.8; http://mj12bot.com/)" "-"
192.99.15.0 - - [20/Jan/2024:22:19:32 +0100] "GET /wp-content/uploads/2021/08/Parte_antigua_de_Ca%CC%81ceres_Extremadura_Espan%CC%83a-scaled.jpeg HTTP/1.1" 200 561253 cronicareinodearagon.com "-" "Mozilla/5.0 (compatible; MJ12bot/v1.4.8; http://mj12bot.com/)" "-"
74.125.212.0 - - [20/Jan/2024:22:27:30 +0100] "GET /category/economia/feed/ HTTP/1.1" 200 12913 cronicareinodearagon.com "-" "FeedFetcher-Google; (+http://www.google.com/feedfetcher.html)" "-"
162.19.77.0 - - [20/Jan/2024:22:27:50 +0100] "POST /wp-login.php HTTP/1.1" 200 9608 cronicareinodearagon.com "-" "Mozilla/5.0 (Windows NT 10.0; Win64; x64) AppleWebKit/537.36 (KHTML, like Gecko) Chrome/62.0.3202.89 Safari/537.36" "-"
82.165.88.0 - - [20/Jan/2024:22:27:51 +0100] "POST /wp-cron.php?doing_wp_cron=1705786071.4846100807189941406250 HTTP/1.1" 200 - cronicareinodearagon.com "-" "WordPress/6.2.2; https://cronicareinodearagon.com" "-"
66.249.84.0 - - [20/Jan/2024:22:28:27 +0100] "GET /category/sociedad/feed/ HTTP/1.1" 200 16233 cronicareinodearagon.com "-" "FeedFetcher-Google; (+http://www.google.com/feedfetcher.html)" "-"
195.123.228.0 - - [20/Jan/2024:22:34:16 +0100] "GET /aragon/resultados-elecciones-autonomicas-municipales-aragon/ HTTP/1.1" 200 169150 cronicareinodearagon.com "https://cronicareinodearagon.com/aragon/resultados-elecciones-autonomicas-municipales-aragon/#comment-2630" "Mozilla/5.0 (Windows NT 6.1; WOW64) AppleWebKit/537.36 (KHTML, like Gecko) Chrome/103.0.0.0 Safari/537.36" "-"
82.165.88.0 - - [20/Jan/2024:22:34:18 +0100] "POST /wp-cron.php?doing_wp_cron=1705786458.8838720321655273437500 HTTP/1.1" 200 - cronicareinodearagon.com "-" "WordPress/6.2.2; https://cronicareinodearagon.com" "-"
195.123.228.0 - - [20/Jan/2024:22:34:18 +0100] "POST /wp-comments-post.php HTTP/1.1" 302 - cronicareinodearagon.com "https://cronicareinodearagon.com/aragon/resultados-elecciones-autonomicas-municipales-aragon/#comment-2630" "Mozilla/5.0 (Windows NT 6.1; WOW64) AppleWebKit/537.36 (KHTML, like Gecko) Chrome/103.0.0.0 Safari/537.36" "-"
195.123.228.0 - - [20/Jan/2024:22:34:19 +0100] "GET /aragon/resultados-elecciones-autonomicas-municipales-aragon/ HTTP/1.1" 200 169050 cronicareinodearagon.com "https://cronicareinodearagon.com/aragon/resultados-elecciones-autonomicas-municipales-aragon/#comment-2805" "Mozilla/5.0 (Windows NT 6.1; WOW64) AppleWebKit/537.36 (KHTML, like Gecko) Chrome/103.0.0.0 Safari/537.36" "-"
54.36.148.0 - - [20/Jan/2024:22:40:24 +0100] "GET /opinion/plusvalia-opinion-gana-impuesto/ HTTP/1.1" 200 174350 cronicareinodearagon.com "-" "Mozilla/5.0 (compatible; AhrefsBot/7.0; +http://ahrefs.com/robot/)" "-"
82.165.88.0 - - [20/Jan/2024:22:40:25 +0100] "POST /wp-cron.php?doing_wp_cron=1705786825.2820899486541748046875 HTTP/1.1" 200 - cronicareinodearagon.com "-" "WordPress/6.2.2; https://cronicareinodearagon.com" "-"
145.239.208.0 - - [20/Jan/2024:22:41:19 +0100] "POST /wp-login.php HTTP/1.1" 200 414 cronicareinodearagon.com "-" "Mozilla/5.0 (Windows NT 10.0; WOW64) AppleWebKit/537.36 (KHTML, like Gecko) Chrome/46.0.2490.86 Safari/537.36" "-"
82.165.88.0 - - [20/Jan/2024:22:41:20 +0100] "POST /wp-cron.php?doing_wp_cron=1705786880.2657480239868164062500 HTTP/1.1" 200 - cronicareinodearagon.com "-" "WordPress/6.2.2; https://cronicareinodearagon.com" "-"
82.165.88.0 - - [20/Jan/2024:22:47:33 +0100] "POST /wp-cron.php?doing_wp_cron=1705787253.5204110145568847656250 HTTP/1.1" 200 - cronicareinodearagon.com "-" "WordPress/6.2.2; https://cronicareinodearagon.com" "-"
34.65.234.0 - - [20/Jan/2024:22:47:33 +0100] "POST /wp-login.php HTTP/1.1" 200 9580 cronicareinodearagon.com "-" "Mozilla/5.0 (Windows NT 6.3; Win64; x64) AppleWebKit/537.36 (KHTML, like Gecko) Chrome/68.0.3440.106 Safari/537.36" "-"
82.165.88.0 - - [20/Jan/2024:22:48:55 +0100] "POST /wp-cron.php?doing_wp_cron=1705787335.8753778934478759765625 HTTP/1.1" 200 - cronicareinodearagon.com "-" "WordPress/6.2.2; https://cronicareinodearagon.com" "-"
141.94.247.0 - - [20/Jan/2024:22:48:55 +0100] "POST /wp-login.php HTTP/1.1" 200 9608 cronicareinodearagon.com "-" "Mozilla/5.0 (Windows NT 6.1; WOW64) AppleWebKit/537.36 (KHTML, like Gecko) Chrome/63.0.3239.132 Safari/537.36" "-"
172.203.143.0 - - [20/Jan/2024:22:54:49 +0100] "GET /.env HTTP/1.1" 300 492 cronicadealmeria.com "-" "Mozilla/5.0 (Windows NT 6.1) AppleWebKit/537.36 (KHTML, like Gecko) Chrome/86.0.4240.183 Safari/537.36" "-"
172.203.143.0 - - [20/Jan/2024:22:54:49 +0100] "GET /conf/.env HTTP/1.1" 404 596 cronicadealmeria.com "-" "Mozilla/5.0 (Windows NT 6.1) AppleWebKit/537.36 (KHTML, like Gecko) Chrome/86.0.4240.183 Safari/537.36" "-"
172.203.143.0 - - [20/Jan/2024:22:54:49 +0100] "GET /wp-content/.env HTTP/1.1" 404 596 cronicadealmeria.com "-" "Mozilla/5.0 (Windows NT 6.1) AppleWebKit/537.36 (KHTML, like Gecko) Chrome/86.0.4240.183 Safari/537.36" "-"
172.203.143.0 - - [20/Jan/2024:22:54:49 +0100] "GET /wp-admin/.env HTTP/1.1" 404 596 cronicadealmeria.com "-" "Mozilla/5.0 (Windows NT 6.1) AppleWebKit/537.36 (KHTML, like Gecko) Chrome/86.0.4240.183 Safari/537.36" "-"
172.203.143.0 - - [20/Jan/2024:22:54:49 +0100] "GET /library/.env HTTP/1.1" 404 596 cronicadealmeria.com "-" "Mozilla/5.0 (Windows NT 6.1) AppleWebKit/537.36 (KHTML, like Gecko) Chrome/86.0.4240.183 Safari/537.36" "-"
172.203.143.0 - - [20/Jan/2024:22:54:50 +0100] "GET /.env HTTP/1.1" 300 492 cronicadearagon.com "-" "Mozilla/5.0 (Windows NT 6.1) AppleWebKit/537.36 (KHTML, like Gecko) Chrome/86.0.4240.183 Safari/537.36" "-"
172.203.143.0 - - [20/Jan/2024:22:54:50 +0100] "GET /new/.env HTTP/1.1" 404 596 cronicadealmeria.com "-" "Mozilla/5.0 (Windows NT 6.1) AppleWebKit/537.36 (KHTML, like Gecko) Chrome/86.0.4240.183 Safari/537.36" "-"
172.203.143.0 - - [20/Jan/2024:22:54:50 +0100] "GET /vendor/.env HTTP/1.1" 404 596 cronicadealmeria.com "-" "Mozilla/5.0 (Windows NT 6.1) AppleWebKit/537.36 (KHTML, like Gecko) Chrome/86.0.4240.183 Safari/537.36" "-"
172.203.143.0 - - [20/Jan/2024:22:54:50 +0100] "GET /old/.env HTTP/1.1" 404 596 cronicadealmeria.com "-" "Mozilla/5.0 (Windows NT 6.1) AppleWebKit/537.36 (KHTML, like Gecko) Chrome/86.0.4240.183 Safari/537.36" "-"
172.203.143.0 - - [20/Jan/2024:22:54:50 +0100] "GET /local/.env HTTP/1.1" 404 596 cronicadealmeria.com "-" "Mozilla/5.0 (Windows NT 6.1) AppleWebKit/537.36 (KHTML, like Gecko) Chrome/86.0.4240.183 Safari/537.36" "-"
172.203.143.0 - - [20/Jan/2024:22:54:51 +0100] "GET /api/.env HTTP/1.1" 404 596 cronicadealmeria.com "-" "Mozilla/5.0 (Windows NT 6.1) AppleWebKit/537.36 (KHTML, like Gecko) Chrome/86.0.4240.183 Safari/537.36" "-"
172.203.143.0 - - [20/Jan/2024:22:54:51 +0100] "GET /blog/.env HTTP/1.1" 404 596 cronicadealmeria.com "-" "Mozilla/5.0 (Windows NT 6.1) AppleWebKit/537.36 (KHTML, like Gecko) Chrome/86.0.4240.183 Safari/537.36" "-"
172.203.143.0 - - [20/Jan/2024:22:54:51 +0100] "GET /crm/.env HTTP/1.1" 404 596 cronicadealmeria.com "-" "Mozilla/5.0 (Windows NT 6.1) AppleWebKit/537.36 (KHTML, like Gecko) Chrome/86.0.4240.183 Safari/537.36" "-"
172.203.143.0 - - [20/Jan/2024:22:54:51 +0100] "GET /admin/.env HTTP/1.1" 404 596 cronicadealmeria.com "-" "Mozilla/5.0 (Windows NT 6.1) AppleWebKit/537.36 (KHTML, like Gecko) Chrome/86.0.4240.183 Safari/537.36" "-"
172.203.143.0 - - [20/Jan/2024:22:54:51 +0100] "GET /laravel/.env HTTP/1.1" 404 596 cronicadealmeria.com "-" "Mozilla/5.0 (Windows NT 6.1) AppleWebKit/537.36 (KHTML, like Gecko) Chrome/86.0.4240.183 Safari/537.36" "-"
172.203.143.0 - - [20/Jan/2024:22:54:52 +0100] "GET /.env HTTP/1.1" 300 492 cronicadecadiz.com "-" "Mozilla/5.0 (Windows NT 6.1) AppleWebKit/537.36 (KHTML, like Gecko) Chrome/86.0.4240.183 Safari/537.36" "-"
172.203.143.0 - - [20/Jan/2024:22:54:52 +0100] "GET /conf/.env HTTP/1.1" 404 596 cronicadecadiz.com "-" "Mozilla/5.0 (Windows NT 6.1) AppleWebKit/537.36 (KHTML, like Gecko) Chrome/86.0.4240.183 Safari/537.36" "-"
172.203.143.0 - - [20/Jan/2024:22:54:52 +0100] "GET /wp-content/.env HTTP/1.1" 404 596 cronicadecadiz.com "-" "Mozilla/5.0 (Windows NT 6.1) AppleWebKit/537.36 (KHTML, like Gecko) Chrome/86.0.4240.183 Safari/537.36" "-"
172.203.143.0 - - [20/Jan/2024:22:54:52 +0100] "GET /wp-admin/.env HTTP/1.1" 404 596 cronicadecadiz.com "-" "Mozilla/5.0 (Windows NT 6.1) AppleWebKit/537.36 (KHTML, like Gecko) Chrome/86.0.4240.183 Safari/537.36" "-"
172.203.143.0 - - [20/Jan/2024:22:54:52 +0100] "GET /.env HTTP/1.1" 300 492 cronicadeasturias.com "-" "Mozilla/5.0 (Windows NT 6.1) AppleWebKit/537.36 (KHTML, like Gecko) Chrome/86.0.4240.183 Safari/537.36" "-"
172.203.143.0 - - [20/Jan/2024:22:54:52 +0100] "GET /conf/.env HTTP/1.1" 404 596 cronicadeasturias.com "-" "Mozilla/5.0 (Windows NT 6.1) AppleWebKit/537.36 (KHTML, like Gecko) Chrome/86.0.4240.183 Safari/537.36" "-"
172.203.143.0 - - [20/Jan/2024:22:54:52 +0100] "GET /wp-content/.env HTTP/1.1" 404 596 cronicadeasturias.com "-" "Mozilla/5.0 (Windows NT 6.1) AppleWebKit/537.36 (KHTML, like Gecko) Chrome/86.0.4240.183 Safari/537.36" "-"
172.203.143.0 - - [20/Jan/2024:22:54:52 +0100] "GET /wp-admin/.env HTTP/1.1" 404 596 cronicadeasturias.com "-" "Mozilla/5.0 (Windows NT 6.1) AppleWebKit/537.36 (KHTML, like Gecko) Chrome/86.0.4240.183 Safari/537.36" "-"
172.203.143.0 - - [20/Jan/2024:22:54:52 +0100] "GET /library/.env HTTP/1.1" 404 596 cronicadeasturias.com "-" "Mozilla/5.0 (Windows NT 6.1) AppleWebKit/537.36 (KHTML, like Gecko) Chrome/86.0.4240.183 Safari/537.36" "-"
172.203.143.0 - - [20/Jan/2024:22:54:52 +0100] "GET /app/.env HTTP/1.1" 404 596 cronicadealmeria.com "-" "Mozilla/5.0 (Windows NT 6.1) AppleWebKit/537.36 (KHTML, like Gecko) Chrome/86.0.4240.183 Safari/537.36" "-"
172.203.143.0 - - [20/Jan/2024:22:54:52 +0100] "GET /app/config/.env HTTP/1.1" 404 596 cronicadealmeria.com "-" "Mozilla/5.0 (Windows NT 6.1) AppleWebKit/537.36 (KHTML, like Gecko) Chrome/86.0.4240.183 Safari/537.36" "-"
172.203.143.0 - - [20/Jan/2024:22:54:52 +0100] "GET /apps/.env HTTP/1.1" 404 596 cronicadealmeria.com "-" "Mozilla/5.0 (Windows NT 6.1) AppleWebKit/537.36 (KHTML, like Gecko) Chrome/86.0.4240.183 Safari/537.36" "-"
172.203.143.0 - - [20/Jan/2024:22:54:52 +0100] "GET /audio/.env HTTP/1.1" 404 596 cronicadealmeria.com "-" "Mozilla/5.0 (Windows NT 6.1) AppleWebKit/537.36 (KHTML, like Gecko) Chrome/86.0.4240.183 Safari/537.36" "-"
