File: /homepages/20/d917057205/htdocs/_ProviderRestore/logs/access.log.03.6
82.165.88.0 - - [20/Jan/2024:00:02:18 +0100] "POST /wp-cron.php?doing_wp_cron=1705705338.8707389831542968750000 HTTP/1.1" 200 - cronicareinodearagon.com "-" "WordPress/6.2.2; https://cronicareinodearagon.com" "-"
54.36.148.0 - - [20/Jan/2024:00:02:18 +0100] "GET /category/politica/page/13/ HTTP/1.1" 200 147633 cronicareinodearagon.com "-" "Mozilla/5.0 (compatible; AhrefsBot/7.0; +http://ahrefs.com/robot/)" "-"
74.125.212.0 - - [20/Jan/2024:00:09:49 +0100] "GET /category/economia/feed/ HTTP/1.1" 200 12913 cronicareinodearagon.com "-" "FeedFetcher-Google; (+http://www.google.com/feedfetcher.html)" "-"
185.241.208.0 - - [20/Jan/2024:00:11:39 +0100] "GET //wp-content/plugins/fix/up.php HTTP/1.1" 404 596 cronicadecordoba.com "-" "Mozilla/5.0 (Windows NT 10.0; Win64; x64) AppleWebKit/537.36 (KHTML, like Gecko) Chrome/85.0.4183.102 Safari/537.36" "-"
69.160.160.0 - - [20/Jan/2024:00:13:03 +0100] "GET / HTTP/1.1" 200 336 cronicadecordoba.com "http://cronicadecordoba.com" "Mozilla/5.0 AppleWebKit/537.36 (KHTML, like Gecko; compatible; Nicecrawler/1.1; +http://www.nicecrawler.com/) Chrome/90.0.4430.97 Safari/537.36" "-"
69.160.160.0 - - [20/Jan/2024:00:13:03 +0100] "GET /defaultsite HTTP/1.1" 200 18994 cronicadecordoba.com "http://cronicadecordoba.com" "Mozilla/5.0 AppleWebKit/537.36 (KHTML, like Gecko; compatible; Nicecrawler/1.1; +http://www.nicecrawler.com/) Chrome/90.0.4430.97 Safari/537.36" "-"
69.160.160.0 - - [20/Jan/2024:00:13:04 +0100] "GET / HTTP/1.1" 200 336 cronicadecordoba.com "-" "Mozilla/5.0 (X11; Linux x86_64) AppleWebKit/537.36 (KHTML, like Gecko) HeadlessChrome/81.0.4044.92 Safari/537.36" "-"
69.160.160.0 - - [20/Jan/2024:00:13:04 +0100] "GET /defaultsite HTTP/1.1" 200 18994 cronicadecordoba.com "http://cronicadecordoba.com/" "Mozilla/5.0 (X11; Linux x86_64) AppleWebKit/537.36 (KHTML, like Gecko) HeadlessChrome/81.0.4044.92 Safari/537.36" "-"
69.160.160.0 - - [20/Jan/2024:00:13:04 +0100] "GET /spicons/templates/defaultsite/es-ES/images/css/main.css HTTP/1.1" 200 486180 cronicadecordoba.com "http://cronicadecordoba.com/defaultsite" "Mozilla/5.0 (X11; Linux x86_64) AppleWebKit/537.36 (KHTML, like Gecko) HeadlessChrome/81.0.4044.92 Safari/537.36" "-"
69.160.160.0 - - [20/Jan/2024:00:13:04 +0100] "GET /spicons/templates/defaultsite/es-ES/images/webhosting.jpeg HTTP/1.1" 200 20538 cronicadecordoba.com "http://cronicadecordoba.com/defaultsite" "Mozilla/5.0 (X11; Linux x86_64) AppleWebKit/537.36 (KHTML, like Gecko) HeadlessChrome/81.0.4044.92 Safari/537.36" "-"
69.160.160.0 - - [20/Jan/2024:00:13:04 +0100] "GET /spicons/templates/defaultsite/es-ES/images/vi-logo.svg HTTP/1.1" 200 2042 cronicadecordoba.com "http://cronicadecordoba.com/defaultsite" "Mozilla/5.0 (X11; Linux x86_64) AppleWebKit/537.36 (KHTML, like Gecko) HeadlessChrome/81.0.4044.92 Safari/537.36" "-"
69.160.160.0 - - [20/Jan/2024:00:13:04 +0100] "GET /spicons/templates/defaultsite/es-ES/images/mywebsite.jpeg HTTP/1.1" 200 23580 cronicadecordoba.com "http://cronicadecordoba.com/defaultsite" "Mozilla/5.0 (X11; Linux x86_64) AppleWebKit/537.36 (KHTML, like Gecko) HeadlessChrome/81.0.4044.92 Safari/537.36" "-"
69.160.160.0 - - [20/Jan/2024:00:13:04 +0100] "GET /spicons/templates/defaultsite/es-ES/images/vps.jpeg HTTP/1.1" 200 23125 cronicadecordoba.com "http://cronicadecordoba.com/defaultsite" "Mozilla/5.0 (X11; Linux x86_64) AppleWebKit/537.36 (KHTML, like Gecko) HeadlessChrome/81.0.4044.92 Safari/537.36" "-"
69.160.160.0 - - [20/Jan/2024:00:13:05 +0100] "GET /spicons/templates/defaultsite/es-ES/images/ic-world.svg HTTP/1.1" 200 1248 cronicadecordoba.com "http://cronicadecordoba.com/defaultsite" "Mozilla/5.0 (X11; Linux x86_64) AppleWebKit/537.36 (KHTML, like Gecko) HeadlessChrome/81.0.4044.92 Safari/537.36" "-"
69.160.160.0 - - [20/Jan/2024:00:13:05 +0100] "GET /spicons/templates/defaultsite/es-ES/images/domain.svg HTTP/1.1" 200 2095 cronicadecordoba.com "http://cronicadecordoba.com/defaultsite" "Mozilla/5.0 (X11; Linux x86_64) AppleWebKit/537.36 (KHTML, like Gecko) HeadlessChrome/81.0.4044.92 Safari/537.36" "-"
69.160.160.0 - - [20/Jan/2024:00:13:05 +0100] "GET /spicons/templates/defaultsite/es-ES/images/domain_transfer.svg HTTP/1.1" 200 1201 cronicadecordoba.com "http://cronicadecordoba.com/defaultsite" "Mozilla/5.0 (X11; Linux x86_64) AppleWebKit/537.36 (KHTML, like Gecko) HeadlessChrome/81.0.4044.92 Safari/537.36" "-"
66.249.84.0 - - [20/Jan/2024:00:14:29 +0100] "GET /category/politica/feed/ HTTP/1.1" 200 59109 cronicareinodearagon.com "-" "FeedFetcher-Google; (+http://www.google.com/feedfetcher.html)" "-"
82.165.88.0 - - [20/Jan/2024:00:14:30 +0100] "POST /wp-cron.php?doing_wp_cron=1705706069.9939820766448974609375 HTTP/1.1" 200 - cronicareinodearagon.com "-" "WordPress/6.2.2; https://cronicareinodearagon.com" "-"
43.155.138.0 - - [20/Jan/2024:00:20:35 +0100] "GET / HTTP/1.1" 301 245 www.cronicareinodearagon.com "-" "Mozilla/5.0 (iPhone; CPU iPhone OS 13_2_3 like Mac OS X) AppleWebKit/605.1.15 (KHTML, like Gecko) Version/13.0.3 Mobile/15E148 Safari/604.1" "-"
43.155.138.0 - - [20/Jan/2024:00:20:35 +0100] "GET / HTTP/1.1" 200 336 www.cronicadeextremadura.com "-" "Mozilla/5.0 (iPhone; CPU iPhone OS 13_2_3 like Mac OS X) AppleWebKit/605.1.15 (KHTML, like Gecko) Version/13.0.3 Mobile/15E148 Safari/604.1" "-"
43.155.138.0 - - [20/Jan/2024:00:20:40 +0100] "GET / HTTP/1.1" 301 - www.cronicareinodearagon.com "http://www.cronicareinodearagon.com" "Mozilla/5.0 (iPhone; CPU iPhone OS 13_2_3 like Mac OS X) AppleWebKit/605.1.15 (KHTML, like Gecko) Version/13.0.3 Mobile/15E148 Safari/604.1" "-"
82.165.88.0 - - [20/Jan/2024:00:20:41 +0100] "POST /wp-cron.php?doing_wp_cron=1705706440.9984641075134277343750 HTTP/1.1" 200 - cronicareinodearagon.com "-" "WordPress/6.2.2; https://cronicareinodearagon.com" "-"
43.155.138.0 - - [20/Jan/2024:00:20:45 +0100] "GET / HTTP/1.1" 200 41736 cronicareinodearagon.com "https://www.cronicareinodearagon.com/" "Mozilla/5.0 (iPhone; CPU iPhone OS 13_2_3 like Mac OS X) AppleWebKit/605.1.15 (KHTML, like Gecko) Version/13.0.3 Mobile/15E148 Safari/604.1" "-"
82.165.88.0 - - [20/Jan/2024:00:21:15 +0100] "POST /wp-cron.php?doing_wp_cron=1705706475.4211499691009521484375 HTTP/1.1" 200 - cronicareinodearagon.com "-" "WordPress/6.2.2; https://cronicareinodearagon.com" "-"
54.36.148.0 - - [20/Jan/2024:00:21:15 +0100] "GET /aragon/16-casos-pinchazos-mujeres-andalucia/ HTTP/1.1" 200 34516 cronicareinodearagon.com "-" "Mozilla/5.0 (compatible; AhrefsBot/7.0; +http://ahrefs.com/robot/)" "-"
54.36.149.0 - - [20/Jan/2024:00:21:18 +0100] "GET /wp-content/uploads/2022/08/eca-needle_20881342_20220801112519.jpg HTTP/1.1" 200 132478 cronicareinodearagon.com "-" "Mozilla/5.0 (compatible; AhrefsBot/7.0; +http://ahrefs.com/robot/)" "-"
182.44.10.0 - - [20/Jan/2024:00:30:51 +0100] "GET / HTTP/1.1" 200 336 www.cronicadelpaisvalenciano.com "-" "Mozilla/5.0 (iPhone; CPU iPhone OS 13_2_3 like Mac OS X) AppleWebKit/605.1.15 (KHTML, like Gecko) Version/13.0.3 Mobile/15E148 Safari/604.1" "-"
64.124.8.0 - - [20/Jan/2024:00:37:40 +0100] "GET /wp-content/uploads/2023/05/feria-libro-huesca.jpg HTTP/1.1" 200 60199 cronicareinodearagon.com "-" "Mozilla/5.0 (compatible; ImagesiftBot; +imagesift.com)" "-"
54.36.148.0 - - [20/Jan/2024:00:42:09 +0100] "GET /aragon/altas-temperatuas-andalucia/ HTTP/1.1" 200 162121 cronicareinodearagon.com "-" "Mozilla/5.0 (compatible; AhrefsBot/7.0; +http://ahrefs.com/robot/)" "-"
82.165.88.0 - - [20/Jan/2024:00:42:10 +0100] "POST /wp-cron.php?doing_wp_cron=1705707730.5909979343414306640625 HTTP/1.1" 200 - cronicareinodearagon.com "-" "WordPress/6.2.2; https://cronicareinodearagon.com" "-"
54.36.148.0 - - [20/Jan/2024:00:42:13 +0100] "GET /wp-content/uploads/2022/08/calor.jpg HTTP/1.1" 200 60478 cronicareinodearagon.com "-" "Mozilla/5.0 (compatible; AhrefsBot/7.0; +http://ahrefs.com/robot/)" "-"
74.125.212.0 - - [20/Jan/2024:00:43:11 +0100] "GET /category/economia/feed/ HTTP/1.1" 200 12913 cronicareinodearagon.com "-" "FeedFetcher-Google; (+http://www.google.com/feedfetcher.html)" "-"
64.124.8.0 - - [20/Jan/2024:00:46:01 +0100] "GET /aragon/universidad-sevilla-elimina-examenes-septiembre/ HTTP/1.1" 200 127996 cronicareinodearagon.com "-" "Mozilla/5.0 (compatible; ImagesiftBot; +imagesift.com)" "-"
82.165.88.0 - - [20/Jan/2024:00:46:02 +0100] "POST /wp-cron.php?doing_wp_cron=1705707962.2600829601287841796875 HTTP/1.1" 200 - cronicareinodearagon.com "-" "WordPress/6.2.2; https://cronicareinodearagon.com" "-"
82.165.88.0 - - [20/Jan/2024:00:48:52 +0100] "POST /wp-cron.php?doing_wp_cron=1705708132.3482379913330078125000 HTTP/1.1" 200 - cronicareinodearagon.com "-" "WordPress/6.2.2; https://cronicareinodearagon.com" "-"
64.124.8.0 - - [20/Jan/2024:00:48:52 +0100] "GET /aragon/capilla-ardiente-jesus-quintero/feed/ HTTP/1.1" 304 - cronicareinodearagon.com "-" "Mozilla/5.0 (compatible; ImagesiftBot; +imagesift.com)" "-"
64.124.8.0 - - [20/Jan/2024:00:51:42 +0100] "GET /aragon/conferencia-hidrografica-guadalquivir-donana/ HTTP/1.1" 200 127656 cronicareinodearagon.com "-" "Mozilla/5.0 (compatible; ImagesiftBot; +imagesift.com)" "-"
82.165.88.0 - - [20/Jan/2024:00:51:43 +0100] "POST /wp-cron.php?doing_wp_cron=1705708303.0802700519561767578125 HTTP/1.1" 200 - cronicareinodearagon.com "-" "WordPress/6.2.2; https://cronicareinodearagon.com" "-"
82.165.88.0 - - [20/Jan/2024:00:54:40 +0100] "POST /wp-cron.php?doing_wp_cron=1705708480.9567649364471435546875 HTTP/1.1" 200 - cronicareinodearagon.com "-" "WordPress/6.2.2; https://cronicareinodearagon.com" "-"
64.124.8.0 - - [20/Jan/2024:00:54:40 +0100] "GET /category/economia/page/6/ HTTP/1.1" 200 147569 cronicareinodearagon.com "-" "Mozilla/5.0 (compatible; ImagesiftBot; +imagesift.com)" "-"
66.249.84.0 - - [20/Jan/2024:01:03:27 +0100] "GET /category/sociedad/feed/ HTTP/1.1" 200 16233 cronicareinodearagon.com "-" "FeedFetcher-Google; (+http://www.google.com/feedfetcher.html)" "-"
82.165.88.0 - - [20/Jan/2024:01:03:42 +0100] "POST /wp-cron.php?doing_wp_cron=1705709022.7911190986633300781250 HTTP/1.1" 200 - cronicareinodearagon.com "-" "WordPress/6.2.2; https://cronicareinodearagon.com" "-"
54.36.148.0 - - [20/Jan/2024:01:03:42 +0100] "GET /aragon/ola-calor-andalucia-temperaturas-aviso-amarillo/ HTTP/1.1" 200 159623 cronicareinodearagon.com "-" "Mozilla/5.0 (compatible; AhrefsBot/7.0; +http://ahrefs.com/robot/)" "-"
88.4.57.0 - - [20/Jan/2024:01:03:43 +0100] "GET /wp-content/uploads/2023/05/novaltia.jpg HTTP/1.1" 200 32368 cronicareinodearagon.com "https://www.google.es/" "Mozilla/5.0 (iPhone; CPU iPhone OS 17_2_1 like Mac OS X) AppleWebKit/605.1.15 (KHTML, like Gecko) Version/17.2 Mobile/15E148 Safari/604.1" "-"
54.36.148.0 - - [20/Jan/2024:01:03:45 +0100] "GET /wp-content/uploads/2022/07/CJUI1nIWEAA8TLz-e1657992851187.jpg HTTP/1.1" 200 80114 cronicareinodearagon.com "-" "Mozilla/5.0 (compatible; AhrefsBot/7.0; +http://ahrefs.com/robot/)" "-"
198.20.67.0 - - [20/Jan/2024:01:06:41 +0100] "GET / HTTP/1.1" 200 336 www.cronicademalaga.com "http://www.google.com/url?url=www.cronicademalaga.com&yahoo.com" "Mozilla/5.0 (compatible; MSIE 9.0; Windows NT 6.1; WOW64; Trident/6.0)" "-"
198.20.67.0 - - [20/Jan/2024:01:06:42 +0100] "GET /th1s_1s_a_4o4.html HTTP/1.1" 404 596 www.cronicademalaga.com "http://www.google.com/url?url=www.cronicademalaga.com&yahoo.com" "Mozilla/5.0 (compatible; MSIE 9.0; Windows NT 6.1; WOW64; Trident/6.0)" "-"
198.20.67.0 - - [20/Jan/2024:01:06:43 +0100] "GET /spicons/templates/defaultsite/es-ES/images/domain.svg HTTP/1.1" 200 2095 www.cronicademalaga.com "http://www.google.com/url?url=www.cronicademalaga.com&yahoo.com" "Mozilla/5.0 (compatible; MSIE 9.0; Windows NT 6.1; WOW64; Trident/6.0)" "-"
198.20.67.0 - - [20/Jan/2024:01:06:43 +0100] "GET /spicons/templates/defaultsite/es-ES/images/css/main.css HTTP/1.1" 200 486180 www.cronicademalaga.com "http://www.google.com/url?url=www.cronicademalaga.com&yahoo.com" "Mozilla/5.0 (compatible; MSIE 9.0; Windows NT 6.1; WOW64; Trident/6.0)" "-"
198.20.67.0 - - [20/Jan/2024:01:06:44 +0100] "GET /defaultsite HTTP/1.1" 200 18994 www.cronicademalaga.com "-" "SiteLockSpider [en] (WinNT; I ;Nav)" "-"
198.20.67.0 - - [20/Jan/2024:01:06:45 +0100] "GET /spicons/templates/defaultsite/es-ES/images/domain_transfer.svg HTTP/1.1" 200 1201 www.cronicademalaga.com "-" "SiteLockSpider [en] (WinNT; I ;Nav)" "-"
198.20.67.0 - - [20/Jan/2024:01:06:46 +0100] "GET /spicons/templates/defaultsite/es-ES/images/ic-world.svg HTTP/1.1" 200 1248 www.cronicademalaga.com "-" "SiteLockSpider [en] (WinNT; I ;Nav)" "-"
198.20.67.0 - - [20/Jan/2024:01:06:46 +0100] "GET /domaincheckresult?__SBMT:d359e110d15:=1&__SYNT:d359e110d15:__CMD(domaincheckresult):RETWRP=domainselect&__SYNT:d359e110d15:__CMD(domaincheckresult):SELWRP=multicheck&__SYNT:d359e110d15:__forcestop=true&__pageflow=Order&__sendingdata=1&linkId=ct.btn.check.default-page-check&multicheck.Domain=1 HTTP/1.1" 404 596 www.cronicademalaga.com "-" "SiteLockSpider [en] (WinNT; I ;Nav)" "-"
205.185.127.0 - - [20/Jan/2024:01:13:24 +0100] "GET /?author=7 HTTP/1.1" 301 - cronicareinodearagon.com "http://www.google.com.hk" "Mozilla/5.0 (Windows NT 6.1; WOW64) AppleWebKit/537.36 (KHTML, like Gecko) Chrome/42.0.2311.90 Safari/537.36" "-"
82.165.88.0 - - [20/Jan/2024:01:13:24 +0100] "POST /wp-cron.php?doing_wp_cron=1705709604.5148220062255859375000 HTTP/1.1" 200 - cronicareinodearagon.com "-" "WordPress/6.2.2; https://cronicareinodearagon.com" "-"
205.185.127.0 - - [20/Jan/2024:01:13:25 +0100] "GET / HTTP/1.1" 200 41722 cronicareinodearagon.com "http://www.google.com.hk" "Mozilla/5.0 (Windows NT 6.1; WOW64) AppleWebKit/537.36 (KHTML, like Gecko) Chrome/42.0.2311.90 Safari/537.36" "-"
66.249.72.0 - - [20/Jan/2024:01:14:12 +0100] "GET /robots.txt HTTP/1.1" 200 202 cronicareinodearagon.com "-" "Mozilla/5.0 (compatible; Googlebot/2.1; +http://www.google.com/bot.html)" "-"
82.165.88.0 - - [20/Jan/2024:01:14:13 +0100] "POST /wp-cron.php?doing_wp_cron=1705709653.2373158931732177734375 HTTP/1.1" 200 - cronicareinodearagon.com "-" "WordPress/6.2.2; https://cronicareinodearagon.com" "-"
74.125.212.0 - - [20/Jan/2024:01:15:58 +0100] "GET /category/economia/feed/ HTTP/1.1" 200 12913 cronicareinodearagon.com "-" "FeedFetcher-Google; (+http://www.google.com/feedfetcher.html)" "-"
86.6.89.0 - - [20/Jan/2024:01:17:18 +0100] "GET /wp-content/uploads/2023/05/javier-lamban-entrevista.jpg HTTP/1.1" 200 32222 cronicareinodearagon.com "https://www.google.com/" "Mozilla/5.0 (Windows NT 10.0; Win64; x64) AppleWebKit/537.36 (KHTML, like Gecko) Chrome/120.0.0.0 Safari/537.36" "-"
74.125.212.0 - - [20/Jan/2024:01:17:22 +0100] "GET /category/economia/feed/ HTTP/1.1" 200 12913 cronicareinodearagon.com "-" "FeedFetcher-Google; (+http://www.google.com/feedfetcher.html)" "-"
86.6.89.0 - - [20/Jan/2024:01:17:28 +0100] "GET /wp-content/uploads/2023/05/javier-lamban-entrevista.jpg HTTP/1.1" 200 32222 cronicareinodearagon.com "https://www.google.com/" "Mozilla/5.0 (Windows NT 10.0; Win64; x64) AppleWebKit/537.36 (KHTML, like Gecko) Chrome/120.0.0.0 Safari/537.36" "-"
128.199.237.0 - - [20/Jan/2024:01:21:07 +0100] "GET /wp-includes/wlwmanifest.xml HTTP/1.1" 404 596 grupocronicaenlibertad.com "-" "python-requests/2.21.0" "-"
128.199.237.0 - - [20/Jan/2024:01:21:08 +0100] "GET /administrator/index.php HTTP/1.1" 404 596 grupocronicaenlibertad.com "-" "python-requests/2.21.0" "-"
128.199.237.0 - - [20/Jan/2024:01:21:08 +0100] "GET /view-source: HTTP/1.1" 404 596 grupocronicaenlibertad.com "-" "python-requests/2.21.0" "-"
128.199.237.0 - - [20/Jan/2024:01:21:09 +0100] "GET /misc/ajax.js HTTP/1.1" 404 596 grupocronicaenlibertad.com "-" "python-requests/2.21.0" "-"
82.165.88.0 - - [20/Jan/2024:01:28:28 +0100] "POST /wp-cron.php?doing_wp_cron=1705710508.6367108821868896484375 HTTP/1.1" 200 - cronicareinodearagon.com "-" "WordPress/6.2.2; https://cronicareinodearagon.com" "-"
66.249.72.0 - - [20/Jan/2024:01:28:28 +0100] "GET /aragon/psoe-aragon-falsedades-pp-violencia-machista/ HTTP/1.1" 200 160954 cronicareinodearagon.com "-" "Mozilla/5.0 (Linux; Android 6.0.1; Nexus 5X Build/MMB29P) AppleWebKit/537.36 (KHTML, like Gecko) Chrome/120.0.6099.224 Mobile Safari/537.36 (compatible; Googlebot/2.1; +http://www.google.com/bot.html)" "-"
66.249.78.0 - - [20/Jan/2024:01:28:32 +0100] "GET /wp-includes/js/imagesloaded.min.js?ver=4.1.4 HTTP/1.1" 200 2010 cronicareinodearagon.com "https://cronicareinodearagon.com/aragon/psoe-aragon-falsedades-pp-violencia-machista/" "Mozilla/5.0 (Linux; Android 6.0.1; Nexus 5X Build/MMB29P) AppleWebKit/537.36 (KHTML, like Gecko) Chrome/120.0.6099.199 Mobile Safari/537.36 (compatible; Googlebot/2.1; +http://www.google.com/bot.html)" "-"
66.249.72.0 - - [20/Jan/2024:01:28:33 +0100] "GET /wp-content/themes/jnews/assets/dist/frontend.min.js?ver=10.7.9 HTTP/1.1" 200 103509 cronicareinodearagon.com "https://cronicareinodearagon.com/aragon/psoe-aragon-falsedades-pp-violencia-machista/" "Mozilla/5.0 (Linux; Android 6.0.1; Nexus 5X Build/MMB29P) AppleWebKit/537.36 (KHTML, like Gecko) Chrome/120.0.6099.199 Mobile Safari/537.36 (compatible; Googlebot/2.1; +http://www.google.com/bot.html)" "-"
199.244.88.0 - - [20/Jan/2024:01:31:34 +0100] "GET / HTTP/1.1" 200 336 cronicademalaga.com "-" "Mozilla/5.0 (X11; Linux x86_64) AppleWebKit/537.36 (KHTML, like Gecko) Chrome/105.0.0.0 Safari/537.36" "-"
139.99.62.0 - - [20/Jan/2024:01:35:49 +0100] "GET /filemanager/dialog.php HTTP/1.1" 404 596 grupocronicaenlibertad.com "-" "Mozilla/5.0 (Macintosh; Intel Mac OS X 10.15; rv:77.0) Gecko/20100101 Firefox/77.0" "-"
139.99.62.0 - - [20/Jan/2024:01:35:49 +0100] "GET /assets/filemanager/dialog.php HTTP/1.1" 404 596 grupocronicaenlibertad.com "-" "Mozilla/5.0 (Macintosh; Intel Mac OS X 10.15; rv:77.0) Gecko/20100101 Firefox/77.0" "-"
82.165.88.0 - - [20/Jan/2024:01:39:31 +0100] "POST /wp-cron.php?doing_wp_cron=1705711171.6252079010009765625000 HTTP/1.1" 200 - cronicareinodearagon.com "-" "WordPress/6.2.2; https://cronicareinodearagon.com" "-"
52.167.144.0 - - [20/Jan/2024:01:39:31 +0100] "GET /opinion/derecho-propia-imagen-sociedad-digital/ HTTP/1.1" 200 172254 cronicareinodearagon.com "-" "Mozilla/5.0 AppleWebKit/537.36 (KHTML, like Gecko; compatible; bingbot/2.0; +http://www.bing.com/bingbot.htm) Chrome/116.0.1938.76 Safari/537.36" "-"
82.165.88.0 - - [20/Jan/2024:01:50:05 +0100] "POST /wp-cron.php?doing_wp_cron=1705711805.4885330200195312500000 HTTP/1.1" 200 - cronicareinodearagon.com "-" "WordPress/6.2.2; https://cronicareinodearagon.com" "-"
66.249.84.0 - - [20/Jan/2024:01:50:05 +0100] "GET /category/politica/feed/ HTTP/1.1" 200 59109 cronicareinodearagon.com "-" "FeedFetcher-Google; (+http://www.google.com/feedfetcher.html)" "-"
82.165.88.0 - - [20/Jan/2024:01:53:01 +0100] "POST /wp-cron.php?doing_wp_cron=1705711981.9252638816833496093750 HTTP/1.1" 200 - cronicareinodearagon.com "-" "WordPress/6.2.2; https://cronicareinodearagon.com" "-"
54.36.148.0 - - [20/Jan/2024:01:53:01 +0100] "GET /aragon/restricciones-compra-hielo/ HTTP/1.1" 200 159722 cronicareinodearagon.com "-" "Mozilla/5.0 (compatible; AhrefsBot/7.0; +http://ahrefs.com/robot/)" "-"
54.36.148.0 - - [20/Jan/2024:01:53:04 +0100] "GET /wp-content/uploads/2022/08/fotonoticia_20220804133202_1920.jpg HTTP/1.1" 200 257781 cronicareinodearagon.com "-" "Mozilla/5.0 (compatible; AhrefsBot/7.0; +http://ahrefs.com/robot/)" "-"
64.23.178.0 - - [20/Jan/2024:01:54:50 +0100] "GET / HTTP/1.1" 200 336 cronicadeasturias.com "-" "Mozilla/5.0 (X11; Linux x86_64) AppleWebKit/537.36 (KHTML, like Gecko) Chrome/108.0.0.0 Safari/537.36" "-"
52.167.144.0 - - [20/Jan/2024:01:55:47 +0100] "GET /wp-content/uploads/2022/10/hidrogeno-verde-y-sus-beneficios.jpg HTTP/1.1" 200 35528 cronicareinodearagon.com "-" "Mozilla/5.0 AppleWebKit/537.36 (KHTML, like Gecko; compatible; bingbot/2.0; +http://www.bing.com/bingbot.htm) Chrome/116.0.1938.76 Safari/537.36" "-"
74.125.212.0 - - [20/Jan/2024:01:59:24 +0100] "GET /category/economia/feed/ HTTP/1.1" 200 12913 cronicareinodearagon.com "-" "FeedFetcher-Google; (+http://www.google.com/feedfetcher.html)" "-"
82.165.88.0 - - [20/Jan/2024:02:03:23 +0100] "POST /wp-cron.php?doing_wp_cron=1705712603.5966770648956298828125 HTTP/1.1" 200 - cronicareinodearagon.com "-" "WordPress/6.2.2; https://cronicareinodearagon.com" "-"
207.46.13.0 - - [20/Jan/2024:02:03:23 +0100] "GET /politica/el-rey-felipe-y-pedro-sanchez-abren-las-fronteras-terrestres-con-sus-homologos-portugueses-en-un-acto-simbolico/ HTTP/1.1" 404 145164 cronicareinodearagon.com "-" "Mozilla/5.0 AppleWebKit/537.36 (KHTML, like Gecko; compatible; bingbot/2.0; +http://www.bing.com/bingbot.htm) Chrome/116.0.1938.76 Safari/537.36" "-"
66.249.84.0 - - [20/Jan/2024:02:04:41 +0100] "GET /category/sociedad/feed/ HTTP/1.1" 200 16233 cronicareinodearagon.com "-" "FeedFetcher-Google; (+http://www.google.com/feedfetcher.html)" "-"
82.165.88.0 - - [20/Jan/2024:02:09:27 +0100] "POST /wp-cron.php?doing_wp_cron=1705712967.5119519233703613281250 HTTP/1.1" 200 - cronicareinodearagon.com "-" "WordPress/6.2.2; https://cronicareinodearagon.com" "-"
114.119.145.0 - - [20/Jan/2024:02:09:27 +0100] "GET /robots.txt HTTP/1.1" 200 202 cronicareinodearagon.com "-" "Mozilla/5.0 (compatible;PetalBot;+https://webmaster.petalsearch.com/site/petalbot)" "-"
89.149.41.0 - - [20/Jan/2024:02:15:52 +0100] "GET / HTTP/1.1" 200 336 cronicadegranada.com "-" "Mozilla/5.0 (Windows NT 10.0; Win64; x64) AppleWebKit/537.36 (KHTML, like Gecko) Chrome/95.0.4638.69 Safari/537.36" "-"
89.149.41.0 - - [20/Jan/2024:02:15:52 +0100] "GET /wp-includes/ID3/license.txt HTTP/1.1" 404 596 cronicadegranada.com "-" "Mozilla/5.0 (Windows NT 10.0; Win64; x64) AppleWebKit/537.36 (KHTML, like Gecko) Chrome/95.0.4638.69 Safari/537.36" "-"
89.149.41.0 - - [20/Jan/2024:02:15:53 +0100] "GET /feed/ HTTP/1.1" 404 596 cronicadegranada.com "-" "Mozilla/5.0 (Windows NT 10.0; Win64; x64) AppleWebKit/537.36 (KHTML, like Gecko) Chrome/95.0.4638.69 Safari/537.36" "-"
89.149.41.0 - - [20/Jan/2024:02:15:54 +0100] "GET /xmlrpc.php?rsd HTTP/1.1" 404 596 cronicadegranada.com "-" "Mozilla/5.0 (Windows NT 10.0; Win64; x64) AppleWebKit/537.36 (KHTML, like Gecko) Chrome/95.0.4638.69 Safari/537.36" "-"
89.149.41.0 - - [20/Jan/2024:02:15:58 +0100] "GET /2019/wp-includes/wlwmanifest.xml HTTP/1.1" 404 596 cronicadegranada.com "-" "Mozilla/5.0 (Windows NT 10.0; Win64; x64) AppleWebKit/537.36 (KHTML, like Gecko) Chrome/95.0.4638.69 Safari/537.36" "-"
82.165.88.0 - - [20/Jan/2024:02:17:06 +0100] "POST /wp-cron.php?doing_wp_cron=1705713426.7752211093902587890625 HTTP/1.1" 200 - cronicareinodearagon.com "-" "WordPress/6.2.2; https://cronicareinodearagon.com" "-"
54.36.148.0 - - [20/Jan/2024:02:17:06 +0100] "GET /aragon/satse-reclama-mejoras-junta/ HTTP/1.1" 200 163717 cronicareinodearagon.com "-" "Mozilla/5.0 (compatible; AhrefsBot/7.0; +http://ahrefs.com/robot/)" "-"
54.36.149.0 - - [20/Jan/2024:02:17:09 +0100] "GET /wp-content/uploads/2022/07/sede-central-del-servicio-andaluz-de-salud-sas.jpg HTTP/1.1" 200 180945 cronicareinodearagon.com "-" "Mozilla/5.0 (compatible; AhrefsBot/7.0; +http://ahrefs.com/robot/)" "-"
82.165.88.0 - - [20/Jan/2024:02:30:24 +0100] "POST /wp-cron.php?doing_wp_cron=1705714224.8928940296173095703125 HTTP/1.1" 200 - cronicareinodearagon.com "-" "WordPress/6.2.2; https://cronicareinodearagon.com" "-"
54.36.148.0 - - [20/Jan/2024:02:30:24 +0100] "GET /category/sociedad/page/13/ HTTP/1.1" 200 147548 cronicareinodearagon.com "-" "Mozilla/5.0 (compatible; AhrefsBot/7.0; +http://ahrefs.com/robot/)" "-"
64.124.8.0 - - [20/Jan/2024:02:34:04 +0100] "GET /wp-content/uploads/2022/02/azulejo-blas-infante.jpg HTTP/1.1" 200 96249 cronicareinodearagon.com "-" "Mozilla/5.0 (compatible; ImagesiftBot; +imagesift.com)" "-"
128.14.211.0 - - [20/Jan/2024:02:36:06 +0100] "GET / HTTP/1.1" 301 241 cronicareinodearagon.com "-" "Mozilla/5.0 (Windows NT 10.0; Win64; x64) AppleWebKit/537.36 (KHTML, like Gecko) Chrome/60.0.3112.113 Safari/537.36" "-"
128.14.211.0 - - [20/Jan/2024:02:36:07 +0100] "GET / HTTP/1.1" 200 41722 cronicareinodearagon.com "http://cronicareinodearagon.com/" "Mozilla/5.0 (Windows NT 10.0; Win64; x64) AppleWebKit/537.36 (KHTML, like Gecko) Chrome/60.0.3112.113 Safari/537.36" "-"
128.14.211.0 - - [20/Jan/2024:02:36:07 +0100] "HEAD /icons/sphere1.png HTTP/1.1" 301 - cronicareinodearagon.com "-" "Mozilla/5.0 (Windows NT 10.0; Win64; x64) AppleWebKit/537.36 (KHTML, like Gecko) Chrome/60.0.3112.113 Safari/537.36" "-"
82.165.88.0 - - [20/Jan/2024:02:43:07 +0100] "POST /wp-cron.php?doing_wp_cron=1705714987.6560559272766113281250 HTTP/1.1" 200 - cronicareinodearagon.com "-" "WordPress/6.2.2; https://cronicareinodearagon.com" "-"
54.36.148.0 - - [20/Jan/2024:02:43:07 +0100] "GET /sociedad/csif-permiso-lactancia-docente-junta-andalucia/ HTTP/1.1" 200 166562 cronicareinodearagon.com "-" "Mozilla/5.0 (compatible; AhrefsBot/7.0; +http://ahrefs.com/robot/)" "-"
54.36.148.0 - - [20/Jan/2024:02:43:11 +0100] "GET /wp-content/uploads/2022/07/permiso-lactancia.jpg HTTP/1.1" 200 47175 cronicareinodearagon.com "-" "Mozilla/5.0 (compatible; AhrefsBot/7.0; +http://ahrefs.com/robot/)" "-"
66.249.84.0 - - [20/Jan/2024:02:45:11 +0100] "GET /category/sociedad/feed/ HTTP/1.1" 200 16233 cronicareinodearagon.com "-" "FeedFetcher-Google; (+http://www.google.com/feedfetcher.html)" "-"
82.165.88.0 - - [20/Jan/2024:02:49:47 +0100] "POST /wp-cron.php?doing_wp_cron=1705715387.5866389274597167968750 HTTP/1.1" 200 - cronicareinodearagon.com "-" "WordPress/6.2.2; https://cronicareinodearagon.com" "-"
52.167.144.0 - - [20/Jan/2024:02:49:47 +0100] "GET /aragon/andalucia-por-si-confluencia-izquierdas/ HTTP/1.1" 200 166793 cronicareinodearagon.com "-" "Mozilla/5.0 AppleWebKit/537.36 (KHTML, like Gecko; compatible; bingbot/2.0; +http://www.bing.com/bingbot.htm) Chrome/116.0.1938.76 Safari/537.36" "-"
159.65.155.0 - - [20/Jan/2024:02:51:21 +0100] "GET / HTTP/1.1" 200 336 cronicadelpaisvalenciano.com "-" "Mozilla/5.0 (X11; Linux x86_64) AppleWebKit/537.36 (KHTML, like Gecko) Chrome/108.0.0.0 Safari/537.36" "-"
66.249.78.0 - - [20/Jan/2024:02:56:19 +0100] "GET /robots.txt HTTP/1.1" 200 202 cronicareinodearagon.com "-" "Mozilla/5.0 (compatible; Googlebot/2.1; +http://www.google.com/bot.html)" "-"
82.165.88.0 - - [20/Jan/2024:02:56:20 +0100] "POST /wp-cron.php?doing_wp_cron=1705715780.1978139877319335937500 HTTP/1.1" 200 - cronicareinodearagon.com "-" "WordPress/6.2.2; https://cronicareinodearagon.com" "-"
66.249.84.0 - - [20/Jan/2024:02:56:51 +0100] "GET /category/educacion/feed/ HTTP/1.1" 200 56994 cronicareinodearagon.com "-" "FeedFetcher-Google; (+http://www.google.com/feedfetcher.html)" "-"
82.165.88.0 - - [20/Jan/2024:02:56:52 +0100] "POST /wp-cron.php?doing_wp_cron=1705715812.2338540554046630859375 HTTP/1.1" 200 - cronicareinodearagon.com "-" "WordPress/6.2.2; https://cronicareinodearagon.com" "-"
82.165.88.0 - - [20/Jan/2024:02:57:54 +0100] "POST /wp-cron.php?doing_wp_cron=1705715874.3538410663604736328125 HTTP/1.1" 200 - cronicareinodearagon.com "-" "WordPress/6.2.2; https://cronicareinodearagon.com" "-"
54.36.148.0 - - [20/Jan/2024:02:57:54 +0100] "GET /sociedad/detenido-jerez-embestir-coche-policial/ HTTP/1.1" 200 165667 cronicareinodearagon.com "-" "Mozilla/5.0 (compatible; AhrefsBot/7.0; +http://ahrefs.com/robot/)" "-"
54.36.148.0 - - [20/Jan/2024:02:57:57 +0100] "GET /wp-content/uploads/2022/08/fotonoticia_20220804143800_1920.jpg HTTP/1.1" 200 327702 cronicareinodearagon.com "-" "Mozilla/5.0 (compatible; AhrefsBot/7.0; +http://ahrefs.com/robot/)" "-"
82.165.88.0 - - [20/Jan/2024:02:58:57 +0100] "POST /wp-cron.php?doing_wp_cron=1705715937.8202099800109863281250 HTTP/1.1" 200 - cronicareinodearagon.com "-" "WordPress/6.2.2; https://cronicareinodearagon.com" "-"
66.249.84.0 - - [20/Jan/2024:02:58:57 +0100] "GET /category/politica/feed/ HTTP/1.1" 200 59109 cronicareinodearagon.com "-" "FeedFetcher-Google; (+http://www.google.com/feedfetcher.html)" "-"
82.165.88.0 - - [20/Jan/2024:03:00:23 +0100] "POST /wp-cron.php?doing_wp_cron=1705716023.7764089107513427734375 HTTP/1.1" 200 - cronicareinodearagon.com "-" "WordPress/6.2.2; https://cronicareinodearagon.com" "-"
66.249.84.0 - - [20/Jan/2024:03:00:23 +0100] "GET /category/politica/feed/ HTTP/1.1" 200 59109 cronicareinodearagon.com "-" "FeedFetcher-Google; (+http://www.google.com/feedfetcher.html)" "-"
66.249.78.0 - - [20/Jan/2024:03:18:30 +0100] "GET /politica/psoe-alto-aragon-sector-primario/ HTTP/1.1" 200 162681 cronicareinodearagon.com "-" "Mozilla/5.0 (Linux; Android 6.0.1; Nexus 5X Build/MMB29P) AppleWebKit/537.36 (KHTML, like Gecko) Chrome/120.0.6099.224 Mobile Safari/537.36 (compatible; Googlebot/2.1; +http://www.google.com/bot.html)" "-"
82.165.88.0 - - [20/Jan/2024:03:18:31 +0100] "POST /wp-cron.php?doing_wp_cron=1705717111.2906920909881591796875 HTTP/1.1" 200 - cronicareinodearagon.com "-" "WordPress/6.2.2; https://cronicareinodearagon.com" "-"
17.241.75.0 - - [20/Jan/2024:03:48:16 +0100] "GET /sociedad/exposicion-franquismo-victimas-diputacion-huelva/ HTTP/1.1" 200 172574 cronicareinodearagon.com "-" "Mozilla/5.0 (Macintosh; Intel Mac OS X 10_15_5) AppleWebKit/605.1.15 (KHTML, like Gecko) Version/13.1.1 Safari/605.1.15 (Applebot/0.1; +http://www.apple.com/go/applebot)" "-"
82.165.88.0 - - [20/Jan/2024:03:48:17 +0100] "POST /wp-cron.php?doing_wp_cron=1705718897.3633029460906982421875 HTTP/1.1" 200 - cronicareinodearagon.com "-" "WordPress/6.2.2; https://cronicareinodearagon.com" "-"
199.45.155.0 - - [20/Jan/2024:03:50:07 +0100] "GET / HTTP/1.1" 301 241 cronicareinodearagon.com "-" "Mozilla/5.0 (compatible; CensysInspect/1.1; +https://about.censys.io/)" "-"
199.45.155.0 - - [20/Jan/2024:03:50:28 +0100] "GET / HTTP/1.1" 200 41722 cronicareinodearagon.com "-" "Mozilla/5.0 (compatible; CensysInspect/1.1; +https://about.censys.io/)" "-"
199.45.155.0 - - [20/Jan/2024:03:50:37 +0100] "GET /favicon.ico HTTP/1.1" 200 8895 cronicareinodearagon.com "-" "Mozilla/5.0 (compatible; CensysInspect/1.1; +https://about.censys.io/)" "-"
82.165.88.0 - - [20/Jan/2024:03:50:49 +0100] "POST /wp-cron.php?doing_wp_cron=1705719049.7584528923034667968750 HTTP/1.1" 200 - cronicareinodearagon.com "-" "WordPress/6.2.2; https://cronicareinodearagon.com" "-"
66.249.84.0 - - [20/Jan/2024:03:50:49 +0100] "GET /category/educacion/feed/ HTTP/1.1" 200 56994 cronicareinodearagon.com "-" "FeedFetcher-Google; (+http://www.google.com/feedfetcher.html)" "-"
54.36.148.0 - - [20/Jan/2024:03:51:05 +0100] "GET /sociedad/nuevas-zonas-juego-sevilla-este/ HTTP/1.1" 200 161068 cronicareinodearagon.com "-" "Mozilla/5.0 (compatible; AhrefsBot/7.0; +http://ahrefs.com/robot/)" "-"
143.198.37.0 - - [20/Jan/2024:03:56:29 +0100] "GET / HTTP/1.1" 200 336 cronicadearagon.com "-" "Mozilla/5.0 (X11; Linux x86_64) AppleWebKit/537.36 (KHTML, like Gecko) Chrome/108.0.0.0 Safari/537.36" "-"
143.198.37.0 - - [20/Jan/2024:03:56:29 +0100] "GET / HTTP/1.1" 200 336 cronicadearagon.com "-" "Mozilla/5.0 (X11; Linux x86_64) AppleWebKit/537.36 (KHTML, like Gecko) Chrome/108.0.0.0 Safari/537.36" "-"
82.165.88.0 - - [20/Jan/2024:03:58:02 +0100] "POST /wp-cron.php?doing_wp_cron=1705719482.7303359508514404296875 HTTP/1.1" 200 - cronicareinodearagon.com "-" "WordPress/6.2.2; https://cronicareinodearagon.com" "-"
66.249.84.0 - - [20/Jan/2024:03:58:02 +0100] "GET /category/educacion/feed/ HTTP/1.1" 200 56994 cronicareinodearagon.com "-" "FeedFetcher-Google; (+http://www.google.com/feedfetcher.html)" "-"
74.125.212.0 - - [20/Jan/2024:03:59:00 +0100] "GET /category/economia/feed/ HTTP/1.1" 200 12913 cronicareinodearagon.com "-" "FeedFetcher-Google; (+http://www.google.com/feedfetcher.html)" "-"
54.39.50.0 - - [20/Jan/2024:04:04:31 +0100] "GET / HTTP/1.1" 200 336 grupocronicaenlibertad.com "http://grupocronicaenlibertad.com/" "Mozilla/5.0 (Windows NT 10.0; Win64; x64) AppleWebKit/537.36 (KHTML, like Gecko) Chrome/103.0.5060.114 Safari/537.36" "-"
54.39.50.0 - - [20/Jan/2024:04:04:31 +0100] "GET /defaultsite HTTP/1.1" 200 18994 grupocronicaenlibertad.com "http://grupocronicaenlibertad.com/defaultsite" "Mozilla/5.0 (Windows NT 10.0; Win64; x64) AppleWebKit/537.36 (KHTML, like Gecko) Chrome/103.0.5060.114 Safari/537.36" "-"
64.23.158.0 - - [20/Jan/2024:04:05:25 +0100] "GET / HTTP/1.1" 200 336 cronicadecordoba.com "-" "Mozilla/5.0 (X11; Linux x86_64) AppleWebKit/537.36 (KHTML, like Gecko) Chrome/108.0.0.0 Safari/537.36" "-"
199.244.88.0 - - [20/Jan/2024:04:05:37 +0100] "GET / HTTP/1.1" 200 336 cronicadevalencia.com "-" "Mozilla/5.0 (X11; Linux x86_64) AppleWebKit/537.36 (KHTML, like Gecko) Chrome/105.0.0.0 Safari/537.36" "-"
17.241.219.0 - - [20/Jan/2024:04:13:50 +0100] "GET /aragon/andalucia-covid-positivos-baja-autotest-sas-salud/ HTTP/1.1" 200 33973 cronicareinodearagon.com "-" "Mozilla/5.0 (Macintosh; Intel Mac OS X 10_15_5) AppleWebKit/605.1.15 (KHTML, like Gecko) Version/13.1.1 Safari/605.1.15 (Applebot/0.1; +http://www.apple.com/go/applebot)" "-"
82.165.88.0 - - [20/Jan/2024:04:13:51 +0100] "POST /wp-cron.php?doing_wp_cron=1705720431.3376379013061523437500 HTTP/1.1" 200 - cronicareinodearagon.com "-" "WordPress/6.2.2; https://cronicareinodearagon.com" "-"
54.39.50.0 - - [20/Jan/2024:04:13:56 +0100] "GET / HTTP/1.1" 200 336 grupocronicaenlibertad.com "http://grupocronicaenlibertad.com/" "Mozilla/5.0 (Windows NT 6.3; Win64; x64) AppleWebKit/537.36 (KHTML, like Gecko) Chrome/103.0.5060.114 Safari/537.36" "-"
54.39.50.0 - - [20/Jan/2024:04:13:56 +0100] "GET /defaultsite HTTP/1.1" 200 18994 grupocronicaenlibertad.com "http://grupocronicaenlibertad.com/defaultsite" "Mozilla/5.0 (Windows NT 6.3; Win64; x64) AppleWebKit/537.36 (KHTML, like Gecko) Chrome/103.0.5060.114 Safari/537.36" "-"
17.241.75.0 - - [20/Jan/2024:04:17:47 +0100] "GET /wp-includes/css/dist/block-library/style.min.css?ver=6.2.2 HTTP/1.1" 200 16406 cronicareinodearagon.com "https://cronicareinodearagon.com/aragon/andalucia-covid-positivos-baja-autotest-sas-salud/" "Mozilla/5.0 (Macintosh; Intel Mac OS X 10_15_5) AppleWebKit/605.1.15 (KHTML, like Gecko) Version/13.1.1 Safari/605.1.15 (Applebot/0.1; +http://www.apple.com/go/applebot)" "-"
17.241.227.0 - - [20/Jan/2024:04:17:48 +0100] "GET /wp-content/plugins/complianz-gdpr/assets/css/cookieblocker.min.css?ver=6.4.4 HTTP/1.1" 200 754 cronicareinodearagon.com "https://cronicareinodearagon.com/aragon/andalucia-covid-positivos-baja-autotest-sas-salud/" "Mozilla/5.0 (Macintosh; Intel Mac OS X 10_15_5) AppleWebKit/605.1.15 (KHTML, like Gecko) Version/13.1.1 Safari/605.1.15 (Applebot/0.1; +http://www.apple.com/go/applebot)" "-"
17.241.219.0 - - [20/Jan/2024:04:17:49 +0100] "GET /wp-content/plugins/metronet-profile-picture/dist/blocks.style.build.css?ver=2.6.0 HTTP/1.1" 200 4040 cronicareinodearagon.com "https://cronicareinodearagon.com/aragon/andalucia-covid-positivos-baja-autotest-sas-salud/" "Mozilla/5.0 (Macintosh; Intel Mac OS X 10_15_5) AppleWebKit/605.1.15 (KHTML, like Gecko) Version/13.1.1 Safari/605.1.15 (Applebot/0.1; +http://www.apple.com/go/applebot)" "-"
17.241.75.0 - - [20/Jan/2024:04:17:49 +0100] "GET /wp-content/themes/jnews/assets/dist/frontend.min.css?ver=10.7.9 HTTP/1.1" 200 126484 cronicareinodearagon.com "https://cronicareinodearagon.com/aragon/andalucia-covid-positivos-baja-autotest-sas-salud/" "Mozilla/5.0 (Macintosh; Intel Mac OS X 10_15_5) AppleWebKit/605.1.15 (KHTML, like Gecko) Version/13.1.1 Safari/605.1.15 (Applebot/0.1; +http://www.apple.com/go/applebot)" "-"
17.241.75.0 - - [20/Jan/2024:04:17:50 +0100] "GET /wp-content/plugins/elementor/assets/css/frontend-lite.min.css?ver=3.15.2 HTTP/1.1" 200 17137 cronicareinodearagon.com "https://cronicareinodearagon.com/aragon/andalucia-covid-positivos-baja-autotest-sas-salud/" "Mozilla/5.0 (Macintosh; Intel Mac OS X 10_15_5) AppleWebKit/605.1.15 (KHTML, like Gecko) Version/13.1.1 Safari/605.1.15 (Applebot/0.1; +http://www.apple.com/go/applebot)" "-"
17.241.75.0 - - [20/Jan/2024:04:17:50 +0100] "GET /wp-content/themes/jnews/assets/css/elementor-frontend.css?ver=10.7.9 HTTP/1.1" 200 215 cronicareinodearagon.com "https://cronicareinodearagon.com/aragon/andalucia-covid-positivos-baja-autotest-sas-salud/" "Mozilla/5.0 (Macintosh; Intel Mac OS X 10_15_5) AppleWebKit/605.1.15 (KHTML, like Gecko) Version/13.1.1 Safari/605.1.15 (Applebot/0.1; +http://www.apple.com/go/applebot)" "-"
17.241.75.0 - - [20/Jan/2024:04:17:50 +0100] "GET /wp-includes/css/classic-themes.min.css?ver=6.2.2 HTTP/1.1" 200 211 cronicareinodearagon.com "https://cronicareinodearagon.com/aragon/andalucia-covid-positivos-baja-autotest-sas-salud/" "Mozilla/5.0 (Macintosh; Intel Mac OS X 10_15_5) AppleWebKit/605.1.15 (KHTML, like Gecko) Version/13.1.1 Safari/605.1.15 (Applebot/0.1; +http://www.apple.com/go/applebot)" "-"
17.241.227.0 - - [20/Jan/2024:04:17:50 +0100] "GET /wp-content/themes/jnews/style.css?ver=10.7.9 HTTP/1.1" 200 297 cronicareinodearagon.com "https://cronicareinodearagon.com/aragon/andalucia-covid-positivos-baja-autotest-sas-salud/" "Mozilla/5.0 (Macintosh; Intel Mac OS X 10_15_5) AppleWebKit/605.1.15 (KHTML, like Gecko) Version/13.1.1 Safari/605.1.15 (Applebot/0.1; +http://www.apple.com/go/applebot)" "-"
17.241.219.0 - - [20/Jan/2024:04:17:51 +0100] "GET /wp-content/themes/jnews/assets/css/darkmode.css?ver=10.7.9 HTTP/1.1" 200 9055 cronicareinodearagon.com "https://cronicareinodearagon.com/aragon/andalucia-covid-positivos-baja-autotest-sas-salud/" "Mozilla/5.0 (Macintosh; Intel Mac OS X 10_15_5) AppleWebKit/605.1.15 (KHTML, like Gecko) Version/13.1.1 Safari/605.1.15 (Applebot/0.1; +http://www.apple.com/go/applebot)" "-"
17.241.75.0 - - [20/Jan/2024:04:17:51 +0100] "GET /wp-content/themes/jnews/data/import/newspaper/scheme.css?ver=10.7.9 HTTP/1.1" 200 1687 cronicareinodearagon.com "https://cronicareinodearagon.com/aragon/andalucia-covid-positivos-baja-autotest-sas-salud/" "Mozilla/5.0 (Macintosh; Intel Mac OS X 10_15_5) AppleWebKit/605.1.15 (KHTML, like Gecko) Version/13.1.1 Safari/605.1.15 (Applebot/0.1; +http://www.apple.com/go/applebot)" "-"
17.241.75.0 - - [20/Jan/2024:04:17:52 +0100] "GET /wp-content/plugins/jnews-social-share/assets/css/plugin.css HTTP/1.1" 200 506 cronicareinodearagon.com "https://cronicareinodearagon.com/aragon/andalucia-covid-positivos-baja-autotest-sas-salud/" "Mozilla/5.0 (Macintosh; Intel Mac OS X 10_15_5) AppleWebKit/605.1.15 (KHTML, like Gecko) Version/13.1.1 Safari/605.1.15 (Applebot/0.1; +http://www.apple.com/go/applebot)" "-"
17.241.75.0 - - [20/Jan/2024:04:17:52 +0100] "GET /wp-includes/js/jquery/jquery.min.js?ver=3.6.4 HTTP/1.1" 200 36269 cronicareinodearagon.com "https://cronicareinodearagon.com/aragon/andalucia-covid-positivos-baja-autotest-sas-salud/" "Mozilla/5.0 (Macintosh; Intel Mac OS X 10_15_5) AppleWebKit/605.1.15 (KHTML, like Gecko) Version/13.1.1 Safari/605.1.15 (Applebot/0.1; +http://www.apple.com/go/applebot)" "-"
17.241.75.0 - - [20/Jan/2024:04:17:53 +0100] "GET /wp-includes/js/jquery/jquery-migrate.min.js?ver=3.4.0 HTTP/1.1" 200 5257 cronicareinodearagon.com "https://cronicareinodearagon.com/aragon/andalucia-covid-positivos-baja-autotest-sas-salud/" "Mozilla/5.0 (Macintosh; Intel Mac OS X 10_15_5) AppleWebKit/605.1.15 (KHTML, like Gecko) Version/13.1.1 Safari/605.1.15 (Applebot/0.1; +http://www.apple.com/go/applebot)" "-"
17.241.227.0 - - [20/Jan/2024:04:17:53 +0100] "GET /wp-content/plugins/elementor/assets/lib/eicons/css/elementor-icons.min.css?ver=5.21.0 HTTP/1.1" 200 4358 cronicareinodearagon.com "https://cronicareinodearagon.com/aragon/andalucia-covid-positivos-baja-autotest-sas-salud/" "Mozilla/5.0 (Macintosh; Intel Mac OS X 10_15_5) AppleWebKit/605.1.15 (KHTML, like Gecko) Version/13.1.1 Safari/605.1.15 (Applebot/0.1; +http://www.apple.com/go/applebot)" "-"
17.241.219.0 - - [20/Jan/2024:04:17:54 +0100] "GET /wp-content/plugins/elementor/assets/lib/swiper/css/swiper.min.css?ver=5.3.6 HTTP/1.1" 200 2779 cronicareinodearagon.com "https://cronicareinodearagon.com/aragon/andalucia-covid-positivos-baja-autotest-sas-salud/" "Mozilla/5.0 (Macintosh; Intel Mac OS X 10_15_5) AppleWebKit/605.1.15 (KHTML, like Gecko) Version/13.1.1 Safari/605.1.15 (Applebot/0.1; +http://www.apple.com/go/applebot)" "-"
17.241.75.0 - - [20/Jan/2024:04:17:54 +0100] "GET /wp-content/plugins/metronet-profile-picture/js/mpp-frontend.js?ver=2.6.0 HTTP/1.1" 200 201 cronicareinodearagon.com "https://cronicareinodearagon.com/aragon/andalucia-covid-positivos-baja-autotest-sas-salud/" "Mozilla/5.0 (Macintosh; Intel Mac OS X 10_15_5) AppleWebKit/605.1.15 (KHTML, like Gecko) Version/13.1.1 Safari/605.1.15 (Applebot/0.1; +http://www.apple.com/go/applebot)" "-"
17.241.75.0 - - [20/Jan/2024:04:17:55 +0100] "GET /wp-includes/js/comment-reply.min.js?ver=6.2.2 HTTP/1.1" 200 1399 cronicareinodearagon.com "https://cronicareinodearagon.com/aragon/andalucia-covid-positivos-baja-autotest-sas-salud/" "Mozilla/5.0 (Macintosh; Intel Mac OS X 10_15_5) AppleWebKit/605.1.15 (KHTML, like Gecko) Version/13.1.1 Safari/605.1.15 (Applebot/0.1; +http://www.apple.com/go/applebot)" "-"
17.241.75.0 - - [20/Jan/2024:04:17:55 +0100] "GET /wp-includes/js/hoverIntent.min.js?ver=1.10.2 HTTP/1.1" 200 721 cronicareinodearagon.com "https://cronicareinodearagon.com/aragon/andalucia-covid-positivos-baja-autotest-sas-salud/" "Mozilla/5.0 (Macintosh; Intel Mac OS X 10_15_5) AppleWebKit/605.1.15 (KHTML, like Gecko) Version/13.1.1 Safari/605.1.15 (Applebot/0.1; +http://www.apple.com/go/applebot)" "-"
17.241.75.0 - - [20/Jan/2024:04:17:56 +0100] "GET /wp-includes/js/imagesloaded.min.js?ver=4.1.4 HTTP/1.1" 200 2010 cronicareinodearagon.com "https://cronicareinodearagon.com/aragon/andalucia-covid-positivos-baja-autotest-sas-salud/" "Mozilla/5.0 (Macintosh; Intel Mac OS X 10_15_5) AppleWebKit/605.1.15 (KHTML, like Gecko) Version/13.1.1 Safari/605.1.15 (Applebot/0.1; +http://www.apple.com/go/applebot)" "-"
17.241.227.0 - - [20/Jan/2024:04:17:56 +0100] "GET /wp-content/themes/jnews/assets/dist/frontend.min.js?ver=10.7.9 HTTP/1.1" 200 103509 cronicareinodearagon.com "https://cronicareinodearagon.com/aragon/andalucia-covid-positivos-baja-autotest-sas-salud/" "Mozilla/5.0 (Macintosh; Intel Mac OS X 10_15_5) AppleWebKit/605.1.15 (KHTML, like Gecko) Version/13.1.1 Safari/605.1.15 (Applebot/0.1; +http://www.apple.com/go/applebot)" "-"
17.241.219.0 - - [20/Jan/2024:04:17:57 +0100] "GET /wp-content/plugins/complianz-gdpr/cookiebanner/js/complianz.min.js?ver=6.4.4 HTTP/1.1" 200 12688 cronicareinodearagon.com "https://cronicareinodearagon.com/aragon/andalucia-covid-positivos-baja-autotest-sas-salud/" "Mozilla/5.0 (Macintosh; Intel Mac OS X 10_15_5) AppleWebKit/605.1.15 (KHTML, like Gecko) Version/13.1.1 Safari/605.1.15 (Applebot/0.1; +http://www.apple.com/go/applebot)" "-"
17.241.75.0 - - [20/Jan/2024:04:17:57 +0100] "GET /wp-content/plugins/jnews-social-share/assets/js/plugin.js HTTP/1.1" 200 1411 cronicareinodearagon.com "https://cronicareinodearagon.com/aragon/andalucia-covid-positivos-baja-autotest-sas-salud/" "Mozilla/5.0 (Macintosh; Intel Mac OS X 10_15_5) AppleWebKit/605.1.15 (KHTML, like Gecko) Version/13.1.1 Safari/605.1.15 (Applebot/0.1; +http://www.apple.com/go/applebot)" "-"
17.241.75.0 - - [20/Jan/2024:04:17:58 +0100] "GET /wp-content/plugins/akismet/_inc/akismet-frontend.js?ver=1683388628 HTTP/1.1" 200 3528 cronicareinodearagon.com "https://cronicareinodearagon.com/aragon/andalucia-covid-positivos-baja-autotest-sas-salud/" "Mozilla/5.0 (Macintosh; Intel Mac OS X 10_15_5) AppleWebKit/605.1.15 (KHTML, like Gecko) Version/13.1.1 Safari/605.1.15 (Applebot/0.1; +http://www.apple.com/go/applebot)" "-"
17.241.75.0 - - [20/Jan/2024:04:17:58 +0100] "GET /wp-content/plugins/elementor/assets/js/webpack.runtime.min.js?ver=3.15.2 HTTP/1.1" 200 2279 cronicareinodearagon.com "https://cronicareinodearagon.com/aragon/andalucia-covid-positivos-baja-autotest-sas-salud/" "Mozilla/5.0 (Macintosh; Intel Mac OS X 10_15_5) AppleWebKit/605.1.15 (KHTML, like Gecko) Version/13.1.1 Safari/605.1.15 (Applebot/0.1; +http://www.apple.com/go/applebot)" "-"
17.241.75.0 - - [20/Jan/2024:04:17:59 +0100] "GET /wp-content/plugins/elementor/assets/js/frontend-modules.min.js?ver=3.15.2 HTTP/1.1" 200 19256 cronicareinodearagon.com "https://cronicareinodearagon.com/aragon/andalucia-covid-positivos-baja-autotest-sas-salud/" "Mozilla/5.0 (Macintosh; Intel Mac OS X 10_15_5) AppleWebKit/605.1.15 (KHTML, like Gecko) Version/13.1.1 Safari/605.1.15 (Applebot/0.1; +http://www.apple.com/go/applebot)" "-"
17.241.227.0 - - [20/Jan/2024:04:17:59 +0100] "GET /wp-content/plugins/elementor/assets/lib/waypoints/waypoints.min.js?ver=4.0.2 HTTP/1.1" 200 3501 cronicareinodearagon.com "https://cronicareinodearagon.com/aragon/andalucia-covid-positivos-baja-autotest-sas-salud/" "Mozilla/5.0 (Macintosh; Intel Mac OS X 10_15_5) AppleWebKit/605.1.15 (KHTML, like Gecko) Version/13.1.1 Safari/605.1.15 (Applebot/0.1; +http://www.apple.com/go/applebot)" "-"
17.241.219.0 - - [20/Jan/2024:04:18:00 +0100] "GET /wp-includes/js/jquery/ui/core.min.js?ver=1.13.2 HTTP/1.1" 200 7937 cronicareinodearagon.com "https://cronicareinodearagon.com/aragon/andalucia-covid-positivos-baja-autotest-sas-salud/" "Mozilla/5.0 (Macintosh; Intel Mac OS X 10_15_5) AppleWebKit/605.1.15 (KHTML, like Gecko) Version/13.1.1 Safari/605.1.15 (Applebot/0.1; +http://www.apple.com/go/applebot)" "-"
17.241.75.0 - - [20/Jan/2024:04:18:00 +0100] "GET /wp-content/plugins/elementor/assets/js/frontend.min.js?ver=3.15.2 HTTP/1.1" 200 14219 cronicareinodearagon.com "https://cronicareinodearagon.com/aragon/andalucia-covid-positivos-baja-autotest-sas-salud/" "Mozilla/5.0 (Macintosh; Intel Mac OS X 10_15_5) AppleWebKit/605.1.15 (KHTML, like Gecko) Version/13.1.1 Safari/605.1.15 (Applebot/0.1; +http://www.apple.com/go/applebot)" "-"
17.241.75.0 - - [20/Jan/2024:04:18:01 +0100] "GET /wp-content/uploads/complianz/css/banner-1-optin.css?v=41 HTTP/1.1" 200 3432 cronicareinodearagon.com "https://cronicareinodearagon.com/aragon/andalucia-covid-positivos-baja-autotest-sas-salud/" "Mozilla/5.0 (Macintosh; Intel Mac OS X 10_15_5) AppleWebKit/605.1.15 (KHTML, like Gecko) Version/13.1.1 Safari/605.1.15 (Applebot/0.1; +http://www.apple.com/go/applebot)" "-"
17.241.75.0 - - [20/Jan/2024:04:18:02 +0100] "GET /wp-content/plugins/elementor/assets/js/lightbox.1b6e05e0607040eb8929.bundle.min.js HTTP/1.1" 200 11140 cronicareinodearagon.com "https://cronicareinodearagon.com/aragon/andalucia-covid-positivos-baja-autotest-sas-salud/" "Mozilla/5.0 (Macintosh; Intel Mac OS X 10_15_5) AppleWebKit/605.1.15 (KHTML, like Gecko) Version/13.1.1 Safari/605.1.15 (Applebot/0.1; +http://www.apple.com/go/applebot)" "-"
17.241.227.0 - - [20/Jan/2024:04:18:03 +0100] "GET /wp-content/plugins/elementor/assets/lib/share-link/share-link.min.js?ver=3.15.2 HTTP/1.1" 200 1185 cronicareinodearagon.com "https://cronicareinodearagon.com/aragon/andalucia-covid-positivos-baja-autotest-sas-salud/" "Mozilla/5.0 (Macintosh; Intel Mac OS X 10_15_5) AppleWebKit/605.1.15 (KHTML, like Gecko) Version/13.1.1 Safari/605.1.15 (Applebot/0.1; +http://www.apple.com/go/applebot)" "-"
17.241.219.0 - - [20/Jan/2024:04:18:03 +0100] "GET /wp-content/plugins/elementor/assets/lib/dialog/dialog.min.js?ver=4.9.0 HTTP/1.1" 200 3897 cronicareinodearagon.com "https://cronicareinodearagon.com/aragon/andalucia-covid-positivos-baja-autotest-sas-salud/" "Mozilla/5.0 (Macintosh; Intel Mac OS X 10_15_5) AppleWebKit/605.1.15 (KHTML, like Gecko) Version/13.1.1 Safari/605.1.15 (Applebot/0.1; +http://www.apple.com/go/applebot)" "-"
17.241.75.0 - - [20/Jan/2024:04:18:04 +0100] "GET /wp-content/plugins/elementor/assets/js/text-editor.2c35aafbe5bf0e127950.bundle.min.js HTTP/1.1" 200 688 cronicareinodearagon.com "https://cronicareinodearagon.com/aragon/andalucia-covid-positivos-baja-autotest-sas-salud/" "Mozilla/5.0 (Macintosh; Intel Mac OS X 10_15_5) AppleWebKit/605.1.15 (KHTML, like Gecko) Version/13.1.1 Safari/605.1.15 (Applebot/0.1; +http://www.apple.com/go/applebot)" "-"
54.36.148.0 - - [20/Jan/2024:04:19:53 +0100] "GET /aragon/aragon-programa-despoblacion-2023-2027/ HTTP/1.1" 200 173123 cronicareinodearagon.com "-" "Mozilla/5.0 (compatible; AhrefsBot/7.0; +http://ahrefs.com/robot/)" "-"
82.165.88.0 - - [20/Jan/2024:04:19:54 +0100] "POST /wp-cron.php?doing_wp_cron=1705720794.4222550392150878906250 HTTP/1.1" 200 - cronicareinodearagon.com "-" "WordPress/6.2.2; https://cronicareinodearagon.com" "-"
199.45.155.0 - - [20/Jan/2024:04:20:16 +0100] "GET / HTTP/1.1" 200 41722 cronicareinodearagon.com "-" "Mozilla/5.0 (compatible; CensysInspect/1.1; +https://about.censys.io/)" "-"
199.45.155.0 - - [20/Jan/2024:04:20:22 +0100] "GET /favicon.ico HTTP/1.1" 200 8895 cronicareinodearagon.com "-" "Mozilla/5.0 (compatible; CensysInspect/1.1; +https://about.censys.io/)" "-"
54.36.148.0 - - [20/Jan/2024:04:47:15 +0100] "GET /sociedad/detenido-enganar-menores-redes-sociales-abusos/ HTTP/1.1" 200 160710 cronicareinodearagon.com "-" "Mozilla/5.0 (compatible; AhrefsBot/7.0; +http://ahrefs.com/robot/)" "-"
82.165.88.0 - - [20/Jan/2024:04:47:16 +0100] "POST /wp-cron.php?doing_wp_cron=1705722436.6531639099121093750000 HTTP/1.1" 200 - cronicareinodearagon.com "-" "WordPress/6.2.2; https://cronicareinodearagon.com" "-"
82.165.88.0 - - [20/Jan/2024:04:50:32 +0100] "POST /wp-cron.php?doing_wp_cron=1705722632.9385190010070800781250 HTTP/1.1" 200 - cronicareinodearagon.com "-" "WordPress/6.2.2; https://cronicareinodearagon.com" "-"
66.249.84.0 - - [20/Jan/2024:04:50:32 +0100] "GET /category/educacion/feed/ HTTP/1.1" 200 56994 cronicareinodearagon.com "-" "FeedFetcher-Google; (+http://www.google.com/feedfetcher.html)" "-"
184.154.76.0 - - [20/Jan/2024:05:02:26 +0100] "GET / HTTP/1.1" 200 336 www.cronicadearagon.com "http://www.google.com/url?url=www.cronicadearagon.com&yahoo.com" "Mozilla/5.0 (compatible; MSIE 9.0; Windows NT 6.1; WOW64; Trident/6.0)" "-"
184.154.76.0 - - [20/Jan/2024:05:02:27 +0100] "GET /th1s_1s_a_4o4.html HTTP/1.1" 404 596 www.cronicadearagon.com "http://www.google.com/url?url=www.cronicadearagon.com&yahoo.com" "Mozilla/5.0 (compatible; MSIE 9.0; Windows NT 6.1; WOW64; Trident/6.0)" "-"
