184.154.76.0 - - [20/Jan/2024:05:02:27 +0100] "GET /spicons/templates/defaultsite/es-ES/images/css/main.css HTTP/1.1" 200 486180 www.cronicadearagon.com "http://www.google.com/url?url=www.cronicadearagon.com&yahoo.com" "Mozilla/5.0 (compatible; MSIE 9.0; Windows NT 6.1; WOW64; Trident/6.0)" "-"
184.154.76.0 - - [20/Jan/2024:05:02:29 +0100] "GET /spicons/templates/defaultsite/es-ES/images/domain.svg HTTP/1.1" 200 2095 www.cronicadearagon.com "http://www.google.com/url?url=www.cronicadearagon.com&yahoo.com" "Mozilla/5.0 (compatible; MSIE 9.0; Windows NT 6.1; WOW64; Trident/6.0)" "-"
184.154.76.0 - - [20/Jan/2024:05:02:29 +0100] "GET /spicons/templates/defaultsite/es-ES/images/ic-world.svg HTTP/1.1" 200 1248 www.cronicadearagon.com "-" "SiteLockSpider [en] (WinNT; I ;Nav)" "-"
184.154.76.0 - - [20/Jan/2024:05:02:30 +0100] "GET /spicons/templates/defaultsite/es-ES/images/domain_transfer.svg HTTP/1.1" 200 1201 www.cronicadearagon.com "-" "SiteLockSpider [en] (WinNT; I ;Nav)" "-"
184.154.76.0 - - [20/Jan/2024:05:02:31 +0100] "GET /defaultsite HTTP/1.1" 200 18994 www.cronicadearagon.com "-" "SiteLockSpider [en] (WinNT; I ;Nav)" "-"
184.154.76.0 - - [20/Jan/2024:05:02:33 +0100] "GET /domaincheckresult?__SBMT:d359e110d15:=1&__SYNT:d359e110d15:__CMD(domaincheckresult):RETWRP=domainselect&__SYNT:d359e110d15:__CMD(domaincheckresult):SELWRP=multicheck&__SYNT:d359e110d15:__forcestop=true&__pageflow=Order&__sendingdata=1&linkId=ct.btn.check.default-page-check&multicheck.Domain=1 HTTP/1.1" 404 596 www.cronicadearagon.com "-" "SiteLockSpider [en] (WinNT; I ;Nav)" "-"
82.165.88.0 - - [20/Jan/2024:05:05:38 +0100] "POST /wp-cron.php?doing_wp_cron=1705723538.7266850471496582031250 HTTP/1.1" 200 - cronicareinodearagon.com "-" "WordPress/6.2.2; https://cronicareinodearagon.com" "-"
143.198.69.0 - - [20/Jan/2024:05:05:38 +0100] "GET /category/aragon/zaragoza/ HTTP/1.1" 200 148285 cronicareinodearagon.com "-" "Mozilla/5.0 (Macintosh; Intel Mac OS X 10_15_7) AppleWebKit/537.36 (KHTML, like Gecko) Chrome/114.0.0.0 Safari/537.36" "-"
82.165.224.0 - - [20/Jan/2024:05:08:55 +0100] "GET /robots.txt HTTP/1.1" 301 251 cronicareinodearagon.com "-" "IonCrawl (https://www.ionos.de/terms-gtc/faq-crawler-en/)" "-"
82.165.224.0 - - [20/Jan/2024:05:08:55 +0100] "GET /robots.txt HTTP/1.1" 200 202 cronicareinodearagon.com "-" "IonCrawl (https://www.ionos.de/terms-gtc/faq-crawler-en/)" "-"
82.165.88.0 - - [20/Jan/2024:05:08:56 +0100] "POST /wp-cron.php?doing_wp_cron=1705723736.2640860080718994140625 HTTP/1.1" 200 - cronicareinodearagon.com "-" "WordPress/6.2.2; https://cronicareinodearagon.com" "-"
82.165.88.0 - - [20/Jan/2024:05:11:06 +0100] "POST /wp-cron.php?doing_wp_cron=1705723866.7284340858459472656250 HTTP/1.1" 200 - cronicareinodearagon.com "-" "WordPress/6.2.2; https://cronicareinodearagon.com" "-"
82.165.224.0 - - [20/Jan/2024:05:11:06 +0100] "GET /sitemap_index.xml HTTP/1.1" 200 317 cronicareinodearagon.com "-" "IonCrawl (https://www.ionos.de/terms-gtc/faq-crawler-en/)" "-"
82.165.224.0 - - [20/Jan/2024:05:11:07 +0100] "GET / HTTP/1.1" 200 41722 cronicareinodearagon.com "-" "IonCrawl (https://www.ionos.de/terms-gtc/faq-crawler-en/)" "-"
82.165.224.0 - - [20/Jan/2024:05:11:07 +0100] "HEAD /aragon/el-gobierno-de-aragon-impulsa-nueve-proyectos-empresariales-de-id-en-sector-farmaceutico-y-movilidad-sostenible/ HTTP/1.1" 200 - cronicareinodearagon.com "-" "Java/1.8.0_362" "-"
82.165.224.0 - - [20/Jan/2024:05:11:08 +0100] "HEAD /aviso-legal/ HTTP/1.1" 200 - cronicareinodearagon.com "-" "Java/1.8.0_362" "-"
82.165.224.0 - - [20/Jan/2024:05:11:08 +0100] "HEAD /aragon/nuevo-programa-de-aceleracion-gratuito-para-empresas-innovadoras/ HTTP/1.1" 200 - cronicareinodearagon.com "-" "Java/1.8.0_362" "-"
82.165.224.0 - - [20/Jan/2024:05:11:08 +0100] "GET /wp-cron.php HTTP/1.1" 200 - cronicareinodearagon.com "-" "IonCrawl (https://www.ionos.de/terms-gtc/faq-crawler-en/)" "-"
40.77.167.0 - - [20/Jan/2024:05:11:20 +0100] "GET /aragon/junta-pasaporte-covid-hosteleria-ocio-nocturno/ HTTP/1.1" 200 166113 cronicareinodearagon.com "-" "Mozilla/5.0 AppleWebKit/537.36 (KHTML, like Gecko; compatible; bingbot/2.0; +http://www.bing.com/bingbot.htm) Chrome/116.0.1938.76 Safari/537.36" "-"
40.77.167.0 - - [20/Jan/2024:05:11:36 +0100] "GET /wp-content/themes/jnews/assets/dist/frontend.min.js?ver=10.7.9 HTTP/1.1" 200 103509 cronicareinodearagon.com "-" "Mozilla/5.0 AppleWebKit/537.36 (KHTML, like Gecko; compatible; bingbot/2.0; +http://www.bing.com/bingbot.htm) Chrome/116.0.1938.76 Safari/537.36" "-"
40.77.167.0 - - [20/Jan/2024:05:11:37 +0100] "GET /wp-includes/js/jquery/jquery-migrate.min.js?ver=3.4.0 HTTP/1.1" 200 5257 cronicareinodearagon.com "-" "Mozilla/5.0 AppleWebKit/537.36 (KHTML, like Gecko; compatible; bingbot/2.0; +http://www.bing.com/bingbot.htm) Chrome/116.0.1938.76 Safari/537.36" "-"
40.77.167.0 - - [20/Jan/2024:05:11:41 +0100] "GET /wp-content/plugins/akismet/_inc/akismet-frontend.js?ver=1683388628 HTTP/1.1" 200 3528 cronicareinodearagon.com "-" "Mozilla/5.0 AppleWebKit/537.36 (KHTML, like Gecko; compatible; bingbot/2.0; +http://www.bing.com/bingbot.htm) Chrome/116.0.1938.76 Safari/537.36" "-"
40.77.167.0 - - [20/Jan/2024:05:11:41 +0100] "GET /wp-content/plugins/complianz-gdpr/cookiebanner/js/complianz.min.js?ver=6.4.4 HTTP/1.1" 200 12688 cronicareinodearagon.com "-" "Mozilla/5.0 AppleWebKit/537.36 (KHTML, like Gecko; compatible; bingbot/2.0; +http://www.bing.com/bingbot.htm) Chrome/116.0.1938.76 Safari/537.36" "-"
40.77.167.0 - - [20/Jan/2024:05:11:41 +0100] "GET /wp-content/plugins/elementor/assets/js/frontend.min.js?ver=3.15.2 HTTP/1.1" 200 14219 cronicareinodearagon.com "-" "Mozilla/5.0 AppleWebKit/537.36 (KHTML, like Gecko; compatible; bingbot/2.0; +http://www.bing.com/bingbot.htm) Chrome/116.0.1938.76 Safari/537.36" "-"
40.77.167.0 - - [20/Jan/2024:05:11:41 +0100] "GET /wp-content/plugins/elementor/assets/lib/waypoints/waypoints.min.js?ver=4.0.2 HTTP/1.1" 200 3501 cronicareinodearagon.com "-" "Mozilla/5.0 AppleWebKit/537.36 (KHTML, like Gecko; compatible; bingbot/2.0; +http://www.bing.com/bingbot.htm) Chrome/116.0.1938.76 Safari/537.36" "-"
40.77.167.0 - - [20/Jan/2024:05:11:41 +0100] "GET /wp-content/plugins/jnews-social-share/assets/js/plugin.js HTTP/1.1" 200 1411 cronicareinodearagon.com "-" "Mozilla/5.0 AppleWebKit/537.36 (KHTML, like Gecko; compatible; bingbot/2.0; +http://www.bing.com/bingbot.htm) Chrome/116.0.1938.76 Safari/537.36" "-"
52.167.144.0 - - [20/Jan/2024:05:11:46 +0100] "GET /wp-content/plugins/elementor/assets/js/webpack.runtime.min.js?ver=3.15.2 HTTP/1.1" 200 2279 cronicareinodearagon.com "-" "Mozilla/5.0 AppleWebKit/537.36 (KHTML, like Gecko; compatible; bingbot/2.0; +http://www.bing.com/bingbot.htm) Chrome/116.0.1938.76 Safari/537.36" "-"
52.167.144.0 - - [20/Jan/2024:05:11:46 +0100] "GET /wp-content/plugins/metronet-profile-picture/js/mpp-frontend.js?ver=2.6.0 HTTP/1.1" 200 201 cronicareinodearagon.com "-" "Mozilla/5.0 AppleWebKit/537.36 (KHTML, like Gecko; compatible; bingbot/2.0; +http://www.bing.com/bingbot.htm) Chrome/116.0.1938.76 Safari/537.36" "-"
54.36.148.0 - - [20/Jan/2024:05:12:33 +0100] "GET /aragon/convocadas-subvenciones-de-conciliacion-y-apoyo-a-las-familias/ HTTP/1.1" 200 33151 cronicareinodearagon.com "-" "Mozilla/5.0 (compatible; AhrefsBot/7.0; +http://ahrefs.com/robot/)" "-"
82.165.88.0 - - [20/Jan/2024:05:12:34 +0100] "POST /wp-cron.php?doing_wp_cron=1705723954.1616210937500000000000 HTTP/1.1" 200 - cronicareinodearagon.com "-" "WordPress/6.2.2; https://cronicareinodearagon.com" "-"
82.165.88.0 - - [20/Jan/2024:05:14:14 +0100] "POST /wp-cron.php?doing_wp_cron=1705724054.9526278972625732421875 HTTP/1.1" 200 - cronicareinodearagon.com "-" "WordPress/6.2.2; https://cronicareinodearagon.com" "-"
82.165.224.0 - - [20/Jan/2024:05:14:14 +0100] "GET /aragon/nuevo-programa-de-aceleracion-gratuito-para-empresas-innovadoras/ HTTP/1.1" 200 164758 cronicareinodearagon.com "-" "IonCrawl (https://www.ionos.de/terms-gtc/faq-crawler-en/)" "-"
82.165.224.0 - - [20/Jan/2024:05:14:15 +0100] "GET /aviso-legal/ HTTP/1.1" 200 141111 cronicareinodearagon.com "-" "IonCrawl (https://www.ionos.de/terms-gtc/faq-crawler-en/)" "-"
82.165.224.0 - - [20/Jan/2024:05:14:15 +0100] "HEAD /aragon/nuevo-programa-de-aceleracion-gratuito-para-empresas-innovadoras/ HTTP/1.1" 200 - cronicareinodearagon.com "-" "Java/1.8.0_362" "-"
82.165.224.0 - - [20/Jan/2024:05:14:16 +0100] "HEAD /aviso-legal/ HTTP/1.1" 200 - cronicareinodearagon.com "-" "Java/1.8.0_362" "-"
82.165.224.0 - - [20/Jan/2024:05:14:16 +0100] "HEAD /aviso-legal/ HTTP/1.1" 200 - cronicareinodearagon.com "-" "Java/1.8.0_362" "-"
82.165.224.0 - - [20/Jan/2024:05:14:16 +0100] "HEAD /aviso-legal/ HTTP/1.1" 200 - cronicareinodearagon.com "-" "Java/1.8.0_362" "-"
82.165.224.0 - - [20/Jan/2024:05:14:16 +0100] "HEAD /aragon/nuevo-programa-de-aceleracion-gratuito-para-empresas-innovadoras/ HTTP/1.1" 200 - cronicareinodearagon.com "-" "Java/1.8.0_362" "-"
82.165.224.0 - - [20/Jan/2024:05:14:16 +0100] "HEAD /aviso-legal/ HTTP/1.1" 200 - cronicareinodearagon.com "-" "Java/1.8.0_362" "-"
82.165.224.0 - - [20/Jan/2024:05:14:16 +0100] "HEAD /aragon/nuevo-programa-de-aceleracion-gratuito-para-empresas-innovadoras/ HTTP/1.1" 200 - cronicareinodearagon.com "-" "Java/1.8.0_362" "-"
82.165.224.0 - - [20/Jan/2024:05:14:24 +0100] "GET /aragon/el-gobierno-de-aragon-impulsa-nueve-proyectos-empresariales-de-id-en-sector-farmaceutico-y-movilidad-sostenible/ HTTP/1.1" 200 168225 cronicareinodearagon.com "-" "IonCrawl (https://www.ionos.de/terms-gtc/faq-crawler-en/)" "-"
82.165.224.0 - - [20/Jan/2024:05:14:25 +0100] "HEAD /aragon/el-gobierno-de-aragon-impulsa-nueve-proyectos-empresariales-de-id-en-sector-farmaceutico-y-movilidad-sostenible/ HTTP/1.1" 200 - cronicareinodearagon.com "-" "Java/1.8.0_362" "-"
82.165.224.0 - - [20/Jan/2024:05:14:25 +0100] "HEAD /aragon/el-gobierno-de-aragon-impulsa-nueve-proyectos-empresariales-de-id-en-sector-farmaceutico-y-movilidad-sostenible/ HTTP/1.1" 200 - cronicareinodearagon.com "-" "Java/1.8.0_362" "-"
82.165.224.0 - - [20/Jan/2024:05:14:25 +0100] "HEAD /aviso-legal/ HTTP/1.1" 200 - cronicareinodearagon.com "-" "Java/1.8.0_362" "-"
82.165.224.0 - - [20/Jan/2024:05:14:26 +0100] "HEAD /aragon/el-gobierno-de-aragon-impulsa-nueve-proyectos-empresariales-de-id-en-sector-farmaceutico-y-movilidad-sostenible/ HTTP/1.1" 200 - cronicareinodearagon.com "-" "Java/1.8.0_362" "-"
74.125.212.0 - - [20/Jan/2024:05:14:37 +0100] "GET /category/economia/feed/ HTTP/1.1" 200 12913 cronicareinodearagon.com "-" "FeedFetcher-Google; (+http://www.google.com/feedfetcher.html)" "-"
82.165.224.0 - - [20/Jan/2024:05:24:15 +0100] "GET /aragon/fima-digital-jornada-maquinaria-agricola/ HTTP/1.1" 200 161877 cronicareinodearagon.com "-" "IonCrawl (https://www.ionos.de/terms-gtc/faq-crawler-en/)" "-"
82.165.88.0 - - [20/Jan/2024:05:24:16 +0100] "POST /wp-cron.php?doing_wp_cron=1705724656.1351768970489501953125 HTTP/1.1" 200 - cronicareinodearagon.com "-" "WordPress/6.2.2; https://cronicareinodearagon.com" "-"
82.165.224.0 - - [20/Jan/2024:05:24:16 +0100] "GET /america/lula-da-silva-apoyo-vinicius-ataques-racistas/ HTTP/1.1" 200 162335 cronicareinodearagon.com "-" "IonCrawl (https://www.ionos.de/terms-gtc/faq-crawler-en/)" "-"
82.165.224.0 - - [20/Jan/2024:05:24:17 +0100] "HEAD /aviso-legal/ HTTP/1.1" 200 - cronicareinodearagon.com "-" "Java/1.8.0_362" "-"
82.165.224.0 - - [20/Jan/2024:05:24:17 +0100] "HEAD /aviso-legal/ HTTP/1.1" 200 - cronicareinodearagon.com "-" "Java/1.8.0_362" "-"
82.165.224.0 - - [20/Jan/2024:05:24:17 +0100] "GET /aragon/aragon-vacunacion-neumococo-junio/ HTTP/1.1" 200 161496 cronicareinodearagon.com "-" "IonCrawl (https://www.ionos.de/terms-gtc/faq-crawler-en/)" "-"
82.165.224.0 - - [20/Jan/2024:05:24:18 +0100] "HEAD /aviso-legal/ HTTP/1.1" 200 - cronicareinodearagon.com "-" "Java/1.8.0_362" "-"
82.165.224.0 - - [20/Jan/2024:05:24:21 +0100] "GET /aragon/el-biogas-como-aliado-en-la-descarbonizacion-tematica-de-jornada-de-itainnova-circe-y-clenar/ HTTP/1.1" 200 165323 cronicareinodearagon.com "-" "IonCrawl (https://www.ionos.de/terms-gtc/faq-crawler-en/)" "-"
82.165.224.0 - - [20/Jan/2024:05:24:22 +0100] "HEAD /aviso-legal/ HTTP/1.1" 200 - cronicareinodearagon.com "-" "Java/1.8.0_362" "-"
82.165.224.0 - - [20/Jan/2024:05:24:22 +0100] "GET / HTTP/1.1" 200 41722 cronicareinodearagon.com "-" "IonCrawl (https://www.ionos.de/terms-gtc/faq-crawler-en/)" "-"
82.165.224.0 - - [20/Jan/2024:05:24:23 +0100] "HEAD /aragon/el-gobierno-de-aragon-impulsa-nueve-proyectos-empresariales-de-id-en-sector-farmaceutico-y-movilidad-sostenible/ HTTP/1.1" 200 - cronicareinodearagon.com "-" "Java/1.8.0_362" "-"
82.165.224.0 - - [20/Jan/2024:05:24:23 +0100] "HEAD /aviso-legal/ HTTP/1.1" 200 - cronicareinodearagon.com "-" "Java/1.8.0_362" "-"
82.165.224.0 - - [20/Jan/2024:05:24:23 +0100] "HEAD /aragon/nuevo-programa-de-aceleracion-gratuito-para-empresas-innovadoras/ HTTP/1.1" 200 - cronicareinodearagon.com "-" "Java/1.8.0_362" "-"
82.165.224.0 - - [20/Jan/2024:05:24:23 +0100] "GET /america/el-templo-de-los-mercaderes/ HTTP/1.1" 200 179283 cronicareinodearagon.com "-" "IonCrawl (https://www.ionos.de/terms-gtc/faq-crawler-en/)" "-"
82.165.224.0 - - [20/Jan/2024:05:24:24 +0100] "GET /aragon/segundo-avance-participacion-elecciones-aragon/ HTTP/1.1" 200 35409 cronicareinodearagon.com "-" "IonCrawl (https://www.ionos.de/terms-gtc/faq-crawler-en/)" "-"
82.165.224.0 - - [20/Jan/2024:05:24:24 +0100] "HEAD /aviso-legal/ HTTP/1.1" 200 - cronicareinodearagon.com "-" "Java/1.8.0_362" "-"
82.165.224.0 - - [20/Jan/2024:05:24:24 +0100] "HEAD /aviso-legal/ HTTP/1.1" 200 - cronicareinodearagon.com "-" "Java/1.8.0_362" "-"
82.165.224.0 - - [20/Jan/2024:05:24:25 +0100] "GET /author/redaccion/ HTTP/1.1" 301 - cronicareinodearagon.com "-" "IonCrawl (https://www.ionos.de/terms-gtc/faq-crawler-en/)" "-"
82.165.224.0 - - [20/Jan/2024:05:24:26 +0100] "GET /category/america/ HTTP/1.1" 200 138177 cronicareinodearagon.com "-" "IonCrawl (https://www.ionos.de/terms-gtc/faq-crawler-en/)" "-"
82.165.224.0 - - [20/Jan/2024:05:24:26 +0100] "HEAD /aviso-legal/ HTTP/1.1" 200 - cronicareinodearagon.com "-" "Java/1.8.0_362" "-"
82.165.224.0 - - [20/Jan/2024:05:24:27 +0100] "GET /aragon/educacion-sexual-edades-tempranas-aragon/ HTTP/1.1" 200 161479 cronicareinodearagon.com "-" "IonCrawl (https://www.ionos.de/terms-gtc/faq-crawler-en/)" "-"
82.165.224.0 - - [20/Jan/2024:05:24:27 +0100] "GET /category/aragon/ HTTP/1.1" 200 29354 cronicareinodearagon.com "-" "IonCrawl (https://www.ionos.de/terms-gtc/faq-crawler-en/)" "-"
82.165.224.0 - - [20/Jan/2024:05:24:27 +0100] "HEAD /aviso-legal/ HTTP/1.1" 200 - cronicareinodearagon.com "-" "Java/1.8.0_362" "-"
82.165.224.0 - - [20/Jan/2024:05:24:27 +0100] "HEAD /aviso-legal/ HTTP/1.1" 200 - cronicareinodearagon.com "-" "Java/1.8.0_362" "-"
82.165.224.0 - - [20/Jan/2024:05:24:28 +0100] "HEAD /aragon/nuevo-programa-de-aceleracion-gratuito-para-empresas-innovadoras/ HTTP/1.1" 200 - cronicareinodearagon.com "-" "Java/1.8.0_362" "-"
82.165.224.0 - - [20/Jan/2024:05:24:29 +0100] "GET /aragon/guitarte-teruel-existe-cierre-campana/ HTTP/1.1" 200 39974 cronicareinodearagon.com "-" "IonCrawl (https://www.ionos.de/terms-gtc/faq-crawler-en/)" "-"
82.165.224.0 - - [20/Jan/2024:05:24:29 +0100] "HEAD /aviso-legal/ HTTP/1.1" 200 - cronicareinodearagon.com "-" "Java/1.8.0_362" "-"
82.165.224.0 - - [20/Jan/2024:05:24:29 +0100] "GET /category/aragon/huesca/ HTTP/1.1" 200 147154 cronicareinodearagon.com "-" "IonCrawl (https://www.ionos.de/terms-gtc/faq-crawler-en/)" "-"
82.165.224.0 - - [20/Jan/2024:05:24:30 +0100] "HEAD /aviso-legal/ HTTP/1.1" 200 - cronicareinodearagon.com "-" "Java/1.8.0_362" "-"
82.165.224.0 - - [20/Jan/2024:05:24:31 +0100] "GET /aragon/avance-participacion-elecciones-aragon/ HTTP/1.1" 200 166711 cronicareinodearagon.com "-" "IonCrawl (https://www.ionos.de/terms-gtc/faq-crawler-en/)" "-"
82.165.224.0 - - [20/Jan/2024:05:24:31 +0100] "HEAD /aviso-legal/ HTTP/1.1" 200 - cronicareinodearagon.com "-" "Java/1.8.0_362" "-"
82.165.224.0 - - [20/Jan/2024:05:24:32 +0100] "GET /aragon/astic-reconocimiento-carreras-grupo/ HTTP/1.1" 200 158191 cronicareinodearagon.com "-" "IonCrawl (https://www.ionos.de/terms-gtc/faq-crawler-en/)" "-"
82.165.224.0 - - [20/Jan/2024:05:24:33 +0100] "HEAD /aviso-legal/ HTTP/1.1" 200 - cronicareinodearagon.com "-" "Java/1.8.0_362" "-"
82.165.224.0 - - [20/Jan/2024:05:24:33 +0100] "GET /aragon/resultados-elecciones-autonomicas-municipales-aragon/ HTTP/1.1" 200 36065 cronicareinodearagon.com "-" "IonCrawl (https://www.ionos.de/terms-gtc/faq-crawler-en/)" "-"
82.165.224.0 - - [20/Jan/2024:05:24:33 +0100] "HEAD /aviso-legal/ HTTP/1.1" 200 - cronicareinodearagon.com "-" "Java/1.8.0_362" "-"
66.249.84.0 - - [20/Jan/2024:05:25:49 +0100] "GET /category/politica/feed/ HTTP/1.1" 200 59109 cronicareinodearagon.com "-" "FeedFetcher-Google; (+http://www.google.com/feedfetcher.html)" "-"
82.165.88.0 - - [20/Jan/2024:05:25:50 +0100] "POST /wp-cron.php?doing_wp_cron=1705724750.2333579063415527343750 HTTP/1.1" 200 - cronicareinodearagon.com "-" "WordPress/6.2.2; https://cronicareinodearagon.com" "-"
40.77.189.0 - - [20/Jan/2024:05:28:01 +0100] "GET /wp-content/plugins/elementor/assets/lib/share-link/share-link.min.js?ver=3.15.2 HTTP/1.1" 200 1185 cronicareinodearagon.com "https://cronicareinodearagon.com/aragon/junta-pasaporte-covid-hosteleria-ocio-nocturno/" "Mozilla/5.0 AppleWebKit/537.36 (KHTML, like Gecko; compatible; bingbot/2.0; +http://www.bing.com/bingbot.htm) Chrome/112.0.0.0 Safari/537.36" "-"
40.77.189.0 - - [20/Jan/2024:05:28:01 +0100] "GET /wp-content/plugins/elementor/assets/lib/dialog/dialog.min.js?ver=4.9.0 HTTP/1.1" 200 3897 cronicareinodearagon.com "https://cronicareinodearagon.com/aragon/junta-pasaporte-covid-hosteleria-ocio-nocturno/" "Mozilla/5.0 AppleWebKit/537.36 (KHTML, like Gecko; compatible; bingbot/2.0; +http://www.bing.com/bingbot.htm) Chrome/112.0.0.0 Safari/537.36" "-"
40.77.189.0 - - [20/Jan/2024:05:28:01 +0100] "GET /wp-content/plugins/elementor/assets/js/lightbox.1b6e05e0607040eb8929.bundle.min.js HTTP/1.1" 200 11140 cronicareinodearagon.com "https://cronicareinodearagon.com/aragon/junta-pasaporte-covid-hosteleria-ocio-nocturno/" "Mozilla/5.0 AppleWebKit/537.36 (KHTML, like Gecko; compatible; bingbot/2.0; +http://www.bing.com/bingbot.htm) Chrome/112.0.0.0 Safari/537.36" "-"
40.77.189.0 - - [20/Jan/2024:05:28:01 +0100] "GET /wp-content/plugins/elementor/assets/js/text-editor.2c35aafbe5bf0e127950.bundle.min.js HTTP/1.1" 200 688 cronicareinodearagon.com "https://cronicareinodearagon.com/aragon/junta-pasaporte-covid-hosteleria-ocio-nocturno/" "Mozilla/5.0 AppleWebKit/537.36 (KHTML, like Gecko; compatible; bingbot/2.0; +http://www.bing.com/bingbot.htm) Chrome/112.0.0.0 Safari/537.36" "-"
40.77.189.0 - - [20/Jan/2024:05:28:01 +0100] "GET /wp-includes/js/wp-emoji-release.min.js?ver=6.2.2 HTTP/1.1" 200 5828 cronicareinodearagon.com "https://cronicareinodearagon.com/aragon/junta-pasaporte-covid-hosteleria-ocio-nocturno/" "Mozilla/5.0 AppleWebKit/537.36 (KHTML, like Gecko; compatible; bingbot/2.0; +http://www.bing.com/bingbot.htm) Chrome/112.0.0.0 Safari/537.36" "-"
159.89.105.0 - - [20/Jan/2024:05:30:44 +0100] "GET / HTTP/1.1" 200 336 cronicadelpaisvalenciano.com "-" "Mozilla/5.0 (X11; Linux x86_64) AppleWebKit/537.36 (KHTML, like Gecko) Chrome/108.0.0.0 Safari/537.36" "-"
74.125.212.0 - - [20/Jan/2024:05:40:30 +0100] "GET /category/economia/feed/ HTTP/1.1" 200 12913 cronicareinodearagon.com "-" "FeedFetcher-Google; (+http://www.google.com/feedfetcher.html)" "-"
66.249.84.0 - - [20/Jan/2024:05:50:40 +0100] "GET /category/sociedad/feed/ HTTP/1.1" 200 16233 cronicareinodearagon.com "-" "FeedFetcher-Google; (+http://www.google.com/feedfetcher.html)" "-"
66.249.84.0 - - [20/Jan/2024:05:58:01 +0100] "GET /category/sociedad/feed/ HTTP/1.1" 200 16233 cronicareinodearagon.com "-" "FeedFetcher-Google; (+http://www.google.com/feedfetcher.html)" "-"
66.249.84.0 - - [20/Jan/2024:06:04:21 +0100] "GET /category/sociedad/feed/ HTTP/1.1" 200 16233 cronicareinodearagon.com "-" "FeedFetcher-Google; (+http://www.google.com/feedfetcher.html)" "-"
66.249.78.0 - - [20/Jan/2024:06:07:14 +0100] "GET /robots.txt HTTP/1.1" 200 202 cronicareinodearagon.com "-" "Mozilla/5.0 (compatible; Googlebot/2.1; +http://www.google.com/bot.html)" "-"
82.165.88.0 - - [20/Jan/2024:06:07:16 +0100] "POST /wp-cron.php?doing_wp_cron=1705727235.9461669921875000000000 HTTP/1.1" 200 - cronicareinodearagon.com "-" "WordPress/6.2.2; https://cronicareinodearagon.com" "-"
82.165.88.0 - - [20/Jan/2024:06:08:51 +0100] "POST /wp-cron.php?doing_wp_cron=1705727331.8466711044311523437500 HTTP/1.1" 200 - cronicareinodearagon.com "-" "WordPress/6.2.2; https://cronicareinodearagon.com" "-"
66.249.84.0 - - [20/Jan/2024:06:08:51 +0100] "GET /category/politica/feed/ HTTP/1.1" 200 59109 cronicareinodearagon.com "-" "FeedFetcher-Google; (+http://www.google.com/feedfetcher.html)" "-"
82.165.88.0 - - [20/Jan/2024:06:09:58 +0100] "POST /wp-cron.php?doing_wp_cron=1705727398.9610710144042968750000 HTTP/1.1" 200 - cronicareinodearagon.com "-" "WordPress/6.2.2; https://cronicareinodearagon.com" "-"
66.249.78.0 - - [20/Jan/2024:06:09:58 +0100] "GET /sociedad/vriuela-mono-andalucia-malaga/ HTTP/1.1" 200 158998 cronicareinodearagon.com "-" "Mozilla/5.0 (Linux; Android 6.0.1; Nexus 5X Build/MMB29P) AppleWebKit/537.36 (KHTML, like Gecko) Chrome/120.0.6099.224 Mobile Safari/537.36 (compatible; Googlebot/2.1; +http://www.google.com/bot.html)" "-"
66.249.72.0 - - [20/Jan/2024:06:10:03 +0100] "GET /wp-includes/js/jquery/jquery.min.js?ver=3.6.4 HTTP/1.1" 200 36269 cronicareinodearagon.com "https://cronicareinodearagon.com/sociedad/vriuela-mono-andalucia-malaga/" "Mozilla/5.0 (Linux; Android 6.0.1; Nexus 5X Build/MMB29P) AppleWebKit/537.36 (KHTML, like Gecko) Chrome/120.0.6099.199 Mobile Safari/537.36 (compatible; Googlebot/2.1; +http://www.google.com/bot.html)" "-"
54.36.148.0 - - [20/Jan/2024:06:10:32 +0100] "GET /category/aragon/page/71/ HTTP/1.1" 200 147861 cronicareinodearagon.com "-" "Mozilla/5.0 (compatible; AhrefsBot/7.0; +http://ahrefs.com/robot/)" "-"
51.158.238.0 - - [20/Jan/2024:06:13:53 +0100] "GET /robots.txt HTTP/1.1" 200 188 cronicadeasturias.com "-" "Mozilla/5.0 (Windows NT 10.0; Win64; x64) AppleWebKit/537.36 (KHTML, like Gecko) Chrome/117.0.0.0 Safari/537.36" "-"
184.154.139.0 - - [20/Jan/2024:06:18:07 +0100] "GET / HTTP/1.1" 200 336 www.cronicadejaen.com "http://www.google.com/url?url=www.cronicadejaen.com&yahoo.com" "Mozilla/5.0 (compatible; MSIE 9.0; Windows NT 6.1; WOW64; Trident/6.0)" "-"
184.154.139.0 - - [20/Jan/2024:06:18:08 +0100] "GET /th1s_1s_a_4o4.html HTTP/1.1" 404 596 www.cronicadejaen.com "http://www.google.com/url?url=www.cronicadejaen.com&yahoo.com" "Mozilla/5.0 (compatible; MSIE 9.0; Windows NT 6.1; WOW64; Trident/6.0)" "-"
184.154.139.0 - - [20/Jan/2024:06:18:08 +0100] "GET /spicons/templates/defaultsite/es-ES/images/domain_transfer.svg HTTP/1.1" 200 1201 www.cronicadejaen.com "http://www.google.com/url?url=www.cronicadejaen.com&yahoo.com" "Mozilla/5.0 (compatible; MSIE 9.0; Windows NT 6.1; WOW64; Trident/6.0)" "-"
184.154.139.0 - - [20/Jan/2024:06:18:08 +0100] "GET /defaultsite HTTP/1.1" 200 18994 www.cronicadejaen.com "-" "SiteLockSpider [en] (WinNT; I ;Nav)" "-"
184.154.139.0 - - [20/Jan/2024:06:18:09 +0100] "GET /spicons/templates/defaultsite/es-ES/images/css/main.css HTTP/1.1" 200 486180 www.cronicadejaen.com "http://www.google.com/url?url=www.cronicadejaen.com&yahoo.com" "Mozilla/5.0 (compatible; MSIE 9.0; Windows NT 6.1; WOW64; Trident/6.0)" "-"
184.154.139.0 - - [20/Jan/2024:06:18:11 +0100] "GET /spicons/templates/defaultsite/es-ES/images/domain.svg HTTP/1.1" 200 2095 www.cronicadejaen.com "-" "SiteLockSpider [en] (WinNT; I ;Nav)" "-"
184.154.139.0 - - [20/Jan/2024:06:18:11 +0100] "GET /spicons/templates/defaultsite/es-ES/images/ic-world.svg HTTP/1.1" 200 1248 www.cronicadejaen.com "-" "SiteLockSpider [en] (WinNT; I ;Nav)" "-"
184.154.139.0 - - [20/Jan/2024:06:18:11 +0100] "GET /domaincheckresult?__SBMT:d359e110d15:=1&__SYNT:d359e110d15:__CMD(domaincheckresult):RETWRP=domainselect&__SYNT:d359e110d15:__CMD(domaincheckresult):SELWRP=multicheck&__SYNT:d359e110d15:__forcestop=true&__pageflow=Order&__sendingdata=1&linkId=ct.btn.check.default-page-check&multicheck.Domain=1 HTTP/1.1" 404 596 www.cronicadejaen.com "-" "SiteLockSpider [en] (WinNT; I ;Nav)" "-"
66.249.84.0 - - [20/Jan/2024:06:20:23 +0100] "GET /category/educacion/feed/ HTTP/1.1" 200 56994 cronicareinodearagon.com "-" "FeedFetcher-Google; (+http://www.google.com/feedfetcher.html)" "-"
82.165.88.0 - - [20/Jan/2024:06:20:24 +0100] "POST /wp-cron.php?doing_wp_cron=1705728024.0938119888305664062500 HTTP/1.1" 200 - cronicareinodearagon.com "-" "WordPress/6.2.2; https://cronicareinodearagon.com" "-"
128.199.237.0 - - [20/Jan/2024:06:36:17 +0100] "GET /wp-admin/install.php HTTP/1.1" 301 261 cronicareinodearagon.com "-" "Mozilla/5.0 (Macintosh; Intel Mac OS X 10_10_1) AppleWebKit/537.36 (KHTML, like Gecko) Chrome/39.0.2171.95 Safari/537.36" "-"
128.199.237.0 - - [20/Jan/2024:06:36:18 +0100] "GET /wp-admin/install.php HTTP/1.1" 200 1366 cronicareinodearagon.com "-" "Mozilla/5.0 (Macintosh; Intel Mac OS X 10_10_1) AppleWebKit/537.36 (KHTML, like Gecko) Chrome/39.0.2171.95 Safari/537.36" "-"
82.165.88.0 - - [20/Jan/2024:06:36:19 +0100] "POST /wp-cron.php?doing_wp_cron=1705728979.1471819877624511718750 HTTP/1.1" 200 - cronicareinodearagon.com "-" "WordPress/6.2.2; https://cronicareinodearagon.com" "-"
128.199.237.0 - - [20/Jan/2024:06:36:20 +0100] "GET /wp/wp-admin/install.php HTTP/1.1" 301 264 cronicareinodearagon.com "-" "Mozilla/5.0 (Macintosh; Intel Mac OS X 10_10_1) AppleWebKit/537.36 (KHTML, like Gecko) Chrome/39.0.2171.95 Safari/537.36" "-"
82.165.88.0 - - [20/Jan/2024:06:36:21 +0100] "POST /wp-cron.php?doing_wp_cron=1705728981.7358729839324951171875 HTTP/1.1" 200 - cronicareinodearagon.com "-" "WordPress/6.2.2; https://cronicareinodearagon.com" "-"
128.199.237.0 - - [20/Jan/2024:06:36:21 +0100] "GET /wp/wp-admin/install.php HTTP/1.1" 404 144874 cronicareinodearagon.com "-" "Mozilla/5.0 (Macintosh; Intel Mac OS X 10_10_1) AppleWebKit/537.36 (KHTML, like Gecko) Chrome/39.0.2171.95 Safari/537.36" "-"
128.199.237.0 - - [20/Jan/2024:06:36:23 +0100] "GET /new/wp-admin/install.php HTTP/1.1" 301 265 cronicareinodearagon.com "-" "Mozilla/5.0 (Macintosh; Intel Mac OS X 10_10_1) AppleWebKit/537.36 (KHTML, like Gecko) Chrome/39.0.2171.95 Safari/537.36" "-"
128.199.237.0 - - [20/Jan/2024:06:36:24 +0100] "GET /new/wp-admin/install.php HTTP/1.1" 404 144877 cronicareinodearagon.com "-" "Mozilla/5.0 (Macintosh; Intel Mac OS X 10_10_1) AppleWebKit/537.36 (KHTML, like Gecko) Chrome/39.0.2171.95 Safari/537.36" "-"
128.199.237.0 - - [20/Jan/2024:06:36:25 +0100] "GET /old/wp-admin/install.php HTTP/1.1" 301 265 cronicareinodearagon.com "-" "Mozilla/5.0 (Macintosh; Intel Mac OS X 10_10_1) AppleWebKit/537.36 (KHTML, like Gecko) Chrome/39.0.2171.95 Safari/537.36" "-"
128.199.237.0 - - [20/Jan/2024:06:36:26 +0100] "GET /old/wp-admin/install.php HTTP/1.1" 404 144877 cronicareinodearagon.com "-" "Mozilla/5.0 (Macintosh; Intel Mac OS X 10_10_1) AppleWebKit/537.36 (KHTML, like Gecko) Chrome/39.0.2171.95 Safari/537.36" "-"
128.199.237.0 - - [20/Jan/2024:06:36:28 +0100] "GET /wordpress/wp-admin/install.php HTTP/1.1" 301 271 cronicareinodearagon.com "-" "Mozilla/5.0 (Macintosh; Intel Mac OS X 10_10_1) AppleWebKit/537.36 (KHTML, like Gecko) Chrome/39.0.2171.95 Safari/537.36" "-"
128.199.237.0 - - [20/Jan/2024:06:36:29 +0100] "GET /wordpress/wp-admin/install.php HTTP/1.1" 404 144895 cronicareinodearagon.com "-" "Mozilla/5.0 (Macintosh; Intel Mac OS X 10_10_1) AppleWebKit/537.36 (KHTML, like Gecko) Chrome/39.0.2171.95 Safari/537.36" "-"
128.199.237.0 - - [20/Jan/2024:06:36:30 +0100] "GET /test/wp-admin/install.php HTTP/1.1" 301 266 cronicareinodearagon.com "-" "Mozilla/5.0 (Macintosh; Intel Mac OS X 10_10_1) AppleWebKit/537.36 (KHTML, like Gecko) Chrome/39.0.2171.95 Safari/537.36" "-"
128.199.237.0 - - [20/Jan/2024:06:36:31 +0100] "GET /test/wp-admin/install.php HTTP/1.1" 404 144880 cronicareinodearagon.com "-" "Mozilla/5.0 (Macintosh; Intel Mac OS X 10_10_1) AppleWebKit/537.36 (KHTML, like Gecko) Chrome/39.0.2171.95 Safari/537.36" "-"
128.199.237.0 - - [20/Jan/2024:06:36:33 +0100] "GET /blog/wp-admin/install.php HTTP/1.1" 301 266 cronicareinodearagon.com "-" "Mozilla/5.0 (Macintosh; Intel Mac OS X 10_10_1) AppleWebKit/537.36 (KHTML, like Gecko) Chrome/39.0.2171.95 Safari/537.36" "-"
128.199.237.0 - - [20/Jan/2024:06:36:34 +0100] "GET /blog/wp-admin/install.php HTTP/1.1" 404 144880 cronicareinodearagon.com "-" "Mozilla/5.0 (Macintosh; Intel Mac OS X 10_10_1) AppleWebKit/537.36 (KHTML, like Gecko) Chrome/39.0.2171.95 Safari/537.36" "-"
128.199.237.0 - - [20/Jan/2024:06:36:35 +0100] "GET /cms/wp-admin/install.php HTTP/1.1" 301 265 cronicareinodearagon.com "-" "Mozilla/5.0 (Macintosh; Intel Mac OS X 10_10_1) AppleWebKit/537.36 (KHTML, like Gecko) Chrome/39.0.2171.95 Safari/537.36" "-"
128.199.237.0 - - [20/Jan/2024:06:36:36 +0100] "GET /cms/wp-admin/install.php HTTP/1.1" 404 144877 cronicareinodearagon.com "-" "Mozilla/5.0 (Macintosh; Intel Mac OS X 10_10_1) AppleWebKit/537.36 (KHTML, like Gecko) Chrome/39.0.2171.95 Safari/537.36" "-"
128.199.237.0 - - [20/Jan/2024:06:36:37 +0100] "GET /web/wp-admin/install.php HTTP/1.1" 301 265 cronicareinodearagon.com "-" "Mozilla/5.0 (Macintosh; Intel Mac OS X 10_10_1) AppleWebKit/537.36 (KHTML, like Gecko) Chrome/39.0.2171.95 Safari/537.36" "-"
128.199.237.0 - - [20/Jan/2024:06:36:38 +0100] "GET /web/wp-admin/install.php HTTP/1.1" 404 144877 cronicareinodearagon.com "-" "Mozilla/5.0 (Macintosh; Intel Mac OS X 10_10_1) AppleWebKit/537.36 (KHTML, like Gecko) Chrome/39.0.2171.95 Safari/537.36" "-"
128.199.237.0 - - [20/Jan/2024:06:36:39 +0100] "GET /backup/wp-admin/install.php HTTP/1.1" 301 268 cronicareinodearagon.com "-" "Mozilla/5.0 (Macintosh; Intel Mac OS X 10_10_1) AppleWebKit/537.36 (KHTML, like Gecko) Chrome/39.0.2171.95 Safari/537.36" "-"
128.199.237.0 - - [20/Jan/2024:06:36:40 +0100] "GET /backup/wp-admin/install.php HTTP/1.1" 404 144886 cronicareinodearagon.com "-" "Mozilla/5.0 (Macintosh; Intel Mac OS X 10_10_1) AppleWebKit/537.36 (KHTML, like Gecko) Chrome/39.0.2171.95 Safari/537.36" "-"
128.199.237.0 - - [20/Jan/2024:06:36:41 +0100] "GET /site/wp-admin/install.php HTTP/1.1" 301 266 cronicareinodearagon.com "-" "Mozilla/5.0 (Macintosh; Intel Mac OS X 10_10_1) AppleWebKit/537.36 (KHTML, like Gecko) Chrome/39.0.2171.95 Safari/537.36" "-"
82.165.88.0 - - [20/Jan/2024:06:36:42 +0100] "POST /wp-cron.php?doing_wp_cron=1705729002.8581070899963378906250 HTTP/1.1" 200 - cronicareinodearagon.com "-" "WordPress/6.2.2; https://cronicareinodearagon.com" "-"
128.199.237.0 - - [20/Jan/2024:06:36:42 +0100] "GET /site/wp-admin/install.php HTTP/1.1" 404 144880 cronicareinodearagon.com "-" "Mozilla/5.0 (Macintosh; Intel Mac OS X 10_10_1) AppleWebKit/537.36 (KHTML, like Gecko) Chrome/39.0.2171.95 Safari/537.36" "-"
128.199.237.0 - - [20/Jan/2024:06:36:44 +0100] "GET /oldsite/wp-admin/install.php HTTP/1.1" 301 269 cronicareinodearagon.com "-" "Mozilla/5.0 (Macintosh; Intel Mac OS X 10_10_1) AppleWebKit/537.36 (KHTML, like Gecko) Chrome/39.0.2171.95 Safari/537.36" "-"
128.199.237.0 - - [20/Jan/2024:06:36:45 +0100] "GET /oldsite/wp-admin/install.php HTTP/1.1" 404 144889 cronicareinodearagon.com "-" "Mozilla/5.0 (Macintosh; Intel Mac OS X 10_10_1) AppleWebKit/537.36 (KHTML, like Gecko) Chrome/39.0.2171.95 Safari/537.36" "-"
82.165.88.0 - - [20/Jan/2024:06:38:30 +0100] "POST /wp-cron.php?doing_wp_cron=1705729110.8715291023254394531250 HTTP/1.1" 200 - cronicareinodearagon.com "-" "WordPress/6.2.2; https://cronicareinodearagon.com" "-"
54.36.148.0 - - [20/Jan/2024:06:38:30 +0100] "GET /sociedad/implantado-primer-corazon-artificial-malaga/ HTTP/1.1" 200 167947 cronicareinodearagon.com "-" "Mozilla/5.0 (compatible; AhrefsBot/7.0; +http://ahrefs.com/robot/)" "-"
54.36.149.0 - - [20/Jan/2024:06:38:34 +0100] "GET /wp-content/uploads/2022/08/fotonoticia_20220805093533_1920.jpg HTTP/1.1" 200 411975 cronicareinodearagon.com "-" "Mozilla/5.0 (compatible; AhrefsBot/7.0; +http://ahrefs.com/robot/)" "-"
82.165.88.0 - - [20/Jan/2024:07:01:09 +0100] "POST /wp-cron.php?doing_wp_cron=1705730469.7434461116790771484375 HTTP/1.1" 200 - cronicareinodearagon.com "-" "WordPress/6.2.2; https://cronicareinodearagon.com" "-"
66.249.84.0 - - [20/Jan/2024:07:01:09 +0100] "GET /category/politica/feed/ HTTP/1.1" 200 59109 cronicareinodearagon.com "-" "FeedFetcher-Google; (+http://www.google.com/feedfetcher.html)" "-"
70.173.8.0 - - [20/Jan/2024:07:01:21 +0100] "GET /wp-content/uploads/2023/05/enfermeria-huesca.jpg HTTP/1.1" 200 80065 cronicareinodearagon.com "https://www.google.com/" "Mozilla/5.0 (iPhone; CPU iPhone OS 17_2_1 like Mac OS X) AppleWebKit/605.1.15 (KHTML, like Gecko) GSA/299.0.597926513 Mobile/21C66 Safari/604.1" "-"
184.154.76.0 - - [20/Jan/2024:07:01:31 +0100] "GET / HTTP/1.1" 200 336 www.cronicadecordoba.com "http://www.google.com/url?url=www.cronicadecordoba.com&yahoo.com" "Mozilla/5.0 (compatible; MSIE 9.0; Windows NT 6.1; WOW64; Trident/6.0)" "-"
184.154.76.0 - - [20/Jan/2024:07:01:31 +0100] "GET /th1s_1s_a_4o4.html HTTP/1.1" 404 596 www.cronicadecordoba.com "http://www.google.com/url?url=www.cronicadecordoba.com&yahoo.com" "Mozilla/5.0 (compatible; MSIE 9.0; Windows NT 6.1; WOW64; Trident/6.0)" "-"
184.154.76.0 - - [20/Jan/2024:07:01:32 +0100] "GET /defaultsite HTTP/1.1" 200 18994 www.cronicadecordoba.com "-" "SiteLockSpider [en] (WinNT; I ;Nav)" "-"
184.154.76.0 - - [20/Jan/2024:07:01:32 +0100] "GET /spicons/templates/defaultsite/es-ES/images/domain.svg HTTP/1.1" 200 2095 www.cronicadecordoba.com "http://www.google.com/url?url=www.cronicadecordoba.com&yahoo.com" "Mozilla/5.0 (compatible; MSIE 9.0; Windows NT 6.1; WOW64; Trident/6.0)" "-"
184.154.76.0 - - [20/Jan/2024:07:01:33 +0100] "GET /domaincheckresult?__SBMT:d359e110d15:=1&__SYNT:d359e110d15:__CMD(domaincheckresult):RETWRP=domainselect&__SYNT:d359e110d15:__CMD(domaincheckresult):SELWRP=multicheck&__SYNT:d359e110d15:__forcestop=true&__pageflow=Order&__sendingdata=1&linkId=ct.btn.check.default-page-check&multicheck.Domain=1 HTTP/1.1" 404 596 www.cronicadecordoba.com "-" "SiteLockSpider [en] (WinNT; I ;Nav)" "-"
184.154.76.0 - - [20/Jan/2024:07:01:33 +0100] "GET /spicons/templates/defaultsite/es-ES/images/css/main.css HTTP/1.1" 200 486180 www.cronicadecordoba.com "http://www.google.com/url?url=www.cronicadecordoba.com&yahoo.com" "Mozilla/5.0 (compatible; MSIE 9.0; Windows NT 6.1; WOW64; Trident/6.0)" "-"
184.154.76.0 - - [20/Jan/2024:07:01:34 +0100] "GET /spicons/templates/defaultsite/es-ES/images/domain_transfer.svg HTTP/1.1" 200 1201 www.cronicadecordoba.com "-" "SiteLockSpider [en] (WinNT; I ;Nav)" "-"
184.154.76.0 - - [20/Jan/2024:07:01:34 +0100] "GET /spicons/templates/defaultsite/es-ES/images/ic-world.svg HTTP/1.1" 200 1248 www.cronicadecordoba.com "-" "SiteLockSpider [en] (WinNT; I ;Nav)" "-"
66.249.84.0 - - [20/Jan/2024:07:04:31 +0100] "GET /category/sociedad/feed/ HTTP/1.1" 200 16233 cronicareinodearagon.com "-" "FeedFetcher-Google; (+http://www.google.com/feedfetcher.html)" "-"
65.108.2.0 - - [20/Jan/2024:07:10:37 +0100] "GET /robots.txt HTTP/1.1" 200 202 cronicareinodearagon.com "-" "Mozilla/5.0 (compatible; MJ12bot/v1.4.8; http://mj12bot.com/)" "-"
82.165.88.0 - - [20/Jan/2024:07:10:40 +0100] "POST /wp-cron.php?doing_wp_cron=1705731040.0913391113281250000000 HTTP/1.1" 200 - cronicareinodearagon.com "-" "WordPress/6.2.2; https://cronicareinodearagon.com" "-"
82.165.88.0 - - [20/Jan/2024:07:10:42 +0100] "POST /wp-cron.php?doing_wp_cron=1705731042.6418039798736572265625 HTTP/1.1" 200 - cronicareinodearagon.com "-" "WordPress/6.2.2; https://cronicareinodearagon.com" "-"
65.108.2.0 - - [20/Jan/2024:07:10:42 +0100] "GET /aragon/javier-lamban-entrevista-psoe-aragon-elecciones/ HTTP/1.1" 200 40764 cronicareinodearagon.com "-" "Mozilla/5.0 (compatible; MJ12bot/v1.4.8; http://mj12bot.com/)" "-"
65.108.2.0 - - [20/Jan/2024:07:10:45 +0100] "GET /aragon/javier-lamban-entrevista-psoe-aragon-elecciones/feed/ HTTP/1.1" 200 547 cronicareinodearagon.com "-" "Mozilla/5.0 (compatible; MJ12bot/v1.4.8; http://mj12bot.com/)" "-"
82.165.88.0 - - [20/Jan/2024:07:18:57 +0100] "POST /wp-cron.php?doing_wp_cron=1705731537.8122220039367675781250 HTTP/1.1" 200 - cronicareinodearagon.com "-" "WordPress/6.2.2; https://cronicareinodearagon.com" "-"
66.249.84.0 - - [20/Jan/2024:07:18:57 +0100] "GET /category/politica/feed/ HTTP/1.1" 200 18273 cronicareinodearagon.com "-" "FeedFetcher-Google; (+http://www.google.com/feedfetcher.html)" "-"
199.244.88.0 - - [20/Jan/2024:07:22:37 +0100] "GET / HTTP/1.1" 200 336 cronicadesevilla.com "-" "Mozilla/5.0 (X11; Linux x86_64) AppleWebKit/537.36 (KHTML, like Gecko) Chrome/105.0.0.0 Safari/537.36" "-"
66.249.78.0 - - [20/Jan/2024:07:26:16 +0100] "GET /robots.txt HTTP/1.1" 200 202 cronicareinodearagon.com "-" "Mozilla/5.0 (compatible; Googlebot/2.1; +http://www.google.com/bot.html)" "-"
82.165.88.0 - - [20/Jan/2024:07:26:17 +0100] "POST /wp-cron.php?doing_wp_cron=1705731977.2775080204010009765625 HTTP/1.1" 200 - cronicareinodearagon.com "-" "WordPress/6.2.2; https://cronicareinodearagon.com" "-"
52.167.144.0 - - [20/Jan/2024:07:26:19 +0100] "GET /robots.txt HTTP/1.1" 200 188 cronicadesevilla.com "-" "Mozilla/5.0 AppleWebKit/537.36 (KHTML, like Gecko; compatible; bingbot/2.0; +http://www.bing.com/bingbot.htm) Chrome/116.0.1938.76 Safari/537.36" "-"
66.249.84.0 - - [20/Jan/2024:07:26:20 +0100] "GET /category/educacion/feed/ HTTP/1.1" 200 16487 cronicareinodearagon.com "-" "FeedFetcher-Google; (+http://www.google.com/feedfetcher.html)" "-"
40.77.167.0 - - [20/Jan/2024:07:26:29 +0100] "GET / HTTP/1.1" 200 336 cronicadesevilla.com "-" "Mozilla/5.0 AppleWebKit/537.36 (KHTML, like Gecko; compatible; bingbot/2.0; +http://www.bing.com/bingbot.htm) Chrome/116.0.1938.76 Safari/537.36" "-"
66.249.72.0 - - [20/Jan/2024:07:26:30 +0100] "GET /category-sitemap.xml HTTP/1.1" 200 403 cronicareinodearagon.com "-" "Mozilla/5.0 (compatible; Googlebot/2.1; +http://www.google.com/bot.html)" "-"
66.249.84.0 - - [20/Jan/2024:07:31:32 +0100] "GET /category/sociedad/feed/ HTTP/1.1" 200 16233 cronicareinodearagon.com "-" "FeedFetcher-Google; (+http://www.google.com/feedfetcher.html)" "-"
66.249.84.0 - - [20/Jan/2024:07:34:04 +0100] "GET /category/sociedad/feed/ HTTP/1.1" 200 16233 cronicareinodearagon.com "-" "FeedFetcher-Google; (+http://www.google.com/feedfetcher.html)" "-"
74.125.212.0 - - [20/Jan/2024:07:38:29 +0100] "GET /category/economia/feed/ HTTP/1.1" 200 12913 cronicareinodearagon.com "-" "FeedFetcher-Google; (+http://www.google.com/feedfetcher.html)" "-"
199.244.88.0 - - [20/Jan/2024:07:44:53 +0100] "GET / HTTP/1.1" 200 336 cronicadecadiz.com "-" "Mozilla/5.0 (X11; Linux x86_64) AppleWebKit/537.36 (KHTML, like Gecko) Chrome/105.0.0.0 Safari/537.36" "-"
66.249.84.0 - - [20/Jan/2024:08:09:27 +0100] "GET /category/politica/feed/ HTTP/1.1" 200 18273 cronicareinodearagon.com "-" "FeedFetcher-Google; (+http://www.google.com/feedfetcher.html)" "-"
40.77.167.0 - - [20/Jan/2024:08:36:08 +0100] "GET /robots.txt HTTP/1.1" 200 202 cronicareinodearagon.com "-" "Mozilla/5.0 AppleWebKit/537.36 (KHTML, like Gecko; compatible; bingbot/2.0; +http://www.bing.com/bingbot.htm) Chrome/116.0.1938.76 Safari/537.36" "-"
82.165.88.0 - - [20/Jan/2024:08:36:10 +0100] "GET / HTTP/1.1" 200 41722 cronicareinodearagon.com "-" "WordPress/6.2.2; https://cronicareinodearagon.com" "-"
82.165.88.0 - - [20/Jan/2024:08:36:10 +0100] "POST /wp-cron.php?doing_wp_cron=1705736170.0814299583435058593750 HTTP/1.1" 200 - cronicareinodearagon.com "-" "WordPress/6.2.2; https://cronicareinodearagon.com" "-"
40.77.167.0 - - [20/Jan/2024:08:36:14 +0100] "GET /wp-content/uploads/2022/01/tren-viaducto-linea-linares-almeria.jpg HTTP/1.1" 200 167619 cronicareinodearagon.com "-" "Mozilla/5.0 AppleWebKit/537.36 (KHTML, like Gecko; compatible; bingbot/2.0; +http://www.bing.com/bingbot.htm) Chrome/116.0.1938.76 Safari/537.36" "-"
66.249.84.0 - - [20/Jan/2024:08:50:54 +0100] "GET /category/educacion/feed/ HTTP/1.1" 200 16487 cronicareinodearagon.com "-" "FeedFetcher-Google; (+http://www.google.com/feedfetcher.html)" "-"
52.167.144.0 - - [20/Jan/2024:08:51:01 +0100] "GET /wp-content/uploads/2022/05/lastra_malaga.jpg HTTP/1.1" 200 101811 cronicareinodearagon.com "-" "Mozilla/5.0 AppleWebKit/537.36 (KHTML, like Gecko; compatible; bingbot/2.0; +http://www.bing.com/bingbot.htm) Chrome/116.0.1938.76 Safari/537.36" "-"
167.71.182.0 - - [20/Jan/2024:08:54:55 +0100] "GET / HTTP/1.1" 200 336 cronicadejaen.com "-" "Mozilla/5.0 (X11; Linux x86_64) AppleWebKit/537.36 (KHTML, like Gecko) Chrome/108.0.0.0 Safari/537.36" "-"
66.249.72.0 - - [20/Jan/2024:08:55:52 +0100] "GET /robots.txt HTTP/1.1" 200 202 cronicareinodearagon.com "-" "Mozilla/5.0 (compatible; Googlebot/2.1; +http://www.google.com/bot.html)" "-"
82.165.88.0 - - [20/Jan/2024:08:55:53 +0100] "POST /wp-cron.php?doing_wp_cron=1705737353.4768939018249511718750 HTTP/1.1" 200 - cronicareinodearagon.com "-" "WordPress/6.2.2; https://cronicareinodearagon.com" "-"
104.234.53.0 - - [20/Jan/2024:08:58:37 +0100] "GET //themes.php HTTP/1.1" 404 596 cronicadeasturias.com "-" "Go-http-client/1.1" "-"
104.234.53.0 - - [20/Jan/2024:08:58:38 +0100] "GET //about.php HTTP/1.1" 404 596 cronicadeasturias.com "-" "Go-http-client/1.1" "-"
104.234.53.0 - - [20/Jan/2024:08:58:38 +0100] "GET //wp-admin/css/colors/blue/CasperExV1.php HTTP/1.1" 404 596 cronicadeasturias.com "-" "Go-http-client/1.1" "-"
104.234.53.0 - - [20/Jan/2024:08:58:38 +0100] "GET //wp-content/index.php HTTP/1.1" 404 596 cronicadeasturias.com "-" "Go-http-client/1.1" "-"
104.234.53.0 - - [20/Jan/2024:08:58:39 +0100] "GET //byp.php HTTP/1.1" 404 596 cronicadeasturias.com "-" "Go-http-client/1.1" "-"
104.234.53.0 - - [20/Jan/2024:08:58:39 +0100] "GET //edit-comments.php HTTP/1.1" 404 596 cronicadeasturias.com "-" "Go-http-client/1.1" "-"
104.234.53.0 - - [20/Jan/2024:08:58:39 +0100] "GET //smm.php HTTP/1.1" 404 596 cronicadeasturias.com "-" "Go-http-client/1.1" "-"
104.234.53.0 - - [20/Jan/2024:08:58:40 +0100] "GET //cloud.php HTTP/1.1" 404 596 cronicadeasturias.com "-" "Go-http-client/1.1" "-"
104.234.53.0 - - [20/Jan/2024:08:58:40 +0100] "GET //wp.php HTTP/1.1" 404 596 cronicadeasturias.com "-" "Go-http-client/1.1" "-"
104.234.53.0 - - [20/Jan/2024:08:58:40 +0100] "GET //1.php HTTP/1.1" 404 596 cronicadeasturias.com "-" "Go-http-client/1.1" "-"
104.234.53.0 - - [20/Jan/2024:08:58:41 +0100] "GET //classwithtostring.php HTTP/1.1" 404 596 cronicadeasturias.com "-" "Go-http-client/1.1" "-"
104.234.53.0 - - [20/Jan/2024:08:58:41 +0100] "GET //admin.php HTTP/1.1" 404 596 cronicadeasturias.com "-" "Go-http-client/1.1" "-"
104.234.53.0 - - [20/Jan/2024:08:58:41 +0100] "GET //gecko.php HTTP/1.1" 404 596 cronicadeasturias.com "-" "Go-http-client/1.1" "-"
104.234.53.0 - - [20/Jan/2024:08:58:42 +0100] "GET //mini.php HTTP/1.1" 404 596 cronicadeasturias.com "-" "Go-http-client/1.1" "-"
104.234.53.0 - - [20/Jan/2024:08:58:42 +0100] "GET //user.php HTTP/1.1" 404 596 cronicadeasturias.com "-" "Go-http-client/1.1" "-"
104.234.53.0 - - [20/Jan/2024:08:58:42 +0100] "GET //0z.php HTTP/1.1" 404 596 cronicadeasturias.com "-" "Go-http-client/1.1" "-"
104.234.53.0 - - [20/Jan/2024:08:58:43 +0100] "GET //wp-content/plugins/index.php HTTP/1.1" 404 596 cronicadeasturias.com "-" "Go-http-client/1.1" "-"
104.234.53.0 - - [20/Jan/2024:08:58:43 +0100] "GET //xl2023.php HTTP/1.1" 404 596 cronicadeasturias.com "-" "Go-http-client/1.1" "-"
104.234.53.0 - - [20/Jan/2024:08:58:43 +0100] "GET //log.php HTTP/1.1" 404 596 cronicadeasturias.com "-" "Go-http-client/1.1" "-"
104.234.53.0 - - [20/Jan/2024:08:58:44 +0100] "GET //upload.php HTTP/1.1" 404 596 cronicadeasturias.com "-" "Go-http-client/1.1" "-"
104.234.53.0 - - [20/Jan/2024:08:58:44 +0100] "GET //lufix.php HTTP/1.1" 404 596 cronicadeasturias.com "-" "Go-http-client/1.1" "-"
104.234.53.0 - - [20/Jan/2024:08:58:45 +0100] "GET //plugins.php HTTP/1.1" 404 596 cronicadeasturias.com "-" "Go-http-client/1.1" "-"
104.234.53.0 - - [20/Jan/2024:08:58:45 +0100] "GET //small.php HTTP/1.1" 404 596 cronicadeasturias.com "-" "Go-http-client/1.1" "-"
104.234.53.0 - - [20/Jan/2024:08:58:45 +0100] "GET //init.php HTTP/1.1" 404 596 cronicadeasturias.com "-" "Go-http-client/1.1" "-"
104.234.53.0 - - [20/Jan/2024:08:58:46 +0100] "GET //users.php HTTP/1.1" 404 596 cronicadeasturias.com "-" "Go-http-client/1.1" "-"
104.234.53.0 - - [20/Jan/2024:08:58:46 +0100] "GET //doc.php HTTP/1.1" 404 596 cronicadeasturias.com "-" "Go-http-client/1.1" "-"
104.234.53.0 - - [20/Jan/2024:08:58:46 +0100] "GET //shell.php HTTP/1.1" 404 596 cronicadeasturias.com "-" "Go-http-client/1.1" "-"
104.234.53.0 - - [20/Jan/2024:08:58:47 +0100] "GET //fm.php HTTP/1.1" 404 596 cronicadeasturias.com "-" "Go-http-client/1.1" "-"
104.234.53.0 - - [20/Jan/2024:08:58:47 +0100] "GET //wp-admin/users.php HTTP/1.1" 404 596 cronicadeasturias.com "-" "Go-http-client/1.1" "-"
104.234.53.0 - - [20/Jan/2024:08:58:47 +0100] "GET //repeater.php HTTP/1.1" 404 596 cronicadeasturias.com "-" "Go-http-client/1.1" "-"
104.234.53.0 - - [20/Jan/2024:08:58:48 +0100] "GET //wso.php HTTP/1.1" 404 596 cronicadeasturias.com "-" "Go-http-client/1.1" "-"
104.234.53.0 - - [20/Jan/2024:08:58:48 +0100] "GET //shell20211028.php HTTP/1.1" 404 596 cronicadeasturias.com "-" "Go-http-client/1.1" "-"
104.234.53.0 - - [20/Jan/2024:08:58:48 +0100] "GET //wp-blog.php HTTP/1.1" 404 596 cronicadeasturias.com "-" "Go-http-client/1.1" "-"
104.234.53.0 - - [20/Jan/2024:08:58:49 +0100] "GET //wp-content/plugins/apikey/mar.php HTTP/1.1" 404 596 cronicadeasturias.com "-" "Go-http-client/1.1" "-"
104.234.53.0 - - [20/Jan/2024:08:58:49 +0100] "GET //wp-admin/images/module.php HTTP/1.1" 404 596 cronicadeasturias.com "-" "Go-http-client/1.1" "-"
104.234.53.0 - - [20/Jan/2024:08:58:49 +0100] "GET //wp-includes/radio.php HTTP/1.1" 404 596 cronicadeasturias.com "-" "Go-http-client/1.1" "-"
104.234.53.0 - - [20/Jan/2024:08:58:50 +0100] "GET //admin/controller/extension/wpm.php HTTP/1.1" 404 596 cronicadeasturias.com "-" "Go-http-client/1.1" "-"
104.234.53.0 - - [20/Jan/2024:08:58:50 +0100] "GET //autoload_classmap.php HTTP/1.1" 404 596 cronicadeasturias.com "-" "Go-http-client/1.1" "-"
104.234.53.0 - - [20/Jan/2024:08:58:50 +0100] "GET //radio.php HTTP/1.1" 404 596 cronicadeasturias.com "-" "Go-http-client/1.1" "-"
104.234.53.0 - - [20/Jan/2024:08:58:51 +0100] "GET //payout.php HTTP/1.1" 404 596 cronicadeasturias.com "-" "Go-http-client/1.1" "-"
104.234.53.0 - - [20/Jan/2024:08:58:51 +0100] "GET //lock360.php HTTP/1.1" 404 596 cronicadeasturias.com "-" "Go-http-client/1.1" "-"
104.234.53.0 - - [20/Jan/2024:08:58:52 +0100] "GET //pi.php HTTP/1.1" 404 596 cronicadeasturias.com "-" "Go-http-client/1.1" "-"
104.234.53.0 - - [20/Jan/2024:08:58:52 +0100] "GET //wp-2019.php HTTP/1.1" 404 596 cronicadeasturias.com "-" "Go-http-client/1.1" "-"
104.234.53.0 - - [20/Jan/2024:08:58:52 +0100] "GET //01.php HTTP/1.1" 404 596 cronicadeasturias.com "-" "Go-http-client/1.1" "-"
104.234.53.0 - - [20/Jan/2024:08:58:53 +0100] "GET //x.php HTTP/1.1" 404 596 cronicadeasturias.com "-" "Go-http-client/1.1" "-"
104.234.53.0 - - [20/Jan/2024:08:58:53 +0100] "GET //wp_info.php HTTP/1.1" 404 596 cronicadeasturias.com "-" "Go-http-client/1.1" "-"
104.234.53.0 - - [20/Jan/2024:08:58:53 +0100] "GET //fw.php HTTP/1.1" 404 596 cronicadeasturias.com "-" "Go-http-client/1.1" "-"
104.234.53.0 - - [20/Jan/2024:08:58:54 +0100] "GET //wp-content/upload.php HTTP/1.1" 404 596 cronicadeasturias.com "-" "Go-http-client/1.1" "-"
104.234.53.0 - - [20/Jan/2024:08:58:54 +0100] "GET //xleet.php HTTP/1.1" 503 299 cronicadeasturias.com "-" "Go-http-client/1.1" "-"
104.234.53.0 - - [20/Jan/2024:08:58:54 +0100] "GET //wp-content/plugins/masterx/wpx.php HTTP/1.1" 404 596 cronicadeasturias.com "-" "Go-http-client/1.1" "-"
104.234.53.0 - - [20/Jan/2024:08:58:55 +0100] "GET //xml.php HTTP/1.1" 404 596 cronicadeasturias.com "-" "Go-http-client/1.1" "-"
104.234.53.0 - - [20/Jan/2024:08:58:55 +0100] "GET //wp-admin/includes/about.php HTTP/1.1" 404 596 cronicadeasturias.com "-" "Go-http-client/1.1" "-"
104.234.53.0 - - [20/Jan/2024:08:58:55 +0100] "GET //403.php HTTP/1.1" 404 596 cronicadeasturias.com "-" "Go-http-client/1.1" "-"
104.234.53.0 - - [20/Jan/2024:08:58:56 +0100] "GET //by.php HTTP/1.1" 404 596 cronicadeasturias.com "-" "Go-http-client/1.1" "-"
104.234.53.0 - - [20/Jan/2024:08:58:56 +0100] "GET //css.php HTTP/1.1" 404 596 cronicadeasturias.com "-" "Go-http-client/1.1" "-"
104.234.53.0 - - [20/Jan/2024:08:58:56 +0100] "GET //wp-content/plugins/instabuilder2/cache/plugins/moon.php HTTP/1.1" 404 596 cronicadeasturias.com "-" "Go-http-client/1.1" "-"
104.234.53.0 - - [20/Jan/2024:08:58:57 +0100] "GET //uploads/wp-blog.php HTTP/1.1" 404 596 cronicadeasturias.com "-" "Go-http-client/1.1" "-"
104.234.53.0 - - [20/Jan/2024:08:58:57 +0100] "GET //wp-content/plugins/Cache/dropdown.php HTTP/1.1" 404 596 cronicadeasturias.com "-" "Go-http-client/1.1" "-"
104.234.53.0 - - [20/Jan/2024:08:58:58 +0100] "GET //moon.php HTTP/1.1" 404 596 cronicadeasturias.com "-" "Go-http-client/1.1" "-"
104.234.53.0 - - [20/Jan/2024:08:58:58 +0100] "GET //wp-includes/sodium_compat/src/Core/Curve25519/Ge/wp_blog.php HTTP/1.1" 404 596 cronicadeasturias.com "-" "Go-http-client/1.1" "-"
104.234.53.0 - - [20/Jan/2024:08:58:59 +0100] "GET //wp-content/shell20211028.php HTTP/1.1" 404 596 cronicadeasturias.com "-" "Go-http-client/1.1" "-"
104.234.53.0 - - [20/Jan/2024:08:58:59 +0100] "GET //wp-admin/includes/users.php HTTP/1.1" 404 596 cronicadeasturias.com "-" "Go-http-client/1.1" "-"
104.234.53.0 - - [20/Jan/2024:08:58:59 +0100] "GET //wso112233.php HTTP/1.1" 404 596 cronicadeasturias.com "-" "Go-http-client/1.1" "-"
