17.22.237.0 - - [23/Jan/2024:15:46:07 +0100] "GET /wp-content/plugins/elementor/assets/lib/waypoints/waypoints.min.js?ver=4.0.2 HTTP/1.1" 200 3501 cronicareinodearagon.com "https://cronicareinodearagon.com/aragon/andalucia-incrementa-gasto-loteria-navidad/" "Mozilla/5.0 (Macintosh; Intel Mac OS X 10_15_5) AppleWebKit/605.1.15 (KHTML, like Gecko) Version/13.1.1 Safari/605.1.15 (Applebot/0.1; +http://www.apple.com/go/applebot)" "-"
17.22.253.0 - - [23/Jan/2024:15:46:08 +0100] "GET /wp-includes/js/jquery/ui/core.min.js?ver=1.13.2 HTTP/1.1" 200 7937 cronicareinodearagon.com "https://cronicareinodearagon.com/aragon/andalucia-incrementa-gasto-loteria-navidad/" "Mozilla/5.0 (Macintosh; Intel Mac OS X 10_15_5) AppleWebKit/605.1.15 (KHTML, like Gecko) Version/13.1.1 Safari/605.1.15 (Applebot/0.1; +http://www.apple.com/go/applebot)" "-"
17.22.237.0 - - [23/Jan/2024:15:46:08 +0100] "GET /wp-content/plugins/elementor/assets/js/frontend.min.js?ver=3.15.2 HTTP/1.1" 200 14219 cronicareinodearagon.com "https://cronicareinodearagon.com/aragon/andalucia-incrementa-gasto-loteria-navidad/" "Mozilla/5.0 (Macintosh; Intel Mac OS X 10_15_5) AppleWebKit/605.1.15 (KHTML, like Gecko) Version/13.1.1 Safari/605.1.15 (Applebot/0.1; +http://www.apple.com/go/applebot)" "-"
17.22.237.0 - - [23/Jan/2024:15:46:10 +0100] "GET /wp-content/uploads/complianz/css/banner-1-optin.css?v=41 HTTP/1.1" 200 3432 cronicareinodearagon.com "https://cronicareinodearagon.com/aragon/andalucia-incrementa-gasto-loteria-navidad/" "Mozilla/5.0 (Macintosh; Intel Mac OS X 10_15_5) AppleWebKit/605.1.15 (KHTML, like Gecko) Version/13.1.1 Safari/605.1.15 (Applebot/0.1; +http://www.apple.com/go/applebot)" "-"
17.22.237.0 - - [23/Jan/2024:15:46:12 +0100] "GET /wp-content/plugins/elementor/assets/js/lightbox.1b6e05e0607040eb8929.bundle.min.js HTTP/1.1" 200 11140 cronicareinodearagon.com "https://cronicareinodearagon.com/aragon/andalucia-incrementa-gasto-loteria-navidad/" "Mozilla/5.0 (Macintosh; Intel Mac OS X 10_15_5) AppleWebKit/605.1.15 (KHTML, like Gecko) Version/13.1.1 Safari/605.1.15 (Applebot/0.1; +http://www.apple.com/go/applebot)" "-"
17.22.237.0 - - [23/Jan/2024:15:46:13 +0100] "GET /wp-content/plugins/elementor/assets/lib/dialog/dialog.min.js?ver=4.9.0 HTTP/1.1" 200 3897 cronicareinodearagon.com "https://cronicareinodearagon.com/aragon/andalucia-incrementa-gasto-loteria-navidad/" "Mozilla/5.0 (Macintosh; Intel Mac OS X 10_15_5) AppleWebKit/605.1.15 (KHTML, like Gecko) Version/13.1.1 Safari/605.1.15 (Applebot/0.1; +http://www.apple.com/go/applebot)" "-"
17.22.253.0 - - [23/Jan/2024:15:46:13 +0100] "GET /wp-content/plugins/elementor/assets/lib/share-link/share-link.min.js?ver=3.15.2 HTTP/1.1" 200 1185 cronicareinodearagon.com "https://cronicareinodearagon.com/aragon/andalucia-incrementa-gasto-loteria-navidad/" "Mozilla/5.0 (Macintosh; Intel Mac OS X 10_15_5) AppleWebKit/605.1.15 (KHTML, like Gecko) Version/13.1.1 Safari/605.1.15 (Applebot/0.1; +http://www.apple.com/go/applebot)" "-"
17.22.237.0 - - [23/Jan/2024:15:46:14 +0100] "GET /wp-content/plugins/elementor/assets/js/text-editor.2c35aafbe5bf0e127950.bundle.min.js HTTP/1.1" 200 688 cronicareinodearagon.com "https://cronicareinodearagon.com/aragon/andalucia-incrementa-gasto-loteria-navidad/" "Mozilla/5.0 (Macintosh; Intel Mac OS X 10_15_5) AppleWebKit/605.1.15 (KHTML, like Gecko) Version/13.1.1 Safari/605.1.15 (Applebot/0.1; +http://www.apple.com/go/applebot)" "-"
2a00:6800:: - - [23/Jan/2024:15:46:53 +0100] "GET / HTTP/1.1" 200 336 cronicadearagon.com "-" "Mozilla/5.0 (Windows NT 10.0; Win64; x64) AppleWebKit/537.36 (KHTML, like Gecko) Chrome/91.0.4472.114 Safari/537.36 Edg/91.0.864.54" "-"
34.209.87.0 - - [23/Jan/2024:15:48:22 +0100] "GET /favicon.ico HTTP/1.1" 404 596 cronicadealmeria.com "-" "Mozilla/5.0 (X11; Linux x86_64) AppleWebKit/537.36 (KHTML, like Gecko) Chrome/83.0.4103.97 Safari/537.36" "-"
34.209.87.0 - - [23/Jan/2024:15:48:23 +0100] "GET / HTTP/1.1" 200 336 cronicadealmeria.com "-" "Mozilla/5.0 (X11; Linux x86_64) AppleWebKit/537.36 (KHTML, like Gecko) Chrome/83.0.4103.97 Safari/537.36" "-"
82.165.88.0 - - [23/Jan/2024:15:57:22 +0100] "POST /wp-cron.php?doing_wp_cron=1706021842.8508639335632324218750 HTTP/1.1" 200 - cronicareinodearagon.com "-" "WordPress/6.2.2; https://cronicareinodearagon.com" "-"
2001:1640:: - - [23/Jan/2024:15:57:22 +0100] "POST /xmlrpc.php HTTP/1.1" 200 416 cronicareinodearagon.com "-" "Mozilla/5.0 (Windows NT 10.0; WOW64) AppleWebKit/537.36 (KHTML, like Gecko) Chrome/91.0.4472.114 Safari/537.36" "-"
54.151.85.0 - - [23/Jan/2024:15:57:23 +0100] "POST /xmlrpc.php HTTP/1.1" 200 416 cronicareinodearagon.com "-" "Mozilla/5.0 (Windows NT 10.0; Win64; x64) AppleWebKit/537.36 (KHTML, like Gecko) Chrome/79.0.3945.130 Safari/537.36" "-"
2a03:6f00:: - - [23/Jan/2024:15:57:34 +0100] "POST /xmlrpc.php HTTP/1.1" 200 416 cronicareinodearagon.com "-" "Mozilla/5.0 (Windows NT 10.0; Win64; x64) AppleWebKit/537.36 (KHTML, like Gecko) Chrome/81.0.4044.138 Safari/537.36" "-"
85.208.96.0 - - [23/Jan/2024:15:57:37 +0100] "GET /aragon/resultados-cis-elecciones-aragon/ HTTP/1.1" 200 160570 cronicareinodearagon.com "-" "Mozilla/5.0 (compatible; SemrushBot/7~bl; +http://www.semrush.com/bot.html)" "-"
82.165.88.0 - - [23/Jan/2024:15:57:44 +0100] "POST /wp-cron.php?doing_wp_cron=1706021864.5091159343719482421875 HTTP/1.1" 200 - cronicareinodearagon.com "-" "WordPress/6.2.2; https://cronicareinodearagon.com" "-"
190.92.137.0 - - [23/Jan/2024:15:57:44 +0100] "POST /xmlrpc.php HTTP/1.1" 200 416 cronicareinodearagon.com "-" "Mozilla/5.0 (Linux; Android 10; LM-Q720) AppleWebKit/537.36 (KHTML, like Gecko) Chrome/91.0.4472.114 Mobile Safari/537.36" "-"
72.167.68.0 - - [23/Jan/2024:15:57:46 +0100] "POST /xmlrpc.php HTTP/1.1" 200 416 cronicareinodearagon.com "-" "Mozilla/5.0 (Windows NT 6.1; WOW64; rv:42.0) Gecko/20100101 Firefox/42.0" "-"
185.127.128.0 - - [23/Jan/2024:15:58:01 +0100] "POST /xmlrpc.php HTTP/1.1" 200 416 cronicareinodearagon.com "-" "Mozilla/5.0 (Windows NT 5.1) AppleWebKit/537.36 (KHTML, like Gecko) Chrome/46.0.2490.71 Safari/537.36" "-"
94.73.148.0 - - [23/Jan/2024:15:58:02 +0100] "POST /xmlrpc.php HTTP/1.1" 200 416 cronicareinodearagon.com "-" "Mozilla/5.0 (Macintosh; Intel Mac OS X 10_10; rv:33.0) Gecko/20100101 Firefox/33.0" "-"
50.62.137.0 - - [23/Jan/2024:15:58:10 +0100] "POST /xmlrpc.php HTTP/1.1" 200 416 cronicareinodearagon.com "-" "Mozilla/5.0 (Windows NT 6.1; Win64; x64) AppleWebKit/537.36 (KHTML, like Gecko) Chrome/79.0.3945.88 Safari/537.36" "-"
47.108.197.0 - - [23/Jan/2024:15:58:17 +0100] "POST /xmlrpc.php HTTP/1.1" 200 416 cronicareinodearagon.com "-" "Mozilla/5.0 (Windows NT 6.3; Win64; x64; rv:73.0) Gecko/20100101 Firefox/73.0" "-"
2a01:7c8:aa00:: - - [23/Jan/2024:15:58:20 +0100] "POST /xmlrpc.php HTTP/1.1" 200 416 cronicareinodearagon.com "-" "Mozilla/5.0 (Windows NT 6.1; Win64; x64; rv:25.0) Gecko/20100101 Firefox/29.0" "-"
148.66.145.0 - - [23/Jan/2024:15:58:30 +0100] "POST /xmlrpc.php HTTP/1.1" 200 416 cronicareinodearagon.com "-" "Mozilla/5.0 (Windows NT 10.0; WOW64; rv:52.0) Gecko/20100101 Firefox/52.0" "-"
185.98.5.0 - - [23/Jan/2024:15:58:38 +0100] "POST /xmlrpc.php HTTP/1.1" 200 416 cronicareinodearagon.com "-" "Mozilla/5.0 (Windows NT 6.1; WOW64; rv:40.0) Gecko/20100101 Firefox/40.1" "-"
74.125.212.0 - - [23/Jan/2024:15:58:44 +0100] "GET /category/economia/feed/ HTTP/1.1" 200 12913 cronicareinodearagon.com "-" "FeedFetcher-Google; (+http://www.google.com/feedfetcher.html)" "-"
82.165.88.0 - - [23/Jan/2024:15:58:45 +0100] "POST /wp-cron.php?doing_wp_cron=1706021925.1129379272460937500000 HTTP/1.1" 200 - cronicareinodearagon.com "-" "WordPress/6.2.2; https://cronicareinodearagon.com" "-"
91.134.248.0 - - [23/Jan/2024:15:58:54 +0100] "POST /xmlrpc.php HTTP/1.1" 200 416 cronicareinodearagon.com "-" "Mozilla/5.0 (Windows NT 6.1; WOW64; rv:50.0) Gecko/20100101 Firefox/50.0" "-"
185.191.171.0 - - [23/Jan/2024:16:03:09 +0100] "GET /sociedad/disco-musica-ombligo-mundo-granada/ HTTP/1.1" 200 167606 cronicareinodearagon.com "-" "Mozilla/5.0 (compatible; SemrushBot/7~bl; +http://www.semrush.com/bot.html)" "-"
82.165.88.0 - - [23/Jan/2024:16:03:10 +0100] "POST /wp-cron.php?doing_wp_cron=1706022190.2526800632476806640625 HTTP/1.1" 200 - cronicareinodearagon.com "-" "WordPress/6.2.2; https://cronicareinodearagon.com" "-"
74.125.212.0 - - [23/Jan/2024:16:06:04 +0100] "GET /category/economia/feed/ HTTP/1.1" 200 12913 cronicareinodearagon.com "-" "FeedFetcher-Google; (+http://www.google.com/feedfetcher.html)" "-"
82.165.88.0 - - [23/Jan/2024:16:06:05 +0100] "POST /wp-cron.php?doing_wp_cron=1706022365.1910209655761718750000 HTTP/1.1" 200 - cronicareinodearagon.com "-" "WordPress/6.2.2; https://cronicareinodearagon.com" "-"
82.165.88.0 - - [23/Jan/2024:16:07:24 +0100] "POST /wp-cron.php?doing_wp_cron=1706022444.5297451019287109375000 HTTP/1.1" 200 - cronicareinodearagon.com "-" "WordPress/6.2.2; https://cronicareinodearagon.com" "-"
165.232.180.0 - - [23/Jan/2024:16:07:24 +0100] "POST /wp-login.php HTTP/1.1" 200 9576 cronicareinodearagon.com "-" "Mozilla/5.0 (Windows NT 6.3; Win64; x64) AppleWebKit/537.36 (KHTML, like Gecko) Chrome/57.0.2987.133 Safari/537.36" "-"
82.165.88.0 - - [23/Jan/2024:16:08:05 +0100] "POST /wp-cron.php?doing_wp_cron=1706022485.5585598945617675781250 HTTP/1.1" 200 - cronicareinodearagon.com "-" "WordPress/6.2.2; https://cronicareinodearagon.com" "-"
54.36.148.0 - - [23/Jan/2024:16:08:05 +0100] "GET /category/sociedad/page/2/ HTTP/1.1" 200 147964 cronicareinodearagon.com "-" "Mozilla/5.0 (compatible; AhrefsBot/7.0; +http://ahrefs.com/robot/)" "-"
82.165.88.0 - - [23/Jan/2024:16:10:06 +0100] "POST /wp-cron.php?doing_wp_cron=1706022606.6020600795745849609375 HTTP/1.1" 200 - cronicareinodearagon.com "-" "WordPress/6.2.2; https://cronicareinodearagon.com" "-"
85.208.96.0 - - [23/Jan/2024:16:10:06 +0100] "GET /category/america/ HTTP/1.1" 200 138177 cronicareinodearagon.com "-" "Mozilla/5.0 (compatible; SemrushBot/7~bl; +http://www.semrush.com/bot.html)" "-"
165.232.190.0 - - [23/Jan/2024:16:13:28 +0100] "POST /xmlrpc.php HTTP/1.1" 200 416 cronicareinodearagon.com "-" "Mozilla/5.0 (Windows NT 10.0; Win64; x64; rv:84.0) Gecko/20100101 Firefox/84.0" "-"
82.165.88.0 - - [23/Jan/2024:16:13:29 +0100] "POST /wp-cron.php?doing_wp_cron=1706022809.0914390087127685546875 HTTP/1.1" 200 - cronicareinodearagon.com "-" "WordPress/6.2.2; https://cronicareinodearagon.com" "-"
47.76.61.0 - - [23/Jan/2024:16:13:35 +0100] "POST /xmlrpc.php HTTP/1.1" 200 416 cronicareinodearagon.com "-" "Mozilla/5.0 (Windows NT 10.0; Win64; x64; rv:78.0) Gecko/20100101 Firefox/78.0" "-"
64.227.108.0 - - [23/Jan/2024:16:13:40 +0100] "POST /xmlrpc.php HTTP/1.1" 200 416 cronicareinodearagon.com "-" "Mozilla/5.0 (Linux; Android 10; LM-Q710(FGN)) AppleWebKit/537.36 (KHTML, like Gecko) Chrome/91.0.4472.114 Mobile Safari/537.36" "-"
82.165.88.0 - - [23/Jan/2024:16:13:48 +0100] "POST /wp-cron.php?doing_wp_cron=1706022828.8091230392456054687500 HTTP/1.1" 200 - cronicareinodearagon.com "-" "WordPress/6.2.2; https://cronicareinodearagon.com" "-"
198.71.237.0 - - [23/Jan/2024:16:13:48 +0100] "POST /xmlrpc.php HTTP/1.1" 200 416 cronicareinodearagon.com "-" "Mozilla/5.0 (Linux; Android 10) AppleWebKit/537.36 (KHTML, like Gecko) Chrome/91.0.4472.114 Mobile Safari/537.36" "-"
51.89.218.0 - - [23/Jan/2024:16:13:56 +0100] "POST /xmlrpc.php HTTP/1.1" 403 775 cronicareinodearagon.com "-" "Mozilla/5.0 (Windows NT 6.3; Win64; x64) AppleWebKit/537.36 (KHTML, like Gecko) Chrome/60.0.3112.113 Safari/537.36" "-"
173.212.232.0 - - [23/Jan/2024:16:13:56 +0100] "POST /xmlrpc.php HTTP/1.1" 200 416 cronicareinodearagon.com "-" "Mozilla/5.0 (Windows NT 10.0; Win64; x64) AppleWebKit/537.36 (KHTML, like Gecko) Chrome/67.0.3396.99 Safari/537.36" "-"
128.199.189.0 - - [23/Jan/2024:16:14:06 +0100] "POST /xmlrpc.php HTTP/1.1" 200 416 cronicareinodearagon.com "-" "Mozilla/5.0 (Windows NT 6.1; Win64; x64; rv:25.0) Gecko/20100101 Firefox/29.0" "-"
145.239.2.0 - - [23/Jan/2024:16:14:45 +0100] "POST /wp-login.php HTTP/1.1" 200 9576 cronicareinodearagon.com "-" "Mozilla/5.0 (Windows NT 10.0; Win64; x64) AppleWebKit/537.36 (KHTML, like Gecko) Chrome/78.0.3904.70 Safari/537.36" "-"
82.165.88.0 - - [23/Jan/2024:16:14:46 +0100] "POST /wp-cron.php?doing_wp_cron=1706022886.1122789382934570312500 HTTP/1.1" 200 - cronicareinodearagon.com "-" "WordPress/6.2.2; https://cronicareinodearagon.com" "-"
42.83.147.0 - - [23/Jan/2024:16:17:29 +0100] "GET / HTTP/1.1" 200 336 cronicadearagon.com "-" "Mozilla/5.0 (Windows NT 6.1; Win64; x64) AppleWebKit/537.36 (KHTML, like Gecko)Chrome/74.0.3729.169 Safari/537.36" "-"
89.117.21.0 - - [23/Jan/2024:16:17:45 +0100] "GET /.env HTTP/1.1" 300 492 cronicadeextremadura.com "-" "Mozilla/5.0 (X11; Linux x86_64) AppleWebKit/537.36 (KHTML, like Gecko) Chrome/81.0.4044.129 Safari/537.36" "-"
89.117.21.0 - - [23/Jan/2024:16:17:45 +0100] "GET /.env HTTP/1.1" 300 492 cronicadelpaisvalenciano.com "-" "Mozilla/5.0 (X11; Linux x86_64) AppleWebKit/537.36 (KHTML, like Gecko) Chrome/81.0.4044.129 Safari/537.36" "-"
89.117.21.0 - - [23/Jan/2024:16:17:45 +0100] "GET /.env HTTP/1.1" 300 492 cronicadejaen.com "-" "Mozilla/5.0 (X11; Linux x86_64) AppleWebKit/537.36 (KHTML, like Gecko) Chrome/81.0.4044.129 Safari/537.36" "-"
89.117.21.0 - - [23/Jan/2024:16:17:45 +0100] "GET /.env HTTP/1.1" 300 492 cronicadecadiz.com "-" "Mozilla/5.0 (X11; Linux x86_64) AppleWebKit/537.36 (KHTML, like Gecko) Chrome/81.0.4044.129 Safari/537.36" "-"
89.117.21.0 - - [23/Jan/2024:16:17:45 +0100] "GET /.env HTTP/1.1" 300 492 cronicadearagon.com "-" "Mozilla/5.0 (X11; Linux x86_64) AppleWebKit/537.36 (KHTML, like Gecko) Chrome/81.0.4044.129 Safari/537.36" "-"
89.117.21.0 - - [23/Jan/2024:16:17:45 +0100] "GET /.env HTTP/1.1" 300 492 cronicadehuelva.com "-" "Mozilla/5.0 (X11; Linux x86_64) AppleWebKit/537.36 (KHTML, like Gecko) Chrome/81.0.4044.129 Safari/537.36" "-"
89.117.21.0 - - [23/Jan/2024:16:17:45 +0100] "GET /.env HTTP/1.1" 300 492 cronicadegranada.com "-" "Mozilla/5.0 (X11; Linux x86_64) AppleWebKit/537.36 (KHTML, like Gecko) Chrome/81.0.4044.129 Safari/537.36" "-"
89.117.21.0 - - [23/Jan/2024:16:17:45 +0100] "GET /.env HTTP/1.1" 300 492 cronicadecordoba.com "-" "Mozilla/5.0 (X11; Linux x86_64) AppleWebKit/537.36 (KHTML, like Gecko) Chrome/81.0.4044.129 Safari/537.36" "-"
89.117.21.0 - - [23/Jan/2024:16:17:45 +0100] "GET /.env HTTP/1.1" 300 492 cronicadeasturias.com "-" "Mozilla/5.0 (X11; Linux x86_64) AppleWebKit/537.36 (KHTML, like Gecko) Chrome/81.0.4044.129 Safari/537.36" "-"
89.117.21.0 - - [23/Jan/2024:16:17:45 +0100] "GET /.env HTTP/1.1" 300 492 cronicadealmeria.com "-" "Mozilla/5.0 (X11; Linux x86_64) AppleWebKit/537.36 (KHTML, like Gecko) Chrome/81.0.4044.129 Safari/537.36" "-"
89.117.21.0 - - [23/Jan/2024:16:17:46 +0100] "GET /.env HTTP/1.1" 300 492 cronicadevalencia.com "-" "Mozilla/5.0 (X11; Linux x86_64) AppleWebKit/537.36 (KHTML, like Gecko) Chrome/81.0.4044.129 Safari/537.36" "-"
89.117.21.0 - - [23/Jan/2024:16:17:46 +0100] "GET /.env HTTP/1.1" 300 492 cronicademalaga.com "-" "Mozilla/5.0 (X11; Linux x86_64) AppleWebKit/537.36 (KHTML, like Gecko) Chrome/81.0.4044.129 Safari/537.36" "-"
89.117.21.0 - - [23/Jan/2024:16:17:46 +0100] "GET /.env HTTP/1.1" 300 492 cronicadesevilla.com "-" "Mozilla/5.0 (X11; Linux x86_64) AppleWebKit/537.36 (KHTML, like Gecko) Chrome/81.0.4044.129 Safari/537.36" "-"
89.117.21.0 - - [23/Jan/2024:16:18:27 +0100] "POST / HTTP/1.1" 200 336 cronicadeextremadura.com "-" "Mozilla/5.0 (X11; Linux x86_64) AppleWebKit/537.36 (KHTML, like Gecko) Chrome/81.0.4044.129 Safari/537.36" "-"
89.117.21.0 - - [23/Jan/2024:16:18:27 +0100] "POST / HTTP/1.1" 200 336 cronicadelpaisvalenciano.com "-" "Mozilla/5.0 (X11; Linux x86_64) AppleWebKit/537.36 (KHTML, like Gecko) Chrome/81.0.4044.129 Safari/537.36" "-"
89.117.21.0 - - [23/Jan/2024:16:18:27 +0100] "POST / HTTP/1.1" 200 336 cronicadejaen.com "-" "Mozilla/5.0 (X11; Linux x86_64) AppleWebKit/537.36 (KHTML, like Gecko) Chrome/81.0.4044.129 Safari/537.36" "-"
89.117.21.0 - - [23/Jan/2024:16:18:27 +0100] "POST / HTTP/1.1" 200 336 cronicadecadiz.com "-" "Mozilla/5.0 (X11; Linux x86_64) AppleWebKit/537.36 (KHTML, like Gecko) Chrome/81.0.4044.129 Safari/537.36" "-"
89.117.21.0 - - [23/Jan/2024:16:18:27 +0100] "POST / HTTP/1.1" 200 336 cronicadearagon.com "-" "Mozilla/5.0 (X11; Linux x86_64) AppleWebKit/537.36 (KHTML, like Gecko) Chrome/81.0.4044.129 Safari/537.36" "-"
89.117.21.0 - - [23/Jan/2024:16:18:27 +0100] "POST / HTTP/1.1" 200 336 cronicademalaga.com "-" "Mozilla/5.0 (X11; Linux x86_64) AppleWebKit/537.36 (KHTML, like Gecko) Chrome/81.0.4044.129 Safari/537.36" "-"
89.117.21.0 - - [23/Jan/2024:16:18:27 +0100] "POST / HTTP/1.1" 200 336 cronicadehuelva.com "-" "Mozilla/5.0 (X11; Linux x86_64) AppleWebKit/537.36 (KHTML, like Gecko) Chrome/81.0.4044.129 Safari/537.36" "-"
89.117.21.0 - - [23/Jan/2024:16:18:27 +0100] "POST / HTTP/1.1" 200 336 cronicadegranada.com "-" "Mozilla/5.0 (X11; Linux x86_64) AppleWebKit/537.36 (KHTML, like Gecko) Chrome/81.0.4044.129 Safari/537.36" "-"
89.117.21.0 - - [23/Jan/2024:16:18:27 +0100] "POST / HTTP/1.1" 200 336 cronicadecordoba.com "-" "Mozilla/5.0 (X11; Linux x86_64) AppleWebKit/537.36 (KHTML, like Gecko) Chrome/81.0.4044.129 Safari/537.36" "-"
89.117.21.0 - - [23/Jan/2024:16:18:27 +0100] "POST / HTTP/1.1" 200 336 cronicadeasturias.com "-" "Mozilla/5.0 (X11; Linux x86_64) AppleWebKit/537.36 (KHTML, like Gecko) Chrome/81.0.4044.129 Safari/537.36" "-"
89.117.21.0 - - [23/Jan/2024:16:18:27 +0100] "POST / HTTP/1.1" 200 336 cronicadealmeria.com "-" "Mozilla/5.0 (X11; Linux x86_64) AppleWebKit/537.36 (KHTML, like Gecko) Chrome/81.0.4044.129 Safari/537.36" "-"
89.117.21.0 - - [23/Jan/2024:16:18:37 +0100] "POST / HTTP/1.1" 200 336 cronicadevalencia.com "-" "Mozilla/5.0 (X11; Linux x86_64) AppleWebKit/537.36 (KHTML, like Gecko) Chrome/81.0.4044.129 Safari/537.36" "-"
89.117.21.0 - - [23/Jan/2024:16:18:37 +0100] "POST / HTTP/1.1" 200 336 cronicadesevilla.com "-" "Mozilla/5.0 (X11; Linux x86_64) AppleWebKit/537.36 (KHTML, like Gecko) Chrome/81.0.4044.129 Safari/537.36" "-"
192.133.77.0 - - [23/Jan/2024:16:21:52 +0100] "GET /robots.txt HTTP/1.1" 200 202 cronicareinodearagon.com "-" "Twitterbot/1.0" "-"
82.165.88.0 - - [23/Jan/2024:16:21:53 +0100] "POST /wp-cron.php?doing_wp_cron=1706023313.1851229667663574218750 HTTP/1.1" 200 - cronicareinodearagon.com "-" "WordPress/6.2.2; https://cronicareinodearagon.com" "-"
192.133.77.0 - - [23/Jan/2024:16:21:53 +0100] "GET /aragon/resultados-elecciones-autonomicas-municipales-aragon/ HTTP/1.1" 200 36138 cronicareinodearagon.com "-" "Twitterbot/1.0" "-"
192.133.77.0 - - [23/Jan/2024:16:21:55 +0100] "GET /wp-content/uploads/2023/05/resultados-autonomicas-aragon.jpg HTTP/1.1" 200 33942 cronicareinodearagon.com "-" "Twitterbot/1.0" "-"
107.173.251.0 - - [23/Jan/2024:16:22:41 +0100] "POST /wp-login.php HTTP/1.1" 200 9576 cronicareinodearagon.com "-" "Mozilla/5.0 (Windows NT 6.1; WOW64) AppleWebKit/537.36 (KHTML, like Gecko) Chrome/48.0.2564.109 Safari/537.36" "-"
51.178.136.0 - - [23/Jan/2024:16:25:35 +0100] "POST /wp-login.php HTTP/1.1" 200 9576 cronicareinodearagon.com "-" "Mozilla/5.0 (Windows NT 6.3; Win64; x64) AppleWebKit/537.36 (KHTML, like Gecko) Chrome/62.0.3202.94 Safari/537.36" "-"
82.165.88.0 - - [23/Jan/2024:16:25:36 +0100] "POST /wp-cron.php?doing_wp_cron=1706023536.1589109897613525390625 HTTP/1.1" 200 - cronicareinodearagon.com "-" "WordPress/6.2.2; https://cronicareinodearagon.com" "-"
85.208.96.0 - - [23/Jan/2024:16:28:09 +0100] "GET /robots.txt HTTP/1.1" 200 202 cronicareinodearagon.com "-" "Mozilla/5.0 (compatible; SemrushBot/7~bl; +http://www.semrush.com/bot.html)" "-"
82.165.88.0 - - [23/Jan/2024:16:28:10 +0100] "POST /wp-cron.php?doing_wp_cron=1706023690.1044080257415771484375 HTTP/1.1" 200 - cronicareinodearagon.com "-" "WordPress/6.2.2; https://cronicareinodearagon.com" "-"
85.208.96.0 - - [23/Jan/2024:16:28:11 +0100] "GET /aragon/programa-impulsa-consejeria-educacion-especial/ HTTP/1.1" 200 169560 cronicareinodearagon.com "-" "Mozilla/5.0 (compatible; SemrushBot/7~bl; +http://www.semrush.com/bot.html)" "-"
82.165.88.0 - - [23/Jan/2024:16:39:50 +0100] "POST /wp-cron.php?doing_wp_cron=1706024390.8156759738922119140625 HTTP/1.1" 200 - cronicareinodearagon.com "-" "WordPress/6.2.2; https://cronicareinodearagon.com" "-"
85.208.96.0 - - [23/Jan/2024:16:39:50 +0100] "GET /sociedad/sas-indemnizacion-paciente-cancer-mama/ HTTP/1.1" 200 167628 cronicareinodearagon.com "-" "Mozilla/5.0 (compatible; SemrushBot/7~bl; +http://www.semrush.com/bot.html)" "-"
66.249.84.0 - - [23/Jan/2024:16:40:21 +0100] "GET /category/politica/feed/ HTTP/1.1" 200 18273 cronicareinodearagon.com "-" "FeedFetcher-Google; (+http://www.google.com/feedfetcher.html)" "-"
82.165.88.0 - - [23/Jan/2024:16:41:56 +0100] "POST /wp-cron.php?doing_wp_cron=1706024516.9313440322875976562500 HTTP/1.1" 200 - cronicareinodearagon.com "-" "WordPress/6.2.2; https://cronicareinodearagon.com" "-"
185.191.171.0 - - [23/Jan/2024:16:41:56 +0100] "GET /aragon/lamban-opciones-conservadora-o-mayoria-progresista/ HTTP/1.1" 200 187453 cronicareinodearagon.com "-" "Mozilla/5.0 (compatible; SemrushBot/7~bl; +http://www.semrush.com/bot.html)" "-"
85.208.96.0 - - [23/Jan/2024:16:48:40 +0100] "GET /sociedad/fallecimiento-concejal-iu-cerro-andevalo-huelva/ HTTP/1.1" 200 169437 cronicareinodearagon.com "-" "Mozilla/5.0 (compatible; SemrushBot/7~bl; +http://www.semrush.com/bot.html)" "-"
82.165.88.0 - - [23/Jan/2024:16:48:41 +0100] "POST /wp-cron.php?doing_wp_cron=1706024921.1729960441589355468750 HTTP/1.1" 200 - cronicareinodearagon.com "-" "WordPress/6.2.2; https://cronicareinodearagon.com" "-"
192.36.109.0 - - [23/Jan/2024:16:52:47 +0100] "GET /robots.txt HTTP/1.1" 200 188 cronicadevalencia.com "-" "Mozilla/5.0 (Linux; Android 8.1.0; jhs561 Build/GIADA.eng.zc.20200922.153858; wv) AppleWebKit/537.36 (KHTML, like Gecko) Version/4.0 Chrome/81.0.4044.138 Safari/537.36" "-"
192.36.109.0 - - [23/Jan/2024:16:52:48 +0100] "GET /sitemap_index.xml HTTP/1.1" 200 317 cronicareinodearagon.com "-" "Mozilla/5.0 (Linux; Android 8.1.0; jhs561 Build/GIADA.eng.zc.20200922.153858; wv) AppleWebKit/537.36 (KHTML, like Gecko) Version/4.0 Chrome/81.0.4044.138 Safari/537.36" "-"
192.36.109.0 - - [23/Jan/2024:16:52:48 +0100] "GET /humans.txt HTTP/1.1" 404 596 cronicadevalencia.com "-" "Mozilla/5.0 (Linux; Android 8.1.0; jhs561 Build/GIADA.eng.zc.20200922.153858; wv) AppleWebKit/537.36 (KHTML, like Gecko) Version/4.0 Chrome/81.0.4044.138 Safari/537.36" "-"
192.36.109.0 - - [23/Jan/2024:16:52:48 +0100] "GET /ads.txt HTTP/1.1" 404 596 cronicadevalencia.com "-" "Mozilla/5.0 (Linux; Android 8.1.0; jhs561 Build/GIADA.eng.zc.20200922.153858; wv) AppleWebKit/537.36 (KHTML, like Gecko) Version/4.0 Chrome/81.0.4044.138 Safari/537.36" "-"
43.128.110.0 - - [23/Jan/2024:16:52:48 +0100] "GET / HTTP/1.1" 200 336 www.cronicadejaen.com "-" "Mozilla/5.0 (iPhone; CPU iPhone OS 13_2_3 like Mac OS X) AppleWebKit/605.1.15 (KHTML, like Gecko) Version/13.0.3 Mobile/15E148 Safari/604.1" "-"
192.36.109.0 - - [23/Jan/2024:16:52:49 +0100] "GET / HTTP/1.1" 200 336 cronicadevalencia.com "-" "Mozilla/5.0 (Linux; Android 8.1.0; jhs561 Build/GIADA.eng.zc.20200922.153858; wv) AppleWebKit/537.36 (KHTML, like Gecko) Version/4.0 Chrome/81.0.4044.138 Safari/537.36" "-"
85.208.96.0 - - [23/Jan/2024:16:53:20 +0100] "GET /aragon/grinan-incidente-nulidad-supremo/ HTTP/1.1" 200 167904 cronicareinodearagon.com "-" "Mozilla/5.0 (compatible; SemrushBot/7~bl; +http://www.semrush.com/bot.html)" "-"
82.165.88.0 - - [23/Jan/2024:16:53:21 +0100] "POST /wp-cron.php?doing_wp_cron=1706025200.9961791038513183593750 HTTP/1.1" 200 - cronicareinodearagon.com "-" "WordPress/6.2.2; https://cronicareinodearagon.com" "-"
185.243.218.0 - - [23/Jan/2024:17:07:35 +0100] "GET / HTTP/1.1" 200 336 cronicadecordoba.com "http://cronicadecordoba.com" "Mozilla/5.0 (Windows NT 6.1; Win64; x64) AppleWebKit/537.36 (KHTML, like Gecko) Chrome/60.0.3112.113 Safari/537.36" "-"
80.67.167.0 - - [23/Jan/2024:17:08:08 +0100] "POST /xmlrpc.php HTTP/1.1" 200 416 cronicareinodearagon.com "-" "Mozilla/5.0 (Windows NT 10.0; Win64; x64) AppleWebKit/537.36 (KHTML, like Gecko) Chrome/74.0.3729.157 Safari/537.36" "-"
82.165.88.0 - - [23/Jan/2024:17:08:09 +0100] "POST /wp-cron.php?doing_wp_cron=1706026089.3626070022583007812500 HTTP/1.1" 200 - cronicareinodearagon.com "-" "WordPress/6.2.2; https://cronicareinodearagon.com" "-"
80.67.167.0 - - [23/Jan/2024:17:08:11 +0100] "POST /xmlrpc.php HTTP/1.1" 200 416 cronicareinodearagon.com "-" "Mozilla/5.0 (Windows NT 10.0; Win64; x64) AppleWebKit/537.36 (KHTML, like Gecko) Chrome/74.0.3729.157 Safari/537.36" "-"
80.67.167.0 - - [23/Jan/2024:17:08:13 +0100] "POST /xmlrpc.php HTTP/1.1" 403 775 cronicareinodearagon.com "-" "Mozilla/5.0 (Windows NT 10.0; Win64; x64) AppleWebKit/537.36 (KHTML, like Gecko) Chrome/74.0.3729.157 Safari/537.36" "-"
80.67.167.0 - - [23/Jan/2024:17:08:14 +0100] "POST /xmlrpc.php HTTP/1.1" 403 775 cronicareinodearagon.com "-" "Mozilla/5.0 (Windows NT 10.0; Win64; x64) AppleWebKit/537.36 (KHTML, like Gecko) Chrome/74.0.3729.157 Safari/537.36" "-"
80.67.167.0 - - [23/Jan/2024:17:08:15 +0100] "POST /xmlrpc.php HTTP/1.1" 403 775 cronicareinodearagon.com "-" "Mozilla/5.0 (Windows NT 10.0; Win64; x64) AppleWebKit/537.36 (KHTML, like Gecko) Chrome/74.0.3729.157 Safari/537.36" "-"
82.165.88.0 - - [23/Jan/2024:17:09:02 +0100] "POST /wp-cron.php?doing_wp_cron=1706026142.7744181156158447265625 HTTP/1.1" 200 - cronicareinodearagon.com "-" "WordPress/6.2.2; https://cronicareinodearagon.com" "-"
40.77.167.0 - - [23/Jan/2024:17:09:02 +0100] "GET /uncategorized/el-turismo-cae-en-la-costa-del-sol-casi-un-80-en-agosto-y-deja-un-septiembre-casi-a-0/ HTTP/1.1" 404 145101 cronicareinodearagon.com "-" "Mozilla/5.0 AppleWebKit/537.36 (KHTML, like Gecko; compatible; bingbot/2.0; +http://www.bing.com/bingbot.htm) Chrome/116.0.1938.76 Safari/537.36" "-"
66.249.84.0 - - [23/Jan/2024:17:10:05 +0100] "GET /category/sociedad/feed/ HTTP/1.1" 200 16233 cronicareinodearagon.com "-" "FeedFetcher-Google; (+http://www.google.com/feedfetcher.html)" "-"
82.165.88.0 - - [23/Jan/2024:17:13:50 +0100] "POST /wp-cron.php?doing_wp_cron=1706026430.9191780090332031250000 HTTP/1.1" 200 - cronicareinodearagon.com "-" "WordPress/6.2.2; https://cronicareinodearagon.com" "-"
66.249.84.0 - - [23/Jan/2024:17:13:50 +0100] "GET /category/educacion/feed/ HTTP/1.1" 200 16487 cronicareinodearagon.com "-" "FeedFetcher-Google; (+http://www.google.com/feedfetcher.html)" "-"
182.44.9.0 - - [23/Jan/2024:17:16:29 +0100] "GET / HTTP/1.1" 200 336 www.cronicadecadiz.com "-" "Mozilla/5.0 (iPhone; CPU iPhone OS 13_2_3 like Mac OS X) AppleWebKit/605.1.15 (KHTML, like Gecko) Version/13.0.3 Mobile/15E148 Safari/604.1" "-"
192.42.116.0 - - [23/Jan/2024:17:22:27 +0100] "POST /xmlrpc.php HTTP/1.1" 200 416 cronicareinodearagon.com "-" "Mozilla/5.0 (Macintosh; Intel Mac OS X 10_10; rv:33.0) Gecko/20100101 Firefox/33.0" "-"
82.165.88.0 - - [23/Jan/2024:17:22:28 +0100] "POST /wp-cron.php?doing_wp_cron=1706026948.2597289085388183593750 HTTP/1.1" 200 - cronicareinodearagon.com "-" "WordPress/6.2.2; https://cronicareinodearagon.com" "-"
192.42.116.0 - - [23/Jan/2024:17:22:29 +0100] "POST /xmlrpc.php HTTP/1.1" 200 416 cronicareinodearagon.com "-" "Mozilla/5.0 (Macintosh; Intel Mac OS X 10_10; rv:33.0) Gecko/20100101 Firefox/33.0" "-"
192.42.116.0 - - [23/Jan/2024:17:22:30 +0100] "POST /xmlrpc.php HTTP/1.1" 403 775 cronicareinodearagon.com "-" "Mozilla/5.0 (Macintosh; Intel Mac OS X 10_10; rv:33.0) Gecko/20100101 Firefox/33.0" "-"
192.42.116.0 - - [23/Jan/2024:17:22:31 +0100] "POST /xmlrpc.php HTTP/1.1" 403 775 cronicareinodearagon.com "-" "Mozilla/5.0 (Macintosh; Intel Mac OS X 10_10; rv:33.0) Gecko/20100101 Firefox/33.0" "-"
192.42.116.0 - - [23/Jan/2024:17:22:32 +0100] "POST /xmlrpc.php HTTP/1.1" 403 775 cronicareinodearagon.com "-" "Mozilla/5.0 (Macintosh; Intel Mac OS X 10_10; rv:33.0) Gecko/20100101 Firefox/33.0" "-"
82.165.88.0 - - [23/Jan/2024:17:24:54 +0100] "POST /wp-cron.php?doing_wp_cron=1706027094.5915269851684570312500 HTTP/1.1" 200 - cronicareinodearagon.com "-" "WordPress/6.2.2; https://cronicareinodearagon.com" "-"
85.208.96.0 - - [23/Jan/2024:17:24:54 +0100] "GET /aragon/pasaporte-covid-certificado-hospitales/ HTTP/1.1" 200 167578 cronicareinodearagon.com "-" "Mozilla/5.0 (compatible; SemrushBot/7~bl; +http://www.semrush.com/bot.html)" "-"
185.191.171.0 - - [23/Jan/2024:17:25:55 +0100] "GET /category/aragon/page/71/ HTTP/1.1" 200 147861 cronicareinodearagon.com "-" "Mozilla/5.0 (compatible; SemrushBot/7~bl; +http://www.semrush.com/bot.html)" "-"
82.165.88.0 - - [23/Jan/2024:17:25:56 +0100] "POST /wp-cron.php?doing_wp_cron=1706027156.0673189163208007812500 HTTP/1.1" 200 - cronicareinodearagon.com "-" "WordPress/6.2.2; https://cronicareinodearagon.com" "-"
185.191.171.0 - - [23/Jan/2024:17:31:24 +0100] "GET /robots.txt HTTP/1.1" 200 202 cronicareinodearagon.com "-" "Mozilla/5.0 (compatible; SemrushBot/7~bl; +http://www.semrush.com/bot.html)" "-"
82.165.88.0 - - [23/Jan/2024:17:31:25 +0100] "POST /wp-cron.php?doing_wp_cron=1706027485.1645460128784179687500 HTTP/1.1" 200 - cronicareinodearagon.com "-" "WordPress/6.2.2; https://cronicareinodearagon.com" "-"
85.208.96.0 - - [23/Jan/2024:17:31:26 +0100] "GET /sociedad/policia-nacional-sanlucar-barrameda-drogas/ HTTP/1.1" 200 166798 cronicareinodearagon.com "-" "Mozilla/5.0 (compatible; SemrushBot/7~bl; +http://www.semrush.com/bot.html)" "-"
223.244.35.0 - - [23/Jan/2024:17:32:24 +0100] "GET / HTTP/1.1" 200 336 www.cronicadehuelva.com "-" "Mozilla/5.0 (iPhone; CPU iPhone OS 13_2_3 like Mac OS X) AppleWebKit/605.1.15 (KHTML, like Gecko) Version/13.0.3 Mobile/15E148 Safari/604.1" "-"
223.244.35.0 - - [23/Jan/2024:17:32:27 +0100] "GET / HTTP/1.1" 200 336 www.cronicademalaga.com "-" "Mozilla/5.0 (iPhone; CPU iPhone OS 13_2_3 like Mac OS X) AppleWebKit/605.1.15 (KHTML, like Gecko) Version/13.0.3 Mobile/15E148 Safari/604.1" "-"
223.244.35.0 - - [23/Jan/2024:17:32:30 +0100] "GET / HTTP/1.1" 200 336 www.cronicadearagon.com "-" "Mozilla/5.0 (iPhone; CPU iPhone OS 13_2_3 like Mac OS X) AppleWebKit/605.1.15 (KHTML, like Gecko) Version/13.0.3 Mobile/15E148 Safari/604.1" "-"
74.125.212.0 - - [23/Jan/2024:17:34:15 +0100] "GET /category/economia/feed/ HTTP/1.1" 200 12913 cronicareinodearagon.com "-" "FeedFetcher-Google; (+http://www.google.com/feedfetcher.html)" "-"
82.165.88.0 - - [23/Jan/2024:17:34:16 +0100] "POST /wp-cron.php?doing_wp_cron=1706027656.1964099407196044921875 HTTP/1.1" 200 - cronicareinodearagon.com "-" "WordPress/6.2.2; https://cronicareinodearagon.com" "-"
93.186.242.0 - - [23/Jan/2024:17:35:39 +0100] "POST /xmlrpc.php HTTP/1.1" 200 416 cronicareinodearagon.com "-" "Mozilla/5.0 (Windows NT 10.0; Win64; x64) AppleWebKit/537.36 (KHTML, like Gecko) Chrome/67.0.3396.99 Safari/537.36" "-"
82.165.88.0 - - [23/Jan/2024:17:35:40 +0100] "POST /wp-cron.php?doing_wp_cron=1706027740.2799088954925537109375 HTTP/1.1" 200 - cronicareinodearagon.com "-" "WordPress/6.2.2; https://cronicareinodearagon.com" "-"
2001:1640:: - - [23/Jan/2024:17:35:45 +0100] "POST /xmlrpc.php HTTP/1.1" 200 416 cronicareinodearagon.com "-" "Mozilla/5.0 (Windows NT 6.1; Win64; x64; rv:58.0) Gecko/20100101 Firefox/58.0" "-"
82.165.88.0 - - [23/Jan/2024:17:35:46 +0100] "POST /wp-cron.php?doing_wp_cron=1706027746.2513868808746337890625 HTTP/1.1" 200 - cronicareinodearagon.com "-" "WordPress/6.2.2; https://cronicareinodearagon.com" "-"
91.134.248.0 - - [23/Jan/2024:17:35:59 +0100] "POST /xmlrpc.php HTTP/1.1" 200 416 cronicareinodearagon.com "-" "Mozilla/5.0 (Windows NT 5.1; rv:40.0) Gecko/20100101 Firefox/40.0" "-"
52.229.95.0 - - [23/Jan/2024:17:36:09 +0100] "POST /xmlrpc.php HTTP/1.1" 200 416 cronicareinodearagon.com "-" "Mozilla/5.0 (Windows NT 6.1; WOW64; rv:47.0) Gecko/20100101 Firefox/47.0" "-"
42.83.147.0 - - [23/Jan/2024:17:43:05 +0100] "GET / HTTP/1.1" 200 336 cronicadejaen.com "-" "Mozilla/5.0 (Windows NT 6.1; Win64; x64) AppleWebKit/537.36 (KHTML, like Gecko)Chrome/74.0.3729.169 Safari/537.36" "-"
66.249.84.0 - - [23/Jan/2024:17:43:11 +0100] "GET /category/sociedad/feed/ HTTP/1.1" 200 16233 cronicareinodearagon.com "-" "FeedFetcher-Google; (+http://www.google.com/feedfetcher.html)" "-"
185.191.171.0 - - [23/Jan/2024:17:44:40 +0100] "GET /aragon/ataque-vivienda-concejal-linares/ HTTP/1.1" 200 164091 cronicareinodearagon.com "-" "Mozilla/5.0 (compatible; SemrushBot/7~bl; +http://www.semrush.com/bot.html)" "-"
82.165.88.0 - - [23/Jan/2024:17:44:41 +0100] "POST /wp-cron.php?doing_wp_cron=1706028281.2144620418548583984375 HTTP/1.1" 200 - cronicareinodearagon.com "-" "WordPress/6.2.2; https://cronicareinodearagon.com" "-"
43.134.170.0 - - [23/Jan/2024:17:45:23 +0100] "GET / HTTP/1.1" 200 336 www.cronicadealmeria.com "-" "Mozilla/5.0 (iPhone; CPU iPhone OS 13_2_3 like Mac OS X) AppleWebKit/605.1.15 (KHTML, like Gecko) Version/13.0.3 Mobile/15E148 Safari/604.1" "-"
43.134.170.0 - - [23/Jan/2024:17:45:23 +0100] "GET / HTTP/1.1" 200 336 www.cronicadesevilla.com "-" "Mozilla/5.0 (iPhone; CPU iPhone OS 13_2_3 like Mac OS X) AppleWebKit/605.1.15 (KHTML, like Gecko) Version/13.0.3 Mobile/15E148 Safari/604.1" "-"
43.134.170.0 - - [23/Jan/2024:17:45:23 +0100] "GET / HTTP/1.1" 200 336 www.cronicadegranada.com "-" "Mozilla/5.0 (iPhone; CPU iPhone OS 13_2_3 like Mac OS X) AppleWebKit/605.1.15 (KHTML, like Gecko) Version/13.0.3 Mobile/15E148 Safari/604.1" "-"
43.134.170.0 - - [23/Jan/2024:17:45:23 +0100] "GET / HTTP/1.1" 200 336 www.cronicadecordoba.com "-" "Mozilla/5.0 (iPhone; CPU iPhone OS 13_2_3 like Mac OS X) AppleWebKit/605.1.15 (KHTML, like Gecko) Version/13.0.3 Mobile/15E148 Safari/604.1" "-"
82.165.88.0 - - [23/Jan/2024:17:59:21 +0100] "POST /wp-cron.php?doing_wp_cron=1706029161.6085300445556640625000 HTTP/1.1" 200 - cronicareinodearagon.com "-" "WordPress/6.2.2; https://cronicareinodearagon.com" "-"
45.126.209.0 - - [23/Jan/2024:17:59:21 +0100] "POST /xmlrpc.php HTTP/1.1" 200 416 cronicareinodearagon.com "-" "Mozilla/5.0 (Macintosh; Intel Mac OS X 11_4) AppleWebKit/537.36 (KHTML, like Gecko) Chrome/91.0.4472.114 Safari/537.36" "-"
45.117.179.0 - - [23/Jan/2024:17:59:24 +0100] "POST /xmlrpc.php HTTP/1.1" 200 416 cronicareinodearagon.com "-" "Mozilla/5.0 (Windows NT 6.1; Win64; x64) AppleWebKit/537.36 (KHTML, like Gecko) Chrome/63.0.3239.132 Safari/537.36" "-"
54.36.149.0 - - [23/Jan/2024:17:59:24 +0100] "GET /politica/psoe-huesca-bus-gratuito-vecinos/ HTTP/1.1" 200 159808 cronicareinodearagon.com "-" "Mozilla/5.0 (compatible; AhrefsBot/7.0; +http://ahrefs.com/robot/)" "-"
5.101.157.0 - - [23/Jan/2024:17:59:34 +0100] "POST /xmlrpc.php HTTP/1.1" 200 416 cronicareinodearagon.com "-" "Mozilla/5.0 (Windows NT 10.0; Win64; x64; rv:84.0) Gecko/20100101 Firefox/84.0" "-"
92.205.146.0 - - [23/Jan/2024:17:59:54 +0100] "POST /xmlrpc.php HTTP/1.1" 200 416 cronicareinodearagon.com "-" "Mozilla/5.0 (Windows NT 5.1; rv:30.0) Gecko/20100101 Firefox/30.0" "-"
82.165.88.0 - - [23/Jan/2024:17:59:55 +0100] "POST /wp-cron.php?doing_wp_cron=1706029194.9789659976959228515625 HTTP/1.1" 200 - cronicareinodearagon.com "-" "WordPress/6.2.2; https://cronicareinodearagon.com" "-"
5.101.157.0 - - [23/Jan/2024:17:59:58 +0100] "POST /xmlrpc.php HTTP/1.1" 200 416 cronicareinodearagon.com "-" "Mozilla/5.0 (Windows NT 10.0; Win64; x64; rv:66.0) Gecko/20100101 Firefox/66.0" "-"
40.77.167.0 - - [23/Jan/2024:18:00:04 +0100] "GET /politica/joe-biden-gana-la-presidencia-de-estados-unidos/ HTTP/1.1" 404 144972 cronicareinodearagon.com "-" "Mozilla/5.0 AppleWebKit/537.36 (KHTML, like Gecko; compatible; bingbot/2.0; +http://www.bing.com/bingbot.htm) Chrome/116.0.1938.76 Safari/537.36" "-"
43.241.72.0 - - [23/Jan/2024:18:00:04 +0100] "POST /xmlrpc.php HTTP/1.1" 200 416 cronicareinodearagon.com "-" "Mozilla/5.0 (Windows NT 10.0; Win64; x64) AppleWebKit/537.36 (KHTML, like Gecko) Chrome/88.0.4324.104 Safari/537.36" "-"
42.83.147.0 - - [23/Jan/2024:18:02:24 +0100] "GET / HTTP/1.1" 200 336 cronicadehuelva.com "-" "Mozilla/5.0 (Windows NT 6.1; Win64; x64) AppleWebKit/537.36 (KHTML, like Gecko)Chrome/74.0.3729.169 Safari/537.36" "-"
223.244.35.0 - - [23/Jan/2024:18:02:54 +0100] "GET / HTTP/1.1" 200 336 www.cronicadevalencia.com "-" "Mozilla/5.0 (iPhone; CPU iPhone OS 13_2_3 like Mac OS X) AppleWebKit/605.1.15 (KHTML, like Gecko) Version/13.0.3 Mobile/15E148 Safari/604.1" "-"
223.244.35.0 - - [23/Jan/2024:18:02:57 +0100] "GET / HTTP/1.1" 200 336 www.cronicadeasturias.com "-" "Mozilla/5.0 (iPhone; CPU iPhone OS 13_2_3 like Mac OS X) AppleWebKit/605.1.15 (KHTML, like Gecko) Version/13.0.3 Mobile/15E148 Safari/604.1" "-"
82.165.88.0 - - [23/Jan/2024:18:09:58 +0100] "POST /wp-cron.php?doing_wp_cron=1706029798.5398619174957275390625 HTTP/1.1" 200 - cronicareinodearagon.com "-" "WordPress/6.2.2; https://cronicareinodearagon.com" "-"
66.249.84.0 - - [23/Jan/2024:18:09:58 +0100] "GET /category/politica/feed/ HTTP/1.1" 200 18273 cronicareinodearagon.com "-" "FeedFetcher-Google; (+http://www.google.com/feedfetcher.html)" "-"
82.165.88.0 - - [23/Jan/2024:18:13:10 +0100] "POST /wp-cron.php?doing_wp_cron=1706029990.5281219482421875000000 HTTP/1.1" 200 - cronicareinodearagon.com "-" "WordPress/6.2.2; https://cronicareinodearagon.com" "-"
185.191.171.0 - - [23/Jan/2024:18:13:10 +0100] "GET /aragon/consejeria-educativo-fp-premios-flamenco/ HTTP/1.1" 200 165996 cronicareinodearagon.com "-" "Mozilla/5.0 (compatible; SemrushBot/7~bl; +http://www.semrush.com/bot.html)" "-"
82.165.88.0 - - [23/Jan/2024:18:21:21 +0100] "POST /wp-cron.php?doing_wp_cron=1706030481.4095230102539062500000 HTTP/1.1" 200 - cronicareinodearagon.com "-" "WordPress/6.2.2; https://cronicareinodearagon.com" "-"
185.191.171.0 - - [23/Jan/2024:18:21:21 +0100] "GET /category/aragon/page/74/ HTTP/1.1" 200 147829 cronicareinodearagon.com "-" "Mozilla/5.0 (compatible; SemrushBot/7~bl; +http://www.semrush.com/bot.html)" "-"
66.249.84.0 - - [23/Jan/2024:18:24:14 +0100] "GET /category/sociedad/feed/ HTTP/1.1" 200 16233 cronicareinodearagon.com "-" "FeedFetcher-Google; (+http://www.google.com/feedfetcher.html)" "-"
85.208.96.0 - - [23/Jan/2024:18:26:08 +0100] "GET /aragon/banderas-andalucia-2022/ HTTP/1.1" 200 184347 cronicareinodearagon.com "-" "Mozilla/5.0 (compatible; SemrushBot/7~bl; +http://www.semrush.com/bot.html)" "-"
82.165.88.0 - - [23/Jan/2024:18:26:09 +0100] "POST /wp-cron.php?doing_wp_cron=1706030769.2852249145507812500000 HTTP/1.1" 200 - cronicareinodearagon.com "-" "WordPress/6.2.2; https://cronicareinodearagon.com" "-"
182.44.9.0 - - [23/Jan/2024:18:28:10 +0100] "GET / HTTP/1.1" 301 245 www.cronicareinodearagon.com "-" "Mozilla/5.0 (iPhone; CPU iPhone OS 13_2_3 like Mac OS X) AppleWebKit/605.1.15 (KHTML, like Gecko) Version/13.0.3 Mobile/15E148 Safari/604.1" "-"
182.44.9.0 - - [23/Jan/2024:18:28:10 +0100] "GET / HTTP/1.1" 200 336 www.cronicadeextremadura.com "-" "Mozilla/5.0 (iPhone; CPU iPhone OS 13_2_3 like Mac OS X) AppleWebKit/605.1.15 (KHTML, like Gecko) Version/13.0.3 Mobile/15E148 Safari/604.1" "-"
182.44.9.0 - - [23/Jan/2024:18:28:14 +0100] "GET / HTTP/1.1" 301 - www.cronicareinodearagon.com "http://www.cronicareinodearagon.com" "Mozilla/5.0 (iPhone; CPU iPhone OS 13_2_3 like Mac OS X) AppleWebKit/605.1.15 (KHTML, like Gecko) Version/13.0.3 Mobile/15E148 Safari/604.1" "-"
82.165.88.0 - - [23/Jan/2024:18:28:15 +0100] "POST /wp-cron.php?doing_wp_cron=1706030895.0164000988006591796875 HTTP/1.1" 200 - cronicareinodearagon.com "-" "WordPress/6.2.2; https://cronicareinodearagon.com" "-"
182.44.9.0 - - [23/Jan/2024:18:28:16 +0100] "GET / HTTP/1.1" 200 319474 cronicareinodearagon.com "https://www.cronicareinodearagon.com/" "Mozilla/5.0 (iPhone; CPU iPhone OS 13_2_3 like Mac OS X) AppleWebKit/605.1.15 (KHTML, like Gecko) Version/13.0.3 Mobile/15E148 Safari/604.1" "-"
182.42.111.0 - - [23/Jan/2024:18:38:25 +0100] "GET / HTTP/1.1" 200 336 www.grupocronicaenlibertad.com "-" "Mozilla/5.0 (iPhone; CPU iPhone OS 13_2_3 like Mac OS X) AppleWebKit/605.1.15 (KHTML, like Gecko) Version/13.0.3 Mobile/15E148 Safari/604.1" "-"
66.249.84.0 - - [23/Jan/2024:18:40:14 +0100] "GET /category/politica/feed/ HTTP/1.1" 200 18273 cronicareinodearagon.com "-" "FeedFetcher-Google; (+http://www.google.com/feedfetcher.html)" "-"
82.165.88.0 - - [23/Jan/2024:18:40:15 +0100] "POST /wp-cron.php?doing_wp_cron=1706031615.8643250465393066406250 HTTP/1.1" 200 - cronicareinodearagon.com "-" "WordPress/6.2.2; https://cronicareinodearagon.com" "-"
43.163.8.0 - - [23/Jan/2024:18:40:45 +0100] "GET / HTTP/1.1" 200 336 www.cronicadelpaisvalenciano.com "-" "Mozilla/5.0 (iPhone; CPU iPhone OS 13_2_3 like Mac OS X) AppleWebKit/605.1.15 (KHTML, like Gecko) Version/13.0.3 Mobile/15E148 Safari/604.1" "-"
23.111.202.0 - - [23/Jan/2024:18:44:17 +0100] "POST /xmlrpc.php HTTP/1.1" 200 416 cronicareinodearagon.com "-" "Mozilla/5.0 (Windows NT 10.0; Win64; x64; rv:78.0) Gecko/20100101 Firefox/78.0" "-"
82.165.88.0 - - [23/Jan/2024:18:44:18 +0100] "POST /wp-cron.php?doing_wp_cron=1706031858.0007169246673583984375 HTTP/1.1" 200 - cronicareinodearagon.com "-" "WordPress/6.2.2; https://cronicareinodearagon.com" "-"
168.138.157.0 - - [23/Jan/2024:18:44:24 +0100] "POST /xmlrpc.php HTTP/1.1" 200 416 cronicareinodearagon.com "-" "Mozilla/5.0 (Windows NT 10.0; Win64; x64) AppleWebKit/537.36 (KHTML, like Gecko) Chrome/90.0.4430.93 Safari/537.36" "-"
72.167.211.0 - - [23/Jan/2024:18:44:38 +0100] "POST /xmlrpc.php HTTP/1.1" 200 416 cronicareinodearagon.com "-" "Mozilla/5.0 (Windows NT 5.1) AppleWebKit/537.36 (KHTML, like Gecko) Chrome/46.0.2490.71 Safari/537.36" "-"
150.162.233.0 - - [23/Jan/2024:18:44:41 +0100] "POST /xmlrpc.php HTTP/1.1" 200 416 cronicareinodearagon.com "-" "Mozilla/5.0 (Windows NT 10.0; Win64; x64) AppleWebKit/537.36 (KHTML, like Gecko) Chrome/88.0.4324.104 Safari/537.36" "-"
82.165.88.0 - - [23/Jan/2024:18:44:43 +0100] "POST /wp-cron.php?doing_wp_cron=1706031883.9125421047210693359375 HTTP/1.1" 200 - cronicareinodearagon.com "-" "WordPress/6.2.2; https://cronicareinodearagon.com" "-"
177.93.129.0 - - [23/Jan/2024:18:44:43 +0100] "POST /xmlrpc.php HTTP/1.1" 200 416 cronicareinodearagon.com "-" "Mozilla/5.0 (Windows NT 10.0; Win64; x64) AppleWebKit/537.36 (KHTML, like Gecko) Chrome/91.0.4472.114 Safari/537.36" "-"
62.159.20.0 - - [23/Jan/2024:18:44:47 +0100] "POST /xmlrpc.php HTTP/1.1" 200 416 cronicareinodearagon.com "-" "Mozilla/5.0 (Windows NT 10.0; Win64; x64) AppleWebKit/537.36 (KHTML, like Gecko) Chrome/87.0.4280.88 Safari/537.36" "-"
34.64.218.0 - - [23/Jan/2024:18:45:46 +0100] "GET /wp-login.php HTTP/1.1" 404 596 cronicadecordoba.com "-" "Mozilla/5.0 (X11; Fedora; Linux x86_64; rv:94.0) Gecko/20100101 Firefox/95.0" "-"
82.165.88.0 - - [23/Jan/2024:18:50:43 +0100] "POST /wp-cron.php?doing_wp_cron=1706032243.5374391078948974609375 HTTP/1.1" 200 - cronicareinodearagon.com "-" "WordPress/6.2.2; https://cronicareinodearagon.com" "-"
54.36.149.0 - - [23/Jan/2024:18:50:43 +0100] "GET /aragon/boric-chile-andaluces/ HTTP/1.1" 200 164192 cronicareinodearagon.com "-" "Mozilla/5.0 (compatible; AhrefsBot/7.0; +http://ahrefs.com/robot/)" "-"
82.165.88.0 - - [23/Jan/2024:18:52:06 +0100] "POST /wp-cron.php?doing_wp_cron=1706032326.6146419048309326171875 HTTP/1.1" 200 - cronicareinodearagon.com "-" "WordPress/6.2.2; https://cronicareinodearagon.com" "-"
66.249.84.0 - - [23/Jan/2024:18:52:06 +0100] "GET /category/educacion/feed/ HTTP/1.1" 200 16487 cronicareinodearagon.com "-" "FeedFetcher-Google; (+http://www.google.com/feedfetcher.html)" "-"
82.165.88.0 - - [23/Jan/2024:19:01:14 +0100] "POST /wp-cron.php?doing_wp_cron=1706032874.3864459991455078125000 HTTP/1.1" 200 - cronicareinodearagon.com "-" "WordPress/6.2.2; https://cronicareinodearagon.com" "-"
52.167.144.0 - - [23/Jan/2024:19:01:14 +0100] "GET /sociedad/planta-transferencia-residuos-quinto-ecoprovincia-zaragoza/ HTTP/1.1" 200 168265 cronicareinodearagon.com "-" "Mozilla/5.0 AppleWebKit/537.36 (KHTML, like Gecko; compatible; bingbot/2.0; +http://www.bing.com/bingbot.htm) Chrome/116.0.1938.76 Safari/537.36" "-"
92.205.182.0 - - [23/Jan/2024:19:08:13 +0100] "GET /wp-login.php HTTP/1.1" 404 596 grupocronicaenlibertad.com "-" "Mozilla/5.0 (X11; Fedora; Linux x86_64; rv:94.0) Gecko/20100101 Firefox/95.0" "-"
212.227.216.0 - - [23/Jan/2024:19:14:23 +0100] "GET /robots.txt HTTP/1.1" 200 188 grupocronicaenlibertad.com "-" "IonCrawl (https://www.ionos.de/terms-gtc/faq-crawler-en/)" "-"
212.227.216.0 - - [23/Jan/2024:19:17:48 +0100] "GET /sitemap_index.xml HTTP/1.1" 200 693 cronicareinodearagon.com "-" "IonCrawl (https://www.ionos.de/terms-gtc/faq-crawler-en/)" "-"
64.225.70.0 - - [23/Jan/2024:19:18:44 +0100] "GET / HTTP/1.1" 200 336 cronicadealmeria.com "-" "Mozilla/5.0 (X11; Linux x86_64) AppleWebKit/537.36 (KHTML, like Gecko) Chrome/108.0.0.0 Safari/537.36" "-"
212.227.216.0 - - [23/Jan/2024:19:20:54 +0100] "GET / HTTP/1.1" 200 336 grupocronicaenlibertad.com "-" "IonCrawl (https://www.ionos.de/terms-gtc/faq-crawler-en/)" "-"
212.227.216.0 - - [23/Jan/2024:19:20:56 +0100] "GET /wp-cron.php HTTP/1.1" 404 596 grupocronicaenlibertad.com "-" "IonCrawl (https://www.ionos.de/terms-gtc/faq-crawler-en/)" "-"
212.227.216.0 - - [23/Jan/2024:19:22:31 +0100] "GET /defaultsite HTTP/1.1" 200 18994 grupocronicaenlibertad.com "-" "IonCrawl (https://www.ionos.de/terms-gtc/faq-crawler-en/)" "-"
42.83.147.0 - - [23/Jan/2024:19:24:33 +0100] "GET / HTTP/1.1" 200 336 cronicadevalencia.com "-" "Mozilla/5.0 (Windows NT 6.1; Win64; x64) AppleWebKit/537.36 (KHTML, like Gecko)Chrome/74.0.3729.169 Safari/537.36" "-"
82.165.88.0 - - [23/Jan/2024:19:24:42 +0100] "POST /wp-cron.php?doing_wp_cron=1706034282.8163321018218994140625 HTTP/1.1" 200 - cronicareinodearagon.com "-" "WordPress/6.2.2; https://cronicareinodearagon.com" "-"
85.208.96.0 - - [23/Jan/2024:19:24:42 +0100] "GET /robots.txt HTTP/1.1" 200 202 cronicareinodearagon.com "-" "Mozilla/5.0 (compatible; SemrushBot/7~bl; +http://www.semrush.com/bot.html)" "-"
185.191.171.0 - - [23/Jan/2024:19:24:43 +0100] "GET /aragon/moreno-bonilla-enchufa-a-sergio-romero-rival-de-juan-marin/ HTTP/1.1" 200 160664 cronicareinodearagon.com "-" "Mozilla/5.0 (compatible; SemrushBot/7~bl; +http://www.semrush.com/bot.html)" "-"
161.35.158.0 - - [23/Jan/2024:19:29:18 +0100] "GET / HTTP/1.1" 200 336 cronicadehuelva.com "-" "Mozilla/5.0 (X11; Linux x86_64) AppleWebKit/537.36 (KHTML, like Gecko) Chrome/108.0.0.0 Safari/537.36" "-"
49.235.65.0 - - [23/Jan/2024:19:31:13 +0100] "GET /wp-login.php HTTP/1.1" 404 596 cronicademalaga.com "-" "Mozilla/5.0 (X11; Fedora; Linux x86_64; rv:94.0) Gecko/20100101 Firefox/95.0" "-"
82.165.88.0 - - [23/Jan/2024:19:32:46 +0100] "POST /wp-cron.php?doing_wp_cron=1706034766.3916540145874023437500 HTTP/1.1" 200 - cronicareinodearagon.com "-" "WordPress/6.2.2; https://cronicareinodearagon.com" "-"
185.191.171.0 - - [23/Jan/2024:19:32:46 +0100] "GET /category/aragon/page/68/ HTTP/1.1" 200 147899 cronicareinodearagon.com "-" "Mozilla/5.0 (compatible; SemrushBot/7~bl; +http://www.semrush.com/bot.html)" "-"
74.125.212.0 - - [23/Jan/2024:19:32:58 +0100] "GET /category/economia/feed/ HTTP/1.1" 200 12913 cronicareinodearagon.com "-" "FeedFetcher-Google; (+http://www.google.com/feedfetcher.html)" "-"
82.165.88.0 - - [23/Jan/2024:19:34:38 +0100] "POST /wp-cron.php?doing_wp_cron=1706034878.9008460044860839843750 HTTP/1.1" 200 - cronicareinodearagon.com "-" "WordPress/6.2.2; https://cronicareinodearagon.com" "-"
66.249.84.0 - - [23/Jan/2024:19:34:38 +0100] "GET /category/politica/feed/ HTTP/1.1" 200 18273 cronicareinodearagon.com "-" "FeedFetcher-Google; (+http://www.google.com/feedfetcher.html)" "-"
82.165.88.0 - - [23/Jan/2024:19:34:54 +0100] "POST /wp-cron.php?doing_wp_cron=1706034894.7740540504455566406250 HTTP/1.1" 200 - cronicareinodearagon.com "-" "WordPress/6.2.2; https://cronicareinodearagon.com" "-"
74.125.212.0 - - [23/Jan/2024:19:34:54 +0100] "GET /category/economia/feed/ HTTP/1.1" 200 12913 cronicareinodearagon.com "-" "FeedFetcher-Google; (+http://www.google.com/feedfetcher.html)" "-"
40.77.167.0 - - [23/Jan/2024:19:41:28 +0100] "GET /wp-content/uploads/2020/06/bomberos-malaga-300x136.jpg HTTP/1.1" 200 14244 cronicareinodearagon.com "-" "Mozilla/5.0 AppleWebKit/537.36 (KHTML, like Gecko; compatible; bingbot/2.0; +http://www.bing.com/bingbot.htm) Chrome/116.0.1938.76 Safari/537.36" "-"
66.249.84.0 - - [23/Jan/2024:19:41:36 +0100] "GET /category/sociedad/feed/ HTTP/1.1" 200 16233 cronicareinodearagon.com "-" "FeedFetcher-Google; (+http://www.google.com/feedfetcher.html)" "-"
82.165.88.0 - - [23/Jan/2024:19:43:16 +0100] "POST /wp-cron.php?doing_wp_cron=1706035396.8356308937072753906250 HTTP/1.1" 200 - cronicareinodearagon.com "-" "WordPress/6.2.2; https://cronicareinodearagon.com" "-"
54.36.148.0 - - [23/Jan/2024:19:43:16 +0100] "GET /aragon/convenios-construccion-vivienda-rural-alquiler/ HTTP/1.1" 200 35293 cronicareinodearagon.com "-" "Mozilla/5.0 (compatible; AhrefsBot/7.0; +http://ahrefs.com/robot/)" "-"
82.165.88.0 - - [23/Jan/2024:19:44:12 +0100] "POST /wp-cron.php?doing_wp_cron=1706035452.4505360126495361328125 HTTP/1.1" 200 - cronicareinodearagon.com "-" "WordPress/6.2.2; https://cronicareinodearagon.com" "-"
85.208.96.0 - - [23/Jan/2024:19:44:12 +0100] "GET /politica/aragon-existe-aeropuerto-huesca/ HTTP/1.1" 200 161090 cronicareinodearagon.com "-" "Mozilla/5.0 (compatible; SemrushBot/7~bl; +http://www.semrush.com/bot.html)" "-"
72.167.104.0 - - [23/Jan/2024:19:49:11 +0100] "GET /wp-login.php HTTP/1.1" 404 596 cronicadelpaisvalenciano.com "-" "Mozilla/5.0 (X11; Fedora; Linux x86_64; rv:94.0) Gecko/20100101 Firefox/95.0" "-"
82.165.88.0 - - [23/Jan/2024:19:50:02 +0100] "POST /wp-cron.php?doing_wp_cron=1706035802.5672099590301513671875 HTTP/1.1" 200 - cronicareinodearagon.com "-" "WordPress/6.2.2; https://cronicareinodearagon.com" "-"
66.249.84.0 - - [23/Jan/2024:19:50:02 +0100] "GET /category/politica/feed/ HTTP/1.1" 200 18273 cronicareinodearagon.com "-" "FeedFetcher-Google; (+http://www.google.com/feedfetcher.html)" "-"
