HEX
Server: Apache
System: Linux info 3.0 #1337 SMP Tue Jan 01 00:00:00 CEST 2000 all GNU/Linux
User: u108971390 (10552621)
PHP: 8.0.30
Disabled: NONE
Upload Files
File: /homepages/20/d917057205/htdocs/_ProviderRestore/logs/access.log.05.1
74.125.209.0 - - [29/Jan/2024:00:01:20 +0100] "GET /category/politica/feed/ HTTP/1.1" 200 18273 cronicareinodearagon.com "-" "FeedFetcher-Google; (+http://www.google.com/feedfetcher.html)" "-"
178.32.110.0 - - [29/Jan/2024:00:04:34 +0100] "POST /wp-login.php HTTP/1.1" 200 9591 cronicareinodearagon.com "-" "Mozilla/5.0 (Windows NT 6.3; Win64; x64) AppleWebKit/537.36 (KHTML, like Gecko) Chrome/65.0.3325.181 Safari/537.36" "-"
82.165.88.0 - - [29/Jan/2024:00:04:35 +0100] "POST /wp-cron.php?doing_wp_cron=1706483075.2004680633544921875000 HTTP/1.1" 200 - cronicareinodearagon.com "-" "WordPress/6.2.2; https://cronicareinodearagon.com" "-"
185.191.171.0 - - [29/Jan/2024:00:06:18 +0100] "GET /category/aragon/page/31/ HTTP/1.1" 200 147297 cronicareinodearagon.com "-" "Mozilla/5.0 (compatible; SemrushBot/7~bl; +http://www.semrush.com/bot.html)" "-"
82.165.88.0 - - [29/Jan/2024:00:06:19 +0100] "POST /wp-cron.php?doing_wp_cron=1706483179.0774619579315185546875 HTTP/1.1" 200 - cronicareinodearagon.com "-" "WordPress/6.2.2; https://cronicareinodearagon.com" "-"
52.167.144.0 - - [29/Jan/2024:00:07:27 +0100] "GET /wp-content/uploads/2022/04/poligono-industrial-benameji-diputacion-cordoba-europa-press.jpg HTTP/1.1" 200 72871 cronicareinodearagon.com "-" "Mozilla/5.0 AppleWebKit/537.36 (KHTML, like Gecko; compatible; bingbot/2.0; +http://www.bing.com/bingbot.htm) Chrome/116.0.1938.76 Safari/537.36" "-"
82.165.88.0 - - [29/Jan/2024:00:08:27 +0100] "POST /wp-cron.php?doing_wp_cron=1706483307.8410289287567138671875 HTTP/1.1" 200 - cronicareinodearagon.com "-" "WordPress/6.2.2; https://cronicareinodearagon.com" "-"
107.155.122.0 - - [29/Jan/2024:00:08:27 +0100] "POST /wp-login.php HTTP/1.1" 200 9612 cronicareinodearagon.com "-" "Mozilla/5.0 (Windows NT 10.0; Win64; x64) AppleWebKit/537.36 (KHTML, like Gecko) Chrome/62.0.3202.89 Safari/537.36" "-"
82.165.88.0 - - [29/Jan/2024:00:09:55 +0100] "POST /wp-cron.php?doing_wp_cron=1706483395.9455859661102294921875 HTTP/1.1" 200 - cronicareinodearagon.com "-" "WordPress/6.2.2; https://cronicareinodearagon.com" "-"
74.125.209.0 - - [29/Jan/2024:00:09:55 +0100] "GET /category/educacion/feed/ HTTP/1.1" 200 56994 cronicareinodearagon.com "-" "FeedFetcher-Google; (+http://www.google.com/feedfetcher.html)" "-"
40.77.167.0 - - [29/Jan/2024:00:10:04 +0100] "GET /wp-content/uploads/2023/05/astic-grupo-carreras-360x180.jpg HTTP/1.1" 200 11116 cronicareinodearagon.com "-" "Mozilla/5.0 AppleWebKit/537.36 (KHTML, like Gecko; compatible; bingbot/2.0; +http://www.bing.com/bingbot.htm) Chrome/116.0.1938.76 Safari/537.36" "-"
2001:19f0:4400:: - - [29/Jan/2024:00:13:07 +0100] "GET /wp-includes/js/jquery/jquery-migrate.min.js HTTP/1.1" 404 596 grupocronicaenlibertad.com "-" "Mozilla/5.0 (Windows NT 10.0; Win64; x64; rv:88.0) Gecko/20100101 Firefox/88.0" "-"
2001:19f0:4400:: - - [29/Jan/2024:00:13:07 +0100] "GET / HTTP/1.1" 200 336 grupocronicaenlibertad.com "-" "Mozilla/5.0 (Windows NT 10.0; Win64; x64; rv:88.0) Gecko/20100101 Firefox/88.0" "-"
2001:19f0:4400:: - - [29/Jan/2024:00:13:08 +0100] "GET /administrator/language/en-GB/en-GB.xml HTTP/1.1" 404 596 grupocronicaenlibertad.com "-" "Mozilla/5.0 (Windows NT 10.0; Win64; x64; rv:88.0) Gecko/20100101 Firefox/88.0" "-"
2001:19f0:4400:: - - [29/Jan/2024:00:13:08 +0100] "GET /wp-includes/ID3/license.txt HTTP/1.1" 404 596 grupocronicaenlibertad.com "-" "Mozilla/5.0 (Windows NT 10.0; Win64; x64; rv:88.0) Gecko/20100101 Firefox/88.0" "-"
82.165.88.0 - - [29/Jan/2024:00:13:18 +0100] "POST /wp-cron.php?doing_wp_cron=1706483598.8811919689178466796875 HTTP/1.1" 200 - cronicareinodearagon.com "-" "WordPress/6.2.2; https://cronicareinodearagon.com" "-"
54.36.148.0 - - [29/Jan/2024:00:13:18 +0100] "GET /economia/campus-42-malaga-febrero/ HTTP/1.1" 200 166096 cronicareinodearagon.com "-" "Mozilla/5.0 (compatible; AhrefsBot/7.0; +http://ahrefs.com/robot/)" "-"
34.247.84.0 - - [29/Jan/2024:00:15:36 +0100] "GET /robots.txt HTTP/1.1" 200 188 cronicadesevilla.com "-" "Mozilla/5.0 (compatible; wpbot/1.0; +https://forms.gle/ajBaxygz9jSR8p8G9)" "-"
82.165.88.0 - - [29/Jan/2024:00:15:59 +0100] "POST /wp-cron.php?doing_wp_cron=1706483759.3676888942718505859375 HTTP/1.1" 200 - cronicareinodearagon.com "-" "WordPress/6.2.2; https://cronicareinodearagon.com" "-"
143.110.252.0 - - [29/Jan/2024:00:15:59 +0100] "POST /wp-login.php HTTP/1.1" 200 9612 cronicareinodearagon.com "-" "Mozilla/5.0 (Windows NT 10.0; Win64; x64) AppleWebKit/537.36 (KHTML, like Gecko) Chrome/72.0.3626.109 Safari/537.36" "-"
82.165.88.0 - - [29/Jan/2024:00:16:48 +0100] "POST /wp-cron.php?doing_wp_cron=1706483808.8424699306488037109375 HTTP/1.1" 200 - cronicareinodearagon.com "-" "WordPress/6.2.2; https://cronicareinodearagon.com" "-"
85.208.96.0 - - [29/Jan/2024:00:16:48 +0100] "GET /sociedad/detenida-incendio-tienda-moda-los-palacios/ HTTP/1.1" 200 162674 cronicareinodearagon.com "-" "Mozilla/5.0 (compatible; SemrushBot/7~bl; +http://www.semrush.com/bot.html)" "-"
185.191.171.0 - - [29/Jan/2024:00:20:08 +0100] "GET /educacion/ayudas-inaem-programas-empleo-formacion/ HTTP/1.1" 200 165252 cronicareinodearagon.com "-" "Mozilla/5.0 (compatible; SemrushBot/7~bl; +http://www.semrush.com/bot.html)" "-"
82.165.88.0 - - [29/Jan/2024:00:20:09 +0100] "POST /wp-cron.php?doing_wp_cron=1706484009.1482059955596923828125 HTTP/1.1" 200 - cronicareinodearagon.com "-" "WordPress/6.2.2; https://cronicareinodearagon.com" "-"
74.125.209.0 - - [29/Jan/2024:00:23:12 +0100] "GET /category/sociedad/feed/ HTTP/1.1" 200 16233 cronicareinodearagon.com "-" "FeedFetcher-Google; (+http://www.google.com/feedfetcher.html)" "-"
161.97.136.0 - - [29/Jan/2024:00:23:51 +0100] "POST /wp-login.php HTTP/1.1" 200 9604 cronicareinodearagon.com "-" "Mozilla/5.0 (Windows NT 10.0; Win64; x64) AppleWebKit/537.36 (KHTML, like Gecko) Chrome/60.0.3112.101 Safari/537.36" "-"
82.165.88.0 - - [29/Jan/2024:00:23:52 +0100] "POST /wp-cron.php?doing_wp_cron=1706484232.2239470481872558593750 HTTP/1.1" 200 - cronicareinodearagon.com "-" "WordPress/6.2.2; https://cronicareinodearagon.com" "-"
207.46.13.0 - - [29/Jan/2024:00:25:08 +0100] "GET /robots.txt HTTP/1.1" 200 188 cronicadelpaisvalenciano.com "-" "Mozilla/5.0 AppleWebKit/537.36 (KHTML, like Gecko; compatible; bingbot/2.0; +http://www.bing.com/bingbot.htm) Chrome/116.0.1938.76 Safari/537.36" "-"
52.167.144.0 - - [29/Jan/2024:00:25:16 +0100] "GET / HTTP/1.1" 200 336 cronicadelpaisvalenciano.com "-" "Mozilla/5.0 AppleWebKit/537.36 (KHTML, like Gecko; compatible; bingbot/2.0; +http://www.bing.com/bingbot.htm) Chrome/116.0.1938.76 Safari/537.36" "-"
82.165.88.0 - - [29/Jan/2024:00:25:33 +0100] "POST /wp-cron.php?doing_wp_cron=1706484333.7566690444946289062500 HTTP/1.1" 200 - cronicareinodearagon.com "-" "WordPress/6.2.2; https://cronicareinodearagon.com" "-"
114.119.141.0 - - [29/Jan/2024:00:25:33 +0100] "GET /robots.txt HTTP/1.1" 200 202 cronicareinodearagon.com "-" "Mozilla/5.0 (compatible;PetalBot;+https://webmaster.petalsearch.com/site/petalbot)" "-"
74.125.212.0 - - [29/Jan/2024:00:30:05 +0100] "GET /category/economia/feed/ HTTP/1.1" 200 42774 cronicareinodearagon.com "-" "FeedFetcher-Google; (+http://www.google.com/feedfetcher.html)" "-"
82.165.88.0 - - [29/Jan/2024:00:30:06 +0100] "POST /wp-cron.php?doing_wp_cron=1706484606.2665030956268310546875 HTTP/1.1" 200 - cronicareinodearagon.com "-" "WordPress/6.2.2; https://cronicareinodearagon.com" "-"
47.111.116.0 - - [29/Jan/2024:00:31:04 +0100] "POST /wp-login.php HTTP/1.1" 200 9612 cronicareinodearagon.com "-" "Mozilla/5.0 (Windows NT 6.3; WOW64) AppleWebKit/537.36 (KHTML, like Gecko) Chrome/47.0.2526.106 Safari/537.36" "-"
82.165.88.0 - - [29/Jan/2024:00:31:05 +0100] "POST /wp-cron.php?doing_wp_cron=1706484664.9792220592498779296875 HTTP/1.1" 200 - cronicareinodearagon.com "-" "WordPress/6.2.2; https://cronicareinodearagon.com" "-"
52.76.61.0 - - [29/Jan/2024:00:31:08 +0100] "POST /wp-login.php HTTP/1.1" 200 9604 cronicareinodearagon.com "-" "Mozilla/5.0 (Windows NT 6.3; Win64; x64) AppleWebKit/537.36 (KHTML, like Gecko) Chrome/68.0.3440.106 Safari/537.36" "-"
162.214.197.0 - - [29/Jan/2024:00:32:33 +0100] "POST /wp-login.php HTTP/1.1" 200 9608 cronicareinodearagon.com "-" "Mozilla/5.0 (Windows NT 6.1; Win64; x64) AppleWebKit/537.36 (KHTML, like Gecko) Chrome/79.0.3945.117 Safari/537.36" "-"
82.165.88.0 - - [29/Jan/2024:00:32:34 +0100] "POST /wp-cron.php?doing_wp_cron=1706484754.2398490905761718750000 HTTP/1.1" 200 - cronicareinodearagon.com "-" "WordPress/6.2.2; https://cronicareinodearagon.com" "-"
82.165.88.0 - - [29/Jan/2024:00:40:05 +0100] "POST /wp-cron.php?doing_wp_cron=1706485205.4114630222320556640625 HTTP/1.1" 200 - cronicareinodearagon.com "-" "WordPress/6.2.2; https://cronicareinodearagon.com" "-"
81.70.248.0 - - [29/Jan/2024:00:40:05 +0100] "POST /wp-login.php HTTP/1.1" 200 9608 cronicareinodearagon.com "-" "Mozilla/5.0 (Windows NT 6.1) AppleWebKit/537.36 (KHTML, like Gecko) Chrome/59.0.3071.115 Safari/537.36" "-"
82.165.88.0 - - [29/Jan/2024:00:42:22 +0100] "POST /wp-cron.php?doing_wp_cron=1706485342.8903648853302001953125 HTTP/1.1" 200 - cronicareinodearagon.com "-" "WordPress/6.2.2; https://cronicareinodearagon.com" "-"
185.252.234.0 - - [29/Jan/2024:00:42:22 +0100] "POST /wp-login.php HTTP/1.1" 200 9620 cronicareinodearagon.com "-" "Mozilla/5.0 (Windows NT 6.1; Win64; x64) AppleWebKit/537.36 (KHTML, like Gecko) Chrome/66.0.3359.117 Safari/537.36" "-"
82.165.88.0 - - [29/Jan/2024:00:44:51 +0100] "POST /wp-cron.php?doing_wp_cron=1706485491.4116699695587158203125 HTTP/1.1" 200 - cronicareinodearagon.com "-" "WordPress/6.2.2; https://cronicareinodearagon.com" "-"
185.191.171.0 - - [29/Jan/2024:00:44:51 +0100] "GET /category/politica/page/12/ HTTP/1.1" 200 148168 cronicareinodearagon.com "-" "Mozilla/5.0 (compatible; SemrushBot/7~bl; +http://www.semrush.com/bot.html)" "-"
74.125.212.0 - - [29/Jan/2024:00:45:28 +0100] "GET /category/economia/feed/ HTTP/1.1" 200 42774 cronicareinodearagon.com "-" "FeedFetcher-Google; (+http://www.google.com/feedfetcher.html)" "-"
82.165.88.0 - - [29/Jan/2024:00:45:58 +0100] "POST /wp-cron.php?doing_wp_cron=1706485558.9522240161895751953125 HTTP/1.1" 200 - cronicareinodearagon.com "-" "WordPress/6.2.2; https://cronicareinodearagon.com" "-"
37.187.135.0 - - [29/Jan/2024:00:45:58 +0100] "POST /wp-login.php HTTP/1.1" 200 9612 cronicareinodearagon.com "-" "Mozilla/5.0 (Windows NT 10.0; Win64; x64) AppleWebKit/537.36 (KHTML, like Gecko) Chrome/86.0.4240.193 Safari/537.36" "-"
82.165.88.0 - - [29/Jan/2024:00:47:08 +0100] "POST /wp-cron.php?doing_wp_cron=1706485628.3764610290527343750000 HTTP/1.1" 200 - cronicareinodearagon.com "-" "WordPress/6.2.2; https://cronicareinodearagon.com" "-"
74.125.212.0 - - [29/Jan/2024:00:47:08 +0100] "GET /category/economia/feed/ HTTP/1.1" 200 42774 cronicareinodearagon.com "-" "FeedFetcher-Google; (+http://www.google.com/feedfetcher.html)" "-"
82.165.88.0 - - [29/Jan/2024:00:59:41 +0100] "POST /wp-cron.php?doing_wp_cron=1706486381.8493149280548095703125 HTTP/1.1" 200 - cronicareinodearagon.com "-" "WordPress/6.2.2; https://cronicareinodearagon.com" "-"
85.208.96.0 - - [29/Jan/2024:00:59:41 +0100] "GET /robots.txt HTTP/1.1" 200 202 cronicareinodearagon.com "-" "Mozilla/5.0 (compatible; SemrushBot/7~bl; +http://www.semrush.com/bot.html)" "-"
185.191.171.0 - - [29/Jan/2024:00:59:43 +0100] "GET /aragon/pp-cs-vox-rechazan-reincorporar-sanitarios-junta-andalucia/ HTTP/1.1" 200 178805 cronicareinodearagon.com "-" "Mozilla/5.0 (compatible; SemrushBot/7~bl; +http://www.semrush.com/bot.html)" "-"
31.28.24.0 - - [29/Jan/2024:01:00:09 +0100] "GET /dup-installer/main.installer.php HTTP/1.1" 404 596 cronicademalaga.com "-" "-" "-"
85.208.96.0 - - [29/Jan/2024:01:00:48 +0100] "GET /aragon/metro-sevilla-andalucia-montero-ministra-gobierno-presupuestos/ HTTP/1.1" 200 163507 cronicareinodearagon.com "-" "Mozilla/5.0 (compatible; SemrushBot/7~bl; +http://www.semrush.com/bot.html)" "-"
82.165.88.0 - - [29/Jan/2024:01:00:49 +0100] "POST /wp-cron.php?doing_wp_cron=1706486449.1254880428314208984375 HTTP/1.1" 200 - cronicareinodearagon.com "-" "WordPress/6.2.2; https://cronicareinodearagon.com" "-"
185.191.171.0 - - [29/Jan/2024:01:02:49 +0100] "GET /aragon/conferencia-presidentes-pp-coronavirus-andalucia-pedro-sanchez/ HTTP/1.1" 200 163447 cronicareinodearagon.com "-" "Mozilla/5.0 (compatible; SemrushBot/7~bl; +http://www.semrush.com/bot.html)" "-"
82.165.88.0 - - [29/Jan/2024:01:02:50 +0100] "POST /wp-cron.php?doing_wp_cron=1706486570.1511039733886718750000 HTTP/1.1" 200 - cronicareinodearagon.com "-" "WordPress/6.2.2; https://cronicareinodearagon.com" "-"
82.165.88.0 - - [29/Jan/2024:01:04:04 +0100] "POST /wp-cron.php?doing_wp_cron=1706486644.5326969623565673828125 HTTP/1.1" 200 - cronicareinodearagon.com "-" "WordPress/6.2.2; https://cronicareinodearagon.com" "-"
185.191.171.0 - - [29/Jan/2024:01:04:04 +0100] "GET /sociedad/gobierno-coronavirus-restricciones-navidad-andalucia/ HTTP/1.1" 200 161153 cronicareinodearagon.com "-" "Mozilla/5.0 (compatible; SemrushBot/7~bl; +http://www.semrush.com/bot.html)" "-"
82.165.88.0 - - [29/Jan/2024:01:05:51 +0100] "POST /wp-cron.php?doing_wp_cron=1706486751.3244469165802001953125 HTTP/1.1" 200 - cronicareinodearagon.com "-" "WordPress/6.2.2; https://cronicareinodearagon.com" "-"
85.208.96.0 - - [29/Jan/2024:01:05:51 +0100] "GET /aragon/psoe-aragon-red-agentes-igualdad/ HTTP/1.1" 200 167648 cronicareinodearagon.com "-" "Mozilla/5.0 (compatible; SemrushBot/7~bl; +http://www.semrush.com/bot.html)" "-"
17.241.227.0 - - [29/Jan/2024:01:05:55 +0100] "GET /economia/diputacion-almeria-grupo-senator-turismo/ HTTP/1.1" 200 166528 cronicareinodearagon.com "-" "Mozilla/5.0 (Macintosh; Intel Mac OS X 10_15_5) AppleWebKit/605.1.15 (KHTML, like Gecko) Version/13.1.1 Safari/605.1.15 (Applebot/0.1; +http://www.apple.com/go/applebot)" "-"
82.165.88.0 - - [29/Jan/2024:01:10:06 +0100] "POST /wp-cron.php?doing_wp_cron=1706487006.9309220314025878906250 HTTP/1.1" 200 - cronicareinodearagon.com "-" "WordPress/6.2.2; https://cronicareinodearagon.com" "-"
185.191.171.0 - - [29/Jan/2024:01:10:06 +0100] "GET /category/aragon/page/77/ HTTP/1.1" 200 137872 cronicareinodearagon.com "-" "Mozilla/5.0 (compatible; SemrushBot/7~bl; +http://www.semrush.com/bot.html)" "-"
85.208.96.0 - - [29/Jan/2024:01:14:07 +0100] "GET / HTTP/1.1" 200 41729 cronicareinodearagon.com "-" "Mozilla/5.0 (compatible; SemrushBot/7~bl; +http://www.semrush.com/bot.html)" "-"
164.92.170.0 - - [29/Jan/2024:01:14:20 +0100] "GET / HTTP/1.1" 200 336 cronicadesevilla.com "-" "Mozilla/5.0 (X11; Linux x86_64) AppleWebKit/537.36 (KHTML, like Gecko) Chrome/108.0.0.0 Safari/537.36" "-"
164.92.170.0 - - [29/Jan/2024:01:14:20 +0100] "GET / HTTP/1.1" 200 336 cronicadesevilla.com "-" "Mozilla/5.0 (X11; Linux x86_64) AppleWebKit/537.36 (KHTML, like Gecko) Chrome/108.0.0.0 Safari/537.36" "-"
81.94.159.0 - - [29/Jan/2024:01:15:21 +0100] "GET /20025.php HTTP/1.1" 404 144831 cronicareinodearagon.com "-" "Mozilla/4.0 (compatible; MSIE 6.0; Windows NT 5.1; SV1)" "-"
82.165.88.0 - - [29/Jan/2024:01:15:22 +0100] "POST /wp-cron.php?doing_wp_cron=1706487322.0386669635772705078125 HTTP/1.1" 200 - cronicareinodearagon.com "-" "WordPress/6.2.2; https://cronicareinodearagon.com" "-"
185.191.171.0 - - [29/Jan/2024:01:15:30 +0100] "GET /category/aragon/page/72/ HTTP/1.1" 200 147941 cronicareinodearagon.com "-" "Mozilla/5.0 (compatible; SemrushBot/7~bl; +http://www.semrush.com/bot.html)" "-"
82.165.88.0 - - [29/Jan/2024:01:19:04 +0100] "POST /wp-cron.php?doing_wp_cron=1706487544.7734398841857910156250 HTTP/1.1" 200 - cronicareinodearagon.com "-" "WordPress/6.2.2; https://cronicareinodearagon.com" "-"
52.167.144.0 - - [29/Jan/2024:01:19:04 +0100] "GET /aragon/programa-economia-eoi-mujeres-talento/ HTTP/1.1" 200 166751 cronicareinodearagon.com "-" "Mozilla/5.0 AppleWebKit/537.36 (KHTML, like Gecko; compatible; bingbot/2.0; +http://www.bing.com/bingbot.htm) Chrome/116.0.1938.76 Safari/537.36" "-"
185.191.171.0 - - [29/Jan/2024:01:22:25 +0100] "GET /category/aragon/page/5/ HTTP/1.1" 200 147777 cronicareinodearagon.com "-" "Mozilla/5.0 (compatible; SemrushBot/7~bl; +http://www.semrush.com/bot.html)" "-"
82.165.88.0 - - [29/Jan/2024:01:22:26 +0100] "POST /wp-cron.php?doing_wp_cron=1706487746.2159180641174316406250 HTTP/1.1" 200 - cronicareinodearagon.com "-" "WordPress/6.2.2; https://cronicareinodearagon.com" "-"
212.227.216.0 - - [29/Jan/2024:01:22:26 +0100] "GET /robots.txt HTTP/1.1" 301 251 cronicareinodearagon.com "-" "IonCrawl (https://www.ionos.de/terms-gtc/faq-crawler-en/)" "-"
212.227.216.0 - - [29/Jan/2024:01:22:26 +0100] "GET /robots.txt HTTP/1.1" 200 202 cronicareinodearagon.com "-" "IonCrawl (https://www.ionos.de/terms-gtc/faq-crawler-en/)" "-"
212.227.216.0 - - [29/Jan/2024:01:25:54 +0100] "GET /sitemap_index.xml HTTP/1.1" 200 693 cronicareinodearagon.com "-" "IonCrawl (https://www.ionos.de/terms-gtc/faq-crawler-en/)" "-"
212.227.216.0 - - [29/Jan/2024:01:25:56 +0100] "GET / HTTP/1.1" 200 41729 cronicareinodearagon.com "-" "IonCrawl (https://www.ionos.de/terms-gtc/faq-crawler-en/)" "-"
82.165.88.0 - - [29/Jan/2024:01:25:56 +0100] "POST /wp-cron.php?doing_wp_cron=1706487956.6757879257202148437500 HTTP/1.1" 200 - cronicareinodearagon.com "-" "WordPress/6.2.2; https://cronicareinodearagon.com" "-"
212.227.216.0 - - [29/Jan/2024:01:25:56 +0100] "HEAD /aragon/el-gobierno-de-aragon-impulsa-nueve-proyectos-empresariales-de-id-en-sector-farmaceutico-y-movilidad-sostenible/ HTTP/1.1" 200 - cronicareinodearagon.com "-" "Java/1.8.0_362" "-"
212.227.216.0 - - [29/Jan/2024:01:25:56 +0100] "HEAD /aviso-legal/ HTTP/1.1" 200 - cronicareinodearagon.com "-" "Java/1.8.0_362" "-"
212.227.216.0 - - [29/Jan/2024:01:25:57 +0100] "HEAD /aragon/nuevo-programa-de-aceleracion-gratuito-para-empresas-innovadoras/ HTTP/1.1" 200 - cronicareinodearagon.com "-" "Java/1.8.0_362" "-"
212.227.216.0 - - [29/Jan/2024:01:25:57 +0100] "GET /wp-cron.php HTTP/1.1" 200 - cronicareinodearagon.com "-" "IonCrawl (https://www.ionos.de/terms-gtc/faq-crawler-en/)" "-"
104.168.147.0 - - [29/Jan/2024:01:26:37 +0100] "GET /politica/javier-lamban-psoe-teruel-empleo/ HTTP/1.1" 200 169579 cronicareinodearagon.com "-" "Mozilla/5.0 (X11; Linux x86_64) AppleWebKit/537.36 (KHTML, like Gecko) Chrome/114.0.0.0 Safari/537.36 Vivaldi/5.3.2679.68" "-"
104.168.147.0 - - [29/Jan/2024:01:26:39 +0100] "POST /wp-comments-post.php HTTP/1.1" 302 - cronicareinodearagon.com "https://cronicareinodearagon.com/politica/javier-lamban-psoe-teruel-empleo/" "Mozilla/5.0 (X11; Linux x86_64) AppleWebKit/537.36 (KHTML, like Gecko) Chrome/114.0.0.0 Safari/537.36 Vivaldi/5.3.2679.68" "-"
104.168.147.0 - - [29/Jan/2024:01:26:41 +0100] "GET /politica/javier-lamban-psoe-teruel-empleo/ HTTP/1.1" 200 169579 cronicareinodearagon.com "https://cronicareinodearagon.com/wp-comments-post.php" "Mozilla/5.0 (X11; Linux x86_64) AppleWebKit/537.36 (KHTML, like Gecko) Chrome/114.0.0.0 Safari/537.36 Vivaldi/5.3.2679.68" "-"
82.165.88.0 - - [29/Jan/2024:01:27:10 +0100] "POST /wp-cron.php?doing_wp_cron=1706488030.8926169872283935546875 HTTP/1.1" 200 - cronicareinodearagon.com "-" "WordPress/6.2.2; https://cronicareinodearagon.com" "-"
185.191.171.0 - - [29/Jan/2024:01:27:10 +0100] "GET /politica/baltazar-garzon-tribunal-constitucional/ HTTP/1.1" 200 169283 cronicareinodearagon.com "-" "Mozilla/5.0 (compatible; SemrushBot/7~bl; +http://www.semrush.com/bot.html)" "-"
82.165.88.0 - - [29/Jan/2024:01:28:04 +0100] "POST /wp-cron.php?doing_wp_cron=1706488084.4722280502319335937500 HTTP/1.1" 200 - cronicareinodearagon.com "-" "WordPress/6.2.2; https://cronicareinodearagon.com" "-"
212.227.216.0 - - [29/Jan/2024:01:28:04 +0100] "GET /aragon/nuevo-programa-de-aceleracion-gratuito-para-empresas-innovadoras/ HTTP/1.1" 200 34769 cronicareinodearagon.com "-" "IonCrawl (https://www.ionos.de/terms-gtc/faq-crawler-en/)" "-"
212.227.216.0 - - [29/Jan/2024:01:28:05 +0100] "HEAD /aragon/nuevo-programa-de-aceleracion-gratuito-para-empresas-innovadoras/ HTTP/1.1" 200 - cronicareinodearagon.com "-" "Java/1.8.0_362" "-"
212.227.216.0 - - [29/Jan/2024:01:28:05 +0100] "HEAD /aviso-legal/ HTTP/1.1" 200 - cronicareinodearagon.com "-" "Java/1.8.0_362" "-"
212.227.216.0 - - [29/Jan/2024:01:28:06 +0100] "HEAD /aragon/nuevo-programa-de-aceleracion-gratuito-para-empresas-innovadoras/ HTTP/1.1" 200 - cronicareinodearagon.com "-" "Java/1.8.0_362" "-"
212.227.216.0 - - [29/Jan/2024:01:28:06 +0100] "HEAD /aragon/nuevo-programa-de-aceleracion-gratuito-para-empresas-innovadoras/ HTTP/1.1" 200 - cronicareinodearagon.com "-" "Java/1.8.0_362" "-"
212.227.216.0 - - [29/Jan/2024:01:28:06 +0100] "GET /aragon/el-gobierno-de-aragon-impulsa-nueve-proyectos-empresariales-de-id-en-sector-farmaceutico-y-movilidad-sostenible/ HTTP/1.1" 200 168224 cronicareinodearagon.com "-" "IonCrawl (https://www.ionos.de/terms-gtc/faq-crawler-en/)" "-"
212.227.216.0 - - [29/Jan/2024:01:28:07 +0100] "HEAD /aragon/el-gobierno-de-aragon-impulsa-nueve-proyectos-empresariales-de-id-en-sector-farmaceutico-y-movilidad-sostenible/ HTTP/1.1" 200 - cronicareinodearagon.com "-" "Java/1.8.0_362" "-"
212.227.216.0 - - [29/Jan/2024:01:28:07 +0100] "HEAD /aragon/el-gobierno-de-aragon-impulsa-nueve-proyectos-empresariales-de-id-en-sector-farmaceutico-y-movilidad-sostenible/ HTTP/1.1" 200 - cronicareinodearagon.com "-" "Java/1.8.0_362" "-"
212.227.216.0 - - [29/Jan/2024:01:28:07 +0100] "HEAD /aviso-legal/ HTTP/1.1" 200 - cronicareinodearagon.com "-" "Java/1.8.0_362" "-"
212.227.216.0 - - [29/Jan/2024:01:28:08 +0100] "HEAD /aragon/el-gobierno-de-aragon-impulsa-nueve-proyectos-empresariales-de-id-en-sector-farmaceutico-y-movilidad-sostenible/ HTTP/1.1" 200 - cronicareinodearagon.com "-" "Java/1.8.0_362" "-"
212.227.216.0 - - [29/Jan/2024:01:28:08 +0100] "GET /aviso-legal/ HTTP/1.1" 200 141111 cronicareinodearagon.com "-" "IonCrawl (https://www.ionos.de/terms-gtc/faq-crawler-en/)" "-"
212.227.216.0 - - [29/Jan/2024:01:28:08 +0100] "HEAD /aviso-legal/ HTTP/1.1" 200 - cronicareinodearagon.com "-" "Java/1.8.0_362" "-"
212.227.216.0 - - [29/Jan/2024:01:28:09 +0100] "HEAD /aviso-legal/ HTTP/1.1" 200 - cronicareinodearagon.com "-" "Java/1.8.0_362" "-"
212.227.216.0 - - [29/Jan/2024:01:28:09 +0100] "HEAD /aviso-legal/ HTTP/1.1" 200 - cronicareinodearagon.com "-" "Java/1.8.0_362" "-"
34.254.177.0 - - [29/Jan/2024:01:32:36 +0100] "GET /robots.txt HTTP/1.1" 200 188 cronicadecadiz.com "-" "Mozilla/5.0 (compatible; wpbot/1.0; +https://forms.gle/ajBaxygz9jSR8p8G9)" "-"
82.165.88.0 - - [29/Jan/2024:01:33:39 +0100] "POST /wp-cron.php?doing_wp_cron=1706488419.8691411018371582031250 HTTP/1.1" 200 - cronicareinodearagon.com "-" "WordPress/6.2.2; https://cronicareinodearagon.com" "-"
85.208.96.0 - - [29/Jan/2024:01:33:39 +0100] "GET /category/educacion/page/10/ HTTP/1.1" 200 137148 cronicareinodearagon.com "-" "Mozilla/5.0 (compatible; SemrushBot/7~bl; +http://www.semrush.com/bot.html)" "-"
82.165.88.0 - - [29/Jan/2024:01:34:59 +0100] "POST /wp-cron.php?doing_wp_cron=1706488499.8492619991302490234375 HTTP/1.1" 200 - cronicareinodearagon.com "-" "WordPress/6.2.2; https://cronicareinodearagon.com" "-"
54.36.148.0 - - [29/Jan/2024:01:34:59 +0100] "GET /aragon/finalizacion-centro-interpretacion-escalona/ HTTP/1.1" 200 168372 cronicareinodearagon.com "-" "Mozilla/5.0 (compatible; AhrefsBot/7.0; +http://ahrefs.com/robot/)" "-"
82.165.88.0 - - [29/Jan/2024:01:44:28 +0100] "POST /wp-cron.php?doing_wp_cron=1706489068.7169001102447509765625 HTTP/1.1" 200 - cronicareinodearagon.com "-" "WordPress/6.2.2; https://cronicareinodearagon.com" "-"
212.227.216.0 - - [29/Jan/2024:01:44:28 +0100] "GET /author/redaccion/ HTTP/1.1" 301 - cronicareinodearagon.com "-" "IonCrawl (https://www.ionos.de/terms-gtc/faq-crawler-en/)" "-"
212.227.216.0 - - [29/Jan/2024:01:44:28 +0100] "GET /america/lula-da-silva-apoyo-vinicius-ataques-racistas/ HTTP/1.1" 200 162336 cronicareinodearagon.com "-" "IonCrawl (https://www.ionos.de/terms-gtc/faq-crawler-en/)" "-"
212.227.216.0 - - [29/Jan/2024:01:44:29 +0100] "HEAD /aviso-legal/ HTTP/1.1" 200 - cronicareinodearagon.com "-" "Java/1.8.0_362" "-"
212.227.216.0 - - [29/Jan/2024:01:44:30 +0100] "GET /aragon/avance-participacion-elecciones-aragon/ HTTP/1.1" 200 35591 cronicareinodearagon.com "-" "IonCrawl (https://www.ionos.de/terms-gtc/faq-crawler-en/)" "-"
212.227.216.0 - - [29/Jan/2024:01:44:30 +0100] "HEAD /aviso-legal/ HTTP/1.1" 200 - cronicareinodearagon.com "-" "Java/1.8.0_362" "-"
212.227.216.0 - - [29/Jan/2024:01:44:30 +0100] "GET /aragon/segundo-avance-participacion-elecciones-aragon/ HTTP/1.1" 200 35336 cronicareinodearagon.com "-" "IonCrawl (https://www.ionos.de/terms-gtc/faq-crawler-en/)" "-"
212.227.216.0 - - [29/Jan/2024:01:44:30 +0100] "HEAD /aviso-legal/ HTTP/1.1" 200 - cronicareinodearagon.com "-" "Java/1.8.0_362" "-"
212.227.216.0 - - [29/Jan/2024:01:44:31 +0100] "GET /aragon/aragon-vacunacion-neumococo-junio/ HTTP/1.1" 200 161497 cronicareinodearagon.com "-" "IonCrawl (https://www.ionos.de/terms-gtc/faq-crawler-en/)" "-"
212.227.216.0 - - [29/Jan/2024:01:44:32 +0100] "HEAD /aviso-legal/ HTTP/1.1" 200 - cronicareinodearagon.com "-" "Java/1.8.0_362" "-"
212.227.216.0 - - [29/Jan/2024:01:44:34 +0100] "GET /category/america/ HTTP/1.1" 200 138177 cronicareinodearagon.com "-" "IonCrawl (https://www.ionos.de/terms-gtc/faq-crawler-en/)" "-"
212.227.216.0 - - [29/Jan/2024:01:44:34 +0100] "GET /aragon/astic-reconocimiento-carreras-grupo/ HTTP/1.1" 200 158190 cronicareinodearagon.com "-" "IonCrawl (https://www.ionos.de/terms-gtc/faq-crawler-en/)" "-"
212.227.216.0 - - [29/Jan/2024:01:44:35 +0100] "HEAD /aviso-legal/ HTTP/1.1" 200 - cronicareinodearagon.com "-" "Java/1.8.0_362" "-"
212.227.216.0 - - [29/Jan/2024:01:44:35 +0100] "HEAD /aviso-legal/ HTTP/1.1" 200 - cronicareinodearagon.com "-" "Java/1.8.0_362" "-"
212.227.216.0 - - [29/Jan/2024:01:44:37 +0100] "GET / HTTP/1.1" 200 41729 cronicareinodearagon.com "-" "IonCrawl (https://www.ionos.de/terms-gtc/faq-crawler-en/)" "-"
212.227.216.0 - - [29/Jan/2024:01:44:37 +0100] "HEAD /aragon/el-gobierno-de-aragon-impulsa-nueve-proyectos-empresariales-de-id-en-sector-farmaceutico-y-movilidad-sostenible/ HTTP/1.1" 200 - cronicareinodearagon.com "-" "Java/1.8.0_362" "-"
212.227.216.0 - - [29/Jan/2024:01:44:37 +0100] "HEAD /aviso-legal/ HTTP/1.1" 200 - cronicareinodearagon.com "-" "Java/1.8.0_362" "-"
212.227.216.0 - - [29/Jan/2024:01:44:37 +0100] "HEAD /aragon/nuevo-programa-de-aceleracion-gratuito-para-empresas-innovadoras/ HTTP/1.1" 200 - cronicareinodearagon.com "-" "Java/1.8.0_362" "-"
212.227.216.0 - - [29/Jan/2024:01:44:40 +0100] "GET /aragon/resultados-elecciones-autonomicas-municipales-aragon/ HTTP/1.1" 200 36065 cronicareinodearagon.com "-" "IonCrawl (https://www.ionos.de/terms-gtc/faq-crawler-en/)" "-"
212.227.216.0 - - [29/Jan/2024:01:44:41 +0100] "HEAD /aviso-legal/ HTTP/1.1" 200 - cronicareinodearagon.com "-" "Java/1.8.0_362" "-"
212.227.216.0 - - [29/Jan/2024:01:44:42 +0100] "GET /aragon/fima-digital-jornada-maquinaria-agricola/ HTTP/1.1" 200 34257 cronicareinodearagon.com "-" "IonCrawl (https://www.ionos.de/terms-gtc/faq-crawler-en/)" "-"
82.165.88.0 - - [29/Jan/2024:01:44:42 +0100] "POST /wp-cron.php?doing_wp_cron=1706489082.8771920204162597656250 HTTP/1.1" 200 - cronicareinodearagon.com "-" "WordPress/6.2.2; https://cronicareinodearagon.com" "-"
212.227.216.0 - - [29/Jan/2024:01:44:42 +0100] "HEAD /aviso-legal/ HTTP/1.1" 200 - cronicareinodearagon.com "-" "Java/1.8.0_362" "-"
212.227.216.0 - - [29/Jan/2024:01:44:42 +0100] "GET /category/aragon/ HTTP/1.1" 200 146725 cronicareinodearagon.com "-" "IonCrawl (https://www.ionos.de/terms-gtc/faq-crawler-en/)" "-"
212.227.216.0 - - [29/Jan/2024:01:44:43 +0100] "HEAD /aviso-legal/ HTTP/1.1" 200 - cronicareinodearagon.com "-" "Java/1.8.0_362" "-"
212.227.216.0 - - [29/Jan/2024:01:44:43 +0100] "HEAD /aragon/nuevo-programa-de-aceleracion-gratuito-para-empresas-innovadoras/ HTTP/1.1" 200 - cronicareinodearagon.com "-" "Java/1.8.0_362" "-"
212.227.216.0 - - [29/Jan/2024:01:44:44 +0100] "GET /aragon/el-biogas-como-aliado-en-la-descarbonizacion-tematica-de-jornada-de-itainnova-circe-y-clenar/ HTTP/1.1" 200 34207 cronicareinodearagon.com "-" "IonCrawl (https://www.ionos.de/terms-gtc/faq-crawler-en/)" "-"
212.227.216.0 - - [29/Jan/2024:01:44:44 +0100] "GET /aragon/educacion-sexual-edades-tempranas-aragon/ HTTP/1.1" 200 33371 cronicareinodearagon.com "-" "IonCrawl (https://www.ionos.de/terms-gtc/faq-crawler-en/)" "-"
212.227.216.0 - - [29/Jan/2024:01:44:44 +0100] "GET /america/el-templo-de-los-mercaderes/ HTTP/1.1" 200 179282 cronicareinodearagon.com "-" "IonCrawl (https://www.ionos.de/terms-gtc/faq-crawler-en/)" "-"
212.227.216.0 - - [29/Jan/2024:01:44:45 +0100] "GET /aragon/guitarte-teruel-existe-cierre-campana/ HTTP/1.1" 200 177241 cronicareinodearagon.com "-" "IonCrawl (https://www.ionos.de/terms-gtc/faq-crawler-en/)" "-"
212.227.216.0 - - [29/Jan/2024:01:44:45 +0100] "HEAD /aviso-legal/ HTTP/1.1" 200 - cronicareinodearagon.com "-" "Java/1.8.0_362" "-"
212.227.216.0 - - [29/Jan/2024:01:44:45 +0100] "HEAD /aviso-legal/ HTTP/1.1" 200 - cronicareinodearagon.com "-" "Java/1.8.0_362" "-"
212.227.216.0 - - [29/Jan/2024:01:44:45 +0100] "HEAD /aviso-legal/ HTTP/1.1" 200 - cronicareinodearagon.com "-" "Java/1.8.0_362" "-"
212.227.216.0 - - [29/Jan/2024:01:44:45 +0100] "HEAD /aviso-legal/ HTTP/1.1" 200 - cronicareinodearagon.com "-" "Java/1.8.0_362" "-"
212.227.216.0 - - [29/Jan/2024:01:44:45 +0100] "GET /category/aragon/huesca/ HTTP/1.1" 200 147154 cronicareinodearagon.com "-" "IonCrawl (https://www.ionos.de/terms-gtc/faq-crawler-en/)" "-"
212.227.216.0 - - [29/Jan/2024:01:44:46 +0100] "HEAD /aviso-legal/ HTTP/1.1" 200 - cronicareinodearagon.com "-" "Java/1.8.0_362" "-"
194.38.22.0 - - [29/Jan/2024:01:49:23 +0100] "GET /wp-content/themes/seotheme/db.php?u HTTP/1.1" 301 276 cronicareinodearagon.com "-" "ALittle Client" "-"
82.165.88.0 - - [29/Jan/2024:01:49:47 +0100] "POST /wp-cron.php?doing_wp_cron=1706489387.6590120792388916015625 HTTP/1.1" 200 - cronicareinodearagon.com "-" "WordPress/6.2.2; https://cronicareinodearagon.com" "-"
185.191.171.0 - - [29/Jan/2024:01:49:47 +0100] "GET /aragon/datos-covid-andalucia-sabado/ HTTP/1.1" 200 164182 cronicareinodearagon.com "-" "Mozilla/5.0 (compatible; SemrushBot/7~bl; +http://www.semrush.com/bot.html)" "-"
194.38.22.0 - - [29/Jan/2024:01:49:51 +0100] "GET /wp-content/themes/seotheme/db.php?u HTTP/1.1" 404 144905 cronicareinodearagon.com "-" "ALittle Client" "-"
74.125.209.0 - - [29/Jan/2024:01:50:53 +0100] "GET /category/politica/feed/ HTTP/1.1" 200 18273 cronicareinodearagon.com "-" "FeedFetcher-Google; (+http://www.google.com/feedfetcher.html)" "-"
168.119.212.0 - - [29/Jan/2024:01:52:57 +0100] "POST /wp-login.php HTTP/1.1" 200 9608 cronicareinodearagon.com "-" "Mozilla/5.0 (Windows NT 10.0; Win64; x64) AppleWebKit/537.36 (KHTML, like Gecko) Chrome/64.0.3282.140 Safari/537.36" "-"
82.165.88.0 - - [29/Jan/2024:01:52:58 +0100] "POST /wp-cron.php?doing_wp_cron=1706489578.1249949932098388671875 HTTP/1.1" 200 - cronicareinodearagon.com "-" "WordPress/6.2.2; https://cronicareinodearagon.com" "-"
188.165.204.0 - - [29/Jan/2024:01:54:12 +0100] "POST /wp-login.php HTTP/1.1" 200 9580 cronicareinodearagon.com "-" "Mozilla/5.0 (Windows NT 10.0; WOW64) AppleWebKit/537.36 (KHTML, like Gecko) Chrome/79.0.3945.130 Safari/537.36" "-"
82.165.88.0 - - [29/Jan/2024:01:54:13 +0100] "POST /wp-cron.php?doing_wp_cron=1706489653.1975109577178955078125 HTTP/1.1" 200 - cronicareinodearagon.com "-" "WordPress/6.2.2; https://cronicareinodearagon.com" "-"
54.234.148.0 - - [29/Jan/2024:01:54:36 +0100] "GET /.git/config HTTP/1.1" 403 775 cronicadesevilla.com "-" "Mozilla/5.0 (Linux; Android 9; moto g(7) play) AppleWebKit/537.36 (KHTML, like Gecko) Chrome/75.0.3770.143 Mobile Safari/537.36" "-"
2603:3:6100:: - - [29/Jan/2024:01:55:16 +0100] "POST /wp-login.php HTTP/1.1" 200 9620 cronicareinodearagon.com "-" "Mozilla/5.0 (Windows NT 10.0; WOW64) AppleWebKit/537.36 (KHTML, like Gecko) Chrome/46.0.2490.80 Safari/537.36" "-"
82.165.88.0 - - [29/Jan/2024:01:55:17 +0100] "POST /wp-cron.php?doing_wp_cron=1706489716.9715499877929687500000 HTTP/1.1" 200 - cronicareinodearagon.com "-" "WordPress/6.2.2; https://cronicareinodearagon.com" "-"
39.96.216.0 - - [29/Jan/2024:01:55:32 +0100] "POST /xmlrpc.php HTTP/1.1" 200 414 cronicareinodearagon.com "-" "Mozilla/5.0 (X11; Fedora; Linux x86_64; rv:94.0) Gecko/20100101 Firefox/95.0" "-"
85.208.96.0 - - [29/Jan/2024:01:58:13 +0100] "GET /aragon/casado-puigdemont-enmienda-presupuestos-esquilmar-andalucia/ HTTP/1.1" 200 169567 cronicareinodearagon.com "-" "Mozilla/5.0 (compatible; SemrushBot/7~bl; +http://www.semrush.com/bot.html)" "-"
82.165.88.0 - - [29/Jan/2024:01:58:14 +0100] "POST /wp-cron.php?doing_wp_cron=1706489894.1558759212493896484375 HTTP/1.1" 200 - cronicareinodearagon.com "-" "WordPress/6.2.2; https://cronicareinodearagon.com" "-"
91.107.133.0 - - [29/Jan/2024:02:00:05 +0100] "POST /wp-login.php HTTP/1.1" 200 9585 cronicareinodearagon.com "-" "Mozilla/5.0 (Windows NT 5.1) AppleWebKit/537.36 (KHTML, like Gecko) Chrome/47.0.2526.106 Safari/537.36" "-"
82.165.88.0 - - [29/Jan/2024:02:00:06 +0100] "POST /wp-cron.php?doing_wp_cron=1706490006.1003279685974121093750 HTTP/1.1" 200 - cronicareinodearagon.com "-" "WordPress/6.2.2; https://cronicareinodearagon.com" "-"
52.167.144.0 - - [29/Jan/2024:02:01:32 +0100] "GET /wp-content/uploads/2023/05/novaltia-750x375.jpg HTTP/1.1" 200 30703 cronicareinodearagon.com "-" "Mozilla/5.0 AppleWebKit/537.36 (KHTML, like Gecko; compatible; bingbot/2.0; +http://www.bing.com/bingbot.htm) Chrome/116.0.1938.76 Safari/537.36" "-"
82.165.88.0 - - [29/Jan/2024:02:02:47 +0100] "POST /wp-cron.php?doing_wp_cron=1706490167.6912341117858886718750 HTTP/1.1" 200 - cronicareinodearagon.com "-" "WordPress/6.2.2; https://cronicareinodearagon.com" "-"
185.191.171.0 - - [29/Jan/2024:02:02:47 +0100] "GET /robots.txt HTTP/1.1" 200 202 cronicareinodearagon.com "-" "Mozilla/5.0 (compatible; SemrushBot/7~bl; +http://www.semrush.com/bot.html)" "-"
85.208.96.0 - - [29/Jan/2024:02:02:48 +0100] "GET /aragon/narcotrafico-guardia-civil-operacion-marihuana-hachis/ HTTP/1.1" 200 166277 cronicareinodearagon.com "-" "Mozilla/5.0 (compatible; SemrushBot/7~bl; +http://www.semrush.com/bot.html)" "-"
198.20.67.0 - - [29/Jan/2024:02:03:24 +0100] "GET / HTTP/1.1" 200 336 www.cronicademalaga.com "http://www.google.com/url?url=www.cronicademalaga.com&yahoo.com" "Mozilla/5.0 (compatible; MSIE 9.0; Windows NT 6.1; WOW64; Trident/6.0)" "-"
198.20.67.0 - - [29/Jan/2024:02:03:25 +0100] "GET /th1s_1s_a_4o4.html HTTP/1.1" 404 596 www.cronicademalaga.com "http://www.google.com/url?url=www.cronicademalaga.com&yahoo.com" "Mozilla/5.0 (compatible; MSIE 9.0; Windows NT 6.1; WOW64; Trident/6.0)" "-"
198.20.67.0 - - [29/Jan/2024:02:03:26 +0100] "GET /defaultsite HTTP/1.1" 200 18994 www.cronicademalaga.com "-" "SiteLockSpider [en] (WinNT; I ;Nav)" "-"
198.20.67.0 - - [29/Jan/2024:02:03:27 +0100] "GET /spicons/templates/defaultsite/es-ES/images/css/main.css HTTP/1.1" 200 486180 www.cronicademalaga.com "http://www.google.com/url?url=www.cronicademalaga.com&yahoo.com" "Mozilla/5.0 (compatible; MSIE 9.0; Windows NT 6.1; WOW64; Trident/6.0)" "-"
198.20.67.0 - - [29/Jan/2024:02:03:29 +0100] "GET /spicons/templates/defaultsite/es-ES/images/domain.svg HTTP/1.1" 200 2095 www.cronicademalaga.com "http://www.google.com/url?url=www.cronicademalaga.com&yahoo.com" "Mozilla/5.0 (compatible; MSIE 9.0; Windows NT 6.1; WOW64; Trident/6.0)" "-"
198.20.67.0 - - [29/Jan/2024:02:03:29 +0100] "GET /spicons/templates/defaultsite/es-ES/images/domain_transfer.svg HTTP/1.1" 200 1201 www.cronicademalaga.com "-" "SiteLockSpider [en] (WinNT; I ;Nav)" "-"
198.20.67.0 - - [29/Jan/2024:02:03:30 +0100] "GET /domaincheckresult?__SBMT:d359e110d15:=1&__SYNT:d359e110d15:__CMD(domaincheckresult):RETWRP=domainselect&__SYNT:d359e110d15:__CMD(domaincheckresult):SELWRP=multicheck&__SYNT:d359e110d15:__forcestop=true&__pageflow=Order&__sendingdata=1&linkId=ct.btn.check.default-page-check&multicheck.Domain=1 HTTP/1.1" 404 596 www.cronicademalaga.com "-" "SiteLockSpider [en] (WinNT; I ;Nav)" "-"
82.165.88.0 - - [29/Jan/2024:02:07:13 +0100] "POST /wp-cron.php?doing_wp_cron=1706490433.9211959838867187500000 HTTP/1.1" 200 - cronicareinodearagon.com "-" "WordPress/6.2.2; https://cronicareinodearagon.com" "-"
156.38.135.0 - - [29/Jan/2024:02:07:13 +0100] "POST /wp-login.php HTTP/1.1" 200 9612 cronicareinodearagon.com "-" "Mozilla/5.0 (Windows NT 10.0; Win64; x64) AppleWebKit/537.36 (KHTML, like Gecko) Chrome/54.0.2840.99 Safari/537.36" "-"
82.165.88.0 - - [29/Jan/2024:02:08:56 +0100] "POST /wp-cron.php?doing_wp_cron=1706490536.3519759178161621093750 HTTP/1.1" 200 - cronicareinodearagon.com "-" "WordPress/6.2.2; https://cronicareinodearagon.com" "-"
185.191.171.0 - - [29/Jan/2024:02:08:56 +0100] "GET /aragon/gastricaitool-itainnova-cancer-gastrico/ HTTP/1.1" 200 163130 cronicareinodearagon.com "-" "Mozilla/5.0 (compatible; SemrushBot/7~bl; +http://www.semrush.com/bot.html)" "-"
185.250.37.0 - - [29/Jan/2024:02:10:54 +0100] "POST /wp-login.php HTTP/1.1" 200 9591 cronicareinodearagon.com "-" "Mozilla/5.0 (Windows NT 6.1; WOW64) AppleWebKit/537.36 (KHTML, like Gecko) Chrome/46.0.2490.86 Safari/537.36" "-"
82.165.88.0 - - [29/Jan/2024:02:10:55 +0100] "POST /wp-cron.php?doing_wp_cron=1706490655.1748731136322021484375 HTTP/1.1" 200 - cronicareinodearagon.com "-" "WordPress/6.2.2; https://cronicareinodearagon.com" "-"
110.139.24.0 - - [29/Jan/2024:02:11:21 +0100] "POST /wp-login.php HTTP/1.1" 200 9620 cronicareinodearagon.com "-" "Mozilla/5.0 (Windows NT 6.3; Win64; x64) AppleWebKit/537.36 (KHTML, like Gecko) Chrome/77.0.3865.90 Safari/537.36" "-"
82.165.88.0 - - [29/Jan/2024:02:11:22 +0100] "POST /wp-cron.php?doing_wp_cron=1706490682.2332730293273925781250 HTTP/1.1" 200 - cronicareinodearagon.com "-" "WordPress/6.2.2; https://cronicareinodearagon.com" "-"
23.99.229.0 - - [29/Jan/2024:02:13:29 +0100] "POST /wp-login.php HTTP/1.1" 200 9614 cronicareinodearagon.com "-" "Mozilla/5.0 (Windows NT 6.1) AppleWebKit/537.36 (KHTML, like Gecko) Chrome/59.0.3071.115 Safari/537.36" "-"
82.165.88.0 - - [29/Jan/2024:02:13:30 +0100] "POST /wp-cron.php?doing_wp_cron=1706490810.0659339427947998046875 HTTP/1.1" 200 - cronicareinodearagon.com "-" "WordPress/6.2.2; https://cronicareinodearagon.com" "-"
82.165.88.0 - - [29/Jan/2024:02:15:10 +0100] "POST /wp-cron.php?doing_wp_cron=1706490910.5072140693664550781250 HTTP/1.1" 200 - cronicareinodearagon.com "-" "WordPress/6.2.2; https://cronicareinodearagon.com" "-"
222.255.214.0 - - [29/Jan/2024:02:15:10 +0100] "POST /wp-login.php HTTP/1.1" 200 9604 cronicareinodearagon.com "-" "Mozilla/5.0 (Windows NT 6.1; Win64; x64) AppleWebKit/537.36 (KHTML, like Gecko) Chrome/78.0.3904.97 Safari/537.36" "-"
82.165.88.0 - - [29/Jan/2024:02:17:48 +0100] "POST /wp-cron.php?doing_wp_cron=1706491068.8302679061889648437500 HTTP/1.1" 200 - cronicareinodearagon.com "-" "WordPress/6.2.2; https://cronicareinodearagon.com" "-"
92.205.189.0 - - [29/Jan/2024:02:17:48 +0100] "POST /wp-login.php HTTP/1.1" 200 9580 cronicareinodearagon.com "-" "Mozilla/5.0 (Windows NT 10.0; Win64; x64) AppleWebKit/537.36 (KHTML, like Gecko) Chrome/64.0.3282.140 Safari/537.36" "-"
74.125.212.0 - - [29/Jan/2024:02:18:04 +0100] "GET /category/economia/feed/ HTTP/1.1" 200 42774 cronicareinodearagon.com "-" "FeedFetcher-Google; (+http://www.google.com/feedfetcher.html)" "-"
82.165.88.0 - - [29/Jan/2024:02:18:43 +0100] "POST /wp-cron.php?doing_wp_cron=1706491123.7276499271392822265625 HTTP/1.1" 200 - cronicareinodearagon.com "-" "WordPress/6.2.2; https://cronicareinodearagon.com" "-"
91.228.6.0 - - [29/Jan/2024:02:18:43 +0100] "POST /wp-login.php HTTP/1.1" 200 9620 cronicareinodearagon.com "-" "Mozilla/5.0 (Windows NT 6.1) AppleWebKit/537.36 (KHTML, like Gecko) Chrome/63.0.3239.84 Safari/537.36" "-"
85.208.96.0 - - [29/Jan/2024:02:19:24 +0100] "GET /aragon/segundo-avance-participacion-elecciones-aragon/ HTTP/1.1" 200 35409 cronicareinodearagon.com "-" "Mozilla/5.0 (compatible; SemrushBot/7~bl; +http://www.semrush.com/bot.html)" "-"
82.165.88.0 - - [29/Jan/2024:02:19:50 +0100] "POST /wp-cron.php?doing_wp_cron=1706491190.4355471134185791015625 HTTP/1.1" 200 - cronicareinodearagon.com "-" "WordPress/6.2.2; https://cronicareinodearagon.com" "-"
165.22.50.0 - - [29/Jan/2024:02:19:50 +0100] "POST /xmlrpc.php HTTP/1.1" 200 414 cronicareinodearagon.com "-" "Mozilla/5.0 (X11; Fedora; Linux x86_64; rv:94.0) Gecko/20100101 Firefox/95.0" "-"
82.165.88.0 - - [29/Jan/2024:02:22:29 +0100] "POST /wp-cron.php?doing_wp_cron=1706491349.4183359146118164062500 HTTP/1.1" 200 - cronicareinodearagon.com "-" "WordPress/6.2.2; https://cronicareinodearagon.com" "-"
137.59.55.0 - - [29/Jan/2024:02:22:29 +0100] "POST /wp-login.php HTTP/1.1" 200 9604 cronicareinodearagon.com "-" "Mozilla/5.0 (Windows NT 6.1) AppleWebKit/537.36 (KHTML, like Gecko) Chrome/70.0.3538.77 Safari/537.36" "-"
82.165.88.0 - - [29/Jan/2024:02:26:09 +0100] "POST /wp-cron.php?doing_wp_cron=1706491569.4872169494628906250000 HTTP/1.1" 200 - cronicareinodearagon.com "-" "WordPress/6.2.2; https://cronicareinodearagon.com" "-"
35.237.129.0 - - [29/Jan/2024:02:26:09 +0100] "POST /wp-login.php HTTP/1.1" 200 9620 cronicareinodearagon.com "-" "Mozilla/5.0 (Windows NT 10.0; WOW64) AppleWebKit/537.36 (KHTML, like Gecko) Chrome/55.0.2883.87 Safari/537.36" "-"
74.125.212.0 - - [29/Jan/2024:02:26:24 +0100] "GET /category/economia/feed/ HTTP/1.1" 200 42774 cronicareinodearagon.com "-" "FeedFetcher-Google; (+http://www.google.com/feedfetcher.html)" "-"
143.110.186.0 - - [29/Jan/2024:02:26:42 +0100] "GET / HTTP/1.1" 200 336 grupocronicaenlibertad.com "-" "Mozilla/5.0 (X11; Linux x86_64) AppleWebKit/537.36 (KHTML, like Gecko) Chrome/108.0.0.0 Safari/537.36" "-"
103.101.162.0 - - [29/Jan/2024:02:30:52 +0100] "POST /wp-login.php HTTP/1.1" 200 9585 cronicareinodearagon.com "-" "Mozilla/5.0 (Windows NT 10.0; Win64; x64) AppleWebKit/537.36 (KHTML, like Gecko) Chrome/78.0.3904.70 Safari/537.36" "-"
82.165.88.0 - - [29/Jan/2024:02:30:53 +0100] "POST /wp-cron.php?doing_wp_cron=1706491853.1173520088195800781250 HTTP/1.1" 200 - cronicareinodearagon.com "-" "WordPress/6.2.2; https://cronicareinodearagon.com" "-"
195.201.88.0 - - [29/Jan/2024:02:31:32 +0100] "POST /wp-login.php HTTP/1.1" 200 9608 cronicareinodearagon.com "-" "Mozilla/5.0 (Windows NT 6.1; Win64; x64) AppleWebKit/537.36 (KHTML, like Gecko) Chrome/55.0.2883.87 Safari/537.36" "-"
46.4.33.0 - - [29/Jan/2024:02:33:03 +0100] "GET / HTTP/1.1" 200 336 cronicadegranada.com "-" "Mozilla/5.0 (Windows; U; Windows NT 5.1; ru; rv:1.9.0.1) Gecko/2008070208" "-"
74.125.209.0 - - [29/Jan/2024:02:33:13 +0100] "GET /category/sociedad/feed/ HTTP/1.1" 200 16233 cronicareinodearagon.com "-" "FeedFetcher-Google; (+http://www.google.com/feedfetcher.html)" "-"
82.165.88.0 - - [29/Jan/2024:02:33:19 +0100] "POST /wp-cron.php?doing_wp_cron=1706491999.6889801025390625000000 HTTP/1.1" 200 - cronicareinodearagon.com "-" "WordPress/6.2.2; https://cronicareinodearagon.com" "-"
92.205.161.0 - - [29/Jan/2024:02:33:19 +0100] "POST /xmlrpc.php HTTP/1.1" 200 416 cronicareinodearagon.com "-" "Mozilla/5.0 (Windows NT 10.0; Win64; x64; rv:41.0) Gecko/20100101 Firefox/41.0" "-"
2607:f298:: - - [29/Jan/2024:02:35:09 +0100] "GET /dup-installer/main.installer.php HTTP/1.1" 404 596 grupocronicaenlibertad.com "-" "-" "-"
82.165.88.0 - - [29/Jan/2024:02:36:05 +0100] "POST /wp-cron.php?doing_wp_cron=1706492165.6214909553527832031250 HTTP/1.1" 200 - cronicareinodearagon.com "-" "WordPress/6.2.2; https://cronicareinodearagon.com" "-"
185.191.171.0 - - [29/Jan/2024:02:36:05 +0100] "GET /sociedad/embalses-sevilla-sequia/ HTTP/1.1" 200 165766 cronicareinodearagon.com "-" "Mozilla/5.0 (compatible; SemrushBot/7~bl; +http://www.semrush.com/bot.html)" "-"
103.130.215.0 - - [29/Jan/2024:02:41:04 +0100] "POST /wp-login.php HTTP/1.1" 200 9591 cronicareinodearagon.com "-" "Mozilla/5.0 (Windows NT 6.1) AppleWebKit/537.36 (KHTML, like Gecko) Chrome/80.0.3987.132 Safari/537.36" "-"
82.165.88.0 - - [29/Jan/2024:02:41:05 +0100] "POST /wp-cron.php?doing_wp_cron=1706492465.2008349895477294921875 HTTP/1.1" 200 - cronicareinodearagon.com "-" "WordPress/6.2.2; https://cronicareinodearagon.com" "-"
82.165.88.0 - - [29/Jan/2024:02:42:13 +0100] "POST /wp-cron.php?doing_wp_cron=1706492533.3151960372924804687500 HTTP/1.1" 200 - cronicareinodearagon.com "-" "WordPress/6.2.2; https://cronicareinodearagon.com" "-"
74.125.212.0 - - [29/Jan/2024:02:42:13 +0100] "GET /category/economia/feed/ HTTP/1.1" 200 42774 cronicareinodearagon.com "-" "FeedFetcher-Google; (+http://www.google.com/feedfetcher.html)" "-"
185.191.171.0 - - [29/Jan/2024:02:43:20 +0100] "GET /aragon/resultados-elecciones-autonomicas-municipales-aragon/ HTTP/1.1" 200 169151 cronicareinodearagon.com "-" "Mozilla/5.0 (compatible; SemrushBot/7~bl; +http://www.semrush.com/bot.html)" "-"
202.172.26.0 - - [29/Jan/2024:02:44:54 +0100] "POST /wp-login.php HTTP/1.1" 200 9612 cronicareinodearagon.com "-" "Mozilla/5.0 (Windows NT 6.1; WOW64) AppleWebKit/537.36 (KHTML, like Gecko) Chrome/48.0.2564.116 Safari/537.36" "-"
82.165.88.0 - - [29/Jan/2024:02:44:55 +0100] "POST /wp-cron.php?doing_wp_cron=1706492695.0622479915618896484375 HTTP/1.1" 200 - cronicareinodearagon.com "-" "WordPress/6.2.2; https://cronicareinodearagon.com" "-"
87.98.171.0 - - [29/Jan/2024:02:45:05 +0100] "POST /wp-login.php HTTP/1.1" 200 9604 cronicareinodearagon.com "-" "Mozilla/5.0 (Windows NT 6.1; WOW64) AppleWebKit/537.36 (KHTML, like Gecko) Chrome/52.0.2743.116 Safari/537.36" "-"
82.165.88.0 - - [29/Jan/2024:02:45:54 +0100] "POST /wp-cron.php?doing_wp_cron=1706492754.9557399749755859375000 HTTP/1.1" 200 - cronicareinodearagon.com "-" "WordPress/6.2.2; https://cronicareinodearagon.com" "-"
185.191.171.0 - - [29/Jan/2024:02:45:54 +0100] "GET /aragon/maru-diaz-mitin-central-podemos-aragon/ HTTP/1.1" 200 171798 cronicareinodearagon.com "-" "Mozilla/5.0 (compatible; SemrushBot/7~bl; +http://www.semrush.com/bot.html)" "-"
82.165.88.0 - - [29/Jan/2024:02:48:47 +0100] "POST /wp-cron.php?doing_wp_cron=1706492927.7643780708312988281250 HTTP/1.1" 200 - cronicareinodearagon.com "-" "WordPress/6.2.2; https://cronicareinodearagon.com" "-"
46.183.112.0 - - [29/Jan/2024:02:48:47 +0100] "POST /wp-login.php HTTP/1.1" 200 9620 cronicareinodearagon.com "-" "Mozilla/5.0 (Windows NT 6.1; WOW64) AppleWebKit/537.36 (KHTML, like Gecko) Chrome/63.0.3239.132 Safari/537.36" "-"
194.38.22.0 - - [29/Jan/2024:02:54:53 +0100] "GET /wp-content/themes/seotheme/db.php?u HTTP/1.1" 404 596 cronicadevalencia.com "-" "ALittle Client" "-"
194.38.22.0 - - [29/Jan/2024:02:54:54 +0100] "GET /wp-content/themes/seotheme/db.php?u HTTP/1.1" 404 596 cronicademalaga.com "-" "ALittle Client" "-"
194.38.22.0 - - [29/Jan/2024:02:54:54 +0100] "GET /wp-content/themes/seotheme/db.php?u HTTP/1.1" 404 596 cronicadesevilla.com "-" "ALittle Client" "-"
194.38.22.0 - - [29/Jan/2024:02:54:55 +0100] "GET /wp-content/themes/seotheme/db.php?u HTTP/1.1" 404 596 cronicadegranada.com "-" "ALittle Client" "-"
194.38.22.0 - - [29/Jan/2024:02:54:55 +0100] "GET /wp-content/themes/seotheme/db.php?u HTTP/1.1" 404 596 cronicadejaen.com "-" "ALittle Client" "-"
194.38.22.0 - - [29/Jan/2024:02:54:56 +0100] "GET /wp-content/themes/seotheme/db.php?u HTTP/1.1" 404 596 cronicadecordoba.com "-" "ALittle Client" "-"
194.38.22.0 - - [29/Jan/2024:02:54:56 +0100] "GET /wp-content/themes/seotheme/db.php?u HTTP/1.1" 404 596 cronicadeextremadura.com "-" "ALittle Client" "-"
194.38.22.0 - - [29/Jan/2024:02:54:56 +0100] "GET /wp-content/themes/seotheme/db.php?u HTTP/1.1" 404 596 cronicadeasturias.com "-" "ALittle Client" "-"
194.38.22.0 - - [29/Jan/2024:02:54:57 +0100] "GET /wp-content/themes/seotheme/db.php?u HTTP/1.1" 404 596 cronicadealmeria.com "-" "ALittle Client" "-"
85.208.96.0 - - [29/Jan/2024:02:57:58 +0100] "GET /aragon/ayudas-gobierno-aragon-cooperativas/ HTTP/1.1" 200 164647 cronicareinodearagon.com "-" "Mozilla/5.0 (compatible; SemrushBot/7~bl; +http://www.semrush.com/bot.html)" "-"
82.165.88.0 - - [29/Jan/2024:02:57:59 +0100] "POST /wp-cron.php?doing_wp_cron=1706493479.6983640193939208984375 HTTP/1.1" 200 - cronicareinodearagon.com "-" "WordPress/6.2.2; https://cronicareinodearagon.com" "-"
74.125.209.0 - - [29/Jan/2024:03:00:11 +0100] "GET /category/politica/feed/ HTTP/1.1" 200 18273 cronicareinodearagon.com "-" "FeedFetcher-Google; (+http://www.google.com/feedfetcher.html)" "-"
82.165.88.0 - - [29/Jan/2024:03:00:18 +0100] "POST /wp-cron.php?doing_wp_cron=1706493618.4689600467681884765625 HTTP/1.1" 200 - cronicareinodearagon.com "-" "WordPress/6.2.2; https://cronicareinodearagon.com" "-"
5.35.9.0 - - [29/Jan/2024:03:00:18 +0100] "POST /wp-login.php HTTP/1.1" 200 9604 cronicareinodearagon.com "-" "Mozilla/5.0 (Windows NT 6.3; Win64; x64) AppleWebKit/537.36 (KHTML, like Gecko) Chrome/65.0.3325.181 Safari/537.36" "-"
54.36.149.0 - - [29/Jan/2024:03:02:44 +0100] "GET /aragon/empresas-aragon-expofranquicia/ HTTP/1.1" 200 160409 cronicareinodearagon.com "-" "Mozilla/5.0 (compatible; AhrefsBot/7.0; +http://ahrefs.com/robot/)" "-"
82.165.88.0 - - [29/Jan/2024:03:02:45 +0100] "POST /wp-cron.php?doing_wp_cron=1706493765.1632840633392333984375 HTTP/1.1" 200 - cronicareinodearagon.com "-" "WordPress/6.2.2; https://cronicareinodearagon.com" "-"
82.165.88.0 - - [29/Jan/2024:03:04:18 +0100] "POST /wp-cron.php?doing_wp_cron=1706493858.3025989532470703125000 HTTP/1.1" 200 - cronicareinodearagon.com "-" "WordPress/6.2.2; https://cronicareinodearagon.com" "-"
74.125.212.0 - - [29/Jan/2024:03:04:18 +0100] "GET /category/economia/feed/ HTTP/1.1" 200 42774 cronicareinodearagon.com "-" "FeedFetcher-Google; (+http://www.google.com/feedfetcher.html)" "-"
