42.202.16.0 - - [02/Feb/2024:07:25:15 +0100] "GET /wp-content/plugins/elementor/assets/js/frontend.min.js?ver=3.15.2 HTTP/1.1" 200 40746 cronicareinodearagon.com "-" "Go-http-client/1.1" "-"
39.165.103.0 - - [02/Feb/2024:07:25:15 +0100] "GET /wp-includes/js/imagesloaded.min.js?ver=4.1.4 HTTP/1.1" 200 5629 cronicareinodearagon.com "-" "Go-http-client/1.1" "-"
39.165.103.0 - - [02/Feb/2024:07:25:15 +0100] "GET /wp-includes/js/jquery/ui/core.min.js?ver=1.13.2 HTTP/1.1" 200 21438 cronicareinodearagon.com "-" "Go-http-client/1.1" "-"
42.202.16.0 - - [02/Feb/2024:07:25:15 +0100] "GET /wp-content/themes/jnews/assets/dist/frontend.min.css?ver=10.7.9 HTTP/1.1" 200 598038 cronicareinodearagon.com "-" "Go-http-client/1.1" "-"
39.165.103.0 - - [02/Feb/2024:07:25:15 +0100] "GET /wp-includes/css/classic-themes.min.css?ver=6.2.2 HTTP/1.1" 200 291 cronicareinodearagon.com "-" "Go-http-client/1.1" "-"
39.165.103.0 - - [02/Feb/2024:07:25:15 +0100] "GET /wp-includes/js/jquery/jquery.min.js?ver=3.6.4 HTTP/1.1" 200 89815 cronicareinodearagon.com "-" "Go-http-client/1.1" "-"
42.202.16.0 - - [02/Feb/2024:07:25:16 +0100] "GET /wp-content/themes/jnews/data/import/newspaper/scheme.css?ver=10.7.9 HTTP/1.1" 200 5700 cronicareinodearagon.com "-" "Go-http-client/1.1" "-"
39.165.103.0 - - [02/Feb/2024:07:25:16 +0100] "GET /aragon/astic-reconocimiento-carreras-grupo/ HTTP/1.1" 200 158292 cronicareinodearagon.com "-" "Go-http-client/1.1" "-"
42.202.16.0 - - [02/Feb/2024:07:25:16 +0100] "GET /aragon/educacion-sexual-edades-tempranas-aragon/ HTTP/1.1" 200 161580 cronicareinodearagon.com "-" "Go-http-client/1.1" "-"
39.165.103.0 - - [02/Feb/2024:07:25:16 +0100] "GET /category/america/ HTTP/1.1" 200 138278 cronicareinodearagon.com "-" "Go-http-client/1.1" "-"
42.202.16.0 - - [02/Feb/2024:07:25:16 +0100] "GET /opinion/la-miseria/ HTTP/1.1" 200 177011 cronicareinodearagon.com "-" "Go-http-client/1.1" "-"
39.165.103.0 - - [02/Feb/2024:07:25:17 +0100] "GET /opinion/la-miseria/ HTTP/1.1" 200 177011 cronicareinodearagon.com "-" "Go-http-client/1.1" "-"
42.202.16.0 - - [02/Feb/2024:07:25:17 +0100] "GET /wp-content/themes/jnews/assets/css/elementor-frontend.css?ver=10.7.9 HTTP/1.1" 200 681 cronicareinodearagon.com "-" "Go-http-client/1.1" "-"
39.165.103.0 - - [02/Feb/2024:07:25:17 +0100] "GET /wp-content/themes/jnews/assets/dist/frontend.min.js?ver=10.7.9 HTTP/1.1" 200 303914 cronicareinodearagon.com "-" "Go-http-client/1.1" "-"
42.202.16.0 - - [02/Feb/2024:07:25:17 +0100] "GET /category/educacion/ HTTP/1.1" 200 146946 cronicareinodearagon.com "-" "Go-http-client/1.1" "-"
39.165.103.0 - - [02/Feb/2024:07:25:18 +0100] "GET /wp-content/plugins/complianz-gdpr/cookiebanner/js/complianz.min.js?ver=6.4.4 HTTP/1.1" 200 40180 cronicareinodearagon.com "-" "Go-http-client/1.1" "-"
42.202.16.0 - - [02/Feb/2024:07:25:18 +0100] "GET /category/aragon/teruel/ HTTP/1.1" 200 147531 cronicareinodearagon.com "-" "Go-http-client/1.1" "-"
39.165.103.0 - - [02/Feb/2024:07:25:19 +0100] "GET /wp-content/themes/jnews/assets/dist/frontend.min.css?ver=10.7.9 HTTP/1.1" 200 598038 cronicareinodearagon.com "-" "Go-http-client/1.1" "-"
42.202.16.0 - - [02/Feb/2024:07:25:19 +0100] "GET /author/redaccion/ HTTP/1.1" 301 - cronicareinodearagon.com "-" "Go-http-client/1.1" "-"
42.202.16.0 - - [02/Feb/2024:07:25:19 +0100] "GET / HTTP/1.1" 200 319420 cronicareinodearagon.com "https://cronicareinodearagon.com/author/redaccion/" "Go-http-client/1.1" "-"
39.165.103.0 - - [02/Feb/2024:07:25:20 +0100] "GET /wp-content/themes/jnews/assets/dist/frontend.min.css?ver=10.7.9 HTTP/1.1" 200 598038 cronicareinodearagon.com "-" "Go-http-client/1.1" "-"
39.165.103.0 - - [02/Feb/2024:07:25:20 +0100] "GET /wp-content/themes/jnews/assets/dist/frontend.min.css?ver=10.7.9 HTTP/1.1" 200 598038 cronicareinodearagon.com "-" "Go-http-client/1.1" "-"
39.165.103.0 - - [02/Feb/2024:07:25:21 +0100] "GET /wp-content/themes/jnews/assets/dist/frontend.min.css?ver=10.7.9 HTTP/1.1" 200 598038 cronicareinodearagon.com "-" "Go-http-client/1.1" "-"
39.165.103.0 - - [02/Feb/2024:07:25:21 +0100] "GET /wp-content/themes/jnews/assets/dist/frontend.min.css?ver=10.7.9 HTTP/1.1" 200 598038 cronicareinodearagon.com "-" "Go-http-client/1.1" "-"
39.165.103.0 - - [02/Feb/2024:07:25:22 +0100] "GET /wp-content/themes/jnews/assets/dist/frontend.min.css?ver=10.7.9 HTTP/1.1" 200 598038 cronicareinodearagon.com "-" "Go-http-client/1.1" "-"
42.202.16.0 - - [02/Feb/2024:07:25:22 +0100] "GET /aragon/segundo-avance-participacion-elecciones-aragon/ HTTP/1.1" 200 166437 cronicareinodearagon.com "-" "Go-http-client/1.1" "-"
39.165.103.0 - - [02/Feb/2024:07:25:22 +0100] "GET /wp-content/themes/jnews/assets/dist/frontend.min.css?ver=10.7.9 HTTP/1.1" 200 598038 cronicareinodearagon.com "-" "Go-http-client/1.1" "-"
39.165.103.0 - - [02/Feb/2024:07:25:22 +0100] "GET /wp-content/themes/jnews/assets/dist/frontend.min.css?ver=10.7.9 HTTP/1.1" 200 598038 cronicareinodearagon.com "-" "Go-http-client/1.1" "-"
39.165.103.0 - - [02/Feb/2024:07:25:23 +0100] "GET /wp-content/themes/jnews/assets/dist/frontend.min.css?ver=10.7.9 HTTP/1.1" 200 598038 cronicareinodearagon.com "-" "Go-http-client/1.1" "-"
39.165.103.0 - - [02/Feb/2024:07:25:23 +0100] "GET /wp-content/themes/jnews/assets/dist/frontend.min.css?ver=10.7.9 HTTP/1.1" 200 598038 cronicareinodearagon.com "-" "Go-http-client/1.1" "-"
42.202.16.0 - - [02/Feb/2024:07:25:23 +0100] "GET /wp-content/themes/jnews/style.css?ver=10.7.9 HTTP/1.1" 200 427 cronicareinodearagon.com "-" "Go-http-client/1.1" "-"
39.165.103.0 - - [02/Feb/2024:07:25:24 +0100] "GET /wp-content/themes/jnews/assets/dist/frontend.min.css?ver=10.7.9 HTTP/1.1" 200 598038 cronicareinodearagon.com "-" "Go-http-client/1.1" "-"
42.202.16.0 - - [02/Feb/2024:07:25:24 +0100] "GET /category/aragon/huesca/ HTTP/1.1" 200 147255 cronicareinodearagon.com "-" "Go-http-client/1.1" "-"
39.165.103.0 - - [02/Feb/2024:07:25:24 +0100] "GET /wp-content/themes/jnews/assets/dist/frontend.min.css?ver=10.7.9 HTTP/1.1" 200 598038 cronicareinodearagon.com "-" "Go-http-client/1.1" "-"
42.202.16.0 - - [02/Feb/2024:07:25:24 +0100] "GET /wp-content/themes/jnews/assets/img/jeg-empty.png HTTP/1.1" 200 70 cronicareinodearagon.com "-" "Go-http-client/1.1" "-"
42.202.16.0 - - [02/Feb/2024:07:25:24 +0100] "GET /aragon/guitarte-teruel-existe-cierre-campana/ HTTP/1.1" 200 177242 cronicareinodearagon.com "-" "Go-http-client/1.1" "-"
39.165.103.0 - - [02/Feb/2024:07:25:24 +0100] "GET /wp-content/themes/jnews/assets/dist/frontend.min.css?ver=10.7.9 HTTP/1.1" 200 598038 cronicareinodearagon.com "-" "Go-http-client/1.1" "-"
39.165.103.0 - - [02/Feb/2024:07:25:25 +0100] "GET /wp-content/themes/jnews/assets/dist/frontend.min.css?ver=10.7.9 HTTP/1.1" 200 598038 cronicareinodearagon.com "-" "Go-http-client/1.1" "-"
39.165.103.0 - - [02/Feb/2024:07:25:25 +0100] "GET /wp-content/themes/jnews/assets/dist/frontend.min.css?ver=10.7.9 HTTP/1.1" 200 598038 cronicareinodearagon.com "-" "Go-http-client/1.1" "-"
39.165.103.0 - - [02/Feb/2024:07:25:26 +0100] "GET /wp-content/themes/jnews/assets/dist/frontend.min.css?ver=10.7.9 HTTP/1.1" 200 598038 cronicareinodearagon.com "-" "Go-http-client/1.1" "-"
42.202.16.0 - - [02/Feb/2024:07:25:26 +0100] "GET /wp-content/plugins/elementor/assets/js/webpack.runtime.min.js?ver=3.15.2 HTTP/1.1" 200 4958 cronicareinodearagon.com "-" "Go-http-client/1.1" "-"
42.202.16.0 - - [02/Feb/2024:07:25:26 +0100] "GET /category/aragon/ HTTP/1.1" 200 146826 cronicareinodearagon.com "-" "Go-http-client/1.1" "-"
39.165.103.0 - - [02/Feb/2024:07:25:26 +0100] "GET /wp-content/themes/jnews/assets/dist/frontend.min.css?ver=10.7.9 HTTP/1.1" 200 598038 cronicareinodearagon.com "-" "Go-http-client/1.1" "-"
39.165.103.0 - - [02/Feb/2024:07:25:26 +0100] "GET /wp-content/themes/jnews/assets/dist/frontend.min.css?ver=10.7.9 HTTP/1.1" 200 598038 cronicareinodearagon.com "-" "Go-http-client/1.1" "-"
42.202.16.0 - - [02/Feb/2024:07:25:27 +0100] "GET /wp-content/uploads/2023/05/resultados-autonomicas-aragon-750x375.jpg HTTP/1.1" 200 19010 cronicareinodearagon.com "-" "Go-http-client/1.1" "-"
39.165.103.0 - - [02/Feb/2024:07:25:27 +0100] "GET /wp-content/themes/jnews/assets/dist/frontend.min.css?ver=10.7.9 HTTP/1.1" 200 598038 cronicareinodearagon.com "-" "Go-http-client/1.1" "-"
42.202.16.0 - - [02/Feb/2024:07:25:28 +0100] "GET /educacion/practicas-estudiantes-internacionales-medio-rural/ HTTP/1.1" 200 163088 cronicareinodearagon.com "-" "Go-http-client/1.1" "-"
39.165.103.0 - - [02/Feb/2024:07:25:28 +0100] "GET /wp-content/themes/jnews/assets/dist/frontend.min.css?ver=10.7.9 HTTP/1.1" 200 598038 cronicareinodearagon.com "-" "Go-http-client/1.1" "-"
42.202.16.0 - - [02/Feb/2024:07:25:28 +0100] "GET /wp-includes/js/comment-reply.min.js?ver=6.2.2 HTTP/1.1" 200 2981 cronicareinodearagon.com "-" "Go-http-client/1.1" "-"
42.202.16.0 - - [02/Feb/2024:07:25:28 +0100] "GET /wp-content/themes/jnews/assets/dist/frontend.min.js?ver=10.7.9 HTTP/1.1" 200 303914 cronicareinodearagon.com "-" "Go-http-client/1.1" "-"
42.202.16.0 - - [02/Feb/2024:07:25:29 +0100] "GET /wp-includes/css/dist/block-library/style.min.css?ver=6.2.2 HTTP/1.1" 200 97517 cronicareinodearagon.com "-" "Go-http-client/1.1" "-"
39.165.103.0 - - [02/Feb/2024:07:25:30 +0100] "GET /wp-content/themes/jnews/assets/dist/frontend.min.css?ver=10.7.9 HTTP/1.1" 200 598038 cronicareinodearagon.com "-" "Go-http-client/1.1" "-"
42.202.16.0 - - [02/Feb/2024:07:25:30 +0100] "GET /category/economia/ HTTP/1.1" 200 146955 cronicareinodearagon.com "-" "Go-http-client/1.1" "-"
39.165.103.0 - - [02/Feb/2024:07:25:30 +0100] "GET /wp-content/themes/jnews/assets/dist/frontend.min.css?ver=10.7.9 HTTP/1.1" 200 598038 cronicareinodearagon.com "-" "Go-http-client/1.1" "-"
39.165.103.0 - - [02/Feb/2024:07:25:31 +0100] "GET /wp-content/themes/jnews/assets/dist/frontend.min.css?ver=10.7.9 HTTP/1.1" 200 598038 cronicareinodearagon.com "-" "Go-http-client/1.1" "-"
182.204.140.0 - - [02/Feb/2024:07:25:31 +0100] "GET / HTTP/1.1" 200 41726 cronicareinodearagon.com "-" "Mozilla/5.0 (Windows NT 5.1) AppleWebKit/537.36 (KHTML, like Gecko) Chrome/64.0.3282.0 Safari/537.36" "-"
39.165.103.0 - - [02/Feb/2024:07:25:31 +0100] "GET /wp-content/themes/jnews/assets/dist/frontend.min.css?ver=10.7.9 HTTP/1.1" 200 598038 cronicareinodearagon.com "-" "Go-http-client/1.1" "-"
42.202.16.0 - - [02/Feb/2024:07:25:31 +0100] "GET /wp-includes/js/jquery/jquery.min.js?ver=3.6.4 HTTP/1.1" 200 89815 cronicareinodearagon.com "-" "Go-http-client/1.1" "-"
39.165.103.0 - - [02/Feb/2024:07:25:32 +0100] "GET /wp-content/themes/jnews/assets/dist/frontend.min.css?ver=10.7.9 HTTP/1.1" 200 598038 cronicareinodearagon.com "-" "Go-http-client/1.1" "-"
42.202.16.0 - - [02/Feb/2024:07:25:32 +0100] "GET /aragon/aragon-vacunacion-neumococo-junio/ HTTP/1.1" 200 161598 cronicareinodearagon.com "-" "Go-http-client/1.1" "-"
182.204.140.0 - - [02/Feb/2024:07:25:32 +0100] "GET /aragon/aragon-vacunacion-neumococo-junio/ HTTP/1.1" 200 161598 cronicareinodearagon.com "-" "Go-http-client/1.1" "-"
39.165.103.0 - - [02/Feb/2024:07:25:32 +0100] "GET /wp-content/themes/jnews/assets/dist/frontend.min.css?ver=10.7.9 HTTP/1.1" 200 598038 cronicareinodearagon.com "-" "Go-http-client/1.1" "-"
42.202.16.0 - - [02/Feb/2024:07:25:32 +0100] "GET /wp-content/uploads/2022/10/CABECERA-CrAra_MOVIL-1.png HTTP/1.1" 200 3014 cronicareinodearagon.com "-" "Go-http-client/1.1" "-"
39.165.103.0 - - [02/Feb/2024:07:25:33 +0100] "GET /wp-content/themes/jnews/assets/dist/frontend.min.css?ver=10.7.9 HTTP/1.1" 200 598038 cronicareinodearagon.com "-" "Go-http-client/1.1" "-"
42.202.16.0 - - [02/Feb/2024:07:25:33 +0100] "GET /aragon/astic-reconocimiento-carreras-grupo/ HTTP/1.1" 200 158292 cronicareinodearagon.com "-" "Go-http-client/1.1" "-"
39.165.103.0 - - [02/Feb/2024:07:25:33 +0100] "GET /wp-content/themes/jnews/assets/dist/frontend.min.css?ver=10.7.9 HTTP/1.1" 200 598038 cronicareinodearagon.com "-" "Go-http-client/1.1" "-"
182.204.140.0 - - [02/Feb/2024:07:25:33 +0100] "GET /america/el-templo-de-los-mercaderes/ HTTP/1.1" 200 179384 cronicareinodearagon.com "-" "Go-http-client/1.1" "-"
42.202.16.0 - - [02/Feb/2024:07:25:33 +0100] "GET /wp-includes/js/hoverIntent.min.js?ver=1.10.2 HTTP/1.1" 200 1499 cronicareinodearagon.com "-" "Go-http-client/1.1" "-"
39.165.103.0 - - [02/Feb/2024:07:25:33 +0100] "GET /wp-content/themes/jnews/assets/dist/frontend.min.css?ver=10.7.9 HTTP/1.1" 200 598038 cronicareinodearagon.com "-" "Go-http-client/1.1" "-"
182.204.140.0 - - [02/Feb/2024:07:25:33 +0100] "GET / HTTP/1.1" 200 41726 cronicareinodearagon.com "-" "Mozilla/5.0 (Windows NT 10.0) AppleWebKit/537.36 (KHTML, like Gecko) Chrome/40.0.2214.93 Safari/537.36" "-"
42.202.16.0 - - [02/Feb/2024:07:25:33 +0100] "GET /wp-content/plugins/elementor/assets/lib/eicons/css/elementor-icons.min.css?ver=5.21.0 HTTP/1.1" 200 19488 cronicareinodearagon.com "-" "Go-http-client/1.1" "-"
42.202.16.0 - - [02/Feb/2024:07:25:34 +0100] "GET /wp-includes/js/jquery/jquery-migrate.min.js?ver=3.4.0 HTTP/1.1" 200 13424 cronicareinodearagon.com "-" "Go-http-client/1.1" "-"
39.165.103.0 - - [02/Feb/2024:07:25:34 +0100] "GET /wp-content/themes/jnews/assets/dist/frontend.min.css?ver=10.7.9 HTTP/1.1" 200 598038 cronicareinodearagon.com "-" "Go-http-client/1.1" "-"
182.204.140.0 - - [02/Feb/2024:07:25:34 +0100] "GET /author/redaccion/ HTTP/1.1" 301 - cronicareinodearagon.com "-" "Go-http-client/1.1" "-"
42.202.16.0 - - [02/Feb/2024:07:25:34 +0100] "GET /aragon/nuevo-programa-de-aceleracion-gratuito-para-empresas-innovadoras/ HTTP/1.1" 200 164859 cronicareinodearagon.com "-" "Go-http-client/1.1" "-"
182.204.140.0 - - [02/Feb/2024:07:25:35 +0100] "GET / HTTP/1.1" 200 319420 cronicareinodearagon.com "https://cronicareinodearagon.com/author/redaccion/" "Go-http-client/1.1" "-"
182.204.140.0 - - [02/Feb/2024:07:25:35 +0100] "GET /sociedad/planta-transferencia-residuos-quinto-ecoprovincia-zaragoza/ HTTP/1.1" 200 168365 cronicareinodearagon.com "-" "Go-http-client/1.1" "-"
39.165.103.0 - - [02/Feb/2024:07:25:35 +0100] "GET /wp-content/themes/jnews/assets/dist/frontend.min.css?ver=10.7.9 HTTP/1.1" 200 598038 cronicareinodearagon.com "-" "Go-http-client/1.1" "-"
39.165.103.0 - - [02/Feb/2024:07:25:35 +0100] "GET /wp-content/themes/jnews/assets/dist/frontend.min.css?ver=10.7.9 HTTP/1.1" 200 598038 cronicareinodearagon.com "-" "Go-http-client/1.1" "-"
42.202.16.0 - - [02/Feb/2024:07:25:35 +0100] "GET /category/america/ HTTP/1.1" 200 138278 cronicareinodearagon.com "-" "Go-http-client/1.1" "-"
39.165.103.0 - - [02/Feb/2024:07:25:36 +0100] "GET /wp-content/themes/jnews/assets/dist/frontend.min.css?ver=10.7.9 HTTP/1.1" 200 598038 cronicareinodearagon.com "-" "Go-http-client/1.1" "-"
42.202.16.0 - - [02/Feb/2024:07:25:36 +0100] "GET /aragon/el-gobierno-de-aragon-impulsa-nueve-proyectos-empresariales-de-id-en-sector-farmaceutico-y-movilidad-sostenible/ HTTP/1.1" 200 168326 cronicareinodearagon.com "-" "Go-http-client/1.1" "-"
182.204.140.0 - - [02/Feb/2024:07:25:36 +0100] "GET /educacion/practicas-estudiantes-internacionales-medio-rural/ HTTP/1.1" 200 163088 cronicareinodearagon.com "-" "Go-http-client/1.1" "-"
39.165.103.0 - - [02/Feb/2024:07:25:36 +0100] "GET /wp-content/themes/jnews/assets/dist/frontend.min.css?ver=10.7.9 HTTP/1.1" 200 598038 cronicareinodearagon.com "-" "Go-http-client/1.1" "-"
42.202.16.0 - - [02/Feb/2024:07:25:36 +0100] "GET /wp-includes/js/imagesloaded.min.js?ver=4.1.4 HTTP/1.1" 200 5629 cronicareinodearagon.com "-" "Go-http-client/1.1" "-"
182.204.140.0 - - [02/Feb/2024:07:25:36 +0100] "GET /aviso-legal/ HTTP/1.1" 200 141212 cronicareinodearagon.com "-" "Go-http-client/1.1" "-"
182.204.140.0 - - [02/Feb/2024:07:25:36 +0100] "GET /wp-content/plugins/complianz-gdpr/cookiebanner/js/complianz.min.js?ver=6.4.4 HTTP/1.1" 200 40180 cronicareinodearagon.com "-" "Go-http-client/1.1" "-"
39.165.103.0 - - [02/Feb/2024:07:25:36 +0100] "GET /wp-content/themes/jnews/assets/dist/frontend.min.css?ver=10.7.9 HTTP/1.1" 200 598038 cronicareinodearagon.com "-" "Go-http-client/1.1" "-"
42.202.16.0 - - [02/Feb/2024:07:25:36 +0100] "GET /aragon/avance-participacion-elecciones-aragon/ HTTP/1.1" 200 166812 cronicareinodearagon.com "-" "Go-http-client/1.1" "-"
182.204.140.0 - - [02/Feb/2024:07:25:37 +0100] "GET /category/politica/ HTTP/1.1" 200 147363 cronicareinodearagon.com "-" "Go-http-client/1.1" "-"
182.204.140.0 - - [02/Feb/2024:07:25:37 +0100] "GET /wp-includes/js/jquery/jquery-migrate.min.js?ver=3.4.0 HTTP/1.1" 200 13424 cronicareinodearagon.com "-" "Go-http-client/1.1" "-"
182.204.140.0 - - [02/Feb/2024:07:25:37 +0100] "GET /category/aragon/ HTTP/1.1" 200 146826 cronicareinodearagon.com "-" "Go-http-client/1.1" "-"
42.202.16.0 - - [02/Feb/2024:07:25:37 +0100] "GET /category/politica/ HTTP/1.1" 200 147363 cronicareinodearagon.com "-" "Go-http-client/1.1" "-"
42.202.16.0 - - [02/Feb/2024:07:25:37 +0100] "GET /aviso-legal/ HTTP/1.1" 200 141212 cronicareinodearagon.com "-" "Go-http-client/1.1" "-"
39.165.103.0 - - [02/Feb/2024:07:25:37 +0100] "GET /wp-content/themes/jnews/assets/dist/frontend.min.css?ver=10.7.9 HTTP/1.1" 200 598038 cronicareinodearagon.com "-" "Go-http-client/1.1" "-"
182.204.140.0 - - [02/Feb/2024:07:25:37 +0100] "GET /wp-content/uploads/2022/10/CABECERA-CrAra_MOVIL-1.png HTTP/1.1" 200 3014 cronicareinodearagon.com "-" "Go-http-client/1.1" "-"
182.204.140.0 - - [02/Feb/2024:07:25:38 +0100] "GET /aragon/astic-reconocimiento-carreras-grupo/ HTTP/1.1" 200 158292 cronicareinodearagon.com "-" "Go-http-client/1.1" "-"
42.202.16.0 - - [02/Feb/2024:07:25:38 +0100] "GET /politica-de-cookies-ue/ HTTP/1.1" 200 156018 cronicareinodearagon.com "-" "Go-http-client/1.1" "-"
182.204.140.0 - - [02/Feb/2024:07:25:38 +0100] "GET /wp-content/plugins/metronet-profile-picture/dist/blocks.style.build.css?ver=2.6.0 HTTP/1.1" 200 27760 cronicareinodearagon.com "-" "Go-http-client/1.1" "-"
182.204.140.0 - - [02/Feb/2024:07:25:38 +0100] "GET /sociedad/planta-transferencia-residuos-quinto-ecoprovincia-zaragoza/ HTTP/1.1" 200 168365 cronicareinodearagon.com "-" "Go-http-client/1.1" "-"
42.202.16.0 - - [02/Feb/2024:07:25:39 +0100] "GET /wp-content/plugins/elementor/assets/js/frontend-modules.min.js?ver=3.15.2 HTTP/1.1" 200 56154 cronicareinodearagon.com "-" "Go-http-client/1.1" "-"
42.202.16.0 - - [02/Feb/2024:07:25:39 +0100] "GET /wp-content/plugins/elementor/assets/lib/swiper/css/swiper.min.css?ver=5.3.6 HTTP/1.1" 200 12876 cronicareinodearagon.com "-" "Go-http-client/1.1" "-"
182.204.140.0 - - [02/Feb/2024:07:25:39 +0100] "GET /wp-content/plugins/metronet-profile-picture/dist/blocks.style.build.css?ver=2.6.0 HTTP/1.1" 200 27760 cronicareinodearagon.com "-" "Go-http-client/1.1" "-"
182.204.140.0 - - [02/Feb/2024:07:25:39 +0100] "GET /wp-content/plugins/complianz-gdpr/assets/css/cookieblocker.min.css?ver=6.4.4 HTTP/1.1" 200 2741 cronicareinodearagon.com "-" "Go-http-client/1.1" "-"
42.202.16.0 - - [02/Feb/2024:07:25:39 +0100] "GET / HTTP/1.1" 200 319420 cronicareinodearagon.com "-" "Go-http-client/1.1" "-"
182.204.140.0 - - [02/Feb/2024:07:25:39 +0100] "GET /wp-content/plugins/elementor/assets/js/frontend.min.js?ver=3.15.2 HTTP/1.1" 200 40746 cronicareinodearagon.com "-" "Go-http-client/1.1" "-"
182.204.140.0 - - [02/Feb/2024:07:25:40 +0100] "GET /wp-content/themes/jnews/assets/img/jeg-empty.png HTTP/1.1" 200 70 cronicareinodearagon.com "-" "Go-http-client/1.1" "-"
182.204.140.0 - - [02/Feb/2024:07:25:40 +0100] "GET /wp-includes/js/imagesloaded.min.js?ver=4.1.4 HTTP/1.1" 200 5629 cronicareinodearagon.com "-" "Go-http-client/1.1" "-"
182.204.140.0 - - [02/Feb/2024:07:25:40 +0100] "GET /wp-includes/js/comment-reply.min.js?ver=6.2.2 HTTP/1.1" 200 2981 cronicareinodearagon.com "-" "Go-http-client/1.1" "-"
182.204.140.0 - - [02/Feb/2024:07:25:40 +0100] "GET /category/aragon/teruel/ HTTP/1.1" 200 147531 cronicareinodearagon.com "-" "Go-http-client/1.1" "-"
42.202.16.0 - - [02/Feb/2024:07:25:41 +0100] "GET /wp-content/plugins/complianz-gdpr/assets/css/cookieblocker.min.css?ver=6.4.4 HTTP/1.1" 200 2741 cronicareinodearagon.com "-" "Go-http-client/1.1" "-"
182.204.140.0 - - [02/Feb/2024:07:25:41 +0100] "GET /aragon/aragon-vacunacion-neumococo-junio/ HTTP/1.1" 200 161598 cronicareinodearagon.com "-" "Go-http-client/1.1" "-"
182.204.140.0 - - [02/Feb/2024:07:25:41 +0100] "GET /wp-content/plugins/elementor/assets/js/frontend-modules.min.js?ver=3.15.2 HTTP/1.1" 200 56154 cronicareinodearagon.com "-" "Go-http-client/1.1" "-"
42.202.16.0 - - [02/Feb/2024:07:25:41 +0100] "GET /wp-content/uploads/2022/10/CABECERA-CrAra_Escritorio.png HTTP/1.1" 200 4995 cronicareinodearagon.com "-" "Go-http-client/1.1" "-"
42.202.16.0 - - [02/Feb/2024:07:25:41 +0100] "GET /aragon/el-biogas-como-aliado-en-la-descarbonizacion-tematica-de-jornada-de-itainnova-circe-y-clenar/ HTTP/1.1" 200 165424 cronicareinodearagon.com "-" "Go-http-client/1.1" "-"
182.204.140.0 - - [02/Feb/2024:07:25:41 +0100] "GET /aragon/segundo-avance-participacion-elecciones-aragon/ HTTP/1.1" 200 166437 cronicareinodearagon.com "-" "Go-http-client/1.1" "-"
182.204.140.0 - - [02/Feb/2024:07:25:41 +0100] "GET / HTTP/1.1" 200 319420 cronicareinodearagon.com "-" "Go-http-client/1.1" "-"
42.202.16.0 - - [02/Feb/2024:07:25:41 +0100] "GET /category/aragon/zaragoza/ HTTP/1.1" 200 148386 cronicareinodearagon.com "-" "Go-http-client/1.1" "-"
39.165.103.0 - - [02/Feb/2024:07:25:42 +0100] "GET /wp-content/themes/jnews/assets/dist/frontend.min.css?ver=10.7.9 HTTP/1.1" 200 598038 cronicareinodearagon.com "-" "Go-http-client/1.1" "-"
182.204.140.0 - - [02/Feb/2024:07:25:42 +0100] "GET /wp-content/uploads/2022/10/CABECERA-CrAra_MOVIL-1.png HTTP/1.1" 200 3014 cronicareinodearagon.com "-" "Go-http-client/1.1" "-"
182.204.140.0 - - [02/Feb/2024:07:25:42 +0100] "GET /aragon/guitarte-teruel-existe-cierre-campana/ HTTP/1.1" 200 177242 cronicareinodearagon.com "-" "Go-http-client/1.1" "-"
182.204.140.0 - - [02/Feb/2024:07:25:43 +0100] "GET /wp-content/uploads/2022/10/CABECERA-CrAra_MOVIL.png HTTP/1.1" 200 3014 cronicareinodearagon.com "-" "Go-http-client/1.1" "-"
182.204.140.0 - - [02/Feb/2024:07:25:43 +0100] "GET /wp-content/plugins/metronet-profile-picture/js/mpp-frontend.js?ver=2.6.0 HTTP/1.1" 200 331 cronicareinodearagon.com "-" "Go-http-client/1.1" "-"
182.204.140.0 - - [02/Feb/2024:07:25:43 +0100] "GET /wp-includes/css/classic-themes.min.css?ver=6.2.2 HTTP/1.1" 200 291 cronicareinodearagon.com "-" "Go-http-client/1.1" "-"
182.204.140.0 - - [02/Feb/2024:07:25:43 +0100] "GET /wp-content/plugins/elementor/assets/lib/eicons/css/elementor-icons.min.css?ver=5.21.0 HTTP/1.1" 200 19488 cronicareinodearagon.com "-" "Go-http-client/1.1" "-"
182.204.140.0 - - [02/Feb/2024:07:25:43 +0100] "GET /wp-content/themes/jnews/assets/dist/frontend.min.css?ver=10.7.9 HTTP/1.1" 200 598038 cronicareinodearagon.com "-" "Go-http-client/1.1" "-"
42.202.16.0 - - [02/Feb/2024:07:25:43 +0100] "GET /wp-content/uploads/2022/10/CABECERA-CrAra_MOVIL.png HTTP/1.1" 200 3014 cronicareinodearagon.com "-" "Go-http-client/1.1" "-"
182.204.140.0 - - [02/Feb/2024:07:25:44 +0100] "GET /wp-content/themes/jnews/assets/css/darkmode.css?ver=10.7.9 HTTP/1.1" 200 46766 cronicareinodearagon.com "-" "Go-http-client/1.1" "-"
42.202.16.0 - - [02/Feb/2024:07:25:44 +0100] "GET /wp-content/plugins/elementor/assets/lib/waypoints/waypoints.min.js?ver=4.0.2 HTTP/1.1" 200 12198 cronicareinodearagon.com "-" "Go-http-client/1.1" "-"
39.165.103.0 - - [02/Feb/2024:07:25:44 +0100] "GET /wp-content/themes/jnews/assets/dist/frontend.min.css?ver=10.7.9 HTTP/1.1" 200 598038 cronicareinodearagon.com "-" "Go-http-client/1.1" "-"
42.202.16.0 - - [02/Feb/2024:07:25:44 +0100] "GET /wp-includes/css/classic-themes.min.css?ver=6.2.2 HTTP/1.1" 200 291 cronicareinodearagon.com "-" "Go-http-client/1.1" "-"
182.204.140.0 - - [02/Feb/2024:07:25:44 +0100] "GET /opinion/la-miseria/ HTTP/1.1" 200 177011 cronicareinodearagon.com "-" "Go-http-client/1.1" "-"
42.202.16.0 - - [02/Feb/2024:07:25:44 +0100] "GET /category/opinion/ HTTP/1.1" 200 145109 cronicareinodearagon.com "-" "Go-http-client/1.1" "-"
182.204.140.0 - - [02/Feb/2024:07:25:45 +0100] "GET /wp-content/themes/jnews/assets/css/elementor-frontend.css?ver=10.7.9 HTTP/1.1" 200 681 cronicareinodearagon.com "-" "Go-http-client/1.1" "-"
39.165.103.0 - - [02/Feb/2024:07:25:45 +0100] "GET /wp-content/themes/jnews/assets/dist/frontend.min.css?ver=10.7.9 HTTP/1.1" 200 598038 cronicareinodearagon.com "-" "Go-http-client/1.1" "-"
42.202.16.0 - - [02/Feb/2024:07:25:45 +0100] "GET /sociedad/planta-transferencia-residuos-quinto-ecoprovincia-zaragoza/ HTTP/1.1" 200 168365 cronicareinodearagon.com "-" "Go-http-client/1.1" "-"
182.204.140.0 - - [02/Feb/2024:07:25:45 +0100] "GET /wp-content/plugins/complianz-gdpr/cookiebanner/js/complianz.min.js?ver=6.4.4 HTTP/1.1" 200 40180 cronicareinodearagon.com "-" "Go-http-client/1.1" "-"
182.204.140.0 - - [02/Feb/2024:07:25:46 +0100] "GET /wp-content/plugins/elementor/assets/js/webpack.runtime.min.js?ver=3.15.2 HTTP/1.1" 200 4958 cronicareinodearagon.com "-" "Go-http-client/1.1" "-"
182.204.140.0 - - [02/Feb/2024:07:25:46 +0100] "GET /wp-content/themes/jnews/assets/img/jeg-empty.png HTTP/1.1" 200 70 cronicareinodearagon.com "-" "Go-http-client/1.1" "-"
42.202.16.0 - - [02/Feb/2024:07:25:46 +0100] "GET /aragon/resultados-elecciones-autonomicas-municipales-aragon/ HTTP/1.1" 200 169152 cronicareinodearagon.com "-" "Go-http-client/1.1" "-"
182.204.140.0 - - [02/Feb/2024:07:25:46 +0100] "GET /category/america/ HTTP/1.1" 200 138278 cronicareinodearagon.com "-" "Go-http-client/1.1" "-"
39.165.103.0 - - [02/Feb/2024:07:25:47 +0100] "GET /wp-content/themes/jnews/assets/dist/frontend.min.css?ver=10.7.9 HTTP/1.1" 200 598038 cronicareinodearagon.com "-" "Go-http-client/1.1" "-"
82.165.88.0 - - [02/Feb/2024:07:25:47 +0100] "POST /wp-cron.php?doing_wp_cron=1706855147.3607289791107177734375 HTTP/1.1" 200 - cronicareinodearagon.com "-" "WordPress/6.2.2; https://cronicareinodearagon.com" "-"
85.208.98.0 - - [02/Feb/2024:07:25:47 +0100] "GET /economia/instalada-en-pozo-alcon-una-subestacion-electrica-para-reforzar-el-suministro-de-varias-localidades-jiennenses/ HTTP/1.1" 200 34964 cronicareinodearagon.com "-" "Mozilla/5.0 (compatible; SemrushBot-BA; +http://www.semrush.com/bot.html)" "-"
182.204.140.0 - - [02/Feb/2024:07:25:48 +0100] "GET /wp-content/themes/jnews/assets/dist/frontend.min.js?ver=10.7.9 HTTP/1.1" 200 303914 cronicareinodearagon.com "-" "Go-http-client/1.1" "-"
42.202.16.0 - - [02/Feb/2024:07:25:48 +0100] "GET /aragon/fima-digital-jornada-maquinaria-agricola/ HTTP/1.1" 200 161979 cronicareinodearagon.com "-" "Go-http-client/1.1" "-"
42.202.16.0 - - [02/Feb/2024:07:25:48 +0100] "GET /wp-content/themes/jnews/assets/dist/frontend.min.css?ver=10.7.9 HTTP/1.1" 200 598038 cronicareinodearagon.com "-" "Go-http-client/1.1" "-"
182.204.140.0 - - [02/Feb/2024:07:25:49 +0100] "GET /wp-content/plugins/elementor/assets/css/frontend-lite.min.css?ver=3.15.2 HTTP/1.1" 200 111754 cronicareinodearagon.com "-" "Go-http-client/1.1" "-"
39.165.103.0 - - [02/Feb/2024:07:25:49 +0100] "GET /wp-content/themes/jnews/assets/dist/frontend.min.css?ver=10.7.9 HTTP/1.1" 200 598038 cronicareinodearagon.com "-" "Go-http-client/1.1" "-"
182.204.140.0 - - [02/Feb/2024:07:25:49 +0100] "GET /wp-content/plugins/elementor/assets/css/frontend-lite.min.css?ver=3.15.2 HTTP/1.1" 200 111754 cronicareinodearagon.com "-" "Go-http-client/1.1" "-"
182.204.140.0 - - [02/Feb/2024:07:25:49 +0100] "GET /category/sociedad/ HTTP/1.1" 200 147043 cronicareinodearagon.com "-" "Go-http-client/1.1" "-"
39.165.103.0 - - [02/Feb/2024:07:25:49 +0100] "GET /wp-content/themes/jnews/assets/dist/frontend.min.css?ver=10.7.9 HTTP/1.1" 200 598038 cronicareinodearagon.com "-" "Go-http-client/1.1" "-"
42.202.16.0 - - [02/Feb/2024:07:25:50 +0100] "GET /wp-content/themes/jnews/assets/dist/frontend.min.css?ver=10.7.9 HTTP/1.1" 200 598038 cronicareinodearagon.com "-" "Go-http-client/1.1" "-"
39.165.103.0 - - [02/Feb/2024:07:25:50 +0100] "GET /wp-content/themes/jnews/assets/dist/frontend.min.css?ver=10.7.9 HTTP/1.1" 200 598038 cronicareinodearagon.com "-" "Go-http-client/1.1" "-"
182.204.140.0 - - [02/Feb/2024:07:25:50 +0100] "GET /category/aragon/huesca/ HTTP/1.1" 200 147255 cronicareinodearagon.com "-" "Go-http-client/1.1" "-"
39.165.103.0 - - [02/Feb/2024:07:25:50 +0100] "GET /wp-content/themes/jnews/assets/dist/frontend.min.css?ver=10.7.9 HTTP/1.1" 200 598038 cronicareinodearagon.com "-" "Go-http-client/1.1" "-"
42.202.16.0 - - [02/Feb/2024:07:25:51 +0100] "GET /wp-content/themes/jnews/assets/dist/frontend.min.css?ver=10.7.9 HTTP/1.1" 200 598038 cronicareinodearagon.com "-" "Go-http-client/1.1" "-"
39.165.103.0 - - [02/Feb/2024:07:25:51 +0100] "GET /wp-content/themes/jnews/assets/dist/frontend.min.css?ver=10.7.9 HTTP/1.1" 200 598038 cronicareinodearagon.com "-" "Go-http-client/1.1" "-"
182.204.140.0 - - [02/Feb/2024:07:25:51 +0100] "GET /wp-content/uploads/2023/05/resultados-autonomicas-aragon-750x375.jpg HTTP/1.1" 200 19010 cronicareinodearagon.com "-" "Go-http-client/1.1" "-"
182.204.140.0 - - [02/Feb/2024:07:25:51 +0100] "GET /category/sociedad/ HTTP/1.1" 200 147043 cronicareinodearagon.com "-" "Go-http-client/1.1" "-"
39.165.103.0 - - [02/Feb/2024:07:25:51 +0100] "GET /wp-content/themes/jnews/assets/dist/frontend.min.css?ver=10.7.9 HTTP/1.1" 200 598038 cronicareinodearagon.com "-" "Go-http-client/1.1" "-"
42.202.16.0 - - [02/Feb/2024:07:25:52 +0100] "GET /wp-content/themes/jnews/assets/dist/frontend.min.css?ver=10.7.9 HTTP/1.1" 200 598038 cronicareinodearagon.com "-" "Go-http-client/1.1" "-"
39.165.103.0 - - [02/Feb/2024:07:25:52 +0100] "GET /wp-content/themes/jnews/assets/dist/frontend.min.css?ver=10.7.9 HTTP/1.1" 200 598038 cronicareinodearagon.com "-" "Go-http-client/1.1" "-"
182.204.140.0 - - [02/Feb/2024:07:25:52 +0100] "GET /opinion/la-miseria/ HTTP/1.1" 200 177011 cronicareinodearagon.com "-" "Go-http-client/1.1" "-"
42.202.16.0 - - [02/Feb/2024:07:25:52 +0100] "GET /wp-content/themes/jnews/assets/dist/frontend.min.css?ver=10.7.9 HTTP/1.1" 200 598038 cronicareinodearagon.com "-" "Go-http-client/1.1" "-"
39.165.103.0 - - [02/Feb/2024:07:25:52 +0100] "GET /wp-content/themes/jnews/assets/dist/frontend.min.css?ver=10.7.9 HTTP/1.1" 200 598038 cronicareinodearagon.com "-" "Go-http-client/1.1" "-"
39.165.103.0 - - [02/Feb/2024:07:25:53 +0100] "GET /wp-content/themes/jnews/assets/dist/frontend.min.css?ver=10.7.9 HTTP/1.1" 200 598038 cronicareinodearagon.com "-" "Go-http-client/1.1" "-"
42.202.16.0 - - [02/Feb/2024:07:25:53 +0100] "GET /wp-content/themes/jnews/assets/dist/frontend.min.css?ver=10.7.9 HTTP/1.1" 200 598038 cronicareinodearagon.com "-" "Go-http-client/1.1" "-"
182.204.140.0 - - [02/Feb/2024:07:25:53 +0100] "GET /wp-content/plugins/elementor/assets/js/frontend-modules.min.js?ver=3.15.2 HTTP/1.1" 200 56154 cronicareinodearagon.com "-" "Go-http-client/1.1" "-"
39.165.103.0 - - [02/Feb/2024:07:25:53 +0100] "GET /wp-content/themes/jnews/assets/dist/frontend.min.css?ver=10.7.9 HTTP/1.1" 200 598038 cronicareinodearagon.com "-" "Go-http-client/1.1" "-"
182.204.140.0 - - [02/Feb/2024:07:25:53 +0100] "GET /wp-includes/js/jquery/jquery.min.js?ver=3.6.4 HTTP/1.1" 200 89815 cronicareinodearagon.com "-" "Go-http-client/1.1" "-"
182.204.140.0 - - [02/Feb/2024:07:25:53 +0100] "GET / HTTP/1.1" 200 319420 cronicareinodearagon.com "-" "Go-http-client/1.1" "-"
42.202.16.0 - - [02/Feb/2024:07:25:54 +0100] "GET /wp-content/themes/jnews/assets/dist/frontend.min.css?ver=10.7.9 HTTP/1.1" 200 598038 cronicareinodearagon.com "-" "Go-http-client/1.1" "-"
39.165.103.0 - - [02/Feb/2024:07:25:54 +0100] "GET /wp-content/themes/jnews/assets/dist/frontend.min.css?ver=10.7.9 HTTP/1.1" 200 598038 cronicareinodearagon.com "-" "Go-http-client/1.1" "-"
182.204.140.0 - - [02/Feb/2024:07:25:54 +0100] "GET /wp-content/themes/jnews/style.css?ver=10.7.9 HTTP/1.1" 200 427 cronicareinodearagon.com "-" "Go-http-client/1.1" "-"
182.204.140.0 - - [02/Feb/2024:07:25:54 +0100] "GET /wp-includes/js/jquery/jquery-migrate.min.js?ver=3.4.0 HTTP/1.1" 200 13424 cronicareinodearagon.com "-" "Go-http-client/1.1" "-"
39.165.103.0 - - [02/Feb/2024:07:25:54 +0100] "GET /wp-content/themes/jnews/assets/dist/frontend.min.css?ver=10.7.9 HTTP/1.1" 200 598038 cronicareinodearagon.com "-" "Go-http-client/1.1" "-"
42.202.16.0 - - [02/Feb/2024:07:25:54 +0100] "GET /wp-content/themes/jnews/assets/dist/frontend.min.css?ver=10.7.9 HTTP/1.1" 200 598038 cronicareinodearagon.com "-" "Go-http-client/1.1" "-"
182.204.140.0 - - [02/Feb/2024:07:25:54 +0100] "GET /aragon/resultados-elecciones-autonomicas-municipales-aragon/ HTTP/1.1" 200 169152 cronicareinodearagon.com "-" "Go-http-client/1.1" "-"
182.204.140.0 - - [02/Feb/2024:07:25:55 +0100] "GET /category/educacion/ HTTP/1.1" 200 146946 cronicareinodearagon.com "-" "Go-http-client/1.1" "-"
39.165.103.0 - - [02/Feb/2024:07:25:55 +0100] "GET /wp-content/themes/jnews/assets/dist/frontend.min.css?ver=10.7.9 HTTP/1.1" 200 598038 cronicareinodearagon.com "-" "Go-http-client/1.1" "-"
42.202.16.0 - - [02/Feb/2024:07:25:55 +0100] "GET /wp-content/themes/jnews/assets/dist/frontend.min.css?ver=10.7.9 HTTP/1.1" 200 598038 cronicareinodearagon.com "-" "Go-http-client/1.1" "-"
39.165.103.0 - - [02/Feb/2024:07:25:55 +0100] "GET /wp-content/themes/jnews/assets/dist/frontend.min.css?ver=10.7.9 HTTP/1.1" 200 598038 cronicareinodearagon.com "-" "Go-http-client/1.1" "-"
182.204.140.0 - - [02/Feb/2024:07:25:55 +0100] "GET /aragon/fima-digital-jornada-maquinaria-agricola/ HTTP/1.1" 200 161979 cronicareinodearagon.com "-" "Go-http-client/1.1" "-"
182.204.140.0 - - [02/Feb/2024:07:25:56 +0100] "GET /educacion/practicas-estudiantes-internacionales-medio-rural/ HTTP/1.1" 200 163088 cronicareinodearagon.com "-" "Go-http-client/1.1" "-"
42.202.16.0 - - [02/Feb/2024:07:25:56 +0100] "GET /wp-content/themes/jnews/assets/dist/frontend.min.css?ver=10.7.9 HTTP/1.1" 200 598038 cronicareinodearagon.com "-" "Go-http-client/1.1" "-"
182.204.140.0 - - [02/Feb/2024:07:25:56 +0100] "GET /aragon/fima-digital-jornada-maquinaria-agricola/ HTTP/1.1" 200 161979 cronicareinodearagon.com "-" "Go-http-client/1.1" "-"
182.204.140.0 - - [02/Feb/2024:07:25:56 +0100] "GET /wp-content/uploads/2022/10/CABECERA-CrAra_MOVIL.png HTTP/1.1" 200 3014 cronicareinodearagon.com "-" "Go-http-client/1.1" "-"
182.204.140.0 - - [02/Feb/2024:07:25:57 +0100] "GET /wp-includes/css/dist/block-library/style.min.css?ver=6.2.2 HTTP/1.1" 200 97517 cronicareinodearagon.com "-" "Go-http-client/1.1" "-"
39.165.103.0 - - [02/Feb/2024:07:25:57 +0100] "GET /wp-content/themes/jnews/assets/dist/frontend.min.css?ver=10.7.9 HTTP/1.1" 200 598038 cronicareinodearagon.com "-" "Go-http-client/1.1" "-"
42.202.16.0 - - [02/Feb/2024:07:25:57 +0100] "GET /wp-content/themes/jnews/assets/dist/frontend.min.css?ver=10.7.9 HTTP/1.1" 200 598038 cronicareinodearagon.com "-" "Go-http-client/1.1" "-"
182.204.140.0 - - [02/Feb/2024:07:25:58 +0100] "GET /politica-de-cookies-ue/ HTTP/1.1" 200 156018 cronicareinodearagon.com "-" "Go-http-client/1.1" "-"
182.204.140.0 - - [02/Feb/2024:07:25:58 +0100] "GET /wp-includes/css/classic-themes.min.css?ver=6.2.2 HTTP/1.1" 200 291 cronicareinodearagon.com "-" "Go-http-client/1.1" "-"
39.165.103.0 - - [02/Feb/2024:07:25:58 +0100] "GET /wp-content/themes/jnews/assets/dist/frontend.min.css?ver=10.7.9 HTTP/1.1" 200 598038 cronicareinodearagon.com "-" "Go-http-client/1.1" "-"
182.204.140.0 - - [02/Feb/2024:07:25:58 +0100] "GET /category/aragon/ HTTP/1.1" 200 146826 cronicareinodearagon.com "-" "Go-http-client/1.1" "-"
42.202.16.0 - - [02/Feb/2024:07:25:58 +0100] "GET /wp-content/themes/jnews/assets/dist/frontend.min.css?ver=10.7.9 HTTP/1.1" 200 598038 cronicareinodearagon.com "-" "Go-http-client/1.1" "-"
39.165.103.0 - - [02/Feb/2024:07:25:58 +0100] "GET /wp-content/themes/jnews/assets/dist/frontend.min.css?ver=10.7.9 HTTP/1.1" 200 598038 cronicareinodearagon.com "-" "Go-http-client/1.1" "-"
182.204.140.0 - - [02/Feb/2024:07:25:59 +0100] "GET /wp-content/plugins/elementor/assets/lib/eicons/css/elementor-icons.min.css?ver=5.21.0 HTTP/1.1" 200 19488 cronicareinodearagon.com "-" "Go-http-client/1.1" "-"
182.204.140.0 - - [02/Feb/2024:07:25:59 +0100] "GET /category/aragon/teruel/ HTTP/1.1" 200 147531 cronicareinodearagon.com "-" "Go-http-client/1.1" "-"
42.202.16.0 - - [02/Feb/2024:07:25:59 +0100] "GET /wp-content/themes/jnews/assets/dist/frontend.min.css?ver=10.7.9 HTTP/1.1" 200 598038 cronicareinodearagon.com "-" "Go-http-client/1.1" "-"
39.165.103.0 - - [02/Feb/2024:07:25:59 +0100] "GET /wp-content/themes/jnews/assets/dist/frontend.min.css?ver=10.7.9 HTTP/1.1" 200 598038 cronicareinodearagon.com "-" "Go-http-client/1.1" "-"
182.204.140.0 - - [02/Feb/2024:07:25:59 +0100] "GET /wp-content/themes/jnews/assets/css/darkmode.css?ver=10.7.9 HTTP/1.1" 200 46766 cronicareinodearagon.com "-" "Go-http-client/1.1" "-"
42.202.16.0 - - [02/Feb/2024:07:26:00 +0100] "GET /wp-content/themes/jnews/assets/dist/frontend.min.css?ver=10.7.9 HTTP/1.1" 200 598038 cronicareinodearagon.com "-" "Go-http-client/1.1" "-"
39.165.103.0 - - [02/Feb/2024:07:26:00 +0100] "GET /wp-content/themes/jnews/assets/dist/frontend.min.css?ver=10.7.9 HTTP/1.1" 200 598038 cronicareinodearagon.com "-" "Go-http-client/1.1" "-"
182.204.140.0 - - [02/Feb/2024:07:26:00 +0100] "GET /category/opinion/ HTTP/1.1" 200 145109 cronicareinodearagon.com "-" "Go-http-client/1.1" "-"
182.204.140.0 - - [02/Feb/2024:07:26:00 +0100] "GET /author/redaccion/ HTTP/1.1" 301 - cronicareinodearagon.com "-" "Go-http-client/1.1" "-"
42.202.16.0 - - [02/Feb/2024:07:26:01 +0100] "GET /wp-content/themes/jnews/assets/dist/frontend.min.css?ver=10.7.9 HTTP/1.1" 200 598038 cronicareinodearagon.com "-" "Go-http-client/1.1" "-"
82.165.88.0 - - [02/Feb/2024:07:26:01 +0100] "POST /wp-cron.php?doing_wp_cron=1706855161.1056609153747558593750 HTTP/1.1" 200 - cronicareinodearagon.com "-" "WordPress/6.2.2; https://cronicareinodearagon.com" "-"
182.204.140.0 - - [02/Feb/2024:07:26:01 +0100] "GET / HTTP/1.1" 200 319420 cronicareinodearagon.com "https://cronicareinodearagon.com/author/redaccion/" "Go-http-client/1.1" "-"
39.165.103.0 - - [02/Feb/2024:07:26:02 +0100] "GET /wp-content/themes/jnews/assets/dist/frontend.min.css?ver=10.7.9 HTTP/1.1" 200 598038 cronicareinodearagon.com "-" "Go-http-client/1.1" "-"
42.202.16.0 - - [02/Feb/2024:07:26:02 +0100] "GET /wp-content/themes/jnews/assets/dist/frontend.min.css?ver=10.7.9 HTTP/1.1" 200 598038 cronicareinodearagon.com "-" "Go-http-client/1.1" "-"
182.204.140.0 - - [02/Feb/2024:07:26:02 +0100] "GET /aragon/segundo-avance-participacion-elecciones-aragon/ HTTP/1.1" 200 166437 cronicareinodearagon.com "-" "Go-http-client/1.1" "-"
42.202.16.0 - - [02/Feb/2024:07:26:03 +0100] "GET /wp-content/themes/jnews/assets/dist/frontend.min.css?ver=10.7.9 HTTP/1.1" 200 598038 cronicareinodearagon.com "-" "Go-http-client/1.1" "-"
182.204.140.0 - - [02/Feb/2024:07:26:03 +0100] "GET /aragon/guitarte-teruel-existe-cierre-campana/ HTTP/1.1" 200 177242 cronicareinodearagon.com "-" "Go-http-client/1.1" "-"
39.165.103.0 - - [02/Feb/2024:07:26:03 +0100] "GET /wp-content/themes/jnews/assets/dist/frontend.min.css?ver=10.7.9 HTTP/1.1" 200 598038 cronicareinodearagon.com "-" "Go-http-client/1.1" "-"
182.204.140.0 - - [02/Feb/2024:07:26:04 +0100] "GET /category/politica/ HTTP/1.1" 200 147363 cronicareinodearagon.com "-" "Go-http-client/1.1" "-"
182.204.140.0 - - [02/Feb/2024:07:26:04 +0100] "GET /wp-includes/js/hoverIntent.min.js?ver=1.10.2 HTTP/1.1" 200 1499 cronicareinodearagon.com "-" "Go-http-client/1.1" "-"
39.165.103.0 - - [02/Feb/2024:07:26:04 +0100] "GET /wp-content/themes/jnews/assets/dist/frontend.min.css?ver=10.7.9 HTTP/1.1" 200 598038 cronicareinodearagon.com "-" "Go-http-client/1.1" "-"
42.202.16.0 - - [02/Feb/2024:07:26:04 +0100] "GET /wp-content/themes/jnews/assets/dist/frontend.min.css?ver=10.7.9 HTTP/1.1" 200 598038 cronicareinodearagon.com "-" "Go-http-client/1.1" "-"
182.204.140.0 - - [02/Feb/2024:07:26:04 +0100] "GET /wp-content/plugins/complianz-gdpr/assets/css/cookieblocker.min.css?ver=6.4.4 HTTP/1.1" 200 2741 cronicareinodearagon.com "-" "Go-http-client/1.1" "-"
39.165.103.0 - - [02/Feb/2024:07:26:04 +0100] "GET /wp-content/themes/jnews/assets/dist/frontend.min.css?ver=10.7.9 HTTP/1.1" 200 598038 cronicareinodearagon.com "-" "Go-http-client/1.1" "-"
182.204.140.0 - - [02/Feb/2024:07:26:05 +0100] "GET /category/aragon/zaragoza/ HTTP/1.1" 200 148386 cronicareinodearagon.com "-" "Go-http-client/1.1" "-"
182.204.140.0 - - [02/Feb/2024:07:26:05 +0100] "GET /aragon/educacion-sexual-edades-tempranas-aragon/ HTTP/1.1" 200 161580 cronicareinodearagon.com "-" "Go-http-client/1.1" "-"
39.165.103.0 - - [02/Feb/2024:07:26:05 +0100] "GET /wp-content/themes/jnews/assets/dist/frontend.min.css?ver=10.7.9 HTTP/1.1" 200 598038 cronicareinodearagon.com "-" "Go-http-client/1.1" "-"
39.165.103.0 - - [02/Feb/2024:07:26:05 +0100] "GET /wp-content/themes/jnews/assets/dist/frontend.min.css?ver=10.7.9 HTTP/1.1" 200 598038 cronicareinodearagon.com "-" "Go-http-client/1.1" "-"
182.204.140.0 - - [02/Feb/2024:07:26:05 +0100] "GET /aragon/nuevo-programa-de-aceleracion-gratuito-para-empresas-innovadoras/ HTTP/1.1" 200 164859 cronicareinodearagon.com "-" "Go-http-client/1.1" "-"
39.165.103.0 - - [02/Feb/2024:07:26:06 +0100] "GET /wp-content/themes/jnews/assets/dist/frontend.min.css?ver=10.7.9 HTTP/1.1" 200 598038 cronicareinodearagon.com "-" "Go-http-client/1.1" "-"
182.204.140.0 - - [02/Feb/2024:07:26:06 +0100] "GET /wp-content/uploads/2023/05/resultados-autonomicas-aragon-750x375.jpg HTTP/1.1" 200 19010 cronicareinodearagon.com "-" "Go-http-client/1.1" "-"
39.165.103.0 - - [02/Feb/2024:07:26:06 +0100] "GET /wp-content/themes/jnews/assets/dist/frontend.min.css?ver=10.7.9 HTTP/1.1" 200 598038 cronicareinodearagon.com "-" "Go-http-client/1.1" "-"
42.202.16.0 - - [02/Feb/2024:07:26:06 +0100] "GET /wp-content/themes/jnews/assets/dist/frontend.min.css?ver=10.7.9 HTTP/1.1" 200 598038 cronicareinodearagon.com "-" "Go-http-client/1.1" "-"
39.165.103.0 - - [02/Feb/2024:07:26:06 +0100] "GET /wp-content/themes/jnews/assets/dist/frontend.min.css?ver=10.7.9 HTTP/1.1" 200 598038 cronicareinodearagon.com "-" "Go-http-client/1.1" "-"
182.204.140.0 - - [02/Feb/2024:07:26:06 +0100] "GET /america/el-templo-de-los-mercaderes/ HTTP/1.1" 200 179384 cronicareinodearagon.com "-" "Go-http-client/1.1" "-"
39.165.103.0 - - [02/Feb/2024:07:26:07 +0100] "GET /wp-content/themes/jnews/assets/dist/frontend.min.css?ver=10.7.9 HTTP/1.1" 200 598038 cronicareinodearagon.com "-" "Go-http-client/1.1" "-"
182.204.140.0 - - [02/Feb/2024:07:26:07 +0100] "GET /wp-content/plugins/elementor/assets/lib/swiper/css/swiper.min.css?ver=5.3.6 HTTP/1.1" 200 12876 cronicareinodearagon.com "-" "Go-http-client/1.1" "-"
39.165.103.0 - - [02/Feb/2024:07:26:07 +0100] "GET /wp-content/themes/jnews/assets/dist/frontend.min.css?ver=10.7.9 HTTP/1.1" 200 598038 cronicareinodearagon.com "-" "Go-http-client/1.1" "-"
182.204.140.0 - - [02/Feb/2024:07:26:08 +0100] "GET /politica-de-cookies-ue/ HTTP/1.1" 200 156018 cronicareinodearagon.com "-" "Go-http-client/1.1" "-"
182.204.140.0 - - [02/Feb/2024:07:26:08 +0100] "GET /aragon/avance-participacion-elecciones-aragon/ HTTP/1.1" 200 166812 cronicareinodearagon.com "-" "Go-http-client/1.1" "-"
39.165.103.0 - - [02/Feb/2024:07:26:08 +0100] "GET /wp-content/themes/jnews/assets/dist/frontend.min.css?ver=10.7.9 HTTP/1.1" 200 598038 cronicareinodearagon.com "-" "Go-http-client/1.1" "-"
39.165.103.0 - - [02/Feb/2024:07:26:08 +0100] "GET /wp-content/themes/jnews/assets/dist/frontend.min.css?ver=10.7.9 HTTP/1.1" 200 598038 cronicareinodearagon.com "-" "Go-http-client/1.1" "-"
42.202.16.0 - - [02/Feb/2024:07:26:08 +0100] "GET /wp-content/themes/jnews/assets/dist/frontend.min.css?ver=10.7.9 HTTP/1.1" 200 598038 cronicareinodearagon.com "-" "Go-http-client/1.1" "-"
182.204.140.0 - - [02/Feb/2024:07:26:08 +0100] "GET /aragon/el-gobierno-de-aragon-impulsa-nueve-proyectos-empresariales-de-id-en-sector-farmaceutico-y-movilidad-sostenible/ HTTP/1.1" 200 168326 cronicareinodearagon.com "-" "Go-http-client/1.1" "-"
39.165.103.0 - - [02/Feb/2024:07:26:09 +0100] "GET /wp-content/themes/jnews/assets/dist/frontend.min.css?ver=10.7.9 HTTP/1.1" 200 598038 cronicareinodearagon.com "-" "Go-http-client/1.1" "-"
182.204.140.0 - - [02/Feb/2024:07:26:09 +0100] "GET /wp-content/plugins/elementor/assets/lib/swiper/css/swiper.min.css?ver=5.3.6 HTTP/1.1" 200 12876 cronicareinodearagon.com "-" "Go-http-client/1.1" "-"
182.204.140.0 - - [02/Feb/2024:07:26:09 +0100] "GET /wp-content/themes/jnews/style.css?ver=10.7.9 HTTP/1.1" 200 427 cronicareinodearagon.com "-" "Go-http-client/1.1" "-"
39.165.103.0 - - [02/Feb/2024:07:26:09 +0100] "GET /wp-content/themes/jnews/assets/dist/frontend.min.css?ver=10.7.9 HTTP/1.1" 200 598038 cronicareinodearagon.com "-" "Go-http-client/1.1" "-"
182.204.140.0 - - [02/Feb/2024:07:26:09 +0100] "GET /wp-includes/js/jquery/ui/core.min.js?ver=1.13.2 HTTP/1.1" 200 21438 cronicareinodearagon.com "-" "Go-http-client/1.1" "-"
182.204.140.0 - - [02/Feb/2024:07:26:09 +0100] "GET /wp-includes/js/jquery/jquery.min.js?ver=3.6.4 HTTP/1.1" 200 89815 cronicareinodearagon.com "-" "Go-http-client/1.1" "-"
39.165.103.0 - - [02/Feb/2024:07:26:10 +0100] "GET /wp-content/themes/jnews/assets/dist/frontend.min.css?ver=10.7.9 HTTP/1.1" 200 598038 cronicareinodearagon.com "-" "Go-http-client/1.1" "-"
182.204.140.0 - - [02/Feb/2024:07:26:10 +0100] "GET /wp-content/themes/jnews/assets/dist/frontend.min.js?ver=10.7.9 HTTP/1.1" 200 303914 cronicareinodearagon.com "-" "Go-http-client/1.1" "-"
39.165.103.0 - - [02/Feb/2024:07:26:10 +0100] "GET /wp-content/themes/jnews/assets/dist/frontend.min.css?ver=10.7.9 HTTP/1.1" 200 598038 cronicareinodearagon.com "-" "Go-http-client/1.1" "-"
182.204.140.0 - - [02/Feb/2024:07:26:10 +0100] "GET /category/aragon/zaragoza/ HTTP/1.1" 200 148386 cronicareinodearagon.com "-" "Go-http-client/1.1" "-"
39.165.103.0 - - [02/Feb/2024:07:26:10 +0100] "GET /wp-content/themes/jnews/assets/dist/frontend.min.css?ver=10.7.9 HTTP/1.1" 200 598038 cronicareinodearagon.com "-" "Go-http-client/1.1" "-"
42.202.16.0 - - [02/Feb/2024:07:26:11 +0100] "GET /wp-content/themes/jnews/assets/dist/frontend.min.css?ver=10.7.9 HTTP/1.1" 200 598038 cronicareinodearagon.com "-" "Go-http-client/1.1" "-"
39.165.103.0 - - [02/Feb/2024:07:26:11 +0100] "GET /wp-content/themes/jnews/assets/dist/frontend.min.css?ver=10.7.9 HTTP/1.1" 200 598038 cronicareinodearagon.com "-" "Go-http-client/1.1" "-"
182.204.140.0 - - [02/Feb/2024:07:26:11 +0100] "GET /category/economia/ HTTP/1.1" 200 146955 cronicareinodearagon.com "-" "Go-http-client/1.1" "-"
39.165.103.0 - - [02/Feb/2024:07:26:11 +0100] "GET /wp-content/themes/jnews/assets/dist/frontend.min.css?ver=10.7.9 HTTP/1.1" 200 598038 cronicareinodearagon.com "-" "Go-http-client/1.1" "-"
182.204.140.0 - - [02/Feb/2024:07:26:12 +0100] "GET /category/educacion/ HTTP/1.1" 200 146946 cronicareinodearagon.com "-" "Go-http-client/1.1" "-"
42.202.16.0 - - [02/Feb/2024:07:26:12 +0100] "GET /wp-content/themes/jnews/assets/dist/frontend.min.css?ver=10.7.9 HTTP/1.1" 200 598038 cronicareinodearagon.com "-" "Go-http-client/1.1" "-"
39.165.103.0 - - [02/Feb/2024:07:26:13 +0100] "GET /wp-content/themes/jnews/assets/dist/frontend.min.css?ver=10.7.9 HTTP/1.1" 200 598038 cronicareinodearagon.com "-" "Go-http-client/1.1" "-"
182.204.140.0 - - [02/Feb/2024:07:26:13 +0100] "GET /wp-content/plugins/metronet-profile-picture/js/mpp-frontend.js?ver=2.6.0 HTTP/1.1" 200 331 cronicareinodearagon.com "-" "Go-http-client/1.1" "-"
182.204.140.0 - - [02/Feb/2024:07:26:13 +0100] "GET /wp-content/plugins/elementor/assets/lib/waypoints/waypoints.min.js?ver=4.0.2 HTTP/1.1" 200 12198 cronicareinodearagon.com "-" "Go-http-client/1.1" "-"
42.202.16.0 - - [02/Feb/2024:07:26:14 +0100] "GET /wp-content/themes/jnews/assets/dist/frontend.min.css?ver=10.7.9 HTTP/1.1" 200 598038 cronicareinodearagon.com "-" "Go-http-client/1.1" "-"
182.204.140.0 - - [02/Feb/2024:07:26:14 +0100] "GET /wp-content/uploads/2022/10/CABECERA-CrAra_Escritorio.png HTTP/1.1" 200 4995 cronicareinodearagon.com "-" "Go-http-client/1.1" "-"
182.204.140.0 - - [02/Feb/2024:07:26:14 +0100] "GET /america/lula-da-silva-apoyo-vinicius-ataques-racistas/ HTTP/1.1" 200 162436 cronicareinodearagon.com "-" "Go-http-client/1.1" "-"
39.165.103.0 - - [02/Feb/2024:07:26:14 +0100] "GET /wp-content/themes/jnews/assets/dist/frontend.min.css?ver=10.7.9 HTTP/1.1" 200 598038 cronicareinodearagon.com "-" "Go-http-client/1.1" "-"
39.165.103.0 - - [02/Feb/2024:07:26:15 +0100] "GET /wp-content/themes/jnews/assets/dist/frontend.min.css?ver=10.7.9 HTTP/1.1" 200 598038 cronicareinodearagon.com "-" "Go-http-client/1.1" "-"
182.204.140.0 - - [02/Feb/2024:07:26:15 +0100] "GET /aviso-legal/ HTTP/1.1" 200 141212 cronicareinodearagon.com "-" "Go-http-client/1.1" "-"
39.165.103.0 - - [02/Feb/2024:07:26:15 +0100] "GET /wp-content/themes/jnews/assets/dist/frontend.min.css?ver=10.7.9 HTTP/1.1" 200 598038 cronicareinodearagon.com "-" "Go-http-client/1.1" "-"
42.202.16.0 - - [02/Feb/2024:07:26:15 +0100] "GET /wp-content/themes/jnews/assets/dist/frontend.min.css?ver=10.7.9 HTTP/1.1" 200 598038 cronicareinodearagon.com "-" "Go-http-client/1.1" "-"
182.204.140.0 - - [02/Feb/2024:07:26:15 +0100] "GET /wp-content/plugins/elementor/assets/js/webpack.runtime.min.js?ver=3.15.2 HTTP/1.1" 200 4958 cronicareinodearagon.com "-" "Go-http-client/1.1" "-"
39.165.103.0 - - [02/Feb/2024:07:26:16 +0100] "GET /wp-content/themes/jnews/assets/dist/frontend.min.css?ver=10.7.9 HTTP/1.1" 200 598038 cronicareinodearagon.com "-" "Go-http-client/1.1" "-"
182.204.140.0 - - [02/Feb/2024:07:26:16 +0100] "GET /wp-content/plugins/elementor/assets/js/frontend.min.js?ver=3.15.2 HTTP/1.1" 200 40746 cronicareinodearagon.com "-" "Go-http-client/1.1" "-"
39.165.103.0 - - [02/Feb/2024:07:26:16 +0100] "GET /wp-content/themes/jnews/assets/dist/frontend.min.css?ver=10.7.9 HTTP/1.1" 200 598038 cronicareinodearagon.com "-" "Go-http-client/1.1" "-"
