223.13.185.0 - - [02/Feb/2024:13:14:20 +0100] "GET /aragon/educacion-sexual-edades-tempranas-aragon/ HTTP/1.1" 200 161480 cronicareinodearagon.com "-" "Go-http-client/1.1" "-"
223.13.185.0 - - [02/Feb/2024:13:14:21 +0100] "GET /aragon/aragon-vacunacion-neumococo-junio/ HTTP/1.1" 200 161497 cronicareinodearagon.com "-" "Go-http-client/1.1" "-"
223.13.185.0 - - [02/Feb/2024:13:14:23 +0100] "GET /sociedad/planta-transferencia-residuos-quinto-ecoprovincia-zaragoza/ HTTP/1.1" 200 168365 cronicareinodearagon.com "-" "Go-http-client/1.1" "-"
223.13.185.0 - - [02/Feb/2024:13:14:24 +0100] "GET /wp-includes/js/hoverIntent.min.js?ver=1.10.2 HTTP/1.1" 200 1499 cronicareinodearagon.com "-" "Go-http-client/1.1" "-"
223.13.185.0 - - [02/Feb/2024:13:14:24 +0100] "GET /wp-content/plugins/elementor/assets/js/frontend.min.js?ver=3.15.2 HTTP/1.1" 200 40746 cronicareinodearagon.com "-" "Go-http-client/1.1" "-"
223.13.185.0 - - [02/Feb/2024:13:14:24 +0100] "GET /wp-includes/js/jquery/jquery-migrate.min.js?ver=3.4.0 HTTP/1.1" 200 13424 cronicareinodearagon.com "-" "Go-http-client/1.1" "-"
223.13.185.0 - - [02/Feb/2024:13:14:25 +0100] "GET /america/lula-da-silva-apoyo-vinicius-ataques-racistas/ HTTP/1.1" 200 162337 cronicareinodearagon.com "-" "Go-http-client/1.1" "-"
223.13.185.0 - - [02/Feb/2024:13:14:26 +0100] "GET /aragon/el-gobierno-de-aragon-impulsa-nueve-proyectos-empresariales-de-id-en-sector-farmaceutico-y-movilidad-sostenible/ HTTP/1.1" 200 168226 cronicareinodearagon.com "-" "Go-http-client/1.1" "-"
223.13.185.0 - - [02/Feb/2024:13:14:28 +0100] "GET /wp-content/themes/jnews/assets/dist/frontend.min.css?ver=10.7.9 HTTP/1.1" 200 598038 cronicareinodearagon.com "-" "Go-http-client/1.1" "-"
223.13.185.0 - - [02/Feb/2024:13:14:29 +0100] "GET /wp-content/themes/jnews/assets/css/elementor-frontend.css?ver=10.7.9 HTTP/1.1" 200 681 cronicareinodearagon.com "-" "Go-http-client/1.1" "-"
223.13.185.0 - - [02/Feb/2024:13:14:29 +0100] "GET /wp-content/themes/jnews/style.css?ver=10.7.9 HTTP/1.1" 200 427 cronicareinodearagon.com "-" "Go-http-client/1.1" "-"
42.202.16.0 - - [02/Feb/2024:13:14:29 +0100] "GET / HTTP/1.1" 200 319420 cronicareinodearagon.com "-" "Mozilla/5.0 (Windows NT 5.1) AppleWebKit/537.36 (KHTML, like Gecko) Chrome/41.0.2228.0 Safari/537.36" "-"
223.13.185.0 - - [02/Feb/2024:13:14:29 +0100] "GET /aragon/astic-reconocimiento-carreras-grupo/ HTTP/1.1" 200 158192 cronicareinodearagon.com "-" "Go-http-client/1.1" "-"
42.202.16.0 - - [02/Feb/2024:13:14:30 +0100] "GET /category/opinion/ HTTP/1.1" 200 145109 cronicareinodearagon.com "-" "Go-http-client/1.1" "-"
42.202.16.0 - - [02/Feb/2024:13:14:31 +0100] "GET /category/aragon/zaragoza/ HTTP/1.1" 200 148386 cronicareinodearagon.com "-" "Go-http-client/1.1" "-"
42.202.16.0 - - [02/Feb/2024:13:14:32 +0100] "GET /wp-content/plugins/metronet-profile-picture/dist/blocks.style.build.css?ver=2.6.0 HTTP/1.1" 200 27760 cronicareinodearagon.com "-" "Go-http-client/1.1" "-"
223.13.185.0 - - [02/Feb/2024:13:14:32 +0100] "GET /aragon/nuevo-programa-de-aceleracion-gratuito-para-empresas-innovadoras/ HTTP/1.1" 200 164758 cronicareinodearagon.com "-" "Go-http-client/1.1" "-"
42.202.16.0 - - [02/Feb/2024:13:14:33 +0100] "GET /wp-content/plugins/complianz-gdpr/assets/css/cookieblocker.min.css?ver=6.4.4 HTTP/1.1" 200 2741 cronicareinodearagon.com "-" "Go-http-client/1.1" "-"
42.202.16.0 - - [02/Feb/2024:13:14:34 +0100] "GET /america/el-templo-de-los-mercaderes/ HTTP/1.1" 200 179383 cronicareinodearagon.com "-" "Go-http-client/1.1" "-"
223.13.185.0 - - [02/Feb/2024:13:14:34 +0100] "GET /opinion/la-miseria/ HTTP/1.1" 200 177011 cronicareinodearagon.com "-" "Go-http-client/1.1" "-"
223.13.185.0 - - [02/Feb/2024:13:14:34 +0100] "GET / HTTP/1.1" 200 319420 cronicareinodearagon.com "-" "Go-http-client/1.1" "-"
52.70.240.0 - - [02/Feb/2024:13:14:34 +0100] "GET /wp-content/uploads/2022/01/Moda-andaluza-750x375.jpg HTTP/1.1" 200 69169 cronicareinodearagon.com "-" "Mozilla/5.0 (Macintosh; Intel Mac OS X 10_10_1) AppleWebKit/600.2.5 (KHTML, like Gecko) Version/8.0.2 Safari/600.2.5 (Amazonbot/0.1; +https://developer.amazon.com/support/amazonbot)" "-"
42.202.16.0 - - [02/Feb/2024:13:14:35 +0100] "GET /aragon/el-gobierno-de-aragon-impulsa-nueve-proyectos-empresariales-de-id-en-sector-farmaceutico-y-movilidad-sostenible/ HTTP/1.1" 200 168326 cronicareinodearagon.com "-" "Go-http-client/1.1" "-"
223.13.185.0 - - [02/Feb/2024:13:14:35 +0100] "GET /aragon/segundo-avance-participacion-elecciones-aragon/ HTTP/1.1" 200 166336 cronicareinodearagon.com "-" "Go-http-client/1.1" "-"
42.202.16.0 - - [02/Feb/2024:13:14:36 +0100] "GET /wp-content/themes/jnews/assets/css/elementor-frontend.css?ver=10.7.9 HTTP/1.1" 200 681 cronicareinodearagon.com "-" "Go-http-client/1.1" "-"
42.202.16.0 - - [02/Feb/2024:13:14:36 +0100] "GET /wp-content/themes/jnews/assets/css/darkmode.css?ver=10.7.9 HTTP/1.1" 200 46766 cronicareinodearagon.com "-" "Go-http-client/1.1" "-"
223.13.185.0 - - [02/Feb/2024:13:14:37 +0100] "GET /wp-includes/js/imagesloaded.min.js?ver=4.1.4 HTTP/1.1" 200 5629 cronicareinodearagon.com "-" "Go-http-client/1.1" "-"
42.202.16.0 - - [02/Feb/2024:13:14:37 +0100] "GET /wp-includes/js/jquery/jquery.min.js?ver=3.6.4 HTTP/1.1" 200 89815 cronicareinodearagon.com "-" "Go-http-client/1.1" "-"
223.13.185.0 - - [02/Feb/2024:13:14:37 +0100] "GET /wp-content/plugins/elementor/assets/js/webpack.runtime.min.js?ver=3.15.2 HTTP/1.1" 200 4958 cronicareinodearagon.com "-" "Go-http-client/1.1" "-"
223.13.185.0 - - [02/Feb/2024:13:14:37 +0100] "GET /wp-content/plugins/elementor/assets/js/frontend-modules.min.js?ver=3.15.2 HTTP/1.1" 200 56154 cronicareinodearagon.com "-" "Go-http-client/1.1" "-"
42.202.16.0 - - [02/Feb/2024:13:14:37 +0100] "GET /politica-de-cookies-ue/ HTTP/1.1" 200 156018 cronicareinodearagon.com "-" "Go-http-client/1.1" "-"
223.13.185.0 - - [02/Feb/2024:13:14:38 +0100] "GET /wp-content/uploads/2022/10/CABECERA-CrAra_Escritorio.png HTTP/1.1" 200 4995 cronicareinodearagon.com "-" "Go-http-client/1.1" "-"
223.13.185.0 - - [02/Feb/2024:13:14:38 +0100] "GET /category/opinion/ HTTP/1.1" 200 145109 cronicareinodearagon.com "-" "Go-http-client/1.1" "-"
52.70.240.0 - - [02/Feb/2024:13:14:38 +0100] "GET /wp-content/uploads/2022/01/Moda-andaluza-360x180.jpg HTTP/1.1" 200 21556 cronicareinodearagon.com "-" "Mozilla/5.0 (Macintosh; Intel Mac OS X 10_10_1) AppleWebKit/600.2.5 (KHTML, like Gecko) Version/8.0.2 Safari/600.2.5 (Amazonbot/0.1; +https://developer.amazon.com/support/amazonbot)" "-"
42.202.16.0 - - [02/Feb/2024:13:14:38 +0100] "GET /wp-includes/css/classic-themes.min.css?ver=6.2.2 HTTP/1.1" 200 291 cronicareinodearagon.com "-" "Go-http-client/1.1" "-"
223.13.185.0 - - [02/Feb/2024:13:14:38 +0100] "GET /aragon/el-biogas-como-aliado-en-la-descarbonizacion-tematica-de-jornada-de-itainnova-circe-y-clenar/ HTTP/1.1" 200 165323 cronicareinodearagon.com "-" "Go-http-client/1.1" "-"
42.202.16.0 - - [02/Feb/2024:13:14:39 +0100] "GET /wp-content/themes/jnews/style.css?ver=10.7.9 HTTP/1.1" 200 427 cronicareinodearagon.com "-" "Go-http-client/1.1" "-"
42.202.16.0 - - [02/Feb/2024:13:14:39 +0100] "GET /category/economia/ HTTP/1.1" 200 146955 cronicareinodearagon.com "-" "Go-http-client/1.1" "-"
223.13.185.0 - - [02/Feb/2024:13:14:39 +0100] "GET /wp-includes/css/classic-themes.min.css?ver=6.2.2 HTTP/1.1" 200 291 cronicareinodearagon.com "-" "Go-http-client/1.1" "-"
223.13.185.0 - - [02/Feb/2024:13:14:39 +0100] "GET /wp-content/plugins/complianz-gdpr/assets/css/cookieblocker.min.css?ver=6.4.4 HTTP/1.1" 200 2741 cronicareinodearagon.com "-" "Go-http-client/1.1" "-"
223.13.185.0 - - [02/Feb/2024:13:14:40 +0100] "GET /wp-content/plugins/elementor/assets/lib/eicons/css/elementor-icons.min.css?ver=5.21.0 HTTP/1.1" 200 19488 cronicareinodearagon.com "-" "Go-http-client/1.1" "-"
42.202.16.0 - - [02/Feb/2024:13:14:40 +0100] "GET /wp-content/plugins/metronet-profile-picture/js/mpp-frontend.js?ver=2.6.0 HTTP/1.1" 200 331 cronicareinodearagon.com "-" "Go-http-client/1.1" "-"
223.13.185.0 - - [02/Feb/2024:13:14:40 +0100] "GET /wp-content/themes/jnews/assets/css/darkmode.css?ver=10.7.9 HTTP/1.1" 200 46766 cronicareinodearagon.com "-" "Go-http-client/1.1" "-"
42.202.16.0 - - [02/Feb/2024:13:14:40 +0100] "GET /category/sociedad/ HTTP/1.1" 200 147043 cronicareinodearagon.com "-" "Go-http-client/1.1" "-"
223.13.185.0 - - [02/Feb/2024:13:14:40 +0100] "GET /category/educacion/ HTTP/1.1" 200 146946 cronicareinodearagon.com "-" "Go-http-client/1.1" "-"
223.13.185.0 - - [02/Feb/2024:13:14:41 +0100] "GET /category/economia/ HTTP/1.1" 200 146955 cronicareinodearagon.com "-" "Go-http-client/1.1" "-"
42.202.16.0 - - [02/Feb/2024:13:14:41 +0100] "GET /aragon/nuevo-programa-de-aceleracion-gratuito-para-empresas-innovadoras/ HTTP/1.1" 200 164858 cronicareinodearagon.com "-" "Go-http-client/1.1" "-"
223.13.185.0 - - [02/Feb/2024:13:14:41 +0100] "GET /category/aragon/huesca/ HTTP/1.1" 200 147155 cronicareinodearagon.com "-" "Go-http-client/1.1" "-"
82.165.88.0 - - [02/Feb/2024:13:14:42 +0100] "POST /wp-cron.php?doing_wp_cron=1706876082.2460460662841796875000 HTTP/1.1" 200 - cronicareinodearagon.com "-" "WordPress/6.2.2; https://cronicareinodearagon.com" "-"
42.202.16.0 - - [02/Feb/2024:13:14:42 +0100] "GET /author/redaccion/ HTTP/1.1" 301 - cronicareinodearagon.com "-" "Go-http-client/1.1" "-"
42.202.16.0 - - [02/Feb/2024:13:14:43 +0100] "GET / HTTP/1.1" 200 319420 cronicareinodearagon.com "https://cronicareinodearagon.com/author/redaccion/" "Go-http-client/1.1" "-"
223.13.185.0 - - [02/Feb/2024:13:14:43 +0100] "GET /wp-content/plugins/elementor/assets/css/frontend-lite.min.css?ver=3.15.2 HTTP/1.1" 200 111754 cronicareinodearagon.com "-" "Go-http-client/1.1" "-"
223.13.185.0 - - [02/Feb/2024:13:14:44 +0100] "GET /category/sociedad/ HTTP/1.1" 200 147043 cronicareinodearagon.com "-" "Go-http-client/1.1" "-"
223.13.185.0 - - [02/Feb/2024:13:14:44 +0100] "GET /category/aragon/teruel/ HTTP/1.1" 200 147531 cronicareinodearagon.com "-" "Go-http-client/1.1" "-"
42.202.16.0 - - [02/Feb/2024:13:14:45 +0100] "GET /opinion/la-miseria/ HTTP/1.1" 200 177011 cronicareinodearagon.com "-" "Go-http-client/1.1" "-"
223.13.185.0 - - [02/Feb/2024:13:14:45 +0100] "GET /aragon/resultados-elecciones-autonomicas-municipales-aragon/ HTTP/1.1" 200 169052 cronicareinodearagon.com "-" "Go-http-client/1.1" "-"
42.202.16.0 - - [02/Feb/2024:13:14:47 +0100] "GET /sociedad/planta-transferencia-residuos-quinto-ecoprovincia-zaragoza/ HTTP/1.1" 200 168365 cronicareinodearagon.com "-" "Go-http-client/1.1" "-"
223.13.185.0 - - [02/Feb/2024:13:14:48 +0100] "GET /wp-content/uploads/2022/10/CABECERA-CrAra_MOVIL.png HTTP/1.1" 200 3014 cronicareinodearagon.com "-" "Go-http-client/1.1" "-"
223.13.185.0 - - [02/Feb/2024:13:14:48 +0100] "GET /wp-content/themes/jnews/assets/dist/frontend.min.css?ver=10.7.9 HTTP/1.1" 200 598038 cronicareinodearagon.com "-" "Go-http-client/1.1" "-"
42.202.16.0 - - [02/Feb/2024:13:14:49 +0100] "GET /aviso-legal/ HTTP/1.1" 200 141212 cronicareinodearagon.com "-" "Go-http-client/1.1" "-"
223.13.185.0 - - [02/Feb/2024:13:14:49 +0100] "GET /wp-content/themes/jnews/assets/dist/frontend.min.css?ver=10.7.9 HTTP/1.1" 200 598038 cronicareinodearagon.com "-" "Go-http-client/1.1" "-"
42.202.16.0 - - [02/Feb/2024:13:14:50 +0100] "GET /wp-content/themes/jnews/data/import/newspaper/scheme.css?ver=10.7.9 HTTP/1.1" 200 5700 cronicareinodearagon.com "-" "Go-http-client/1.1" "-"
42.202.16.0 - - [02/Feb/2024:13:14:50 +0100] "GET /category/aragon/ HTTP/1.1" 200 146826 cronicareinodearagon.com "-" "Go-http-client/1.1" "-"
223.13.185.0 - - [02/Feb/2024:13:14:50 +0100] "GET /wp-content/themes/jnews/assets/dist/frontend.min.css?ver=10.7.9 HTTP/1.1" 200 598038 cronicareinodearagon.com "-" "Go-http-client/1.1" "-"
223.13.185.0 - - [02/Feb/2024:13:14:51 +0100] "GET /wp-content/themes/jnews/assets/dist/frontend.min.css?ver=10.7.9 HTTP/1.1" 200 598038 cronicareinodearagon.com "-" "Go-http-client/1.1" "-"
42.202.16.0 - - [02/Feb/2024:13:14:51 +0100] "GET /aragon/avance-participacion-elecciones-aragon/ HTTP/1.1" 200 166813 cronicareinodearagon.com "-" "Go-http-client/1.1" "-"
223.13.185.0 - - [02/Feb/2024:13:14:51 +0100] "GET /wp-content/themes/jnews/assets/dist/frontend.min.css?ver=10.7.9 HTTP/1.1" 200 598038 cronicareinodearagon.com "-" "Go-http-client/1.1" "-"
223.13.185.0 - - [02/Feb/2024:13:14:52 +0100] "GET /wp-content/themes/jnews/assets/dist/frontend.min.css?ver=10.7.9 HTTP/1.1" 200 598038 cronicareinodearagon.com "-" "Go-http-client/1.1" "-"
42.202.16.0 - - [02/Feb/2024:13:14:53 +0100] "GET /wp-content/plugins/elementor/assets/js/webpack.runtime.min.js?ver=3.15.2 HTTP/1.1" 200 4958 cronicareinodearagon.com "-" "Go-http-client/1.1" "-"
42.202.16.0 - - [02/Feb/2024:13:14:53 +0100] "GET /wp-includes/js/jquery/ui/core.min.js?ver=1.13.2 HTTP/1.1" 200 21438 cronicareinodearagon.com "-" "Go-http-client/1.1" "-"
42.202.16.0 - - [02/Feb/2024:13:14:53 +0100] "GET /wp-content/plugins/elementor/assets/lib/swiper/css/swiper.min.css?ver=5.3.6 HTTP/1.1" 200 12876 cronicareinodearagon.com "-" "Go-http-client/1.1" "-"
223.13.185.0 - - [02/Feb/2024:13:14:53 +0100] "GET /wp-content/themes/jnews/assets/dist/frontend.min.css?ver=10.7.9 HTTP/1.1" 200 598038 cronicareinodearagon.com "-" "Go-http-client/1.1" "-"
42.202.16.0 - - [02/Feb/2024:13:14:53 +0100] "GET /wp-includes/js/jquery/jquery-migrate.min.js?ver=3.4.0 HTTP/1.1" 200 13424 cronicareinodearagon.com "-" "Go-http-client/1.1" "-"
42.202.16.0 - - [02/Feb/2024:13:14:54 +0100] "GET /category/educacion/ HTTP/1.1" 200 146946 cronicareinodearagon.com "-" "Go-http-client/1.1" "-"
223.13.185.0 - - [02/Feb/2024:13:14:54 +0100] "GET /wp-content/themes/jnews/assets/dist/frontend.min.css?ver=10.7.9 HTTP/1.1" 200 598038 cronicareinodearagon.com "-" "Go-http-client/1.1" "-"
3.224.220.0 - - [02/Feb/2024:13:14:54 +0100] "GET /wp-content/uploads/2022/07/grupo-socialista-jaen.jpg HTTP/1.1" 200 75962 cronicareinodearagon.com "-" "Mozilla/5.0 (Macintosh; Intel Mac OS X 10_10_1) AppleWebKit/600.2.5 (KHTML, like Gecko) Version/8.0.2 Safari/600.2.5 (Amazonbot/0.1; +https://developer.amazon.com/support/amazonbot)" "-"
42.202.16.0 - - [02/Feb/2024:13:14:54 +0100] "GET /wp-content/plugins/elementor/assets/js/frontend-modules.min.js?ver=3.15.2 HTTP/1.1" 200 56154 cronicareinodearagon.com "-" "Go-http-client/1.1" "-"
223.13.185.0 - - [02/Feb/2024:13:14:55 +0100] "GET /wp-content/themes/jnews/assets/dist/frontend.min.css?ver=10.7.9 HTTP/1.1" 200 598038 cronicareinodearagon.com "-" "Go-http-client/1.1" "-"
42.202.16.0 - - [02/Feb/2024:13:14:56 +0100] "GET /wp-content/plugins/elementor/assets/lib/waypoints/waypoints.min.js?ver=4.0.2 HTTP/1.1" 200 12198 cronicareinodearagon.com "-" "Go-http-client/1.1" "-"
223.13.185.0 - - [02/Feb/2024:13:14:56 +0100] "GET /wp-content/themes/jnews/assets/dist/frontend.min.css?ver=10.7.9 HTTP/1.1" 200 598038 cronicareinodearagon.com "-" "Go-http-client/1.1" "-"
42.202.16.0 - - [02/Feb/2024:13:14:56 +0100] "GET /wp-includes/css/dist/block-library/style.min.css?ver=6.2.2 HTTP/1.1" 200 97517 cronicareinodearagon.com "-" "Go-http-client/1.1" "-"
223.13.185.0 - - [02/Feb/2024:13:14:56 +0100] "GET /wp-content/themes/jnews/assets/dist/frontend.min.css?ver=10.7.9 HTTP/1.1" 200 598038 cronicareinodearagon.com "-" "Go-http-client/1.1" "-"
42.202.16.0 - - [02/Feb/2024:13:14:57 +0100] "GET /wp-content/uploads/2022/10/CABECERA-CrAra_Escritorio.png HTTP/1.1" 200 4995 cronicareinodearagon.com "-" "Go-http-client/1.1" "-"
223.13.185.0 - - [02/Feb/2024:13:14:57 +0100] "GET /wp-content/themes/jnews/assets/dist/frontend.min.css?ver=10.7.9 HTTP/1.1" 200 598038 cronicareinodearagon.com "-" "Go-http-client/1.1" "-"
223.13.185.0 - - [02/Feb/2024:13:14:58 +0100] "GET /wp-content/themes/jnews/assets/dist/frontend.min.css?ver=10.7.9 HTTP/1.1" 200 598038 cronicareinodearagon.com "-" "Go-http-client/1.1" "-"
23.22.35.0 - - [02/Feb/2024:13:14:58 +0100] "GET /wp-content/uploads/2022/01/malagajam.jpg HTTP/1.1" 200 133521 cronicareinodearagon.com "-" "Mozilla/5.0 (Macintosh; Intel Mac OS X 10_10_1) AppleWebKit/600.2.5 (KHTML, like Gecko) Version/8.0.2 Safari/600.2.5 (Amazonbot/0.1; +https://developer.amazon.com/support/amazonbot)" "-"
223.13.185.0 - - [02/Feb/2024:13:14:58 +0100] "GET /wp-content/themes/jnews/assets/dist/frontend.min.css?ver=10.7.9 HTTP/1.1" 200 598038 cronicareinodearagon.com "-" "Go-http-client/1.1" "-"
42.202.16.0 - - [02/Feb/2024:13:14:59 +0100] "GET /aragon/astic-reconocimiento-carreras-grupo/ HTTP/1.1" 200 158292 cronicareinodearagon.com "-" "Go-http-client/1.1" "-"
223.13.185.0 - - [02/Feb/2024:13:14:59 +0100] "GET /wp-content/themes/jnews/assets/dist/frontend.min.css?ver=10.7.9 HTTP/1.1" 200 598038 cronicareinodearagon.com "-" "Go-http-client/1.1" "-"
42.202.16.0 - - [02/Feb/2024:13:15:00 +0100] "GET /wp-content/themes/jnews/assets/img/jeg-empty.png HTTP/1.1" 200 70 cronicareinodearagon.com "-" "Go-http-client/1.1" "-"
223.13.185.0 - - [02/Feb/2024:13:15:00 +0100] "GET /wp-content/themes/jnews/assets/dist/frontend.min.css?ver=10.7.9 HTTP/1.1" 200 598038 cronicareinodearagon.com "-" "Go-http-client/1.1" "-"
42.202.16.0 - - [02/Feb/2024:13:15:00 +0100] "GET /aragon/aragon-vacunacion-neumococo-junio/ HTTP/1.1" 200 161597 cronicareinodearagon.com "-" "Go-http-client/1.1" "-"
52.70.240.0 - - [02/Feb/2024:13:15:02 +0100] "GET /wp-content/uploads/2023/05/oficina-empleo-aragon.jpg HTTP/1.1" 200 438221 cronicareinodearagon.com "-" "Mozilla/5.0 (Macintosh; Intel Mac OS X 10_10_1) AppleWebKit/600.2.5 (KHTML, like Gecko) Version/8.0.2 Safari/600.2.5 (Amazonbot/0.1; +https://developer.amazon.com/support/amazonbot)" "-"
52.70.240.0 - - [02/Feb/2024:13:15:14 +0100] "GET /wp-content/uploads/2023/05/gastro-aragon-750x375.jpg HTTP/1.1" 200 45104 cronicareinodearagon.com "-" "Mozilla/5.0 (Macintosh; Intel Mac OS X 10_10_1) AppleWebKit/600.2.5 (KHTML, like Gecko) Version/8.0.2 Safari/600.2.5 (Amazonbot/0.1; +https://developer.amazon.com/support/amazonbot)" "-"
66.249.84.0 - - [02/Feb/2024:13:15:29 +0100] "GET /category/sociedad/feed/ HTTP/1.1" 200 16233 cronicareinodearagon.com "-" "FeedFetcher-Google; (+http://www.google.com/feedfetcher.html)" "-"
52.70.240.0 - - [02/Feb/2024:13:15:34 +0100] "GET /wp-content/uploads/2023/05/gastro-aragon-360x180.jpg HTTP/1.1" 200 14383 cronicareinodearagon.com "-" "Mozilla/5.0 (Macintosh; Intel Mac OS X 10_10_1) AppleWebKit/600.2.5 (KHTML, like Gecko) Version/8.0.2 Safari/600.2.5 (Amazonbot/0.1; +https://developer.amazon.com/support/amazonbot)" "-"
52.70.240.0 - - [02/Feb/2024:13:15:54 +0100] "GET /wp-content/uploads/2023/05/ugt-aragon-propuestas.jpg HTTP/1.1" 200 44207 cronicareinodearagon.com "-" "Mozilla/5.0 (Macintosh; Intel Mac OS X 10_10_1) AppleWebKit/600.2.5 (KHTML, like Gecko) Version/8.0.2 Safari/600.2.5 (Amazonbot/0.1; +https://developer.amazon.com/support/amazonbot)" "-"
66.249.84.0 - - [02/Feb/2024:13:16:08 +0100] "GET /category/educacion/feed/ HTTP/1.1" 200 16487 cronicareinodearagon.com "-" "FeedFetcher-Google; (+http://www.google.com/feedfetcher.html)" "-"
82.165.88.0 - - [02/Feb/2024:13:16:09 +0100] "POST /wp-cron.php?doing_wp_cron=1706876169.1671750545501708984375 HTTP/1.1" 200 - cronicareinodearagon.com "-" "WordPress/6.2.2; https://cronicareinodearagon.com" "-"
3.224.220.0 - - [02/Feb/2024:13:16:26 +0100] "GET /wp-content/uploads/2021/11/Irene-Montero-750x375.jpg HTTP/1.1" 200 42273 cronicareinodearagon.com "-" "Mozilla/5.0 (Macintosh; Intel Mac OS X 10_10_1) AppleWebKit/600.2.5 (KHTML, like Gecko) Version/8.0.2 Safari/600.2.5 (Amazonbot/0.1; +https://developer.amazon.com/support/amazonbot)" "-"
52.70.240.0 - - [02/Feb/2024:13:16:42 +0100] "GET /wp-content/uploads/2021/11/Irene-Montero-360x180.jpg HTTP/1.1" 200 15068 cronicareinodearagon.com "-" "Mozilla/5.0 (Macintosh; Intel Mac OS X 10_10_1) AppleWebKit/600.2.5 (KHTML, like Gecko) Version/8.0.2 Safari/600.2.5 (Amazonbot/0.1; +https://developer.amazon.com/support/amazonbot)" "-"
3.224.220.0 - - [02/Feb/2024:13:16:54 +0100] "GET /wp-content/uploads/2022/06/MORENO-FERRER-750x375.jpg HTTP/1.1" 200 41296 cronicareinodearagon.com "-" "Mozilla/5.0 (Macintosh; Intel Mac OS X 10_10_1) AppleWebKit/600.2.5 (KHTML, like Gecko) Version/8.0.2 Safari/600.2.5 (Amazonbot/0.1; +https://developer.amazon.com/support/amazonbot)" "-"
23.22.35.0 - - [02/Feb/2024:13:16:58 +0100] "GET /wp-content/uploads/2022/06/MORENO-FERRER-360x180.jpg HTTP/1.1" 200 12980 cronicareinodearagon.com "-" "Mozilla/5.0 (Macintosh; Intel Mac OS X 10_10_1) AppleWebKit/600.2.5 (KHTML, like Gecko) Version/8.0.2 Safari/600.2.5 (Amazonbot/0.1; +https://developer.amazon.com/support/amazonbot)" "-"
3.224.220.0 - - [02/Feb/2024:13:17:06 +0100] "GET /wp-content/uploads/2021/12/sanitaria.jpg HTTP/1.1" 200 83926 cronicareinodearagon.com "-" "Mozilla/5.0 (Macintosh; Intel Mac OS X 10_10_1) AppleWebKit/600.2.5 (KHTML, like Gecko) Version/8.0.2 Safari/600.2.5 (Amazonbot/0.1; +https://developer.amazon.com/support/amazonbot)" "-"
23.22.35.0 - - [02/Feb/2024:13:17:14 +0100] "GET /wp-content/uploads/2021/12/malaga_42.jpg HTTP/1.1" 200 59215 cronicareinodearagon.com "-" "Mozilla/5.0 (Macintosh; Intel Mac OS X 10_10_1) AppleWebKit/600.2.5 (KHTML, like Gecko) Version/8.0.2 Safari/600.2.5 (Amazonbot/0.1; +https://developer.amazon.com/support/amazonbot)" "-"
23.22.35.0 - - [02/Feb/2024:13:17:18 +0100] "GET /wp-content/uploads/2022/09/joven-trafico-sevilla.jpg HTTP/1.1" 200 67453 cronicareinodearagon.com "-" "Mozilla/5.0 (Macintosh; Intel Mac OS X 10_10_1) AppleWebKit/600.2.5 (KHTML, like Gecko) Version/8.0.2 Safari/600.2.5 (Amazonbot/0.1; +https://developer.amazon.com/support/amazonbot)" "-"
23.22.35.0 - - [02/Feb/2024:13:17:23 +0100] "GET /wp-content/uploads/2022/09/catedral-jaen-750x375.jpg HTTP/1.1" 200 69176 cronicareinodearagon.com "-" "Mozilla/5.0 (Macintosh; Intel Mac OS X 10_10_1) AppleWebKit/600.2.5 (KHTML, like Gecko) Version/8.0.2 Safari/600.2.5 (Amazonbot/0.1; +https://developer.amazon.com/support/amazonbot)" "-"
23.22.35.0 - - [02/Feb/2024:13:17:26 +0100] "GET /wp-content/uploads/2022/09/catedral-jaen-360x180.jpg HTTP/1.1" 200 21238 cronicareinodearagon.com "-" "Mozilla/5.0 (Macintosh; Intel Mac OS X 10_10_1) AppleWebKit/600.2.5 (KHTML, like Gecko) Version/8.0.2 Safari/600.2.5 (Amazonbot/0.1; +https://developer.amazon.com/support/amazonbot)" "-"
3.224.220.0 - - [02/Feb/2024:13:17:30 +0100] "GET /wp-content/uploads/2022/08/ferriz-psoe-a-750x375.jpg HTTP/1.1" 200 47097 cronicareinodearagon.com "-" "Mozilla/5.0 (Macintosh; Intel Mac OS X 10_10_1) AppleWebKit/600.2.5 (KHTML, like Gecko) Version/8.0.2 Safari/600.2.5 (Amazonbot/0.1; +https://developer.amazon.com/support/amazonbot)" "-"
52.70.240.0 - - [02/Feb/2024:13:17:42 +0100] "GET /wp-content/uploads/2022/08/ferriz-psoe-a-360x180.jpg HTTP/1.1" 200 16105 cronicareinodearagon.com "-" "Mozilla/5.0 (Macintosh; Intel Mac OS X 10_10_1) AppleWebKit/600.2.5 (KHTML, like Gecko) Version/8.0.2 Safari/600.2.5 (Amazonbot/0.1; +https://developer.amazon.com/support/amazonbot)" "-"
52.70.240.0 - - [02/Feb/2024:13:17:50 +0100] "GET /wp-content/uploads/2022/07/dos-hermanas-360x180.jpeg HTTP/1.1" 200 22276 cronicareinodearagon.com "-" "Mozilla/5.0 (Macintosh; Intel Mac OS X 10_10_1) AppleWebKit/600.2.5 (KHTML, like Gecko) Version/8.0.2 Safari/600.2.5 (Amazonbot/0.1; +https://developer.amazon.com/support/amazonbot)" "-"
3.224.220.0 - - [02/Feb/2024:13:17:54 +0100] "GET /wp-content/uploads/2022/07/dos-hermanas-750x375.jpeg HTTP/1.1" 200 70301 cronicareinodearagon.com "-" "Mozilla/5.0 (Macintosh; Intel Mac OS X 10_10_1) AppleWebKit/600.2.5 (KHTML, like Gecko) Version/8.0.2 Safari/600.2.5 (Amazonbot/0.1; +https://developer.amazon.com/support/amazonbot)" "-"
3.224.220.0 - - [02/Feb/2024:13:18:02 +0100] "GET /wp-content/uploads/2022/02/dipucadiz.jpg HTTP/1.1" 200 109426 cronicareinodearagon.com "-" "Mozilla/5.0 (Macintosh; Intel Mac OS X 10_10_1) AppleWebKit/600.2.5 (KHTML, like Gecko) Version/8.0.2 Safari/600.2.5 (Amazonbot/0.1; +https://developer.amazon.com/support/amazonbot)" "-"
23.22.35.0 - - [02/Feb/2024:13:18:14 +0100] "GET /wp-content/uploads/2022/06/carolinamarin-360x180.jpg HTTP/1.1" 200 14468 cronicareinodearagon.com "-" "Mozilla/5.0 (Macintosh; Intel Mac OS X 10_10_1) AppleWebKit/600.2.5 (KHTML, like Gecko) Version/8.0.2 Safari/600.2.5 (Amazonbot/0.1; +https://developer.amazon.com/support/amazonbot)" "-"
23.22.35.0 - - [02/Feb/2024:13:18:18 +0100] "GET /wp-content/uploads/2022/06/carolinamarin-750x375.jpg HTTP/1.1" 200 43304 cronicareinodearagon.com "-" "Mozilla/5.0 (Macintosh; Intel Mac OS X 10_10_1) AppleWebKit/600.2.5 (KHTML, like Gecko) Version/8.0.2 Safari/600.2.5 (Amazonbot/0.1; +https://developer.amazon.com/support/amazonbot)" "-"
3.224.220.0 - - [02/Feb/2024:13:18:22 +0100] "GET /wp-content/uploads/2022/05/criptomonedas-almeria.jpg HTTP/1.1" 200 104840 cronicareinodearagon.com "-" "Mozilla/5.0 (Macintosh; Intel Mac OS X 10_10_1) AppleWebKit/600.2.5 (KHTML, like Gecko) Version/8.0.2 Safari/600.2.5 (Amazonbot/0.1; +https://developer.amazon.com/support/amazonbot)" "-"
23.22.35.0 - - [02/Feb/2024:13:18:26 +0100] "GET /wp-content/uploads/2022/03/riada-setenil-bodegas.jpg HTTP/1.1" 200 108013 cronicareinodearagon.com "-" "Mozilla/5.0 (Macintosh; Intel Mac OS X 10_10_1) AppleWebKit/600.2.5 (KHTML, like Gecko) Version/8.0.2 Safari/600.2.5 (Amazonbot/0.1; +https://developer.amazon.com/support/amazonbot)" "-"
52.70.240.0 - - [02/Feb/2024:13:18:30 +0100] "GET /wp-content/uploads/2023/05/forestalia-renovables.jpg HTTP/1.1" 200 346479 cronicareinodearagon.com "-" "Mozilla/5.0 (Macintosh; Intel Mac OS X 10_10_1) AppleWebKit/600.2.5 (KHTML, like Gecko) Version/8.0.2 Safari/600.2.5 (Amazonbot/0.1; +https://developer.amazon.com/support/amazonbot)" "-"
23.22.35.0 - - [02/Feb/2024:13:18:34 +0100] "GET /wp-content/uploads/2022/09/Ana-Maria-Romero-PSOE.jpg HTTP/1.1" 200 85638 cronicareinodearagon.com "-" "Mozilla/5.0 (Macintosh; Intel Mac OS X 10_10_1) AppleWebKit/600.2.5 (KHTML, like Gecko) Version/8.0.2 Safari/600.2.5 (Amazonbot/0.1; +https://developer.amazon.com/support/amazonbot)" "-"
3.224.220.0 - - [02/Feb/2024:13:18:42 +0100] "GET /wp-content/uploads/2022/03/cruz_roja.jpg HTTP/1.1" 200 97235 cronicareinodearagon.com "-" "Mozilla/5.0 (Macintosh; Intel Mac OS X 10_10_1) AppleWebKit/600.2.5 (KHTML, like Gecko) Version/8.0.2 Safari/600.2.5 (Amazonbot/0.1; +https://developer.amazon.com/support/amazonbot)" "-"
52.70.240.0 - - [02/Feb/2024:13:18:50 +0100] "GET /wp-content/uploads/2022/03/oposicion.jpg HTTP/1.1" 200 327438 cronicareinodearagon.com "-" "Mozilla/5.0 (Macintosh; Intel Mac OS X 10_10_1) AppleWebKit/600.2.5 (KHTML, like Gecko) Version/8.0.2 Safari/600.2.5 (Amazonbot/0.1; +https://developer.amazon.com/support/amazonbot)" "-"
3.224.220.0 - - [02/Feb/2024:13:18:55 +0100] "GET /wp-content/uploads/2022/01/Santos-Cerdan-360x180.jpg HTTP/1.1" 200 14828 cronicareinodearagon.com "-" "Mozilla/5.0 (Macintosh; Intel Mac OS X 10_10_1) AppleWebKit/600.2.5 (KHTML, like Gecko) Version/8.0.2 Safari/600.2.5 (Amazonbot/0.1; +https://developer.amazon.com/support/amazonbot)" "-"
23.22.35.0 - - [02/Feb/2024:13:18:58 +0100] "GET /wp-content/uploads/2022/01/Santos-Cerdan-750x375.jpg HTTP/1.1" 200 41294 cronicareinodearagon.com "-" "Mozilla/5.0 (Macintosh; Intel Mac OS X 10_10_1) AppleWebKit/600.2.5 (KHTML, like Gecko) Version/8.0.2 Safari/600.2.5 (Amazonbot/0.1; +https://developer.amazon.com/support/amazonbot)" "-"
3.224.220.0 - - [02/Feb/2024:13:19:02 +0100] "GET /wp-content/uploads/2022/02/comision-femp-360x180.jpg HTTP/1.1" 200 24167 cronicareinodearagon.com "-" "Mozilla/5.0 (Macintosh; Intel Mac OS X 10_10_1) AppleWebKit/600.2.5 (KHTML, like Gecko) Version/8.0.2 Safari/600.2.5 (Amazonbot/0.1; +https://developer.amazon.com/support/amazonbot)" "-"
3.224.220.0 - - [02/Feb/2024:13:19:06 +0100] "GET /wp-content/uploads/2022/02/comision-femp-750x375.jpg HTTP/1.1" 200 78798 cronicareinodearagon.com "-" "Mozilla/5.0 (Macintosh; Intel Mac OS X 10_10_1) AppleWebKit/600.2.5 (KHTML, like Gecko) Version/8.0.2 Safari/600.2.5 (Amazonbot/0.1; +https://developer.amazon.com/support/amazonbot)" "-"
3.224.220.0 - - [02/Feb/2024:13:19:10 +0100] "GET /wp-content/uploads/2022/06/achucarro.jpg HTTP/1.1" 200 54974 cronicareinodearagon.com "-" "Mozilla/5.0 (Macintosh; Intel Mac OS X 10_10_1) AppleWebKit/600.2.5 (KHTML, like Gecko) Version/8.0.2 Safari/600.2.5 (Amazonbot/0.1; +https://developer.amazon.com/support/amazonbot)" "-"
52.70.240.0 - - [02/Feb/2024:13:19:14 +0100] "GET /wp-content/uploads/2022/03/exportaciones-750x375.jpg HTTP/1.1" 200 51707 cronicareinodearagon.com "-" "Mozilla/5.0 (Macintosh; Intel Mac OS X 10_10_1) AppleWebKit/600.2.5 (KHTML, like Gecko) Version/8.0.2 Safari/600.2.5 (Amazonbot/0.1; +https://developer.amazon.com/support/amazonbot)" "-"
52.70.240.0 - - [02/Feb/2024:13:19:18 +0100] "GET /wp-content/uploads/2022/03/exportaciones-360x180.jpg HTTP/1.1" 200 16102 cronicareinodearagon.com "-" "Mozilla/5.0 (Macintosh; Intel Mac OS X 10_10_1) AppleWebKit/600.2.5 (KHTML, like Gecko) Version/8.0.2 Safari/600.2.5 (Amazonbot/0.1; +https://developer.amazon.com/support/amazonbot)" "-"
23.22.35.0 - - [02/Feb/2024:13:19:22 +0100] "GET /wp-content/uploads/2022/02/armas_granada-360x180.jpg HTTP/1.1" 200 12261 cronicareinodearagon.com "-" "Mozilla/5.0 (Macintosh; Intel Mac OS X 10_10_1) AppleWebKit/600.2.5 (KHTML, like Gecko) Version/8.0.2 Safari/600.2.5 (Amazonbot/0.1; +https://developer.amazon.com/support/amazonbot)" "-"
23.22.35.0 - - [02/Feb/2024:13:19:26 +0100] "GET /wp-content/uploads/2022/02/armas_granada-750x375.jpg HTTP/1.1" 200 31699 cronicareinodearagon.com "-" "Mozilla/5.0 (Macintosh; Intel Mac OS X 10_10_1) AppleWebKit/600.2.5 (KHTML, like Gecko) Version/8.0.2 Safari/600.2.5 (Amazonbot/0.1; +https://developer.amazon.com/support/amazonbot)" "-"
3.224.220.0 - - [02/Feb/2024:13:19:31 +0100] "GET /wp-content/uploads/2021/12/juan-marin-ciudadanos.jpg HTTP/1.1" 200 59627 cronicareinodearagon.com "-" "Mozilla/5.0 (Macintosh; Intel Mac OS X 10_10_1) AppleWebKit/600.2.5 (KHTML, like Gecko) Version/8.0.2 Safari/600.2.5 (Amazonbot/0.1; +https://developer.amazon.com/support/amazonbot)" "-"
52.70.240.0 - - [02/Feb/2024:13:19:34 +0100] "GET /wp-content/uploads/2022/08/internet_.jpg HTTP/1.1" 200 29103 cronicareinodearagon.com "-" "Mozilla/5.0 (Macintosh; Intel Mac OS X 10_10_1) AppleWebKit/600.2.5 (KHTML, like Gecko) Version/8.0.2 Safari/600.2.5 (Amazonbot/0.1; +https://developer.amazon.com/support/amazonbot)" "-"
52.70.240.0 - - [02/Feb/2024:13:19:38 +0100] "GET /wp-content/uploads/2021/11/accidente-a-49-huelva.jpg HTTP/1.1" 200 104715 cronicareinodearagon.com "-" "Mozilla/5.0 (Macintosh; Intel Mac OS X 10_10_1) AppleWebKit/600.2.5 (KHTML, like Gecko) Version/8.0.2 Safari/600.2.5 (Amazonbot/0.1; +https://developer.amazon.com/support/amazonbot)" "-"
23.22.35.0 - - [02/Feb/2024:13:19:42 +0100] "GET /wp-content/uploads/2022/02/comedores.jpg HTTP/1.1" 200 282450 cronicareinodearagon.com "-" "Mozilla/5.0 (Macintosh; Intel Mac OS X 10_10_1) AppleWebKit/600.2.5 (KHTML, like Gecko) Version/8.0.2 Safari/600.2.5 (Amazonbot/0.1; +https://developer.amazon.com/support/amazonbot)" "-"
3.224.220.0 - - [02/Feb/2024:13:19:46 +0100] "GET /wp-content/uploads/2022/02/Manifestacion-sanidad.jpg HTTP/1.1" 200 162576 cronicareinodearagon.com "-" "Mozilla/5.0 (Macintosh; Intel Mac OS X 10_10_1) AppleWebKit/600.2.5 (KHTML, like Gecko) Version/8.0.2 Safari/600.2.5 (Amazonbot/0.1; +https://developer.amazon.com/support/amazonbot)" "-"
3.224.220.0 - - [02/Feb/2024:13:19:50 +0100] "GET /wp-content/uploads/2022/02/hospital_jaen-750x375.jpg HTTP/1.1" 200 75828 cronicareinodearagon.com "-" "Mozilla/5.0 (Macintosh; Intel Mac OS X 10_10_1) AppleWebKit/600.2.5 (KHTML, like Gecko) Version/8.0.2 Safari/600.2.5 (Amazonbot/0.1; +https://developer.amazon.com/support/amazonbot)" "-"
52.70.240.0 - - [02/Feb/2024:13:19:54 +0100] "GET /wp-content/uploads/2022/02/hospital_jaen-360x180.jpg HTTP/1.1" 200 22768 cronicareinodearagon.com "-" "Mozilla/5.0 (Macintosh; Intel Mac OS X 10_10_1) AppleWebKit/600.2.5 (KHTML, like Gecko) Version/8.0.2 Safari/600.2.5 (Amazonbot/0.1; +https://developer.amazon.com/support/amazonbot)" "-"
3.224.220.0 - - [02/Feb/2024:13:19:58 +0100] "GET /wp-content/uploads/2023/05/huesca-sequia-750x375.jpg HTTP/1.1" 200 62841 cronicareinodearagon.com "-" "Mozilla/5.0 (Macintosh; Intel Mac OS X 10_10_1) AppleWebKit/600.2.5 (KHTML, like Gecko) Version/8.0.2 Safari/600.2.5 (Amazonbot/0.1; +https://developer.amazon.com/support/amazonbot)" "-"
52.70.240.0 - - [02/Feb/2024:13:20:02 +0100] "GET /wp-content/uploads/2023/05/huesca-sequia-360x180.jpg HTTP/1.1" 200 18487 cronicareinodearagon.com "-" "Mozilla/5.0 (Macintosh; Intel Mac OS X 10_10_1) AppleWebKit/600.2.5 (KHTML, like Gecko) Version/8.0.2 Safari/600.2.5 (Amazonbot/0.1; +https://developer.amazon.com/support/amazonbot)" "-"
23.22.35.0 - - [02/Feb/2024:13:20:06 +0100] "GET /wp-content/uploads/2023/05/aratur-turismo-aragon.jpg HTTP/1.1" 200 473651 cronicareinodearagon.com "-" "Mozilla/5.0 (Macintosh; Intel Mac OS X 10_10_1) AppleWebKit/600.2.5 (KHTML, like Gecko) Version/8.0.2 Safari/600.2.5 (Amazonbot/0.1; +https://developer.amazon.com/support/amazonbot)" "-"
52.70.240.0 - - [02/Feb/2024:13:20:10 +0100] "GET /wp-content/uploads/2022/08/transportes-andalucia.jpg HTTP/1.1" 200 83226 cronicareinodearagon.com "-" "Mozilla/5.0 (Macintosh; Intel Mac OS X 10_10_1) AppleWebKit/600.2.5 (KHTML, like Gecko) Version/8.0.2 Safari/600.2.5 (Amazonbot/0.1; +https://developer.amazon.com/support/amazonbot)" "-"
52.70.240.0 - - [02/Feb/2024:13:20:14 +0100] "GET /wp-content/uploads/2023/05/conjura-necios-120x86.jpg HTTP/1.1" 200 2054 cronicareinodearagon.com "-" "Mozilla/5.0 (Macintosh; Intel Mac OS X 10_10_1) AppleWebKit/600.2.5 (KHTML, like Gecko) Version/8.0.2 Safari/600.2.5 (Amazonbot/0.1; +https://developer.amazon.com/support/amazonbot)" "-"
52.70.240.0 - - [02/Feb/2024:13:20:18 +0100] "GET /wp-content/uploads/2022/05/lastra_malaga-750x375.jpg HTTP/1.1" 200 58253 cronicareinodearagon.com "-" "Mozilla/5.0 (Macintosh; Intel Mac OS X 10_10_1) AppleWebKit/600.2.5 (KHTML, like Gecko) Version/8.0.2 Safari/600.2.5 (Amazonbot/0.1; +https://developer.amazon.com/support/amazonbot)" "-"
23.22.35.0 - - [02/Feb/2024:13:20:22 +0100] "GET /wp-content/uploads/2022/05/lastra_malaga-360x180.jpg HTTP/1.1" 200 18038 cronicareinodearagon.com "-" "Mozilla/5.0 (Macintosh; Intel Mac OS X 10_10_1) AppleWebKit/600.2.5 (KHTML, like Gecko) Version/8.0.2 Safari/600.2.5 (Amazonbot/0.1; +https://developer.amazon.com/support/amazonbot)" "-"
23.22.35.0 - - [02/Feb/2024:13:20:26 +0100] "GET /wp-content/uploads/2022/05/jaenseleccion-750x375.jpg HTTP/1.1" 200 65338 cronicareinodearagon.com "-" "Mozilla/5.0 (Macintosh; Intel Mac OS X 10_10_1) AppleWebKit/600.2.5 (KHTML, like Gecko) Version/8.0.2 Safari/600.2.5 (Amazonbot/0.1; +https://developer.amazon.com/support/amazonbot)" "-"
3.224.220.0 - - [02/Feb/2024:13:20:30 +0100] "GET /wp-content/uploads/2022/05/jaenseleccion-360x180.jpg HTTP/1.1" 200 21052 cronicareinodearagon.com "-" "Mozilla/5.0 (Macintosh; Intel Mac OS X 10_10_1) AppleWebKit/600.2.5 (KHTML, like Gecko) Version/8.0.2 Safari/600.2.5 (Amazonbot/0.1; +https://developer.amazon.com/support/amazonbot)" "-"
3.224.220.0 - - [02/Feb/2024:13:20:34 +0100] "GET /wp-content/uploads/2022/05/chg_pleno.jpg HTTP/1.1" 200 111539 cronicareinodearagon.com "-" "Mozilla/5.0 (Macintosh; Intel Mac OS X 10_10_1) AppleWebKit/600.2.5 (KHTML, like Gecko) Version/8.0.2 Safari/600.2.5 (Amazonbot/0.1; +https://developer.amazon.com/support/amazonbot)" "-"
52.70.240.0 - - [02/Feb/2024:13:20:38 +0100] "GET /aragon/aragon-vacunacion-neumococo-junio/feed/ HTTP/1.1" 200 943 cronicareinodearagon.com "-" "Mozilla/5.0 (Macintosh; Intel Mac OS X 10_10_1) AppleWebKit/600.2.5 (KHTML, like Gecko) Version/8.0.2 Safari/600.2.5 (Amazonbot/0.1; +https://developer.amazon.com/support/amazonbot)" "-"
82.165.88.0 - - [02/Feb/2024:13:20:39 +0100] "POST /wp-cron.php?doing_wp_cron=1706876439.0254349708557128906250 HTTP/1.1" 200 - cronicareinodearagon.com "-" "WordPress/6.2.2; https://cronicareinodearagon.com" "-"
52.70.240.0 - - [02/Feb/2024:13:20:42 +0100] "GET /politica/partido-aragonez-mitin-zaragoza/feed/ HTTP/1.1" 200 955 cronicareinodearagon.com "-" "Mozilla/5.0 (Macintosh; Intel Mac OS X 10_10_1) AppleWebKit/600.2.5 (KHTML, like Gecko) Version/8.0.2 Safari/600.2.5 (Amazonbot/0.1; +https://developer.amazon.com/support/amazonbot)" "-"
82.165.88.0 - - [02/Feb/2024:13:20:43 +0100] "POST /wp-cron.php?doing_wp_cron=1706876443.2023200988769531250000 HTTP/1.1" 200 - cronicareinodearagon.com "-" "WordPress/6.2.2; https://cronicareinodearagon.com" "-"
23.22.35.0 - - [02/Feb/2024:13:20:46 +0100] "GET /aragon/lamban-cuarte-huerva-acto-campana/feed/ HTTP/1.1" 200 973 cronicareinodearagon.com "-" "Mozilla/5.0 (Macintosh; Intel Mac OS X 10_10_1) AppleWebKit/600.2.5 (KHTML, like Gecko) Version/8.0.2 Safari/600.2.5 (Amazonbot/0.1; +https://developer.amazon.com/support/amazonbot)" "-"
52.70.240.0 - - [02/Feb/2024:13:20:50 +0100] "GET /aragon/lamban-aragon-aval-vivienda-joven/feed/ HTTP/1.1" 200 977 cronicareinodearagon.com "-" "Mozilla/5.0 (Macintosh; Intel Mac OS X 10_10_1) AppleWebKit/600.2.5 (KHTML, like Gecko) Version/8.0.2 Safari/600.2.5 (Amazonbot/0.1; +https://developer.amazon.com/support/amazonbot)" "-"
23.22.35.0 - - [02/Feb/2024:13:20:54 +0100] "GET /sociedad/ecoprovincia-reciclaje-zaragoza/feed/ HTTP/1.1" 200 945 cronicareinodearagon.com "-" "Mozilla/5.0 (Macintosh; Intel Mac OS X 10_10_1) AppleWebKit/600.2.5 (KHTML, like Gecko) Version/8.0.2 Safari/600.2.5 (Amazonbot/0.1; +https://developer.amazon.com/support/amazonbot)" "-"
52.70.240.0 - - [02/Feb/2024:13:20:58 +0100] "GET /wp-content/uploads/2023/05/ecoprovincia-zaragoza.jpg HTTP/1.1" 200 280436 cronicareinodearagon.com "-" "Mozilla/5.0 (Macintosh; Intel Mac OS X 10_10_1) AppleWebKit/600.2.5 (KHTML, like Gecko) Version/8.0.2 Safari/600.2.5 (Amazonbot/0.1; +https://developer.amazon.com/support/amazonbot)" "-"
3.224.220.0 - - [02/Feb/2024:13:21:02 +0100] "GET /aragon/fondo-social-andalucia-incremento/feed/ HTTP/1.1" 200 981 cronicareinodearagon.com "-" "Mozilla/5.0 (Macintosh; Intel Mac OS X 10_10_1) AppleWebKit/600.2.5 (KHTML, like Gecko) Version/8.0.2 Safari/600.2.5 (Amazonbot/0.1; +https://developer.amazon.com/support/amazonbot)" "-"
3.224.220.0 - - [02/Feb/2024:13:21:06 +0100] "GET /economia/consejo-turismo-fondos-europeos/feed/ HTTP/1.1" 200 978 cronicareinodearagon.com "-" "Mozilla/5.0 (Macintosh; Intel Mac OS X 10_10_1) AppleWebKit/600.2.5 (KHTML, like Gecko) Version/8.0.2 Safari/600.2.5 (Amazonbot/0.1; +https://developer.amazon.com/support/amazonbot)" "-"
23.22.35.0 - - [02/Feb/2024:13:21:10 +0100] "GET /aragon/csif-voluntad-dialogo-gerente-sas/feed/ HTTP/1.1" 200 953 cronicareinodearagon.com "-" "Mozilla/5.0 (Macintosh; Intel Mac OS X 10_10_1) AppleWebKit/600.2.5 (KHTML, like Gecko) Version/8.0.2 Safari/600.2.5 (Amazonbot/0.1; +https://developer.amazon.com/support/amazonbot)" "-"
3.224.220.0 - - [02/Feb/2024:13:21:14 +0100] "GET /wp-content/uploads/2022/08/fonendoscopio-750x375.jpg HTTP/1.1" 200 39183 cronicareinodearagon.com "-" "Mozilla/5.0 (Macintosh; Intel Mac OS X 10_10_1) AppleWebKit/600.2.5 (KHTML, like Gecko) Version/8.0.2 Safari/600.2.5 (Amazonbot/0.1; +https://developer.amazon.com/support/amazonbot)" "-"
52.70.240.0 - - [02/Feb/2024:13:21:18 +0100] "GET /wp-content/uploads/2022/08/fonendoscopio-360x180.jpg HTTP/1.1" 200 13045 cronicareinodearagon.com "-" "Mozilla/5.0 (Macintosh; Intel Mac OS X 10_10_1) AppleWebKit/600.2.5 (KHTML, like Gecko) Version/8.0.2 Safari/600.2.5 (Amazonbot/0.1; +https://developer.amazon.com/support/amazonbot)" "-"
3.224.220.0 - - [02/Feb/2024:13:21:22 +0100] "GET /aragon/tripulantes-cabina-ryanair-huelga/feed/ HTTP/1.1" 200 949 cronicareinodearagon.com "-" "Mozilla/5.0 (Macintosh; Intel Mac OS X 10_10_1) AppleWebKit/600.2.5 (KHTML, like Gecko) Version/8.0.2 Safari/600.2.5 (Amazonbot/0.1; +https://developer.amazon.com/support/amazonbot)" "-"
66.249.84.0 - - [02/Feb/2024:13:21:23 +0100] "GET /category/sociedad/feed/ HTTP/1.1" 200 16233 cronicareinodearagon.com "-" "FeedFetcher-Google; (+http://www.google.com/feedfetcher.html)" "-"
23.22.35.0 - - [02/Feb/2024:13:21:26 +0100] "GET /aragon/turismo-verano-sube-15-por-ciento/feed/ HTTP/1.1" 200 928 cronicareinodearagon.com "-" "Mozilla/5.0 (Macintosh; Intel Mac OS X 10_10_1) AppleWebKit/600.2.5 (KHTML, like Gecko) Version/8.0.2 Safari/600.2.5 (Amazonbot/0.1; +https://developer.amazon.com/support/amazonbot)" "-"
3.224.220.0 - - [02/Feb/2024:13:21:30 +0100] "GET /aragon/datos-covid-andalucia-septima-ola/feed/ HTTP/1.1" 200 965 cronicareinodearagon.com "-" "Mozilla/5.0 (Macintosh; Intel Mac OS X 10_10_1) AppleWebKit/600.2.5 (KHTML, like Gecko) Version/8.0.2 Safari/600.2.5 (Amazonbot/0.1; +https://developer.amazon.com/support/amazonbot)" "-"
3.224.220.0 - - [02/Feb/2024:13:21:34 +0100] "GET /economia/gobierno-central-salvar-abengoa/feed/ HTTP/1.1" 200 932 cronicareinodearagon.com "-" "Mozilla/5.0 (Macintosh; Intel Mac OS X 10_10_1) AppleWebKit/600.2.5 (KHTML, like Gecko) Version/8.0.2 Safari/600.2.5 (Amazonbot/0.1; +https://developer.amazon.com/support/amazonbot)" "-"
3.224.220.0 - - [02/Feb/2024:13:21:38 +0100] "GET /wp-content/uploads/2022/05/Antonio-Lopez-750x375.jpg HTTP/1.1" 200 41682 cronicareinodearagon.com "-" "Mozilla/5.0 (Macintosh; Intel Mac OS X 10_10_1) AppleWebKit/600.2.5 (KHTML, like Gecko) Version/8.0.2 Safari/600.2.5 (Amazonbot/0.1; +https://developer.amazon.com/support/amazonbot)" "-"
3.224.220.0 - - [02/Feb/2024:13:21:42 +0100] "GET /wp-content/uploads/2022/05/Antonio-Lopez-360x180.jpg HTTP/1.1" 200 12277 cronicareinodearagon.com "-" "Mozilla/5.0 (Macintosh; Intel Mac OS X 10_10_1) AppleWebKit/600.2.5 (KHTML, like Gecko) Version/8.0.2 Safari/600.2.5 (Amazonbot/0.1; +https://developer.amazon.com/support/amazonbot)" "-"
3.224.220.0 - - [02/Feb/2024:13:21:46 +0100] "GET /aragon/juan-espadas-acto-granada-sanchez/feed/ HTTP/1.1" 200 948 cronicareinodearagon.com "-" "Mozilla/5.0 (Macintosh; Intel Mac OS X 10_10_1) AppleWebKit/600.2.5 (KHTML, like Gecko) Version/8.0.2 Safari/600.2.5 (Amazonbot/0.1; +https://developer.amazon.com/support/amazonbot)" "-"
82.165.88.0 - - [02/Feb/2024:13:21:47 +0100] "POST /wp-cron.php?doing_wp_cron=1706876507.1459419727325439453125 HTTP/1.1" 200 - cronicareinodearagon.com "-" "WordPress/6.2.2; https://cronicareinodearagon.com" "-"
174.138.24.0 - - [02/Feb/2024:13:21:50 +0100] "POST /wp-login.php HTTP/1.1" 200 9575 cronicareinodearagon.com "-" "Mozilla/5.0 (Windows NT 10.0; Win64; x64) AppleWebKit/537.36 (KHTML, like Gecko) Chrome/73.0.3683.75 Safari/537.36" "-"
52.70.240.0 - - [02/Feb/2024:13:21:50 +0100] "GET /sociedad/fallece-atropello-bebe-elpuerto/feed/ HTTP/1.1" 200 937 cronicareinodearagon.com "-" "Mozilla/5.0 (Macintosh; Intel Mac OS X 10_10_1) AppleWebKit/600.2.5 (KHTML, like Gecko) Version/8.0.2 Safari/600.2.5 (Amazonbot/0.1; +https://developer.amazon.com/support/amazonbot)" "-"
3.224.220.0 - - [02/Feb/2024:13:21:54 +0100] "GET /educacion/campana-fomento-lectura-huelva/feed/ HTTP/1.1" 200 953 cronicareinodearagon.com "-" "Mozilla/5.0 (Macintosh; Intel Mac OS X 10_10_1) AppleWebKit/600.2.5 (KHTML, like Gecko) Version/8.0.2 Safari/600.2.5 (Amazonbot/0.1; +https://developer.amazon.com/support/amazonbot)" "-"
23.22.35.0 - - [02/Feb/2024:13:21:58 +0100] "GET /uncategorized/festival-patios-de-cordoba/feed/ HTTP/1.1" 200 928 cronicareinodearagon.com "-" "Mozilla/5.0 (Macintosh; Intel Mac OS X 10_10_1) AppleWebKit/600.2.5 (KHTML, like Gecko) Version/8.0.2 Safari/600.2.5 (Amazonbot/0.1; +https://developer.amazon.com/support/amazonbot)" "-"
23.22.35.0 - - [02/Feb/2024:13:22:02 +0100] "GET /america/brasil-elecciones-lula-bolsonaro/feed/ HTTP/1.1" 200 944 cronicareinodearagon.com "-" "Mozilla/5.0 (Macintosh; Intel Mac OS X 10_10_1) AppleWebKit/600.2.5 (KHTML, like Gecko) Version/8.0.2 Safari/600.2.5 (Amazonbot/0.1; +https://developer.amazon.com/support/amazonbot)" "-"
52.70.240.0 - - [02/Feb/2024:13:22:06 +0100] "GET /aragon/juicio-santi-minaa-goldar-almeria/feed/ HTTP/1.1" 200 977 cronicareinodearagon.com "-" "Mozilla/5.0 (Macintosh; Intel Mac OS X 10_10_1) AppleWebKit/600.2.5 (KHTML, like Gecko) Version/8.0.2 Safari/600.2.5 (Amazonbot/0.1; +https://developer.amazon.com/support/amazonbot)" "-"
52.70.240.0 - - [02/Feb/2024:13:22:10 +0100] "GET /aragon/paralizada-mocion-censura-linares/feed/ HTTP/1.1" 200 958 cronicareinodearagon.com "-" "Mozilla/5.0 (Macintosh; Intel Mac OS X 10_10_1) AppleWebKit/600.2.5 (KHTML, like Gecko) Version/8.0.2 Safari/600.2.5 (Amazonbot/0.1; +https://developer.amazon.com/support/amazonbot)" "-"
52.70.240.0 - - [02/Feb/2024:13:22:14 +0100] "GET /wp-content/uploads/2022/01/guardia-civil-750x375.jpg HTTP/1.1" 200 33814 cronicareinodearagon.com "-" "Mozilla/5.0 (Macintosh; Intel Mac OS X 10_10_1) AppleWebKit/600.2.5 (KHTML, like Gecko) Version/8.0.2 Safari/600.2.5 (Amazonbot/0.1; +https://developer.amazon.com/support/amazonbot)" "-"
3.224.220.0 - - [02/Feb/2024:13:22:18 +0100] "GET /wp-content/uploads/2022/01/guardia-civil-360x180.jpg HTTP/1.1" 200 12323 cronicareinodearagon.com "-" "Mozilla/5.0 (Macintosh; Intel Mac OS X 10_10_1) AppleWebKit/600.2.5 (KHTML, like Gecko) Version/8.0.2 Safari/600.2.5 (Amazonbot/0.1; +https://developer.amazon.com/support/amazonbot)" "-"
52.70.240.0 - - [02/Feb/2024:13:22:22 +0100] "GET /wp-content/uploads/2021/12/loteria-1.jpg HTTP/1.1" 200 195053 cronicareinodearagon.com "-" "Mozilla/5.0 (Macintosh; Intel Mac OS X 10_10_1) AppleWebKit/600.2.5 (KHTML, like Gecko) Version/8.0.2 Safari/600.2.5 (Amazonbot/0.1; +https://developer.amazon.com/support/amazonbot)" "-"
3.224.220.0 - - [02/Feb/2024:13:22:26 +0100] "GET /aragon/andalucia-4d-politicos-reacciones/feed/ HTTP/1.1" 200 945 cronicareinodearagon.com "-" "Mozilla/5.0 (Macintosh; Intel Mac OS X 10_10_1) AppleWebKit/600.2.5 (KHTML, like Gecko) Version/8.0.2 Safari/600.2.5 (Amazonbot/0.1; +https://developer.amazon.com/support/amazonbot)" "-"
23.22.35.0 - - [02/Feb/2024:13:22:30 +0100] "GET /politica/bravo-psoe-romper-negociaciones/feed/ HTTP/1.1" 200 960 cronicareinodearagon.com "-" "Mozilla/5.0 (Macintosh; Intel Mac OS X 10_10_1) AppleWebKit/600.2.5 (KHTML, like Gecko) Version/8.0.2 Safari/600.2.5 (Amazonbot/0.1; +https://developer.amazon.com/support/amazonbot)" "-"
52.70.240.0 - - [02/Feb/2024:13:22:34 +0100] "GET /wp-content/uploads/2021/11/juanbravo.jpg HTTP/1.1" 200 85038 cronicareinodearagon.com "-" "Mozilla/5.0 (Macintosh; Intel Mac OS X 10_10_1) AppleWebKit/600.2.5 (KHTML, like Gecko) Version/8.0.2 Safari/600.2.5 (Amazonbot/0.1; +https://developer.amazon.com/support/amazonbot)" "-"
52.70.240.0 - - [02/Feb/2024:13:22:38 +0100] "GET /wp-content/uploads/2021/11/metal_cadiz-1024x576.jpeg HTTP/1.1" 200 84732 cronicareinodearagon.com "-" "Mozilla/5.0 (Macintosh; Intel Mac OS X 10_10_1) AppleWebKit/600.2.5 (KHTML, like Gecko) Version/8.0.2 Safari/600.2.5 (Amazonbot/0.1; +https://developer.amazon.com/support/amazonbot)" "-"
23.22.35.0 - - [02/Feb/2024:13:22:42 +0100] "GET /wp-content/uploads/2021/11/metal_cadiz-1140x570.jpeg HTTP/1.1" 200 91104 cronicareinodearagon.com "-" "Mozilla/5.0 (Macintosh; Intel Mac OS X 10_10_1) AppleWebKit/600.2.5 (KHTML, like Gecko) Version/8.0.2 Safari/600.2.5 (Amazonbot/0.1; +https://developer.amazon.com/support/amazonbot)" "-"
23.22.35.0 - - [02/Feb/2024:13:22:46 +0100] "GET /aragon/respuesta21-simulacro-catastrofes/feed/ HTTP/1.1" 200 964 cronicareinodearagon.com "-" "Mozilla/5.0 (Macintosh; Intel Mac OS X 10_10_1) AppleWebKit/600.2.5 (KHTML, like Gecko) Version/8.0.2 Safari/600.2.5 (Amazonbot/0.1; +https://developer.amazon.com/support/amazonbot)" "-"
82.165.88.0 - - [02/Feb/2024:13:22:47 +0100] "POST /wp-cron.php?doing_wp_cron=1706876567.0362451076507568359375 HTTP/1.1" 200 - cronicareinodearagon.com "-" "WordPress/6.2.2; https://cronicareinodearagon.com" "-"
3.224.220.0 - - [02/Feb/2024:13:22:50 +0100] "GET /wp-content/uploads/2022/06/cruz-roja.jpg HTTP/1.1" 200 97788 cronicareinodearagon.com "-" "Mozilla/5.0 (Macintosh; Intel Mac OS X 10_10_1) AppleWebKit/600.2.5 (KHTML, like Gecko) Version/8.0.2 Safari/600.2.5 (Amazonbot/0.1; +https://developer.amazon.com/support/amazonbot)" "-"
52.70.240.0 - - [02/Feb/2024:13:22:54 +0100] "GET /wp-content/uploads/2022/04/juanma-moreno-750x375.jpg HTTP/1.1" 200 40690 cronicareinodearagon.com "-" "Mozilla/5.0 (Macintosh; Intel Mac OS X 10_10_1) AppleWebKit/600.2.5 (KHTML, like Gecko) Version/8.0.2 Safari/600.2.5 (Amazonbot/0.1; +https://developer.amazon.com/support/amazonbot)" "-"
23.22.35.0 - - [02/Feb/2024:13:22:58 +0100] "GET /wp-content/uploads/2022/04/juanma-moreno-360x180.jpg HTTP/1.1" 200 12001 cronicareinodearagon.com "-" "Mozilla/5.0 (Macintosh; Intel Mac OS X 10_10_1) AppleWebKit/600.2.5 (KHTML, like Gecko) Version/8.0.2 Safari/600.2.5 (Amazonbot/0.1; +https://developer.amazon.com/support/amazonbot)" "-"
23.22.35.0 - - [02/Feb/2024:13:23:02 +0100] "GET /wp-content/uploads/2022/05/correos-2.jpg HTTP/1.1" 200 67066 cronicareinodearagon.com "-" "Mozilla/5.0 (Macintosh; Intel Mac OS X 10_10_1) AppleWebKit/600.2.5 (KHTML, like Gecko) Version/8.0.2 Safari/600.2.5 (Amazonbot/0.1; +https://developer.amazon.com/support/amazonbot)" "-"
23.22.35.0 - - [02/Feb/2024:13:23:06 +0100] "GET /wp-content/uploads/2022/02/Burguillos_01-360x180.jpg HTTP/1.1" 200 11294 cronicareinodearagon.com "-" "Mozilla/5.0 (Macintosh; Intel Mac OS X 10_10_1) AppleWebKit/600.2.5 (KHTML, like Gecko) Version/8.0.2 Safari/600.2.5 (Amazonbot/0.1; +https://developer.amazon.com/support/amazonbot)" "-"
23.22.35.0 - - [02/Feb/2024:13:23:10 +0100] "GET /wp-content/uploads/2022/02/Burguillos_01-750x375.jpg HTTP/1.1" 200 35727 cronicareinodearagon.com "-" "Mozilla/5.0 (Macintosh; Intel Mac OS X 10_10_1) AppleWebKit/600.2.5 (KHTML, like Gecko) Version/8.0.2 Safari/600.2.5 (Amazonbot/0.1; +https://developer.amazon.com/support/amazonbot)" "-"
