17.246.19.0 - - [02/Feb/2024:14:50:46 +0100] "GET /wp-content/themes/jnews/data/import/newspaper/scheme.css?ver=10.7.9 HTTP/1.1" 200 1687 cronicareinodearagon.com "https://cronicareinodearagon.com/category/politica/" "Mozilla/5.0 (Macintosh; Intel Mac OS X 10_15_5) AppleWebKit/605.1.15 (KHTML, like Gecko) Version/13.1.1 Safari/605.1.15 (Applebot/0.1; +http://www.apple.com/go/applebot)" "-"
57.128.155.0 - - [02/Feb/2024:14:50:46 +0100] "GET / HTTP/1.1" 200 336 cronicadehuelva.com "-" "Mozilla/5.0 (Windows NT 10.0; Win64; x64) AppleWebKit/537.36 (KHTML, like Gecko) Chrome/89.0.4389.114 Safari/537.36" "-"
57.128.155.0 - - [02/Feb/2024:14:50:46 +0100] "GET / HTTP/1.1" 200 336 cronicadehuelva.com "-" "Mozilla/5.0 (Windows NT 10.0; Win64; x64) AppleWebKit/537.36 (KHTML, like Gecko) Chrome/89.0.4389.114 Safari/537.36" "-"
57.128.155.0 - - [02/Feb/2024:14:50:46 +0100] "GET /wp-includes/wlwmanifest.xml HTTP/1.1" 404 596 cronicadehuelva.com "-" "Mozilla/5.0 (Windows NT 10.0; Win64; x64) AppleWebKit/537.36 (KHTML, like Gecko) Chrome/89.0.4389.114 Safari/537.36" "-"
57.128.155.0 - - [02/Feb/2024:14:50:46 +0100] "GET /xmlrpc.php?rsd HTTP/1.1" 404 596 cronicadehuelva.com "-" "Mozilla/5.0 (Windows NT 10.0; Win64; x64) AppleWebKit/537.36 (KHTML, like Gecko) Chrome/89.0.4389.114 Safari/537.36" "-"
57.128.155.0 - - [02/Feb/2024:14:50:46 +0100] "GET / HTTP/1.1" 200 336 cronicadehuelva.com "-" "Mozilla/5.0 (Windows NT 10.0; Win64; x64) AppleWebKit/537.36 (KHTML, like Gecko) Chrome/89.0.4389.114 Safari/537.36" "-"
57.128.155.0 - - [02/Feb/2024:14:50:46 +0100] "GET /blog/wp-includes/wlwmanifest.xml HTTP/1.1" 404 596 cronicadehuelva.com "-" "Mozilla/5.0 (Windows NT 10.0; Win64; x64) AppleWebKit/537.36 (KHTML, like Gecko) Chrome/89.0.4389.114 Safari/537.36" "-"
57.128.155.0 - - [02/Feb/2024:14:50:46 +0100] "GET /web/wp-includes/wlwmanifest.xml HTTP/1.1" 404 596 cronicadehuelva.com "-" "Mozilla/5.0 (Windows NT 10.0; Win64; x64) AppleWebKit/537.36 (KHTML, like Gecko) Chrome/89.0.4389.114 Safari/537.36" "-"
57.128.155.0 - - [02/Feb/2024:14:50:46 +0100] "GET /wordpress/wp-includes/wlwmanifest.xml HTTP/1.1" 404 596 cronicadehuelva.com "-" "Mozilla/5.0 (Windows NT 10.0; Win64; x64) AppleWebKit/537.36 (KHTML, like Gecko) Chrome/89.0.4389.114 Safari/537.36" "-"
57.128.155.0 - - [02/Feb/2024:14:50:46 +0100] "GET /website/wp-includes/wlwmanifest.xml HTTP/1.1" 404 596 cronicadehuelva.com "-" "Mozilla/5.0 (Windows NT 10.0; Win64; x64) AppleWebKit/537.36 (KHTML, like Gecko) Chrome/89.0.4389.114 Safari/537.36" "-"
57.128.155.0 - - [02/Feb/2024:14:50:46 +0100] "GET /wp/wp-includes/wlwmanifest.xml HTTP/1.1" 404 596 cronicadehuelva.com "-" "Mozilla/5.0 (Windows NT 10.0; Win64; x64) AppleWebKit/537.36 (KHTML, like Gecko) Chrome/89.0.4389.114 Safari/537.36" "-"
57.128.155.0 - - [02/Feb/2024:14:50:46 +0100] "GET /news/wp-includes/wlwmanifest.xml HTTP/1.1" 404 596 cronicadehuelva.com "-" "Mozilla/5.0 (Windows NT 10.0; Win64; x64) AppleWebKit/537.36 (KHTML, like Gecko) Chrome/89.0.4389.114 Safari/537.36" "-"
57.128.155.0 - - [02/Feb/2024:14:50:46 +0100] "GET /2020/wp-includes/wlwmanifest.xml HTTP/1.1" 404 596 cronicadehuelva.com "-" "Mozilla/5.0 (Windows NT 10.0; Win64; x64) AppleWebKit/537.36 (KHTML, like Gecko) Chrome/89.0.4389.114 Safari/537.36" "-"
57.128.155.0 - - [02/Feb/2024:14:50:46 +0100] "GET /2019/wp-includes/wlwmanifest.xml HTTP/1.1" 404 596 cronicadehuelva.com "-" "Mozilla/5.0 (Windows NT 10.0; Win64; x64) AppleWebKit/537.36 (KHTML, like Gecko) Chrome/89.0.4389.114 Safari/537.36" "-"
57.128.155.0 - - [02/Feb/2024:14:50:46 +0100] "GET /shop/wp-includes/wlwmanifest.xml HTTP/1.1" 404 596 cronicadehuelva.com "-" "Mozilla/5.0 (Windows NT 10.0; Win64; x64) AppleWebKit/537.36 (KHTML, like Gecko) Chrome/89.0.4389.114 Safari/537.36" "-"
57.128.155.0 - - [02/Feb/2024:14:50:46 +0100] "GET /wp1/wp-includes/wlwmanifest.xml HTTP/1.1" 404 596 cronicadehuelva.com "-" "Mozilla/5.0 (Windows NT 10.0; Win64; x64) AppleWebKit/537.36 (KHTML, like Gecko) Chrome/89.0.4389.114 Safari/537.36" "-"
57.128.155.0 - - [02/Feb/2024:14:50:46 +0100] "GET /test/wp-includes/wlwmanifest.xml HTTP/1.1" 404 596 cronicadehuelva.com "-" "Mozilla/5.0 (Windows NT 10.0; Win64; x64) AppleWebKit/537.36 (KHTML, like Gecko) Chrome/89.0.4389.114 Safari/537.36" "-"
57.128.155.0 - - [02/Feb/2024:14:50:46 +0100] "GET /wp2/wp-includes/wlwmanifest.xml HTTP/1.1" 404 596 cronicadehuelva.com "-" "Mozilla/5.0 (Windows NT 10.0; Win64; x64) AppleWebKit/537.36 (KHTML, like Gecko) Chrome/89.0.4389.114 Safari/537.36" "-"
57.128.155.0 - - [02/Feb/2024:14:50:46 +0100] "GET /cms/wp-includes/wlwmanifest.xml HTTP/1.1" 404 596 cronicadehuelva.com "-" "Mozilla/5.0 (Windows NT 10.0; Win64; x64) AppleWebKit/537.36 (KHTML, like Gecko) Chrome/89.0.4389.114 Safari/537.36" "-"
57.128.155.0 - - [02/Feb/2024:14:50:46 +0100] "GET /site/wp-includes/wlwmanifest.xml HTTP/1.1" 404 596 cronicadehuelva.com "-" "Mozilla/5.0 (Windows NT 10.0; Win64; x64) AppleWebKit/537.36 (KHTML, like Gecko) Chrome/89.0.4389.114 Safari/537.36" "-"
57.128.155.0 - - [02/Feb/2024:14:50:46 +0100] "GET /sito/wp-includes/wlwmanifest.xml HTTP/1.1" 404 596 cronicadehuelva.com "-" "Mozilla/5.0 (Windows NT 10.0; Win64; x64) AppleWebKit/537.36 (KHTML, like Gecko) Chrome/89.0.4389.114 Safari/537.36" "-"
17.246.15.0 - - [02/Feb/2024:14:50:47 +0100] "GET /wp-includes/js/jquery/jquery.min.js?ver=3.6.4 HTTP/1.1" 200 36269 cronicareinodearagon.com "https://cronicareinodearagon.com/category/politica/" "Mozilla/5.0 (Macintosh; Intel Mac OS X 10_15_5) AppleWebKit/605.1.15 (KHTML, like Gecko) Version/13.1.1 Safari/605.1.15 (Applebot/0.1; +http://www.apple.com/go/applebot)" "-"
17.246.23.0 - - [02/Feb/2024:14:50:47 +0100] "GET /wp-includes/js/jquery/jquery-migrate.min.js?ver=3.4.0 HTTP/1.1" 200 5257 cronicareinodearagon.com "https://cronicareinodearagon.com/category/politica/" "Mozilla/5.0 (Macintosh; Intel Mac OS X 10_15_5) AppleWebKit/605.1.15 (KHTML, like Gecko) Version/13.1.1 Safari/605.1.15 (Applebot/0.1; +http://www.apple.com/go/applebot)" "-"
17.246.15.0 - - [02/Feb/2024:14:50:48 +0100] "GET /wp-content/plugins/elementor/assets/lib/eicons/css/elementor-icons.min.css?ver=5.21.0 HTTP/1.1" 200 4358 cronicareinodearagon.com "https://cronicareinodearagon.com/category/politica/" "Mozilla/5.0 (Macintosh; Intel Mac OS X 10_15_5) AppleWebKit/605.1.15 (KHTML, like Gecko) Version/13.1.1 Safari/605.1.15 (Applebot/0.1; +http://www.apple.com/go/applebot)" "-"
17.246.19.0 - - [02/Feb/2024:14:50:48 +0100] "GET /wp-content/plugins/elementor/assets/lib/swiper/css/swiper.min.css?ver=5.3.6 HTTP/1.1" 200 2779 cronicareinodearagon.com "https://cronicareinodearagon.com/category/politica/" "Mozilla/5.0 (Macintosh; Intel Mac OS X 10_15_5) AppleWebKit/605.1.15 (KHTML, like Gecko) Version/13.1.1 Safari/605.1.15 (Applebot/0.1; +http://www.apple.com/go/applebot)" "-"
17.246.15.0 - - [02/Feb/2024:14:50:49 +0100] "GET /wp-content/plugins/metronet-profile-picture/js/mpp-frontend.js?ver=2.6.0 HTTP/1.1" 200 201 cronicareinodearagon.com "https://cronicareinodearagon.com/category/politica/" "Mozilla/5.0 (Macintosh; Intel Mac OS X 10_15_5) AppleWebKit/605.1.15 (KHTML, like Gecko) Version/13.1.1 Safari/605.1.15 (Applebot/0.1; +http://www.apple.com/go/applebot)" "-"
17.246.15.0 - - [02/Feb/2024:14:50:50 +0100] "GET /wp-content/themes/jnews/assets/dist/frontend.min.js?ver=10.7.9 HTTP/1.1" 200 103509 cronicareinodearagon.com "https://cronicareinodearagon.com/category/politica/" "Mozilla/5.0 (Macintosh; Intel Mac OS X 10_15_5) AppleWebKit/605.1.15 (KHTML, like Gecko) Version/13.1.1 Safari/605.1.15 (Applebot/0.1; +http://www.apple.com/go/applebot)" "-"
17.246.19.0 - - [02/Feb/2024:14:50:50 +0100] "GET /wp-content/plugins/complianz-gdpr/cookiebanner/js/complianz.min.js?ver=6.4.4 HTTP/1.1" 200 12688 cronicareinodearagon.com "https://cronicareinodearagon.com/category/politica/" "Mozilla/5.0 (Macintosh; Intel Mac OS X 10_15_5) AppleWebKit/605.1.15 (KHTML, like Gecko) Version/13.1.1 Safari/605.1.15 (Applebot/0.1; +http://www.apple.com/go/applebot)" "-"
17.246.15.0 - - [02/Feb/2024:14:50:51 +0100] "GET /wp-content/plugins/elementor/assets/js/webpack.runtime.min.js?ver=3.15.2 HTTP/1.1" 200 2279 cronicareinodearagon.com "https://cronicareinodearagon.com/category/politica/" "Mozilla/5.0 (Macintosh; Intel Mac OS X 10_15_5) AppleWebKit/605.1.15 (KHTML, like Gecko) Version/13.1.1 Safari/605.1.15 (Applebot/0.1; +http://www.apple.com/go/applebot)" "-"
17.246.15.0 - - [02/Feb/2024:14:50:51 +0100] "GET /wp-content/plugins/elementor/assets/js/frontend-modules.min.js?ver=3.15.2 HTTP/1.1" 200 19256 cronicareinodearagon.com "https://cronicareinodearagon.com/category/politica/" "Mozilla/5.0 (Macintosh; Intel Mac OS X 10_15_5) AppleWebKit/605.1.15 (KHTML, like Gecko) Version/13.1.1 Safari/605.1.15 (Applebot/0.1; +http://www.apple.com/go/applebot)" "-"
17.246.19.0 - - [02/Feb/2024:14:50:52 +0100] "GET /wp-content/plugins/elementor/assets/lib/waypoints/waypoints.min.js?ver=4.0.2 HTTP/1.1" 200 3501 cronicareinodearagon.com "https://cronicareinodearagon.com/category/politica/" "Mozilla/5.0 (Macintosh; Intel Mac OS X 10_15_5) AppleWebKit/605.1.15 (KHTML, like Gecko) Version/13.1.1 Safari/605.1.15 (Applebot/0.1; +http://www.apple.com/go/applebot)" "-"
17.246.15.0 - - [02/Feb/2024:14:50:52 +0100] "GET /wp-includes/js/jquery/ui/core.min.js?ver=1.13.2 HTTP/1.1" 200 7937 cronicareinodearagon.com "https://cronicareinodearagon.com/category/politica/" "Mozilla/5.0 (Macintosh; Intel Mac OS X 10_15_5) AppleWebKit/605.1.15 (KHTML, like Gecko) Version/13.1.1 Safari/605.1.15 (Applebot/0.1; +http://www.apple.com/go/applebot)" "-"
17.246.15.0 - - [02/Feb/2024:14:50:53 +0100] "GET /wp-content/plugins/elementor/assets/js/frontend.min.js?ver=3.15.2 HTTP/1.1" 200 14219 cronicareinodearagon.com "https://cronicareinodearagon.com/category/politica/" "Mozilla/5.0 (Macintosh; Intel Mac OS X 10_15_5) AppleWebKit/605.1.15 (KHTML, like Gecko) Version/13.1.1 Safari/605.1.15 (Applebot/0.1; +http://www.apple.com/go/applebot)" "-"
17.246.23.0 - - [02/Feb/2024:14:50:55 +0100] "GET /wp-includes/css/dist/block-library/style.min.css?ver=6.2.2 HTTP/1.1" 200 16406 cronicareinodearagon.com "https://cronicareinodearagon.com/category/politica/" "Mozilla/5.0 (Macintosh; Intel Mac OS X 10_15_5) AppleWebKit/605.1.15 (KHTML, like Gecko) Version/13.1.1 Safari/605.1.15 (Applebot/0.1; +http://www.apple.com/go/applebot)" "-"
52.70.240.0 - - [02/Feb/2024:14:50:58 +0100] "GET /wp-content/uploads/2021/08/611a08fe9c330-300x147.jpeg HTTP/1.1" 200 13644 cronicareinodearagon.com "-" "Mozilla/5.0 (Macintosh; Intel Mac OS X 10_10_1) AppleWebKit/600.2.5 (KHTML, like Gecko) Version/8.0.2 Safari/600.2.5 (Amazonbot/0.1; +https://developer.amazon.com/support/amazonbot)" "-"
17.246.19.0 - - [02/Feb/2024:14:50:59 +0100] "GET /wp-includes/js/hoverIntent.min.js?ver=1.10.2 HTTP/1.1" 200 721 cronicareinodearagon.com "https://cronicareinodearagon.com/category/politica/" "Mozilla/5.0 (Macintosh; Intel Mac OS X 10_15_5) AppleWebKit/605.1.15 (KHTML, like Gecko) Version/13.1.1 Safari/605.1.15 (Applebot/0.1; +http://www.apple.com/go/applebot)" "-"
52.70.240.0 - - [02/Feb/2024:14:51:30 +0100] "GET /wp-content/uploads/2021/08/611a08fe9c330-768x377.jpeg HTTP/1.1" 200 63015 cronicareinodearagon.com "-" "Mozilla/5.0 (Macintosh; Intel Mac OS X 10_10_1) AppleWebKit/600.2.5 (KHTML, like Gecko) Version/8.0.2 Safari/600.2.5 (Amazonbot/0.1; +https://developer.amazon.com/support/amazonbot)" "-"
17.246.19.0 - - [02/Feb/2024:14:51:44 +0100] "GET /wp-content/uploads/complianz/css/banner-1-optin.css?v=41 HTTP/1.1" 200 3432 cronicareinodearagon.com "https://cronicareinodearagon.com/category/politica/" "Mozilla/5.0 (Macintosh; Intel Mac OS X 10_15_5) AppleWebKit/605.1.15 (KHTML, like Gecko) Version/13.1.1 Safari/605.1.15 (Applebot/0.1; +http://www.apple.com/go/applebot)" "-"
17.246.15.0 - - [02/Feb/2024:14:51:44 +0100] "GET /wp-content/plugins/elementor/assets/js/text-editor.2c35aafbe5bf0e127950.bundle.min.js HTTP/1.1" 200 688 cronicareinodearagon.com "https://cronicareinodearagon.com/category/politica/" "Mozilla/5.0 (Macintosh; Intel Mac OS X 10_15_5) AppleWebKit/605.1.15 (KHTML, like Gecko) Version/13.1.1 Safari/605.1.15 (Applebot/0.1; +http://www.apple.com/go/applebot)" "-"
3.224.220.0 - - [02/Feb/2024:14:53:11 +0100] "GET /wp-content/uploads/2022/02/utrera-fabrica-aceites.jpg HTTP/1.1" 200 126792 cronicareinodearagon.com "-" "Mozilla/5.0 (Macintosh; Intel Mac OS X 10_10_1) AppleWebKit/600.2.5 (KHTML, like Gecko) Version/8.0.2 Safari/600.2.5 (Amazonbot/0.1; +https://developer.amazon.com/support/amazonbot)" "-"
52.70.240.0 - - [02/Feb/2024:14:53:14 +0100] "GET /wp-content/uploads/2021/11/Propaganda-VOX-750x375.jpg HTTP/1.1" 200 38742 cronicareinodearagon.com "-" "Mozilla/5.0 (Macintosh; Intel Mac OS X 10_10_1) AppleWebKit/600.2.5 (KHTML, like Gecko) Version/8.0.2 Safari/600.2.5 (Amazonbot/0.1; +https://developer.amazon.com/support/amazonbot)" "-"
52.70.240.0 - - [02/Feb/2024:14:53:19 +0100] "GET /wp-content/uploads/2021/11/Propaganda-VOX-360x180.jpg HTTP/1.1" 200 12679 cronicareinodearagon.com "-" "Mozilla/5.0 (Macintosh; Intel Mac OS X 10_10_1) AppleWebKit/600.2.5 (KHTML, like Gecko) Version/8.0.2 Safari/600.2.5 (Amazonbot/0.1; +https://developer.amazon.com/support/amazonbot)" "-"
23.22.35.0 - - [02/Feb/2024:14:53:30 +0100] "GET /wp-content/uploads/2021/10/oficina-empleo-750x375.jpg HTTP/1.1" 200 42255 cronicareinodearagon.com "-" "Mozilla/5.0 (Macintosh; Intel Mac OS X 10_10_1) AppleWebKit/600.2.5 (KHTML, like Gecko) Version/8.0.2 Safari/600.2.5 (Amazonbot/0.1; +https://developer.amazon.com/support/amazonbot)" "-"
3.224.220.0 - - [02/Feb/2024:14:53:58 +0100] "GET /wp-content/uploads/2021/10/oficina-empleo-360x180.jpg HTTP/1.1" 200 14007 cronicareinodearagon.com "-" "Mozilla/5.0 (Macintosh; Intel Mac OS X 10_10_1) AppleWebKit/600.2.5 (KHTML, like Gecko) Version/8.0.2 Safari/600.2.5 (Amazonbot/0.1; +https://developer.amazon.com/support/amazonbot)" "-"
82.165.88.0 - - [02/Feb/2024:14:54:00 +0100] "POST /wp-cron.php?doing_wp_cron=1706882040.6562130451202392578125 HTTP/1.1" 200 - cronicareinodearagon.com "-" "WordPress/6.2.2; https://cronicareinodearagon.com" "-"
185.191.171.0 - - [02/Feb/2024:14:54:00 +0100] "GET /category/aragon/page/26/ HTTP/1.1" 200 147345 cronicareinodearagon.com "-" "Mozilla/5.0 (compatible; SemrushBot/7~bl; +http://www.semrush.com/bot.html)" "-"
3.224.220.0 - - [02/Feb/2024:14:54:18 +0100] "GET /wp-content/uploads/2022/01/COVID-positivo-360x180.jpg HTTP/1.1" 200 4963 cronicareinodearagon.com "-" "Mozilla/5.0 (Macintosh; Intel Mac OS X 10_10_1) AppleWebKit/600.2.5 (KHTML, like Gecko) Version/8.0.2 Safari/600.2.5 (Amazonbot/0.1; +https://developer.amazon.com/support/amazonbot)" "-"
52.70.240.0 - - [02/Feb/2024:14:55:02 +0100] "GET /wp-content/uploads/2022/01/COVID-positivo-750x375.jpg HTTP/1.1" 200 13968 cronicareinodearagon.com "-" "Mozilla/5.0 (Macintosh; Intel Mac OS X 10_10_1) AppleWebKit/600.2.5 (KHTML, like Gecko) Version/8.0.2 Safari/600.2.5 (Amazonbot/0.1; +https://developer.amazon.com/support/amazonbot)" "-"
3.224.220.0 - - [02/Feb/2024:14:55:14 +0100] "GET /wp-content/uploads/2023/05/aragon-existe-zaragoza.jpg HTTP/1.1" 200 235875 cronicareinodearagon.com "-" "Mozilla/5.0 (Macintosh; Intel Mac OS X 10_10_1) AppleWebKit/600.2.5 (KHTML, like Gecko) Version/8.0.2 Safari/600.2.5 (Amazonbot/0.1; +https://developer.amazon.com/support/amazonbot)" "-"
23.22.35.0 - - [02/Feb/2024:14:55:26 +0100] "GET /wp-content/uploads/2023/05/conjura-necios-360x180.jpg HTTP/1.1" 200 7221 cronicareinodearagon.com "-" "Mozilla/5.0 (Macintosh; Intel Mac OS X 10_10_1) AppleWebKit/600.2.5 (KHTML, like Gecko) Version/8.0.2 Safari/600.2.5 (Amazonbot/0.1; +https://developer.amazon.com/support/amazonbot)" "-"
84.247.59.0 - - [02/Feb/2024:14:55:37 +0100] "GET /administrator/index.php HTTP/1.1" 404 596 cronicadeasturias.com "-" "Mozilla/5.0 (Windows NT 6.1) AppleWebKit/537.36 (KHTML, like Gecko) Chrome/45.0.2454.85 Safari/537.36 OPR/32.0.1948.45" "-"
23.22.35.0 - - [02/Feb/2024:14:55:42 +0100] "GET /wp-content/uploads/2023/05/conjura-necios-750x375.jpg HTTP/1.1" 200 35167 cronicareinodearagon.com "-" "Mozilla/5.0 (Macintosh; Intel Mac OS X 10_10_1) AppleWebKit/600.2.5 (KHTML, like Gecko) Version/8.0.2 Safari/600.2.5 (Amazonbot/0.1; +https://developer.amazon.com/support/amazonbot)" "-"
23.22.35.0 - - [02/Feb/2024:14:55:46 +0100] "GET /wp-content/uploads/2022/08/incendio_jodar-360x180.jpg HTTP/1.1" 200 10620 cronicareinodearagon.com "-" "Mozilla/5.0 (Macintosh; Intel Mac OS X 10_10_1) AppleWebKit/600.2.5 (KHTML, like Gecko) Version/8.0.2 Safari/600.2.5 (Amazonbot/0.1; +https://developer.amazon.com/support/amazonbot)" "-"
84.247.59.0 - - [02/Feb/2024:14:55:49 +0100] "GET /administrator/index.php HTTP/1.1" 404 596 cronicadeasturias.com "-" "Mozilla/5.0 (Windows NT 6.1) AppleWebKit/537.36 (KHTML, like Gecko) Chrome/45.0.2454.85 Safari/537.36 OPR/32.0.1948.45" "-"
3.224.220.0 - - [02/Feb/2024:14:55:54 +0100] "GET /wp-content/uploads/2022/08/incendio_jodar-750x375.jpg HTTP/1.1" 200 31944 cronicareinodearagon.com "-" "Mozilla/5.0 (Macintosh; Intel Mac OS X 10_10_1) AppleWebKit/600.2.5 (KHTML, like Gecko) Version/8.0.2 Safari/600.2.5 (Amazonbot/0.1; +https://developer.amazon.com/support/amazonbot)" "-"
84.247.59.0 - - [02/Feb/2024:14:55:54 +0100] "GET /administrator/index.php HTTP/1.1" 404 596 cronicadeasturias.com "-" "Mozilla/5.0 (Windows NT 6.1) AppleWebKit/537.36 (KHTML, like Gecko) Chrome/45.0.2454.85 Safari/537.36 OPR/32.0.1948.45" "-"
3.224.220.0 - - [02/Feb/2024:14:56:06 +0100] "GET /wp-content/uploads/2022/05/congreso-fibes-360x180.png HTTP/1.1" 200 148419 cronicareinodearagon.com "-" "Mozilla/5.0 (Macintosh; Intel Mac OS X 10_10_1) AppleWebKit/600.2.5 (KHTML, like Gecko) Version/8.0.2 Safari/600.2.5 (Amazonbot/0.1; +https://developer.amazon.com/support/amazonbot)" "-"
3.224.220.0 - - [02/Feb/2024:14:56:18 +0100] "GET /wp-content/uploads/2022/05/congreso-fibes-750x375.png HTTP/1.1" 200 588590 cronicareinodearagon.com "-" "Mozilla/5.0 (Macintosh; Intel Mac OS X 10_10_1) AppleWebKit/600.2.5 (KHTML, like Gecko) Version/8.0.2 Safari/600.2.5 (Amazonbot/0.1; +https://developer.amazon.com/support/amazonbot)" "-"
3.224.220.0 - - [02/Feb/2024:14:56:30 +0100] "GET /wp-content/uploads/2022/03/universidad_jaen_uja-1.jpg HTTP/1.1" 200 116084 cronicareinodearagon.com "-" "Mozilla/5.0 (Macintosh; Intel Mac OS X 10_10_1) AppleWebKit/600.2.5 (KHTML, like Gecko) Version/8.0.2 Safari/600.2.5 (Amazonbot/0.1; +https://developer.amazon.com/support/amazonbot)" "-"
3.224.220.0 - - [02/Feb/2024:14:56:42 +0100] "GET /wp-content/uploads/2023/05/arraigo-teruel-360x180.jpg HTTP/1.1" 200 17932 cronicareinodearagon.com "-" "Mozilla/5.0 (Macintosh; Intel Mac OS X 10_10_1) AppleWebKit/600.2.5 (KHTML, like Gecko) Version/8.0.2 Safari/600.2.5 (Amazonbot/0.1; +https://developer.amazon.com/support/amazonbot)" "-"
23.22.35.0 - - [02/Feb/2024:14:56:58 +0100] "GET /wp-content/uploads/2023/05/arraigo-teruel-750x375.jpg HTTP/1.1" 200 58096 cronicareinodearagon.com "-" "Mozilla/5.0 (Macintosh; Intel Mac OS X 10_10_1) AppleWebKit/600.2.5 (KHTML, like Gecko) Version/8.0.2 Safari/600.2.5 (Amazonbot/0.1; +https://developer.amazon.com/support/amazonbot)" "-"
3.224.220.0 - - [02/Feb/2024:14:57:02 +0100] "GET /wp-content/uploads/2021/11/ayto-san-roque-360x180.jpg HTTP/1.1" 200 16081 cronicareinodearagon.com "-" "Mozilla/5.0 (Macintosh; Intel Mac OS X 10_10_1) AppleWebKit/600.2.5 (KHTML, like Gecko) Version/8.0.2 Safari/600.2.5 (Amazonbot/0.1; +https://developer.amazon.com/support/amazonbot)" "-"
23.22.35.0 - - [02/Feb/2024:14:57:06 +0100] "GET /wp-content/uploads/2021/11/ayto-san-roque-750x375.jpg HTTP/1.1" 200 49252 cronicareinodearagon.com "-" "Mozilla/5.0 (Macintosh; Intel Mac OS X 10_10_1) AppleWebKit/600.2.5 (KHTML, like Gecko) Version/8.0.2 Safari/600.2.5 (Amazonbot/0.1; +https://developer.amazon.com/support/amazonbot)" "-"
52.70.240.0 - - [02/Feb/2024:14:57:18 +0100] "GET /wp-content/uploads/2023/05/aragon-existe-romareda.jpg HTTP/1.1" 200 41769 cronicareinodearagon.com "-" "Mozilla/5.0 (Macintosh; Intel Mac OS X 10_10_1) AppleWebKit/600.2.5 (KHTML, like Gecko) Version/8.0.2 Safari/600.2.5 (Amazonbot/0.1; +https://developer.amazon.com/support/amazonbot)" "-"
52.70.240.0 - - [02/Feb/2024:14:57:22 +0100] "GET /wp-content/uploads/2022/06/1280px-Punta_Carnero_4.jpg HTTP/1.1" 200 165115 cronicareinodearagon.com "-" "Mozilla/5.0 (Macintosh; Intel Mac OS X 10_10_1) AppleWebKit/600.2.5 (KHTML, like Gecko) Version/8.0.2 Safari/600.2.5 (Amazonbot/0.1; +https://developer.amazon.com/support/amazonbot)" "-"
52.70.240.0 - - [02/Feb/2024:14:57:26 +0100] "GET /wp-content/uploads/2022/02/FMsJmXpXwAY7NAU-scaled.jpg HTTP/1.1" 200 352280 cronicareinodearagon.com "-" "Mozilla/5.0 (Macintosh; Intel Mac OS X 10_10_1) AppleWebKit/600.2.5 (KHTML, like Gecko) Version/8.0.2 Safari/600.2.5 (Amazonbot/0.1; +https://developer.amazon.com/support/amazonbot)" "-"
52.70.240.0 - - [02/Feb/2024:14:57:46 +0100] "GET /wp-content/uploads/2022/07/isla-cri-guardia-civil.jpg HTTP/1.1" 200 60346 cronicareinodearagon.com "-" "Mozilla/5.0 (Macintosh; Intel Mac OS X 10_10_1) AppleWebKit/600.2.5 (KHTML, like Gecko) Version/8.0.2 Safari/600.2.5 (Amazonbot/0.1; +https://developer.amazon.com/support/amazonbot)" "-"
23.22.35.0 - - [02/Feb/2024:14:57:50 +0100] "GET /wp-content/uploads/2021/11/la-vida-chipen-768x480.jpg HTTP/1.1" 200 70834 cronicareinodearagon.com "-" "Mozilla/5.0 (Macintosh; Intel Mac OS X 10_10_1) AppleWebKit/600.2.5 (KHTML, like Gecko) Version/8.0.2 Safari/600.2.5 (Amazonbot/0.1; +https://developer.amazon.com/support/amazonbot)" "-"
23.22.35.0 - - [02/Feb/2024:14:57:54 +0100] "GET /wp-content/uploads/2021/11/la-vida-chipen-300x188.jpg HTTP/1.1" 200 16862 cronicareinodearagon.com "-" "Mozilla/5.0 (Macintosh; Intel Mac OS X 10_10_1) AppleWebKit/600.2.5 (KHTML, like Gecko) Version/8.0.2 Safari/600.2.5 (Amazonbot/0.1; +https://developer.amazon.com/support/amazonbot)" "-"
52.70.240.0 - - [02/Feb/2024:14:58:02 +0100] "GET /wp-content/uploads/2021/11/la-vida-chipen-750x469.jpg HTTP/1.1" 200 69113 cronicareinodearagon.com "-" "Mozilla/5.0 (Macintosh; Intel Mac OS X 10_10_1) AppleWebKit/600.2.5 (KHTML, like Gecko) Version/8.0.2 Safari/600.2.5 (Amazonbot/0.1; +https://developer.amazon.com/support/amazonbot)" "-"
52.70.240.0 - - [02/Feb/2024:14:58:18 +0100] "GET /wp-content/uploads/2023/05/inaem-ayudas-1-360x180.jpg HTTP/1.1" 200 14732 cronicareinodearagon.com "-" "Mozilla/5.0 (Macintosh; Intel Mac OS X 10_10_1) AppleWebKit/600.2.5 (KHTML, like Gecko) Version/8.0.2 Safari/600.2.5 (Amazonbot/0.1; +https://developer.amazon.com/support/amazonbot)" "-"
52.70.240.0 - - [02/Feb/2024:14:58:30 +0100] "GET /wp-content/uploads/2023/05/inaem-ayudas-1-750x375.jpg HTTP/1.1" 200 47339 cronicareinodearagon.com "-" "Mozilla/5.0 (Macintosh; Intel Mac OS X 10_10_1) AppleWebKit/600.2.5 (KHTML, like Gecko) Version/8.0.2 Safari/600.2.5 (Amazonbot/0.1; +https://developer.amazon.com/support/amazonbot)" "-"
3.224.220.0 - - [02/Feb/2024:14:58:34 +0100] "GET /wp-content/uploads/2023/05/rosa-lopez-psoe-teruel.jpg HTTP/1.1" 200 445960 cronicareinodearagon.com "-" "Mozilla/5.0 (Macintosh; Intel Mac OS X 10_10_1) AppleWebKit/600.2.5 (KHTML, like Gecko) Version/8.0.2 Safari/600.2.5 (Amazonbot/0.1; +https://developer.amazon.com/support/amazonbot)" "-"
52.70.240.0 - - [02/Feb/2024:14:58:38 +0100] "GET /wp-content/uploads/2022/06/enfermeria-sas-360x180.jpg HTTP/1.1" 200 14784 cronicareinodearagon.com "-" "Mozilla/5.0 (Macintosh; Intel Mac OS X 10_10_1) AppleWebKit/600.2.5 (KHTML, like Gecko) Version/8.0.2 Safari/600.2.5 (Amazonbot/0.1; +https://developer.amazon.com/support/amazonbot)" "-"
23.22.35.0 - - [02/Feb/2024:14:58:42 +0100] "GET /wp-content/uploads/2022/06/enfermeria-sas-750x375.jpg HTTP/1.1" 200 41753 cronicareinodearagon.com "-" "Mozilla/5.0 (Macintosh; Intel Mac OS X 10_10_1) AppleWebKit/600.2.5 (KHTML, like Gecko) Version/8.0.2 Safari/600.2.5 (Amazonbot/0.1; +https://developer.amazon.com/support/amazonbot)" "-"
82.165.88.0 - - [02/Feb/2024:14:58:51 +0100] "POST /wp-cron.php?doing_wp_cron=1706882331.5822470188140869140625 HTTP/1.1" 200 - cronicareinodearagon.com "-" "WordPress/6.2.2; https://cronicareinodearagon.com" "-"
39.41.203.0 - - [02/Feb/2024:14:58:51 +0100] "GET /wp-login.php HTTP/1.1" 200 9152 cronicareinodearagon.com "-" "Mozilla/5.0 (Windows NT 10.0; WOW64; Trident/7.0; rv:11.0) like Gecko" "-"
39.41.203.0 - - [02/Feb/2024:14:58:52 +0100] "GET /wp-json/wp/v2/users/1 HTTP/1.1" 404 95 cronicareinodearagon.com "-" "Mozilla/5.0 (Windows NT 10.0; WOW64; Trident/7.0; rv:11.0) like Gecko" "-"
39.41.203.0 - - [02/Feb/2024:14:58:53 +0100] "GET /?author=1 HTTP/1.1" 404 144801 cronicareinodearagon.com "-" "Mozilla/5.0 (Windows NT 10.0; WOW64; Trident/7.0; rv:11.0) like Gecko" "-"
52.70.240.0 - - [02/Feb/2024:14:58:54 +0100] "GET /wp-content/uploads/2022/07/Medina-azahara-360x180.jpg HTTP/1.1" 200 13951 cronicareinodearagon.com "-" "Mozilla/5.0 (Macintosh; Intel Mac OS X 10_10_1) AppleWebKit/600.2.5 (KHTML, like Gecko) Version/8.0.2 Safari/600.2.5 (Amazonbot/0.1; +https://developer.amazon.com/support/amazonbot)" "-"
52.70.240.0 - - [02/Feb/2024:14:58:58 +0100] "GET /wp-content/uploads/2022/07/Medina-azahara-750x375.jpg HTTP/1.1" 200 41131 cronicareinodearagon.com "-" "Mozilla/5.0 (Macintosh; Intel Mac OS X 10_10_1) AppleWebKit/600.2.5 (KHTML, like Gecko) Version/8.0.2 Safari/600.2.5 (Amazonbot/0.1; +https://developer.amazon.com/support/amazonbot)" "-"
3.224.220.0 - - [02/Feb/2024:14:59:02 +0100] "GET /wp-content/uploads/2021/11/terraza-malaga-750x375.jpg HTTP/1.1" 200 56246 cronicareinodearagon.com "-" "Mozilla/5.0 (Macintosh; Intel Mac OS X 10_10_1) AppleWebKit/600.2.5 (KHTML, like Gecko) Version/8.0.2 Safari/600.2.5 (Amazonbot/0.1; +https://developer.amazon.com/support/amazonbot)" "-"
66.249.84.0 - - [02/Feb/2024:14:59:05 +0100] "GET /category/sociedad/feed/ HTTP/1.1" 200 16233 cronicareinodearagon.com "-" "FeedFetcher-Google; (+http://www.google.com/feedfetcher.html)" "-"
23.22.35.0 - - [02/Feb/2024:14:59:18 +0100] "GET /wp-content/uploads/2021/11/terraza-malaga-360x180.jpg HTTP/1.1" 200 18756 cronicareinodearagon.com "-" "Mozilla/5.0 (Macintosh; Intel Mac OS X 10_10_1) AppleWebKit/600.2.5 (KHTML, like Gecko) Version/8.0.2 Safari/600.2.5 (Amazonbot/0.1; +https://developer.amazon.com/support/amazonbot)" "-"
3.224.220.0 - - [02/Feb/2024:14:59:22 +0100] "GET /wp-content/uploads/2023/05/Certest-Biotec-750x375.jpg HTTP/1.1" 200 34809 cronicareinodearagon.com "-" "Mozilla/5.0 (Macintosh; Intel Mac OS X 10_10_1) AppleWebKit/600.2.5 (KHTML, like Gecko) Version/8.0.2 Safari/600.2.5 (Amazonbot/0.1; +https://developer.amazon.com/support/amazonbot)" "-"
52.70.240.0 - - [02/Feb/2024:14:59:26 +0100] "GET /wp-content/uploads/2023/05/Certest-Biotec-360x180.jpg HTTP/1.1" 200 10883 cronicareinodearagon.com "-" "Mozilla/5.0 (Macintosh; Intel Mac OS X 10_10_1) AppleWebKit/600.2.5 (KHTML, like Gecko) Version/8.0.2 Safari/600.2.5 (Amazonbot/0.1; +https://developer.amazon.com/support/amazonbot)" "-"
3.224.220.0 - - [02/Feb/2024:14:59:30 +0100] "GET /wp-content/uploads/2022/10/jesus_quintero-750x375.jpg HTTP/1.1" 200 44801 cronicareinodearagon.com "-" "Mozilla/5.0 (Macintosh; Intel Mac OS X 10_10_1) AppleWebKit/600.2.5 (KHTML, like Gecko) Version/8.0.2 Safari/600.2.5 (Amazonbot/0.1; +https://developer.amazon.com/support/amazonbot)" "-"
3.224.220.0 - - [02/Feb/2024:14:59:34 +0100] "GET /wp-content/uploads/2022/10/jesus_quintero-360x180.jpg HTTP/1.1" 200 15155 cronicareinodearagon.com "-" "Mozilla/5.0 (Macintosh; Intel Mac OS X 10_10_1) AppleWebKit/600.2.5 (KHTML, like Gecko) Version/8.0.2 Safari/600.2.5 (Amazonbot/0.1; +https://developer.amazon.com/support/amazonbot)" "-"
23.22.35.0 - - [02/Feb/2024:14:59:38 +0100] "GET /wp-content/uploads/2022/09/047_bri_x_guzman_bueno.jpg HTTP/1.1" 200 69056 cronicareinodearagon.com "-" "Mozilla/5.0 (Macintosh; Intel Mac OS X 10_10_1) AppleWebKit/600.2.5 (KHTML, like Gecko) Version/8.0.2 Safari/600.2.5 (Amazonbot/0.1; +https://developer.amazon.com/support/amazonbot)" "-"
3.224.220.0 - - [02/Feb/2024:14:59:42 +0100] "GET /wp-content/uploads/2023/05/expedientes-residentes.jpg HTTP/1.1" 200 44321 cronicareinodearagon.com "-" "Mozilla/5.0 (Macintosh; Intel Mac OS X 10_10_1) AppleWebKit/600.2.5 (KHTML, like Gecko) Version/8.0.2 Safari/600.2.5 (Amazonbot/0.1; +https://developer.amazon.com/support/amazonbot)" "-"
23.22.35.0 - - [02/Feb/2024:14:59:46 +0100] "GET /wp-content/uploads/2023/05/ccoo-aragon-propuestas.jpg HTTP/1.1" 200 281849 cronicareinodearagon.com "-" "Mozilla/5.0 (Macintosh; Intel Mac OS X 10_10_1) AppleWebKit/600.2.5 (KHTML, like Gecko) Version/8.0.2 Safari/600.2.5 (Amazonbot/0.1; +https://developer.amazon.com/support/amazonbot)" "-"
52.70.240.0 - - [02/Feb/2024:14:59:50 +0100] "GET /wp-content/uploads/2022/08/vuelta-al-cole-360x180.jpg HTTP/1.1" 200 14195 cronicareinodearagon.com "-" "Mozilla/5.0 (Macintosh; Intel Mac OS X 10_10_1) AppleWebKit/600.2.5 (KHTML, like Gecko) Version/8.0.2 Safari/600.2.5 (Amazonbot/0.1; +https://developer.amazon.com/support/amazonbot)" "-"
52.70.240.0 - - [02/Feb/2024:14:59:54 +0100] "GET /wp-content/uploads/2022/08/vuelta-al-cole-750x375.jpg HTTP/1.1" 200 50490 cronicareinodearagon.com "-" "Mozilla/5.0 (Macintosh; Intel Mac OS X 10_10_1) AppleWebKit/600.2.5 (KHTML, like Gecko) Version/8.0.2 Safari/600.2.5 (Amazonbot/0.1; +https://developer.amazon.com/support/amazonbot)" "-"
52.70.240.0 - - [02/Feb/2024:14:59:58 +0100] "GET /wp-content/uploads/2021/11/tumba-franco-wikipedia.jpg HTTP/1.1" 200 139086 cronicareinodearagon.com "-" "Mozilla/5.0 (Macintosh; Intel Mac OS X 10_10_1) AppleWebKit/600.2.5 (KHTML, like Gecko) Version/8.0.2 Safari/600.2.5 (Amazonbot/0.1; +https://developer.amazon.com/support/amazonbot)" "-"
52.70.240.0 - - [02/Feb/2024:15:00:14 +0100] "GET /aragon/moreno-bonilla-ausente-pleno-verguenza/feed/ HTTP/1.1" 200 1001 cronicareinodearagon.com "-" "Mozilla/5.0 (Macintosh; Intel Mac OS X 10_10_1) AppleWebKit/600.2.5 (KHTML, like Gecko) Version/8.0.2 Safari/600.2.5 (Amazonbot/0.1; +https://developer.amazon.com/support/amazonbot)" "-"
82.165.88.0 - - [02/Feb/2024:15:00:15 +0100] "POST /wp-cron.php?doing_wp_cron=1706882415.0377209186553955078125 HTTP/1.1" 200 - cronicareinodearagon.com "-" "WordPress/6.2.2; https://cronicareinodearagon.com" "-"
3.224.220.0 - - [02/Feb/2024:15:00:18 +0100] "GET /aragon/juzgados-andalucia-refuerzo-juan-marin/feed/ HTTP/1.1" 200 955 cronicareinodearagon.com "-" "Mozilla/5.0 (Macintosh; Intel Mac OS X 10_10_1) AppleWebKit/600.2.5 (KHTML, like Gecko) Version/8.0.2 Safari/600.2.5 (Amazonbot/0.1; +https://developer.amazon.com/support/amazonbot)" "-"
23.22.35.0 - - [02/Feb/2024:15:00:22 +0100] "GET /aragon/chg-falta-lealtad-institucional-donana/feed/ HTTP/1.1" 200 998 cronicareinodearagon.com "-" "Mozilla/5.0 (Macintosh; Intel Mac OS X 10_10_1) AppleWebKit/600.2.5 (KHTML, like Gecko) Version/8.0.2 Safari/600.2.5 (Amazonbot/0.1; +https://developer.amazon.com/support/amazonbot)" "-"
23.22.35.0 - - [02/Feb/2024:15:00:30 +0100] "GET /wp-content/uploads/2021/12/test-antigenos-360x180.jpg HTTP/1.1" 200 7196 cronicareinodearagon.com "-" "Mozilla/5.0 (Macintosh; Intel Mac OS X 10_10_1) AppleWebKit/600.2.5 (KHTML, like Gecko) Version/8.0.2 Safari/600.2.5 (Amazonbot/0.1; +https://developer.amazon.com/support/amazonbot)" "-"
52.70.240.0 - - [02/Feb/2024:15:00:34 +0100] "GET /wp-content/uploads/2021/12/test-antigenos-750x375.jpg HTTP/1.1" 200 24017 cronicareinodearagon.com "-" "Mozilla/5.0 (Macintosh; Intel Mac OS X 10_10_1) AppleWebKit/600.2.5 (KHTML, like Gecko) Version/8.0.2 Safari/600.2.5 (Amazonbot/0.1; +https://developer.amazon.com/support/amazonbot)" "-"
52.70.240.0 - - [02/Feb/2024:15:00:38 +0100] "GET /aragon/facua-estudio-farmacias-test-antigenos/feed/ HTTP/1.1" 200 973 cronicareinodearagon.com "-" "Mozilla/5.0 (Macintosh; Intel Mac OS X 10_10_1) AppleWebKit/600.2.5 (KHTML, like Gecko) Version/8.0.2 Safari/600.2.5 (Amazonbot/0.1; +https://developer.amazon.com/support/amazonbot)" "-"
110.172.98.0 - - [02/Feb/2024:15:00:49 +0100] "GET / HTTP/1.1" 200 336 cronicadejaen.com "-" "Mozilla/5.0 (Windows NT 10.0; Win64; x64) AppleWebKit/537.36 (KHTML, like Gecko) Chrome/79.0.3945.130 Safari/537.36" "-"
23.22.35.0 - - [02/Feb/2024:15:01:46 +0100] "GET /aragon/pasaporte-covid-certificado-hospitales/feed/ HTTP/1.1" 200 982 cronicareinodearagon.com "-" "Mozilla/5.0 (Macintosh; Intel Mac OS X 10_10_1) AppleWebKit/600.2.5 (KHTML, like Gecko) Version/8.0.2 Safari/600.2.5 (Amazonbot/0.1; +https://developer.amazon.com/support/amazonbot)" "-"
82.165.88.0 - - [02/Feb/2024:15:01:47 +0100] "POST /wp-cron.php?doing_wp_cron=1706882507.1494529247283935546875 HTTP/1.1" 200 - cronicareinodearagon.com "-" "WordPress/6.2.2; https://cronicareinodearagon.com" "-"
185.191.171.0 - - [02/Feb/2024:15:03:57 +0100] "GET /category/politica/page/21/ HTTP/1.1" 200 147592 cronicareinodearagon.com "-" "Mozilla/5.0 (compatible; SemrushBot/7~bl; +http://www.semrush.com/bot.html)" "-"
82.165.88.0 - - [02/Feb/2024:15:03:58 +0100] "POST /wp-cron.php?doing_wp_cron=1706882638.1654980182647705078125 HTTP/1.1" 200 - cronicareinodearagon.com "-" "WordPress/6.2.2; https://cronicareinodearagon.com" "-"
82.165.88.0 - - [02/Feb/2024:15:06:15 +0100] "POST /wp-cron.php?doing_wp_cron=1706882775.3842990398406982421875 HTTP/1.1" 200 - cronicareinodearagon.com "-" "WordPress/6.2.2; https://cronicareinodearagon.com" "-"
185.191.171.0 - - [02/Feb/2024:15:06:15 +0100] "GET /economia/climate-action-sevilla-summit/ HTTP/1.1" 200 168707 cronicareinodearagon.com "-" "Mozilla/5.0 (compatible; SemrushBot/7~bl; +http://www.semrush.com/bot.html)" "-"
82.165.88.0 - - [02/Feb/2024:15:07:52 +0100] "POST /wp-cron.php?doing_wp_cron=1706882872.7459049224853515625000 HTTP/1.1" 200 - cronicareinodearagon.com "-" "WordPress/6.2.2; https://cronicareinodearagon.com" "-"
85.208.96.0 - - [02/Feb/2024:15:07:52 +0100] "GET /category/politica/page/11/ HTTP/1.1" 200 147670 cronicareinodearagon.com "-" "Mozilla/5.0 (compatible; SemrushBot/7~bl; +http://www.semrush.com/bot.html)" "-"
82.165.88.0 - - [02/Feb/2024:15:08:56 +0100] "POST /wp-cron.php?doing_wp_cron=1706882936.8895020484924316406250 HTTP/1.1" 200 - cronicareinodearagon.com "-" "WordPress/6.2.2; https://cronicareinodearagon.com" "-"
54.36.148.0 - - [02/Feb/2024:15:08:56 +0100] "GET /category/aragon/page/43/ HTTP/1.1" 200 147712 cronicareinodearagon.com "-" "Mozilla/5.0 (compatible; AhrefsBot/7.0; +http://ahrefs.com/robot/)" "-"
85.208.96.0 - - [02/Feb/2024:15:11:19 +0100] "GET /educacion/universidad-jaen-plataforma-ciudadana/ HTTP/1.1" 200 176818 cronicareinodearagon.com "-" "Mozilla/5.0 (compatible; SemrushBot/7~bl; +http://www.semrush.com/bot.html)" "-"
82.165.88.0 - - [02/Feb/2024:15:11:20 +0100] "POST /wp-cron.php?doing_wp_cron=1706883080.2336010932922363281250 HTTP/1.1" 200 - cronicareinodearagon.com "-" "WordPress/6.2.2; https://cronicareinodearagon.com" "-"
143.198.202.0 - - [02/Feb/2024:15:17:04 +0100] "GET /wp-admin/install.php HTTP/1.1" 301 261 cronicareinodearagon.com "-" "Mozilla/5.0 (Macintosh; Intel Mac OS X 10_10_1) AppleWebKit/537.36 (KHTML, like Gecko) Chrome/39.0.2171.95 Safari/537.36" "-"
143.198.202.0 - - [02/Feb/2024:15:17:05 +0100] "GET /wp-admin/install.php HTTP/1.1" 200 1366 cronicareinodearagon.com "-" "Mozilla/5.0 (Macintosh; Intel Mac OS X 10_10_1) AppleWebKit/537.36 (KHTML, like Gecko) Chrome/39.0.2171.95 Safari/537.36" "-"
82.165.88.0 - - [02/Feb/2024:15:17:06 +0100] "POST /wp-cron.php?doing_wp_cron=1706883426.2095730304718017578125 HTTP/1.1" 200 - cronicareinodearagon.com "-" "WordPress/6.2.2; https://cronicareinodearagon.com" "-"
143.198.202.0 - - [02/Feb/2024:15:17:07 +0100] "GET /wp/wp-admin/install.php HTTP/1.1" 301 264 cronicareinodearagon.com "-" "Mozilla/5.0 (Macintosh; Intel Mac OS X 10_10_1) AppleWebKit/537.36 (KHTML, like Gecko) Chrome/39.0.2171.95 Safari/537.36" "-"
82.165.88.0 - - [02/Feb/2024:15:17:08 +0100] "POST /wp-cron.php?doing_wp_cron=1706883428.5701129436492919921875 HTTP/1.1" 200 - cronicareinodearagon.com "-" "WordPress/6.2.2; https://cronicareinodearagon.com" "-"
143.198.202.0 - - [02/Feb/2024:15:17:08 +0100] "GET /wp/wp-admin/install.php HTTP/1.1" 404 144875 cronicareinodearagon.com "-" "Mozilla/5.0 (Macintosh; Intel Mac OS X 10_10_1) AppleWebKit/537.36 (KHTML, like Gecko) Chrome/39.0.2171.95 Safari/537.36" "-"
143.198.202.0 - - [02/Feb/2024:15:17:09 +0100] "GET /new/wp-admin/install.php HTTP/1.1" 301 265 cronicareinodearagon.com "-" "Mozilla/5.0 (Macintosh; Intel Mac OS X 10_10_1) AppleWebKit/537.36 (KHTML, like Gecko) Chrome/39.0.2171.95 Safari/537.36" "-"
143.198.202.0 - - [02/Feb/2024:15:17:10 +0100] "GET /new/wp-admin/install.php HTTP/1.1" 404 144878 cronicareinodearagon.com "-" "Mozilla/5.0 (Macintosh; Intel Mac OS X 10_10_1) AppleWebKit/537.36 (KHTML, like Gecko) Chrome/39.0.2171.95 Safari/537.36" "-"
143.198.202.0 - - [02/Feb/2024:15:17:11 +0100] "GET /old/wp-admin/install.php HTTP/1.1" 301 265 cronicareinodearagon.com "-" "Mozilla/5.0 (Macintosh; Intel Mac OS X 10_10_1) AppleWebKit/537.36 (KHTML, like Gecko) Chrome/39.0.2171.95 Safari/537.36" "-"
143.198.202.0 - - [02/Feb/2024:15:17:12 +0100] "GET /old/wp-admin/install.php HTTP/1.1" 404 144878 cronicareinodearagon.com "-" "Mozilla/5.0 (Macintosh; Intel Mac OS X 10_10_1) AppleWebKit/537.36 (KHTML, like Gecko) Chrome/39.0.2171.95 Safari/537.36" "-"
143.198.202.0 - - [02/Feb/2024:15:17:13 +0100] "GET /wordpress/wp-admin/install.php HTTP/1.1" 301 271 cronicareinodearagon.com "-" "Mozilla/5.0 (Macintosh; Intel Mac OS X 10_10_1) AppleWebKit/537.36 (KHTML, like Gecko) Chrome/39.0.2171.95 Safari/537.36" "-"
143.198.202.0 - - [02/Feb/2024:15:17:14 +0100] "GET /wordpress/wp-admin/install.php HTTP/1.1" 404 144896 cronicareinodearagon.com "-" "Mozilla/5.0 (Macintosh; Intel Mac OS X 10_10_1) AppleWebKit/537.36 (KHTML, like Gecko) Chrome/39.0.2171.95 Safari/537.36" "-"
143.198.202.0 - - [02/Feb/2024:15:17:15 +0100] "GET /test/wp-admin/install.php HTTP/1.1" 301 266 cronicareinodearagon.com "-" "Mozilla/5.0 (Macintosh; Intel Mac OS X 10_10_1) AppleWebKit/537.36 (KHTML, like Gecko) Chrome/39.0.2171.95 Safari/537.36" "-"
143.198.202.0 - - [02/Feb/2024:15:17:16 +0100] "GET /test/wp-admin/install.php HTTP/1.1" 404 144881 cronicareinodearagon.com "-" "Mozilla/5.0 (Macintosh; Intel Mac OS X 10_10_1) AppleWebKit/537.36 (KHTML, like Gecko) Chrome/39.0.2171.95 Safari/537.36" "-"
143.198.202.0 - - [02/Feb/2024:15:17:17 +0100] "GET /blog/wp-admin/install.php HTTP/1.1" 301 266 cronicareinodearagon.com "-" "Mozilla/5.0 (Macintosh; Intel Mac OS X 10_10_1) AppleWebKit/537.36 (KHTML, like Gecko) Chrome/39.0.2171.95 Safari/537.36" "-"
66.249.84.0 - - [02/Feb/2024:15:17:17 +0100] "GET /category/politica/feed/ HTTP/1.1" 200 59109 cronicareinodearagon.com "-" "FeedFetcher-Google; (+http://www.google.com/feedfetcher.html)" "-"
143.198.202.0 - - [02/Feb/2024:15:17:18 +0100] "GET /blog/wp-admin/install.php HTTP/1.1" 404 144881 cronicareinodearagon.com "-" "Mozilla/5.0 (Macintosh; Intel Mac OS X 10_10_1) AppleWebKit/537.36 (KHTML, like Gecko) Chrome/39.0.2171.95 Safari/537.36" "-"
143.198.202.0 - - [02/Feb/2024:15:17:19 +0100] "GET /cms/wp-admin/install.php HTTP/1.1" 301 265 cronicareinodearagon.com "-" "Mozilla/5.0 (Macintosh; Intel Mac OS X 10_10_1) AppleWebKit/537.36 (KHTML, like Gecko) Chrome/39.0.2171.95 Safari/537.36" "-"
143.198.202.0 - - [02/Feb/2024:15:17:20 +0100] "GET /cms/wp-admin/install.php HTTP/1.1" 404 144878 cronicareinodearagon.com "-" "Mozilla/5.0 (Macintosh; Intel Mac OS X 10_10_1) AppleWebKit/537.36 (KHTML, like Gecko) Chrome/39.0.2171.95 Safari/537.36" "-"
143.198.202.0 - - [02/Feb/2024:15:17:21 +0100] "GET /web/wp-admin/install.php HTTP/1.1" 301 265 cronicareinodearagon.com "-" "Mozilla/5.0 (Macintosh; Intel Mac OS X 10_10_1) AppleWebKit/537.36 (KHTML, like Gecko) Chrome/39.0.2171.95 Safari/537.36" "-"
143.198.202.0 - - [02/Feb/2024:15:17:21 +0100] "GET /web/wp-admin/install.php HTTP/1.1" 404 144878 cronicareinodearagon.com "-" "Mozilla/5.0 (Macintosh; Intel Mac OS X 10_10_1) AppleWebKit/537.36 (KHTML, like Gecko) Chrome/39.0.2171.95 Safari/537.36" "-"
143.198.202.0 - - [02/Feb/2024:15:17:22 +0100] "GET /backup/wp-admin/install.php HTTP/1.1" 301 268 cronicareinodearagon.com "-" "Mozilla/5.0 (Macintosh; Intel Mac OS X 10_10_1) AppleWebKit/537.36 (KHTML, like Gecko) Chrome/39.0.2171.95 Safari/537.36" "-"
143.198.202.0 - - [02/Feb/2024:15:17:23 +0100] "GET /backup/wp-admin/install.php HTTP/1.1" 404 144887 cronicareinodearagon.com "-" "Mozilla/5.0 (Macintosh; Intel Mac OS X 10_10_1) AppleWebKit/537.36 (KHTML, like Gecko) Chrome/39.0.2171.95 Safari/537.36" "-"
143.198.202.0 - - [02/Feb/2024:15:17:24 +0100] "GET /site/wp-admin/install.php HTTP/1.1" 301 266 cronicareinodearagon.com "-" "Mozilla/5.0 (Macintosh; Intel Mac OS X 10_10_1) AppleWebKit/537.36 (KHTML, like Gecko) Chrome/39.0.2171.95 Safari/537.36" "-"
143.198.202.0 - - [02/Feb/2024:15:17:25 +0100] "GET /site/wp-admin/install.php HTTP/1.1" 404 144881 cronicareinodearagon.com "-" "Mozilla/5.0 (Macintosh; Intel Mac OS X 10_10_1) AppleWebKit/537.36 (KHTML, like Gecko) Chrome/39.0.2171.95 Safari/537.36" "-"
143.198.202.0 - - [02/Feb/2024:15:17:26 +0100] "GET /oldsite/wp-admin/install.php HTTP/1.1" 301 269 cronicareinodearagon.com "-" "Mozilla/5.0 (Macintosh; Intel Mac OS X 10_10_1) AppleWebKit/537.36 (KHTML, like Gecko) Chrome/39.0.2171.95 Safari/537.36" "-"
3.224.220.0 - - [02/Feb/2024:15:17:26 +0100] "GET /wp-content/uploads/2022/02/almeria_mujeres-750x375.jpg HTTP/1.1" 200 55108 cronicareinodearagon.com "-" "Mozilla/5.0 (Macintosh; Intel Mac OS X 10_10_1) AppleWebKit/600.2.5 (KHTML, like Gecko) Version/8.0.2 Safari/600.2.5 (Amazonbot/0.1; +https://developer.amazon.com/support/amazonbot)" "-"
143.198.202.0 - - [02/Feb/2024:15:17:27 +0100] "GET /oldsite/wp-admin/install.php HTTP/1.1" 404 144890 cronicareinodearagon.com "-" "Mozilla/5.0 (Macintosh; Intel Mac OS X 10_10_1) AppleWebKit/537.36 (KHTML, like Gecko) Chrome/39.0.2171.95 Safari/537.36" "-"
3.224.220.0 - - [02/Feb/2024:15:17:38 +0100] "GET /wp-content/uploads/2022/02/almeria_mujeres-360x180.jpg HTTP/1.1" 200 17486 cronicareinodearagon.com "-" "Mozilla/5.0 (Macintosh; Intel Mac OS X 10_10_1) AppleWebKit/600.2.5 (KHTML, like Gecko) Version/8.0.2 Safari/600.2.5 (Amazonbot/0.1; +https://developer.amazon.com/support/amazonbot)" "-"
114.119.152.0 - - [02/Feb/2024:15:19:22 +0100] "GET /robots.txt HTTP/1.1" 200 202 cronicareinodearagon.com "-" "Mozilla/5.0 (compatible;PetalBot;+https://webmaster.petalsearch.com/site/petalbot)" "-"
82.165.88.0 - - [02/Feb/2024:15:19:23 +0100] "POST /wp-cron.php?doing_wp_cron=1706883563.2890310287475585937500 HTTP/1.1" 200 - cronicareinodearagon.com "-" "WordPress/6.2.2; https://cronicareinodearagon.com" "-"
82.165.88.0 - - [02/Feb/2024:15:20:07 +0100] "POST /wp-cron.php?doing_wp_cron=1706883607.7824199199676513671875 HTTP/1.1" 200 - cronicareinodearagon.com "-" "WordPress/6.2.2; https://cronicareinodearagon.com" "-"
185.191.171.0 - - [02/Feb/2024:15:20:07 +0100] "GET /aragon/ustea-inversion-educacion-privada-concertada/ HTTP/1.1" 200 168291 cronicareinodearagon.com "-" "Mozilla/5.0 (compatible; SemrushBot/7~bl; +http://www.semrush.com/bot.html)" "-"
23.22.35.0 - - [02/Feb/2024:15:20:10 +0100] "GET /wp-content/uploads/2023/05/novaltia.jpg HTTP/1.1" 200 32368 cronicareinodearagon.com "-" "Mozilla/5.0 (Macintosh; Intel Mac OS X 10_10_1) AppleWebKit/600.2.5 (KHTML, like Gecko) Version/8.0.2 Safari/600.2.5 (Amazonbot/0.1; +https://developer.amazon.com/support/amazonbot)" "-"
52.70.240.0 - - [02/Feb/2024:15:21:14 +0100] "GET /wp-content/uploads/2022/02/vertedero_nerva-750x375.jpg HTTP/1.1" 200 62451 cronicareinodearagon.com "-" "Mozilla/5.0 (Macintosh; Intel Mac OS X 10_10_1) AppleWebKit/600.2.5 (KHTML, like Gecko) Version/8.0.2 Safari/600.2.5 (Amazonbot/0.1; +https://developer.amazon.com/support/amazonbot)" "-"
52.70.240.0 - - [02/Feb/2024:15:21:38 +0100] "GET /wp-content/uploads/2022/02/vertedero_nerva-360x180.jpg HTTP/1.1" 200 19636 cronicareinodearagon.com "-" "Mozilla/5.0 (Macintosh; Intel Mac OS X 10_10_1) AppleWebKit/600.2.5 (KHTML, like Gecko) Version/8.0.2 Safari/600.2.5 (Amazonbot/0.1; +https://developer.amazon.com/support/amazonbot)" "-"
3.224.220.0 - - [02/Feb/2024:15:21:42 +0100] "GET /wp-content/uploads/2022/10/Zaragoza.jpg HTTP/1.1" 200 162949 cronicareinodearagon.com "-" "Mozilla/5.0 (Macintosh; Intel Mac OS X 10_10_1) AppleWebKit/600.2.5 (KHTML, like Gecko) Version/8.0.2 Safari/600.2.5 (Amazonbot/0.1; +https://developer.amazon.com/support/amazonbot)" "-"
3.224.220.0 - - [02/Feb/2024:15:21:58 +0100] "GET /wp-content/uploads/2022/10/edificio.jpg HTTP/1.1" 200 210972 cronicareinodearagon.com "-" "Mozilla/5.0 (Macintosh; Intel Mac OS X 10_10_1) AppleWebKit/600.2.5 (KHTML, like Gecko) Version/8.0.2 Safari/600.2.5 (Amazonbot/0.1; +https://developer.amazon.com/support/amazonbot)" "-"
52.70.240.0 - - [02/Feb/2024:15:22:14 +0100] "GET /wp-content/uploads/2023/05/residencia-mayores-agon.jpg HTTP/1.1" 200 30771 cronicareinodearagon.com "-" "Mozilla/5.0 (Macintosh; Intel Mac OS X 10_10_1) AppleWebKit/600.2.5 (KHTML, like Gecko) Version/8.0.2 Safari/600.2.5 (Amazonbot/0.1; +https://developer.amazon.com/support/amazonbot)" "-"
23.22.35.0 - - [02/Feb/2024:15:22:18 +0100] "GET /wp-content/uploads/2022/10/Queipo-de-Llano-750x375.jpg HTTP/1.1" 200 54501 cronicareinodearagon.com "-" "Mozilla/5.0 (Macintosh; Intel Mac OS X 10_10_1) AppleWebKit/600.2.5 (KHTML, like Gecko) Version/8.0.2 Safari/600.2.5 (Amazonbot/0.1; +https://developer.amazon.com/support/amazonbot)" "-"
82.165.88.0 - - [02/Feb/2024:15:23:55 +0100] "POST /wp-cron.php?doing_wp_cron=1706883835.3175859451293945312500 HTTP/1.1" 200 - cronicareinodearagon.com "-" "WordPress/6.2.2; https://cronicareinodearagon.com" "-"
54.36.148.0 - - [02/Feb/2024:15:23:55 +0100] "GET /economia/huelva-lidera-exportaciones-andalucia/ HTTP/1.1" 200 163876 cronicareinodearagon.com "-" "Mozilla/5.0 (compatible; AhrefsBot/7.0; +http://ahrefs.com/robot/)" "-"
23.22.35.0 - - [02/Feb/2024:15:24:02 +0100] "GET /wp-content/uploads/2022/10/Queipo-de-Llano-360x180.jpg HTTP/1.1" 200 17927 cronicareinodearagon.com "-" "Mozilla/5.0 (Macintosh; Intel Mac OS X 10_10_1) AppleWebKit/600.2.5 (KHTML, like Gecko) Version/8.0.2 Safari/600.2.5 (Amazonbot/0.1; +https://developer.amazon.com/support/amazonbot)" "-"
85.208.96.0 - - [02/Feb/2024:15:24:20 +0100] "GET /robots.txt HTTP/1.1" 200 202 cronicareinodearagon.com "-" "Mozilla/5.0 (compatible; SemrushBot/7~bl; +http://www.semrush.com/bot.html)" "-"
85.208.96.0 - - [02/Feb/2024:15:24:21 +0100] "GET /sociedad/detenidos-marbella-hurto-descuido/ HTTP/1.1" 200 157738 cronicareinodearagon.com "-" "Mozilla/5.0 (compatible; SemrushBot/7~bl; +http://www.semrush.com/bot.html)" "-"
3.224.220.0 - - [02/Feb/2024:15:24:26 +0100] "GET /wp-content/uploads/2022/05/Espadas-Sanchez-Sevilla.jpg HTTP/1.1" 200 177636 cronicareinodearagon.com "-" "Mozilla/5.0 (Macintosh; Intel Mac OS X 10_10_1) AppleWebKit/600.2.5 (KHTML, like Gecko) Version/8.0.2 Safari/600.2.5 (Amazonbot/0.1; +https://developer.amazon.com/support/amazonbot)" "-"
3.224.220.0 - - [02/Feb/2024:15:24:34 +0100] "GET /wp-content/uploads/2023/05/ecoprovincia-zaragoza-1.jpg HTTP/1.1" 200 38815 cronicareinodearagon.com "-" "Mozilla/5.0 (Macintosh; Intel Mac OS X 10_10_1) AppleWebKit/600.2.5 (KHTML, like Gecko) Version/8.0.2 Safari/600.2.5 (Amazonbot/0.1; +https://developer.amazon.com/support/amazonbot)" "-"
3.224.220.0 - - [02/Feb/2024:15:25:18 +0100] "GET /wp-content/uploads/2022/10/vinos-de-Aragon-750x375.jpg HTTP/1.1" 200 69787 cronicareinodearagon.com "-" "Mozilla/5.0 (Macintosh; Intel Mac OS X 10_10_1) AppleWebKit/600.2.5 (KHTML, like Gecko) Version/8.0.2 Safari/600.2.5 (Amazonbot/0.1; +https://developer.amazon.com/support/amazonbot)" "-"
52.70.240.0 - - [02/Feb/2024:15:25:42 +0100] "GET /wp-content/uploads/2022/10/vinos-de-Aragon-360x180.jpg HTTP/1.1" 200 21936 cronicareinodearagon.com "-" "Mozilla/5.0 (Macintosh; Intel Mac OS X 10_10_1) AppleWebKit/600.2.5 (KHTML, like Gecko) Version/8.0.2 Safari/600.2.5 (Amazonbot/0.1; +https://developer.amazon.com/support/amazonbot)" "-"
3.224.220.0 - - [02/Feb/2024:15:27:10 +0100] "GET /wp-content/uploads/2021/12/FGfXUcvXIAgEHS--750x375.jpg HTTP/1.1" 200 37302 cronicareinodearagon.com "-" "Mozilla/5.0 (Macintosh; Intel Mac OS X 10_10_1) AppleWebKit/600.2.5 (KHTML, like Gecko) Version/8.0.2 Safari/600.2.5 (Amazonbot/0.1; +https://developer.amazon.com/support/amazonbot)" "-"
23.22.35.0 - - [02/Feb/2024:15:28:30 +0100] "GET /wp-content/uploads/2021/12/FGfXUcvXIAgEHS--360x180.jpg HTTP/1.1" 200 12467 cronicareinodearagon.com "-" "Mozilla/5.0 (Macintosh; Intel Mac OS X 10_10_1) AppleWebKit/600.2.5 (KHTML, like Gecko) Version/8.0.2 Safari/600.2.5 (Amazonbot/0.1; +https://developer.amazon.com/support/amazonbot)" "-"
52.70.240.0 - - [02/Feb/2024:15:28:38 +0100] "GET /wp-content/uploads/2021/11/bosque-pinsapos-750x375.jpg HTTP/1.1" 200 55231 cronicareinodearagon.com "-" "Mozilla/5.0 (Macintosh; Intel Mac OS X 10_10_1) AppleWebKit/600.2.5 (KHTML, like Gecko) Version/8.0.2 Safari/600.2.5 (Amazonbot/0.1; +https://developer.amazon.com/support/amazonbot)" "-"
3.224.220.0 - - [02/Feb/2024:15:28:46 +0100] "GET /wp-content/uploads/2021/11/bosque-pinsapos-360x180.jpg HTTP/1.1" 200 16239 cronicareinodearagon.com "-" "Mozilla/5.0 (Macintosh; Intel Mac OS X 10_10_1) AppleWebKit/600.2.5 (KHTML, like Gecko) Version/8.0.2 Safari/600.2.5 (Amazonbot/0.1; +https://developer.amazon.com/support/amazonbot)" "-"
66.249.84.0 - - [02/Feb/2024:15:29:33 +0100] "GET /category/politica/feed/ HTTP/1.1" 200 59109 cronicareinodearagon.com "-" "FeedFetcher-Google; (+http://www.google.com/feedfetcher.html)" "-"
52.70.240.0 - - [02/Feb/2024:15:29:34 +0100] "GET /wp-content/uploads/2021/08/IMG_4787.jpg HTTP/1.1" 200 187383 cronicareinodearagon.com "-" "Mozilla/5.0 (Macintosh; Intel Mac OS X 10_10_1) AppleWebKit/600.2.5 (KHTML, like Gecko) Version/8.0.2 Safari/600.2.5 (Amazonbot/0.1; +https://developer.amazon.com/support/amazonbot)" "-"
