3.224.220.0 - - [02/Feb/2024:04:59:53 +0100] "GET /aragon/empleo-vivienda-y-talento-ejes-de-la-politica-de-lamban-con-los-jovenes/ HTTP/1.1" 200 169630 cronicareinodearagon.com "-" "Mozilla/5.0 (Macintosh; Intel Mac OS X 10_10_1) AppleWebKit/600.2.5 (KHTML, like Gecko) Version/8.0.2 Safari/600.2.5 (Amazonbot/0.1; +https://developer.amazon.com/support/amazonbot)" "-"
3.224.220.0 - - [02/Feb/2024:04:59:57 +0100] "GET /?p=9457 HTTP/1.1" 301 - cronicareinodearagon.com "-" "Mozilla/5.0 (Macintosh; Intel Mac OS X 10_10_1) AppleWebKit/600.2.5 (KHTML, like Gecko) Version/8.0.2 Safari/600.2.5 (Amazonbot/0.1; +https://developer.amazon.com/support/amazonbot)" "-"
46.8.16.0 - - [02/Feb/2024:05:05:21 +0100] "POST /wp-comments-post.php HTTP/1.1" 302 - cronicareinodearagon.com "https://cronicareinodearagon.com/aragon/resultados-elecciones-autonomicas-municipales-aragon/" "Mozilla/5.0 (Windows NT 10.0; Win64; x64) AppleWebKit/537.36 (KHTML, like Gecko) Chrome/120.0.0.0 Safari/537.36" "-"
82.165.88.0 - - [02/Feb/2024:05:05:22 +0100] "POST /wp-cron.php?doing_wp_cron=1706846721.9667029380798339843750 HTTP/1.1" 200 - cronicareinodearagon.com "-" "WordPress/6.2.2; https://cronicareinodearagon.com" "-"
46.8.16.0 - - [02/Feb/2024:05:05:23 +0100] "GET /aragon/resultados-elecciones-autonomicas-municipales-aragon/ HTTP/1.1" 200 169152 cronicareinodearagon.com "https://cronicareinodearagon.com/wp-comments-post.php" "Mozilla/5.0 (Windows NT 10.0; Win64; x64) AppleWebKit/537.36 (KHTML, like Gecko) Chrome/120.0.0.0 Safari/537.36" "-"
23.22.35.0 - - [02/Feb/2024:05:07:42 +0100] "GET /economia/ampliado-el-plazo-para-que-las-empresas-soliciten-subvenciones-estatales/ HTTP/1.1" 200 166076 cronicareinodearagon.com "-" "Mozilla/5.0 (Macintosh; Intel Mac OS X 10_10_1) AppleWebKit/600.2.5 (KHTML, like Gecko) Version/8.0.2 Safari/600.2.5 (Amazonbot/0.1; +https://developer.amazon.com/support/amazonbot)" "-"
82.165.88.0 - - [02/Feb/2024:05:07:43 +0100] "POST /wp-cron.php?doing_wp_cron=1706846863.0553159713745117187500 HTTP/1.1" 200 - cronicareinodearagon.com "-" "WordPress/6.2.2; https://cronicareinodearagon.com" "-"
52.70.240.0 - - [02/Feb/2024:05:07:45 +0100] "GET /?p=3445 HTTP/1.1" 301 - cronicareinodearagon.com "-" "Mozilla/5.0 (Macintosh; Intel Mac OS X 10_10_1) AppleWebKit/600.2.5 (KHTML, like Gecko) Version/8.0.2 Safari/600.2.5 (Amazonbot/0.1; +https://developer.amazon.com/support/amazonbot)" "-"
52.70.240.0 - - [02/Feb/2024:05:07:58 +0100] "GET /uncategorized/ayuntamiento-cadiz-pide-responsabilidad-junta-transicion-energetica/ HTTP/1.1" 200 168241 cronicareinodearagon.com "-" "Mozilla/5.0 (Macintosh; Intel Mac OS X 10_10_1) AppleWebKit/600.2.5 (KHTML, like Gecko) Version/8.0.2 Safari/600.2.5 (Amazonbot/0.1; +https://developer.amazon.com/support/amazonbot)" "-"
3.224.220.0 - - [02/Feb/2024:05:08:01 +0100] "GET /?p=7291 HTTP/1.1" 301 - cronicareinodearagon.com "-" "Mozilla/5.0 (Macintosh; Intel Mac OS X 10_10_1) AppleWebKit/600.2.5 (KHTML, like Gecko) Version/8.0.2 Safari/600.2.5 (Amazonbot/0.1; +https://developer.amazon.com/support/amazonbot)" "-"
23.22.35.0 - - [02/Feb/2024:05:08:13 +0100] "GET /sociedad/gibraltar-retira-combustible-y-elimina-contaminantes-del-buque-encallado/ HTTP/1.1" 200 171061 cronicareinodearagon.com "-" "Mozilla/5.0 (Macintosh; Intel Mac OS X 10_10_1) AppleWebKit/600.2.5 (KHTML, like Gecko) Version/8.0.2 Safari/600.2.5 (Amazonbot/0.1; +https://developer.amazon.com/support/amazonbot)" "-"
3.224.220.0 - - [02/Feb/2024:05:08:17 +0100] "GET /?p=7520 HTTP/1.1" 301 - cronicareinodearagon.com "-" "Mozilla/5.0 (Macintosh; Intel Mac OS X 10_10_1) AppleWebKit/600.2.5 (KHTML, like Gecko) Version/8.0.2 Safari/600.2.5 (Amazonbot/0.1; +https://developer.amazon.com/support/amazonbot)" "-"
51.15.254.0 - - [02/Feb/2024:05:08:19 +0100] "POST /wp-login.php HTTP/1.1" 200 9604 cronicareinodearagon.com "-" "Mozilla/5.0 (Windows NT 6.1; Win64; x64) AppleWebKit/537.36 (KHTML, like Gecko) Chrome/78.0.3904.97 Safari/537.36" "-"
3.224.220.0 - - [02/Feb/2024:05:08:25 +0100] "GET /aragon/las-obras-de-la-nueva-residencia-de-mayores-en-agon-encaran-su-recta-final/ HTTP/1.1" 200 165388 cronicareinodearagon.com "-" "Mozilla/5.0 (Macintosh; Intel Mac OS X 10_10_1) AppleWebKit/600.2.5 (KHTML, like Gecko) Version/8.0.2 Safari/600.2.5 (Amazonbot/0.1; +https://developer.amazon.com/support/amazonbot)" "-"
23.22.35.0 - - [02/Feb/2024:05:08:29 +0100] "GET /?p=9148 HTTP/1.1" 301 - cronicareinodearagon.com "-" "Mozilla/5.0 (Macintosh; Intel Mac OS X 10_10_1) AppleWebKit/600.2.5 (KHTML, like Gecko) Version/8.0.2 Safari/600.2.5 (Amazonbot/0.1; +https://developer.amazon.com/support/amazonbot)" "-"
146.190.92.0 - - [02/Feb/2024:05:09:10 +0100] "GET /Mshell.php HTTP/1.1" 301 251 cronicareinodearagon.com "www.google.com" "Mozlila/5.0 (Linux; Android 7.0; SM-G892A Bulid/NRD90M; wv) AppleWebKit/537.36 (KHTML, like Gecko) Version/4.0 Chrome/60.0.3112.107 Moblie Safari/537.36" "-"
82.165.88.0 - - [02/Feb/2024:05:09:12 +0100] "POST /wp-cron.php?doing_wp_cron=1706846952.7323150634765625000000 HTTP/1.1" 200 - cronicareinodearagon.com "-" "WordPress/6.2.2; https://cronicareinodearagon.com" "-"
146.190.92.0 - - [02/Feb/2024:05:09:12 +0100] "GET /Mshell.php HTTP/1.1" 404 144868 cronicareinodearagon.com "www.google.com" "Mozlila/5.0 (Linux; Android 7.0; SM-G892A Bulid/NRD90M; wv) AppleWebKit/537.36 (KHTML, like Gecko) Version/4.0 Chrome/60.0.3112.107 Moblie Safari/537.36" "-"
82.165.88.0 - - [02/Feb/2024:05:09:45 +0100] "POST /wp-cron.php?doing_wp_cron=1706846985.8791170120239257812500 HTTP/1.1" 200 - cronicareinodearagon.com "-" "WordPress/6.2.2; https://cronicareinodearagon.com" "-"
23.22.35.0 - - [02/Feb/2024:05:09:45 +0100] "GET /economia/zaragoza-aprueba-la-modificacion-del-tipo-general-del-ibi-al-04-para-2023/ HTTP/1.1" 200 162540 cronicareinodearagon.com "-" "Mozilla/5.0 (Macintosh; Intel Mac OS X 10_10_1) AppleWebKit/600.2.5 (KHTML, like Gecko) Version/8.0.2 Safari/600.2.5 (Amazonbot/0.1; +https://developer.amazon.com/support/amazonbot)" "-"
52.70.240.0 - - [02/Feb/2024:05:09:49 +0100] "GET /?p=8194 HTTP/1.1" 301 - cronicareinodearagon.com "-" "Mozilla/5.0 (Macintosh; Intel Mac OS X 10_10_1) AppleWebKit/600.2.5 (KHTML, like Gecko) Version/8.0.2 Safari/600.2.5 (Amazonbot/0.1; +https://developer.amazon.com/support/amazonbot)" "-"
66.249.84.0 - - [02/Feb/2024:05:11:41 +0100] "GET /category/sociedad/feed/ HTTP/1.1" 200 16233 cronicareinodearagon.com "-" "FeedFetcher-Google; (+http://www.google.com/feedfetcher.html)" "-"
34.77.249.0 - - [02/Feb/2024:05:16:48 +0100] "POST /wp-login.php HTTP/1.1" 200 9585 cronicareinodearagon.com "-" "Mozilla/5.0 (Windows NT 10.0; Win64; x64) AppleWebKit/537.36 (KHTML, like Gecko) Chrome/62.0.3202.89 Safari/537.36" "-"
82.165.88.0 - - [02/Feb/2024:05:16:49 +0100] "POST /wp-cron.php?doing_wp_cron=1706847409.1849749088287353515625 HTTP/1.1" 200 - cronicareinodearagon.com "-" "WordPress/6.2.2; https://cronicareinodearagon.com" "-"
159.223.55.0 - - [02/Feb/2024:05:19:28 +0100] "GET /Mshell.php HTTP/1.1" 301 251 cronicareinodearagon.com "www.google.com" "Mozlila/5.0 (Linux; Android 7.0; SM-G892A Bulid/NRD90M; wv) AppleWebKit/537.36 (KHTML, like Gecko) Version/4.0 Chrome/60.0.3112.107 Moblie Safari/537.36" "-"
159.223.55.0 - - [02/Feb/2024:05:19:31 +0100] "GET /Mshell.php HTTP/1.1" 404 144868 cronicareinodearagon.com "www.google.com" "Mozlila/5.0 (Linux; Android 7.0; SM-G892A Bulid/NRD90M; wv) AppleWebKit/537.36 (KHTML, like Gecko) Version/4.0 Chrome/60.0.3112.107 Moblie Safari/537.36" "-"
82.165.88.0 - - [02/Feb/2024:05:19:32 +0100] "POST /wp-cron.php?doing_wp_cron=1706847572.2749769687652587890625 HTTP/1.1" 200 - cronicareinodearagon.com "-" "WordPress/6.2.2; https://cronicareinodearagon.com" "-"
52.70.240.0 - - [02/Feb/2024:05:22:49 +0100] "GET /aragon/iu-pp-andalucia-gobierno-agua-sequia-consumo-canon-toni-valero-juanma-moreno/ HTTP/1.1" 200 161780 cronicareinodearagon.com "-" "Mozilla/5.0 (Macintosh; Intel Mac OS X 10_10_1) AppleWebKit/600.2.5 (KHTML, like Gecko) Version/8.0.2 Safari/600.2.5 (Amazonbot/0.1; +https://developer.amazon.com/support/amazonbot)" "-"
82.165.88.0 - - [02/Feb/2024:05:22:50 +0100] "POST /wp-cron.php?doing_wp_cron=1706847770.0404810905456542968750 HTTP/1.1" 200 - cronicareinodearagon.com "-" "WordPress/6.2.2; https://cronicareinodearagon.com" "-"
3.224.220.0 - - [02/Feb/2024:05:22:53 +0100] "GET /?p=7849 HTTP/1.1" 301 - cronicareinodearagon.com "-" "Mozilla/5.0 (Macintosh; Intel Mac OS X 10_10_1) AppleWebKit/600.2.5 (KHTML, like Gecko) Version/8.0.2 Safari/600.2.5 (Amazonbot/0.1; +https://developer.amazon.com/support/amazonbot)" "-"
157.55.39.0 - - [02/Feb/2024:05:23:13 +0100] "GET /aragon/astic-reconocimiento-carreras-grupo/ HTTP/1.1" 200 32603 cronicareinodearagon.com "-" "Mozilla/5.0 AppleWebKit/537.36 (KHTML, like Gecko; compatible; bingbot/2.0; +http://www.bing.com/bingbot.htm) Chrome/116.0.1938.76 Safari/537.36" "-"
66.249.84.0 - - [02/Feb/2024:05:27:31 +0100] "GET /category/politica/feed/ HTTP/1.1" 200 18273 cronicareinodearagon.com "-" "FeedFetcher-Google; (+http://www.google.com/feedfetcher.html)" "-"
66.249.84.0 - - [02/Feb/2024:05:27:55 +0100] "GET /category/educacion/feed/ HTTP/1.1" 200 16487 cronicareinodearagon.com "-" "FeedFetcher-Google; (+http://www.google.com/feedfetcher.html)" "-"
103.157.27.0 - - [02/Feb/2024:05:31:18 +0100] "POST /wp-login.php HTTP/1.1" 200 9580 cronicareinodearagon.com "-" "Mozilla/5.0 (Windows NT 10.0; Win64; x64) AppleWebKit/537.36 (KHTML, like Gecko) Chrome/70.0.3538.67 Safari/537.36" "-"
82.165.88.0 - - [02/Feb/2024:05:31:18 +0100] "POST /wp-cron.php?doing_wp_cron=1706848278.8314120769500732421875 HTTP/1.1" 200 - cronicareinodearagon.com "-" "WordPress/6.2.2; https://cronicareinodearagon.com" "-"
2606:cc0:: - - [02/Feb/2024:05:33:10 +0100] "GET /.env HTTP/1.1" 300 492 cronicadegranada.com "-" "Mozilla/5.0 (X11; Linux x86_64) AppleWebKit/537.36 (KHTML, like Gecko) Chrome/81.0.4044.129 Safari/537.36" "-"
2606:cc0:: - - [02/Feb/2024:05:34:21 +0100] "POST / HTTP/1.1" 200 336 cronicadegranada.com "-" "Mozilla/5.0 (X11; Linux x86_64) AppleWebKit/537.36 (KHTML, like Gecko) Chrome/81.0.4044.129 Safari/537.36" "-"
3.224.220.0 - - [02/Feb/2024:05:35:21 +0100] "GET /opinion/poesia-y-espada/ HTTP/1.1" 200 162919 cronicareinodearagon.com "-" "Mozilla/5.0 (Macintosh; Intel Mac OS X 10_10_1) AppleWebKit/600.2.5 (KHTML, like Gecko) Version/8.0.2 Safari/600.2.5 (Amazonbot/0.1; +https://developer.amazon.com/support/amazonbot)" "-"
82.165.88.0 - - [02/Feb/2024:05:35:22 +0100] "POST /wp-cron.php?doing_wp_cron=1706848522.0562829971313476562500 HTTP/1.1" 200 - cronicareinodearagon.com "-" "WordPress/6.2.2; https://cronicareinodearagon.com" "-"
52.70.240.0 - - [02/Feb/2024:05:35:28 +0100] "GET /?p=6554 HTTP/1.1" 301 - cronicareinodearagon.com "-" "Mozilla/5.0 (Macintosh; Intel Mac OS X 10_10_1) AppleWebKit/600.2.5 (KHTML, like Gecko) Version/8.0.2 Safari/600.2.5 (Amazonbot/0.1; +https://developer.amazon.com/support/amazonbot)" "-"
159.223.55.0 - - [02/Feb/2024:05:38:51 +0100] "GET /cong.php HTTP/1.1" 301 249 cronicareinodearagon.com "www.google.com" "Mozlila/5.0 (Linux; Android 7.0; SM-G892A Bulid/NRD90M; wv) AppleWebKit/537.36 (KHTML, like Gecko) Version/4.0 Chrome/60.0.3112.107 Moblie Safari/537.36" "-"
82.165.88.0 - - [02/Feb/2024:05:38:53 +0100] "POST /wp-cron.php?doing_wp_cron=1706848733.5836760997772216796875 HTTP/1.1" 200 - cronicareinodearagon.com "-" "WordPress/6.2.2; https://cronicareinodearagon.com" "-"
159.223.55.0 - - [02/Feb/2024:05:38:53 +0100] "GET /cong.php HTTP/1.1" 404 144862 cronicareinodearagon.com "www.google.com" "Mozlila/5.0 (Linux; Android 7.0; SM-G892A Bulid/NRD90M; wv) AppleWebKit/537.36 (KHTML, like Gecko) Version/4.0 Chrome/60.0.3112.107 Moblie Safari/537.36" "-"
159.223.55.0 - - [02/Feb/2024:05:38:58 +0100] "GET /st.php HTTP/1.1" 404 144856 cronicareinodearagon.com "www.google.com" "Mozlila/5.0 (Linux; Android 7.0; SM-G892A Bulid/NRD90M; wv) AppleWebKit/537.36 (KHTML, like Gecko) Version/4.0 Chrome/60.0.3112.107 Moblie Safari/537.36" "-"
159.223.55.0 - - [02/Feb/2024:05:39:00 +0100] "GET /css/index.php HTTP/1.1" 301 254 cronicareinodearagon.com "www.google.com" "Mozlila/5.0 (Linux; Android 7.0; SM-G892A Bulid/NRD90M; wv) AppleWebKit/537.36 (KHTML, like Gecko) Version/4.0 Chrome/60.0.3112.107 Moblie Safari/537.36" "-"
159.223.55.0 - - [02/Feb/2024:05:39:01 +0100] "GET /css/index.php HTTP/1.1" 301 - cronicareinodearagon.com "www.google.com" "Mozlila/5.0 (Linux; Android 7.0; SM-G892A Bulid/NRD90M; wv) AppleWebKit/537.36 (KHTML, like Gecko) Version/4.0 Chrome/60.0.3112.107 Moblie Safari/537.36" "-"
159.223.55.0 - - [02/Feb/2024:05:39:04 +0100] "GET /css/ HTTP/1.1" 404 144847 cronicareinodearagon.com "www.google.com" "Mozlila/5.0 (Linux; Android 7.0; SM-G892A Bulid/NRD90M; wv) AppleWebKit/537.36 (KHTML, like Gecko) Version/4.0 Chrome/60.0.3112.107 Moblie Safari/537.36" "-"
159.223.55.0 - - [02/Feb/2024:05:39:09 +0100] "GET /radio.php HTTP/1.1" 404 144865 cronicareinodearagon.com "www.google.com" "Mozlila/5.0 (Linux; Android 7.0; SM-G892A Bulid/NRD90M; wv) AppleWebKit/537.36 (KHTML, like Gecko) Version/4.0 Chrome/60.0.3112.107 Moblie Safari/537.36" "-"
145.239.86.0 - - [02/Feb/2024:05:39:32 +0100] "POST /wp-login.php HTTP/1.1" 200 9614 cronicareinodearagon.com "-" "Mozilla/5.0 (Windows NT 6.1; WOW64) AppleWebKit/537.36 (KHTML, like Gecko) Chrome/47.0.2526.111 Safari/537.36 MVisionPlayer/1.0.0.0" "-"
82.165.88.0 - - [02/Feb/2024:05:43:04 +0100] "POST /wp-cron.php?doing_wp_cron=1706848984.7745640277862548828125 HTTP/1.1" 200 - cronicareinodearagon.com "-" "WordPress/6.2.2; https://cronicareinodearagon.com" "-"
35.245.96.0 - - [02/Feb/2024:05:43:04 +0100] "POST /wp-login.php HTTP/1.1" 200 9620 cronicareinodearagon.com "-" "Mozilla/5.0 (Windows NT 6.1) AppleWebKit/537.36 (KHTML, like Gecko) Chrome/80.0.3987.149 Safari/537.36" "-"
143.198.202.0 - - [02/Feb/2024:05:44:41 +0100] "GET /Mshell.php HTTP/1.1" 301 251 cronicareinodearagon.com "www.google.com" "Mozlila/5.0 (Linux; Android 7.0; SM-G892A Bulid/NRD90M; wv) AppleWebKit/537.36 (KHTML, like Gecko) Version/4.0 Chrome/60.0.3112.107 Moblie Safari/537.36" "-"
82.165.88.0 - - [02/Feb/2024:05:44:43 +0100] "POST /wp-cron.php?doing_wp_cron=1706849083.8849771022796630859375 HTTP/1.1" 200 - cronicareinodearagon.com "-" "WordPress/6.2.2; https://cronicareinodearagon.com" "-"
143.198.202.0 - - [02/Feb/2024:05:44:43 +0100] "GET /Mshell.php HTTP/1.1" 404 144868 cronicareinodearagon.com "www.google.com" "Mozlila/5.0 (Linux; Android 7.0; SM-G892A Bulid/NRD90M; wv) AppleWebKit/537.36 (KHTML, like Gecko) Version/4.0 Chrome/60.0.3112.107 Moblie Safari/537.36" "-"
3.224.220.0 - - [02/Feb/2024:05:48:49 +0100] "GET /economia/el-sicab-recoge-una-subida-de-asistentes-en-su-primera-edicion-postpandemia/ HTTP/1.1" 200 165058 cronicareinodearagon.com "-" "Mozilla/5.0 (Macintosh; Intel Mac OS X 10_10_1) AppleWebKit/600.2.5 (KHTML, like Gecko) Version/8.0.2 Safari/600.2.5 (Amazonbot/0.1; +https://developer.amazon.com/support/amazonbot)" "-"
82.165.88.0 - - [02/Feb/2024:05:48:50 +0100] "POST /wp-cron.php?doing_wp_cron=1706849330.0500528812408447265625 HTTP/1.1" 200 - cronicareinodearagon.com "-" "WordPress/6.2.2; https://cronicareinodearagon.com" "-"
3.224.220.0 - - [02/Feb/2024:05:48:53 +0100] "GET /?p=4121 HTTP/1.1" 301 - cronicareinodearagon.com "-" "Mozilla/5.0 (Macintosh; Intel Mac OS X 10_10_1) AppleWebKit/600.2.5 (KHTML, like Gecko) Version/8.0.2 Safari/600.2.5 (Amazonbot/0.1; +https://developer.amazon.com/support/amazonbot)" "-"
23.22.35.0 - - [02/Feb/2024:05:49:13 +0100] "GET /aragon/bonarea-afrontara-la-tercera-de-sus-cuatro-fases-tras-una-inversion-de-170-me/ HTTP/1.1" 200 166142 cronicareinodearagon.com "-" "Mozilla/5.0 (Macintosh; Intel Mac OS X 10_10_1) AppleWebKit/600.2.5 (KHTML, like Gecko) Version/8.0.2 Safari/600.2.5 (Amazonbot/0.1; +https://developer.amazon.com/support/amazonbot)" "-"
3.224.220.0 - - [02/Feb/2024:05:49:17 +0100] "GET /?p=9135 HTTP/1.1" 301 - cronicareinodearagon.com "-" "Mozilla/5.0 (Macintosh; Intel Mac OS X 10_10_1) AppleWebKit/600.2.5 (KHTML, like Gecko) Version/8.0.2 Safari/600.2.5 (Amazonbot/0.1; +https://developer.amazon.com/support/amazonbot)" "-"
54.36.148.0 - - [02/Feb/2024:05:49:45 +0100] "GET /aragon/espadas-reconoce-desgaste-caso-ere/ HTTP/1.1" 200 169689 cronicareinodearagon.com "-" "Mozilla/5.0 (compatible; AhrefsBot/7.0; +http://ahrefs.com/robot/)" "-"
82.165.88.0 - - [02/Feb/2024:05:49:46 +0100] "POST /wp-cron.php?doing_wp_cron=1706849386.1473081111907958984375 HTTP/1.1" 200 - cronicareinodearagon.com "-" "WordPress/6.2.2; https://cronicareinodearagon.com" "-"
192.42.116.0 - - [02/Feb/2024:05:50:14 +0100] "POST /xmlrpc.php HTTP/1.1" 200 416 cronicareinodearagon.com "-" "Mozilla/5.0 (Windows NT 10.0; Win64; x64) AppleWebKit/537.36 (KHTML, like Gecko) Chrome/69.0.3497.100 Safari/537.36" "-"
192.42.116.0 - - [02/Feb/2024:05:50:15 +0100] "POST /xmlrpc.php HTTP/1.1" 200 416 cronicareinodearagon.com "-" "Mozilla/5.0 (Windows NT 10.0; Win64; x64) AppleWebKit/537.36 (KHTML, like Gecko) Chrome/69.0.3497.100 Safari/537.36" "-"
192.42.116.0 - - [02/Feb/2024:05:50:16 +0100] "POST /xmlrpc.php HTTP/1.1" 403 775 cronicareinodearagon.com "-" "Mozilla/5.0 (Windows NT 10.0; Win64; x64) AppleWebKit/537.36 (KHTML, like Gecko) Chrome/69.0.3497.100 Safari/537.36" "-"
192.42.116.0 - - [02/Feb/2024:05:50:17 +0100] "POST /xmlrpc.php HTTP/1.1" 403 775 cronicareinodearagon.com "-" "Mozilla/5.0 (Windows NT 10.0; Win64; x64) AppleWebKit/537.36 (KHTML, like Gecko) Chrome/69.0.3497.100 Safari/537.36" "-"
192.42.116.0 - - [02/Feb/2024:05:50:18 +0100] "POST /xmlrpc.php HTTP/1.1" 403 775 cronicareinodearagon.com "-" "Mozilla/5.0 (Windows NT 10.0; Win64; x64) AppleWebKit/537.36 (KHTML, like Gecko) Chrome/69.0.3497.100 Safari/537.36" "-"
23.22.35.0 - - [02/Feb/2024:05:53:29 +0100] "GET /aviso-legal/ HTTP/1.1" 200 31789 cronicareinodearagon.com "-" "Mozilla/5.0 (Macintosh; Intel Mac OS X 10_10_1) AppleWebKit/600.2.5 (KHTML, like Gecko) Version/8.0.2 Safari/600.2.5 (Amazonbot/0.1; +https://developer.amazon.com/support/amazonbot)" "-"
23.22.35.0 - - [02/Feb/2024:05:53:33 +0100] "GET /?p=3329 HTTP/1.1" 301 - cronicareinodearagon.com "-" "Mozilla/5.0 (Macintosh; Intel Mac OS X 10_10_1) AppleWebKit/600.2.5 (KHTML, like Gecko) Version/8.0.2 Safari/600.2.5 (Amazonbot/0.1; +https://developer.amazon.com/support/amazonbot)" "-"
82.165.88.0 - - [02/Feb/2024:05:53:34 +0100] "POST /wp-cron.php?doing_wp_cron=1706849614.1573810577392578125000 HTTP/1.1" 200 - cronicareinodearagon.com "-" "WordPress/6.2.2; https://cronicareinodearagon.com" "-"
3.224.220.0 - - [02/Feb/2024:05:53:37 +0100] "GET /aviso-legal HTTP/1.1" 301 - cronicareinodearagon.com "-" "Mozilla/5.0 (Macintosh; Intel Mac OS X 10_10_1) AppleWebKit/600.2.5 (KHTML, like Gecko) Version/8.0.2 Safari/600.2.5 (Amazonbot/0.1; +https://developer.amazon.com/support/amazonbot)" "-"
52.70.240.0 - - [02/Feb/2024:05:55:17 +0100] "GET /aragon/andalucia-sufrio-un-incremento-de-las-emergencias-durante-las-fiestas-navidenas/ HTTP/1.1" 200 162786 cronicareinodearagon.com "-" "Mozilla/5.0 (Macintosh; Intel Mac OS X 10_10_1) AppleWebKit/600.2.5 (KHTML, like Gecko) Version/8.0.2 Safari/600.2.5 (Amazonbot/0.1; +https://developer.amazon.com/support/amazonbot)" "-"
82.165.88.0 - - [02/Feb/2024:05:55:18 +0100] "POST /wp-cron.php?doing_wp_cron=1706849718.0643689632415771484375 HTTP/1.1" 200 - cronicareinodearagon.com "-" "WordPress/6.2.2; https://cronicareinodearagon.com" "-"
3.224.220.0 - - [02/Feb/2024:05:55:21 +0100] "GET /?p=4619 HTTP/1.1" 301 - cronicareinodearagon.com "-" "Mozilla/5.0 (Macintosh; Intel Mac OS X 10_10_1) AppleWebKit/600.2.5 (KHTML, like Gecko) Version/8.0.2 Safari/600.2.5 (Amazonbot/0.1; +https://developer.amazon.com/support/amazonbot)" "-"
52.70.240.0 - - [02/Feb/2024:05:56:25 +0100] "GET /aragon/nuevos-impuestos-sector-primario-agricultura-ganaderia-moreno-bonilla-andalucia/ HTTP/1.1" 200 167027 cronicareinodearagon.com "-" "Mozilla/5.0 (Macintosh; Intel Mac OS X 10_10_1) AppleWebKit/600.2.5 (KHTML, like Gecko) Version/8.0.2 Safari/600.2.5 (Amazonbot/0.1; +https://developer.amazon.com/support/amazonbot)" "-"
82.165.88.0 - - [02/Feb/2024:05:56:26 +0100] "POST /wp-cron.php?doing_wp_cron=1706849785.9711999893188476562500 HTTP/1.1" 200 - cronicareinodearagon.com "-" "WordPress/6.2.2; https://cronicareinodearagon.com" "-"
52.70.240.0 - - [02/Feb/2024:05:56:29 +0100] "GET /?p=4816 HTTP/1.1" 301 - cronicareinodearagon.com "-" "Mozilla/5.0 (Macintosh; Intel Mac OS X 10_10_1) AppleWebKit/600.2.5 (KHTML, like Gecko) Version/8.0.2 Safari/600.2.5 (Amazonbot/0.1; +https://developer.amazon.com/support/amazonbot)" "-"
23.22.35.0 - - [02/Feb/2024:05:57:09 +0100] "GET /sociedad/mamografias-sevilla-quiron-cancer-mama-revision-gratis-salud-sanidad-andalucia/ HTTP/1.1" 200 165051 cronicareinodearagon.com "-" "Mozilla/5.0 (Macintosh; Intel Mac OS X 10_10_1) AppleWebKit/600.2.5 (KHTML, like Gecko) Version/8.0.2 Safari/600.2.5 (Amazonbot/0.1; +https://developer.amazon.com/support/amazonbot)" "-"
82.165.88.0 - - [02/Feb/2024:05:57:10 +0100] "POST /wp-cron.php?doing_wp_cron=1706849830.1139740943908691406250 HTTP/1.1" 200 - cronicareinodearagon.com "-" "WordPress/6.2.2; https://cronicareinodearagon.com" "-"
52.70.240.0 - - [02/Feb/2024:05:57:13 +0100] "GET /?p=7955 HTTP/1.1" 301 - cronicareinodearagon.com "-" "Mozilla/5.0 (Macintosh; Intel Mac OS X 10_10_1) AppleWebKit/600.2.5 (KHTML, like Gecko) Version/8.0.2 Safari/600.2.5 (Amazonbot/0.1; +https://developer.amazon.com/support/amazonbot)" "-"
185.241.208.0 - - [02/Feb/2024:05:57:34 +0100] "GET / HTTP/1.1" 200 336 cronicadearagon.com "-" "Go-http-client/1.1" "-"
185.241.208.0 - - [02/Feb/2024:05:57:34 +0100] "GET //cjfuns.php HTTP/1.1" 404 596 cronicadearagon.com "-" "Go-http-client/1.1" "-"
185.241.208.0 - - [02/Feb/2024:05:57:34 +0100] "GET //wp-head.php HTTP/1.1" 404 596 cronicadearagon.com "-" "Go-http-client/1.1" "-"
185.241.208.0 - - [02/Feb/2024:05:57:35 +0100] "GET //class.api.php HTTP/1.1" 404 596 cronicadearagon.com "-" "Go-http-client/1.1" "-"
185.241.208.0 - - [02/Feb/2024:05:57:35 +0100] "GET //st.php HTTP/1.1" 404 596 cronicadearagon.com "-" "Go-http-client/1.1" "-"
185.241.208.0 - - [02/Feb/2024:05:57:35 +0100] "GET //my1.php HTTP/1.1" 404 596 cronicadearagon.com "-" "Go-http-client/1.1" "-"
52.70.240.0 - - [02/Feb/2024:05:57:49 +0100] "GET /politica/liz-truss-dimite-como-primera-ministra-de-reino-unido-tras-45-dias-en-el-cargo/ HTTP/1.1" 200 161590 cronicareinodearagon.com "-" "Mozilla/5.0 (Macintosh; Intel Mac OS X 10_10_1) AppleWebKit/600.2.5 (KHTML, like Gecko) Version/8.0.2 Safari/600.2.5 (Amazonbot/0.1; +https://developer.amazon.com/support/amazonbot)" "-"
82.165.88.0 - - [02/Feb/2024:05:57:50 +0100] "POST /wp-cron.php?doing_wp_cron=1706849870.1017649173736572265625 HTTP/1.1" 200 - cronicareinodearagon.com "-" "WordPress/6.2.2; https://cronicareinodearagon.com" "-"
52.70.240.0 - - [02/Feb/2024:05:57:53 +0100] "GET /?p=8191 HTTP/1.1" 301 - cronicareinodearagon.com "-" "Mozilla/5.0 (Macintosh; Intel Mac OS X 10_10_1) AppleWebKit/600.2.5 (KHTML, like Gecko) Version/8.0.2 Safari/600.2.5 (Amazonbot/0.1; +https://developer.amazon.com/support/amazonbot)" "-"
74.125.212.0 - - [02/Feb/2024:05:57:59 +0100] "GET /category/economia/feed/ HTTP/1.1" 200 12913 cronicareinodearagon.com "-" "FeedFetcher-Google; (+http://www.google.com/feedfetcher.html)" "-"
52.70.240.0 - - [02/Feb/2024:05:58:13 +0100] "GET /aragon/2-anos-de-carcel-por-abusar-de-una-nina-en-unas-piscinas-de-un-pueblo-de-huesca/ HTTP/1.1" 200 164586 cronicareinodearagon.com "-" "Mozilla/5.0 (Macintosh; Intel Mac OS X 10_10_1) AppleWebKit/600.2.5 (KHTML, like Gecko) Version/8.0.2 Safari/600.2.5 (Amazonbot/0.1; +https://developer.amazon.com/support/amazonbot)" "-"
52.70.240.0 - - [02/Feb/2024:05:58:17 +0100] "GET /?p=8144 HTTP/1.1" 301 - cronicareinodearagon.com "-" "Mozilla/5.0 (Macintosh; Intel Mac OS X 10_10_1) AppleWebKit/600.2.5 (KHTML, like Gecko) Version/8.0.2 Safari/600.2.5 (Amazonbot/0.1; +https://developer.amazon.com/support/amazonbot)" "-"
82.165.88.0 - - [02/Feb/2024:05:58:53 +0100] "POST /wp-cron.php?doing_wp_cron=1706849933.9553670883178710937500 HTTP/1.1" 200 - cronicareinodearagon.com "-" "WordPress/6.2.2; https://cronicareinodearagon.com" "-"
52.70.240.0 - - [02/Feb/2024:05:58:53 +0100] "GET /aragon/chunta-aragonesista-subraya-la-necesidad-de-un-nuevo-plan-de-financiacion-local/ HTTP/1.1" 200 171121 cronicareinodearagon.com "-" "Mozilla/5.0 (Macintosh; Intel Mac OS X 10_10_1) AppleWebKit/600.2.5 (KHTML, like Gecko) Version/8.0.2 Safari/600.2.5 (Amazonbot/0.1; +https://developer.amazon.com/support/amazonbot)" "-"
23.22.35.0 - - [02/Feb/2024:05:58:58 +0100] "GET /?p=9342 HTTP/1.1" 301 - cronicareinodearagon.com "-" "Mozilla/5.0 (Macintosh; Intel Mac OS X 10_10_1) AppleWebKit/600.2.5 (KHTML, like Gecko) Version/8.0.2 Safari/600.2.5 (Amazonbot/0.1; +https://developer.amazon.com/support/amazonbot)" "-"
23.22.35.0 - - [02/Feb/2024:05:59:05 +0100] "GET /sociedad/ccco-denuncia-ayuntamiento-zaragoza-incumple-acuerdo-instalaciones-deportivas/ HTTP/1.1" 200 167030 cronicareinodearagon.com "-" "Mozilla/5.0 (Macintosh; Intel Mac OS X 10_10_1) AppleWebKit/600.2.5 (KHTML, like Gecko) Version/8.0.2 Safari/600.2.5 (Amazonbot/0.1; +https://developer.amazon.com/support/amazonbot)" "-"
23.22.35.0 - - [02/Feb/2024:05:59:09 +0100] "GET /?p=9329 HTTP/1.1" 301 - cronicareinodearagon.com "-" "Mozilla/5.0 (Macintosh; Intel Mac OS X 10_10_1) AppleWebKit/600.2.5 (KHTML, like Gecko) Version/8.0.2 Safari/600.2.5 (Amazonbot/0.1; +https://developer.amazon.com/support/amazonbot)" "-"
139.59.232.0 - - [02/Feb/2024:06:00:54 +0100] "POST /wp-login.php HTTP/1.1" 200 9604 cronicareinodearagon.com "-" "Mozilla/5.0 (Windows NT 10.0; Win64; x64) AppleWebKit/537.36 (KHTML, like Gecko) Chrome/54.0.2840.99 Safari/537.36" "-"
82.165.88.0 - - [02/Feb/2024:06:00:55 +0100] "POST /wp-cron.php?doing_wp_cron=1706850055.1186590194702148437500 HTTP/1.1" 200 - cronicareinodearagon.com "-" "WordPress/6.2.2; https://cronicareinodearagon.com" "-"
185.241.208.0 - - [02/Feb/2024:06:01:48 +0100] "GET / HTTP/1.1" 200 336 cronicademalaga.com "-" "Go-http-client/1.1" "-"
185.241.208.0 - - [02/Feb/2024:06:01:48 +0100] "GET //cjfuns.php HTTP/1.1" 404 596 cronicademalaga.com "-" "Go-http-client/1.1" "-"
185.241.208.0 - - [02/Feb/2024:06:01:48 +0100] "GET //wp-head.php HTTP/1.1" 404 596 cronicademalaga.com "-" "Go-http-client/1.1" "-"
185.241.208.0 - - [02/Feb/2024:06:01:48 +0100] "GET //class.api.php HTTP/1.1" 404 596 cronicademalaga.com "-" "Go-http-client/1.1" "-"
185.241.208.0 - - [02/Feb/2024:06:01:48 +0100] "GET //st.php HTTP/1.1" 404 596 cronicademalaga.com "-" "Go-http-client/1.1" "-"
185.241.208.0 - - [02/Feb/2024:06:01:48 +0100] "GET //my1.php HTTP/1.1" 404 596 cronicademalaga.com "-" "Go-http-client/1.1" "-"
159.223.55.0 - - [02/Feb/2024:06:04:40 +0100] "GET /wp-includes/themes.php HTTP/1.1" 301 263 cronicareinodearagon.com "www.google.com" "Mozlila/5.0 (Linux; Android 7.0; SM-G892A Bulid/NRD90M; wv) AppleWebKit/537.36 (KHTML, like Gecko) Version/4.0 Chrome/60.0.3112.107 Moblie Safari/537.36" "-"
82.165.88.0 - - [02/Feb/2024:06:04:46 +0100] "POST /wp-cron.php?doing_wp_cron=1706850286.3855779170989990234375 HTTP/1.1" 200 - cronicareinodearagon.com "-" "WordPress/6.2.2; https://cronicareinodearagon.com" "-"
159.223.55.0 - - [02/Feb/2024:06:04:46 +0100] "GET /wp-includes/themes.php HTTP/1.1" 404 144905 cronicareinodearagon.com "www.google.com" "Mozlila/5.0 (Linux; Android 7.0; SM-G892A Bulid/NRD90M; wv) AppleWebKit/537.36 (KHTML, like Gecko) Version/4.0 Chrome/60.0.3112.107 Moblie Safari/537.36" "-"
159.223.55.0 - - [02/Feb/2024:06:04:57 +0100] "GET /wp-admin/css/index.php HTTP/1.1" 301 - cronicareinodearagon.com "www.google.com" "Mozlila/5.0 (Linux; Android 7.0; SM-G892A Bulid/NRD90M; wv) AppleWebKit/537.36 (KHTML, like Gecko) Version/4.0 Chrome/60.0.3112.107 Moblie Safari/537.36" "-"
159.223.55.0 - - [02/Feb/2024:06:04:58 +0100] "GET /wp-admin/css/ HTTP/1.1" 403 775 cronicareinodearagon.com "www.google.com" "Mozlila/5.0 (Linux; Android 7.0; SM-G892A Bulid/NRD90M; wv) AppleWebKit/537.36 (KHTML, like Gecko) Version/4.0 Chrome/60.0.3112.107 Moblie Safari/537.36" "-"
207.46.13.0 - - [02/Feb/2024:06:06:12 +0100] "GET /post-sitemap.xml HTTP/1.1" 200 198989 cronicareinodearagon.com "-" "Mozilla/5.0 AppleWebKit/537.36 (KHTML, like Gecko; compatible; bingbot/2.0; +http://www.bing.com/bingbot.htm) Chrome/116.0.1938.76 Safari/537.36" "-"
82.165.88.0 - - [02/Feb/2024:06:06:13 +0100] "POST /wp-cron.php?doing_wp_cron=1706850373.2264180183410644531250 HTTP/1.1" 200 - cronicareinodearagon.com "-" "WordPress/6.2.2; https://cronicareinodearagon.com" "-"
207.46.13.0 - - [02/Feb/2024:06:06:15 +0100] "GET /post-sitemap.xml HTTP/1.1" 200 198989 cronicareinodearagon.com "-" "Mozilla/5.0 AppleWebKit/537.36 (KHTML, like Gecko; compatible; bingbot/2.0; +http://www.bing.com/bingbot.htm) Chrome/116.0.1938.76 Safari/537.36" "-"
45.55.158.0 - - [02/Feb/2024:06:06:21 +0100] "POST /wp-login.php HTTP/1.1" 200 9614 cronicareinodearagon.com "-" "Mozilla/5.0 (Windows NT 10.0; Win64; x64) AppleWebKit/537.36 (KHTML, like Gecko) Chrome/62.0.3202.89 Safari/537.36" "-"
128.199.239.0 - - [02/Feb/2024:06:06:34 +0100] "GET /cong.php HTTP/1.1" 301 249 cronicareinodearagon.com "www.google.com" "Mozlila/5.0 (Linux; Android 7.0; SM-G892A Bulid/NRD90M; wv) AppleWebKit/537.36 (KHTML, like Gecko) Version/4.0 Chrome/60.0.3112.107 Moblie Safari/537.36" "-"
128.199.239.0 - - [02/Feb/2024:06:06:36 +0100] "GET /cong.php HTTP/1.1" 404 144862 cronicareinodearagon.com "www.google.com" "Mozlila/5.0 (Linux; Android 7.0; SM-G892A Bulid/NRD90M; wv) AppleWebKit/537.36 (KHTML, like Gecko) Version/4.0 Chrome/60.0.3112.107 Moblie Safari/537.36" "-"
128.199.239.0 - - [02/Feb/2024:06:06:40 +0100] "GET /st.php HTTP/1.1" 404 144856 cronicareinodearagon.com "www.google.com" "Mozlila/5.0 (Linux; Android 7.0; SM-G892A Bulid/NRD90M; wv) AppleWebKit/537.36 (KHTML, like Gecko) Version/4.0 Chrome/60.0.3112.107 Moblie Safari/537.36" "-"
128.199.239.0 - - [02/Feb/2024:06:06:46 +0100] "GET /css/index.php HTTP/1.1" 301 254 cronicareinodearagon.com "www.google.com" "Mozlila/5.0 (Linux; Android 7.0; SM-G892A Bulid/NRD90M; wv) AppleWebKit/537.36 (KHTML, like Gecko) Version/4.0 Chrome/60.0.3112.107 Moblie Safari/537.36" "-"
82.165.88.0 - - [02/Feb/2024:06:06:49 +0100] "POST /wp-cron.php?doing_wp_cron=1706850409.3238999843597412109375 HTTP/1.1" 200 - cronicareinodearagon.com "-" "WordPress/6.2.2; https://cronicareinodearagon.com" "-"
128.199.239.0 - - [02/Feb/2024:06:06:49 +0100] "GET /css/index.php HTTP/1.1" 301 - cronicareinodearagon.com "www.google.com" "Mozlila/5.0 (Linux; Android 7.0; SM-G892A Bulid/NRD90M; wv) AppleWebKit/537.36 (KHTML, like Gecko) Version/4.0 Chrome/60.0.3112.107 Moblie Safari/537.36" "-"
128.199.239.0 - - [02/Feb/2024:06:06:50 +0100] "GET /css/ HTTP/1.1" 404 144847 cronicareinodearagon.com "www.google.com" "Mozlila/5.0 (Linux; Android 7.0; SM-G892A Bulid/NRD90M; wv) AppleWebKit/537.36 (KHTML, like Gecko) Version/4.0 Chrome/60.0.3112.107 Moblie Safari/537.36" "-"
128.199.239.0 - - [02/Feb/2024:06:06:54 +0100] "GET /radio.php HTTP/1.1" 404 144865 cronicareinodearagon.com "www.google.com" "Mozlila/5.0 (Linux; Android 7.0; SM-G892A Bulid/NRD90M; wv) AppleWebKit/537.36 (KHTML, like Gecko) Version/4.0 Chrome/60.0.3112.107 Moblie Safari/537.36" "-"
54.36.148.0 - - [02/Feb/2024:06:07:14 +0100] "GET /educacion/reformas-colegios-provincia-cadiz-junta-andalucia/ HTTP/1.1" 200 166209 cronicareinodearagon.com "-" "Mozilla/5.0 (compatible; AhrefsBot/7.0; +http://ahrefs.com/robot/)" "-"
185.18.197.0 - - [02/Feb/2024:06:09:42 +0100] "POST /wp-login.php HTTP/1.1" 200 9585 cronicareinodearagon.com "-" "Mozilla/5.0 (Windows NT 6.1; WOW64) AppleWebKit/537.36 (KHTML, like Gecko) Chrome/32.0.1700.107 Safari/537.36" "-"
82.165.88.0 - - [02/Feb/2024:06:09:43 +0100] "POST /wp-cron.php?doing_wp_cron=1706850583.0073859691619873046875 HTTP/1.1" 200 - cronicareinodearagon.com "-" "WordPress/6.2.2; https://cronicareinodearagon.com" "-"
164.90.232.0 - - [02/Feb/2024:06:09:52 +0100] "POST /wp-login.php HTTP/1.1" 200 9620 cronicareinodearagon.com "-" "Mozilla/5.0 (Windows NT 6.1; Win64; x64) AppleWebKit/537.36 (KHTML, like Gecko) Chrome/80.0.3987.163 Safari/537.36" "-"
3.224.220.0 - - [02/Feb/2024:06:13:52 +0100] "GET /aragon/guitarte-hemos-aprendido-que-tener-una-formacion-politica-propia-es-el-unico-camino/ HTTP/1.1" 200 35399 cronicareinodearagon.com "-" "Mozilla/5.0 (Macintosh; Intel Mac OS X 10_10_1) AppleWebKit/600.2.5 (KHTML, like Gecko) Version/8.0.2 Safari/600.2.5 (Amazonbot/0.1; +https://developer.amazon.com/support/amazonbot)" "-"
82.165.88.0 - - [02/Feb/2024:06:13:56 +0100] "POST /wp-cron.php?doing_wp_cron=1706850836.8012878894805908203125 HTTP/1.1" 200 - cronicareinodearagon.com "-" "WordPress/6.2.2; https://cronicareinodearagon.com" "-"
52.70.240.0 - - [02/Feb/2024:06:13:56 +0100] "GET /?p=9348 HTTP/1.1" 301 - cronicareinodearagon.com "-" "Mozilla/5.0 (Macintosh; Intel Mac OS X 10_10_1) AppleWebKit/600.2.5 (KHTML, like Gecko) Version/8.0.2 Safari/600.2.5 (Amazonbot/0.1; +https://developer.amazon.com/support/amazonbot)" "-"
82.165.88.0 - - [02/Feb/2024:06:16:25 +0100] "POST /wp-cron.php?doing_wp_cron=1706850985.8804531097412109375000 HTTP/1.1" 200 - cronicareinodearagon.com "-" "WordPress/6.2.2; https://cronicareinodearagon.com" "-"
83.96.255.0 - - [02/Feb/2024:06:16:25 +0100] "POST /xmlrpc.php HTTP/1.1" 200 416 cronicareinodearagon.com "-" "Mozilla/5.0 (Windows NT 10.0; Win64; x64; rv:94.0) Gecko/20100101 Firefox/94.0" "-"
82.165.88.0 - - [02/Feb/2024:06:19:16 +0100] "POST /wp-cron.php?doing_wp_cron=1706851156.8080348968505859375000 HTTP/1.1" 200 - cronicareinodearagon.com "-" "WordPress/6.2.2; https://cronicareinodearagon.com" "-"
3.224.220.0 - - [02/Feb/2024:06:19:16 +0100] "GET /aragon/la-batalla-interna-del-pp-se-recrudece-en-andalucia-con-moreno-bonilla-de-espectador/ HTTP/1.1" 200 167063 cronicareinodearagon.com "-" "Mozilla/5.0 (Macintosh; Intel Mac OS X 10_10_1) AppleWebKit/600.2.5 (KHTML, like Gecko) Version/8.0.2 Safari/600.2.5 (Amazonbot/0.1; +https://developer.amazon.com/support/amazonbot)" "-"
3.224.220.0 - - [02/Feb/2024:06:19:20 +0100] "GET /?p=4118 HTTP/1.1" 301 - cronicareinodearagon.com "-" "Mozilla/5.0 (Macintosh; Intel Mac OS X 10_10_1) AppleWebKit/600.2.5 (KHTML, like Gecko) Version/8.0.2 Safari/600.2.5 (Amazonbot/0.1; +https://developer.amazon.com/support/amazonbot)" "-"
52.70.240.0 - - [02/Feb/2024:06:19:24 +0100] "GET /politica/la-otan-pide-a-iran-que-deje-de-suministrar-drones-a-rusia-y-la-ue-aprueba-sanciones/ HTTP/1.1" 200 165990 cronicareinodearagon.com "-" "Mozilla/5.0 (Macintosh; Intel Mac OS X 10_10_1) AppleWebKit/600.2.5 (KHTML, like Gecko) Version/8.0.2 Safari/600.2.5 (Amazonbot/0.1; +https://developer.amazon.com/support/amazonbot)" "-"
3.224.220.0 - - [02/Feb/2024:06:19:28 +0100] "GET /?p=8201 HTTP/1.1" 301 - cronicareinodearagon.com "-" "Mozilla/5.0 (Macintosh; Intel Mac OS X 10_10_1) AppleWebKit/600.2.5 (KHTML, like Gecko) Version/8.0.2 Safari/600.2.5 (Amazonbot/0.1; +https://developer.amazon.com/support/amazonbot)" "-"
46.248.173.0 - - [02/Feb/2024:06:19:34 +0100] "GET /robots.txt HTTP/1.1" 200 202 cronicareinodearagon.com "-" "GuzzleHttp/7" "-"
46.248.173.0 - - [02/Feb/2024:06:19:34 +0100] "GET /sitemap_index.xml HTTP/1.1" 200 693 cronicareinodearagon.com "-" "GuzzleHttp/7" "-"
46.248.173.0 - - [02/Feb/2024:06:19:35 +0100] "GET //sitemap.xml HTTP/1.1" 301 - cronicareinodearagon.com "-" "GuzzleHttp/7" "-"
46.248.173.0 - - [02/Feb/2024:06:19:35 +0100] "GET /sitemap.xml HTTP/1.1" 301 - cronicareinodearagon.com "-" "GuzzleHttp/7" "-"
46.248.173.0 - - [02/Feb/2024:06:19:36 +0100] "GET /sitemap_index.xml HTTP/1.1" 200 693 cronicareinodearagon.com "-" "GuzzleHttp/7" "-"
46.248.173.0 - - [02/Feb/2024:06:19:36 +0100] "GET //sitemap.xml HTTP/1.1" 301 - cronicareinodearagon.com "-" "GuzzleHttp/7" "-"
46.248.173.0 - - [02/Feb/2024:06:19:36 +0100] "GET /sitemap.xml HTTP/1.1" 301 - cronicareinodearagon.com "-" "GuzzleHttp/7" "-"
23.22.35.0 - - [02/Feb/2024:06:19:36 +0100] "GET /sociedad/diputacion-de-huesca-y-cruz-roja-unen-esfuerzos-para-impulsar-caminando-acompanados/ HTTP/1.1" 200 163696 cronicareinodearagon.com "-" "Mozilla/5.0 (Macintosh; Intel Mac OS X 10_10_1) AppleWebKit/600.2.5 (KHTML, like Gecko) Version/8.0.2 Safari/600.2.5 (Amazonbot/0.1; +https://developer.amazon.com/support/amazonbot)" "-"
46.248.173.0 - - [02/Feb/2024:06:19:37 +0100] "GET /sitemap_index.xml HTTP/1.1" 200 693 cronicareinodearagon.com "-" "GuzzleHttp/7" "-"
46.248.173.0 - - [02/Feb/2024:06:19:37 +0100] "GET / HTTP/1.1" 200 319420 cronicareinodearagon.com "-" "GuzzleHttp/7" "-"
104.232.197.0 - - [02/Feb/2024:06:19:38 +0100] "GET /category/politica/ HTTP/1.1" 200 147363 cronicareinodearagon.com "-" "Anthill" "-"
23.92.126.0 - - [02/Feb/2024:06:19:40 +0100] "GET /category/aragon/huesca/ HTTP/1.1" 200 147255 cronicareinodearagon.com "-" "Anthill" "-"
3.224.220.0 - - [02/Feb/2024:06:19:40 +0100] "GET /?p=9085 HTTP/1.1" 301 - cronicareinodearagon.com "-" "Mozilla/5.0 (Macintosh; Intel Mac OS X 10_10_1) AppleWebKit/600.2.5 (KHTML, like Gecko) Version/8.0.2 Safari/600.2.5 (Amazonbot/0.1; +https://developer.amazon.com/support/amazonbot)" "-"
104.232.197.0 - - [02/Feb/2024:06:19:42 +0100] "GET /category/politica/ HTTP/1.1" 200 147363 cronicareinodearagon.com "-" "Anthill" "-"
5.153.237.0 - - [02/Feb/2024:06:19:43 +0100] "GET /category/aragon/huesca/ HTTP/1.1" 200 147255 cronicareinodearagon.com "-" "Anthill" "-"
166.88.139.0 - - [02/Feb/2024:06:19:45 +0100] "GET /aragon/el-biogas-como-aliado-en-la-descarbonizacion-tematica-de-jornada-de-itainnova-circe-y-clenar/ HTTP/1.1" 200 165424 cronicareinodearagon.com "-" "Anthill" "-"
166.88.139.0 - - [02/Feb/2024:06:19:47 +0100] "GET /aragon/aragon-vacunacion-neumococo-junio/ HTTP/1.1" 200 161598 cronicareinodearagon.com "-" "Anthill" "-"
104.238.52.0 - - [02/Feb/2024:06:19:54 +0100] "GET /aragon/fima-digital-jornada-maquinaria-agricola/ HTTP/1.1" 200 161979 cronicareinodearagon.com "-" "Anthill" "-"
166.88.139.0 - - [02/Feb/2024:06:20:12 +0100] "GET /aragon/resultados-elecciones-autonomicas-municipales-aragon/ HTTP/1.1" 200 169152 cronicareinodearagon.com "-" "Anthill" "-"
91.108.182.0 - - [02/Feb/2024:06:20:13 +0100] "GET /aragon/segundo-avance-participacion-elecciones-aragon/ HTTP/1.1" 200 166437 cronicareinodearagon.com "-" "Anthill" "-"
166.88.139.0 - - [02/Feb/2024:06:20:15 +0100] "GET /aragon/avance-participacion-elecciones-aragon/ HTTP/1.1" 200 166812 cronicareinodearagon.com "-" "Anthill" "-"
82.165.88.0 - - [02/Feb/2024:06:20:22 +0100] "POST /wp-cron.php?doing_wp_cron=1706851222.7444260120391845703125 HTTP/1.1" 200 - cronicareinodearagon.com "-" "WordPress/6.2.2; https://cronicareinodearagon.com" "-"
38.103.248.0 - - [02/Feb/2024:06:20:22 +0100] "GET /author/redaccion/ HTTP/1.1" 301 - cronicareinodearagon.com "-" "Anthill" "-"
38.103.248.0 - - [02/Feb/2024:06:20:23 +0100] "GET / HTTP/1.1" 200 319420 cronicareinodearagon.com "-" "Anthill" "-"
166.88.139.0 - - [02/Feb/2024:06:20:26 +0100] "GET /aragon/avance-participacion-elecciones-aragon/ HTTP/1.1" 200 166812 cronicareinodearagon.com "-" "Anthill" "-"
134.73.20.0 - - [02/Feb/2024:06:20:33 +0100] "GET /aragon/resultados-elecciones-autonomicas-municipales-aragon/ HTTP/1.1" 200 169152 cronicareinodearagon.com "-" "Anthill" "-"
134.73.20.0 - - [02/Feb/2024:06:20:36 +0100] "GET /aragon/segundo-avance-participacion-elecciones-aragon/ HTTP/1.1" 200 166437 cronicareinodearagon.com "-" "Anthill" "-"
166.88.139.0 - - [02/Feb/2024:06:20:39 +0100] "GET /aragon/avance-participacion-elecciones-aragon/ HTTP/1.1" 200 166812 cronicareinodearagon.com "-" "Anthill" "-"
104.232.196.0 - - [02/Feb/2024:06:20:40 +0100] "GET /aragon/guitarte-teruel-existe-cierre-campana/ HTTP/1.1" 200 177242 cronicareinodearagon.com "-" "Anthill" "-"
134.73.20.0 - - [02/Feb/2024:06:20:42 +0100] "GET /category/america/ HTTP/1.1" 200 138278 cronicareinodearagon.com "-" "Anthill" "-"
104.238.52.0 - - [02/Feb/2024:06:20:44 +0100] "GET /category/america/ HTTP/1.1" 200 138278 cronicareinodearagon.com "-" "Anthill" "-"
104.232.197.0 - - [02/Feb/2024:06:20:46 +0100] "GET /aragon/astic-reconocimiento-carreras-grupo/ HTTP/1.1" 200 158292 cronicareinodearagon.com "-" "Anthill" "-"
5.253.112.0 - - [02/Feb/2024:06:20:47 +0100] "GET /author/redaccion/ HTTP/1.1" 301 - cronicareinodearagon.com "-" "Anthill" "-"
82.165.88.0 - - [02/Feb/2024:06:20:47 +0100] "POST /wp-cron.php?doing_wp_cron=1706851247.7739748954772949218750 HTTP/1.1" 200 - cronicareinodearagon.com "-" "WordPress/6.2.2; https://cronicareinodearagon.com" "-"
5.253.112.0 - - [02/Feb/2024:06:20:48 +0100] "GET / HTTP/1.1" 200 319420 cronicareinodearagon.com "-" "Anthill" "-"
173.233.148.0 - - [02/Feb/2024:06:20:49 +0100] "GET /aragon/nuevo-programa-de-aceleracion-gratuito-para-empresas-innovadoras/ HTTP/1.1" 200 164859 cronicareinodearagon.com "-" "Anthill" "-"
66.249.78.0 - - [02/Feb/2024:06:20:54 +0100] "GET /robots.txt HTTP/1.1" 200 202 cronicareinodearagon.com "-" "Mozilla/5.0 (compatible; Googlebot/2.1; +http://www.google.com/bot.html)" "-"
5.157.35.0 - - [02/Feb/2024:06:20:55 +0100] "GET /author/redaccion/ HTTP/1.1" 301 - cronicareinodearagon.com "-" "Anthill" "-"
66.249.78.0 - - [02/Feb/2024:06:20:55 +0100] "GET /page-sitemap.xml HTTP/1.1" 200 3579 cronicareinodearagon.com "-" "Mozilla/5.0 (compatible; Googlebot/2.1; +http://www.google.com/bot.html)" "-"
5.157.35.0 - - [02/Feb/2024:06:20:55 +0100] "GET / HTTP/1.1" 200 319420 cronicareinodearagon.com "-" "Anthill" "-"
5.153.237.0 - - [02/Feb/2024:06:20:57 +0100] "GET /aragon/el-gobierno-de-aragon-impulsa-nueve-proyectos-empresariales-de-id-en-sector-farmaceutico-y-movilidad-sostenible/ HTTP/1.1" 200 168326 cronicareinodearagon.com "-" "Anthill" "-"
5.34.247.0 - - [02/Feb/2024:06:20:58 +0100] "GET /author/redaccion/ HTTP/1.1" 301 - cronicareinodearagon.com "-" "Anthill" "-"
5.34.247.0 - - [02/Feb/2024:06:20:59 +0100] "GET / HTTP/1.1" 200 319420 cronicareinodearagon.com "-" "Anthill" "-"
5.153.237.0 - - [02/Feb/2024:06:21:04 +0100] "GET /category/opinion/ HTTP/1.1" 200 145109 cronicareinodearagon.com "-" "Anthill" "-"
104.232.196.0 - - [02/Feb/2024:06:21:12 +0100] "GET /author/redaccion/ HTTP/1.1" 301 - cronicareinodearagon.com "-" "Anthill" "-"
104.232.196.0 - - [02/Feb/2024:06:21:13 +0100] "GET / HTTP/1.1" 200 319420 cronicareinodearagon.com "-" "Anthill" "-"
134.73.20.0 - - [02/Feb/2024:06:21:16 +0100] "GET /author/redaccion/ HTTP/1.1" 301 - cronicareinodearagon.com "-" "Anthill" "-"
134.73.20.0 - - [02/Feb/2024:06:21:16 +0100] "GET / HTTP/1.1" 200 319420 cronicareinodearagon.com "-" "Anthill" "-"
166.88.139.0 - - [02/Feb/2024:06:21:19 +0100] "GET /aragon/educacion-sexual-edades-tempranas-aragon/ HTTP/1.1" 200 161580 cronicareinodearagon.com "-" "Anthill" "-"
104.238.52.0 - - [02/Feb/2024:06:21:25 +0100] "GET /author/redaccion/ HTTP/1.1" 301 - cronicareinodearagon.com "-" "Anthill" "-"
104.238.52.0 - - [02/Feb/2024:06:21:26 +0100] "GET / HTTP/1.1" 200 319420 cronicareinodearagon.com "-" "Anthill" "-"
5.34.247.0 - - [02/Feb/2024:06:21:28 +0100] "GET /category/politica/ HTTP/1.1" 200 147363 cronicareinodearagon.com "-" "Anthill" "-"
134.73.20.0 - - [02/Feb/2024:06:21:30 +0100] "GET /category/aragon/huesca/ HTTP/1.1" 200 147255 cronicareinodearagon.com "-" "Anthill" "-"
82.165.88.0 - - [02/Feb/2024:06:22:16 +0100] "POST /wp-cron.php?doing_wp_cron=1706851336.8149321079254150390625 HTTP/1.1" 200 - cronicareinodearagon.com "-" "WordPress/6.2.2; https://cronicareinodearagon.com" "-"
3.224.220.0 - - [02/Feb/2024:06:22:16 +0100] "GET /sociedad/los-canticos-contra-el-zaragoza-y-aragon-se-repiten-en-el-partido-contra-real-sociedad/ HTTP/1.1" 200 161550 cronicareinodearagon.com "-" "Mozilla/5.0 (Macintosh; Intel Mac OS X 10_10_1) AppleWebKit/600.2.5 (KHTML, like Gecko) Version/8.0.2 Safari/600.2.5 (Amazonbot/0.1; +https://developer.amazon.com/support/amazonbot)" "-"
52.70.240.0 - - [02/Feb/2024:06:22:20 +0100] "GET /?p=8212 HTTP/1.1" 301 - cronicareinodearagon.com "-" "Mozilla/5.0 (Macintosh; Intel Mac OS X 10_10_1) AppleWebKit/600.2.5 (KHTML, like Gecko) Version/8.0.2 Safari/600.2.5 (Amazonbot/0.1; +https://developer.amazon.com/support/amazonbot)" "-"
141.95.11.0 - - [02/Feb/2024:06:24:33 +0100] "POST /wp-login.php HTTP/1.1" 200 9580 cronicareinodearagon.com "-" "Mozilla/5.0 (Windows NT 6.1; WOW64) AppleWebKit/537.36 (KHTML, like Gecko) Chrome/46.0.2490.86 Safari/537.36" "-"
82.165.88.0 - - [02/Feb/2024:06:24:34 +0100] "POST /wp-cron.php?doing_wp_cron=1706851474.1781389713287353515625 HTTP/1.1" 200 - cronicareinodearagon.com "-" "WordPress/6.2.2; https://cronicareinodearagon.com" "-"
54.36.148.0 - - [02/Feb/2024:06:24:42 +0100] "GET /category/aragon/page/4/ HTTP/1.1" 200 147617 cronicareinodearagon.com "-" "Mozilla/5.0 (compatible; AhrefsBot/7.0; +http://ahrefs.com/robot/)" "-"
82.165.88.0 - - [02/Feb/2024:06:24:43 +0100] "POST /wp-cron.php?doing_wp_cron=1706851483.2346889972686767578125 HTTP/1.1" 200 - cronicareinodearagon.com "-" "WordPress/6.2.2; https://cronicareinodearagon.com" "-"
66.249.84.0 - - [02/Feb/2024:06:33:10 +0100] "GET /category/sociedad/feed/ HTTP/1.1" 200 16233 cronicareinodearagon.com "-" "FeedFetcher-Google; (+http://www.google.com/feedfetcher.html)" "-"
41.216.188.0 - - [02/Feb/2024:06:34:26 +0100] "GET /1index.php HTTP/1.1" 404 596 cronicadesevilla.com "www.google.com" "Mozlila/5.0 (Linux; Android 7.0; SM-G892A Bulid/NRD90M; wv) AppleWebKit/537.36 (KHTML, like Gecko) Version/4.0 Chrome/60.0.3112.107 Moblie Safari/537.36" "-"
41.216.188.0 - - [02/Feb/2024:06:34:28 +0100] "GET /11index.php HTTP/1.1" 404 596 cronicadesevilla.com "www.google.com" "Mozlila/5.0 (Linux; Android 7.0; SM-G892A Bulid/NRD90M; wv) AppleWebKit/537.36 (KHTML, like Gecko) Version/4.0 Chrome/60.0.3112.107 Moblie Safari/537.36" "-"
41.216.188.0 - - [02/Feb/2024:06:34:35 +0100] "GET /2index.php HTTP/1.1" 404 596 cronicadesevilla.com "www.google.com" "Mozlila/5.0 (Linux; Android 7.0; SM-G892A Bulid/NRD90M; wv) AppleWebKit/537.36 (KHTML, like Gecko) Version/4.0 Chrome/60.0.3112.107 Moblie Safari/537.36" "-"
138.246.253.0 - - [02/Feb/2024:06:34:41 +0100] "GET /robots.txt HTTP/1.1" 200 188 cronicadesevilla.com "-" "Mozilla/5.0 (Windows NT 10.0; Win64; x64) AppleWebKit/537.36 (KHTML, like Gecko) Chrome/103.0.5060.134 Safari/537.36" "-"
41.216.188.0 - - [02/Feb/2024:06:34:52 +0100] "GET /3index.php HTTP/1.1" 404 596 cronicadesevilla.com "www.google.com" "Mozlila/5.0 (Linux; Android 7.0; SM-G892A Bulid/NRD90M; wv) AppleWebKit/537.36 (KHTML, like Gecko) Version/4.0 Chrome/60.0.3112.107 Moblie Safari/537.36" "-"
41.216.188.0 - - [02/Feb/2024:06:34:57 +0100] "GET /priv8.php HTTP/1.1" 404 596 cronicadesevilla.com "www.google.com" "Mozlila/5.0 (Linux; Android 7.0; SM-G892A Bulid/NRD90M; wv) AppleWebKit/537.36 (KHTML, like Gecko) Version/4.0 Chrome/60.0.3112.107 Moblie Safari/537.36" "-"
41.216.188.0 - - [02/Feb/2024:06:35:04 +0100] "GET /wp-wso.php HTTP/1.1" 404 596 cronicadesevilla.com "www.google.com" "Mozlila/5.0 (Linux; Android 7.0; SM-G892A Bulid/NRD90M; wv) AppleWebKit/537.36 (KHTML, like Gecko) Version/4.0 Chrome/60.0.3112.107 Moblie Safari/537.36" "-"
41.216.188.0 - - [02/Feb/2024:06:35:13 +0100] "GET /x.php HTTP/1.1" 404 596 cronicadesevilla.com "www.google.com" "Mozlila/5.0 (Linux; Android 7.0; SM-G892A Bulid/NRD90M; wv) AppleWebKit/537.36 (KHTML, like Gecko) Version/4.0 Chrome/60.0.3112.107 Moblie Safari/537.36" "-"
41.216.188.0 - - [02/Feb/2024:06:35:18 +0100] "GET /baindex.php HTTP/1.1" 404 596 cronicadesevilla.com "www.google.com" "Mozlila/5.0 (Linux; Android 7.0; SM-G892A Bulid/NRD90M; wv) AppleWebKit/537.36 (KHTML, like Gecko) Version/4.0 Chrome/60.0.3112.107 Moblie Safari/537.36" "-"
41.216.188.0 - - [02/Feb/2024:06:35:35 +0100] "GET /lol.php HTTP/1.1" 404 596 cronicadesevilla.com "www.google.com" "Mozlila/5.0 (Linux; Android 7.0; SM-G892A Bulid/NRD90M; wv) AppleWebKit/537.36 (KHTML, like Gecko) Version/4.0 Chrome/60.0.3112.107 Moblie Safari/537.36" "-"
41.216.188.0 - - [02/Feb/2024:06:35:38 +0100] "GET /wp2.php HTTP/1.1" 404 596 cronicadesevilla.com "www.google.com" "Mozlila/5.0 (Linux; Android 7.0; SM-G892A Bulid/NRD90M; wv) AppleWebKit/537.36 (KHTML, like Gecko) Version/4.0 Chrome/60.0.3112.107 Moblie Safari/537.36" "-"
41.216.188.0 - - [02/Feb/2024:06:35:46 +0100] "GET /MARIJUANA.php HTTP/1.1" 404 596 cronicadesevilla.com "www.google.com" "Mozlila/5.0 (Linux; Android 7.0; SM-G892A Bulid/NRD90M; wv) AppleWebKit/537.36 (KHTML, like Gecko) Version/4.0 Chrome/60.0.3112.107 Moblie Safari/537.36" "-"
150.109.148.0 - - [02/Feb/2024:06:35:59 +0100] "POST /wp-login.php HTTP/1.1" 200 9585 cronicareinodearagon.com "-" "Mozilla/5.0 (Windows NT 6.1; Win64; x64) AppleWebKit/537.36 (KHTML, like Gecko) Chrome/81.0.4044.122 Safari/537.36" "-"
82.165.88.0 - - [02/Feb/2024:06:36:00 +0100] "POST /wp-cron.php?doing_wp_cron=1706852160.1636180877685546875000 HTTP/1.1" 200 - cronicareinodearagon.com "-" "WordPress/6.2.2; https://cronicareinodearagon.com" "-"
41.216.188.0 - - [02/Feb/2024:06:36:10 +0100] "GET /wso2.php HTTP/1.1" 404 596 cronicadesevilla.com "www.google.com" "Mozlila/5.0 (Linux; Android 7.0; SM-G892A Bulid/NRD90M; wv) AppleWebKit/537.36 (KHTML, like Gecko) Version/4.0 Chrome/60.0.3112.107 Moblie Safari/537.36" "-"
41.216.188.0 - - [02/Feb/2024:06:36:42 +0100] "GET /wso1.php HTTP/1.1" 404 596 cronicadesevilla.com "www.google.com" "Mozlila/5.0 (Linux; Android 7.0; SM-G892A Bulid/NRD90M; wv) AppleWebKit/537.36 (KHTML, like Gecko) Version/4.0 Chrome/60.0.3112.107 Moblie Safari/537.36" "-"
41.216.188.0 - - [02/Feb/2024:06:37:03 +0100] "GET /wp-content/about.php HTTP/1.1" 404 596 cronicadesevilla.com "www.google.com" "Mozlila/5.0 (Linux; Android 7.0; SM-G892A Bulid/NRD90M; wv) AppleWebKit/537.36 (KHTML, like Gecko) Version/4.0 Chrome/60.0.3112.107 Moblie Safari/537.36" "-"
