23.22.35.0 - - [02/Feb/2024:16:15:22 +0100] "GET /wp-content/uploads/2021/11/satse_protesta-1-750x375.jpg HTTP/1.1" 200 78601 cronicareinodearagon.com "-" "Mozilla/5.0 (Macintosh; Intel Mac OS X 10_10_1) AppleWebKit/600.2.5 (KHTML, like Gecko) Version/8.0.2 Safari/600.2.5 (Amazonbot/0.1; +https://developer.amazon.com/support/amazonbot)" "-"
82.165.88.0 - - [02/Feb/2024:16:15:31 +0100] "POST /wp-cron.php?doing_wp_cron=1706886931.6907100677490234375000 HTTP/1.1" 200 - cronicareinodearagon.com "-" "WordPress/6.2.2; https://cronicareinodearagon.com" "-"
85.208.96.0 - - [02/Feb/2024:16:15:31 +0100] "GET /category/sociedad/page/34/ HTTP/1.1" 200 147738 cronicareinodearagon.com "-" "Mozilla/5.0 (compatible; SemrushBot/7~bl; +http://www.semrush.com/bot.html)" "-"
3.224.220.0 - - [02/Feb/2024:16:15:46 +0100] "GET /wp-content/uploads/2021/11/satse_protesta-1-360x180.jpg HTTP/1.1" 200 25297 cronicareinodearagon.com "-" "Mozilla/5.0 (Macintosh; Intel Mac OS X 10_10_1) AppleWebKit/600.2.5 (KHTML, like Gecko) Version/8.0.2 Safari/600.2.5 (Amazonbot/0.1; +https://developer.amazon.com/support/amazonbot)" "-"
157.245.58.0 - - [02/Feb/2024:16:15:56 +0100] "GET /wp-includes/wlwmanifest.xml HTTP/1.1" 404 596 cronicadecordoba.com "-" "python-requests/2.21.0" "-"
157.245.58.0 - - [02/Feb/2024:16:15:58 +0100] "GET /administrator/index.php HTTP/1.1" 404 596 cronicadecordoba.com "-" "python-requests/2.21.0" "-"
157.245.58.0 - - [02/Feb/2024:16:15:58 +0100] "GET /view-source: HTTP/1.1" 404 596 cronicadecordoba.com "-" "python-requests/2.21.0" "-"
3.224.220.0 - - [02/Feb/2024:16:15:58 +0100] "GET /wp-content/uploads/2023/05/ayudas-conciliacion-aragon.jpg HTTP/1.1" 200 31736 cronicareinodearagon.com "-" "Mozilla/5.0 (Macintosh; Intel Mac OS X 10_10_1) AppleWebKit/600.2.5 (KHTML, like Gecko) Version/8.0.2 Safari/600.2.5 (Amazonbot/0.1; +https://developer.amazon.com/support/amazonbot)" "-"
157.245.58.0 - - [02/Feb/2024:16:15:59 +0100] "GET /misc/ajax.js HTTP/1.1" 404 596 cronicadecordoba.com "-" "python-requests/2.21.0" "-"
23.22.35.0 - - [02/Feb/2024:16:16:58 +0100] "GET /wp-content/uploads/2023/05/feria-libro-huesca-360x180.jpg HTTP/1.1" 200 14452 cronicareinodearagon.com "-" "Mozilla/5.0 (Macintosh; Intel Mac OS X 10_10_1) AppleWebKit/600.2.5 (KHTML, like Gecko) Version/8.0.2 Safari/600.2.5 (Amazonbot/0.1; +https://developer.amazon.com/support/amazonbot)" "-"
157.245.58.0 - - [02/Feb/2024:16:17:39 +0100] "GET /wp-includes/wlwmanifest.xml HTTP/1.1" 404 596 cronicadejaen.com "-" "python-requests/2.21.0" "-"
157.245.58.0 - - [02/Feb/2024:16:17:41 +0100] "GET /administrator/index.php HTTP/1.1" 404 596 cronicadejaen.com "-" "python-requests/2.21.0" "-"
157.245.58.0 - - [02/Feb/2024:16:17:41 +0100] "GET /view-source: HTTP/1.1" 404 596 cronicadejaen.com "-" "python-requests/2.21.0" "-"
157.245.58.0 - - [02/Feb/2024:16:17:42 +0100] "GET /misc/ajax.js HTTP/1.1" 404 596 cronicadejaen.com "-" "python-requests/2.21.0" "-"
52.70.240.0 - - [02/Feb/2024:16:17:54 +0100] "GET /wp-content/uploads/2023/05/feria-libro-huesca-750x375.jpg HTTP/1.1" 200 44869 cronicareinodearagon.com "-" "Mozilla/5.0 (Macintosh; Intel Mac OS X 10_10_1) AppleWebKit/600.2.5 (KHTML, like Gecko) Version/8.0.2 Safari/600.2.5 (Amazonbot/0.1; +https://developer.amazon.com/support/amazonbot)" "-"
157.245.58.0 - - [02/Feb/2024:16:18:13 +0100] "GET /wp-includes/wlwmanifest.xml HTTP/1.1" 404 596 cronicadegranada.com "-" "python-requests/2.21.0" "-"
157.245.58.0 - - [02/Feb/2024:16:18:16 +0100] "GET /administrator/index.php HTTP/1.1" 404 596 cronicadegranada.com "-" "python-requests/2.21.0" "-"
157.245.58.0 - - [02/Feb/2024:16:18:17 +0100] "GET /view-source: HTTP/1.1" 404 596 cronicadegranada.com "-" "python-requests/2.21.0" "-"
157.245.58.0 - - [02/Feb/2024:16:18:17 +0100] "GET /misc/ajax.js HTTP/1.1" 404 596 cronicadegranada.com "-" "python-requests/2.21.0" "-"
185.191.171.0 - - [02/Feb/2024:16:18:36 +0100] "GET /politica/hurtado-psoe-pp-andalucia-impuestos-irpf-moreno/ HTTP/1.1" 200 160141 cronicareinodearagon.com "-" "Mozilla/5.0 (compatible; SemrushBot/7~bl; +http://www.semrush.com/bot.html)" "-"
82.165.88.0 - - [02/Feb/2024:16:18:37 +0100] "POST /wp-cron.php?doing_wp_cron=1706887117.2592620849609375000000 HTTP/1.1" 200 - cronicareinodearagon.com "-" "WordPress/6.2.2; https://cronicareinodearagon.com" "-"
157.245.58.0 - - [02/Feb/2024:16:19:44 +0100] "GET /wp-includes/wlwmanifest.xml HTTP/1.1" 404 596 cronicadesevilla.com "-" "python-requests/2.21.0" "-"
157.245.58.0 - - [02/Feb/2024:16:19:45 +0100] "GET /administrator/index.php HTTP/1.1" 404 596 cronicadesevilla.com "-" "python-requests/2.21.0" "-"
157.245.58.0 - - [02/Feb/2024:16:19:45 +0100] "GET /view-source: HTTP/1.1" 404 596 cronicadesevilla.com "-" "python-requests/2.21.0" "-"
157.245.58.0 - - [02/Feb/2024:16:19:46 +0100] "GET /misc/ajax.js HTTP/1.1" 404 596 cronicadesevilla.com "-" "python-requests/2.21.0" "-"
23.22.35.0 - - [02/Feb/2024:16:20:58 +0100] "GET /wp-content/uploads/2022/04/juanma-moreno-firma-360x180.jpg HTTP/1.1" 200 8204 cronicareinodearagon.com "-" "Mozilla/5.0 (Macintosh; Intel Mac OS X 10_10_1) AppleWebKit/600.2.5 (KHTML, like Gecko) Version/8.0.2 Safari/600.2.5 (Amazonbot/0.1; +https://developer.amazon.com/support/amazonbot)" "-"
157.245.58.0 - - [02/Feb/2024:16:21:25 +0100] "GET /wp-includes/wlwmanifest.xml HTTP/1.1" 404 596 cronicademalaga.com "-" "python-requests/2.21.0" "-"
157.245.58.0 - - [02/Feb/2024:16:21:26 +0100] "GET /administrator/index.php HTTP/1.1" 404 596 cronicademalaga.com "-" "python-requests/2.21.0" "-"
157.245.58.0 - - [02/Feb/2024:16:21:27 +0100] "GET /view-source: HTTP/1.1" 404 596 cronicademalaga.com "-" "python-requests/2.21.0" "-"
157.245.58.0 - - [02/Feb/2024:16:21:28 +0100] "GET /misc/ajax.js HTTP/1.1" 404 596 cronicademalaga.com "-" "python-requests/2.21.0" "-"
82.165.88.0 - - [02/Feb/2024:16:23:04 +0100] "POST /wp-cron.php?doing_wp_cron=1706887384.6957631111145019531250 HTTP/1.1" 200 - cronicareinodearagon.com "-" "WordPress/6.2.2; https://cronicareinodearagon.com" "-"
185.191.171.0 - - [02/Feb/2024:16:23:04 +0100] "GET /sociedad/guardia-civil-detiene-depredador-sexual/ HTTP/1.1" 200 162700 cronicareinodearagon.com "-" "Mozilla/5.0 (compatible; SemrushBot/7~bl; +http://www.semrush.com/bot.html)" "-"
52.70.240.0 - - [02/Feb/2024:16:23:26 +0100] "GET /wp-content/uploads/2022/04/juanma-moreno-firma-750x375.jpg HTTP/1.1" 200 26577 cronicareinodearagon.com "-" "Mozilla/5.0 (Macintosh; Intel Mac OS X 10_10_1) AppleWebKit/600.2.5 (KHTML, like Gecko) Version/8.0.2 Safari/600.2.5 (Amazonbot/0.1; +https://developer.amazon.com/support/amazonbot)" "-"
23.22.35.0 - - [02/Feb/2024:16:23:31 +0100] "GET /wp-content/uploads/2023/05/investigacion-gob-aragon.jpg HTTP/1.1" 200 319331 cronicareinodearagon.com "-" "Mozilla/5.0 (Macintosh; Intel Mac OS X 10_10_1) AppleWebKit/600.2.5 (KHTML, like Gecko) Version/8.0.2 Safari/600.2.5 (Amazonbot/0.1; +https://developer.amazon.com/support/amazonbot)" "-"
157.245.58.0 - - [02/Feb/2024:16:23:35 +0100] "GET /wp-includes/wlwmanifest.xml HTTP/1.1" 404 596 cronicadevalencia.com "-" "python-requests/2.21.0" "-"
157.245.58.0 - - [02/Feb/2024:16:23:35 +0100] "GET /administrator/index.php HTTP/1.1" 404 596 cronicadevalencia.com "-" "python-requests/2.21.0" "-"
157.245.58.0 - - [02/Feb/2024:16:23:36 +0100] "GET /view-source: HTTP/1.1" 404 596 cronicadevalencia.com "-" "python-requests/2.21.0" "-"
157.245.58.0 - - [02/Feb/2024:16:23:37 +0100] "GET /misc/ajax.js HTTP/1.1" 404 596 cronicadevalencia.com "-" "python-requests/2.21.0" "-"
45.77.220.0 - - [02/Feb/2024:16:24:24 +0100] "HEAD / HTTP/1.1" 200 - www.grupocronicaenlibertad.com "-" "Java/1.8.0_332" "-"
23.22.35.0 - - [02/Feb/2024:16:24:54 +0100] "GET /wp-content/uploads/2022/10/vinos-de-Aragon-1140x570.jpg HTTP/1.1" 200 132226 cronicareinodearagon.com "-" "Mozilla/5.0 (Macintosh; Intel Mac OS X 10_10_1) AppleWebKit/600.2.5 (KHTML, like Gecko) Version/8.0.2 Safari/600.2.5 (Amazonbot/0.1; +https://developer.amazon.com/support/amazonbot)" "-"
157.245.58.0 - - [02/Feb/2024:16:25:02 +0100] "GET /wp-includes/wlwmanifest.xml HTTP/1.1" 301 268 cronicareinodearagon.com "-" "python-requests/2.21.0" "-"
157.245.58.0 - - [02/Feb/2024:16:25:03 +0100] "GET /wp-includes/wlwmanifest.xml HTTP/1.1" 200 480 cronicareinodearagon.com "-" "python-requests/2.21.0" "-"
157.245.58.0 - - [02/Feb/2024:16:25:03 +0100] "GET /administrator/index.php HTTP/1.1" 301 264 cronicareinodearagon.com "-" "python-requests/2.21.0" "-"
82.165.88.0 - - [02/Feb/2024:16:25:04 +0100] "POST /wp-cron.php?doing_wp_cron=1706887504.8784999847412109375000 HTTP/1.1" 200 - cronicareinodearagon.com "-" "WordPress/6.2.2; https://cronicareinodearagon.com" "-"
157.245.58.0 - - [02/Feb/2024:16:25:04 +0100] "GET /administrator/index.php HTTP/1.1" 301 - cronicareinodearagon.com "-" "python-requests/2.21.0" "-"
157.245.58.0 - - [02/Feb/2024:16:25:05 +0100] "GET /administrator/ HTTP/1.1" 404 144843 cronicareinodearagon.com "-" "python-requests/2.21.0" "-"
157.245.58.0 - - [02/Feb/2024:16:25:06 +0100] "GET /view-source: HTTP/1.1" 301 253 cronicareinodearagon.com "-" "python-requests/2.21.0" "-"
157.245.58.0 - - [02/Feb/2024:16:25:07 +0100] "GET /view-source: HTTP/1.1" 404 144840 cronicareinodearagon.com "-" "python-requests/2.21.0" "-"
157.245.58.0 - - [02/Feb/2024:16:25:08 +0100] "GET /misc/ajax.js HTTP/1.1" 301 253 cronicareinodearagon.com "-" "python-requests/2.21.0" "-"
157.245.58.0 - - [02/Feb/2024:16:25:09 +0100] "GET /misc/ajax.js HTTP/1.1" 404 144841 cronicareinodearagon.com "-" "python-requests/2.21.0" "-"
45.77.207.0 - - [02/Feb/2024:16:25:13 +0100] "HEAD / HTTP/1.1" 200 - grupocronicaenlibertad.com "-" "Java/1.8.0_332" "-"
3.224.220.0 - - [02/Feb/2024:16:25:42 +0100] "GET /wp-content/uploads/2022/10/vinos-de-Aragon-1024x683.jpg HTTP/1.1" 200 133413 cronicareinodearagon.com "-" "Mozilla/5.0 (Macintosh; Intel Mac OS X 10_10_1) AppleWebKit/600.2.5 (KHTML, like Gecko) Version/8.0.2 Safari/600.2.5 (Amazonbot/0.1; +https://developer.amazon.com/support/amazonbot)" "-"
82.165.88.0 - - [02/Feb/2024:16:26:08 +0100] "POST /wp-cron.php?doing_wp_cron=1706887568.7606821060180664062500 HTTP/1.1" 200 - cronicareinodearagon.com "-" "WordPress/6.2.2; https://cronicareinodearagon.com" "-"
85.208.96.0 - - [02/Feb/2024:16:26:08 +0100] "GET /robots.txt HTTP/1.1" 200 202 cronicareinodearagon.com "-" "Mozilla/5.0 (compatible; SemrushBot/7~bl; +http://www.semrush.com/bot.html)" "-"
185.191.171.0 - - [02/Feb/2024:16:26:09 +0100] "GET /aragon/lamban-psoe-aragon-cultura/ HTTP/1.1" 200 166494 cronicareinodearagon.com "-" "Mozilla/5.0 (compatible; SemrushBot/7~bl; +http://www.semrush.com/bot.html)" "-"
157.245.58.0 - - [02/Feb/2024:16:26:21 +0100] "GET /wp-includes/wlwmanifest.xml HTTP/1.1" 404 596 cronicadeextremadura.com "-" "python-requests/2.21.0" "-"
157.245.58.0 - - [02/Feb/2024:16:26:23 +0100] "GET /administrator/index.php HTTP/1.1" 404 596 cronicadeextremadura.com "-" "python-requests/2.21.0" "-"
157.245.58.0 - - [02/Feb/2024:16:26:24 +0100] "GET /view-source: HTTP/1.1" 404 596 cronicadeextremadura.com "-" "python-requests/2.21.0" "-"
157.245.58.0 - - [02/Feb/2024:16:26:24 +0100] "GET /misc/ajax.js HTTP/1.1" 404 596 cronicadeextremadura.com "-" "python-requests/2.21.0" "-"
82.165.88.0 - - [02/Feb/2024:16:27:08 +0100] "POST /wp-cron.php?doing_wp_cron=1706887628.5254058837890625000000 HTTP/1.1" 200 - cronicareinodearagon.com "-" "WordPress/6.2.2; https://cronicareinodearagon.com" "-"
85.208.96.0 - - [02/Feb/2024:16:27:08 +0100] "GET /aragon/dia-lectura-andalucia-cultura/ HTTP/1.1" 200 172374 cronicareinodearagon.com "-" "Mozilla/5.0 (compatible; SemrushBot/7~bl; +http://www.semrush.com/bot.html)" "-"
23.22.35.0 - - [02/Feb/2024:16:27:47 +0100] "GET /wp-content/uploads/2021/12/FGfXUcvXIAgEHS--1140x570.jpg HTTP/1.1" 200 71733 cronicareinodearagon.com "-" "Mozilla/5.0 (Macintosh; Intel Mac OS X 10_10_1) AppleWebKit/600.2.5 (KHTML, like Gecko) Version/8.0.2 Safari/600.2.5 (Amazonbot/0.1; +https://developer.amazon.com/support/amazonbot)" "-"
157.245.58.0 - - [02/Feb/2024:16:27:51 +0100] "GET /wp-includes/wlwmanifest.xml HTTP/1.1" 404 596 cronicadelpaisvalenciano.com "-" "python-requests/2.21.0" "-"
157.245.58.0 - - [02/Feb/2024:16:27:52 +0100] "GET /administrator/index.php HTTP/1.1" 404 596 cronicadelpaisvalenciano.com "-" "python-requests/2.21.0" "-"
157.245.58.0 - - [02/Feb/2024:16:27:52 +0100] "GET /view-source: HTTP/1.1" 404 596 cronicadelpaisvalenciano.com "-" "python-requests/2.21.0" "-"
157.245.58.0 - - [02/Feb/2024:16:27:53 +0100] "GET /misc/ajax.js HTTP/1.1" 404 596 cronicadelpaisvalenciano.com "-" "python-requests/2.21.0" "-"
52.70.240.0 - - [02/Feb/2024:16:28:03 +0100] "GET /wp-content/uploads/2021/12/FGfXUcvXIAgEHS--1024x683.jpg HTTP/1.1" 200 76094 cronicareinodearagon.com "-" "Mozilla/5.0 (Macintosh; Intel Mac OS X 10_10_1) AppleWebKit/600.2.5 (KHTML, like Gecko) Version/8.0.2 Safari/600.2.5 (Amazonbot/0.1; +https://developer.amazon.com/support/amazonbot)" "-"
52.70.240.0 - - [02/Feb/2024:16:28:22 +0100] "GET /wp-content/uploads/2021/11/taller-dos-hermanas-750x375.jpg HTTP/1.1" 200 33431 cronicareinodearagon.com "-" "Mozilla/5.0 (Macintosh; Intel Mac OS X 10_10_1) AppleWebKit/600.2.5 (KHTML, like Gecko) Version/8.0.2 Safari/600.2.5 (Amazonbot/0.1; +https://developer.amazon.com/support/amazonbot)" "-"
23.22.35.0 - - [02/Feb/2024:16:29:02 +0100] "GET /wp-content/uploads/2021/11/taller-dos-hermanas-360x180.jpg HTTP/1.1" 200 12953 cronicareinodearagon.com "-" "Mozilla/5.0 (Macintosh; Intel Mac OS X 10_10_1) AppleWebKit/600.2.5 (KHTML, like Gecko) Version/8.0.2 Safari/600.2.5 (Amazonbot/0.1; +https://developer.amazon.com/support/amazonbot)" "-"
82.165.88.0 - - [02/Feb/2024:16:29:39 +0100] "POST /wp-cron.php?doing_wp_cron=1706887779.8484239578247070312500 HTTP/1.1" 200 - cronicareinodearagon.com "-" "WordPress/6.2.2; https://cronicareinodearagon.com" "-"
85.208.96.0 - - [02/Feb/2024:16:29:39 +0100] "GET /category/sociedad/page/8/ HTTP/1.1" 200 147857 cronicareinodearagon.com "-" "Mozilla/5.0 (compatible; SemrushBot/7~bl; +http://www.semrush.com/bot.html)" "-"
157.245.58.0 - - [02/Feb/2024:16:29:41 +0100] "GET /wp-includes/wlwmanifest.xml HTTP/1.1" 404 596 cronicadehuelva.com "-" "python-requests/2.21.0" "-"
157.245.58.0 - - [02/Feb/2024:16:29:42 +0100] "GET /administrator/index.php HTTP/1.1" 404 596 cronicadehuelva.com "-" "python-requests/2.21.0" "-"
157.245.58.0 - - [02/Feb/2024:16:29:42 +0100] "GET /view-source: HTTP/1.1" 404 596 cronicadehuelva.com "-" "python-requests/2.21.0" "-"
157.245.58.0 - - [02/Feb/2024:16:29:43 +0100] "GET /misc/ajax.js HTTP/1.1" 404 596 cronicadehuelva.com "-" "python-requests/2.21.0" "-"
3.224.220.0 - - [02/Feb/2024:16:29:46 +0100] "GET /wp-content/uploads/2022/09/sevilla_candidatura-750x375.jpg HTTP/1.1" 200 75647 cronicareinodearagon.com "-" "Mozilla/5.0 (Macintosh; Intel Mac OS X 10_10_1) AppleWebKit/600.2.5 (KHTML, like Gecko) Version/8.0.2 Safari/600.2.5 (Amazonbot/0.1; +https://developer.amazon.com/support/amazonbot)" "-"
3.224.220.0 - - [02/Feb/2024:16:29:50 +0100] "GET /wp-content/uploads/2022/09/sevilla_candidatura-360x180.jpg HTTP/1.1" 200 22845 cronicareinodearagon.com "-" "Mozilla/5.0 (Macintosh; Intel Mac OS X 10_10_1) AppleWebKit/600.2.5 (KHTML, like Gecko) Version/8.0.2 Safari/600.2.5 (Amazonbot/0.1; +https://developer.amazon.com/support/amazonbot)" "-"
3.224.220.0 - - [02/Feb/2024:16:30:02 +0100] "GET /wp-content/uploads/2022/04/52013946098_0a0f8a0a28_k.jpg HTTP/1.1" 200 560070 cronicareinodearagon.com "-" "Mozilla/5.0 (Macintosh; Intel Mac OS X 10_10_1) AppleWebKit/600.2.5 (KHTML, like Gecko) Version/8.0.2 Safari/600.2.5 (Amazonbot/0.1; +https://developer.amazon.com/support/amazonbot)" "-"
52.70.240.0 - - [02/Feb/2024:16:30:26 +0100] "GET /wp-content/uploads/2022/01/sevilla_plataforma-750x375.jpg HTTP/1.1" 200 88067 cronicareinodearagon.com "-" "Mozilla/5.0 (Macintosh; Intel Mac OS X 10_10_1) AppleWebKit/600.2.5 (KHTML, like Gecko) Version/8.0.2 Safari/600.2.5 (Amazonbot/0.1; +https://developer.amazon.com/support/amazonbot)" "-"
52.70.240.0 - - [02/Feb/2024:16:32:50 +0100] "GET /wp-content/uploads/2022/01/sevilla_plataforma-360x180.jpg HTTP/1.1" 200 25424 cronicareinodearagon.com "-" "Mozilla/5.0 (Macintosh; Intel Mac OS X 10_10_1) AppleWebKit/600.2.5 (KHTML, like Gecko) Version/8.0.2 Safari/600.2.5 (Amazonbot/0.1; +https://developer.amazon.com/support/amazonbot)" "-"
216.73.160.0 - - [02/Feb/2024:16:32:52 +0100] "GET / HTTP/1.1" 200 336 cronicadegranada.com "-" "Go-http-client/1.1" "-"
216.73.160.0 - - [02/Feb/2024:16:32:52 +0100] "GET //wp-includes/css/buttons.css HTTP/1.1" 404 596 cronicadegranada.com "-" "Go-http-client/1.1" "-"
216.73.160.0 - - [02/Feb/2024:16:32:53 +0100] "GET // HTTP/1.1" 200 336 cronicadegranada.com "-" "Go-http-client/1.1" "-"
216.73.160.0 - - [02/Feb/2024:16:32:53 +0100] "GET // HTTP/1.1" 200 336 cronicadegranada.com "-" "Go-http-client/1.1" "-"
3.224.220.0 - - [02/Feb/2024:16:33:06 +0100] "GET /aragon/medicos-baja-covid/feed/ HTTP/1.1" 200 934 cronicareinodearagon.com "-" "Mozilla/5.0 (Macintosh; Intel Mac OS X 10_10_1) AppleWebKit/600.2.5 (KHTML, like Gecko) Version/8.0.2 Safari/600.2.5 (Amazonbot/0.1; +https://developer.amazon.com/support/amazonbot)" "-"
82.165.88.0 - - [02/Feb/2024:16:33:07 +0100] "POST /wp-cron.php?doing_wp_cron=1706887987.0890870094299316406250 HTTP/1.1" 200 - cronicareinodearagon.com "-" "WordPress/6.2.2; https://cronicareinodearagon.com" "-"
23.22.35.0 - - [02/Feb/2024:16:33:30 +0100] "GET /sociedad/rojos-no-gracias/feed/ HTTP/1.1" 200 875 cronicareinodearagon.com "-" "Mozilla/5.0 (Macintosh; Intel Mac OS X 10_10_1) AppleWebKit/600.2.5 (KHTML, like Gecko) Version/8.0.2 Safari/600.2.5 (Amazonbot/0.1; +https://developer.amazon.com/support/amazonbot)" "-"
23.22.35.0 - - [02/Feb/2024:16:33:38 +0100] "GET /economia/huelga-iberalbion/feed/ HTTP/1.1" 200 927 cronicareinodearagon.com "-" "Mozilla/5.0 (Macintosh; Intel Mac OS X 10_10_1) AppleWebKit/600.2.5 (KHTML, like Gecko) Version/8.0.2 Safari/600.2.5 (Amazonbot/0.1; +https://developer.amazon.com/support/amazonbot)" "-"
82.165.88.0 - - [02/Feb/2024:16:33:43 +0100] "POST /wp-cron.php?doing_wp_cron=1706888023.3559160232543945312500 HTTP/1.1" 200 - cronicareinodearagon.com "-" "WordPress/6.2.2; https://cronicareinodearagon.com" "-"
23.22.35.0 - - [02/Feb/2024:16:33:43 +0100] "GET /sociedad/talibanes-mujeres/feed/ HTTP/1.1" 200 961 cronicareinodearagon.com "-" "Mozilla/5.0 (Macintosh; Intel Mac OS X 10_10_1) AppleWebKit/600.2.5 (KHTML, like Gecko) Version/8.0.2 Safari/600.2.5 (Amazonbot/0.1; +https://developer.amazon.com/support/amazonbot)" "-"
23.22.35.0 - - [02/Feb/2024:16:34:06 +0100] "GET /wp-content/uploads/2022/04/empresa-oleicola-360x180.jpg HTTP/1.1" 200 11043 cronicareinodearagon.com "-" "Mozilla/5.0 (Macintosh; Intel Mac OS X 10_10_1) AppleWebKit/600.2.5 (KHTML, like Gecko) Version/8.0.2 Safari/600.2.5 (Amazonbot/0.1; +https://developer.amazon.com/support/amazonbot)" "-"
52.70.240.0 - - [02/Feb/2024:16:34:14 +0100] "GET /wp-content/uploads/2022/04/empresa-oleicola-750x375.jpg HTTP/1.1" 200 30561 cronicareinodearagon.com "-" "Mozilla/5.0 (Macintosh; Intel Mac OS X 10_10_1) AppleWebKit/600.2.5 (KHTML, like Gecko) Version/8.0.2 Safari/600.2.5 (Amazonbot/0.1; +https://developer.amazon.com/support/amazonbot)" "-"
52.70.240.0 - - [02/Feb/2024:16:34:18 +0100] "GET /wp-content/uploads/2022/03/PSX_20220309_193005-750x375.jpg HTTP/1.1" 200 59274 cronicareinodearagon.com "-" "Mozilla/5.0 (Macintosh; Intel Mac OS X 10_10_1) AppleWebKit/600.2.5 (KHTML, like Gecko) Version/8.0.2 Safari/600.2.5 (Amazonbot/0.1; +https://developer.amazon.com/support/amazonbot)" "-"
52.70.240.0 - - [02/Feb/2024:16:34:38 +0100] "GET /wp-content/uploads/2022/03/PSX_20220309_193005-360x180.jpg HTTP/1.1" 200 16387 cronicareinodearagon.com "-" "Mozilla/5.0 (Macintosh; Intel Mac OS X 10_10_1) AppleWebKit/600.2.5 (KHTML, like Gecko) Version/8.0.2 Safari/600.2.5 (Amazonbot/0.1; +https://developer.amazon.com/support/amazonbot)" "-"
52.70.240.0 - - [02/Feb/2024:16:35:10 +0100] "GET /wp-content/uploads/2022/02/Violencia-de-genero-750x375.jpg HTTP/1.1" 200 40300 cronicareinodearagon.com "-" "Mozilla/5.0 (Macintosh; Intel Mac OS X 10_10_1) AppleWebKit/600.2.5 (KHTML, like Gecko) Version/8.0.2 Safari/600.2.5 (Amazonbot/0.1; +https://developer.amazon.com/support/amazonbot)" "-"
52.70.240.0 - - [02/Feb/2024:16:35:26 +0100] "GET /wp-content/uploads/2022/02/Violencia-de-genero-360x180.jpg HTTP/1.1" 200 12599 cronicareinodearagon.com "-" "Mozilla/5.0 (Macintosh; Intel Mac OS X 10_10_1) AppleWebKit/600.2.5 (KHTML, like Gecko) Version/8.0.2 Safari/600.2.5 (Amazonbot/0.1; +https://developer.amazon.com/support/amazonbot)" "-"
23.22.35.0 - - [02/Feb/2024:16:35:46 +0100] "GET /wp-content/uploads/2021/12/PSX_20211221_184030-750x375.jpg HTTP/1.1" 200 56580 cronicareinodearagon.com "-" "Mozilla/5.0 (Macintosh; Intel Mac OS X 10_10_1) AppleWebKit/600.2.5 (KHTML, like Gecko) Version/8.0.2 Safari/600.2.5 (Amazonbot/0.1; +https://developer.amazon.com/support/amazonbot)" "-"
3.224.220.0 - - [02/Feb/2024:16:35:54 +0100] "GET /wp-content/uploads/2021/12/PSX_20211221_184030-360x180.jpg HTTP/1.1" 200 15664 cronicareinodearagon.com "-" "Mozilla/5.0 (Macintosh; Intel Mac OS X 10_10_1) AppleWebKit/600.2.5 (KHTML, like Gecko) Version/8.0.2 Safari/600.2.5 (Amazonbot/0.1; +https://developer.amazon.com/support/amazonbot)" "-"
52.70.240.0 - - [02/Feb/2024:16:36:18 +0100] "GET /wp-content/uploads/2021/12/51718627077_dd0f28e7cb_k.jpg HTTP/1.1" 200 698940 cronicareinodearagon.com "-" "Mozilla/5.0 (Macintosh; Intel Mac OS X 10_10_1) AppleWebKit/600.2.5 (KHTML, like Gecko) Version/8.0.2 Safari/600.2.5 (Amazonbot/0.1; +https://developer.amazon.com/support/amazonbot)" "-"
23.22.35.0 - - [02/Feb/2024:16:36:30 +0100] "GET /wp-content/uploads/2023/05/psoe-alto-aragon-750x375.jpg HTTP/1.1" 200 97525 cronicareinodearagon.com "-" "Mozilla/5.0 (Macintosh; Intel Mac OS X 10_10_1) AppleWebKit/600.2.5 (KHTML, like Gecko) Version/8.0.2 Safari/600.2.5 (Amazonbot/0.1; +https://developer.amazon.com/support/amazonbot)" "-"
23.22.35.0 - - [02/Feb/2024:16:36:54 +0100] "GET /wp-content/uploads/2023/05/psoe-alto-aragon-360x180.jpg HTTP/1.1" 200 27703 cronicareinodearagon.com "-" "Mozilla/5.0 (Macintosh; Intel Mac OS X 10_10_1) AppleWebKit/600.2.5 (KHTML, like Gecko) Version/8.0.2 Safari/600.2.5 (Amazonbot/0.1; +https://developer.amazon.com/support/amazonbot)" "-"
52.70.240.0 - - [02/Feb/2024:16:37:10 +0100] "GET /wp-content/uploads/2022/03/policia-nacional-750x375.jpg HTTP/1.1" 200 57255 cronicareinodearagon.com "-" "Mozilla/5.0 (Macintosh; Intel Mac OS X 10_10_1) AppleWebKit/600.2.5 (KHTML, like Gecko) Version/8.0.2 Safari/600.2.5 (Amazonbot/0.1; +https://developer.amazon.com/support/amazonbot)" "-"
3.224.220.0 - - [02/Feb/2024:16:37:42 +0100] "GET /wp-content/uploads/2022/03/policia-nacional-360x180.jpg HTTP/1.1" 200 19104 cronicareinodearagon.com "-" "Mozilla/5.0 (Macintosh; Intel Mac OS X 10_10_1) AppleWebKit/600.2.5 (KHTML, like Gecko) Version/8.0.2 Safari/600.2.5 (Amazonbot/0.1; +https://developer.amazon.com/support/amazonbot)" "-"
52.70.240.0 - - [02/Feb/2024:16:37:58 +0100] "GET /wp-content/uploads/2021/11/unideversidad-once-750x375.jpg HTTP/1.1" 200 54667 cronicareinodearagon.com "-" "Mozilla/5.0 (Macintosh; Intel Mac OS X 10_10_1) AppleWebKit/600.2.5 (KHTML, like Gecko) Version/8.0.2 Safari/600.2.5 (Amazonbot/0.1; +https://developer.amazon.com/support/amazonbot)" "-"
185.220.101.0 - - [02/Feb/2024:16:38:05 +0100] "GET / HTTP/1.1" 200 336 cronicadejaen.com "http://cronicadejaen.com" "Mozilla/5.0 (iPhone; CPU iPhone OS 12_3 like Mac OS X) AppleWebKit/605.1.15 (KHTML, like Gecko) Mobile/15E148" "-"
52.70.240.0 - - [02/Feb/2024:16:38:10 +0100] "GET /wp-content/uploads/2021/11/unideversidad-once-360x180.jpg HTTP/1.1" 200 18475 cronicareinodearagon.com "-" "Mozilla/5.0 (Macintosh; Intel Mac OS X 10_10_1) AppleWebKit/600.2.5 (KHTML, like Gecko) Version/8.0.2 Safari/600.2.5 (Amazonbot/0.1; +https://developer.amazon.com/support/amazonbot)" "-"
23.22.35.0 - - [02/Feb/2024:16:38:14 +0100] "GET /wp-content/uploads/2021/12/CONTROL-ALCOHOLEMIA-360x180.jpg HTTP/1.1" 200 15118 cronicareinodearagon.com "-" "Mozilla/5.0 (Macintosh; Intel Mac OS X 10_10_1) AppleWebKit/600.2.5 (KHTML, like Gecko) Version/8.0.2 Safari/600.2.5 (Amazonbot/0.1; +https://developer.amazon.com/support/amazonbot)" "-"
82.165.88.0 - - [02/Feb/2024:16:38:35 +0100] "POST /wp-cron.php?doing_wp_cron=1706888315.5785369873046875000000 HTTP/1.1" 200 - cronicareinodearagon.com "-" "WordPress/6.2.2; https://cronicareinodearagon.com" "-"
185.191.171.0 - - [02/Feb/2024:16:38:35 +0100] "GET /aragon/moreno-andalucia-pp-casado-ayuso/ HTTP/1.1" 200 164770 cronicareinodearagon.com "-" "Mozilla/5.0 (compatible; SemrushBot/7~bl; +http://www.semrush.com/bot.html)" "-"
23.22.35.0 - - [02/Feb/2024:16:38:38 +0100] "GET /wp-content/uploads/2021/12/CONTROL-ALCOHOLEMIA-750x375.jpg HTTP/1.1" 200 46834 cronicareinodearagon.com "-" "Mozilla/5.0 (Macintosh; Intel Mac OS X 10_10_1) AppleWebKit/600.2.5 (KHTML, like Gecko) Version/8.0.2 Safari/600.2.5 (Amazonbot/0.1; +https://developer.amazon.com/support/amazonbot)" "-"
23.22.35.0 - - [02/Feb/2024:16:38:50 +0100] "GET /wp-content/uploads/2021/12/Isabel-Rodriguez-360x180.jpg HTTP/1.1" 200 12050 cronicareinodearagon.com "-" "Mozilla/5.0 (Macintosh; Intel Mac OS X 10_10_1) AppleWebKit/600.2.5 (KHTML, like Gecko) Version/8.0.2 Safari/600.2.5 (Amazonbot/0.1; +https://developer.amazon.com/support/amazonbot)" "-"
3.224.220.0 - - [02/Feb/2024:16:38:54 +0100] "GET /wp-content/uploads/2021/12/Isabel-Rodriguez-750x375.jpg HTTP/1.1" 200 34492 cronicareinodearagon.com "-" "Mozilla/5.0 (Macintosh; Intel Mac OS X 10_10_1) AppleWebKit/600.2.5 (KHTML, like Gecko) Version/8.0.2 Safari/600.2.5 (Amazonbot/0.1; +https://developer.amazon.com/support/amazonbot)" "-"
85.208.96.0 - - [02/Feb/2024:16:39:22 +0100] "GET /aragon/cuenca-guadalquivir-sequia-extraordinaria-lluvias-escasas-2021/ HTTP/1.1" 200 165262 cronicareinodearagon.com "-" "Mozilla/5.0 (compatible; SemrushBot/7~bl; +http://www.semrush.com/bot.html)" "-"
82.165.88.0 - - [02/Feb/2024:16:39:23 +0100] "POST /wp-cron.php?doing_wp_cron=1706888363.0820670127868652343750 HTTP/1.1" 200 - cronicareinodearagon.com "-" "WordPress/6.2.2; https://cronicareinodearagon.com" "-"
3.224.220.0 - - [02/Feb/2024:16:39:26 +0100] "GET /wp-content/uploads/2022/03/dia-provincia-jaen-750x375.jpg HTTP/1.1" 200 66962 cronicareinodearagon.com "-" "Mozilla/5.0 (Macintosh; Intel Mac OS X 10_10_1) AppleWebKit/600.2.5 (KHTML, like Gecko) Version/8.0.2 Safari/600.2.5 (Amazonbot/0.1; +https://developer.amazon.com/support/amazonbot)" "-"
3.224.220.0 - - [02/Feb/2024:16:39:42 +0100] "GET /wp-content/uploads/2022/03/dia-provincia-jaen-360x180.jpg HTTP/1.1" 200 21358 cronicareinodearagon.com "-" "Mozilla/5.0 (Macintosh; Intel Mac OS X 10_10_1) AppleWebKit/600.2.5 (KHTML, like Gecko) Version/8.0.2 Safari/600.2.5 (Amazonbot/0.1; +https://developer.amazon.com/support/amazonbot)" "-"
52.70.240.0 - - [02/Feb/2024:16:39:46 +0100] "GET /wp-content/uploads/2022/01/51821873483_553efb65ba_c.jpg HTTP/1.1" 200 118629 cronicareinodearagon.com "-" "Mozilla/5.0 (Macintosh; Intel Mac OS X 10_10_1) AppleWebKit/600.2.5 (KHTML, like Gecko) Version/8.0.2 Safari/600.2.5 (Amazonbot/0.1; +https://developer.amazon.com/support/amazonbot)" "-"
52.70.240.0 - - [02/Feb/2024:16:39:55 +0100] "GET /wp-content/uploads/2022/08/diputacion-de-jaen-750x375.jpg HTTP/1.1" 200 58564 cronicareinodearagon.com "-" "Mozilla/5.0 (Macintosh; Intel Mac OS X 10_10_1) AppleWebKit/600.2.5 (KHTML, like Gecko) Version/8.0.2 Safari/600.2.5 (Amazonbot/0.1; +https://developer.amazon.com/support/amazonbot)" "-"
52.70.240.0 - - [02/Feb/2024:16:39:58 +0100] "GET /wp-content/uploads/2022/08/diputacion-de-jaen-360x180.jpg HTTP/1.1" 200 18898 cronicareinodearagon.com "-" "Mozilla/5.0 (Macintosh; Intel Mac OS X 10_10_1) AppleWebKit/600.2.5 (KHTML, like Gecko) Version/8.0.2 Safari/600.2.5 (Amazonbot/0.1; +https://developer.amazon.com/support/amazonbot)" "-"
52.70.240.0 - - [02/Feb/2024:16:40:06 +0100] "GET /wp-content/uploads/2022/04/manifestaciones_universidad.jpg HTTP/1.1" 200 146617 cronicareinodearagon.com "-" "Mozilla/5.0 (Macintosh; Intel Mac OS X 10_10_1) AppleWebKit/600.2.5 (KHTML, like Gecko) Version/8.0.2 Safari/600.2.5 (Amazonbot/0.1; +https://developer.amazon.com/support/amazonbot)" "-"
52.70.240.0 - - [02/Feb/2024:16:40:10 +0100] "GET /wp-content/uploads/2022/03/51970572286_2aefbc9100_k.jpg HTTP/1.1" 200 485290 cronicareinodearagon.com "-" "Mozilla/5.0 (Macintosh; Intel Mac OS X 10_10_1) AppleWebKit/600.2.5 (KHTML, like Gecko) Version/8.0.2 Safari/600.2.5 (Amazonbot/0.1; +https://developer.amazon.com/support/amazonbot)" "-"
3.224.220.0 - - [02/Feb/2024:16:40:18 +0100] "GET /wp-content/uploads/2021/12/PSX_20211209_193809-750x375.jpg HTTP/1.1" 200 56302 cronicareinodearagon.com "-" "Mozilla/5.0 (Macintosh; Intel Mac OS X 10_10_1) AppleWebKit/600.2.5 (KHTML, like Gecko) Version/8.0.2 Safari/600.2.5 (Amazonbot/0.1; +https://developer.amazon.com/support/amazonbot)" "-"
52.70.240.0 - - [02/Feb/2024:16:40:30 +0100] "GET /wp-content/uploads/2021/12/PSX_20211209_193809-360x180.jpg HTTP/1.1" 200 18325 cronicareinodearagon.com "-" "Mozilla/5.0 (Macintosh; Intel Mac OS X 10_10_1) AppleWebKit/600.2.5 (KHTML, like Gecko) Version/8.0.2 Safari/600.2.5 (Amazonbot/0.1; +https://developer.amazon.com/support/amazonbot)" "-"
52.70.240.0 - - [02/Feb/2024:16:40:42 +0100] "GET /wp-content/uploads/2021/12/PSX_20211221_185228-360x180.jpg HTTP/1.1" 200 21828 cronicareinodearagon.com "-" "Mozilla/5.0 (Macintosh; Intel Mac OS X 10_10_1) AppleWebKit/600.2.5 (KHTML, like Gecko) Version/8.0.2 Safari/600.2.5 (Amazonbot/0.1; +https://developer.amazon.com/support/amazonbot)" "-"
52.70.240.0 - - [02/Feb/2024:16:40:58 +0100] "GET /wp-content/uploads/2021/12/PSX_20211221_185228-750x375.jpg HTTP/1.1" 200 77735 cronicareinodearagon.com "-" "Mozilla/5.0 (Macintosh; Intel Mac OS X 10_10_1) AppleWebKit/600.2.5 (KHTML, like Gecko) Version/8.0.2 Safari/600.2.5 (Amazonbot/0.1; +https://developer.amazon.com/support/amazonbot)" "-"
3.224.220.0 - - [02/Feb/2024:16:41:18 +0100] "GET /wp-content/uploads/2021/12/PSX_20211221_185228-scaled.jpg HTTP/1.1" 200 704429 cronicareinodearagon.com "-" "Mozilla/5.0 (Macintosh; Intel Mac OS X 10_10_1) AppleWebKit/600.2.5 (KHTML, like Gecko) Version/8.0.2 Safari/600.2.5 (Amazonbot/0.1; +https://developer.amazon.com/support/amazonbot)" "-"
23.22.35.0 - - [02/Feb/2024:16:41:22 +0100] "GET /wp-content/uploads/2021/11/mercedes-gamez-psoe-750x469.jpg HTTP/1.1" 200 38088 cronicareinodearagon.com "-" "Mozilla/5.0 (Macintosh; Intel Mac OS X 10_10_1) AppleWebKit/600.2.5 (KHTML, like Gecko) Version/8.0.2 Safari/600.2.5 (Amazonbot/0.1; +https://developer.amazon.com/support/amazonbot)" "-"
3.224.220.0 - - [02/Feb/2024:16:41:26 +0100] "GET /wp-content/uploads/2021/11/mercedes-gamez-psoe-300x188.jpg HTTP/1.1" 200 10626 cronicareinodearagon.com "-" "Mozilla/5.0 (Macintosh; Intel Mac OS X 10_10_1) AppleWebKit/600.2.5 (KHTML, like Gecko) Version/8.0.2 Safari/600.2.5 (Amazonbot/0.1; +https://developer.amazon.com/support/amazonbot)" "-"
52.70.240.0 - - [02/Feb/2024:16:41:43 +0100] "GET /wp-content/uploads/2021/11/mercedes-gamez-psoe-768x480.jpg HTTP/1.1" 200 38963 cronicareinodearagon.com "-" "Mozilla/5.0 (Macintosh; Intel Mac OS X 10_10_1) AppleWebKit/600.2.5 (KHTML, like Gecko) Version/8.0.2 Safari/600.2.5 (Amazonbot/0.1; +https://developer.amazon.com/support/amazonbot)" "-"
52.70.240.0 - - [02/Feb/2024:16:41:50 +0100] "GET /wp-content/uploads/2023/05/ibercaja-gestion-360x180.jpg HTTP/1.1" 200 12138 cronicareinodearagon.com "-" "Mozilla/5.0 (Macintosh; Intel Mac OS X 10_10_1) AppleWebKit/600.2.5 (KHTML, like Gecko) Version/8.0.2 Safari/600.2.5 (Amazonbot/0.1; +https://developer.amazon.com/support/amazonbot)" "-"
23.22.35.0 - - [02/Feb/2024:16:42:02 +0100] "GET /wp-content/uploads/2023/05/ibercaja-gestion-750x375.jpg HTTP/1.1" 200 36464 cronicareinodearagon.com "-" "Mozilla/5.0 (Macintosh; Intel Mac OS X 10_10_1) AppleWebKit/600.2.5 (KHTML, like Gecko) Version/8.0.2 Safari/600.2.5 (Amazonbot/0.1; +https://developer.amazon.com/support/amazonbot)" "-"
52.70.240.0 - - [02/Feb/2024:16:42:06 +0100] "GET /wp-content/uploads/2021/12/juanma-moreno-juan-marin.jpg HTTP/1.1" 200 50814 cronicareinodearagon.com "-" "Mozilla/5.0 (Macintosh; Intel Mac OS X 10_10_1) AppleWebKit/600.2.5 (KHTML, like Gecko) Version/8.0.2 Safari/600.2.5 (Amazonbot/0.1; +https://developer.amazon.com/support/amazonbot)" "-"
52.70.240.0 - - [02/Feb/2024:16:42:10 +0100] "GET /wp-content/uploads/2022/02/terremotos-granada-360x180.jpg HTTP/1.1" 200 10971 cronicareinodearagon.com "-" "Mozilla/5.0 (Macintosh; Intel Mac OS X 10_10_1) AppleWebKit/600.2.5 (KHTML, like Gecko) Version/8.0.2 Safari/600.2.5 (Amazonbot/0.1; +https://developer.amazon.com/support/amazonbot)" "-"
52.70.240.0 - - [02/Feb/2024:16:42:30 +0100] "GET /wp-content/uploads/2022/02/terremotos-granada-750x375.jpg HTTP/1.1" 200 33745 cronicareinodearagon.com "-" "Mozilla/5.0 (Macintosh; Intel Mac OS X 10_10_1) AppleWebKit/600.2.5 (KHTML, like Gecko) Version/8.0.2 Safari/600.2.5 (Amazonbot/0.1; +https://developer.amazon.com/support/amazonbot)" "-"
23.22.35.0 - - [02/Feb/2024:16:42:38 +0100] "GET /wp-content/uploads/2022/01/andaluces_levantaos-360x180.jpg HTTP/1.1" 200 13356 cronicareinodearagon.com "-" "Mozilla/5.0 (Macintosh; Intel Mac OS X 10_10_1) AppleWebKit/600.2.5 (KHTML, like Gecko) Version/8.0.2 Safari/600.2.5 (Amazonbot/0.1; +https://developer.amazon.com/support/amazonbot)" "-"
23.22.35.0 - - [02/Feb/2024:16:42:42 +0100] "GET /wp-content/uploads/2022/01/andaluces_levantaos-750x375.jpg HTTP/1.1" 200 37951 cronicareinodearagon.com "-" "Mozilla/5.0 (Macintosh; Intel Mac OS X 10_10_1) AppleWebKit/600.2.5 (KHTML, like Gecko) Version/8.0.2 Safari/600.2.5 (Amazonbot/0.1; +https://developer.amazon.com/support/amazonbot)" "-"
3.224.220.0 - - [02/Feb/2024:16:42:46 +0100] "GET /wp-content/uploads/2023/05/lamban-psoe-mitin-teruel.jpg HTTP/1.1" 200 44969 cronicareinodearagon.com "-" "Mozilla/5.0 (Macintosh; Intel Mac OS X 10_10_1) AppleWebKit/600.2.5 (KHTML, like Gecko) Version/8.0.2 Safari/600.2.5 (Amazonbot/0.1; +https://developer.amazon.com/support/amazonbot)" "-"
3.224.220.0 - - [02/Feb/2024:16:42:58 +0100] "GET /wp-content/uploads/2022/03/Espadas-y-Planas-Andalucia.jpg HTTP/1.1" 200 304254 cronicareinodearagon.com "-" "Mozilla/5.0 (Macintosh; Intel Mac OS X 10_10_1) AppleWebKit/600.2.5 (KHTML, like Gecko) Version/8.0.2 Safari/600.2.5 (Amazonbot/0.1; +https://developer.amazon.com/support/amazonbot)" "-"
66.249.84.0 - - [02/Feb/2024:16:44:11 +0100] "GET /category/sociedad/feed/ HTTP/1.1" 200 16233 cronicareinodearagon.com "-" "FeedFetcher-Google; (+http://www.google.com/feedfetcher.html)" "-"
85.208.96.0 - - [02/Feb/2024:16:48:28 +0100] "GET /sociedad/general-jose-millan-astray/ HTTP/1.1" 200 155387 cronicareinodearagon.com "-" "Mozilla/5.0 (compatible; SemrushBot/7~bl; +http://www.semrush.com/bot.html)" "-"
82.165.88.0 - - [02/Feb/2024:16:48:29 +0100] "POST /wp-cron.php?doing_wp_cron=1706888909.1684510707855224609375 HTTP/1.1" 200 - cronicareinodearagon.com "-" "WordPress/6.2.2; https://cronicareinodearagon.com" "-"
66.249.84.0 - - [02/Feb/2024:16:55:02 +0100] "GET /category/politica/feed/ HTTP/1.1" 200 59109 cronicareinodearagon.com "-" "FeedFetcher-Google; (+http://www.google.com/feedfetcher.html)" "-"
85.208.96.0 - - [02/Feb/2024:16:55:09 +0100] "GET /aragon/fernandez-anima-andaluces-solicitar-abonos-tren/ HTTP/1.1" 200 165156 cronicareinodearagon.com "-" "Mozilla/5.0 (compatible; SemrushBot/7~bl; +http://www.semrush.com/bot.html)" "-"
82.165.88.0 - - [02/Feb/2024:16:55:11 +0100] "POST /wp-cron.php?doing_wp_cron=1706889311.0065989494323730468750 HTTP/1.1" 200 - cronicareinodearagon.com "-" "WordPress/6.2.2; https://cronicareinodearagon.com" "-"
74.125.212.0 - - [02/Feb/2024:16:55:30 +0100] "GET /category/economia/feed/ HTTP/1.1" 200 42774 cronicareinodearagon.com "-" "FeedFetcher-Google; (+http://www.google.com/feedfetcher.html)" "-"
185.191.171.0 - - [02/Feb/2024:16:58:38 +0100] "GET /sociedad/mueren-tres-personas-puebla-guzman/ HTTP/1.1" 200 164661 cronicareinodearagon.com "-" "Mozilla/5.0 (compatible; SemrushBot/7~bl; +http://www.semrush.com/bot.html)" "-"
82.165.88.0 - - [02/Feb/2024:16:58:39 +0100] "POST /wp-cron.php?doing_wp_cron=1706889519.4165821075439453125000 HTTP/1.1" 200 - cronicareinodearagon.com "-" "WordPress/6.2.2; https://cronicareinodearagon.com" "-"
82.165.88.0 - - [02/Feb/2024:16:59:33 +0100] "POST /wp-cron.php?doing_wp_cron=1706889573.4179830551147460937500 HTTP/1.1" 200 - cronicareinodearagon.com "-" "WordPress/6.2.2; https://cronicareinodearagon.com" "-"
85.208.96.0 - - [02/Feb/2024:16:59:33 +0100] "GET /politica/balance-tres-anos-diputacion-granada/ HTTP/1.1" 200 185604 cronicareinodearagon.com "-" "Mozilla/5.0 (compatible; SemrushBot/7~bl; +http://www.semrush.com/bot.html)" "-"
82.165.88.0 - - [02/Feb/2024:17:00:35 +0100] "POST /wp-cron.php?doing_wp_cron=1706889635.5142719745635986328125 HTTP/1.1" 200 - cronicareinodearagon.com "-" "WordPress/6.2.2; https://cronicareinodearagon.com" "-"
85.208.96.0 - - [02/Feb/2024:17:00:35 +0100] "GET /sociedad/pedro-sanchez-visita-parque-nieves-malaga/ HTTP/1.1" 200 171075 cronicareinodearagon.com "-" "Mozilla/5.0 (compatible; SemrushBot/7~bl; +http://www.semrush.com/bot.html)" "-"
85.208.96.0 - - [02/Feb/2024:17:03:28 +0100] "GET /politica/rivares-estamos-desperdiciando-el-enorme-talento-cientifico-e-innovador-que-hay-en-zaragoza/ HTTP/1.1" 200 34619 cronicareinodearagon.com "-" "Mozilla/5.0 (compatible; SemrushBot/7~bl; +http://www.semrush.com/bot.html)" "-"
185.191.171.0 - - [02/Feb/2024:17:04:32 +0100] "GET /category/aragon/page/70/ HTTP/1.1" 200 147686 cronicareinodearagon.com "-" "Mozilla/5.0 (compatible; SemrushBot/7~bl; +http://www.semrush.com/bot.html)" "-"
82.165.88.0 - - [02/Feb/2024:17:04:33 +0100] "POST /wp-cron.php?doing_wp_cron=1706889873.3058269023895263671875 HTTP/1.1" 200 - cronicareinodearagon.com "-" "WordPress/6.2.2; https://cronicareinodearagon.com" "-"
82.165.88.0 - - [02/Feb/2024:17:06:14 +0100] "POST /wp-cron.php?doing_wp_cron=1706889974.5657238960266113281250 HTTP/1.1" 200 - cronicareinodearagon.com "-" "WordPress/6.2.2; https://cronicareinodearagon.com" "-"
85.208.96.0 - - [02/Feb/2024:17:06:14 +0100] "GET /aragon/tercera-dosis-vacuna-covid-andalucia/ HTTP/1.1" 200 170219 cronicareinodearagon.com "-" "Mozilla/5.0 (compatible; SemrushBot/7~bl; +http://www.semrush.com/bot.html)" "-"
66.249.84.0 - - [02/Feb/2024:17:06:30 +0100] "GET /category/sociedad/feed/ HTTP/1.1" 200 16233 cronicareinodearagon.com "-" "FeedFetcher-Google; (+http://www.google.com/feedfetcher.html)" "-"
82.165.88.0 - - [02/Feb/2024:17:08:10 +0100] "POST /wp-cron.php?doing_wp_cron=1706890090.6603329181671142578125 HTTP/1.1" 200 - cronicareinodearagon.com "-" "WordPress/6.2.2; https://cronicareinodearagon.com" "-"
185.191.171.0 - - [02/Feb/2024:17:08:10 +0100] "GET /sociedad/asesinato-machista-benajarafe/ HTTP/1.1" 200 163591 cronicareinodearagon.com "-" "Mozilla/5.0 (compatible; SemrushBot/7~bl; +http://www.semrush.com/bot.html)" "-"
82.165.88.0 - - [02/Feb/2024:17:09:03 +0100] "POST /wp-cron.php?doing_wp_cron=1706890143.9327609539031982421875 HTTP/1.1" 200 - cronicareinodearagon.com "-" "WordPress/6.2.2; https://cronicareinodearagon.com" "-"
85.208.96.0 - - [02/Feb/2024:17:09:03 +0100] "GET /aragon/construccion-polideportivos-binefar-bujaraloz/ HTTP/1.1" 200 164617 cronicareinodearagon.com "-" "Mozilla/5.0 (compatible; SemrushBot/7~bl; +http://www.semrush.com/bot.html)" "-"
52.70.240.0 - - [02/Feb/2024:17:09:46 +0100] "GET /wp-content/uploads/2022/10/semana-emprendimiento-736x375.jpeg HTTP/1.1" 200 52707 cronicareinodearagon.com "-" "Mozilla/5.0 (Macintosh; Intel Mac OS X 10_10_1) AppleWebKit/600.2.5 (KHTML, like Gecko) Version/8.0.2 Safari/600.2.5 (Amazonbot/0.1; +https://developer.amazon.com/support/amazonbot)" "-"
52.70.240.0 - - [02/Feb/2024:17:10:46 +0100] "GET /wp-content/uploads/2023/05/jornada-biogas-aragon-360x180.jpg HTTP/1.1" 200 9014 cronicareinodearagon.com "-" "Mozilla/5.0 (Macintosh; Intel Mac OS X 10_10_1) AppleWebKit/600.2.5 (KHTML, like Gecko) Version/8.0.2 Safari/600.2.5 (Amazonbot/0.1; +https://developer.amazon.com/support/amazonbot)" "-"
185.191.171.0 - - [02/Feb/2024:17:12:22 +0100] "GET /category/aragon/page/28/ HTTP/1.1" 200 147497 cronicareinodearagon.com "-" "Mozilla/5.0 (compatible; SemrushBot/7~bl; +http://www.semrush.com/bot.html)" "-"
82.165.88.0 - - [02/Feb/2024:17:12:23 +0100] "POST /wp-cron.php?doing_wp_cron=1706890343.2646920680999755859375 HTTP/1.1" 200 - cronicareinodearagon.com "-" "WordPress/6.2.2; https://cronicareinodearagon.com" "-"
23.22.35.0 - - [02/Feb/2024:17:12:30 +0100] "GET /wp-content/uploads/2023/05/jornada-biogas-aragon-750x375.jpg HTTP/1.1" 200 22783 cronicareinodearagon.com "-" "Mozilla/5.0 (Macintosh; Intel Mac OS X 10_10_1) AppleWebKit/600.2.5 (KHTML, like Gecko) Version/8.0.2 Safari/600.2.5 (Amazonbot/0.1; +https://developer.amazon.com/support/amazonbot)" "-"
3.224.220.0 - - [02/Feb/2024:17:13:14 +0100] "GET /wp-content/uploads/2023/05/caminando-acompanados-huesca.jpg HTTP/1.1" 200 85028 cronicareinodearagon.com "-" "Mozilla/5.0 (Macintosh; Intel Mac OS X 10_10_1) AppleWebKit/600.2.5 (KHTML, like Gecko) Version/8.0.2 Safari/600.2.5 (Amazonbot/0.1; +https://developer.amazon.com/support/amazonbot)" "-"
23.22.35.0 - - [02/Feb/2024:17:13:22 +0100] "GET /wp-content/uploads/2022/10/palacio-de-justicia-de-huesca.jpeg HTTP/1.1" 200 59339 cronicareinodearagon.com "-" "Mozilla/5.0 (Macintosh; Intel Mac OS X 10_10_1) AppleWebKit/600.2.5 (KHTML, like Gecko) Version/8.0.2 Safari/600.2.5 (Amazonbot/0.1; +https://developer.amazon.com/support/amazonbot)" "-"
3.224.220.0 - - [02/Feb/2024:17:14:26 +0100] "GET /wp-content/uploads/2022/01/1546945484048112_EST-360x180.jpg HTTP/1.1" 200 17688 cronicareinodearagon.com "-" "Mozilla/5.0 (Macintosh; Intel Mac OS X 10_10_1) AppleWebKit/600.2.5 (KHTML, like Gecko) Version/8.0.2 Safari/600.2.5 (Amazonbot/0.1; +https://developer.amazon.com/support/amazonbot)" "-"
3.224.220.0 - - [02/Feb/2024:17:15:34 +0100] "GET /wp-content/uploads/2022/01/1546945484048112_EST-750x375.jpg HTTP/1.1" 200 52976 cronicareinodearagon.com "-" "Mozilla/5.0 (Macintosh; Intel Mac OS X 10_10_1) AppleWebKit/600.2.5 (KHTML, like Gecko) Version/8.0.2 Safari/600.2.5 (Amazonbot/0.1; +https://developer.amazon.com/support/amazonbot)" "-"
54.36.149.0 - - [02/Feb/2024:17:16:09 +0100] "GET /category/politica/page/3/ HTTP/1.1" 200 147477 cronicareinodearagon.com "-" "Mozilla/5.0 (compatible; AhrefsBot/7.0; +http://ahrefs.com/robot/)" "-"
82.165.88.0 - - [02/Feb/2024:17:16:10 +0100] "POST /wp-cron.php?doing_wp_cron=1706890570.1710031032562255859375 HTTP/1.1" 200 - cronicareinodearagon.com "-" "WordPress/6.2.2; https://cronicareinodearagon.com" "-"
66.249.84.0 - - [02/Feb/2024:17:16:59 +0100] "GET /category/sociedad/feed/ HTTP/1.1" 200 16233 cronicareinodearagon.com "-" "FeedFetcher-Google; (+http://www.google.com/feedfetcher.html)" "-"
23.22.35.0 - - [02/Feb/2024:17:17:06 +0100] "GET /wp-content/uploads/2021/10/virgina-fernandez-subvenciones.jpg HTTP/1.1" 200 78331 cronicareinodearagon.com "-" "Mozilla/5.0 (Macintosh; Intel Mac OS X 10_10_1) AppleWebKit/600.2.5 (KHTML, like Gecko) Version/8.0.2 Safari/600.2.5 (Amazonbot/0.1; +https://developer.amazon.com/support/amazonbot)" "-"
52.70.240.0 - - [02/Feb/2024:17:18:06 +0100] "GET /wp-content/uploads/2023/05/lamban-psoe-aragon-juventudes.jpg HTTP/1.1" 200 38803 cronicareinodearagon.com "-" "Mozilla/5.0 (Macintosh; Intel Mac OS X 10_10_1) AppleWebKit/600.2.5 (KHTML, like Gecko) Version/8.0.2 Safari/600.2.5 (Amazonbot/0.1; +https://developer.amazon.com/support/amazonbot)" "-"
23.22.35.0 - - [02/Feb/2024:17:18:42 +0100] "GET /wp-content/uploads/2022/10/zaragoza-carlos-reyero-360x180.jpg HTTP/1.1" 200 11433 cronicareinodearagon.com "-" "Mozilla/5.0 (Macintosh; Intel Mac OS X 10_10_1) AppleWebKit/600.2.5 (KHTML, like Gecko) Version/8.0.2 Safari/600.2.5 (Amazonbot/0.1; +https://developer.amazon.com/support/amazonbot)" "-"
23.22.35.0 - - [02/Feb/2024:17:19:10 +0100] "GET /wp-content/uploads/2022/10/zaragoza-carlos-reyero-750x375.jpg HTTP/1.1" 200 41769 cronicareinodearagon.com "-" "Mozilla/5.0 (Macintosh; Intel Mac OS X 10_10_1) AppleWebKit/600.2.5 (KHTML, like Gecko) Version/8.0.2 Safari/600.2.5 (Amazonbot/0.1; +https://developer.amazon.com/support/amazonbot)" "-"
3.224.220.0 - - [02/Feb/2024:17:19:34 +0100] "GET /wp-content/uploads/2021/11/malaga-ciudad-justicia-360x180.jpg HTTP/1.1" 200 22616 cronicareinodearagon.com "-" "Mozilla/5.0 (Macintosh; Intel Mac OS X 10_10_1) AppleWebKit/600.2.5 (KHTML, like Gecko) Version/8.0.2 Safari/600.2.5 (Amazonbot/0.1; +https://developer.amazon.com/support/amazonbot)" "-"
23.22.35.0 - - [02/Feb/2024:17:19:54 +0100] "GET /wp-content/uploads/2021/11/malaga-ciudad-justicia-750x375.jpg HTTP/1.1" 200 75874 cronicareinodearagon.com "-" "Mozilla/5.0 (Macintosh; Intel Mac OS X 10_10_1) AppleWebKit/600.2.5 (KHTML, like Gecko) Version/8.0.2 Safari/600.2.5 (Amazonbot/0.1; +https://developer.amazon.com/support/amazonbot)" "-"
3.224.220.0 - - [02/Feb/2024:17:20:14 +0100] "GET /wp-content/uploads/2023/05/itainnova-carbo4power-360x180.jpg HTTP/1.1" 200 17332 cronicareinodearagon.com "-" "Mozilla/5.0 (Macintosh; Intel Mac OS X 10_10_1) AppleWebKit/600.2.5 (KHTML, like Gecko) Version/8.0.2 Safari/600.2.5 (Amazonbot/0.1; +https://developer.amazon.com/support/amazonbot)" "-"
52.70.240.0 - - [02/Feb/2024:17:21:22 +0100] "GET /wp-content/uploads/2023/05/itainnova-carbo4power-750x375.jpg HTTP/1.1" 200 53729 cronicareinodearagon.com "-" "Mozilla/5.0 (Macintosh; Intel Mac OS X 10_10_1) AppleWebKit/600.2.5 (KHTML, like Gecko) Version/8.0.2 Safari/600.2.5 (Amazonbot/0.1; +https://developer.amazon.com/support/amazonbot)" "-"
85.208.96.0 - - [02/Feb/2024:17:21:35 +0100] "GET /aragon/promedio-encuestas-elecciones-aragon/ HTTP/1.1" 200 165271 cronicareinodearagon.com "-" "Mozilla/5.0 (compatible; SemrushBot/7~bl; +http://www.semrush.com/bot.html)" "-"
82.165.88.0 - - [02/Feb/2024:17:21:36 +0100] "POST /wp-cron.php?doing_wp_cron=1706890896.1335480213165283203125 HTTP/1.1" 200 - cronicareinodearagon.com "-" "WordPress/6.2.2; https://cronicareinodearagon.com" "-"
207.46.13.0 - - [02/Feb/2024:17:21:37 +0100] "GET /opinion/derecho-propia-imagen-sociedad-digital/ HTTP/1.1" 200 172255 cronicareinodearagon.com "-" "Mozilla/5.0 AppleWebKit/537.36 (KHTML, like Gecko; compatible; bingbot/2.0; +http://www.bing.com/bingbot.htm) Chrome/116.0.1938.76 Safari/537.36" "-"
3.224.220.0 - - [02/Feb/2024:17:22:26 +0100] "GET /wp-content/uploads/2021/12/formacion-emprendedoras-huelva.jpg HTTP/1.1" 200 78447 cronicareinodearagon.com "-" "Mozilla/5.0 (Macintosh; Intel Mac OS X 10_10_1) AppleWebKit/600.2.5 (KHTML, like Gecko) Version/8.0.2 Safari/600.2.5 (Amazonbot/0.1; +https://developer.amazon.com/support/amazonbot)" "-"
66.249.84.0 - - [02/Feb/2024:17:24:18 +0100] "GET /category/educacion/feed/ HTTP/1.1" 200 56994 cronicareinodearagon.com "-" "FeedFetcher-Google; (+http://www.google.com/feedfetcher.html)" "-"
85.208.96.0 - - [02/Feb/2024:17:26:15 +0100] "GET /robots.txt HTTP/1.1" 200 202 cronicareinodearagon.com "-" "Mozilla/5.0 (compatible; SemrushBot/7~bl; +http://www.semrush.com/bot.html)" "-"
82.165.88.0 - - [02/Feb/2024:17:26:16 +0100] "POST /wp-cron.php?doing_wp_cron=1706891175.9406020641326904296875 HTTP/1.1" 200 - cronicareinodearagon.com "-" "WordPress/6.2.2; https://cronicareinodearagon.com" "-"
185.191.171.0 - - [02/Feb/2024:17:26:17 +0100] "GET /category/educacion/page/3/ HTTP/1.1" 200 147762 cronicareinodearagon.com "-" "Mozilla/5.0 (compatible; SemrushBot/7~bl; +http://www.semrush.com/bot.html)" "-"
82.165.88.0 - - [02/Feb/2024:17:27:37 +0100] "POST /wp-cron.php?doing_wp_cron=1706891257.9552888870239257812500 HTTP/1.1" 200 - cronicareinodearagon.com "-" "WordPress/6.2.2; https://cronicareinodearagon.com" "-"
85.208.96.0 - - [02/Feb/2024:17:27:37 +0100] "GET /aragon/andalucia-lidera-creacion-autonomos/ HTTP/1.1" 200 164331 cronicareinodearagon.com "-" "Mozilla/5.0 (compatible; SemrushBot/7~bl; +http://www.semrush.com/bot.html)" "-"
82.165.88.0 - - [02/Feb/2024:17:28:20 +0100] "POST /wp-cron.php?doing_wp_cron=1706891300.9244899749755859375000 HTTP/1.1" 200 - cronicareinodearagon.com "-" "WordPress/6.2.2; https://cronicareinodearagon.com" "-"
85.208.96.0 - - [02/Feb/2024:17:28:20 +0100] "GET /category/economia/page/4/ HTTP/1.1" 200 147625 cronicareinodearagon.com "-" "Mozilla/5.0 (compatible; SemrushBot/7~bl; +http://www.semrush.com/bot.html)" "-"
185.191.171.0 - - [02/Feb/2024:17:30:12 +0100] "GET /uncategorized/festival-patios-de-cordoba/ HTTP/1.1" 200 160860 cronicareinodearagon.com "-" "Mozilla/5.0 (compatible; SemrushBot/7~bl; +http://www.semrush.com/bot.html)" "-"
82.165.88.0 - - [02/Feb/2024:17:30:13 +0100] "POST /wp-cron.php?doing_wp_cron=1706891412.9970519542694091796875 HTTP/1.1" 200 - cronicareinodearagon.com "-" "WordPress/6.2.2; https://cronicareinodearagon.com" "-"
54.36.148.0 - - [02/Feb/2024:17:31:39 +0100] "GET /aragon/maru-diaz-mitin-central-podemos-aragon/ HTTP/1.1" 200 171799 cronicareinodearagon.com "-" "Mozilla/5.0 (compatible; AhrefsBot/7.0; +http://ahrefs.com/robot/)" "-"
82.165.88.0 - - [02/Feb/2024:17:31:40 +0100] "POST /wp-cron.php?doing_wp_cron=1706891499.9672820568084716796875 HTTP/1.1" 200 - cronicareinodearagon.com "-" "WordPress/6.2.2; https://cronicareinodearagon.com" "-"
82.165.88.0 - - [02/Feb/2024:17:42:20 +0100] "POST /wp-cron.php?doing_wp_cron=1706892140.5653779506683349609375 HTTP/1.1" 200 - cronicareinodearagon.com "-" "WordPress/6.2.2; https://cronicareinodearagon.com" "-"
185.191.171.0 - - [02/Feb/2024:17:42:20 +0100] "GET /sociedad/huesca-fondos-europa-turismo/ HTTP/1.1" 200 163296 cronicareinodearagon.com "-" "Mozilla/5.0 (compatible; SemrushBot/7~bl; +http://www.semrush.com/bot.html)" "-"
