23.22.35.0 - - [02/Feb/2024:15:30:02 +0100] "GET /wp-content/uploads/2022/08/ventilador_jaen-750x375.jpg HTTP/1.1" 200 37860 cronicareinodearagon.com "-" "Mozilla/5.0 (Macintosh; Intel Mac OS X 10_10_1) AppleWebKit/600.2.5 (KHTML, like Gecko) Version/8.0.2 Safari/600.2.5 (Amazonbot/0.1; +https://developer.amazon.com/support/amazonbot)" "-"
134.209.148.0 - - [02/Feb/2024:15:30:09 +0100] "GET / HTTP/1.1" 200 336 cronicadecadiz.com "-" "Mozilla/5.0 (X11; Linux x86_64) AppleWebKit/537.36 (KHTML, like Gecko) Chrome/108.0.0.0 Safari/537.36" "-"
3.224.220.0 - - [02/Feb/2024:15:30:10 +0100] "GET /wp-content/uploads/2022/08/ventilador_jaen-360x180.jpg HTTP/1.1" 200 12629 cronicareinodearagon.com "-" "Mozilla/5.0 (Macintosh; Intel Mac OS X 10_10_1) AppleWebKit/600.2.5 (KHTML, like Gecko) Version/8.0.2 Safari/600.2.5 (Amazonbot/0.1; +https://developer.amazon.com/support/amazonbot)" "-"
23.22.35.0 - - [02/Feb/2024:15:30:30 +0100] "GET /wp-content/uploads/2022/06/centro-de-salud-750x375.jpg HTTP/1.1" 200 53413 cronicareinodearagon.com "-" "Mozilla/5.0 (Macintosh; Intel Mac OS X 10_10_1) AppleWebKit/600.2.5 (KHTML, like Gecko) Version/8.0.2 Safari/600.2.5 (Amazonbot/0.1; +https://developer.amazon.com/support/amazonbot)" "-"
85.208.96.0 - - [02/Feb/2024:15:30:45 +0100] "GET /economia/diputacion-almeria-grupo-senator-turismo/ HTTP/1.1" 200 166530 cronicareinodearagon.com "-" "Mozilla/5.0 (compatible; SemrushBot/7~bl; +http://www.semrush.com/bot.html)" "-"
82.165.88.0 - - [02/Feb/2024:15:30:46 +0100] "POST /wp-cron.php?doing_wp_cron=1706884246.2339830398559570312500 HTTP/1.1" 200 - cronicareinodearagon.com "-" "WordPress/6.2.2; https://cronicareinodearagon.com" "-"
23.22.35.0 - - [02/Feb/2024:15:32:14 +0100] "GET /wp-content/uploads/2022/06/centro-de-salud-360x180.jpg HTTP/1.1" 200 17675 cronicareinodearagon.com "-" "Mozilla/5.0 (Macintosh; Intel Mac OS X 10_10_1) AppleWebKit/600.2.5 (KHTML, like Gecko) Version/8.0.2 Safari/600.2.5 (Amazonbot/0.1; +https://developer.amazon.com/support/amazonbot)" "-"
3.224.220.0 - - [02/Feb/2024:15:32:18 +0100] "GET /wp-content/uploads/2022/05/Lara-CEA.jpg HTTP/1.1" 200 45513 cronicareinodearagon.com "-" "Mozilla/5.0 (Macintosh; Intel Mac OS X 10_10_1) AppleWebKit/600.2.5 (KHTML, like Gecko) Version/8.0.2 Safari/600.2.5 (Amazonbot/0.1; +https://developer.amazon.com/support/amazonbot)" "-"
3.224.220.0 - - [02/Feb/2024:15:32:34 +0100] "GET /wp-content/uploads/2021/11/juanma-moreno-educacion.jpg HTTP/1.1" 200 55123 cronicareinodearagon.com "-" "Mozilla/5.0 (Macintosh; Intel Mac OS X 10_10_1) AppleWebKit/600.2.5 (KHTML, like Gecko) Version/8.0.2 Safari/600.2.5 (Amazonbot/0.1; +https://developer.amazon.com/support/amazonbot)" "-"
3.224.220.0 - - [02/Feb/2024:15:32:42 +0100] "GET /wp-content/uploads/2022/04/cuadro-libros-wikipedia.jpg HTTP/1.1" 200 115572 cronicareinodearagon.com "-" "Mozilla/5.0 (Macintosh; Intel Mac OS X 10_10_1) AppleWebKit/600.2.5 (KHTML, like Gecko) Version/8.0.2 Safari/600.2.5 (Amazonbot/0.1; +https://developer.amazon.com/support/amazonbot)" "-"
23.22.35.0 - - [02/Feb/2024:15:32:54 +0100] "GET /sociedad/dia-provincia-jaen/feed/ HTTP/1.1" 200 934 cronicareinodearagon.com "-" "Mozilla/5.0 (Macintosh; Intel Mac OS X 10_10_1) AppleWebKit/600.2.5 (KHTML, like Gecko) Version/8.0.2 Safari/600.2.5 (Amazonbot/0.1; +https://developer.amazon.com/support/amazonbot)" "-"
82.165.88.0 - - [02/Feb/2024:15:32:55 +0100] "POST /wp-cron.php?doing_wp_cron=1706884375.1330549716949462890625 HTTP/1.1" 200 - cronicareinodearagon.com "-" "WordPress/6.2.2; https://cronicareinodearagon.com" "-"
3.224.220.0 - - [02/Feb/2024:15:32:58 +0100] "GET /politica/vox-papa-francisco/feed/ HTTP/1.1" 200 929 cronicareinodearagon.com "-" "Mozilla/5.0 (Macintosh; Intel Mac OS X 10_10_1) AppleWebKit/600.2.5 (KHTML, like Gecko) Version/8.0.2 Safari/600.2.5 (Amazonbot/0.1; +https://developer.amazon.com/support/amazonbot)" "-"
3.224.220.0 - - [02/Feb/2024:15:33:38 +0100] "GET /politica/lamban-psoe-aragon/feed/ HTTP/1.1" 200 970 cronicareinodearagon.com "-" "Mozilla/5.0 (Macintosh; Intel Mac OS X 10_10_1) AppleWebKit/600.2.5 (KHTML, like Gecko) Version/8.0.2 Safari/600.2.5 (Amazonbot/0.1; +https://developer.amazon.com/support/amazonbot)" "-"
23.22.35.0 - - [02/Feb/2024:15:33:54 +0100] "GET /wp-content/uploads/2023/05/pleno-diputacion-teruel.jpg HTTP/1.1" 200 338798 cronicareinodearagon.com "-" "Mozilla/5.0 (Macintosh; Intel Mac OS X 10_10_1) AppleWebKit/600.2.5 (KHTML, like Gecko) Version/8.0.2 Safari/600.2.5 (Amazonbot/0.1; +https://developer.amazon.com/support/amazonbot)" "-"
23.22.35.0 - - [02/Feb/2024:15:34:14 +0100] "GET /wp-content/uploads/2022/01/Guardia-Civil-1-360x180.jpg HTTP/1.1" 200 19987 cronicareinodearagon.com "-" "Mozilla/5.0 (Macintosh; Intel Mac OS X 10_10_1) AppleWebKit/600.2.5 (KHTML, like Gecko) Version/8.0.2 Safari/600.2.5 (Amazonbot/0.1; +https://developer.amazon.com/support/amazonbot)" "-"
52.70.240.0 - - [02/Feb/2024:15:34:22 +0100] "GET /wp-content/uploads/2022/01/Guardia-Civil-1-750x375.jpg HTTP/1.1" 200 55137 cronicareinodearagon.com "-" "Mozilla/5.0 (Macintosh; Intel Mac OS X 10_10_1) AppleWebKit/600.2.5 (KHTML, like Gecko) Version/8.0.2 Safari/600.2.5 (Amazonbot/0.1; +https://developer.amazon.com/support/amazonbot)" "-"
23.22.35.0 - - [02/Feb/2024:15:34:34 +0100] "GET /wp-content/uploads/2021/12/FGkTO-CXEAQAoBG-360x180.jpg HTTP/1.1" 200 23665 cronicareinodearagon.com "-" "Mozilla/5.0 (Macintosh; Intel Mac OS X 10_10_1) AppleWebKit/600.2.5 (KHTML, like Gecko) Version/8.0.2 Safari/600.2.5 (Amazonbot/0.1; +https://developer.amazon.com/support/amazonbot)" "-"
52.167.144.0 - - [02/Feb/2024:15:34:42 +0100] "GET /uncategorized/el-ayuntamiento-de-malaga-da-luz-verde-a-la-ampliacion-de-los-veladores/ HTTP/1.1" 301 - www.cronicareinodearagon.com "-" "Mozilla/5.0 AppleWebKit/537.36 (KHTML, like Gecko; compatible; bingbot/2.0; +http://www.bing.com/bingbot.htm) Chrome/116.0.1938.76 Safari/537.36" "-"
82.165.88.0 - - [02/Feb/2024:15:34:43 +0100] "POST /wp-cron.php?doing_wp_cron=1706884483.1963989734649658203125 HTTP/1.1" 200 - cronicareinodearagon.com "-" "WordPress/6.2.2; https://cronicareinodearagon.com" "-"
3.224.220.0 - - [02/Feb/2024:15:34:46 +0100] "GET /wp-content/uploads/2021/12/FGkTO-CXEAQAoBG-750x375.jpg HTTP/1.1" 200 79594 cronicareinodearagon.com "-" "Mozilla/5.0 (Macintosh; Intel Mac OS X 10_10_1) AppleWebKit/600.2.5 (KHTML, like Gecko) Version/8.0.2 Safari/600.2.5 (Amazonbot/0.1; +https://developer.amazon.com/support/amazonbot)" "-"
3.224.220.0 - - [02/Feb/2024:15:34:58 +0100] "GET /wp-content/uploads/2021/11/rector-universidad-jaen.jpg HTTP/1.1" 200 90347 cronicareinodearagon.com "-" "Mozilla/5.0 (Macintosh; Intel Mac OS X 10_10_1) AppleWebKit/600.2.5 (KHTML, like Gecko) Version/8.0.2 Safari/600.2.5 (Amazonbot/0.1; +https://developer.amazon.com/support/amazonbot)" "-"
3.224.220.0 - - [02/Feb/2024:15:35:22 +0100] "GET /wp-content/uploads/2023/05/partido-aragones-huesca.jpg HTTP/1.1" 200 358650 cronicareinodearagon.com "-" "Mozilla/5.0 (Macintosh; Intel Mac OS X 10_10_1) AppleWebKit/600.2.5 (KHTML, like Gecko) Version/8.0.2 Safari/600.2.5 (Amazonbot/0.1; +https://developer.amazon.com/support/amazonbot)" "-"
23.22.35.0 - - [02/Feb/2024:15:35:26 +0100] "GET /wp-content/uploads/2021/12/policia-estafa-alquiler.jpg HTTP/1.1" 200 104953 cronicareinodearagon.com "-" "Mozilla/5.0 (Macintosh; Intel Mac OS X 10_10_1) AppleWebKit/600.2.5 (KHTML, like Gecko) Version/8.0.2 Safari/600.2.5 (Amazonbot/0.1; +https://developer.amazon.com/support/amazonbot)" "-"
23.22.35.0 - - [02/Feb/2024:15:35:34 +0100] "GET /wp-content/uploads/2023/05/vinicius.jpg HTTP/1.1" 200 51140 cronicareinodearagon.com "-" "Mozilla/5.0 (Macintosh; Intel Mac OS X 10_10_1) AppleWebKit/600.2.5 (KHTML, like Gecko) Version/8.0.2 Safari/600.2.5 (Amazonbot/0.1; +https://developer.amazon.com/support/amazonbot)" "-"
23.22.35.0 - - [02/Feb/2024:15:35:38 +0100] "GET /wp-content/uploads/2022/06/MORENO-FERRER-3-750x469.jpg HTTP/1.1" 200 53278 cronicareinodearagon.com "-" "Mozilla/5.0 (Macintosh; Intel Mac OS X 10_10_1) AppleWebKit/600.2.5 (KHTML, like Gecko) Version/8.0.2 Safari/600.2.5 (Amazonbot/0.1; +https://developer.amazon.com/support/amazonbot)" "-"
52.70.240.0 - - [02/Feb/2024:15:35:42 +0100] "GET /wp-content/uploads/2022/06/MORENO-FERRER-3-300x188.jpg HTTP/1.1" 200 13460 cronicareinodearagon.com "-" "Mozilla/5.0 (Macintosh; Intel Mac OS X 10_10_1) AppleWebKit/600.2.5 (KHTML, like Gecko) Version/8.0.2 Safari/600.2.5 (Amazonbot/0.1; +https://developer.amazon.com/support/amazonbot)" "-"
23.22.35.0 - - [02/Feb/2024:15:36:14 +0100] "GET /wp-content/uploads/2022/06/MORENO-FERRER_2-750x469.jpg HTTP/1.1" 200 82806 cronicareinodearagon.com "-" "Mozilla/5.0 (Macintosh; Intel Mac OS X 10_10_1) AppleWebKit/600.2.5 (KHTML, like Gecko) Version/8.0.2 Safari/600.2.5 (Amazonbot/0.1; +https://developer.amazon.com/support/amazonbot)" "-"
23.22.35.0 - - [02/Feb/2024:15:36:34 +0100] "GET /wp-content/uploads/2022/06/MORENO-FERRER-3-768x480.jpg HTTP/1.1" 200 54216 cronicareinodearagon.com "-" "Mozilla/5.0 (Macintosh; Intel Mac OS X 10_10_1) AppleWebKit/600.2.5 (KHTML, like Gecko) Version/8.0.2 Safari/600.2.5 (Amazonbot/0.1; +https://developer.amazon.com/support/amazonbot)" "-"
23.22.35.0 - - [02/Feb/2024:15:36:38 +0100] "GET /wp-content/uploads/2022/06/MORENO-FERRER_2-300x188.jpg HTTP/1.1" 200 18369 cronicareinodearagon.com "-" "Mozilla/5.0 (Macintosh; Intel Mac OS X 10_10_1) AppleWebKit/600.2.5 (KHTML, like Gecko) Version/8.0.2 Safari/600.2.5 (Amazonbot/0.1; +https://developer.amazon.com/support/amazonbot)" "-"
3.224.220.0 - - [02/Feb/2024:15:36:54 +0100] "GET /wp-content/uploads/2022/06/MORENO-FERRER_2-768x480.jpg HTTP/1.1" 200 84317 cronicareinodearagon.com "-" "Mozilla/5.0 (Macintosh; Intel Mac OS X 10_10_1) AppleWebKit/600.2.5 (KHTML, like Gecko) Version/8.0.2 Safari/600.2.5 (Amazonbot/0.1; +https://developer.amazon.com/support/amazonbot)" "-"
23.22.35.0 - - [02/Feb/2024:15:36:58 +0100] "GET /wp-content/uploads/2022/04/plataforma-jaen-360x180.jpg HTTP/1.1" 200 23224 cronicareinodearagon.com "-" "Mozilla/5.0 (Macintosh; Intel Mac OS X 10_10_1) AppleWebKit/600.2.5 (KHTML, like Gecko) Version/8.0.2 Safari/600.2.5 (Amazonbot/0.1; +https://developer.amazon.com/support/amazonbot)" "-"
23.22.35.0 - - [02/Feb/2024:15:37:03 +0100] "GET /wp-content/uploads/2022/04/plataforma-jaen-750x375.jpg HTTP/1.1" 200 73164 cronicareinodearagon.com "-" "Mozilla/5.0 (Macintosh; Intel Mac OS X 10_10_1) AppleWebKit/600.2.5 (KHTML, like Gecko) Version/8.0.2 Safari/600.2.5 (Amazonbot/0.1; +https://developer.amazon.com/support/amazonbot)" "-"
23.22.35.0 - - [02/Feb/2024:15:37:06 +0100] "GET /wp-content/uploads/2021/12/FGWUKB4WQAU0iUq-750x375.jpg HTTP/1.1" 200 46031 cronicareinodearagon.com "-" "Mozilla/5.0 (Macintosh; Intel Mac OS X 10_10_1) AppleWebKit/600.2.5 (KHTML, like Gecko) Version/8.0.2 Safari/600.2.5 (Amazonbot/0.1; +https://developer.amazon.com/support/amazonbot)" "-"
82.165.88.0 - - [02/Feb/2024:15:37:09 +0100] "POST /wp-cron.php?doing_wp_cron=1706884629.5926420688629150390625 HTTP/1.1" 200 - cronicareinodearagon.com "-" "WordPress/6.2.2; https://cronicareinodearagon.com" "-"
66.249.78.0 - - [02/Feb/2024:15:37:09 +0100] "GET /robots.txt HTTP/1.1" 200 202 cronicareinodearagon.com "-" "Mozilla/5.0 (compatible; Googlebot/2.1; +http://www.google.com/bot.html)" "-"
66.249.78.0 - - [02/Feb/2024:15:37:10 +0100] "GET /aragon/javier-lamban-entrevista-psoe-aragon-elecciones/ HTTP/1.1" 200 181213 cronicareinodearagon.com "-" "Mozilla/5.0 (Linux; Android 6.0.1; Nexus 5X Build/MMB29P) AppleWebKit/537.36 (KHTML, like Gecko) Chrome/121.0.6167.85 Mobile Safari/537.36 (compatible; Googlebot/2.1; +http://www.google.com/bot.html)" "-"
66.249.78.0 - - [02/Feb/2024:15:37:13 +0100] "GET /wp-includes/js/imagesloaded.min.js?ver=4.1.4 HTTP/1.1" 200 2010 cronicareinodearagon.com "https://cronicareinodearagon.com/aragon/javier-lamban-entrevista-psoe-aragon-elecciones/" "Mozilla/5.0 (Linux; Android 6.0.1; Nexus 5X Build/MMB29P) AppleWebKit/537.36 (KHTML, like Gecko) Chrome/121.0.6167.85 Mobile Safari/537.36 (compatible; Googlebot/2.1; +http://www.google.com/bot.html)" "-"
66.249.78.0 - - [02/Feb/2024:15:37:13 +0100] "GET /wp-content/plugins/elementor/assets/js/frontend.min.js?ver=3.15.2 HTTP/1.1" 200 14219 cronicareinodearagon.com "https://cronicareinodearagon.com/aragon/javier-lamban-entrevista-psoe-aragon-elecciones/" "Mozilla/5.0 (Linux; Android 6.0.1; Nexus 5X Build/MMB29P) AppleWebKit/537.36 (KHTML, like Gecko) Chrome/121.0.6167.85 Mobile Safari/537.36 (compatible; Googlebot/2.1; +http://www.google.com/bot.html)" "-"
3.224.220.0 - - [02/Feb/2024:15:37:14 +0100] "GET /wp-content/uploads/2021/12/FGWUKB4WQAU0iUq-360x180.jpg HTTP/1.1" 200 15823 cronicareinodearagon.com "-" "Mozilla/5.0 (Macintosh; Intel Mac OS X 10_10_1) AppleWebKit/600.2.5 (KHTML, like Gecko) Version/8.0.2 Safari/600.2.5 (Amazonbot/0.1; +https://developer.amazon.com/support/amazonbot)" "-"
23.22.35.0 - - [02/Feb/2024:15:37:22 +0100] "GET /wp-content/uploads/2022/03/upa_psoe.jpg HTTP/1.1" 200 108496 cronicareinodearagon.com "-" "Mozilla/5.0 (Macintosh; Intel Mac OS X 10_10_1) AppleWebKit/600.2.5 (KHTML, like Gecko) Version/8.0.2 Safari/600.2.5 (Amazonbot/0.1; +https://developer.amazon.com/support/amazonbot)" "-"
3.224.220.0 - - [02/Feb/2024:15:37:38 +0100] "GET /wp-content/uploads/2021/12/IMG_1903.jpg HTTP/1.1" 200 102485 cronicareinodearagon.com "-" "Mozilla/5.0 (Macintosh; Intel Mac OS X 10_10_1) AppleWebKit/600.2.5 (KHTML, like Gecko) Version/8.0.2 Safari/600.2.5 (Amazonbot/0.1; +https://developer.amazon.com/support/amazonbot)" "-"
52.70.240.0 - - [02/Feb/2024:15:37:46 +0100] "GET /wp-content/uploads/2021/12/IMG_1953.jpg HTTP/1.1" 200 114829 cronicareinodearagon.com "-" "Mozilla/5.0 (Macintosh; Intel Mac OS X 10_10_1) AppleWebKit/600.2.5 (KHTML, like Gecko) Version/8.0.2 Safari/600.2.5 (Amazonbot/0.1; +https://developer.amazon.com/support/amazonbot)" "-"
3.224.220.0 - - [02/Feb/2024:15:37:58 +0100] "GET /wp-content/uploads/2022/01/clase_educacion-360x180.jpg HTTP/1.1" 200 16724 cronicareinodearagon.com "-" "Mozilla/5.0 (Macintosh; Intel Mac OS X 10_10_1) AppleWebKit/600.2.5 (KHTML, like Gecko) Version/8.0.2 Safari/600.2.5 (Amazonbot/0.1; +https://developer.amazon.com/support/amazonbot)" "-"
52.70.240.0 - - [02/Feb/2024:15:38:06 +0100] "GET /wp-content/uploads/2022/01/clase_educacion-750x375.jpg HTTP/1.1" 200 48671 cronicareinodearagon.com "-" "Mozilla/5.0 (Macintosh; Intel Mac OS X 10_10_1) AppleWebKit/600.2.5 (KHTML, like Gecko) Version/8.0.2 Safari/600.2.5 (Amazonbot/0.1; +https://developer.amazon.com/support/amazonbot)" "-"
52.70.240.0 - - [02/Feb/2024:15:38:11 +0100] "GET /wp-content/uploads/2021/12/drogas_sanlucar-750x375.jpg HTTP/1.1" 200 46222 cronicareinodearagon.com "-" "Mozilla/5.0 (Macintosh; Intel Mac OS X 10_10_1) AppleWebKit/600.2.5 (KHTML, like Gecko) Version/8.0.2 Safari/600.2.5 (Amazonbot/0.1; +https://developer.amazon.com/support/amazonbot)" "-"
3.224.220.0 - - [02/Feb/2024:15:38:18 +0100] "GET /wp-content/uploads/2021/12/drogas_sanlucar-360x180.jpg HTTP/1.1" 200 15842 cronicareinodearagon.com "-" "Mozilla/5.0 (Macintosh; Intel Mac OS X 10_10_1) AppleWebKit/600.2.5 (KHTML, like Gecko) Version/8.0.2 Safari/600.2.5 (Amazonbot/0.1; +https://developer.amazon.com/support/amazonbot)" "-"
66.249.84.0 - - [02/Feb/2024:15:38:28 +0100] "GET /category/educacion/feed/ HTTP/1.1" 200 56994 cronicareinodearagon.com "-" "FeedFetcher-Google; (+http://www.google.com/feedfetcher.html)" "-"
82.165.88.0 - - [02/Feb/2024:15:38:36 +0100] "POST /wp-cron.php?doing_wp_cron=1706884716.4175388813018798828125 HTTP/1.1" 200 - cronicareinodearagon.com "-" "WordPress/6.2.2; https://cronicareinodearagon.com" "-"
54.36.148.0 - - [02/Feb/2024:15:38:36 +0100] "GET /category/aragon/page/72/ HTTP/1.1" 200 147942 cronicareinodearagon.com "-" "Mozilla/5.0 (compatible; AhrefsBot/7.0; +http://ahrefs.com/robot/)" "-"
52.70.240.0 - - [02/Feb/2024:15:38:42 +0100] "GET /wp-content/uploads/2022/02/FMsJmXpXwAY7NAU-750x375.jpg HTTP/1.1" 200 45315 cronicareinodearagon.com "-" "Mozilla/5.0 (Macintosh; Intel Mac OS X 10_10_1) AppleWebKit/600.2.5 (KHTML, like Gecko) Version/8.0.2 Safari/600.2.5 (Amazonbot/0.1; +https://developer.amazon.com/support/amazonbot)" "-"
23.22.35.0 - - [02/Feb/2024:15:38:58 +0100] "GET /wp-content/uploads/2022/02/FMsJmXpXwAY7NAU-360x180.jpg HTTP/1.1" 200 14309 cronicareinodearagon.com "-" "Mozilla/5.0 (Macintosh; Intel Mac OS X 10_10_1) AppleWebKit/600.2.5 (KHTML, like Gecko) Version/8.0.2 Safari/600.2.5 (Amazonbot/0.1; +https://developer.amazon.com/support/amazonbot)" "-"
74.125.212.0 - - [02/Feb/2024:15:40:00 +0100] "GET /category/economia/feed/ HTTP/1.1" 200 42774 cronicareinodearagon.com "-" "FeedFetcher-Google; (+http://www.google.com/feedfetcher.html)" "-"
82.165.88.0 - - [02/Feb/2024:15:41:29 +0100] "POST /wp-cron.php?doing_wp_cron=1706884889.4584879875183105468750 HTTP/1.1" 200 - cronicareinodearagon.com "-" "WordPress/6.2.2; https://cronicareinodearagon.com" "-"
85.208.96.0 - - [02/Feb/2024:15:41:29 +0100] "GET /category/sociedad/page/20/ HTTP/1.1" 200 147623 cronicareinodearagon.com "-" "Mozilla/5.0 (compatible; SemrushBot/7~bl; +http://www.semrush.com/bot.html)" "-"
66.249.84.0 - - [02/Feb/2024:15:42:53 +0100] "GET /category/educacion/feed/ HTTP/1.1" 200 56994 cronicareinodearagon.com "-" "FeedFetcher-Google; (+http://www.google.com/feedfetcher.html)" "-"
23.22.35.0 - - [02/Feb/2024:15:43:38 +0100] "GET /wp-content/uploads/2022/10/taller-recogida-aceitunas.jpg HTTP/1.1" 200 297196 cronicareinodearagon.com "-" "Mozilla/5.0 (Macintosh; Intel Mac OS X 10_10_1) AppleWebKit/600.2.5 (KHTML, like Gecko) Version/8.0.2 Safari/600.2.5 (Amazonbot/0.1; +https://developer.amazon.com/support/amazonbot)" "-"
82.165.88.0 - - [02/Feb/2024:15:45:51 +0100] "POST /wp-cron.php?doing_wp_cron=1706885151.3971519470214843750000 HTTP/1.1" 200 - cronicareinodearagon.com "-" "WordPress/6.2.2; https://cronicareinodearagon.com" "-"
85.208.96.0 - - [02/Feb/2024:15:45:51 +0100] "GET /aragon/enfermeria-solape-jornada-satse/ HTTP/1.1" 200 166676 cronicareinodearagon.com "-" "Mozilla/5.0 (compatible; SemrushBot/7~bl; +http://www.semrush.com/bot.html)" "-"
3.224.220.0 - - [02/Feb/2024:15:45:54 +0100] "GET /wp-content/uploads/2022/10/Precio-gasolinera-750x375.jpg HTTP/1.1" 200 44414 cronicareinodearagon.com "-" "Mozilla/5.0 (Macintosh; Intel Mac OS X 10_10_1) AppleWebKit/600.2.5 (KHTML, like Gecko) Version/8.0.2 Safari/600.2.5 (Amazonbot/0.1; +https://developer.amazon.com/support/amazonbot)" "-"
192.42.116.0 - - [02/Feb/2024:15:47:00 +0100] "POST /xmlrpc.php HTTP/1.1" 200 416 cronicareinodearagon.com "-" "Mozilla/5.0 (Macintosh; Intel Mac OS X 10_6_8) AppleWebKit/534.59.10 (KHTML, like Gecko) Version/5.1.9 Safari/534.59.10" "-"
82.165.88.0 - - [02/Feb/2024:15:47:01 +0100] "POST /wp-cron.php?doing_wp_cron=1706885221.1322939395904541015625 HTTP/1.1" 200 - cronicareinodearagon.com "-" "WordPress/6.2.2; https://cronicareinodearagon.com" "-"
192.42.116.0 - - [02/Feb/2024:15:47:01 +0100] "POST /xmlrpc.php HTTP/1.1" 200 416 cronicareinodearagon.com "-" "Mozilla/5.0 (Macintosh; Intel Mac OS X 10_6_8) AppleWebKit/534.59.10 (KHTML, like Gecko) Version/5.1.9 Safari/534.59.10" "-"
192.42.116.0 - - [02/Feb/2024:15:47:02 +0100] "POST /xmlrpc.php HTTP/1.1" 403 775 cronicareinodearagon.com "-" "Mozilla/5.0 (Macintosh; Intel Mac OS X 10_6_8) AppleWebKit/534.59.10 (KHTML, like Gecko) Version/5.1.9 Safari/534.59.10" "-"
23.22.35.0 - - [02/Feb/2024:15:47:03 +0100] "GET /wp-content/uploads/2022/10/Precio-gasolinera-360x180.jpg HTTP/1.1" 200 14139 cronicareinodearagon.com "-" "Mozilla/5.0 (Macintosh; Intel Mac OS X 10_10_1) AppleWebKit/600.2.5 (KHTML, like Gecko) Version/8.0.2 Safari/600.2.5 (Amazonbot/0.1; +https://developer.amazon.com/support/amazonbot)" "-"
192.42.116.0 - - [02/Feb/2024:15:47:03 +0100] "POST /xmlrpc.php HTTP/1.1" 403 775 cronicareinodearagon.com "-" "Mozilla/5.0 (Macintosh; Intel Mac OS X 10_6_8) AppleWebKit/534.59.10 (KHTML, like Gecko) Version/5.1.9 Safari/534.59.10" "-"
192.42.116.0 - - [02/Feb/2024:15:47:04 +0100] "POST /xmlrpc.php HTTP/1.1" 403 775 cronicareinodearagon.com "-" "Mozilla/5.0 (Macintosh; Intel Mac OS X 10_6_8) AppleWebKit/534.59.10 (KHTML, like Gecko) Version/5.1.9 Safari/534.59.10" "-"
74.125.212.0 - - [02/Feb/2024:15:48:13 +0100] "GET /category/economia/feed/ HTTP/1.1" 200 42774 cronicareinodearagon.com "-" "FeedFetcher-Google; (+http://www.google.com/feedfetcher.html)" "-"
52.70.240.0 - - [02/Feb/2024:15:50:10 +0100] "GET /wp-content/uploads/2023/05/suciedad-zaragoza-podemos.jpg HTTP/1.1" 200 52231 cronicareinodearagon.com "-" "Mozilla/5.0 (Macintosh; Intel Mac OS X 10_10_1) AppleWebKit/600.2.5 (KHTML, like Gecko) Version/8.0.2 Safari/600.2.5 (Amazonbot/0.1; +https://developer.amazon.com/support/amazonbot)" "-"
23.22.35.0 - - [02/Feb/2024:15:51:06 +0100] "GET /wp-content/uploads/2022/09/Reunion-Algeciras-360x180.jpg HTTP/1.1" 200 17940 cronicareinodearagon.com "-" "Mozilla/5.0 (Macintosh; Intel Mac OS X 10_10_1) AppleWebKit/600.2.5 (KHTML, like Gecko) Version/8.0.2 Safari/600.2.5 (Amazonbot/0.1; +https://developer.amazon.com/support/amazonbot)" "-"
82.165.88.0 - - [02/Feb/2024:15:51:26 +0100] "POST /wp-cron.php?doing_wp_cron=1706885486.6626269817352294921875 HTTP/1.1" 200 - cronicareinodearagon.com "-" "WordPress/6.2.2; https://cronicareinodearagon.com" "-"
85.208.96.0 - - [02/Feb/2024:15:51:26 +0100] "GET /aragon/presentacion-actos-antonio-nebrija/ HTTP/1.1" 200 170388 cronicareinodearagon.com "-" "Mozilla/5.0 (compatible; SemrushBot/7~bl; +http://www.semrush.com/bot.html)" "-"
82.165.88.0 - - [02/Feb/2024:15:52:18 +0100] "POST /wp-cron.php?doing_wp_cron=1706885538.4583890438079833984375 HTTP/1.1" 200 - cronicareinodearagon.com "-" "WordPress/6.2.2; https://cronicareinodearagon.com" "-"
54.36.149.0 - - [02/Feb/2024:15:52:18 +0100] "GET /aragon/programa-impulsa-consejeria-educacion-especial/ HTTP/1.1" 200 169561 cronicareinodearagon.com "-" "Mozilla/5.0 (compatible; AhrefsBot/7.0; +http://ahrefs.com/robot/)" "-"
3.224.220.0 - - [02/Feb/2024:15:53:18 +0100] "GET /wp-content/uploads/2022/09/Reunion-Algeciras-750x375.jpg HTTP/1.1" 200 54018 cronicareinodearagon.com "-" "Mozilla/5.0 (Macintosh; Intel Mac OS X 10_10_1) AppleWebKit/600.2.5 (KHTML, like Gecko) Version/8.0.2 Safari/600.2.5 (Amazonbot/0.1; +https://developer.amazon.com/support/amazonbot)" "-"
82.165.88.0 - - [02/Feb/2024:15:54:09 +0100] "POST /wp-cron.php?doing_wp_cron=1706885649.5643639564514160156250 HTTP/1.1" 200 - cronicareinodearagon.com "-" "WordPress/6.2.2; https://cronicareinodearagon.com" "-"
85.208.96.0 - - [02/Feb/2024:15:54:09 +0100] "GET /aragon/descenso-venta-turismos-ocasion/ HTTP/1.1" 200 163980 cronicareinodearagon.com "-" "Mozilla/5.0 (compatible; SemrushBot/7~bl; +http://www.semrush.com/bot.html)" "-"
23.22.35.0 - - [02/Feb/2024:15:54:10 +0100] "GET /wp-content/uploads/2022/10/policia_nacional_-750x375.jpg HTTP/1.1" 200 37345 cronicareinodearagon.com "-" "Mozilla/5.0 (Macintosh; Intel Mac OS X 10_10_1) AppleWebKit/600.2.5 (KHTML, like Gecko) Version/8.0.2 Safari/600.2.5 (Amazonbot/0.1; +https://developer.amazon.com/support/amazonbot)" "-"
52.70.240.0 - - [02/Feb/2024:15:54:14 +0100] "GET /wp-content/uploads/2022/10/policia_nacional_-360x180.jpg HTTP/1.1" 200 13719 cronicareinodearagon.com "-" "Mozilla/5.0 (Macintosh; Intel Mac OS X 10_10_1) AppleWebKit/600.2.5 (KHTML, like Gecko) Version/8.0.2 Safari/600.2.5 (Amazonbot/0.1; +https://developer.amazon.com/support/amazonbot)" "-"
23.22.35.0 - - [02/Feb/2024:15:54:18 +0100] "GET /wp-content/uploads/2022/05/encuentro-extenda-750x375.jpg HTTP/1.1" 200 40599 cronicareinodearagon.com "-" "Mozilla/5.0 (Macintosh; Intel Mac OS X 10_10_1) AppleWebKit/600.2.5 (KHTML, like Gecko) Version/8.0.2 Safari/600.2.5 (Amazonbot/0.1; +https://developer.amazon.com/support/amazonbot)" "-"
52.70.240.0 - - [02/Feb/2024:15:54:22 +0100] "GET /wp-content/uploads/2022/05/encuentro-extenda-360x180.jpg HTTP/1.1" 200 13945 cronicareinodearagon.com "-" "Mozilla/5.0 (Macintosh; Intel Mac OS X 10_10_1) AppleWebKit/600.2.5 (KHTML, like Gecko) Version/8.0.2 Safari/600.2.5 (Amazonbot/0.1; +https://developer.amazon.com/support/amazonbot)" "-"
66.249.84.0 - - [02/Feb/2024:15:54:23 +0100] "GET /category/sociedad/feed/ HTTP/1.1" 200 16233 cronicareinodearagon.com "-" "FeedFetcher-Google; (+http://www.google.com/feedfetcher.html)" "-"
3.224.220.0 - - [02/Feb/2024:15:54:42 +0100] "GET /wp-content/uploads/2021/12/centro-salud-jaen-300x188.jpg HTTP/1.1" 200 16646 cronicareinodearagon.com "-" "Mozilla/5.0 (Macintosh; Intel Mac OS X 10_10_1) AppleWebKit/600.2.5 (KHTML, like Gecko) Version/8.0.2 Safari/600.2.5 (Amazonbot/0.1; +https://developer.amazon.com/support/amazonbot)" "-"
82.165.88.0 - - [02/Feb/2024:15:54:50 +0100] "POST /wp-cron.php?doing_wp_cron=1706885690.3537280559539794921875 HTTP/1.1" 200 - cronicareinodearagon.com "-" "WordPress/6.2.2; https://cronicareinodearagon.com" "-"
85.208.96.0 - - [02/Feb/2024:15:54:50 +0100] "GET /aragon/isaac-rosa-premio-biblioteca-breve-sevilla/ HTTP/1.1" 200 166510 cronicareinodearagon.com "-" "Mozilla/5.0 (compatible; SemrushBot/7~bl; +http://www.semrush.com/bot.html)" "-"
52.70.240.0 - - [02/Feb/2024:15:54:54 +0100] "GET /wp-content/uploads/2021/12/centro-salud-jaen-750x469.jpg HTTP/1.1" 200 81952 cronicareinodearagon.com "-" "Mozilla/5.0 (Macintosh; Intel Mac OS X 10_10_1) AppleWebKit/600.2.5 (KHTML, like Gecko) Version/8.0.2 Safari/600.2.5 (Amazonbot/0.1; +https://developer.amazon.com/support/amazonbot)" "-"
52.70.240.0 - - [02/Feb/2024:15:55:18 +0100] "GET /wp-content/uploads/2021/12/centro-salud-jaen-768x480.jpg HTTP/1.1" 200 84645 cronicareinodearagon.com "-" "Mozilla/5.0 (Macintosh; Intel Mac OS X 10_10_1) AppleWebKit/600.2.5 (KHTML, like Gecko) Version/8.0.2 Safari/600.2.5 (Amazonbot/0.1; +https://developer.amazon.com/support/amazonbot)" "-"
3.224.220.0 - - [02/Feb/2024:15:55:22 +0100] "GET /wp-content/uploads/2021/11/anfiteatro-romano-porcuna.jpg HTTP/1.1" 200 122861 cronicareinodearagon.com "-" "Mozilla/5.0 (Macintosh; Intel Mac OS X 10_10_1) AppleWebKit/600.2.5 (KHTML, like Gecko) Version/8.0.2 Safari/600.2.5 (Amazonbot/0.1; +https://developer.amazon.com/support/amazonbot)" "-"
3.224.220.0 - - [02/Feb/2024:15:55:26 +0100] "GET /wp-content/uploads/2023/05/iberalbion-huelga-360x180.jpg HTTP/1.1" 200 23788 cronicareinodearagon.com "-" "Mozilla/5.0 (Macintosh; Intel Mac OS X 10_10_1) AppleWebKit/600.2.5 (KHTML, like Gecko) Version/8.0.2 Safari/600.2.5 (Amazonbot/0.1; +https://developer.amazon.com/support/amazonbot)" "-"
23.22.35.0 - - [02/Feb/2024:15:55:30 +0100] "GET /wp-content/uploads/2023/05/iberalbion-huelga-750x375.jpg HTTP/1.1" 200 68745 cronicareinodearagon.com "-" "Mozilla/5.0 (Macintosh; Intel Mac OS X 10_10_1) AppleWebKit/600.2.5 (KHTML, like Gecko) Version/8.0.2 Safari/600.2.5 (Amazonbot/0.1; +https://developer.amazon.com/support/amazonbot)" "-"
52.70.240.0 - - [02/Feb/2024:15:55:38 +0100] "GET /wp-content/uploads/2022/03/policia-nacional-1140x570.jpg HTTP/1.1" 200 105450 cronicareinodearagon.com "-" "Mozilla/5.0 (Macintosh; Intel Mac OS X 10_10_1) AppleWebKit/600.2.5 (KHTML, like Gecko) Version/8.0.2 Safari/600.2.5 (Amazonbot/0.1; +https://developer.amazon.com/support/amazonbot)" "-"
3.224.220.0 - - [02/Feb/2024:15:55:46 +0100] "GET /wp-content/uploads/2022/01/trafico-ilicito-migrantes.jpg HTTP/1.1" 200 119169 cronicareinodearagon.com "-" "Mozilla/5.0 (Macintosh; Intel Mac OS X 10_10_1) AppleWebKit/600.2.5 (KHTML, like Gecko) Version/8.0.2 Safari/600.2.5 (Amazonbot/0.1; +https://developer.amazon.com/support/amazonbot)" "-"
52.70.240.0 - - [02/Feb/2024:15:56:06 +0100] "GET /wp-content/uploads/2021/11/rector-univ-cadiz-750x375.jpg HTTP/1.1" 200 24206 cronicareinodearagon.com "-" "Mozilla/5.0 (Macintosh; Intel Mac OS X 10_10_1) AppleWebKit/600.2.5 (KHTML, like Gecko) Version/8.0.2 Safari/600.2.5 (Amazonbot/0.1; +https://developer.amazon.com/support/amazonbot)" "-"
3.224.220.0 - - [02/Feb/2024:15:56:30 +0100] "GET /wp-content/uploads/2021/11/rector-univ-cadiz-360x180.jpg HTTP/1.1" 200 8929 cronicareinodearagon.com "-" "Mozilla/5.0 (Macintosh; Intel Mac OS X 10_10_1) AppleWebKit/600.2.5 (KHTML, like Gecko) Version/8.0.2 Safari/600.2.5 (Amazonbot/0.1; +https://developer.amazon.com/support/amazonbot)" "-"
52.70.240.0 - - [02/Feb/2024:15:56:34 +0100] "GET /wp-content/uploads/2021/12/cerro-del-andevalo-huelva.jpg HTTP/1.1" 200 60343 cronicareinodearagon.com "-" "Mozilla/5.0 (Macintosh; Intel Mac OS X 10_10_1) AppleWebKit/600.2.5 (KHTML, like Gecko) Version/8.0.2 Safari/600.2.5 (Amazonbot/0.1; +https://developer.amazon.com/support/amazonbot)" "-"
23.22.35.0 - - [02/Feb/2024:15:56:54 +0100] "GET /wp-content/uploads/2022/04/Reyes-rueda-UJA-2-360x180.jpg HTTP/1.1" 200 14741 cronicareinodearagon.com "-" "Mozilla/5.0 (Macintosh; Intel Mac OS X 10_10_1) AppleWebKit/600.2.5 (KHTML, like Gecko) Version/8.0.2 Safari/600.2.5 (Amazonbot/0.1; +https://developer.amazon.com/support/amazonbot)" "-"
23.22.35.0 - - [02/Feb/2024:15:57:02 +0100] "GET /wp-content/uploads/2022/04/Reyes-rueda-UJA-2-750x375.jpg HTTP/1.1" 200 44115 cronicareinodearagon.com "-" "Mozilla/5.0 (Macintosh; Intel Mac OS X 10_10_1) AppleWebKit/600.2.5 (KHTML, like Gecko) Version/8.0.2 Safari/600.2.5 (Amazonbot/0.1; +https://developer.amazon.com/support/amazonbot)" "-"
3.224.220.0 - - [02/Feb/2024:15:57:06 +0100] "GET /wp-content/uploads/2021/12/Consume-Andalucia-750x375.jpg HTTP/1.1" 200 30744 cronicareinodearagon.com "-" "Mozilla/5.0 (Macintosh; Intel Mac OS X 10_10_1) AppleWebKit/600.2.5 (KHTML, like Gecko) Version/8.0.2 Safari/600.2.5 (Amazonbot/0.1; +https://developer.amazon.com/support/amazonbot)" "-"
3.224.220.0 - - [02/Feb/2024:15:57:14 +0100] "GET /wp-content/uploads/2021/12/Consume-Andalucia-360x180.jpg HTTP/1.1" 200 10908 cronicareinodearagon.com "-" "Mozilla/5.0 (Macintosh; Intel Mac OS X 10_10_1) AppleWebKit/600.2.5 (KHTML, like Gecko) Version/8.0.2 Safari/600.2.5 (Amazonbot/0.1; +https://developer.amazon.com/support/amazonbot)" "-"
3.224.220.0 - - [02/Feb/2024:15:57:22 +0100] "GET /wp-content/uploads/2023/05/psoe-aragon-fraga-750x375.jpg HTTP/1.1" 200 38247 cronicareinodearagon.com "-" "Mozilla/5.0 (Macintosh; Intel Mac OS X 10_10_1) AppleWebKit/600.2.5 (KHTML, like Gecko) Version/8.0.2 Safari/600.2.5 (Amazonbot/0.1; +https://developer.amazon.com/support/amazonbot)" "-"
52.70.240.0 - - [02/Feb/2024:15:57:38 +0100] "GET /wp-content/uploads/2023/05/psoe-aragon-fraga-360x180.jpg HTTP/1.1" 200 12220 cronicareinodearagon.com "-" "Mozilla/5.0 (Macintosh; Intel Mac OS X 10_10_1) AppleWebKit/600.2.5 (KHTML, like Gecko) Version/8.0.2 Safari/600.2.5 (Amazonbot/0.1; +https://developer.amazon.com/support/amazonbot)" "-"
23.22.35.0 - - [02/Feb/2024:15:57:46 +0100] "GET /wp-content/uploads/2022/02/migrante-empleo-cruz-roja.jpg HTTP/1.1" 200 98877 cronicareinodearagon.com "-" "Mozilla/5.0 (Macintosh; Intel Mac OS X 10_10_1) AppleWebKit/600.2.5 (KHTML, like Gecko) Version/8.0.2 Safari/600.2.5 (Amazonbot/0.1; +https://developer.amazon.com/support/amazonbot)" "-"
23.22.35.0 - - [02/Feb/2024:15:57:50 +0100] "GET /wp-content/uploads/2022/02/psoe-malaga-aguas-fecales.jpg HTTP/1.1" 200 234046 cronicareinodearagon.com "-" "Mozilla/5.0 (Macintosh; Intel Mac OS X 10_10_1) AppleWebKit/600.2.5 (KHTML, like Gecko) Version/8.0.2 Safari/600.2.5 (Amazonbot/0.1; +https://developer.amazon.com/support/amazonbot)" "-"
3.224.220.0 - - [02/Feb/2024:15:57:54 +0100] "GET /wp-content/uploads/2022/03/museo-ruso-malaga-360x180.jpg HTTP/1.1" 200 17120 cronicareinodearagon.com "-" "Mozilla/5.0 (Macintosh; Intel Mac OS X 10_10_1) AppleWebKit/600.2.5 (KHTML, like Gecko) Version/8.0.2 Safari/600.2.5 (Amazonbot/0.1; +https://developer.amazon.com/support/amazonbot)" "-"
3.224.220.0 - - [02/Feb/2024:15:57:58 +0100] "GET /wp-content/uploads/2022/03/museo-ruso-malaga-750x375.jpg HTTP/1.1" 200 62888 cronicareinodearagon.com "-" "Mozilla/5.0 (Macintosh; Intel Mac OS X 10_10_1) AppleWebKit/600.2.5 (KHTML, like Gecko) Version/8.0.2 Safari/600.2.5 (Amazonbot/0.1; +https://developer.amazon.com/support/amazonbot)" "-"
3.224.220.0 - - [02/Feb/2024:15:58:06 +0100] "GET /wp-content/uploads/2022/08/pilar-alegria-psoe-flickr.jpg HTTP/1.1" 200 72307 cronicareinodearagon.com "-" "Mozilla/5.0 (Macintosh; Intel Mac OS X 10_10_1) AppleWebKit/600.2.5 (KHTML, like Gecko) Version/8.0.2 Safari/600.2.5 (Amazonbot/0.1; +https://developer.amazon.com/support/amazonbot)" "-"
82.165.88.0 - - [02/Feb/2024:15:58:23 +0100] "POST /wp-cron.php?doing_wp_cron=1706885903.6911249160766601562500 HTTP/1.1" 200 - cronicareinodearagon.com "-" "WordPress/6.2.2; https://cronicareinodearagon.com" "-"
85.208.96.0 - - [02/Feb/2024:15:58:23 +0100] "GET /category/aragon/page/34/ HTTP/1.1" 200 147922 cronicareinodearagon.com "-" "Mozilla/5.0 (compatible; SemrushBot/7~bl; +http://www.semrush.com/bot.html)" "-"
85.208.96.0 - - [02/Feb/2024:15:58:32 +0100] "GET /educacion/parque-ciencias-granada-feria/ HTTP/1.1" 200 169042 cronicareinodearagon.com "-" "Mozilla/5.0 (compatible; SemrushBot/7~bl; +http://www.semrush.com/bot.html)" "-"
128.199.239.0 - - [02/Feb/2024:15:59:08 +0100] "GET /rindex.php?parameter=RxRoskfo.php%7Chttp://ndot.us/za&action=add HTTP/1.1" 301 309 cronicareinodearagon.com "-" "Mozlila/5.0 (Linux; Android 7.0; SM-G892A Bulid/NRD90M; wv) AppleWebKit/537.36 (KHTML, like Gecko) Version/4.0 Chrome/60.0.3112.107 Moblie Safari/537.36" "-"
82.165.88.0 - - [02/Feb/2024:15:59:09 +0100] "POST /wp-cron.php?doing_wp_cron=1706885949.6082420349121093750000 HTTP/1.1" 200 - cronicareinodearagon.com "-" "WordPress/6.2.2; https://cronicareinodearagon.com" "-"
128.199.239.0 - - [02/Feb/2024:15:59:09 +0100] "GET /rindex.php?parameter=RxRoskfo.php%7Chttp://ndot.us/za&action=add HTTP/1.1" 404 144868 cronicareinodearagon.com "-" "Mozlila/5.0 (Linux; Android 7.0; SM-G892A Bulid/NRD90M; wv) AppleWebKit/537.36 (KHTML, like Gecko) Version/4.0 Chrome/60.0.3112.107 Moblie Safari/537.36" "-"
128.199.239.0 - - [02/Feb/2024:15:59:11 +0100] "GET /RxRoskfo.php HTTP/1.1" 301 253 cronicareinodearagon.com "-" "Mozlila/5.0 (Linux; Android 7.0; SM-G892A Bulid/NRD90M; wv) AppleWebKit/537.36 (KHTML, like Gecko) Version/4.0 Chrome/60.0.3112.107 Moblie Safari/537.36" "-"
128.199.239.0 - - [02/Feb/2024:15:59:12 +0100] "GET /RxRoskfo.php HTTP/1.1" 404 144874 cronicareinodearagon.com "-" "Mozlila/5.0 (Linux; Android 7.0; SM-G892A Bulid/NRD90M; wv) AppleWebKit/537.36 (KHTML, like Gecko) Version/4.0 Chrome/60.0.3112.107 Moblie Safari/537.36" "-"
128.199.239.0 - - [02/Feb/2024:15:59:14 +0100] "GET /wp-content/themes/classic/inc/index.php HTTP/1.1" 301 280 cronicareinodearagon.com "-" "Mozlila/5.0 (Linux; Android 7.0; SM-G892A Bulid/NRD90M; wv) AppleWebKit/537.36 (KHTML, like Gecko) Version/4.0 Chrome/60.0.3112.107 Moblie Safari/537.36" "-"
128.199.239.0 - - [02/Feb/2024:15:59:14 +0100] "GET /wp-content/themes/classic/inc/index.php HTTP/1.1" 301 - cronicareinodearagon.com "-" "Mozlila/5.0 (Linux; Android 7.0; SM-G892A Bulid/NRD90M; wv) AppleWebKit/537.36 (KHTML, like Gecko) Version/4.0 Chrome/60.0.3112.107 Moblie Safari/537.36" "-"
128.199.239.0 - - [02/Feb/2024:15:59:15 +0100] "GET /wp-content/themes/classic/inc/ HTTP/1.1" 301 - cronicareinodearagon.com "-" "Mozlila/5.0 (Linux; Android 7.0; SM-G892A Bulid/NRD90M; wv) AppleWebKit/537.36 (KHTML, like Gecko) Version/4.0 Chrome/60.0.3112.107 Moblie Safari/537.36" "-"
128.199.239.0 - - [02/Feb/2024:15:59:16 +0100] "GET /sociedad/incendio-almonte-donana/ HTTP/1.1" 200 38588 cronicareinodearagon.com "-" "Mozlila/5.0 (Linux; Android 7.0; SM-G892A Bulid/NRD90M; wv) AppleWebKit/537.36 (KHTML, like Gecko) Version/4.0 Chrome/60.0.3112.107 Moblie Safari/537.36" "-"
128.199.239.0 - - [02/Feb/2024:15:59:16 +0100] "GET /wp-content/themes/classic/inc/RxRpgztl.php HTTP/1.1" 301 283 cronicareinodearagon.com "-" "Mozlila/5.0 (Linux; Android 7.0; SM-G892A Bulid/NRD90M; wv) AppleWebKit/537.36 (KHTML, like Gecko) Version/4.0 Chrome/60.0.3112.107 Moblie Safari/537.36" "-"
128.199.239.0 - - [02/Feb/2024:15:59:17 +0100] "GET /wp-content/themes/classic/inc/RxRpgztl.php HTTP/1.1" 404 144968 cronicareinodearagon.com "-" "Mozlila/5.0 (Linux; Android 7.0; SM-G892A Bulid/NRD90M; wv) AppleWebKit/537.36 (KHTML, like Gecko) Version/4.0 Chrome/60.0.3112.107 Moblie Safari/537.36" "-"
128.199.239.0 - - [02/Feb/2024:15:59:19 +0100] "GET /wp-content/themes/classic/inc/index.php HTTP/1.1" 301 280 cronicareinodearagon.com "-" "Mozlila/5.0 (Linux; Android 7.0; SM-G892A Bulid/NRD90M; wv) AppleWebKit/537.36 (KHTML, like Gecko) Version/4.0 Chrome/60.0.3112.107 Moblie Safari/537.36" "-"
128.199.239.0 - - [02/Feb/2024:15:59:20 +0100] "GET /wp-content/themes/classic/inc/index.php HTTP/1.1" 301 - cronicareinodearagon.com "-" "Mozlila/5.0 (Linux; Android 7.0; SM-G892A Bulid/NRD90M; wv) AppleWebKit/537.36 (KHTML, like Gecko) Version/4.0 Chrome/60.0.3112.107 Moblie Safari/537.36" "-"
128.199.239.0 - - [02/Feb/2024:15:59:23 +0100] "GET /wp-content/themes/classic/inc/ HTTP/1.1" 301 - cronicareinodearagon.com "-" "Mozlila/5.0 (Linux; Android 7.0; SM-G892A Bulid/NRD90M; wv) AppleWebKit/537.36 (KHTML, like Gecko) Version/4.0 Chrome/60.0.3112.107 Moblie Safari/537.36" "-"
128.199.239.0 - - [02/Feb/2024:15:59:23 +0100] "GET /sociedad/incendio-almonte-donana/ HTTP/1.1" 200 38588 cronicareinodearagon.com "-" "Mozlila/5.0 (Linux; Android 7.0; SM-G892A Bulid/NRD90M; wv) AppleWebKit/537.36 (KHTML, like Gecko) Version/4.0 Chrome/60.0.3112.107 Moblie Safari/537.36" "-"
128.199.239.0 - - [02/Feb/2024:15:59:24 +0100] "GET /wp-content/themes/classic/inc/RxRmfgrg.php HTTP/1.1" 301 283 cronicareinodearagon.com "-" "Mozlila/5.0 (Linux; Android 7.0; SM-G892A Bulid/NRD90M; wv) AppleWebKit/537.36 (KHTML, like Gecko) Version/4.0 Chrome/60.0.3112.107 Moblie Safari/537.36" "-"
128.199.239.0 - - [02/Feb/2024:15:59:24 +0100] "GET /wp-content/themes/classic/inc/RxRmfgrg.php HTTP/1.1" 404 144968 cronicareinodearagon.com "-" "Mozlila/5.0 (Linux; Android 7.0; SM-G892A Bulid/NRD90M; wv) AppleWebKit/537.36 (KHTML, like Gecko) Version/4.0 Chrome/60.0.3112.107 Moblie Safari/537.36" "-"
128.199.239.0 - - [02/Feb/2024:15:59:26 +0100] "GET /wp-content/plugins/core-stab/index.php HTTP/1.1" 301 279 cronicareinodearagon.com "-" "Mozlila/5.0 (Linux; Android 7.0; SM-G892A Bulid/NRD90M; wv) AppleWebKit/537.36 (KHTML, like Gecko) Version/4.0 Chrome/60.0.3112.107 Moblie Safari/537.36" "-"
128.199.239.0 - - [02/Feb/2024:15:59:26 +0100] "GET /wp-content/plugins/core-stab/index.php HTTP/1.1" 301 - cronicareinodearagon.com "-" "Mozlila/5.0 (Linux; Android 7.0; SM-G892A Bulid/NRD90M; wv) AppleWebKit/537.36 (KHTML, like Gecko) Version/4.0 Chrome/60.0.3112.107 Moblie Safari/537.36" "-"
128.199.239.0 - - [02/Feb/2024:15:59:27 +0100] "GET /wp-content/plugins/core-stab/ HTTP/1.1" 404 144924 cronicareinodearagon.com "-" "Mozlila/5.0 (Linux; Android 7.0; SM-G892A Bulid/NRD90M; wv) AppleWebKit/537.36 (KHTML, like Gecko) Version/4.0 Chrome/60.0.3112.107 Moblie Safari/537.36" "-"
128.199.239.0 - - [02/Feb/2024:15:59:28 +0100] "GET /wp-content/plugins/core-stab/RxRbwntd.php HTTP/1.1" 301 282 cronicareinodearagon.com "-" "Mozlila/5.0 (Linux; Android 7.0; SM-G892A Bulid/NRD90M; wv) AppleWebKit/537.36 (KHTML, like Gecko) Version/4.0 Chrome/60.0.3112.107 Moblie Safari/537.36" "-"
128.199.239.0 - - [02/Feb/2024:15:59:29 +0100] "GET /wp-content/plugins/core-stab/RxRbwntd.php HTTP/1.1" 404 144964 cronicareinodearagon.com "-" "Mozlila/5.0 (Linux; Android 7.0; SM-G892A Bulid/NRD90M; wv) AppleWebKit/537.36 (KHTML, like Gecko) Version/4.0 Chrome/60.0.3112.107 Moblie Safari/537.36" "-"
128.199.239.0 - - [02/Feb/2024:15:59:30 +0100] "GET /wp-content/plugins/core-stab/index.php HTTP/1.1" 301 279 cronicareinodearagon.com "-" "Mozlila/5.0 (Linux; Android 7.0; SM-G892A Bulid/NRD90M; wv) AppleWebKit/537.36 (KHTML, like Gecko) Version/4.0 Chrome/60.0.3112.107 Moblie Safari/537.36" "-"
128.199.239.0 - - [02/Feb/2024:15:59:31 +0100] "GET /wp-content/plugins/core-stab/index.php HTTP/1.1" 301 - cronicareinodearagon.com "-" "Mozlila/5.0 (Linux; Android 7.0; SM-G892A Bulid/NRD90M; wv) AppleWebKit/537.36 (KHTML, like Gecko) Version/4.0 Chrome/60.0.3112.107 Moblie Safari/537.36" "-"
128.199.239.0 - - [02/Feb/2024:15:59:31 +0100] "GET /wp-content/plugins/core-stab/ HTTP/1.1" 404 144924 cronicareinodearagon.com "-" "Mozlila/5.0 (Linux; Android 7.0; SM-G892A Bulid/NRD90M; wv) AppleWebKit/537.36 (KHTML, like Gecko) Version/4.0 Chrome/60.0.3112.107 Moblie Safari/537.36" "-"
128.199.239.0 - - [02/Feb/2024:15:59:32 +0100] "GET /wp-content/plugins/core-stab/RxRcssji.php HTTP/1.1" 301 282 cronicareinodearagon.com "-" "Mozlila/5.0 (Linux; Android 7.0; SM-G892A Bulid/NRD90M; wv) AppleWebKit/537.36 (KHTML, like Gecko) Version/4.0 Chrome/60.0.3112.107 Moblie Safari/537.36" "-"
128.199.239.0 - - [02/Feb/2024:15:59:33 +0100] "GET /wp-content/plugins/core-stab/RxRcssji.php HTTP/1.1" 404 144964 cronicareinodearagon.com "-" "Mozlila/5.0 (Linux; Android 7.0; SM-G892A Bulid/NRD90M; wv) AppleWebKit/537.36 (KHTML, like Gecko) Version/4.0 Chrome/60.0.3112.107 Moblie Safari/537.36" "-"
128.199.239.0 - - [02/Feb/2024:15:59:34 +0100] "GET /wp-content/plugins/core-stab/index.php HTTP/1.1" 301 279 cronicareinodearagon.com "-" "Mozlila/5.0 (Linux; Android 7.0; SM-G892A Bulid/NRD90M; wv) AppleWebKit/537.36 (KHTML, like Gecko) Version/4.0 Chrome/60.0.3112.107 Moblie Safari/537.36" "-"
128.199.239.0 - - [02/Feb/2024:15:59:35 +0100] "GET /wp-content/plugins/core-stab/index.php HTTP/1.1" 301 - cronicareinodearagon.com "-" "Mozlila/5.0 (Linux; Android 7.0; SM-G892A Bulid/NRD90M; wv) AppleWebKit/537.36 (KHTML, like Gecko) Version/4.0 Chrome/60.0.3112.107 Moblie Safari/537.36" "-"
128.199.239.0 - - [02/Feb/2024:15:59:35 +0100] "GET /wp-content/plugins/core-stab/ HTTP/1.1" 404 144924 cronicareinodearagon.com "-" "Mozlila/5.0 (Linux; Android 7.0; SM-G892A Bulid/NRD90M; wv) AppleWebKit/537.36 (KHTML, like Gecko) Version/4.0 Chrome/60.0.3112.107 Moblie Safari/537.36" "-"
128.199.239.0 - - [02/Feb/2024:15:59:36 +0100] "GET /wp-content/plugins/core-stab/RxRiiqsm.php HTTP/1.1" 301 282 cronicareinodearagon.com "-" "Mozlila/5.0 (Linux; Android 7.0; SM-G892A Bulid/NRD90M; wv) AppleWebKit/537.36 (KHTML, like Gecko) Version/4.0 Chrome/60.0.3112.107 Moblie Safari/537.36" "-"
128.199.239.0 - - [02/Feb/2024:15:59:37 +0100] "GET /wp-content/plugins/core-stab/RxRiiqsm.php HTTP/1.1" 404 144964 cronicareinodearagon.com "-" "Mozlila/5.0 (Linux; Android 7.0; SM-G892A Bulid/NRD90M; wv) AppleWebKit/537.36 (KHTML, like Gecko) Version/4.0 Chrome/60.0.3112.107 Moblie Safari/537.36" "-"
82.165.88.0 - - [02/Feb/2024:16:00:29 +0100] "POST /wp-cron.php?doing_wp_cron=1706886029.7728989124298095703125 HTTP/1.1" 200 - cronicareinodearagon.com "-" "WordPress/6.2.2; https://cronicareinodearagon.com" "-"
85.208.96.0 - - [02/Feb/2024:16:00:29 +0100] "GET /category/economia/page/12/ HTTP/1.1" 200 147573 cronicareinodearagon.com "-" "Mozilla/5.0 (compatible; SemrushBot/7~bl; +http://www.semrush.com/bot.html)" "-"
185.191.171.0 - - [02/Feb/2024:16:03:31 +0100] "GET /politica/agencia-espanola-espacio-sede/ HTTP/1.1" 200 169702 cronicareinodearagon.com "-" "Mozilla/5.0 (compatible; SemrushBot/7~bl; +http://www.semrush.com/bot.html)" "-"
82.165.88.0 - - [02/Feb/2024:16:03:32 +0100] "POST /wp-cron.php?doing_wp_cron=1706886212.0973711013793945312500 HTTP/1.1" 200 - cronicareinodearagon.com "-" "WordPress/6.2.2; https://cronicareinodearagon.com" "-"
185.191.171.0 - - [02/Feb/2024:16:03:49 +0100] "GET /category/aragon/page/42/ HTTP/1.1" 200 147529 cronicareinodearagon.com "-" "Mozilla/5.0 (compatible; SemrushBot/7~bl; +http://www.semrush.com/bot.html)" "-"
82.165.88.0 - - [02/Feb/2024:16:03:50 +0100] "POST /wp-cron.php?doing_wp_cron=1706886230.2072100639343261718750 HTTP/1.1" 200 - cronicareinodearagon.com "-" "WordPress/6.2.2; https://cronicareinodearagon.com" "-"
54.36.148.0 - - [02/Feb/2024:16:04:18 +0100] "GET /category/politica/page/4/ HTTP/1.1" 200 147674 cronicareinodearagon.com "-" "Mozilla/5.0 (compatible; AhrefsBot/7.0; +http://ahrefs.com/robot/)" "-"
52.70.240.0 - - [02/Feb/2024:16:06:58 +0100] "GET /wp-content/uploads/2023/05/psoe-aragon-mitin-teruel.jpg HTTP/1.1" 200 48177 cronicareinodearagon.com "-" "Mozilla/5.0 (Macintosh; Intel Mac OS X 10_10_1) AppleWebKit/600.2.5 (KHTML, like Gecko) Version/8.0.2 Safari/600.2.5 (Amazonbot/0.1; +https://developer.amazon.com/support/amazonbot)" "-"
3.224.220.0 - - [02/Feb/2024:16:07:58 +0100] "GET /wp-content/uploads/2023/05/Fuentes-Claras-Bioenergy.jpg HTTP/1.1" 200 143094 cronicareinodearagon.com "-" "Mozilla/5.0 (Macintosh; Intel Mac OS X 10_10_1) AppleWebKit/600.2.5 (KHTML, like Gecko) Version/8.0.2 Safari/600.2.5 (Amazonbot/0.1; +https://developer.amazon.com/support/amazonbot)" "-"
3.224.220.0 - - [02/Feb/2024:16:08:22 +0100] "GET /wp-content/uploads/2023/05/rivares-podemos-zaragoza-1.jpg HTTP/1.1" 200 56762 cronicareinodearagon.com "-" "Mozilla/5.0 (Macintosh; Intel Mac OS X 10_10_1) AppleWebKit/600.2.5 (KHTML, like Gecko) Version/8.0.2 Safari/600.2.5 (Amazonbot/0.1; +https://developer.amazon.com/support/amazonbot)" "-"
34.106.215.0 - - [02/Feb/2024:16:08:55 +0100] "POST /xmlrpc.php HTTP/1.1" 200 416 cronicareinodearagon.com "-" "Mozilla/5.0 (Windows NT 10.0; Win64; x64; rv:49.0) Gecko/20100101 Firefox/49.0" "-"
82.165.88.0 - - [02/Feb/2024:16:08:56 +0100] "POST /wp-cron.php?doing_wp_cron=1706886536.1750299930572509765625 HTTP/1.1" 200 - cronicareinodearagon.com "-" "WordPress/6.2.2; https://cronicareinodearagon.com" "-"
23.22.35.0 - - [02/Feb/2024:16:10:38 +0100] "GET /wp-content/uploads/2023/05/teruel-existe-mitin-360x180.jpg HTTP/1.1" 200 13318 cronicareinodearagon.com "-" "Mozilla/5.0 (Macintosh; Intel Mac OS X 10_10_1) AppleWebKit/600.2.5 (KHTML, like Gecko) Version/8.0.2 Safari/600.2.5 (Amazonbot/0.1; +https://developer.amazon.com/support/amazonbot)" "-"
157.245.58.0 - - [02/Feb/2024:16:10:39 +0100] "GET /wp-includes/wlwmanifest.xml HTTP/1.1" 404 596 cronicadearagon.com "-" "python-requests/2.21.0" "-"
157.245.58.0 - - [02/Feb/2024:16:10:42 +0100] "GET /administrator/index.php HTTP/1.1" 404 596 cronicadearagon.com "-" "python-requests/2.21.0" "-"
157.245.58.0 - - [02/Feb/2024:16:10:42 +0100] "GET /view-source: HTTP/1.1" 404 596 cronicadearagon.com "-" "python-requests/2.21.0" "-"
157.245.58.0 - - [02/Feb/2024:16:10:42 +0100] "GET /misc/ajax.js HTTP/1.1" 404 596 cronicadearagon.com "-" "python-requests/2.21.0" "-"
3.224.220.0 - - [02/Feb/2024:16:10:54 +0100] "GET /wp-content/uploads/2023/05/teruel-existe-mitin-750x375.jpg HTTP/1.1" 200 39636 cronicareinodearagon.com "-" "Mozilla/5.0 (Macintosh; Intel Mac OS X 10_10_1) AppleWebKit/600.2.5 (KHTML, like Gecko) Version/8.0.2 Safari/600.2.5 (Amazonbot/0.1; +https://developer.amazon.com/support/amazonbot)" "-"
52.70.240.0 - - [02/Feb/2024:16:11:18 +0100] "GET /wp-content/uploads/2023/05/soro-chunta-aragonesista.jpg HTTP/1.1" 200 33110 cronicareinodearagon.com "-" "Mozilla/5.0 (Macintosh; Intel Mac OS X 10_10_1) AppleWebKit/600.2.5 (KHTML, like Gecko) Version/8.0.2 Safari/600.2.5 (Amazonbot/0.1; +https://developer.amazon.com/support/amazonbot)" "-"
157.245.58.0 - - [02/Feb/2024:16:11:30 +0100] "GET /wp-includes/wlwmanifest.xml HTTP/1.1" 404 596 cronicadecadiz.com "-" "python-requests/2.21.0" "-"
157.245.58.0 - - [02/Feb/2024:16:11:31 +0100] "GET /administrator/index.php HTTP/1.1" 404 596 cronicadecadiz.com "-" "python-requests/2.21.0" "-"
157.245.58.0 - - [02/Feb/2024:16:11:32 +0100] "GET /view-source: HTTP/1.1" 404 596 cronicadecadiz.com "-" "python-requests/2.21.0" "-"
157.245.58.0 - - [02/Feb/2024:16:11:32 +0100] "GET /misc/ajax.js HTTP/1.1" 404 596 cronicadecadiz.com "-" "python-requests/2.21.0" "-"
52.70.240.0 - - [02/Feb/2024:16:13:03 +0100] "GET /wp-content/uploads/2022/10/Quiron-mamografias-360x180.jpg HTTP/1.1" 200 14020 cronicareinodearagon.com "-" "Mozilla/5.0 (Macintosh; Intel Mac OS X 10_10_1) AppleWebKit/600.2.5 (KHTML, like Gecko) Version/8.0.2 Safari/600.2.5 (Amazonbot/0.1; +https://developer.amazon.com/support/amazonbot)" "-"
157.245.58.0 - - [02/Feb/2024:16:13:29 +0100] "GET /wp-includes/wlwmanifest.xml HTTP/1.1" 404 596 cronicadealmeria.com "-" "python-requests/2.21.0" "-"
157.245.58.0 - - [02/Feb/2024:16:13:30 +0100] "GET /administrator/index.php HTTP/1.1" 404 596 cronicadealmeria.com "-" "python-requests/2.21.0" "-"
157.245.58.0 - - [02/Feb/2024:16:13:30 +0100] "GET /view-source: HTTP/1.1" 404 596 cronicadealmeria.com "-" "python-requests/2.21.0" "-"
157.245.58.0 - - [02/Feb/2024:16:13:31 +0100] "GET /misc/ajax.js HTTP/1.1" 404 596 cronicadealmeria.com "-" "python-requests/2.21.0" "-"
3.224.220.0 - - [02/Feb/2024:16:14:03 +0100] "GET /wp-content/uploads/2022/10/Quiron-mamografias-750x375.jpg HTTP/1.1" 200 39808 cronicareinodearagon.com "-" "Mozilla/5.0 (Macintosh; Intel Mac OS X 10_10_1) AppleWebKit/600.2.5 (KHTML, like Gecko) Version/8.0.2 Safari/600.2.5 (Amazonbot/0.1; +https://developer.amazon.com/support/amazonbot)" "-"
52.70.240.0 - - [02/Feb/2024:16:14:14 +0100] "GET /wp-content/uploads/2022/01/51817789352_2a5614284f_k.jpg HTTP/1.1" 200 545100 cronicareinodearagon.com "-" "Mozilla/5.0 (Macintosh; Intel Mac OS X 10_10_1) AppleWebKit/600.2.5 (KHTML, like Gecko) Version/8.0.2 Safari/600.2.5 (Amazonbot/0.1; +https://developer.amazon.com/support/amazonbot)" "-"
157.245.58.0 - - [02/Feb/2024:16:15:02 +0100] "GET /wp-includes/wlwmanifest.xml HTTP/1.1" 404 596 cronicadeasturias.com "-" "python-requests/2.21.0" "-"
157.245.58.0 - - [02/Feb/2024:16:15:03 +0100] "GET /administrator/index.php HTTP/1.1" 404 596 cronicadeasturias.com "-" "python-requests/2.21.0" "-"
157.245.58.0 - - [02/Feb/2024:16:15:04 +0100] "GET /view-source: HTTP/1.1" 404 596 cronicadeasturias.com "-" "python-requests/2.21.0" "-"
157.245.58.0 - - [02/Feb/2024:16:15:05 +0100] "GET /misc/ajax.js HTTP/1.1" 404 596 cronicadeasturias.com "-" "python-requests/2.21.0" "-"
