159.223.55.0 - - [02/Feb/2024:21:53:02 +0100] "GET /wp-includes/dropdown.php HTTP/1.1" 404 144911 cronicareinodearagon.com "-" "Mozlila/5.0 (Linux; Android 7.0; SM-G892A Bulid/NRD90M; wv) AppleWebKit/537.36 (KHTML, like Gecko) Version/4.0 Chrome/60.0.3112.107 Moblie Safari/537.36" "-"
159.223.55.0 - - [02/Feb/2024:21:53:03 +0100] "GET /wp-admin/dropdown.php HTTP/1.1" 301 262 cronicareinodearagon.com "-" "Mozlila/5.0 (Linux; Android 7.0; SM-G892A Bulid/NRD90M; wv) AppleWebKit/537.36 (KHTML, like Gecko) Version/4.0 Chrome/60.0.3112.107 Moblie Safari/537.36" "-"
159.223.55.0 - - [02/Feb/2024:21:53:04 +0100] "GET /wp-admin/dropdown.php HTTP/1.1" 404 144902 cronicareinodearagon.com "-" "Mozlila/5.0 (Linux; Android 7.0; SM-G892A Bulid/NRD90M; wv) AppleWebKit/537.36 (KHTML, like Gecko) Version/4.0 Chrome/60.0.3112.107 Moblie Safari/537.36" "-"
82.165.88.0 - - [02/Feb/2024:21:53:45 +0100] "POST /wp-cron.php?doing_wp_cron=1706907225.9152500629425048828125 HTTP/1.1" 200 - cronicareinodearagon.com "-" "WordPress/6.2.2; https://cronicareinodearagon.com" "-"
2600:1f16:500:: - - [02/Feb/2024:21:53:45 +0100] "POST /xmlrpc.php HTTP/1.1" 200 416 cronicareinodearagon.com "-" "Mozilla/5.0 (Windows NT 10.0; Win64; x64; rv:63.0) Gecko/20100101 Firefox/63.0" "-"
54.36.148.0 - - [02/Feb/2024:21:54:54 +0100] "GET /robots.txt HTTP/1.1" 200 202 cronicareinodearagon.com "-" "Mozilla/5.0 (compatible; AhrefsBot/7.0; +http://ahrefs.com/robot/)" "-"
82.165.88.0 - - [02/Feb/2024:21:54:55 +0100] "POST /wp-cron.php?doing_wp_cron=1706907295.0145440101623535156250 HTTP/1.1" 200 - cronicareinodearagon.com "-" "WordPress/6.2.2; https://cronicareinodearagon.com" "-"
54.36.148.0 - - [02/Feb/2024:21:54:56 +0100] "GET /aragon/ceoe-aragon-exportaciones/ HTTP/1.1" 200 164056 cronicareinodearagon.com "-" "Mozilla/5.0 (compatible; AhrefsBot/7.0; +http://ahrefs.com/robot/)" "-"
185.191.171.0 - - [02/Feb/2024:21:57:40 +0100] "GET /category/sociedad/page/42/ HTTP/1.1" 200 132335 cronicareinodearagon.com "-" "Mozilla/5.0 (compatible; SemrushBot/7~bl; +http://www.semrush.com/bot.html)" "-"
82.165.88.0 - - [02/Feb/2024:21:57:41 +0100] "POST /wp-cron.php?doing_wp_cron=1706907461.2262730598449707031250 HTTP/1.1" 200 - cronicareinodearagon.com "-" "WordPress/6.2.2; https://cronicareinodearagon.com" "-"
185.191.171.0 - - [02/Feb/2024:21:58:36 +0100] "GET /aragon/inflacion-sube-mas-andalucia-que-espana/ HTTP/1.1" 200 163426 cronicareinodearagon.com "-" "Mozilla/5.0 (compatible; SemrushBot/7~bl; +http://www.semrush.com/bot.html)" "-"
82.165.88.0 - - [02/Feb/2024:21:58:37 +0100] "POST /wp-cron.php?doing_wp_cron=1706907516.9948720932006835937500 HTTP/1.1" 200 - cronicareinodearagon.com "-" "WordPress/6.2.2; https://cronicareinodearagon.com" "-"
66.249.84.0 - - [02/Feb/2024:21:58:59 +0100] "GET /category/sociedad/feed/ HTTP/1.1" 200 16233 cronicareinodearagon.com "-" "FeedFetcher-Google; (+http://www.google.com/feedfetcher.html)" "-"
82.165.88.0 - - [02/Feb/2024:21:59:22 +0100] "POST /wp-cron.php?doing_wp_cron=1706907562.4476819038391113281250 HTTP/1.1" 200 - cronicareinodearagon.com "-" "WordPress/6.2.2; https://cronicareinodearagon.com" "-"
85.208.96.0 - - [02/Feb/2024:21:59:22 +0100] "GET /sociedad/jamon-trevelez-igp-jamon-serrano/ HTTP/1.1" 200 167554 cronicareinodearagon.com "-" "Mozilla/5.0 (compatible; SemrushBot/7~bl; +http://www.semrush.com/bot.html)" "-"
66.249.84.0 - - [02/Feb/2024:21:59:27 +0100] "GET /category/politica/feed/ HTTP/1.1" 200 59109 cronicareinodearagon.com "-" "FeedFetcher-Google; (+http://www.google.com/feedfetcher.html)" "-"
82.165.88.0 - - [02/Feb/2024:22:00:43 +0100] "POST /wp-cron.php?doing_wp_cron=1706907643.6668000221252441406250 HTTP/1.1" 200 - cronicareinodearagon.com "-" "WordPress/6.2.2; https://cronicareinodearagon.com" "-"
138.246.253.0 - - [02/Feb/2024:22:00:43 +0100] "GET /robots.txt HTTP/1.1" 200 202 cronicareinodearagon.com "-" "Mozilla/5.0 (Windows NT 10.0; Win64; x64) AppleWebKit/537.36 (KHTML, like Gecko) Chrome/103.0.5060.134 Safari/537.36" "-"
185.191.171.0 - - [02/Feb/2024:22:01:18 +0100] "GET /aragon/chunta-aragonesista-propuestas-juventud/ HTTP/1.1" 200 164075 cronicareinodearagon.com "-" "Mozilla/5.0 (compatible; SemrushBot/7~bl; +http://www.semrush.com/bot.html)" "-"
82.165.88.0 - - [02/Feb/2024:22:02:56 +0100] "POST /wp-cron.php?doing_wp_cron=1706907776.8905200958251953125000 HTTP/1.1" 200 - cronicareinodearagon.com "-" "WordPress/6.2.2; https://cronicareinodearagon.com" "-"
185.191.171.0 - - [02/Feb/2024:22:02:56 +0100] "GET /politica/csif-eliminacion-bombero-voluntario/ HTTP/1.1" 200 166320 cronicareinodearagon.com "-" "Mozilla/5.0 (compatible; SemrushBot/7~bl; +http://www.semrush.com/bot.html)" "-"
82.165.88.0 - - [02/Feb/2024:22:08:29 +0100] "POST /wp-cron.php?doing_wp_cron=1706908109.5065960884094238281250 HTTP/1.1" 200 - cronicareinodearagon.com "-" "WordPress/6.2.2; https://cronicareinodearagon.com" "-"
85.208.96.0 - - [02/Feb/2024:22:08:29 +0100] "GET /educacion/agresion-profesores-coria-del-rio-sevilla/ HTTP/1.1" 200 161766 cronicareinodearagon.com "-" "Mozilla/5.0 (compatible; SemrushBot/7~bl; +http://www.semrush.com/bot.html)" "-"
82.165.88.0 - - [02/Feb/2024:22:08:55 +0100] "POST /wp-cron.php?doing_wp_cron=1706908135.4183061122894287109375 HTTP/1.1" 200 - cronicareinodearagon.com "-" "WordPress/6.2.2; https://cronicareinodearagon.com" "-"
85.208.96.0 - - [02/Feb/2024:22:08:55 +0100] "GET /economia/sevilla-candidatura-excelencia-agencia-espacial-espanola/ HTTP/1.1" 200 166348 cronicareinodearagon.com "-" "Mozilla/5.0 (compatible; SemrushBot/7~bl; +http://www.semrush.com/bot.html)" "-"
82.165.88.0 - - [02/Feb/2024:22:09:53 +0100] "POST /wp-cron.php?doing_wp_cron=1706908193.4780430793762207031250 HTTP/1.1" 200 - cronicareinodearagon.com "-" "WordPress/6.2.2; https://cronicareinodearagon.com" "-"
54.36.148.0 - - [02/Feb/2024:22:09:53 +0100] "GET /aragon/dia-de-libro-andalucia/ HTTP/1.1" 200 172964 cronicareinodearagon.com "-" "Mozilla/5.0 (compatible; AhrefsBot/7.0; +http://ahrefs.com/robot/)" "-"
82.165.88.0 - - [02/Feb/2024:22:13:47 +0100] "POST /wp-cron.php?doing_wp_cron=1706908427.6082539558410644531250 HTTP/1.1" 200 - cronicareinodearagon.com "-" "WordPress/6.2.2; https://cronicareinodearagon.com" "-"
185.191.171.0 - - [02/Feb/2024:22:13:47 +0100] "GET /aragon/por-andalucia-proyectar-musica-coral/ HTTP/1.1" 200 174361 cronicareinodearagon.com "-" "Mozilla/5.0 (compatible; SemrushBot/7~bl; +http://www.semrush.com/bot.html)" "-"
66.249.78.0 - - [02/Feb/2024:22:19:57 +0100] "GET /robots.txt HTTP/1.1" 200 202 cronicareinodearagon.com "-" "Mozilla/5.0 (compatible; Googlebot/2.1; +http://www.google.com/bot.html)" "-"
82.165.88.0 - - [02/Feb/2024:22:19:58 +0100] "POST /wp-cron.php?doing_wp_cron=1706908798.3160080909729003906250 HTTP/1.1" 200 - cronicareinodearagon.com "-" "WordPress/6.2.2; https://cronicareinodearagon.com" "-"
66.249.72.0 - - [02/Feb/2024:22:19:59 +0100] "GET /aragon/ayudas-arabon-modernizacion-mejora-regadios/ HTTP/1.1" 200 162102 cronicareinodearagon.com "-" "Mozilla/5.0 (Linux; Android 6.0.1; Nexus 5X Build/MMB29P) AppleWebKit/537.36 (KHTML, like Gecko) Chrome/121.0.6167.85 Mobile Safari/537.36 (compatible; Googlebot/2.1; +http://www.google.com/bot.html)" "-"
66.249.72.0 - - [02/Feb/2024:22:20:03 +0100] "GET /wp-includes/css/classic-themes.min.css?ver=6.2.2 HTTP/1.1" 200 211 cronicareinodearagon.com "https://cronicareinodearagon.com/aragon/ayudas-arabon-modernizacion-mejora-regadios/" "Mozilla/5.0 (Linux; Android 6.0.1; Nexus 5X Build/MMB29P) AppleWebKit/537.36 (KHTML, like Gecko) Chrome/121.0.6167.85 Mobile Safari/537.36 (compatible; Googlebot/2.1; +http://www.google.com/bot.html)" "-"
66.249.78.0 - - [02/Feb/2024:22:20:03 +0100] "GET /wp-content/plugins/elementor/assets/css/frontend-lite.min.css?ver=3.15.2 HTTP/1.1" 200 17137 cronicareinodearagon.com "https://cronicareinodearagon.com/aragon/ayudas-arabon-modernizacion-mejora-regadios/" "Mozilla/5.0 (Linux; Android 6.0.1; Nexus 5X Build/MMB29P) AppleWebKit/537.36 (KHTML, like Gecko) Chrome/121.0.6167.85 Mobile Safari/537.36 (compatible; Googlebot/2.1; +http://www.google.com/bot.html)" "-"
66.249.72.0 - - [02/Feb/2024:22:20:14 +0100] "GET /wp-includes/css/dist/block-library/style.min.css?ver=6.2.2 HTTP/1.1" 200 16406 cronicareinodearagon.com "https://cronicareinodearagon.com/aragon/ayudas-arabon-modernizacion-mejora-regadios/" "Mozilla/5.0 (Linux; Android 6.0.1; Nexus 5X Build/MMB29P) AppleWebKit/537.36 (KHTML, like Gecko) Chrome/121.0.6167.85 Mobile Safari/537.36 (compatible; Googlebot/2.1; +http://www.google.com/bot.html)" "-"
66.249.72.0 - - [02/Feb/2024:22:20:14 +0100] "GET /wp-content/plugins/complianz-gdpr/cookiebanner/js/complianz.min.js?ver=6.4.4 HTTP/1.1" 200 12688 cronicareinodearagon.com "https://cronicareinodearagon.com/aragon/ayudas-arabon-modernizacion-mejora-regadios/" "Mozilla/5.0 (Linux; Android 6.0.1; Nexus 5X Build/MMB29P) AppleWebKit/537.36 (KHTML, like Gecko) Chrome/121.0.6167.85 Mobile Safari/537.36 (compatible; Googlebot/2.1; +http://www.google.com/bot.html)" "-"
66.249.72.0 - - [02/Feb/2024:22:20:15 +0100] "GET /wp-content/plugins/elementor/assets/js/lightbox.1b6e05e0607040eb8929.bundle.min.js HTTP/1.1" 200 11140 cronicareinodearagon.com "https://cronicareinodearagon.com/aragon/ayudas-arabon-modernizacion-mejora-regadios/" "Mozilla/5.0 (Linux; Android 6.0.1; Nexus 5X Build/MMB29P) AppleWebKit/537.36 (KHTML, like Gecko) Chrome/121.0.6167.85 Mobile Safari/537.36 (compatible; Googlebot/2.1; +http://www.google.com/bot.html)" "-"
109.197.199.0 - - [02/Feb/2024:22:21:02 +0100] "GET /aragon/sanitarios-despedidos-juan-marin-indignacion-burla/ HTTP/1.1" 200 169233 cronicareinodearagon.com "-" "Mozilla/5.0 (compatible; Googlebot/2.1; +http://www.google.com/bot.html)" "-"
82.165.88.0 - - [02/Feb/2024:22:21:03 +0100] "POST /wp-cron.php?doing_wp_cron=1706908863.1237490177154541015625 HTTP/1.1" 200 - cronicareinodearagon.com "-" "WordPress/6.2.2; https://cronicareinodearagon.com" "-"
3.224.220.0 - - [02/Feb/2024:22:21:26 +0100] "GET /aragon/nuevo-programa-de-aceleracion-gratuito-para-empresas-innovadoras/feed/ HTTP/1.1" 200 1009 cronicareinodearagon.com "-" "Mozilla/5.0 (Macintosh; Intel Mac OS X 10_10_1) AppleWebKit/600.2.5 (KHTML, like Gecko) Version/8.0.2 Safari/600.2.5 (Amazonbot/0.1; +https://developer.amazon.com/support/amazonbot)" "-"
3.224.220.0 - - [02/Feb/2024:22:21:30 +0100] "GET /aragon/miles-de-personas-han-aprovechado-las-ofertas-de-stock-car-2023/feed/ HTTP/1.1" 200 1005 cronicareinodearagon.com "-" "Mozilla/5.0 (Macintosh; Intel Mac OS X 10_10_1) AppleWebKit/600.2.5 (KHTML, like Gecko) Version/8.0.2 Safari/600.2.5 (Amazonbot/0.1; +https://developer.amazon.com/support/amazonbot)" "-"
85.208.96.0 - - [02/Feb/2024:22:22:23 +0100] "GET /economia/consejo-turismo-fondos-europeos/ HTTP/1.1" 200 173654 cronicareinodearagon.com "-" "Mozilla/5.0 (compatible; SemrushBot/7~bl; +http://www.semrush.com/bot.html)" "-"
82.165.88.0 - - [02/Feb/2024:22:22:24 +0100] "POST /wp-cron.php?doing_wp_cron=1706908944.2945809364318847656250 HTTP/1.1" 200 - cronicareinodearagon.com "-" "WordPress/6.2.2; https://cronicareinodearagon.com" "-"
52.70.240.0 - - [02/Feb/2024:22:22:38 +0100] "GET /aragon/el-proyecto-carbo4power-sigue-avanzando-de-la-mano-de-itainnova/feed/ HTTP/1.1" 200 1005 cronicareinodearagon.com "-" "Mozilla/5.0 (Macintosh; Intel Mac OS X 10_10_1) AppleWebKit/600.2.5 (KHTML, like Gecko) Version/8.0.2 Safari/600.2.5 (Amazonbot/0.1; +https://developer.amazon.com/support/amazonbot)" "-"
23.22.35.0 - - [02/Feb/2024:22:22:54 +0100] "GET /aragon/andalucia-pinchazo-maltrato-agresion-sumision-quimica-protocolo/feed/ HTTP/1.1" 200 1014 cronicareinodearagon.com "-" "Mozilla/5.0 (Macintosh; Intel Mac OS X 10_10_1) AppleWebKit/600.2.5 (KHTML, like Gecko) Version/8.0.2 Safari/600.2.5 (Amazonbot/0.1; +https://developer.amazon.com/support/amazonbot)" "-"
82.165.88.0 - - [02/Feb/2024:22:22:55 +0100] "POST /wp-cron.php?doing_wp_cron=1706908975.2218561172485351562500 HTTP/1.1" 200 - cronicareinodearagon.com "-" "WordPress/6.2.2; https://cronicareinodearagon.com" "-"
23.22.35.0 - - [02/Feb/2024:22:23:02 +0100] "GET /aragon/juanma-moreno-discurso-sanidad-coronavirus-elecciones-andalucia/feed/ HTTP/1.1" 200 1002 cronicareinodearagon.com "-" "Mozilla/5.0 (Macintosh; Intel Mac OS X 10_10_1) AppleWebKit/600.2.5 (KHTML, like Gecko) Version/8.0.2 Safari/600.2.5 (Amazonbot/0.1; +https://developer.amazon.com/support/amazonbot)" "-"
52.70.240.0 - - [02/Feb/2024:22:23:18 +0100] "GET /economia/diputacion-huelva-servicio-coaching-empresarial-emprendedoras/feed/ HTTP/1.1" 200 1059 cronicareinodearagon.com "-" "Mozilla/5.0 (Macintosh; Intel Mac OS X 10_10_1) AppleWebKit/600.2.5 (KHTML, like Gecko) Version/8.0.2 Safari/600.2.5 (Amazonbot/0.1; +https://developer.amazon.com/support/amazonbot)" "-"
3.224.220.0 - - [02/Feb/2024:22:24:10 +0100] "GET /aragon/sanitarios-satse-reclaman-financiacion-adecuada-sanidad-publica/feed/ HTTP/1.1" 200 1058 cronicareinodearagon.com "-" "Mozilla/5.0 (Macintosh; Intel Mac OS X 10_10_1) AppleWebKit/600.2.5 (KHTML, like Gecko) Version/8.0.2 Safari/600.2.5 (Amazonbot/0.1; +https://developer.amazon.com/support/amazonbot)" "-"
82.165.88.0 - - [02/Feb/2024:22:24:11 +0100] "POST /wp-cron.php?doing_wp_cron=1706909051.0967400074005126953125 HTTP/1.1" 200 - cronicareinodearagon.com "-" "WordPress/6.2.2; https://cronicareinodearagon.com" "-"
88.6.115.0 - - [02/Feb/2024:22:24:33 +0100] "GET /wp-content/uploads/2023/05/eva-fortea-teruel.jpg HTTP/1.1" 200 297661 cronicareinodearagon.com "https://www.google.com/" "Mozilla/5.0 (Linux; Android 9; SM-A750FN Build/PPR1.180610.011; wv) AppleWebKit/537.36 (KHTML, like Gecko) Version/4.0 Chrome/121.0.6167.101 Mobile Safari/537.36 GoogleApp/15.2.36.28.arm64" "-"
52.70.240.0 - - [02/Feb/2024:22:25:06 +0100] "GET /aragon/presupuestos-andalucia-no-saldran-adelante-elecciones-primavera/feed/ HTTP/1.1" 200 1028 cronicareinodearagon.com "-" "Mozilla/5.0 (Macintosh; Intel Mac OS X 10_10_1) AppleWebKit/600.2.5 (KHTML, like Gecko) Version/8.0.2 Safari/600.2.5 (Amazonbot/0.1; +https://developer.amazon.com/support/amazonbot)" "-"
82.165.88.0 - - [02/Feb/2024:22:25:07 +0100] "POST /wp-cron.php?doing_wp_cron=1706909107.1095590591430664062500 HTTP/1.1" 200 - cronicareinodearagon.com "-" "WordPress/6.2.2; https://cronicareinodearagon.com" "-"
17.241.227.0 - - [02/Feb/2024:22:25:19 +0100] "GET /aragon/juicio-laura-luelmo-puerta-cerrada-huelva/ HTTP/1.1" 200 161333 cronicareinodearagon.com "-" "Mozilla/5.0 (Macintosh; Intel Mac OS X 10_15_5) AppleWebKit/605.1.15 (KHTML, like Gecko) Version/13.1.1 Safari/605.1.15 (Applebot/0.1; +http://www.apple.com/go/applebot)" "-"
82.165.88.0 - - [02/Feb/2024:22:26:03 +0100] "POST /wp-cron.php?doing_wp_cron=1706909163.4170958995819091796875 HTTP/1.1" 200 - cronicareinodearagon.com "-" "WordPress/6.2.2; https://cronicareinodearagon.com" "-"
185.191.171.0 - - [02/Feb/2024:22:26:03 +0100] "GET /sociedad/investigacion-joven-ciberacoso-navas-san-juan-jaen/ HTTP/1.1" 200 164256 cronicareinodearagon.com "-" "Mozilla/5.0 (compatible; SemrushBot/7~bl; +http://www.semrush.com/bot.html)" "-"
85.208.96.0 - - [02/Feb/2024:22:27:57 +0100] "GET /aragon/sindicato-medico-sevilla-aljarafe-reestructuracion-uurgencias/ HTTP/1.1" 200 161346 cronicareinodearagon.com "-" "Mozilla/5.0 (compatible; SemrushBot/7~bl; +http://www.semrush.com/bot.html)" "-"
82.165.88.0 - - [02/Feb/2024:22:27:58 +0100] "POST /wp-cron.php?doing_wp_cron=1706909278.0885028839111328125000 HTTP/1.1" 200 - cronicareinodearagon.com "-" "WordPress/6.2.2; https://cronicareinodearagon.com" "-"
185.191.171.0 - - [02/Feb/2024:22:29:07 +0100] "GET /sociedad/obras-entorno-catedral-jaen/ HTTP/1.1" 200 168992 cronicareinodearagon.com "-" "Mozilla/5.0 (compatible; SemrushBot/7~bl; +http://www.semrush.com/bot.html)" "-"
82.165.88.0 - - [02/Feb/2024:22:29:08 +0100] "POST /wp-cron.php?doing_wp_cron=1706909348.0834980010986328125000 HTTP/1.1" 200 - cronicareinodearagon.com "-" "WordPress/6.2.2; https://cronicareinodearagon.com" "-"
101.44.248.0 - - [02/Feb/2024:22:30:11 +0100] "GET /opinion/la-miseria/ HTTP/1.1" 301 260 cronicareinodearagon.com "http://cronicareinodearagon.com/opinion/la-miseria/" "Mozilla/5.0 (Macintosh; Intel Mac OS X 10_15_7) AppleWebKit/537.36 (KHTML, like Gecko) Chrome/114.0.0.0 Safari/537.36" "-"
101.44.248.0 - - [02/Feb/2024:22:30:12 +0100] "GET /opinion/la-miseria/ HTTP/1.1" 200 41461 cronicareinodearagon.com "https://cronicareinodearagon.com/opinion/la-miseria/" "Mozilla/5.0 (Macintosh; Intel Mac OS X 10_15_7) AppleWebKit/537.36 (KHTML, like Gecko) Chrome/114.0.0.0 Safari/537.36" "-"
82.165.88.0 - - [02/Feb/2024:22:30:13 +0100] "POST /wp-cron.php?doing_wp_cron=1706909412.9695789813995361328125 HTTP/1.1" 200 - cronicareinodearagon.com "-" "WordPress/6.2.2; https://cronicareinodearagon.com" "-"
101.44.250.0 - - [02/Feb/2024:22:31:09 +0100] "GET /aragon/nuevo-programa-de-aceleracion-gratuito-para-empresas-innovadoras/ HTTP/1.1" 301 313 cronicareinodearagon.com "http://cronicareinodearagon.com/aragon/nuevo-programa-de-aceleracion-gratuito-para-empresas-innovadoras/" "Mozilla/5.0 (Macintosh; Intel Mac OS X 10_15_7) AppleWebKit/537.36 (KHTML, like Gecko) Chrome/114.0.0.0 Safari/537.36" "-"
101.44.250.0 - - [02/Feb/2024:22:31:11 +0100] "GET /aragon/nuevo-programa-de-aceleracion-gratuito-para-empresas-innovadoras/ HTTP/1.1" 200 34841 cronicareinodearagon.com "https://cronicareinodearagon.com/aragon/nuevo-programa-de-aceleracion-gratuito-para-empresas-innovadoras/" "Mozilla/5.0 (Macintosh; Intel Mac OS X 10_15_7) AppleWebKit/537.36 (KHTML, like Gecko) Chrome/114.0.0.0 Safari/537.36" "-"
82.165.88.0 - - [02/Feb/2024:22:34:11 +0100] "POST /wp-cron.php?doing_wp_cron=1706909651.5790009498596191406250 HTTP/1.1" 200 - cronicareinodearagon.com "-" "WordPress/6.2.2; https://cronicareinodearagon.com" "-"
85.208.96.0 - - [02/Feb/2024:22:34:11 +0100] "GET /robots.txt HTTP/1.1" 200 202 cronicareinodearagon.com "-" "Mozilla/5.0 (compatible; SemrushBot/7~bl; +http://www.semrush.com/bot.html)" "-"
185.191.171.0 - - [02/Feb/2024:22:34:14 +0100] "GET /aragon/176598-solicitudes-voto-correo-andalucia/ HTTP/1.1" 200 168213 cronicareinodearagon.com "-" "Mozilla/5.0 (compatible; SemrushBot/7~bl; +http://www.semrush.com/bot.html)" "-"
93.158.90.0 - - [02/Feb/2024:22:34:59 +0100] "GET /sitemap_index.xml HTTP/1.1" 200 317 cronicareinodearagon.com "-" "Mozilla/5.0 (Windows NT 10.0; Win64; x64; rv:103.0) Gecko/20100101 Firefox/103.0" "-"
93.158.90.0 - - [02/Feb/2024:22:34:59 +0100] "GET /robots.txt HTTP/1.1" 200 188 cronicadecordoba.com "-" "Mozilla/5.0 (Windows NT 10.0; Win64; x64; rv:103.0) Gecko/20100101 Firefox/103.0" "-"
82.165.88.0 - - [02/Feb/2024:22:35:00 +0100] "POST /wp-cron.php?doing_wp_cron=1706909700.1841690540313720703125 HTTP/1.1" 200 - cronicareinodearagon.com "-" "WordPress/6.2.2; https://cronicareinodearagon.com" "-"
93.158.90.0 - - [02/Feb/2024:22:35:00 +0100] "GET /humans.txt HTTP/1.1" 404 596 cronicadecordoba.com "-" "Mozilla/5.0 (Windows NT 10.0; Win64; x64; rv:103.0) Gecko/20100101 Firefox/103.0" "-"
93.158.90.0 - - [02/Feb/2024:22:35:00 +0100] "GET /ads.txt HTTP/1.1" 404 596 cronicadecordoba.com "-" "Mozilla/5.0 (Windows NT 10.0; Win64; x64; rv:103.0) Gecko/20100101 Firefox/103.0" "-"
93.158.90.0 - - [02/Feb/2024:22:35:00 +0100] "GET / HTTP/1.1" 200 336 cronicadecordoba.com "-" "Mozilla/5.0 (Windows NT 10.0; Win64; x64; rv:103.0) Gecko/20100101 Firefox/103.0" "-"
54.36.148.0 - - [02/Feb/2024:22:35:25 +0100] "GET /economia/el-ocio-nocturno-covid-19/ HTTP/1.1" 200 157306 cronicareinodearagon.com "-" "Mozilla/5.0 (compatible; AhrefsBot/7.0; +http://ahrefs.com/robot/)" "-"
82.165.88.0 - - [02/Feb/2024:22:35:53 +0100] "POST /wp-cron.php?doing_wp_cron=1706909753.4869918823242187500000 HTTP/1.1" 200 - cronicareinodearagon.com "-" "WordPress/6.2.2; https://cronicareinodearagon.com" "-"
85.208.96.0 - - [02/Feb/2024:22:35:53 +0100] "GET /category/politica/page/19/ HTTP/1.1" 200 147613 cronicareinodearagon.com "-" "Mozilla/5.0 (compatible; SemrushBot/7~bl; +http://www.semrush.com/bot.html)" "-"
85.208.96.0 - - [02/Feb/2024:22:35:55 +0100] "GET /aragon/huelga-transporte-mercado-hortalizas-andalucia/ HTTP/1.1" 200 161346 cronicareinodearagon.com "-" "Mozilla/5.0 (compatible; SemrushBot/7~bl; +http://www.semrush.com/bot.html)" "-"
85.208.96.0 - - [02/Feb/2024:22:36:33 +0100] "GET /category/aragon/page/17/ HTTP/1.1" 200 146993 cronicareinodearagon.com "-" "Mozilla/5.0 (compatible; SemrushBot/7~bl; +http://www.semrush.com/bot.html)" "-"
82.165.88.0 - - [02/Feb/2024:22:37:15 +0100] "POST /wp-cron.php?doing_wp_cron=1706909835.4232990741729736328125 HTTP/1.1" 200 - cronicareinodearagon.com "-" "WordPress/6.2.2; https://cronicareinodearagon.com" "-"
185.191.171.0 - - [02/Feb/2024:22:37:15 +0100] "GET /category/economia/page/7/ HTTP/1.1" 200 147854 cronicareinodearagon.com "-" "Mozilla/5.0 (compatible; SemrushBot/7~bl; +http://www.semrush.com/bot.html)" "-"
82.165.88.0 - - [02/Feb/2024:22:38:29 +0100] "POST /wp-cron.php?doing_wp_cron=1706909909.3826019763946533203125 HTTP/1.1" 200 - cronicareinodearagon.com "-" "WordPress/6.2.2; https://cronicareinodearagon.com" "-"
185.191.171.0 - - [02/Feb/2024:22:38:29 +0100] "GET /sociedad/estudio-universidad-cordoba-granada-pinsapos-ronda-malaga/ HTTP/1.1" 200 169052 cronicareinodearagon.com "-" "Mozilla/5.0 (compatible; SemrushBot/7~bl; +http://www.semrush.com/bot.html)" "-"
82.165.88.0 - - [02/Feb/2024:22:40:02 +0100] "POST /wp-cron.php?doing_wp_cron=1706910002.6845951080322265625000 HTTP/1.1" 200 - cronicareinodearagon.com "-" "WordPress/6.2.2; https://cronicareinodearagon.com" "-"
85.208.96.0 - - [02/Feb/2024:22:40:02 +0100] "GET /aragon/satse-refuerzo-enfermeria-vacunacion-gripe-covid/ HTTP/1.1" 200 164528 cronicareinodearagon.com "-" "Mozilla/5.0 (compatible; SemrushBot/7~bl; +http://www.semrush.com/bot.html)" "-"
23.22.35.0 - - [02/Feb/2024:22:40:35 +0100] "GET /aragon/teltronic-viaja-al-ccw-donde-mostrara-sus-soluciones-banda-ancha-y-mcx/feed/ HTTP/1.1" 200 1027 cronicareinodearagon.com "-" "Mozilla/5.0 (Macintosh; Intel Mac OS X 10_10_1) AppleWebKit/600.2.5 (KHTML, like Gecko) Version/8.0.2 Safari/600.2.5 (Amazonbot/0.1; +https://developer.amazon.com/support/amazonbot)" "-"
82.165.88.0 - - [02/Feb/2024:22:41:13 +0100] "POST /wp-cron.php?doing_wp_cron=1706910073.9323699474334716796875 HTTP/1.1" 200 - cronicareinodearagon.com "-" "WordPress/6.2.2; https://cronicareinodearagon.com" "-"
185.191.171.0 - - [02/Feb/2024:22:41:13 +0100] "GET /category/aragon/page/40/ HTTP/1.1" 200 147406 cronicareinodearagon.com "-" "Mozilla/5.0 (compatible; SemrushBot/7~bl; +http://www.semrush.com/bot.html)" "-"
185.191.171.0 - - [02/Feb/2024:22:42:34 +0100] "GET /opinion/derecho-politico-presuncion-inocencia/ HTTP/1.1" 200 175104 cronicareinodearagon.com "-" "Mozilla/5.0 (compatible; SemrushBot/7~bl; +http://www.semrush.com/bot.html)" "-"
82.165.88.0 - - [02/Feb/2024:22:42:35 +0100] "POST /wp-cron.php?doing_wp_cron=1706910155.2180030345916748046875 HTTP/1.1" 200 - cronicareinodearagon.com "-" "WordPress/6.2.2; https://cronicareinodearagon.com" "-"
17.241.227.0 - - [02/Feb/2024:22:42:39 +0100] "GET /wp-includes/js/wp-emoji-release.min.js?ver=6.2.2 HTTP/1.1" 200 5828 cronicareinodearagon.com "https://cronicareinodearagon.com/aragon/juicio-laura-luelmo-puerta-cerrada-huelva/" "Mozilla/5.0 (Macintosh; Intel Mac OS X 10_15_5) AppleWebKit/605.1.15 (KHTML, like Gecko) Version/13.1.1 Safari/605.1.15 (Applebot/0.1; +http://www.apple.com/go/applebot)" "-"
17.241.75.0 - - [02/Feb/2024:22:42:40 +0100] "GET /wp-content/plugins/metronet-profile-picture/dist/blocks.style.build.css?ver=2.6.0 HTTP/1.1" 200 4040 cronicareinodearagon.com "https://cronicareinodearagon.com/aragon/juicio-laura-luelmo-puerta-cerrada-huelva/" "Mozilla/5.0 (Macintosh; Intel Mac OS X 10_15_5) AppleWebKit/605.1.15 (KHTML, like Gecko) Version/13.1.1 Safari/605.1.15 (Applebot/0.1; +http://www.apple.com/go/applebot)" "-"
52.70.240.0 - - [02/Feb/2024:22:43:18 +0100] "GET /sociedad/huesca-contara-con-800-nuevas-viviendas-en-los-jardines-del-alcoraz/feed/ HTTP/1.1" 200 1022 cronicareinodearagon.com "-" "Mozilla/5.0 (Macintosh; Intel Mac OS X 10_10_1) AppleWebKit/600.2.5 (KHTML, like Gecko) Version/8.0.2 Safari/600.2.5 (Amazonbot/0.1; +https://developer.amazon.com/support/amazonbot)" "-"
82.165.88.0 - - [02/Feb/2024:22:43:19 +0100] "POST /wp-cron.php?doing_wp_cron=1706910199.2398860454559326171875 HTTP/1.1" 200 - cronicareinodearagon.com "-" "WordPress/6.2.2; https://cronicareinodearagon.com" "-"
185.191.171.0 - - [02/Feb/2024:22:43:27 +0100] "GET /aragon/pico-reja-documental-parlamento-europeo/ HTTP/1.1" 200 162345 cronicareinodearagon.com "-" "Mozilla/5.0 (compatible; SemrushBot/7~bl; +http://www.semrush.com/bot.html)" "-"
3.224.220.0 - - [02/Feb/2024:22:43:50 +0100] "GET /economia/el-diesel-se-dispara-un-5-en-pocos-dias-y-la-gasolina-sube-otro-3/feed/ HTTP/1.1" 200 1019 cronicareinodearagon.com "-" "Mozilla/5.0 (Macintosh; Intel Mac OS X 10_10_1) AppleWebKit/600.2.5 (KHTML, like Gecko) Version/8.0.2 Safari/600.2.5 (Amazonbot/0.1; +https://developer.amazon.com/support/amazonbot)" "-"
82.165.88.0 - - [02/Feb/2024:22:43:51 +0100] "POST /wp-cron.php?doing_wp_cron=1706910231.1843140125274658203125 HTTP/1.1" 200 - cronicareinodearagon.com "-" "WordPress/6.2.2; https://cronicareinodearagon.com" "-"
3.224.220.0 - - [02/Feb/2024:22:45:22 +0100] "GET /aragon/pge-presupuestos-bolanos-andalucia-espana-pp-psoe-gobierno-economia/feed/ HTTP/1.1" 200 1003 cronicareinodearagon.com "-" "Mozilla/5.0 (Macintosh; Intel Mac OS X 10_10_1) AppleWebKit/600.2.5 (KHTML, like Gecko) Version/8.0.2 Safari/600.2.5 (Amazonbot/0.1; +https://developer.amazon.com/support/amazonbot)" "-"
82.165.88.0 - - [02/Feb/2024:22:45:23 +0100] "POST /wp-cron.php?doing_wp_cron=1706910323.2072949409484863281250 HTTP/1.1" 200 - cronicareinodearagon.com "-" "WordPress/6.2.2; https://cronicareinodearagon.com" "-"
52.70.240.0 - - [02/Feb/2024:22:45:34 +0100] "GET /aragon/repullo-pp-andalucia-elecciones-municipales-sanz-sevilla-candidatos/feed/ HTTP/1.1" 200 1016 cronicareinodearagon.com "-" "Mozilla/5.0 (Macintosh; Intel Mac OS X 10_10_1) AppleWebKit/600.2.5 (KHTML, like Gecko) Version/8.0.2 Safari/600.2.5 (Amazonbot/0.1; +https://developer.amazon.com/support/amazonbot)" "-"
52.70.240.0 - - [02/Feb/2024:22:45:54 +0100] "GET /aragon/juanma-moreno-espadas-elecciones-andalucia-encuesta-sigma-dos-pp-psoe/feed/ HTTP/1.1" 200 1033 cronicareinodearagon.com "-" "Mozilla/5.0 (Macintosh; Intel Mac OS X 10_10_1) AppleWebKit/600.2.5 (KHTML, like Gecko) Version/8.0.2 Safari/600.2.5 (Amazonbot/0.1; +https://developer.amazon.com/support/amazonbot)" "-"
82.165.88.0 - - [02/Feb/2024:22:45:55 +0100] "POST /wp-cron.php?doing_wp_cron=1706910355.0612199306488037109375 HTTP/1.1" 200 - cronicareinodearagon.com "-" "WordPress/6.2.2; https://cronicareinodearagon.com" "-"
82.165.88.0 - - [02/Feb/2024:22:47:09 +0100] "POST /wp-cron.php?doing_wp_cron=1706910429.5960929393768310546875 HTTP/1.1" 200 - cronicareinodearagon.com "-" "WordPress/6.2.2; https://cronicareinodearagon.com" "-"
54.36.148.0 - - [02/Feb/2024:22:47:09 +0100] "GET /aragon/segunda-fase-campana-lamban-psoe-aragon/ HTTP/1.1" 200 162289 cronicareinodearagon.com "-" "Mozilla/5.0 (compatible; AhrefsBot/7.0; +http://ahrefs.com/robot/)" "-"
54.36.148.0 - - [02/Feb/2024:22:47:11 +0100] "GET /wp-content/uploads/2023/05/lamban-psoe-aragon.jpg HTTP/1.1" 200 160266 cronicareinodearagon.com "-" "Mozilla/5.0 (compatible; AhrefsBot/7.0; +http://ahrefs.com/robot/)" "-"
82.165.88.0 - - [02/Feb/2024:22:47:59 +0100] "POST /wp-cron.php?doing_wp_cron=1706910479.3493978977203369140625 HTTP/1.1" 200 - cronicareinodearagon.com "-" "WordPress/6.2.2; https://cronicareinodearagon.com" "-"
52.70.240.0 - - [02/Feb/2024:22:47:59 +0100] "GET /aragon/empate-tecnico-encuestas-pp-psoe-andalucia-19j-elecciones-andaluzas/feed/ HTTP/1.1" 200 1028 cronicareinodearagon.com "-" "Mozilla/5.0 (Macintosh; Intel Mac OS X 10_10_1) AppleWebKit/600.2.5 (KHTML, like Gecko) Version/8.0.2 Safari/600.2.5 (Amazonbot/0.1; +https://developer.amazon.com/support/amazonbot)" "-"
52.70.240.0 - - [02/Feb/2024:22:48:30 +0100] "GET /aragon/mascarillas-andalucia-espana-aguirre-darias-sanidad-covid-coronavirus/feed/ HTTP/1.1" 200 1021 cronicareinodearagon.com "-" "Mozilla/5.0 (Macintosh; Intel Mac OS X 10_10_1) AppleWebKit/600.2.5 (KHTML, like Gecko) Version/8.0.2 Safari/600.2.5 (Amazonbot/0.1; +https://developer.amazon.com/support/amazonbot)" "-"
52.70.240.0 - - [02/Feb/2024:22:49:54 +0100] "GET /aragon/cierra-centro-donacion-sangre-falta-personal-suspension-operaciones/feed/ HTTP/1.1" 200 1071 cronicareinodearagon.com "-" "Mozilla/5.0 (Macintosh; Intel Mac OS X 10_10_1) AppleWebKit/600.2.5 (KHTML, like Gecko) Version/8.0.2 Safari/600.2.5 (Amazonbot/0.1; +https://developer.amazon.com/support/amazonbot)" "-"
82.165.88.0 - - [02/Feb/2024:22:49:55 +0100] "POST /wp-cron.php?doing_wp_cron=1706910595.0922510623931884765625 HTTP/1.1" 200 - cronicareinodearagon.com "-" "WordPress/6.2.2; https://cronicareinodearagon.com" "-"
82.165.88.0 - - [02/Feb/2024:22:53:31 +0100] "POST /wp-cron.php?doing_wp_cron=1706910811.3707530498504638671875 HTTP/1.1" 200 - cronicareinodearagon.com "-" "WordPress/6.2.2; https://cronicareinodearagon.com" "-"
185.191.171.0 - - [02/Feb/2024:22:53:31 +0100] "GET /aragon/certificado-covid-junta-justicia-hospitales-residencias/ HTTP/1.1" 200 172187 cronicareinodearagon.com "-" "Mozilla/5.0 (compatible; SemrushBot/7~bl; +http://www.semrush.com/bot.html)" "-"
82.165.88.0 - - [02/Feb/2024:22:54:01 +0100] "POST /wp-cron.php?doing_wp_cron=1706910841.8844449520111083984375 HTTP/1.1" 200 - cronicareinodearagon.com "-" "WordPress/6.2.2; https://cronicareinodearagon.com" "-"
85.208.96.0 - - [02/Feb/2024:22:54:01 +0100] "GET /aragon/guardia-civil-narcolancha-ayamonte/ HTTP/1.1" 200 161150 cronicareinodearagon.com "-" "Mozilla/5.0 (compatible; SemrushBot/7~bl; +http://www.semrush.com/bot.html)" "-"
82.165.88.0 - - [02/Feb/2024:22:55:32 +0100] "POST /wp-cron.php?doing_wp_cron=1706910932.7414450645446777343750 HTTP/1.1" 200 - cronicareinodearagon.com "-" "WordPress/6.2.2; https://cronicareinodearagon.com" "-"
85.208.96.0 - - [02/Feb/2024:22:55:32 +0100] "GET /sociedad/diputacion-jaen-municipios-reducir-consumo-energia/ HTTP/1.1" 200 166304 cronicareinodearagon.com "-" "Mozilla/5.0 (compatible; SemrushBot/7~bl; +http://www.semrush.com/bot.html)" "-"
54.36.148.0 - - [02/Feb/2024:22:59:06 +0100] "GET /aragon/gripe-aviar-andalucia-casos/ HTTP/1.1" 200 165326 cronicareinodearagon.com "-" "Mozilla/5.0 (compatible; AhrefsBot/7.0; +http://ahrefs.com/robot/)" "-"
82.165.88.0 - - [02/Feb/2024:22:59:07 +0100] "POST /wp-cron.php?doing_wp_cron=1706911146.9773359298706054687500 HTTP/1.1" 200 - cronicareinodearagon.com "-" "WordPress/6.2.2; https://cronicareinodearagon.com" "-"
66.249.84.0 - - [02/Feb/2024:22:59:24 +0100] "GET /category/sociedad/feed/ HTTP/1.1" 200 16233 cronicareinodearagon.com "-" "FeedFetcher-Google; (+http://www.google.com/feedfetcher.html)" "-"
82.165.88.0 - - [02/Feb/2024:23:01:07 +0100] "POST /wp-cron.php?doing_wp_cron=1706911267.5840890407562255859375 HTTP/1.1" 200 - cronicareinodearagon.com "-" "WordPress/6.2.2; https://cronicareinodearagon.com" "-"
185.191.171.0 - - [02/Feb/2024:23:01:07 +0100] "GET /sociedad/guardia-civil-descubre-maltrato-animal-clinica-veterinaria/ HTTP/1.1" 200 163875 cronicareinodearagon.com "-" "Mozilla/5.0 (compatible; SemrushBot/7~bl; +http://www.semrush.com/bot.html)" "-"
101.44.251.0 - - [02/Feb/2024:23:05:41 +0100] "GET /category/aragon/zaragoza/ HTTP/1.1" 301 266 cronicareinodearagon.com "http://cronicareinodearagon.com/category/aragon/zaragoza/" "Mozilla/5.0 (Macintosh; Intel Mac OS X 10_15_7) AppleWebKit/537.36 (KHTML, like Gecko) Chrome/114.0.0.0 Safari/537.36" "-"
101.44.251.0 - - [02/Feb/2024:23:05:42 +0100] "GET /category/aragon/zaragoza/ HTTP/1.1" 200 29594 cronicareinodearagon.com "https://cronicareinodearagon.com/category/aragon/zaragoza/" "Mozilla/5.0 (Macintosh; Intel Mac OS X 10_15_7) AppleWebKit/537.36 (KHTML, like Gecko) Chrome/114.0.0.0 Safari/537.36" "-"
82.165.88.0 - - [02/Feb/2024:23:05:43 +0100] "POST /wp-cron.php?doing_wp_cron=1706911543.0399498939514160156250 HTTP/1.1" 200 - cronicareinodearagon.com "-" "WordPress/6.2.2; https://cronicareinodearagon.com" "-"
92.205.15.0 - - [02/Feb/2024:23:07:55 +0100] "GET /wp-content/plugins/wp-gdpr-compliance/Assets/js/front.min.js.LICENSE.txt HTTP/1.1" 404 596 grupocronicaenlibertad.com "-" "Mozilla/5.0 (iPad; CPU OS 14_2 like Mac OS X) AppleWebKit/605.1.15 (KHTML, like Gecko) CriOS/87.0.4280.77 Mobile/15E148 Safari/604.1" "-"
82.165.88.0 - - [02/Feb/2024:23:08:31 +0100] "POST /wp-cron.php?doing_wp_cron=1706911711.8691248893737792968750 HTTP/1.1" 200 - cronicareinodearagon.com "-" "WordPress/6.2.2; https://cronicareinodearagon.com" "-"
54.36.149.0 - - [02/Feb/2024:23:08:31 +0100] "GET /aragon/psoe-malaga-aguas-fecales/ HTTP/1.1" 200 36208 cronicareinodearagon.com "-" "Mozilla/5.0 (compatible; AhrefsBot/7.0; +http://ahrefs.com/robot/)" "-"
123.58.213.0 - - [02/Feb/2024:23:08:44 +0100] "GET / HTTP/1.1" 200 336 cronicadesevilla.com "-" "Mozilla/5.0 (Macintosh; Intel Mac OS X 10_15_7) AppleWebKit/537.36 (KHTML, like Gecko) Chrome/120.0.0.0 Safari/537.36 Edg/120.0.0.0" "-"
123.58.213.0 - - [02/Feb/2024:23:09:04 +0100] "GET /favicon.ico HTTP/1.1" 404 596 cronicadesevilla.com "-" "Mozilla/5.0 (Macintosh; Intel Mac OS X 10_7_0) AppleWebKit/535.11 (KHTML, like Gecko) Chrome/17.0.963.56 Safari/535.11" "-"
123.58.213.0 - - [02/Feb/2024:23:09:08 +0100] "GET /robots.txt HTTP/1.1" 200 188 cronicadesevilla.com "-" "Mozilla/5.0 (Macintosh; Intel Mac OS X 10_7_0) AppleWebKit/535.11 (KHTML, like Gecko) Chrome/17.0.963.56 Safari/535.11" "-"
66.249.84.0 - - [02/Feb/2024:23:09:09 +0100] "GET /category/educacion/feed/ HTTP/1.1" 200 56994 cronicareinodearagon.com "-" "FeedFetcher-Google; (+http://www.google.com/feedfetcher.html)" "-"
123.58.213.0 - - [02/Feb/2024:23:09:12 +0100] "GET /sitemap.xml HTTP/1.1" 404 596 cronicadesevilla.com "-" "Mozilla/5.0 (Macintosh; Intel Mac OS X 10_7_0) AppleWebKit/535.11 (KHTML, like Gecko) Chrome/17.0.963.56 Safari/535.11" "-"
82.165.88.0 - - [02/Feb/2024:23:10:35 +0100] "POST /wp-cron.php?doing_wp_cron=1706911835.5354321002960205078125 HTTP/1.1" 200 - cronicareinodearagon.com "-" "WordPress/6.2.2; https://cronicareinodearagon.com" "-"
52.70.240.0 - - [02/Feb/2024:23:10:35 +0100] "GET /aragon/empleo-vivienda-y-talento-ejes-de-la-politica-de-lamban-con-los-jovenes/feed/ HTTP/1.1" 200 1034 cronicareinodearagon.com "-" "Mozilla/5.0 (Macintosh; Intel Mac OS X 10_10_1) AppleWebKit/600.2.5 (KHTML, like Gecko) Version/8.0.2 Safari/600.2.5 (Amazonbot/0.1; +https://developer.amazon.com/support/amazonbot)" "-"
23.22.35.0 - - [02/Feb/2024:23:10:42 +0100] "GET /aragon/juanma-moreno-junta-andalucia-no-ejecuta-ayuda-renta-minima-alerta-psoe/feed/ HTTP/1.1" 200 1052 cronicareinodearagon.com "-" "Mozilla/5.0 (Macintosh; Intel Mac OS X 10_10_1) AppleWebKit/600.2.5 (KHTML, like Gecko) Version/8.0.2 Safari/600.2.5 (Amazonbot/0.1; +https://developer.amazon.com/support/amazonbot)" "-"
82.165.88.0 - - [02/Feb/2024:23:10:43 +0100] "POST /wp-cron.php?doing_wp_cron=1706911843.0008978843688964843750 HTTP/1.1" 200 - cronicareinodearagon.com "-" "WordPress/6.2.2; https://cronicareinodearagon.com" "-"
82.165.88.0 - - [02/Feb/2024:23:15:37 +0100] "POST /wp-cron.php?doing_wp_cron=1706912137.8926420211791992187500 HTTP/1.1" 200 - cronicareinodearagon.com "-" "WordPress/6.2.2; https://cronicareinodearagon.com" "-"
185.191.171.0 - - [02/Feb/2024:23:15:37 +0100] "GET /economia/puerto-huelva-agenda-2030-onu/ HTTP/1.1" 200 170580 cronicareinodearagon.com "-" "Mozilla/5.0 (compatible; SemrushBot/7~bl; +http://www.semrush.com/bot.html)" "-"
66.249.84.0 - - [02/Feb/2024:23:18:13 +0100] "GET /category/sociedad/feed/ HTTP/1.1" 200 16233 cronicareinodearagon.com "-" "FeedFetcher-Google; (+http://www.google.com/feedfetcher.html)" "-"
82.165.88.0 - - [02/Feb/2024:23:19:32 +0100] "POST /wp-cron.php?doing_wp_cron=1706912372.6902859210968017578125 HTTP/1.1" 200 - cronicareinodearagon.com "-" "WordPress/6.2.2; https://cronicareinodearagon.com" "-"
54.36.149.0 - - [02/Feb/2024:23:19:32 +0100] "GET /aragon/juan-espadas-acto-granada-sanchez/ HTTP/1.1" 200 169995 cronicareinodearagon.com "-" "Mozilla/5.0 (compatible; AhrefsBot/7.0; +http://ahrefs.com/robot/)" "-"
185.191.171.0 - - [02/Feb/2024:23:22:23 +0100] "GET /aragon/alba-podemos-donana-pp-ciudadanos-vox-andalucia/ HTTP/1.1" 200 161907 cronicareinodearagon.com "-" "Mozilla/5.0 (compatible; SemrushBot/7~bl; +http://www.semrush.com/bot.html)" "-"
82.165.88.0 - - [02/Feb/2024:23:22:24 +0100] "POST /wp-cron.php?doing_wp_cron=1706912543.9078080654144287109375 HTTP/1.1" 200 - cronicareinodearagon.com "-" "WordPress/6.2.2; https://cronicareinodearagon.com" "-"
185.191.171.0 - - [02/Feb/2024:23:23:53 +0100] "GET /politica/plataformas-jaen-granada-elecciones-andalucia/ HTTP/1.1" 200 36925 cronicareinodearagon.com "-" "Mozilla/5.0 (compatible; SemrushBot/7~bl; +http://www.semrush.com/bot.html)" "-"
82.165.88.0 - - [02/Feb/2024:23:23:54 +0100] "POST /wp-cron.php?doing_wp_cron=1706912634.1658790111541748046875 HTTP/1.1" 200 - cronicareinodearagon.com "-" "WordPress/6.2.2; https://cronicareinodearagon.com" "-"
52.167.144.0 - - [02/Feb/2024:23:23:59 +0100] "GET /politica-de-cookies-ue/ HTTP/1.1" 200 30314 cronicareinodearagon.com "-" "Mozilla/5.0 AppleWebKit/537.36 (KHTML, like Gecko; compatible; bingbot/2.0; +http://www.bing.com/bingbot.htm) Chrome/116.0.1938.76 Safari/537.36" "-"
101.44.250.0 - - [02/Feb/2024:23:26:30 +0100] "GET /aviso-legal/ HTTP/1.1" 301 253 cronicareinodearagon.com "http://cronicareinodearagon.com/aviso-legal/" "Mozilla/5.0 (Macintosh; Intel Mac OS X 10_15_7) AppleWebKit/537.36 (KHTML, like Gecko) Chrome/114.0.0.0 Safari/537.36" "-"
82.165.88.0 - - [02/Feb/2024:23:26:32 +0100] "POST /wp-cron.php?doing_wp_cron=1706912792.5807580947875976562500 HTTP/1.1" 200 - cronicareinodearagon.com "-" "WordPress/6.2.2; https://cronicareinodearagon.com" "-"
101.44.250.0 - - [02/Feb/2024:23:26:32 +0100] "GET /aviso-legal/ HTTP/1.1" 200 31716 cronicareinodearagon.com "https://cronicareinodearagon.com/aviso-legal/" "Mozilla/5.0 (Macintosh; Intel Mac OS X 10_15_7) AppleWebKit/537.36 (KHTML, like Gecko) Chrome/114.0.0.0 Safari/537.36" "-"
82.165.88.0 - - [02/Feb/2024:23:27:13 +0100] "POST /wp-cron.php?doing_wp_cron=1706912833.3162219524383544921875 HTTP/1.1" 200 - cronicareinodearagon.com "-" "WordPress/6.2.2; https://cronicareinodearagon.com" "-"
185.191.171.0 - - [02/Feb/2024:23:27:13 +0100] "GET /category/sociedad/page/23/ HTTP/1.1" 200 147470 cronicareinodearagon.com "-" "Mozilla/5.0 (compatible; SemrushBot/7~bl; +http://www.semrush.com/bot.html)" "-"
66.249.84.0 - - [02/Feb/2024:23:29:28 +0100] "GET /category/sociedad/feed/ HTTP/1.1" 200 16233 cronicareinodearagon.com "-" "FeedFetcher-Google; (+http://www.google.com/feedfetcher.html)" "-"
82.165.88.0 - - [02/Feb/2024:23:30:12 +0100] "POST /wp-cron.php?doing_wp_cron=1706913012.5059831142425537109375 HTTP/1.1" 200 - cronicareinodearagon.com "-" "WordPress/6.2.2; https://cronicareinodearagon.com" "-"
54.36.148.0 - - [02/Feb/2024:23:30:12 +0100] "GET /aragon/19-de-febrero-sanidad-andalucia/ HTTP/1.1" 200 176625 cronicareinodearagon.com "-" "Mozilla/5.0 (compatible; AhrefsBot/7.0; +http://ahrefs.com/robot/)" "-"
82.165.88.0 - - [02/Feb/2024:23:32:47 +0100] "POST /wp-cron.php?doing_wp_cron=1706913167.5911710262298583984375 HTTP/1.1" 200 - cronicareinodearagon.com "-" "WordPress/6.2.2; https://cronicareinodearagon.com" "-"
185.191.171.0 - - [02/Feb/2024:23:32:47 +0100] "GET /category/educacion/page/9/ HTTP/1.1" 200 147494 cronicareinodearagon.com "-" "Mozilla/5.0 (compatible; SemrushBot/7~bl; +http://www.semrush.com/bot.html)" "-"
82.165.88.0 - - [02/Feb/2024:23:34:08 +0100] "POST /wp-cron.php?doing_wp_cron=1706913248.4586908817291259765625 HTTP/1.1" 200 - cronicareinodearagon.com "-" "WordPress/6.2.2; https://cronicareinodearagon.com" "-"
185.191.171.0 - - [02/Feb/2024:23:34:08 +0100] "GET /category/aragon/page/30/ HTTP/1.1" 200 147104 cronicareinodearagon.com "-" "Mozilla/5.0 (compatible; SemrushBot/7~bl; +http://www.semrush.com/bot.html)" "-"
101.44.248.0 - - [02/Feb/2024:23:34:41 +0100] "GET /category/aragon/teruel/ HTTP/1.1" 301 264 cronicareinodearagon.com "http://cronicareinodearagon.com/category/aragon/teruel/" "Mozilla/5.0 (Macintosh; Intel Mac OS X 10_15_7) AppleWebKit/537.36 (KHTML, like Gecko) Chrome/114.0.0.0 Safari/537.36" "-"
82.165.88.0 - - [02/Feb/2024:23:34:43 +0100] "POST /wp-cron.php?doing_wp_cron=1706913283.4410989284515380859375 HTTP/1.1" 200 - cronicareinodearagon.com "-" "WordPress/6.2.2; https://cronicareinodearagon.com" "-"
101.44.248.0 - - [02/Feb/2024:23:34:43 +0100] "GET /category/aragon/teruel/ HTTP/1.1" 200 29605 cronicareinodearagon.com "https://cronicareinodearagon.com/category/aragon/teruel/" "Mozilla/5.0 (Macintosh; Intel Mac OS X 10_15_7) AppleWebKit/537.36 (KHTML, like Gecko) Chrome/114.0.0.0 Safari/537.36" "-"
52.70.240.0 - - [02/Feb/2024:23:40:02 +0100] "GET /economia/zaragoza-aprueba-la-modificacion-del-tipo-general-del-ibi-al-04-para-2023/feed/ HTTP/1.1" 200 1041 cronicareinodearagon.com "-" "Mozilla/5.0 (Macintosh; Intel Mac OS X 10_10_1) AppleWebKit/600.2.5 (KHTML, like Gecko) Version/8.0.2 Safari/600.2.5 (Amazonbot/0.1; +https://developer.amazon.com/support/amazonbot)" "-"
82.165.88.0 - - [02/Feb/2024:23:40:03 +0100] "POST /wp-cron.php?doing_wp_cron=1706913603.1986770629882812500000 HTTP/1.1" 200 - cronicareinodearagon.com "-" "WordPress/6.2.2; https://cronicareinodearagon.com" "-"
52.70.240.0 - - [02/Feb/2024:23:40:30 +0100] "GET /aragon/las-obras-de-la-nueva-residencia-de-mayores-en-agon-encaran-su-recta-final/feed/ HTTP/1.1" 200 1039 cronicareinodearagon.com "-" "Mozilla/5.0 (Macintosh; Intel Mac OS X 10_10_1) AppleWebKit/600.2.5 (KHTML, like Gecko) Version/8.0.2 Safari/600.2.5 (Amazonbot/0.1; +https://developer.amazon.com/support/amazonbot)" "-"
82.165.88.0 - - [02/Feb/2024:23:40:43 +0100] "POST /wp-cron.php?doing_wp_cron=1706913643.3126070499420166015625 HTTP/1.1" 200 - cronicareinodearagon.com "-" "WordPress/6.2.2; https://cronicareinodearagon.com" "-"
52.70.240.0 - - [02/Feb/2024:23:40:43 +0100] "GET /sociedad/gibraltar-retira-combustible-y-elimina-contaminantes-del-buque-encallado/feed/ HTTP/1.1" 200 1036 cronicareinodearagon.com "-" "Mozilla/5.0 (Macintosh; Intel Mac OS X 10_10_1) AppleWebKit/600.2.5 (KHTML, like Gecko) Version/8.0.2 Safari/600.2.5 (Amazonbot/0.1; +https://developer.amazon.com/support/amazonbot)" "-"
54.36.148.0 - - [02/Feb/2024:23:40:53 +0100] "GET /opinion/moreno-bonilla-pp-san-juan-sevilla-opinion/ HTTP/1.1" 200 166053 cronicareinodearagon.com "-" "Mozilla/5.0 (compatible; AhrefsBot/7.0; +http://ahrefs.com/robot/)" "-"
52.70.240.0 - - [02/Feb/2024:23:41:02 +0100] "GET /uncategorized/ayuntamiento-cadiz-pide-responsabilidad-junta-transicion-energetica/feed/ HTTP/1.1" 200 1067 cronicareinodearagon.com "-" "Mozilla/5.0 (Macintosh; Intel Mac OS X 10_10_1) AppleWebKit/600.2.5 (KHTML, like Gecko) Version/8.0.2 Safari/600.2.5 (Amazonbot/0.1; +https://developer.amazon.com/support/amazonbot)" "-"
82.165.88.0 - - [02/Feb/2024:23:41:03 +0100] "POST /wp-cron.php?doing_wp_cron=1706913663.2056798934936523437500 HTTP/1.1" 200 - cronicareinodearagon.com "-" "WordPress/6.2.2; https://cronicareinodearagon.com" "-"
209.141.53.0 - - [02/Feb/2024:23:41:06 +0100] "GET /?author=8 HTTP/1.1" 301 - cronicareinodearagon.com "http://www.google.com.hk" "Mozilla/5.0 (Windows NT 6.1; WOW64) AppleWebKit/537.36 (KHTML, like Gecko) Chrome/42.0.2311.90 Safari/537.36" "-"
209.141.53.0 - - [02/Feb/2024:23:41:07 +0100] "GET / HTTP/1.1" 200 319420 cronicareinodearagon.com "http://www.google.com.hk" "Mozilla/5.0 (Windows NT 6.1; WOW64) AppleWebKit/537.36 (KHTML, like Gecko) Chrome/42.0.2311.90 Safari/537.36" "-"
52.70.240.0 - - [02/Feb/2024:23:42:22 +0100] "GET /economia/ampliado-el-plazo-para-que-las-empresas-soliciten-subvenciones-estatales/feed/ HTTP/1.1" 200 1036 cronicareinodearagon.com "-" "Mozilla/5.0 (Macintosh; Intel Mac OS X 10_10_1) AppleWebKit/600.2.5 (KHTML, like Gecko) Version/8.0.2 Safari/600.2.5 (Amazonbot/0.1; +https://developer.amazon.com/support/amazonbot)" "-"
82.165.88.0 - - [02/Feb/2024:23:42:23 +0100] "POST /wp-cron.php?doing_wp_cron=1706913743.2134840488433837890625 HTTP/1.1" 200 - cronicareinodearagon.com "-" "WordPress/6.2.2; https://cronicareinodearagon.com" "-"
3.224.220.0 - - [02/Feb/2024:23:42:34 +0100] "GET /aragon/forestalia-invertira-640-millones-en-renovables-hasta-llegar-a-los-800-mw/feed/ HTTP/1.1" 200 1036 cronicareinodearagon.com "-" "Mozilla/5.0 (Macintosh; Intel Mac OS X 10_10_1) AppleWebKit/600.2.5 (KHTML, like Gecko) Version/8.0.2 Safari/600.2.5 (Amazonbot/0.1; +https://developer.amazon.com/support/amazonbot)" "-"
3.224.220.0 - - [02/Feb/2024:23:43:26 +0100] "GET /aragon/queipo-de-llano-macarena-sevilla-hermandad-exhumacion-memoria-democratica/feed/ HTTP/1.1" 200 1021 cronicareinodearagon.com "-" "Mozilla/5.0 (Macintosh; Intel Mac OS X 10_10_1) AppleWebKit/600.2.5 (KHTML, like Gecko) Version/8.0.2 Safari/600.2.5 (Amazonbot/0.1; +https://developer.amazon.com/support/amazonbot)" "-"
82.165.88.0 - - [02/Feb/2024:23:43:27 +0100] "POST /wp-cron.php?doing_wp_cron=1706913807.1263229846954345703125 HTTP/1.1" 200 - cronicareinodearagon.com "-" "WordPress/6.2.2; https://cronicareinodearagon.com" "-"
23.22.35.0 - - [02/Feb/2024:23:43:34 +0100] "GET /educacion/cordoba-huelva-y-sevilla-se-suman-al-programa-unidiversidad-de-la-once/feed/ HTTP/1.1" 200 1034 cronicareinodearagon.com "-" "Mozilla/5.0 (Macintosh; Intel Mac OS X 10_10_1) AppleWebKit/600.2.5 (KHTML, like Gecko) Version/8.0.2 Safari/600.2.5 (Amazonbot/0.1; +https://developer.amazon.com/support/amazonbot)" "-"
52.70.240.0 - - [02/Feb/2024:23:44:10 +0100] "GET /sociedad/fiscalia-malaga-propuesta-prision-intento-homicidio-manilva-kalashnikov/feed/ HTTP/1.1" 200 1095 cronicareinodearagon.com "-" "Mozilla/5.0 (Macintosh; Intel Mac OS X 10_10_1) AppleWebKit/600.2.5 (KHTML, like Gecko) Version/8.0.2 Safari/600.2.5 (Amazonbot/0.1; +https://developer.amazon.com/support/amazonbot)" "-"
82.165.88.0 - - [02/Feb/2024:23:44:11 +0100] "POST /wp-cron.php?doing_wp_cron=1706913851.0656280517578125000000 HTTP/1.1" 200 - cronicareinodearagon.com "-" "WordPress/6.2.2; https://cronicareinodearagon.com" "-"
3.224.220.0 - - [02/Feb/2024:23:44:58 +0100] "GET /educacion/el-ayuntamiento-de-zaragoza-pone-en-marcha-una-nueva-web-de-educacion/feed/ HTTP/1.1" 200 1030 cronicareinodearagon.com "-" "Mozilla/5.0 (Macintosh; Intel Mac OS X 10_10_1) AppleWebKit/600.2.5 (KHTML, like Gecko) Version/8.0.2 Safari/600.2.5 (Amazonbot/0.1; +https://developer.amazon.com/support/amazonbot)" "-"
82.165.88.0 - - [02/Feb/2024:23:44:59 +0100] "POST /wp-cron.php?doing_wp_cron=1706913899.1946289539337158203125 HTTP/1.1" 200 - cronicareinodearagon.com "-" "WordPress/6.2.2; https://cronicareinodearagon.com" "-"
52.70.240.0 - - [02/Feb/2024:23:45:22 +0100] "GET /aragon/salobrena-expulsion-macarena-olona-padron-municipal-elecciones-andaluzas/feed/ HTTP/1.1" 200 1064 cronicareinodearagon.com "-" "Mozilla/5.0 (Macintosh; Intel Mac OS X 10_10_1) AppleWebKit/600.2.5 (KHTML, like Gecko) Version/8.0.2 Safari/600.2.5 (Amazonbot/0.1; +https://developer.amazon.com/support/amazonbot)" "-"
78.142.18.0 - - [02/Feb/2024:23:45:59 +0100] "GET / HTTP/1.1" 200 336 cronicadecordoba.com "http://cronicadecordoba.com" "Mozilla/5.0 (iPhone; CPU iPhone OS 13_1_3 like Mac OS X) AppleWebKit/605.1.15 (KHTML, like Gecko) Version/13.0.1 Mobile/15E148 Safari/604.1" "-"
82.165.88.0 - - [02/Feb/2024:23:46:56 +0100] "POST /wp-cron.php?doing_wp_cron=1706914016.7870531082153320312500 HTTP/1.1" 200 - cronicareinodearagon.com "-" "WordPress/6.2.2; https://cronicareinodearagon.com" "-"
85.208.96.0 - - [02/Feb/2024:23:46:56 +0100] "GET /robots.txt HTTP/1.1" 200 202 cronicareinodearagon.com "-" "Mozilla/5.0 (compatible; SemrushBot/7~bl; +http://www.semrush.com/bot.html)" "-"
185.191.171.0 - - [02/Feb/2024:23:46:58 +0100] "GET /politica/isel-monclus-psoe-candidato-calaceite/ HTTP/1.1" 200 165809 cronicareinodearagon.com "-" "Mozilla/5.0 (compatible; SemrushBot/7~bl; +http://www.semrush.com/bot.html)" "-"
85.208.96.0 - - [02/Feb/2024:23:50:52 +0100] "GET /sociedad/salinas-cabo-gata-gestion/ HTTP/1.1" 200 167856 cronicareinodearagon.com "-" "Mozilla/5.0 (compatible; SemrushBot/7~bl; +http://www.semrush.com/bot.html)" "-"
82.165.88.0 - - [02/Feb/2024:23:50:53 +0100] "POST /wp-cron.php?doing_wp_cron=1706914252.9896690845489501953125 HTTP/1.1" 200 - cronicareinodearagon.com "-" "WordPress/6.2.2; https://cronicareinodearagon.com" "-"
82.165.88.0 - - [02/Feb/2024:23:53:19 +0100] "POST /wp-cron.php?doing_wp_cron=1706914399.9505279064178466796875 HTTP/1.1" 200 - cronicareinodearagon.com "-" "WordPress/6.2.2; https://cronicareinodearagon.com" "-"
54.36.149.0 - - [02/Feb/2024:23:53:19 +0100] "GET /educacion/ciencia-molecula-bacterias/ HTTP/1.1" 200 171945 cronicareinodearagon.com "-" "Mozilla/5.0 (compatible; AhrefsBot/7.0; +http://ahrefs.com/robot/)" "-"
82.165.88.0 - - [02/Feb/2024:23:54:10 +0100] "POST /wp-cron.php?doing_wp_cron=1706914450.8123259544372558593750 HTTP/1.1" 200 - cronicareinodearagon.com "-" "WordPress/6.2.2; https://cronicareinodearagon.com" "-"
93.158.90.0 - - [02/Feb/2024:23:54:10 +0100] "GET /sitemap_index.xml HTTP/1.1" 200 317 cronicareinodearagon.com "-" "Mozilla/5.0 (Windows NT 10.0; Win64; x64) AppleWebKit/537.36 (KHTML, like Gecko) Chrome/103.0.5060.134 Safari/537.36 Edg/103.0.1264.71" "-"
93.158.90.0 - - [02/Feb/2024:23:54:10 +0100] "GET /robots.txt HTTP/1.1" 200 188 cronicadearagon.com "-" "Mozilla/5.0 (Windows NT 10.0; Win64; x64) AppleWebKit/537.36 (KHTML, like Gecko) Chrome/103.0.5060.134 Safari/537.36 Edg/103.0.1264.71" "-"
