101.44.251.0 - - [03/Feb/2024:01:37:48 +0100] "GET /aragon/el-gobierno-de-aragon-impulsa-nueve-proyectos-empresariales-de-id-en-sector-farmaceutico-y-movilidad-sostenible/ HTTP/1.1" 200 35560 cronicareinodearagon.com "https://cronicareinodearagon.com/aragon/el-gobierno-de-aragon-impulsa-nueve-proyectos-empresariales-de-id-en-sector-farmaceutico-y-movilidad-sostenible/" "Mozilla/5.0 (Macintosh; Intel Mac OS X 10_15_7) AppleWebKit/537.36 (KHTML, like Gecko) Chrome/114.0.0.0 Safari/537.36" "-"
159.65.40.0 - - [03/Feb/2024:01:37:59 +0100] "GET / HTTP/1.1" 200 336 cronicadelpaisvalenciano.com "-" "Mozilla/5.0 (X11; Linux x86_64) AppleWebKit/537.36 (KHTML, like Gecko) Chrome/108.0.0.0 Safari/537.36" "-"
54.36.148.0 - - [03/Feb/2024:01:39:57 +0100] "GET /category/educacion/page/3/ HTTP/1.1" 200 147762 cronicareinodearagon.com "-" "Mozilla/5.0 (compatible; AhrefsBot/7.0; +http://ahrefs.com/robot/)" "-"
82.165.88.0 - - [03/Feb/2024:01:39:58 +0100] "POST /wp-cron.php?doing_wp_cron=1706920798.2277739048004150390625 HTTP/1.1" 200 - cronicareinodearagon.com "-" "WordPress/6.2.2; https://cronicareinodearagon.com" "-"
85.208.96.0 - - [03/Feb/2024:01:40:49 +0100] "GET /aragon/granada-algarinejo-asesinato-machista/ HTTP/1.1" 200 161328 cronicareinodearagon.com "-" "Mozilla/5.0 (compatible; SemrushBot/7~bl; +http://www.semrush.com/bot.html)" "-"
82.165.88.0 - - [03/Feb/2024:01:40:50 +0100] "POST /wp-cron.php?doing_wp_cron=1706920850.1575870513916015625000 HTTP/1.1" 200 - cronicareinodearagon.com "-" "WordPress/6.2.2; https://cronicareinodearagon.com" "-"
82.165.88.0 - - [03/Feb/2024:01:44:00 +0100] "POST /wp-cron.php?doing_wp_cron=1706921040.7681190967559814453125 HTTP/1.1" 200 - cronicareinodearagon.com "-" "WordPress/6.2.2; https://cronicareinodearagon.com" "-"
185.191.171.0 - - [03/Feb/2024:01:44:00 +0100] "GET /aragon/espadas-sanchez-psoe-andalucia-elecciones-sevilla/ HTTP/1.1" 200 166625 cronicareinodearagon.com "-" "Mozilla/5.0 (compatible; SemrushBot/7~bl; +http://www.semrush.com/bot.html)" "-"
82.165.88.0 - - [03/Feb/2024:01:45:20 +0100] "POST /wp-cron.php?doing_wp_cron=1706921120.8069620132446289062500 HTTP/1.1" 200 - cronicareinodearagon.com "-" "WordPress/6.2.2; https://cronicareinodearagon.com" "-"
185.191.171.0 - - [03/Feb/2024:01:45:20 +0100] "GET /aragon/espadas-rescate-salud-responde/ HTTP/1.1" 200 168819 cronicareinodearagon.com "-" "Mozilla/5.0 (compatible; SemrushBot/7~bl; +http://www.semrush.com/bot.html)" "-"
66.249.84.0 - - [03/Feb/2024:01:47:14 +0100] "GET /category/politica/feed/ HTTP/1.1" 200 59109 cronicareinodearagon.com "-" "FeedFetcher-Google; (+http://www.google.com/feedfetcher.html)" "-"
54.36.148.0 - - [03/Feb/2024:01:48:31 +0100] "GET /opinion/sevilla-tasa-turistica/ HTTP/1.1" 200 170785 cronicareinodearagon.com "-" "Mozilla/5.0 (compatible; AhrefsBot/7.0; +http://ahrefs.com/robot/)" "-"
82.165.88.0 - - [03/Feb/2024:01:48:32 +0100] "POST /wp-cron.php?doing_wp_cron=1706921312.2527968883514404296875 HTTP/1.1" 200 - cronicareinodearagon.com "-" "WordPress/6.2.2; https://cronicareinodearagon.com" "-"
173.249.29.0 - - [03/Feb/2024:01:49:24 +0100] "GET /general.php?pd=1&mapname=op.php HTTP/1.1" 301 276 cronicareinodearagon.com "www.google.com" "Mozlila/5.0 (Linux; Android 7.0; SM-G892A Bulid/NRD90M; wv) AppleWebKit/537.36 (KHTML, like Gecko) Version/4.0 Chrome/60.0.3112.107 Moblie Safari/537.36" "-"
82.165.88.0 - - [03/Feb/2024:01:49:29 +0100] "POST /wp-cron.php?doing_wp_cron=1706921369.8662769794464111328125 HTTP/1.1" 200 - cronicareinodearagon.com "-" "WordPress/6.2.2; https://cronicareinodearagon.com" "-"
173.249.29.0 - - [03/Feb/2024:01:49:29 +0100] "GET /general.php?pd=1&mapname=op.php HTTP/1.1" 404 144871 cronicareinodearagon.com "www.google.com" "Mozlila/5.0 (Linux; Android 7.0; SM-G892A Bulid/NRD90M; wv) AppleWebKit/537.36 (KHTML, like Gecko) Version/4.0 Chrome/60.0.3112.107 Moblie Safari/537.36" "-"
82.165.88.0 - - [03/Feb/2024:01:51:12 +0100] "POST /wp-cron.php?doing_wp_cron=1706921472.8026299476623535156250 HTTP/1.1" 200 - cronicareinodearagon.com "-" "WordPress/6.2.2; https://cronicareinodearagon.com" "-"
185.191.171.0 - - [03/Feb/2024:01:51:12 +0100] "GET /robots.txt HTTP/1.1" 200 202 cronicareinodearagon.com "-" "Mozilla/5.0 (compatible; SemrushBot/7~bl; +http://www.semrush.com/bot.html)" "-"
185.191.171.0 - - [03/Feb/2024:01:51:15 +0100] "GET /aragon/algeciras-buque-fuel-andalucia-gibraltar-cadiz-vertido-costa/ HTTP/1.1" 200 162045 cronicareinodearagon.com "-" "Mozilla/5.0 (compatible; SemrushBot/7~bl; +http://www.semrush.com/bot.html)" "-"
185.191.171.0 - - [03/Feb/2024:01:54:16 +0100] "GET /educacion/practicas-estudiantes-internacionales-medio-rural/ HTTP/1.1" 200 34375 cronicareinodearagon.com "-" "Mozilla/5.0 (compatible; SemrushBot/7~bl; +http://www.semrush.com/bot.html)" "-"
82.165.88.0 - - [03/Feb/2024:01:54:25 +0100] "POST /wp-cron.php?doing_wp_cron=1706921665.6226580142974853515625 HTTP/1.1" 200 - cronicareinodearagon.com "-" "WordPress/6.2.2; https://cronicareinodearagon.com" "-"
185.191.171.0 - - [03/Feb/2024:01:54:25 +0100] "GET /sociedad/cine-universidad-cordoba-memoria-democratica/ HTTP/1.1" 200 166748 cronicareinodearagon.com "-" "Mozilla/5.0 (compatible; SemrushBot/7~bl; +http://www.semrush.com/bot.html)" "-"
82.165.88.0 - - [03/Feb/2024:01:56:05 +0100] "POST /wp-cron.php?doing_wp_cron=1706921765.3442010879516601562500 HTTP/1.1" 200 - cronicareinodearagon.com "-" "WordPress/6.2.2; https://cronicareinodearagon.com" "-"
85.208.96.0 - - [03/Feb/2024:01:56:05 +0100] "GET /category/sociedad/page/32/ HTTP/1.1" 200 148241 cronicareinodearagon.com "-" "Mozilla/5.0 (compatible; SemrushBot/7~bl; +http://www.semrush.com/bot.html)" "-"
74.125.212.0 - - [03/Feb/2024:01:57:12 +0100] "GET /category/economia/feed/ HTTP/1.1" 200 42774 cronicareinodearagon.com "-" "FeedFetcher-Google; (+http://www.google.com/feedfetcher.html)" "-"
82.165.88.0 - - [03/Feb/2024:01:57:17 +0100] "POST /wp-cron.php?doing_wp_cron=1706921837.9552600383758544921875 HTTP/1.1" 200 - cronicareinodearagon.com "-" "WordPress/6.2.2; https://cronicareinodearagon.com" "-"
54.36.149.0 - - [03/Feb/2024:01:57:17 +0100] "GET /aragon/psoe-volcado-comicios-andaluces-19-j/ HTTP/1.1" 200 172430 cronicareinodearagon.com "-" "Mozilla/5.0 (compatible; AhrefsBot/7.0; +http://ahrefs.com/robot/)" "-"
85.208.96.0 - - [03/Feb/2024:01:59:31 +0100] "GET /aragon/covid-andalucia-espana-vacunacion-ninos/ HTTP/1.1" 200 165287 cronicareinodearagon.com "-" "Mozilla/5.0 (compatible; SemrushBot/7~bl; +http://www.semrush.com/bot.html)" "-"
82.165.88.0 - - [03/Feb/2024:01:59:32 +0100] "POST /wp-cron.php?doing_wp_cron=1706921972.0439260005950927734375 HTTP/1.1" 200 - cronicareinodearagon.com "-" "WordPress/6.2.2; https://cronicareinodearagon.com" "-"
82.165.88.0 - - [03/Feb/2024:02:02:33 +0100] "POST /wp-cron.php?doing_wp_cron=1706922153.7153670787811279296875 HTTP/1.1" 200 - cronicareinodearagon.com "-" "WordPress/6.2.2; https://cronicareinodearagon.com" "-"
85.208.96.0 - - [03/Feb/2024:02:02:33 +0100] "GET /uncategorized/programa-educacion-ambiental-cadiz/ HTTP/1.1" 200 165493 cronicareinodearagon.com "-" "Mozilla/5.0 (compatible; SemrushBot/7~bl; +http://www.semrush.com/bot.html)" "-"
95.181.238.0 - - [03/Feb/2024:02:02:46 +0100] "GET / HTTP/1.1" 200 336 grupocronicaenlibertad.com "https://twitter.com" "Mozilla/5.0 (Windows NT 10.0; Win64; x64; rv:112.0) Gecko/20100101 Firefox/112.0" "-"
82.165.88.0 - - [03/Feb/2024:02:11:40 +0100] "POST /wp-cron.php?doing_wp_cron=1706922700.5367739200592041015625 HTTP/1.1" 200 - cronicareinodearagon.com "-" "WordPress/6.2.2; https://cronicareinodearagon.com" "-"
185.191.171.0 - - [03/Feb/2024:02:11:40 +0100] "GET /sociedad/canal-sur-exposicion-flamenco-duende-artes-plasticas/ HTTP/1.1" 200 165983 cronicareinodearagon.com "-" "Mozilla/5.0 (compatible; SemrushBot/7~bl; +http://www.semrush.com/bot.html)" "-"
66.249.84.0 - - [03/Feb/2024:02:11:52 +0100] "GET /category/educacion/feed/ HTTP/1.1" 200 56994 cronicareinodearagon.com "-" "FeedFetcher-Google; (+http://www.google.com/feedfetcher.html)" "-"
2.58.56.0 - - [03/Feb/2024:02:14:24 +0100] "GET / HTTP/1.1" 200 336 cronicadegranada.com "-" "Mozilla/5.0 (Windows NT 10.0; Win64; x64) AppleWebKit/537.36 (KHTML, like Gecko) Chrome/89.0.4389.114 Safari/537.36" "-"
2.58.56.0 - - [03/Feb/2024:02:14:24 +0100] "GET / HTTP/1.1" 200 336 cronicadegranada.com "-" "Mozilla/5.0 (Windows NT 10.0; Win64; x64) AppleWebKit/537.36 (KHTML, like Gecko) Chrome/89.0.4389.114 Safari/537.36" "-"
2.58.56.0 - - [03/Feb/2024:02:14:24 +0100] "GET /wp-includes/wlwmanifest.xml HTTP/1.1" 404 596 cronicadegranada.com "-" "Mozilla/5.0 (Windows NT 10.0; Win64; x64) AppleWebKit/537.36 (KHTML, like Gecko) Chrome/89.0.4389.114 Safari/537.36" "-"
2.58.56.0 - - [03/Feb/2024:02:14:24 +0100] "GET /xmlrpc.php?rsd HTTP/1.1" 404 596 cronicadegranada.com "-" "Mozilla/5.0 (Windows NT 10.0; Win64; x64) AppleWebKit/537.36 (KHTML, like Gecko) Chrome/89.0.4389.114 Safari/537.36" "-"
2.58.56.0 - - [03/Feb/2024:02:14:24 +0100] "GET / HTTP/1.1" 200 336 cronicadegranada.com "-" "Mozilla/5.0 (Windows NT 10.0; Win64; x64) AppleWebKit/537.36 (KHTML, like Gecko) Chrome/89.0.4389.114 Safari/537.36" "-"
2.58.56.0 - - [03/Feb/2024:02:14:24 +0100] "GET /blog/wp-includes/wlwmanifest.xml HTTP/1.1" 404 596 cronicadegranada.com "-" "Mozilla/5.0 (Windows NT 10.0; Win64; x64) AppleWebKit/537.36 (KHTML, like Gecko) Chrome/89.0.4389.114 Safari/537.36" "-"
2.58.56.0 - - [03/Feb/2024:02:14:24 +0100] "GET /web/wp-includes/wlwmanifest.xml HTTP/1.1" 404 596 cronicadegranada.com "-" "Mozilla/5.0 (Windows NT 10.0; Win64; x64) AppleWebKit/537.36 (KHTML, like Gecko) Chrome/89.0.4389.114 Safari/537.36" "-"
2.58.56.0 - - [03/Feb/2024:02:14:24 +0100] "GET /wordpress/wp-includes/wlwmanifest.xml HTTP/1.1" 404 596 cronicadegranada.com "-" "Mozilla/5.0 (Windows NT 10.0; Win64; x64) AppleWebKit/537.36 (KHTML, like Gecko) Chrome/89.0.4389.114 Safari/537.36" "-"
2.58.56.0 - - [03/Feb/2024:02:14:24 +0100] "GET /website/wp-includes/wlwmanifest.xml HTTP/1.1" 404 596 cronicadegranada.com "-" "Mozilla/5.0 (Windows NT 10.0; Win64; x64) AppleWebKit/537.36 (KHTML, like Gecko) Chrome/89.0.4389.114 Safari/537.36" "-"
2.58.56.0 - - [03/Feb/2024:02:14:24 +0100] "GET /wp/wp-includes/wlwmanifest.xml HTTP/1.1" 404 596 cronicadegranada.com "-" "Mozilla/5.0 (Windows NT 10.0; Win64; x64) AppleWebKit/537.36 (KHTML, like Gecko) Chrome/89.0.4389.114 Safari/537.36" "-"
2.58.56.0 - - [03/Feb/2024:02:14:24 +0100] "GET /news/wp-includes/wlwmanifest.xml HTTP/1.1" 404 596 cronicadegranada.com "-" "Mozilla/5.0 (Windows NT 10.0; Win64; x64) AppleWebKit/537.36 (KHTML, like Gecko) Chrome/89.0.4389.114 Safari/537.36" "-"
2.58.56.0 - - [03/Feb/2024:02:14:24 +0100] "GET /2020/wp-includes/wlwmanifest.xml HTTP/1.1" 404 596 cronicadegranada.com "-" "Mozilla/5.0 (Windows NT 10.0; Win64; x64) AppleWebKit/537.36 (KHTML, like Gecko) Chrome/89.0.4389.114 Safari/537.36" "-"
2.58.56.0 - - [03/Feb/2024:02:14:24 +0100] "GET /2019/wp-includes/wlwmanifest.xml HTTP/1.1" 404 596 cronicadegranada.com "-" "Mozilla/5.0 (Windows NT 10.0; Win64; x64) AppleWebKit/537.36 (KHTML, like Gecko) Chrome/89.0.4389.114 Safari/537.36" "-"
2.58.56.0 - - [03/Feb/2024:02:14:24 +0100] "GET /shop/wp-includes/wlwmanifest.xml HTTP/1.1" 404 596 cronicadegranada.com "-" "Mozilla/5.0 (Windows NT 10.0; Win64; x64) AppleWebKit/537.36 (KHTML, like Gecko) Chrome/89.0.4389.114 Safari/537.36" "-"
2.58.56.0 - - [03/Feb/2024:02:14:24 +0100] "GET /wp1/wp-includes/wlwmanifest.xml HTTP/1.1" 404 596 cronicadegranada.com "-" "Mozilla/5.0 (Windows NT 10.0; Win64; x64) AppleWebKit/537.36 (KHTML, like Gecko) Chrome/89.0.4389.114 Safari/537.36" "-"
2.58.56.0 - - [03/Feb/2024:02:14:24 +0100] "GET /test/wp-includes/wlwmanifest.xml HTTP/1.1" 404 596 cronicadegranada.com "-" "Mozilla/5.0 (Windows NT 10.0; Win64; x64) AppleWebKit/537.36 (KHTML, like Gecko) Chrome/89.0.4389.114 Safari/537.36" "-"
2.58.56.0 - - [03/Feb/2024:02:14:24 +0100] "GET /wp2/wp-includes/wlwmanifest.xml HTTP/1.1" 404 596 cronicadegranada.com "-" "Mozilla/5.0 (Windows NT 10.0; Win64; x64) AppleWebKit/537.36 (KHTML, like Gecko) Chrome/89.0.4389.114 Safari/537.36" "-"
2.58.56.0 - - [03/Feb/2024:02:14:24 +0100] "GET /site/wp-includes/wlwmanifest.xml HTTP/1.1" 404 596 cronicadegranada.com "-" "Mozilla/5.0 (Windows NT 10.0; Win64; x64) AppleWebKit/537.36 (KHTML, like Gecko) Chrome/89.0.4389.114 Safari/537.36" "-"
2.58.56.0 - - [03/Feb/2024:02:14:25 +0100] "GET /cms/wp-includes/wlwmanifest.xml HTTP/1.1" 404 596 cronicadegranada.com "-" "Mozilla/5.0 (Windows NT 10.0; Win64; x64) AppleWebKit/537.36 (KHTML, like Gecko) Chrome/89.0.4389.114 Safari/537.36" "-"
2.58.56.0 - - [03/Feb/2024:02:14:25 +0100] "GET /sito/wp-includes/wlwmanifest.xml HTTP/1.1" 404 596 cronicadegranada.com "-" "Mozilla/5.0 (Windows NT 10.0; Win64; x64) AppleWebKit/537.36 (KHTML, like Gecko) Chrome/89.0.4389.114 Safari/537.36" "-"
199.167.254.0 - - [03/Feb/2024:02:15:34 +0100] "GET /about.php?520=1 HTTP/1.1" 301 256 cronicareinodearagon.com "cronicareinodearagon.com" "Mozilla/5.0 (Windows NT 6.1; Win64; x64) AppleWebKit/537.36 (KHTML, like Gecko) Chrome/242.02.8301.120 Safari/537.36" "-"
82.165.88.0 - - [03/Feb/2024:02:15:35 +0100] "POST /wp-cron.php?doing_wp_cron=1706922935.4127271175384521484375 HTTP/1.1" 200 - cronicareinodearagon.com "-" "WordPress/6.2.2; https://cronicareinodearagon.com" "-"
199.167.254.0 - - [03/Feb/2024:02:15:35 +0100] "GET /about.php?520=1 HTTP/1.1" 404 144831 cronicareinodearagon.com "cronicareinodearagon.com" "Mozilla/5.0 (Windows NT 6.1; Win64; x64) AppleWebKit/537.36 (KHTML, like Gecko) Chrome/242.02.8301.120 Safari/537.36" "-"
199.167.254.0 - - [03/Feb/2024:02:15:48 +0100] "GET /admin.php?520=1 HTTP/1.1" 301 256 cronicareinodearagon.com "cronicareinodearagon.com" "Mozilla/5.0 (Windows NT 6.1; Win64; x64) AppleWebKit/537.36 (KHTML, like Gecko) Chrome/242.02.8301.120 Safari/537.36" "-"
82.165.88.0 - - [03/Feb/2024:02:15:48 +0100] "POST /wp-cron.php?doing_wp_cron=1706922948.8123540878295898437500 HTTP/1.1" 200 - cronicareinodearagon.com "-" "WordPress/6.2.2; https://cronicareinodearagon.com" "-"
199.167.254.0 - - [03/Feb/2024:02:15:48 +0100] "GET /admin.php?520=1 HTTP/1.1" 404 144831 cronicareinodearagon.com "cronicareinodearagon.com" "Mozilla/5.0 (Windows NT 6.1; Win64; x64) AppleWebKit/537.36 (KHTML, like Gecko) Chrome/242.02.8301.120 Safari/537.36" "-"
82.165.88.0 - - [03/Feb/2024:02:16:51 +0100] "POST /wp-cron.php?doing_wp_cron=1706923011.6796159744262695312500 HTTP/1.1" 200 - cronicareinodearagon.com "-" "WordPress/6.2.2; https://cronicareinodearagon.com" "-"
85.208.96.0 - - [03/Feb/2024:02:16:51 +0100] "GET /aragon/diputacion-jaen-subvenciones/ HTTP/1.1" 200 168649 cronicareinodearagon.com "-" "Mozilla/5.0 (compatible; SemrushBot/7~bl; +http://www.semrush.com/bot.html)" "-"
85.208.96.0 - - [03/Feb/2024:02:18:43 +0100] "GET /sociedad/seprona-fabrica-clandestina-aceite-semillas-utrera/ HTTP/1.1" 200 161226 cronicareinodearagon.com "-" "Mozilla/5.0 (compatible; SemrushBot/7~bl; +http://www.semrush.com/bot.html)" "-"
82.165.88.0 - - [03/Feb/2024:02:18:44 +0100] "POST /wp-cron.php?doing_wp_cron=1706923123.9297010898590087890625 HTTP/1.1" 200 - cronicareinodearagon.com "-" "WordPress/6.2.2; https://cronicareinodearagon.com" "-"
82.165.88.0 - - [03/Feb/2024:02:21:01 +0100] "POST /wp-cron.php?doing_wp_cron=1706923261.4644119739532470703125 HTTP/1.1" 200 - cronicareinodearagon.com "-" "WordPress/6.2.2; https://cronicareinodearagon.com" "-"
185.191.171.0 - - [03/Feb/2024:02:21:01 +0100] "GET /sociedad/yacimiento-valencina-cabanas-edad-cobre/ HTTP/1.1" 200 172636 cronicareinodearagon.com "-" "Mozilla/5.0 (compatible; SemrushBot/7~bl; +http://www.semrush.com/bot.html)" "-"
82.165.88.0 - - [03/Feb/2024:02:21:42 +0100] "POST /wp-cron.php?doing_wp_cron=1706923302.6166119575500488281250 HTTP/1.1" 200 - cronicareinodearagon.com "-" "WordPress/6.2.2; https://cronicareinodearagon.com" "-"
185.191.171.0 - - [03/Feb/2024:02:21:42 +0100] "GET /category/sociedad/page/29/ HTTP/1.1" 200 147858 cronicareinodearagon.com "-" "Mozilla/5.0 (compatible; SemrushBot/7~bl; +http://www.semrush.com/bot.html)" "-"
82.165.88.0 - - [03/Feb/2024:02:25:46 +0100] "POST /wp-cron.php?doing_wp_cron=1706923546.4528000354766845703125 HTTP/1.1" 200 - cronicareinodearagon.com "-" "WordPress/6.2.2; https://cronicareinodearagon.com" "-"
207.46.13.0 - - [03/Feb/2024:02:25:46 +0100] "GET /robots.txt HTTP/1.1" 200 202 cronicareinodearagon.com "-" "Mozilla/5.0 AppleWebKit/537.36 (KHTML, like Gecko; compatible; bingbot/2.0; +http://www.bing.com/bingbot.htm) Chrome/116.0.1938.76 Safari/537.36" "-"
185.191.171.0 - - [03/Feb/2024:02:25:46 +0100] "GET /aragon/juanma-moreno-encuesta-elecciones-vox/ HTTP/1.1" 200 164212 cronicareinodearagon.com "-" "Mozilla/5.0 (compatible; SemrushBot/7~bl; +http://www.semrush.com/bot.html)" "-"
52.167.144.0 - - [03/Feb/2024:02:26:07 +0100] "GET /aragon/guitarte-teruel-existe-cierre-campana/ HTTP/1.1" 200 39975 cronicareinodearagon.com "-" "Mozilla/5.0 AppleWebKit/537.36 (KHTML, like Gecko; compatible; bingbot/2.0; +http://www.bing.com/bingbot.htm) Chrome/116.0.1938.76 Safari/537.36" "-"
101.44.249.0 - - [03/Feb/2024:02:32:54 +0100] "GET /category/aragon/ HTTP/1.1" 301 257 cronicareinodearagon.com "http://cronicareinodearagon.com/category/aragon/" "Mozilla/5.0 (Macintosh; Intel Mac OS X 10_15_7) AppleWebKit/537.36 (KHTML, like Gecko) Chrome/114.0.0.0 Safari/537.36" "-"
101.44.249.0 - - [03/Feb/2024:02:32:55 +0100] "GET /category/aragon/ HTTP/1.1" 200 29357 cronicareinodearagon.com "https://cronicareinodearagon.com/category/aragon/" "Mozilla/5.0 (Macintosh; Intel Mac OS X 10_15_7) AppleWebKit/537.36 (KHTML, like Gecko) Chrome/114.0.0.0 Safari/537.36" "-"
82.165.88.0 - - [03/Feb/2024:02:34:31 +0100] "POST /wp-cron.php?doing_wp_cron=1706924071.9303500652313232421875 HTTP/1.1" 200 - cronicareinodearagon.com "-" "WordPress/6.2.2; https://cronicareinodearagon.com" "-"
185.191.171.0 - - [03/Feb/2024:02:34:31 +0100] "GET /category/politica/page/36/ HTTP/1.1" 200 147741 cronicareinodearagon.com "-" "Mozilla/5.0 (compatible; SemrushBot/7~bl; +http://www.semrush.com/bot.html)" "-"
66.249.84.0 - - [03/Feb/2024:02:35:15 +0100] "GET /category/educacion/feed/ HTTP/1.1" 200 56994 cronicareinodearagon.com "-" "FeedFetcher-Google; (+http://www.google.com/feedfetcher.html)" "-"
185.191.171.0 - - [03/Feb/2024:02:36:18 +0100] "GET /category/aragon/page/4/ HTTP/1.1" 200 147617 cronicareinodearagon.com "-" "Mozilla/5.0 (compatible; SemrushBot/7~bl; +http://www.semrush.com/bot.html)" "-"
82.165.88.0 - - [03/Feb/2024:02:36:19 +0100] "POST /wp-cron.php?doing_wp_cron=1706924178.9914519786834716796875 HTTP/1.1" 200 - cronicareinodearagon.com "-" "WordPress/6.2.2; https://cronicareinodearagon.com" "-"
66.249.84.0 - - [03/Feb/2024:02:36:53 +0100] "GET /category/educacion/feed/ HTTP/1.1" 200 56994 cronicareinodearagon.com "-" "FeedFetcher-Google; (+http://www.google.com/feedfetcher.html)" "-"
66.249.84.0 - - [03/Feb/2024:02:37:09 +0100] "GET /category/politica/feed/ HTTP/1.1" 200 59109 cronicareinodearagon.com "-" "FeedFetcher-Google; (+http://www.google.com/feedfetcher.html)" "-"
66.249.84.0 - - [03/Feb/2024:02:38:46 +0100] "GET /category/educacion/feed/ HTTP/1.1" 200 56994 cronicareinodearagon.com "-" "FeedFetcher-Google; (+http://www.google.com/feedfetcher.html)" "-"
82.165.88.0 - - [03/Feb/2024:02:40:24 +0100] "POST /wp-cron.php?doing_wp_cron=1706924424.7918760776519775390625 HTTP/1.1" 200 - cronicareinodearagon.com "-" "WordPress/6.2.2; https://cronicareinodearagon.com" "-"
185.191.171.0 - - [03/Feb/2024:02:40:24 +0100] "GET /economia/ugt-pide-responsabilidad-social-empresarios/ HTTP/1.1" 200 168036 cronicareinodearagon.com "-" "Mozilla/5.0 (compatible; SemrushBot/7~bl; +http://www.semrush.com/bot.html)" "-"
82.165.88.0 - - [03/Feb/2024:02:41:05 +0100] "POST /wp-cron.php?doing_wp_cron=1706924465.5161690711975097656250 HTTP/1.1" 200 - cronicareinodearagon.com "-" "WordPress/6.2.2; https://cronicareinodearagon.com" "-"
85.208.96.0 - - [03/Feb/2024:02:41:05 +0100] "GET /opinion/plusvalia-opinion-gana-impuesto/ HTTP/1.1" 200 174350 cronicareinodearagon.com "-" "Mozilla/5.0 (compatible; SemrushBot/7~bl; +http://www.semrush.com/bot.html)" "-"
110.238.109.0 - - [03/Feb/2024:02:41:56 +0100] "GET /category/sociedad/ HTTP/1.1" 301 259 cronicareinodearagon.com "http://cronicareinodearagon.com/category/sociedad/" "Mozilla/5.0 (Macintosh; Intel Mac OS X 10_15_7) AppleWebKit/537.36 (KHTML, like Gecko) Chrome/114.0.0.0 Safari/537.36" "-"
110.238.109.0 - - [03/Feb/2024:02:41:58 +0100] "GET /category/sociedad/ HTTP/1.1" 200 29466 cronicareinodearagon.com "https://cronicareinodearagon.com/category/sociedad/" "Mozilla/5.0 (Macintosh; Intel Mac OS X 10_15_7) AppleWebKit/537.36 (KHTML, like Gecko) Chrome/114.0.0.0 Safari/537.36" "-"
185.191.171.0 - - [03/Feb/2024:02:50:38 +0100] "GET /aragon/ccoo-empleo-economia-andalucia-sueldos-salarios/ HTTP/1.1" 200 163871 cronicareinodearagon.com "-" "Mozilla/5.0 (compatible; SemrushBot/7~bl; +http://www.semrush.com/bot.html)" "-"
82.165.88.0 - - [03/Feb/2024:02:50:39 +0100] "POST /wp-cron.php?doing_wp_cron=1706925039.4588339328765869140625 HTTP/1.1" 200 - cronicareinodearagon.com "-" "WordPress/6.2.2; https://cronicareinodearagon.com" "-"
74.125.212.0 - - [03/Feb/2024:02:54:11 +0100] "GET /category/economia/feed/ HTTP/1.1" 200 42774 cronicareinodearagon.com "-" "FeedFetcher-Google; (+http://www.google.com/feedfetcher.html)" "-"
165.227.217.0 - - [03/Feb/2024:02:54:38 +0100] "GET / HTTP/1.1" 200 336 cronicadearagon.com "-" "Mozilla/5.0 (X11; Linux x86_64) AppleWebKit/537.36 (KHTML, like Gecko) Chrome/108.0.0.0 Safari/537.36" "-"
165.227.217.0 - - [03/Feb/2024:02:54:39 +0100] "GET / HTTP/1.1" 200 336 cronicadearagon.com "-" "Mozilla/5.0 (X11; Linux x86_64) AppleWebKit/537.36 (KHTML, like Gecko) Chrome/108.0.0.0 Safari/537.36" "-"
185.191.171.0 - - [03/Feb/2024:02:55:06 +0100] "GET /robots.txt HTTP/1.1" 200 202 cronicareinodearagon.com "-" "Mozilla/5.0 (compatible; SemrushBot/7~bl; +http://www.semrush.com/bot.html)" "-"
82.165.88.0 - - [03/Feb/2024:02:55:07 +0100] "POST /wp-cron.php?doing_wp_cron=1706925307.2237620353698730468750 HTTP/1.1" 200 - cronicareinodearagon.com "-" "WordPress/6.2.2; https://cronicareinodearagon.com" "-"
85.208.96.0 - - [03/Feb/2024:02:55:08 +0100] "GET /aragon/nuevo-programa-de-aceleracion-gratuito-para-empresas-innovadoras/ HTTP/1.1" 200 34841 cronicareinodearagon.com "-" "Mozilla/5.0 (compatible; SemrushBot/7~bl; +http://www.semrush.com/bot.html)" "-"
85.208.96.0 - - [03/Feb/2024:02:57:02 +0100] "GET /aragon/ampliacion-kdk-automotive-borja-empleos/ HTTP/1.1" 200 168644 cronicareinodearagon.com "-" "Mozilla/5.0 (compatible; SemrushBot/7~bl; +http://www.semrush.com/bot.html)" "-"
82.165.88.0 - - [03/Feb/2024:02:57:03 +0100] "POST /wp-cron.php?doing_wp_cron=1706925423.0841391086578369140625 HTTP/1.1" 200 - cronicareinodearagon.com "-" "WordPress/6.2.2; https://cronicareinodearagon.com" "-"
101.44.250.0 - - [03/Feb/2024:02:57:06 +0100] "GET /category/opinion/ HTTP/1.1" 301 258 cronicareinodearagon.com "http://cronicareinodearagon.com/category/opinion/" "Mozilla/5.0 (Macintosh; Intel Mac OS X 10_15_7) AppleWebKit/537.36 (KHTML, like Gecko) Chrome/114.0.0.0 Safari/537.36" "-"
101.44.250.0 - - [03/Feb/2024:02:57:07 +0100] "GET /category/opinion/ HTTP/1.1" 200 29119 cronicareinodearagon.com "https://cronicareinodearagon.com/category/opinion/" "Mozilla/5.0 (Macintosh; Intel Mac OS X 10_15_7) AppleWebKit/537.36 (KHTML, like Gecko) Chrome/114.0.0.0 Safari/537.36" "-"
64.227.32.0 - - [03/Feb/2024:02:58:07 +0100] "GET / HTTP/1.1" 200 336 cronicadecordoba.com "-" "Mozilla/5.0 (X11; Linux x86_64) AppleWebKit/537.36 (KHTML, like Gecko) Chrome/108.0.0.0 Safari/537.36" "-"
85.208.96.0 - - [03/Feb/2024:03:00:24 +0100] "GET /aragon/parlamento-andaluz-reto-demografico-reparto-fondos/ HTTP/1.1" 200 175774 cronicareinodearagon.com "-" "Mozilla/5.0 (compatible; SemrushBot/7~bl; +http://www.semrush.com/bot.html)" "-"
82.165.88.0 - - [03/Feb/2024:03:00:25 +0100] "POST /wp-cron.php?doing_wp_cron=1706925625.2012479305267333984375 HTTP/1.1" 200 - cronicareinodearagon.com "-" "WordPress/6.2.2; https://cronicareinodearagon.com" "-"
54.36.148.0 - - [03/Feb/2024:03:01:25 +0100] "GET /aragon/protesta-profesores-religion/ HTTP/1.1" 200 169043 cronicareinodearagon.com "-" "Mozilla/5.0 (compatible; AhrefsBot/7.0; +http://ahrefs.com/robot/)" "-"
82.165.88.0 - - [03/Feb/2024:03:01:26 +0100] "POST /wp-cron.php?doing_wp_cron=1706925686.2017750740051269531250 HTTP/1.1" 200 - cronicareinodearagon.com "-" "WordPress/6.2.2; https://cronicareinodearagon.com" "-"
184.154.76.0 - - [03/Feb/2024:03:03:50 +0100] "GET / HTTP/1.1" 200 336 www.cronicademalaga.com "http://www.google.com/url?url=www.cronicademalaga.com&yahoo.com" "Mozilla/5.0 (compatible; MSIE 9.0; Windows NT 6.1; WOW64; Trident/6.0)" "-"
184.154.76.0 - - [03/Feb/2024:03:03:50 +0100] "GET /th1s_1s_a_4o4.html HTTP/1.1" 404 596 www.cronicademalaga.com "http://www.google.com/url?url=www.cronicademalaga.com&yahoo.com" "Mozilla/5.0 (compatible; MSIE 9.0; Windows NT 6.1; WOW64; Trident/6.0)" "-"
184.154.76.0 - - [03/Feb/2024:03:03:51 +0100] "GET /spicons/templates/defaultsite/es-ES/images/domain_transfer.svg HTTP/1.1" 200 1201 www.cronicademalaga.com "http://www.google.com/url?url=www.cronicademalaga.com&yahoo.com" "Mozilla/5.0 (compatible; MSIE 9.0; Windows NT 6.1; WOW64; Trident/6.0)" "-"
184.154.76.0 - - [03/Feb/2024:03:03:51 +0100] "GET /spicons/templates/defaultsite/es-ES/images/css/main.css HTTP/1.1" 200 486180 www.cronicademalaga.com "http://www.google.com/url?url=www.cronicademalaga.com&yahoo.com" "Mozilla/5.0 (compatible; MSIE 9.0; Windows NT 6.1; WOW64; Trident/6.0)" "-"
184.154.76.0 - - [03/Feb/2024:03:03:52 +0100] "GET /spicons/templates/defaultsite/es-ES/images/domain.svg HTTP/1.1" 200 2095 www.cronicademalaga.com "-" "SiteLockSpider [en] (WinNT; I ;Nav)" "-"
184.154.76.0 - - [03/Feb/2024:03:03:52 +0100] "GET /defaultsite HTTP/1.1" 200 18994 www.cronicademalaga.com "-" "SiteLockSpider [en] (WinNT; I ;Nav)" "-"
184.154.76.0 - - [03/Feb/2024:03:03:53 +0100] "GET /domaincheckresult?__SBMT:d359e110d15:=1&__SYNT:d359e110d15:__CMD(domaincheckresult):RETWRP=domainselect&__SYNT:d359e110d15:__CMD(domaincheckresult):SELWRP=multicheck&__SYNT:d359e110d15:__forcestop=true&__pageflow=Order&__sendingdata=1&linkId=ct.btn.check.default-page-check&multicheck.Domain=1 HTTP/1.1" 404 596 www.cronicademalaga.com "-" "SiteLockSpider [en] (WinNT; I ;Nav)" "-"
184.154.76.0 - - [03/Feb/2024:03:03:53 +0100] "GET /spicons/templates/defaultsite/es-ES/images/ic-world.svg HTTP/1.1" 200 1248 www.cronicademalaga.com "-" "SiteLockSpider [en] (WinNT; I ;Nav)" "-"
185.191.171.0 - - [03/Feb/2024:03:04:22 +0100] "GET /aragon/chunta-aragonesista-fondo-cohesion-territorial-despoblacion/ HTTP/1.1" 200 167201 cronicareinodearagon.com "-" "Mozilla/5.0 (compatible; SemrushBot/7~bl; +http://www.semrush.com/bot.html)" "-"
82.165.88.0 - - [03/Feb/2024:03:04:23 +0100] "POST /wp-cron.php?doing_wp_cron=1706925862.9594700336456298828125 HTTP/1.1" 200 - cronicareinodearagon.com "-" "WordPress/6.2.2; https://cronicareinodearagon.com" "-"
82.165.88.0 - - [03/Feb/2024:03:06:07 +0100] "POST /wp-cron.php?doing_wp_cron=1706925967.4369089603424072265625 HTTP/1.1" 200 - cronicareinodearagon.com "-" "WordPress/6.2.2; https://cronicareinodearagon.com" "-"
185.191.171.0 - - [03/Feb/2024:03:06:07 +0100] "GET /sociedad/policia-rescata-azulejo-alhambra/ HTTP/1.1" 200 158832 cronicareinodearagon.com "-" "Mozilla/5.0 (compatible; SemrushBot/7~bl; +http://www.semrush.com/bot.html)" "-"
157.55.39.0 - - [03/Feb/2024:03:08:24 +0100] "GET /aragon/andalucia-alcanza-una-indecencia-acumulada-de-200-casos-encadenando-3-dias-con-mas-2-000-nuevos-casos-positivos/ HTTP/1.1" 301 - www.cronicareinodearagon.com "-" "Mozilla/5.0 AppleWebKit/537.36 (KHTML, like Gecko; compatible; bingbot/2.0; +http://www.bing.com/bingbot.htm) Chrome/116.0.1938.76 Safari/537.36" "-"
82.165.88.0 - - [03/Feb/2024:03:08:25 +0100] "POST /wp-cron.php?doing_wp_cron=1706926105.2299280166625976562500 HTTP/1.1" 200 - cronicareinodearagon.com "-" "WordPress/6.2.2; https://cronicareinodearagon.com" "-"
185.191.171.0 - - [03/Feb/2024:03:09:17 +0100] "GET /sociedad/persecucion-policia-huida-estepona-200-km-hora/ HTTP/1.1" 200 160310 cronicareinodearagon.com "-" "Mozilla/5.0 (compatible; SemrushBot/7~bl; +http://www.semrush.com/bot.html)" "-"
82.165.88.0 - - [03/Feb/2024:03:09:18 +0100] "POST /wp-cron.php?doing_wp_cron=1706926158.1742711067199707031250 HTTP/1.1" 200 - cronicareinodearagon.com "-" "WordPress/6.2.2; https://cronicareinodearagon.com" "-"
74.125.212.0 - - [03/Feb/2024:03:09:20 +0100] "GET /category/economia/feed/ HTTP/1.1" 200 42774 cronicareinodearagon.com "-" "FeedFetcher-Google; (+http://www.google.com/feedfetcher.html)" "-"
185.191.171.0 - - [03/Feb/2024:03:13:35 +0100] "GET /america/lula-da-silva-apoyo-vinicius-ataques-racistas/ HTTP/1.1" 200 34674 cronicareinodearagon.com "-" "Mozilla/5.0 (compatible; SemrushBot/7~bl; +http://www.semrush.com/bot.html)" "-"
82.165.88.0 - - [03/Feb/2024:03:14:45 +0100] "POST /wp-cron.php?doing_wp_cron=1706926485.4912528991699218750000 HTTP/1.1" 200 - cronicareinodearagon.com "-" "WordPress/6.2.2; https://cronicareinodearagon.com" "-"
185.191.171.0 - - [03/Feb/2024:03:14:45 +0100] "GET /aragon/violencia-machista-albunol-genero/ HTTP/1.1" 200 162575 cronicareinodearagon.com "-" "Mozilla/5.0 (compatible; SemrushBot/7~bl; +http://www.semrush.com/bot.html)" "-"
66.249.84.0 - - [03/Feb/2024:03:15:21 +0100] "GET /category/educacion/feed/ HTTP/1.1" 200 56994 cronicareinodearagon.com "-" "FeedFetcher-Google; (+http://www.google.com/feedfetcher.html)" "-"
185.243.218.0 - - [03/Feb/2024:03:17:32 +0100] "GET /xmlrpc.php HTTP/1.1" 405 42 cronicareinodearagon.com "-" "Mozilla/4.0 (compatible; MSIE 6.0; Windows NT 5.1; SV1)" "-"
82.165.88.0 - - [03/Feb/2024:03:17:33 +0100] "POST /wp-cron.php?doing_wp_cron=1706926653.1534380912780761718750 HTTP/1.1" 200 - cronicareinodearagon.com "-" "WordPress/6.2.2; https://cronicareinodearagon.com" "-"
82.165.88.0 - - [03/Feb/2024:03:17:55 +0100] "POST /wp-cron.php?doing_wp_cron=1706926675.5855879783630371093750 HTTP/1.1" 200 - cronicareinodearagon.com "-" "WordPress/6.2.2; https://cronicareinodearagon.com" "-"
185.191.171.0 - - [03/Feb/2024:03:17:55 +0100] "GET /aragon/juan-marin-gana-primarias-ciudadanos-andalucia/ HTTP/1.1" 200 165989 cronicareinodearagon.com "-" "Mozilla/5.0 (compatible; SemrushBot/7~bl; +http://www.semrush.com/bot.html)" "-"
54.36.149.0 - - [03/Feb/2024:03:18:08 +0100] "GET /sociedad/construccion-nuevo-centro-salud-huesca/ HTTP/1.1" 200 162262 cronicareinodearagon.com "-" "Mozilla/5.0 (compatible; AhrefsBot/7.0; +http://ahrefs.com/robot/)" "-"
54.36.149.0 - - [03/Feb/2024:03:18:11 +0100] "GET /wp-content/uploads/2023/05/centro-salud-huesca.jpg HTTP/1.1" 200 41907 cronicareinodearagon.com "-" "Mozilla/5.0 (compatible; AhrefsBot/7.0; +http://ahrefs.com/robot/)" "-"
82.165.88.0 - - [03/Feb/2024:03:19:29 +0100] "POST /wp-cron.php?doing_wp_cron=1706926769.6193289756774902343750 HTTP/1.1" 200 - cronicareinodearagon.com "-" "WordPress/6.2.2; https://cronicareinodearagon.com" "-"
192.71.2.0 - - [03/Feb/2024:03:19:29 +0100] "GET /sitemap_index.xml HTTP/1.1" 200 317 cronicareinodearagon.com "-" "Mozilla/5.0 (Windows NT 10.0; Win64; x64) AppleWebKit/537.36 (KHTML, like Gecko) Chrome/100.0.4896.127 Safari/537.36" "-"
192.71.142.0 - - [03/Feb/2024:03:19:29 +0100] "GET /robots.txt HTTP/1.1" 200 188 cronicadeextremadura.com "-" "Mozilla/5.0 (Windows NT 10.0; Win64; x64) AppleWebKit/537.36 (KHTML, like Gecko) Chrome/100.0.4896.127 Safari/537.36" "-"
192.71.126.0 - - [03/Feb/2024:03:19:30 +0100] "GET /humans.txt HTTP/1.1" 404 596 cronicadeextremadura.com "-" "Mozilla/5.0 (Windows NT 10.0; Win64; x64) AppleWebKit/537.36 (KHTML, like Gecko) Chrome/100.0.4896.127 Safari/537.36" "-"
192.71.142.0 - - [03/Feb/2024:03:19:30 +0100] "GET /ads.txt HTTP/1.1" 404 596 cronicadeextremadura.com "-" "Mozilla/5.0 (Windows NT 10.0; Win64; x64) AppleWebKit/537.36 (KHTML, like Gecko) Chrome/100.0.4896.127 Safari/537.36" "-"
192.71.126.0 - - [03/Feb/2024:03:19:30 +0100] "GET / HTTP/1.1" 200 336 cronicadeextremadura.com "-" "Mozilla/5.0 (Windows NT 10.0; Win64; x64) AppleWebKit/537.36 (KHTML, like Gecko) Chrome/100.0.4896.127 Safari/537.36" "-"
85.208.96.0 - - [03/Feb/2024:03:22:09 +0100] "GET /category/sociedad/page/27/ HTTP/1.1" 200 147235 cronicareinodearagon.com "-" "Mozilla/5.0 (compatible; SemrushBot/7~bl; +http://www.semrush.com/bot.html)" "-"
82.165.88.0 - - [03/Feb/2024:03:22:10 +0100] "POST /wp-cron.php?doing_wp_cron=1706926930.1388580799102783203125 HTTP/1.1" 200 - cronicareinodearagon.com "-" "WordPress/6.2.2; https://cronicareinodearagon.com" "-"
85.208.96.0 - - [03/Feb/2024:03:23:23 +0100] "GET /sociedad/afganistan-joebiden-retirada-tropas/ HTTP/1.1" 200 160264 cronicareinodearagon.com "-" "Mozilla/5.0 (compatible; SemrushBot/7~bl; +http://www.semrush.com/bot.html)" "-"
82.165.88.0 - - [03/Feb/2024:03:23:24 +0100] "POST /wp-cron.php?doing_wp_cron=1706927003.8574359416961669921875 HTTP/1.1" 200 - cronicareinodearagon.com "-" "WordPress/6.2.2; https://cronicareinodearagon.com" "-"
82.165.88.0 - - [03/Feb/2024:03:26:35 +0100] "POST /wp-cron.php?doing_wp_cron=1706927195.3377370834350585937500 HTTP/1.1" 200 - cronicareinodearagon.com "-" "WordPress/6.2.2; https://cronicareinodearagon.com" "-"
23.22.35.0 - - [03/Feb/2024:03:26:35 +0100] "GET /robots.txt HTTP/1.1" 200 202 cronicareinodearagon.com "-" "Mozilla/5.0 (Macintosh; Intel Mac OS X 10_10_1) AppleWebKit/600.2.5 (KHTML, like Gecko) Version/8.0.2 Safari/600.2.5 (Amazonbot/0.1; +https://developer.amazon.com/support/amazonbot)" "-"
23.22.35.0 - - [03/Feb/2024:03:26:36 +0100] "GET /politica/putin-amenaza-a-la-ue-y-dice-que-ahora-son-parte-del-conflicto-por-entrenar-a-militares-ucranianos/feed/ HTTP/1.1" 200 1118 cronicareinodearagon.com "-" "Mozilla/5.0 (Macintosh; Intel Mac OS X 10_10_1) AppleWebKit/600.2.5 (KHTML, like Gecko) Version/8.0.2 Safari/600.2.5 (Amazonbot/0.1; +https://developer.amazon.com/support/amazonbot)" "-"
82.165.88.0 - - [03/Feb/2024:03:26:46 +0100] "POST /wp-cron.php?doing_wp_cron=1706927206.5593829154968261718750 HTTP/1.1" 200 - cronicareinodearagon.com "-" "WordPress/6.2.2; https://cronicareinodearagon.com" "-"
85.208.96.0 - - [03/Feb/2024:03:26:46 +0100] "GET /sociedad/detenido-jerez-embestir-coche-policial/ HTTP/1.1" 200 165669 cronicareinodearagon.com "-" "Mozilla/5.0 (compatible; SemrushBot/7~bl; +http://www.semrush.com/bot.html)" "-"
23.22.35.0 - - [03/Feb/2024:03:27:46 +0100] "GET /aragon/la-xvi-semana-del-emprendimiento-en-aragon-llega-a-barbastro-con-ciberseguridad-y-economia-circular/feed/ HTTP/1.1" 200 1115 cronicareinodearagon.com "-" "Mozilla/5.0 (Macintosh; Intel Mac OS X 10_10_1) AppleWebKit/600.2.5 (KHTML, like Gecko) Version/8.0.2 Safari/600.2.5 (Amazonbot/0.1; +https://developer.amazon.com/support/amazonbot)" "-"
82.165.88.0 - - [03/Feb/2024:03:27:47 +0100] "POST /wp-cron.php?doing_wp_cron=1706927267.2498250007629394531250 HTTP/1.1" 200 - cronicareinodearagon.com "-" "WordPress/6.2.2; https://cronicareinodearagon.com" "-"
85.208.96.0 - - [03/Feb/2024:03:28:01 +0100] "GET /aragon/andalucia-lidera-incremento-paro-agosto/ HTTP/1.1" 200 167009 cronicareinodearagon.com "-" "Mozilla/5.0 (compatible; SemrushBot/7~bl; +http://www.semrush.com/bot.html)" "-"
52.70.240.0 - - [03/Feb/2024:03:29:22 +0100] "GET /sociedad/el-alcalde-de-nerva-apunta-que-usaran-todas-las-herramientas-legales-para-el-cierre-del-vertedero/feed/ HTTP/1.1" 200 1116 cronicareinodearagon.com "-" "Mozilla/5.0 (Macintosh; Intel Mac OS X 10_10_1) AppleWebKit/600.2.5 (KHTML, like Gecko) Version/8.0.2 Safari/600.2.5 (Amazonbot/0.1; +https://developer.amazon.com/support/amazonbot)" "-"
82.165.88.0 - - [03/Feb/2024:03:29:23 +0100] "POST /wp-cron.php?doing_wp_cron=1706927363.2166988849639892578125 HTTP/1.1" 200 - cronicareinodearagon.com "-" "WordPress/6.2.2; https://cronicareinodearagon.com" "-"
82.165.88.0 - - [03/Feb/2024:03:31:52 +0100] "POST /wp-cron.php?doing_wp_cron=1706927512.6592791080474853515625 HTTP/1.1" 200 - cronicareinodearagon.com "-" "WordPress/6.2.2; https://cronicareinodearagon.com" "-"
54.36.148.0 - - [03/Feb/2024:03:31:52 +0100] "GET /economia/javier-lamban-proyecto-dop-campo-borja-vino/ HTTP/1.1" 200 167834 cronicareinodearagon.com "-" "Mozilla/5.0 (compatible; AhrefsBot/7.0; +http://ahrefs.com/robot/)" "-"
137.220.55.0 - - [03/Feb/2024:03:32:28 +0100] "GET / HTTP/1.1" 200 319420 cronicareinodearagon.com "-" "SonyEricssonW950i/R100 Mozilla/4.0 (compatible; MSIE 6.0; Symbian OS; 323) Opera 8.60 [en-US]" "-"
82.165.88.0 - - [03/Feb/2024:03:35:32 +0100] "POST /wp-cron.php?doing_wp_cron=1706927732.8090989589691162109375 HTTP/1.1" 200 - cronicareinodearagon.com "-" "WordPress/6.2.2; https://cronicareinodearagon.com" "-"
85.208.96.0 - - [03/Feb/2024:03:35:32 +0100] "GET /politica/antonio-munoz-nuevo-alcalde-sevilla/ HTTP/1.1" 200 171551 cronicareinodearagon.com "-" "Mozilla/5.0 (compatible; SemrushBot/7~bl; +http://www.semrush.com/bot.html)" "-"
185.191.171.0 - - [03/Feb/2024:03:40:09 +0100] "GET /category/educacion/page/6/ HTTP/1.1" 200 147783 cronicareinodearagon.com "-" "Mozilla/5.0 (compatible; SemrushBot/7~bl; +http://www.semrush.com/bot.html)" "-"
82.165.88.0 - - [03/Feb/2024:03:40:10 +0100] "POST /wp-cron.php?doing_wp_cron=1706928010.0007870197296142578125 HTTP/1.1" 200 - cronicareinodearagon.com "-" "WordPress/6.2.2; https://cronicareinodearagon.com" "-"
82.165.88.0 - - [03/Feb/2024:03:41:29 +0100] "POST /wp-cron.php?doing_wp_cron=1706928089.6108438968658447265625 HTTP/1.1" 200 - cronicareinodearagon.com "-" "WordPress/6.2.2; https://cronicareinodearagon.com" "-"
185.191.171.0 - - [03/Feb/2024:03:41:29 +0100] "GET /aragon/28f-entrega-medallas-andalucia/ HTTP/1.1" 200 170130 cronicareinodearagon.com "-" "Mozilla/5.0 (compatible; SemrushBot/7~bl; +http://www.semrush.com/bot.html)" "-"
82.165.88.0 - - [03/Feb/2024:03:43:19 +0100] "POST /wp-cron.php?doing_wp_cron=1706928199.5279419422149658203125 HTTP/1.1" 200 - cronicareinodearagon.com "-" "WordPress/6.2.2; https://cronicareinodearagon.com" "-"
85.208.96.0 - - [03/Feb/2024:03:43:19 +0100] "GET /economia/ayudas-trabajadores-erte-provincia-jaen/ HTTP/1.1" 200 165966 cronicareinodearagon.com "-" "Mozilla/5.0 (compatible; SemrushBot/7~bl; +http://www.semrush.com/bot.html)" "-"
54.36.148.0 - - [03/Feb/2024:03:44:29 +0100] "GET /aragon/italica-sevilla-trajano/ HTTP/1.1" 200 170994 cronicareinodearagon.com "-" "Mozilla/5.0 (compatible; AhrefsBot/7.0; +http://ahrefs.com/robot/)" "-"
82.165.88.0 - - [03/Feb/2024:03:44:30 +0100] "POST /wp-cron.php?doing_wp_cron=1706928270.0261070728302001953125 HTTP/1.1" 200 - cronicareinodearagon.com "-" "WordPress/6.2.2; https://cronicareinodearagon.com" "-"
185.191.171.0 - - [03/Feb/2024:03:48:25 +0100] "GET /aragon/sindicato-medico-mejoras-dispositivos-apoyos-salud/ HTTP/1.1" 200 163309 cronicareinodearagon.com "-" "Mozilla/5.0 (compatible; SemrushBot/7~bl; +http://www.semrush.com/bot.html)" "-"
82.165.88.0 - - [03/Feb/2024:03:48:26 +0100] "POST /wp-cron.php?doing_wp_cron=1706928506.3314769268035888671875 HTTP/1.1" 200 - cronicareinodearagon.com "-" "WordPress/6.2.2; https://cronicareinodearagon.com" "-"
101.44.248.0 - - [03/Feb/2024:03:49:46 +0100] "GET /category/america/ HTTP/1.1" 301 258 cronicareinodearagon.com "http://cronicareinodearagon.com/category/america/" "Mozilla/5.0 (Macintosh; Intel Mac OS X 10_15_7) AppleWebKit/537.36 (KHTML, like Gecko) Chrome/114.0.0.0 Safari/537.36" "-"
101.44.248.0 - - [03/Feb/2024:03:49:48 +0100] "GET /category/america/ HTTP/1.1" 200 28322 cronicareinodearagon.com "https://cronicareinodearagon.com/category/america/" "Mozilla/5.0 (Macintosh; Intel Mac OS X 10_15_7) AppleWebKit/537.36 (KHTML, like Gecko) Chrome/114.0.0.0 Safari/537.36" "-"
66.249.84.0 - - [03/Feb/2024:03:51:16 +0100] "GET /category/educacion/feed/ HTTP/1.1" 200 56994 cronicareinodearagon.com "-" "FeedFetcher-Google; (+http://www.google.com/feedfetcher.html)" "-"
82.165.88.0 - - [03/Feb/2024:03:55:55 +0100] "POST /wp-cron.php?doing_wp_cron=1706928955.6747169494628906250000 HTTP/1.1" 200 - cronicareinodearagon.com "-" "WordPress/6.2.2; https://cronicareinodearagon.com" "-"
54.36.148.0 - - [03/Feb/2024:03:55:55 +0100] "GET /category/educacion/page/8/ HTTP/1.1" 200 147545 cronicareinodearagon.com "-" "Mozilla/5.0 (compatible; AhrefsBot/7.0; +http://ahrefs.com/robot/)" "-"
85.208.96.0 - - [03/Feb/2024:03:59:34 +0100] "GET /robots.txt HTTP/1.1" 200 202 cronicareinodearagon.com "-" "Mozilla/5.0 (compatible; SemrushBot/7~bl; +http://www.semrush.com/bot.html)" "-"
82.165.88.0 - - [03/Feb/2024:03:59:35 +0100] "POST /wp-cron.php?doing_wp_cron=1706929175.1672699451446533203125 HTTP/1.1" 200 - cronicareinodearagon.com "-" "WordPress/6.2.2; https://cronicareinodearagon.com" "-"
185.191.171.0 - - [03/Feb/2024:03:59:37 +0100] "GET /aragon/juanma-moreno-elecciones-junta-andalucia/ HTTP/1.1" 200 167680 cronicareinodearagon.com "-" "Mozilla/5.0 (compatible; SemrushBot/7~bl; +http://www.semrush.com/bot.html)" "-"
185.191.171.0 - - [03/Feb/2024:04:04:44 +0100] "GET /sociedad/camino-de-la-frontera-santiago-compostela/ HTTP/1.1" 200 171124 cronicareinodearagon.com "-" "Mozilla/5.0 (compatible; SemrushBot/7~bl; +http://www.semrush.com/bot.html)" "-"
82.165.88.0 - - [03/Feb/2024:04:04:45 +0100] "POST /wp-cron.php?doing_wp_cron=1706929484.9780280590057373046875 HTTP/1.1" 200 - cronicareinodearagon.com "-" "WordPress/6.2.2; https://cronicareinodearagon.com" "-"
82.165.88.0 - - [03/Feb/2024:04:06:47 +0100] "POST /wp-cron.php?doing_wp_cron=1706929607.3444259166717529296875 HTTP/1.1" 200 - cronicareinodearagon.com "-" "WordPress/6.2.2; https://cronicareinodearagon.com" "-"
54.36.148.0 - - [03/Feb/2024:04:06:47 +0100] "GET /opinion/auge-plataforma-transportistas-no-es-casual/ HTTP/1.1" 200 164043 cronicareinodearagon.com "-" "Mozilla/5.0 (compatible; AhrefsBot/7.0; +http://ahrefs.com/robot/)" "-"
85.208.96.0 - - [03/Feb/2024:04:07:33 +0100] "GET /aragon/tramitacion-regadios-donana/ HTTP/1.1" 200 167706 cronicareinodearagon.com "-" "Mozilla/5.0 (compatible; SemrushBot/7~bl; +http://www.semrush.com/bot.html)" "-"
185.191.171.0 - - [03/Feb/2024:04:08:49 +0100] "GET /aragon/chunta-aragonesista-programa-sanidad/ HTTP/1.1" 200 162537 cronicareinodearagon.com "-" "Mozilla/5.0 (compatible; SemrushBot/7~bl; +http://www.semrush.com/bot.html)" "-"
82.165.88.0 - - [03/Feb/2024:04:08:50 +0100] "POST /wp-cron.php?doing_wp_cron=1706929729.9989480972290039062500 HTTP/1.1" 200 - cronicareinodearagon.com "-" "WordPress/6.2.2; https://cronicareinodearagon.com" "-"
101.44.249.0 - - [03/Feb/2024:04:15:25 +0100] "GET /author/redaccion/ HTTP/1.1" 301 258 cronicareinodearagon.com "http://cronicareinodearagon.com/author/redaccion/" "Mozilla/5.0 (Macintosh; Intel Mac OS X 10_15_7) AppleWebKit/537.36 (KHTML, like Gecko) Chrome/114.0.0.0 Safari/537.36" "-"
101.44.249.0 - - [03/Feb/2024:04:15:26 +0100] "GET /author/redaccion/ HTTP/1.1" 301 - cronicareinodearagon.com "https://cronicareinodearagon.com/author/redaccion/" "Mozilla/5.0 (Macintosh; Intel Mac OS X 10_15_7) AppleWebKit/537.36 (KHTML, like Gecko) Chrome/114.0.0.0 Safari/537.36" "-"
82.165.88.0 - - [03/Feb/2024:04:15:27 +0100] "POST /wp-cron.php?doing_wp_cron=1706930127.2839009761810302734375 HTTP/1.1" 200 - cronicareinodearagon.com "-" "WordPress/6.2.2; https://cronicareinodearagon.com" "-"
101.44.249.0 - - [03/Feb/2024:04:15:29 +0100] "GET / HTTP/1.1" 200 319420 cronicareinodearagon.com "https://cronicareinodearagon.com" "Mozilla/5.0 (Macintosh; Intel Mac OS X 10_15_7) AppleWebKit/537.36 (KHTML, like Gecko) Chrome/114.0.0.0 Safari/537.36" "-"
82.165.88.0 - - [03/Feb/2024:04:16:55 +0100] "POST /wp-cron.php?doing_wp_cron=1706930215.7180349826812744140625 HTTP/1.1" 200 - cronicareinodearagon.com "-" "WordPress/6.2.2; https://cronicareinodearagon.com" "-"
54.36.148.0 - - [03/Feb/2024:04:16:55 +0100] "GET /aragon/esperanza-ona-ley-electoral/ HTTP/1.1" 200 171610 cronicareinodearagon.com "-" "Mozilla/5.0 (compatible; AhrefsBot/7.0; +http://ahrefs.com/robot/)" "-"
85.208.96.0 - - [03/Feb/2024:04:19:24 +0100] "GET /category/sociedad/page/22/ HTTP/1.1" 200 147389 cronicareinodearagon.com "-" "Mozilla/5.0 (compatible; SemrushBot/7~bl; +http://www.semrush.com/bot.html)" "-"
82.165.88.0 - - [03/Feb/2024:04:19:25 +0100] "POST /wp-cron.php?doing_wp_cron=1706930365.2075729370117187500000 HTTP/1.1" 200 - cronicareinodearagon.com "-" "WordPress/6.2.2; https://cronicareinodearagon.com" "-"
82.165.88.0 - - [03/Feb/2024:04:20:32 +0100] "POST /wp-cron.php?doing_wp_cron=1706930432.9540679454803466796875 HTTP/1.1" 200 - cronicareinodearagon.com "-" "WordPress/6.2.2; https://cronicareinodearagon.com" "-"
157.55.39.0 - - [03/Feb/2024:04:20:32 +0100] "GET /aragon/programa-economia-eoi-mujeres-talento/ HTTP/1.1" 200 166751 cronicareinodearagon.com "-" "Mozilla/5.0 AppleWebKit/537.36 (KHTML, like Gecko; compatible; bingbot/2.0; +http://www.bing.com/bingbot.htm) Chrome/116.0.1938.76 Safari/537.36" "-"
185.191.171.0 - - [03/Feb/2024:04:21:14 +0100] "GET /category/politica/ HTTP/1.1" 200 29512 cronicareinodearagon.com "-" "Mozilla/5.0 (compatible; SemrushBot/7~bl; +http://www.semrush.com/bot.html)" "-"
82.165.88.0 - - [03/Feb/2024:04:21:26 +0100] "POST /wp-cron.php?doing_wp_cron=1706930486.9068269729614257812500 HTTP/1.1" 200 - cronicareinodearagon.com "-" "WordPress/6.2.2; https://cronicareinodearagon.com" "-"
85.208.96.0 - - [03/Feb/2024:04:21:26 +0100] "GET /category/sociedad/page/15/ HTTP/1.1" 200 148225 cronicareinodearagon.com "-" "Mozilla/5.0 (compatible; SemrushBot/7~bl; +http://www.semrush.com/bot.html)" "-"
185.191.171.0 - - [03/Feb/2024:04:21:54 +0100] "GET /aragon/entrevista-alejandro-moyano-jsa/ HTTP/1.1" 200 187035 cronicareinodearagon.com "-" "Mozilla/5.0 (compatible; SemrushBot/7~bl; +http://www.semrush.com/bot.html)" "-"
82.165.88.0 - - [03/Feb/2024:04:21:55 +0100] "POST /wp-cron.php?doing_wp_cron=1706930515.1936380863189697265625 HTTP/1.1" 200 - cronicareinodearagon.com "-" "WordPress/6.2.2; https://cronicareinodearagon.com" "-"
185.191.171.0 - - [03/Feb/2024:04:25:28 +0100] "GET /aragon/chiringuitos-playa-economia-andalucia/ HTTP/1.1" 200 161837 cronicareinodearagon.com "-" "Mozilla/5.0 (compatible; SemrushBot/7~bl; +http://www.semrush.com/bot.html)" "-"
82.165.88.0 - - [03/Feb/2024:04:25:29 +0100] "POST /wp-cron.php?doing_wp_cron=1706930729.1734690666198730468750 HTTP/1.1" 200 - cronicareinodearagon.com "-" "WordPress/6.2.2; https://cronicareinodearagon.com" "-"
85.208.96.0 - - [03/Feb/2024:04:26:07 +0100] "GET /aragon/covid-coronavirus-cuarentenas-andalucia-datos/ HTTP/1.1" 200 166284 cronicareinodearagon.com "-" "Mozilla/5.0 (compatible; SemrushBot/7~bl; +http://www.semrush.com/bot.html)" "-"
82.165.88.0 - - [03/Feb/2024:04:26:08 +0100] "POST /wp-cron.php?doing_wp_cron=1706930768.2140679359436035156250 HTTP/1.1" 200 - cronicareinodearagon.com "-" "WordPress/6.2.2; https://cronicareinodearagon.com" "-"
84.247.59.0 - - [03/Feb/2024:04:26:10 +0100] "GET /administrator/index.php HTTP/1.1" 404 596 cronicadealmeria.com "-" "Mozilla/5.0 (Windows NT 6.1) AppleWebKit/537.36 (KHTML, like Gecko) Chrome/45.0.2454.85 Safari/537.36 OPR/32.0.1948.45" "-"
84.247.59.0 - - [03/Feb/2024:04:26:15 +0100] "GET /administrator/index.php HTTP/1.1" 404 596 cronicadealmeria.com "-" "Mozilla/5.0 (Windows NT 6.1) AppleWebKit/537.36 (KHTML, like Gecko) Chrome/45.0.2454.85 Safari/537.36 OPR/32.0.1948.45" "-"
84.247.59.0 - - [03/Feb/2024:04:26:20 +0100] "GET /administrator/index.php HTTP/1.1" 404 596 cronicadealmeria.com "-" "Mozilla/5.0 (Windows NT 6.1) AppleWebKit/537.36 (KHTML, like Gecko) Chrome/45.0.2454.85 Safari/537.36 OPR/32.0.1948.45" "-"
85.208.96.0 - - [03/Feb/2024:04:29:57 +0100] "GET /aragon/marin-moreno-elecciones-andalucia-adelanto-pp-ciudadanos/ HTTP/1.1" 200 166037 cronicareinodearagon.com "-" "Mozilla/5.0 (compatible; SemrushBot/7~bl; +http://www.semrush.com/bot.html)" "-"
82.165.88.0 - - [03/Feb/2024:04:29:58 +0100] "POST /wp-cron.php?doing_wp_cron=1706930998.0632419586181640625000 HTTP/1.1" 200 - cronicareinodearagon.com "-" "WordPress/6.2.2; https://cronicareinodearagon.com" "-"
3.224.220.0 - - [03/Feb/2024:04:32:42 +0100] "GET /sociedad/el-espacio-de-mujeres-escenario-en-almeria-para-la-celebracion-de-los-actos-del-dia-internacional-de-la-mujer-y-la-nina-en-la-ciencia/feed/ HTTP/1.1" 200 1225 cronicareinodearagon.com "-" "Mozilla/5.0 (Macintosh; Intel Mac OS X 10_10_1) AppleWebKit/600.2.5 (KHTML, like Gecko) Version/8.0.2 Safari/600.2.5 (Amazonbot/0.1; +https://developer.amazon.com/support/amazonbot)" "-"
82.165.88.0 - - [03/Feb/2024:04:32:43 +0100] "POST /wp-cron.php?doing_wp_cron=1706931163.3125350475311279296875 HTTP/1.1" 200 - cronicareinodearagon.com "-" "WordPress/6.2.2; https://cronicareinodearagon.com" "-"
185.191.171.0 - - [03/Feb/2024:04:33:40 +0100] "GET /aragon/junta-andalucia-anula-citas-tercera-dosis/ HTTP/1.1" 200 163288 cronicareinodearagon.com "-" "Mozilla/5.0 (compatible; SemrushBot/7~bl; +http://www.semrush.com/bot.html)" "-"
52.70.240.0 - - [03/Feb/2024:04:33:46 +0100] "GET /economia/sanchez-macron-y-costa-construiran-un-corredor-alternativo-al-midcat-que-llevara-gas-e-hidrogeno-de-barcelona-a-marsella/feed/ HTTP/1.1" 200 1185 cronicareinodearagon.com "-" "Mozilla/5.0 (Macintosh; Intel Mac OS X 10_10_1) AppleWebKit/600.2.5 (KHTML, like Gecko) Version/8.0.2 Safari/600.2.5 (Amazonbot/0.1; +https://developer.amazon.com/support/amazonbot)" "-"
82.165.88.0 - - [03/Feb/2024:04:33:47 +0100] "POST /wp-cron.php?doing_wp_cron=1706931227.2418620586395263671875 HTTP/1.1" 200 - cronicareinodearagon.com "-" "WordPress/6.2.2; https://cronicareinodearagon.com" "-"
