81.44.206.0 - - [03/Feb/2024:07:47:29 +0100] "GET /wp-content/uploads/2023/05/educacion-sexualidad-350x250.jpg HTTP/1.1" 200 14034 cronicareinodearagon.com "https://cronicareinodearagon.com/educacion/ayudas-inaem-programas-empleo-formacion/" "Mozilla/5.0 (Linux; Android 10; K) AppleWebKit/537.36 (KHTML, like Gecko) Chrome/121.0.0.0 Mobile Safari/537.36" "-"
81.44.206.0 - - [03/Feb/2024:07:47:30 +0100] "GET /wp-content/uploads/2023/05/practicas-medio-rural-350x250.jpg HTTP/1.1" 200 15079 cronicareinodearagon.com "https://cronicareinodearagon.com/educacion/ayudas-inaem-programas-empleo-formacion/" "Mozilla/5.0 (Linux; Android 10; K) AppleWebKit/537.36 (KHTML, like Gecko) Chrome/121.0.0.0 Mobile Safari/537.36" "-"
81.44.206.0 - - [03/Feb/2024:07:47:32 +0100] "GET /wp-content/uploads/2023/05/diputacion-teruel-obras-colegios-350x250.jpg HTTP/1.1" 200 18530 cronicareinodearagon.com "https://cronicareinodearagon.com/educacion/ayudas-inaem-programas-empleo-formacion/" "Mozilla/5.0 (Linux; Android 10; K) AppleWebKit/537.36 (KHTML, like Gecko) Chrome/121.0.0.0 Mobile Safari/537.36" "-"
82.165.88.0 - - [03/Feb/2024:07:50:51 +0100] "POST /wp-cron.php?doing_wp_cron=1706943051.6552770137786865234375 HTTP/1.1" 200 - cronicareinodearagon.com "-" "WordPress/6.2.2; https://cronicareinodearagon.com" "-"
85.208.96.0 - - [03/Feb/2024:07:50:51 +0100] "GET /aragon/abengoa-abocada-concurso-acreedores/ HTTP/1.1" 200 34208 cronicareinodearagon.com "-" "Mozilla/5.0 (compatible; SemrushBot/7~bl; +http://www.semrush.com/bot.html)" "-"
82.165.88.0 - - [03/Feb/2024:07:53:28 +0100] "POST /wp-cron.php?doing_wp_cron=1706943208.4321870803833007812500 HTTP/1.1" 200 - cronicareinodearagon.com "-" "WordPress/6.2.2; https://cronicareinodearagon.com" "-"
185.191.171.0 - - [03/Feb/2024:07:53:28 +0100] "GET /educacion/tasa-insercion-laboral-titulados-universidad-jaen/ HTTP/1.1" 200 36379 cronicareinodearagon.com "-" "Mozilla/5.0 (compatible; SemrushBot/7~bl; +http://www.semrush.com/bot.html)" "-"
82.165.88.0 - - [03/Feb/2024:07:54:30 +0100] "POST /wp-cron.php?doing_wp_cron=1706943270.9135930538177490234375 HTTP/1.1" 200 - cronicareinodearagon.com "-" "WordPress/6.2.2; https://cronicareinodearagon.com" "-"
54.36.148.0 - - [03/Feb/2024:07:54:30 +0100] "GET /educacion/smartskin-vigilancia-universidad-malaga/ HTTP/1.1" 200 34896 cronicareinodearagon.com "-" "Mozilla/5.0 (compatible; AhrefsBot/7.0; +http://ahrefs.com/robot/)" "-"
82.165.88.0 - - [03/Feb/2024:08:02:10 +0100] "GET / HTTP/1.1" 200 319420 cronicareinodearagon.com "-" "WordPress/6.2.2; https://cronicareinodearagon.com" "-"
82.165.88.0 - - [03/Feb/2024:08:02:10 +0100] "POST /wp-cron.php?doing_wp_cron=1706943730.3585319519042968750000 HTTP/1.1" 200 - cronicareinodearagon.com "-" "WordPress/6.2.2; https://cronicareinodearagon.com" "-"
54.36.149.0 - - [03/Feb/2024:08:02:10 +0100] "GET /aragon/movilizacion-leitmotiv-izquierda-andalucia/ HTTP/1.1" 200 37015 cronicareinodearagon.com "-" "Mozilla/5.0 (compatible; AhrefsBot/7.0; +http://ahrefs.com/robot/)" "-"
82.165.88.0 - - [03/Feb/2024:08:02:45 +0100] "POST /wp-cron.php?doing_wp_cron=1706943765.2917170524597167968750 HTTP/1.1" 200 - cronicareinodearagon.com "-" "WordPress/6.2.2; https://cronicareinodearagon.com" "-"
85.208.96.0 - - [03/Feb/2024:08:02:45 +0100] "GET /category/aragon/page/35/ HTTP/1.1" 200 29543 cronicareinodearagon.com "-" "Mozilla/5.0 (compatible; SemrushBot/7~bl; +http://www.semrush.com/bot.html)" "-"
74.125.209.0 - - [03/Feb/2024:08:06:00 +0100] "GET /category/educacion/feed/ HTTP/1.1" 200 56994 cronicareinodearagon.com "-" "FeedFetcher-Google; (+http://www.google.com/feedfetcher.html)" "-"
82.165.88.0 - - [03/Feb/2024:08:08:54 +0100] "POST /wp-cron.php?doing_wp_cron=1706944134.7788770198822021484375 HTTP/1.1" 200 - cronicareinodearagon.com "-" "WordPress/6.2.2; https://cronicareinodearagon.com" "-"
54.36.149.0 - - [03/Feb/2024:08:08:54 +0100] "GET /economia/diputacion-huelva-servicio-coaching-empresarial-emprendedoras/ HTTP/1.1" 200 34424 cronicareinodearagon.com "-" "Mozilla/5.0 (compatible; AhrefsBot/7.0; +http://ahrefs.com/robot/)" "-"
185.191.171.0 - - [03/Feb/2024:08:09:24 +0100] "GET /robots.txt HTTP/1.1" 200 202 cronicareinodearagon.com "-" "Mozilla/5.0 (compatible; SemrushBot/7~bl; +http://www.semrush.com/bot.html)" "-"
185.191.171.0 - - [03/Feb/2024:08:09:25 +0100] "GET /aragon/villamandos-universidades-andalucia-economia-financiacion/ HTTP/1.1" 200 33986 cronicareinodearagon.com "-" "Mozilla/5.0 (compatible; SemrushBot/7~bl; +http://www.semrush.com/bot.html)" "-"
74.125.209.0 - - [03/Feb/2024:08:10:08 +0100] "GET /category/politica/feed/ HTTP/1.1" 200 59109 cronicareinodearagon.com "-" "FeedFetcher-Google; (+http://www.google.com/feedfetcher.html)" "-"
82.165.88.0 - - [03/Feb/2024:08:11:04 +0100] "POST /wp-cron.php?doing_wp_cron=1706944264.3414239883422851562500 HTTP/1.1" 200 - cronicareinodearagon.com "-" "WordPress/6.2.2; https://cronicareinodearagon.com" "-"
185.191.171.0 - - [03/Feb/2024:08:11:04 +0100] "GET /opinion/tribuna-revulsivo-ideas-izquierda-andaluza/ HTTP/1.1" 200 34766 cronicareinodearagon.com "-" "Mozilla/5.0 (compatible; SemrushBot/7~bl; +http://www.semrush.com/bot.html)" "-"
101.44.248.0 - - [03/Feb/2024:08:12:57 +0100] "GET /aragon/educacion-sexual-edades-tempranas-aragon/ HTTP/1.1" 301 289 cronicareinodearagon.com "http://cronicareinodearagon.com/aragon/educacion-sexual-edades-tempranas-aragon/" "Mozilla/5.0 (Macintosh; Intel Mac OS X 10_15_7) AppleWebKit/537.36 (KHTML, like Gecko) Chrome/114.0.0.0 Safari/537.36" "-"
101.44.248.0 - - [03/Feb/2024:08:12:58 +0100] "GET /aragon/educacion-sexual-edades-tempranas-aragon/ HTTP/1.1" 200 33446 cronicareinodearagon.com "https://cronicareinodearagon.com/aragon/educacion-sexual-edades-tempranas-aragon/" "Mozilla/5.0 (Macintosh; Intel Mac OS X 10_15_7) AppleWebKit/537.36 (KHTML, like Gecko) Chrome/114.0.0.0 Safari/537.36" "-"
82.165.88.0 - - [03/Feb/2024:08:14:21 +0100] "POST /wp-cron.php?doing_wp_cron=1706944461.7584869861602783203125 HTTP/1.1" 200 - cronicareinodearagon.com "-" "WordPress/6.2.2; https://cronicareinodearagon.com" "-"
185.191.171.0 - - [03/Feb/2024:08:14:21 +0100] "GET /aragon/dgt-trafico-controles-navidad-andalucia/ HTTP/1.1" 200 34764 cronicareinodearagon.com "-" "Mozilla/5.0 (compatible; SemrushBot/7~bl; +http://www.semrush.com/bot.html)" "-"
54.36.148.0 - - [03/Feb/2024:08:15:50 +0100] "GET / HTTP/1.1" 200 319420 cronicareinodearagon.com "-" "Mozilla/5.0 (compatible; AhrefsBot/7.0; +http://ahrefs.com/robot/)" "-"
74.125.212.0 - - [03/Feb/2024:08:19:48 +0100] "GET /category/economia/feed/ HTTP/1.1" 200 42774 cronicareinodearagon.com "-" "FeedFetcher-Google; (+http://www.google.com/feedfetcher.html)" "-"
82.165.88.0 - - [03/Feb/2024:08:21:42 +0100] "POST /wp-cron.php?doing_wp_cron=1706944902.4950640201568603515625 HTTP/1.1" 200 - cronicareinodearagon.com "-" "WordPress/6.2.2; https://cronicareinodearagon.com" "-"
185.191.171.0 - - [03/Feb/2024:08:21:42 +0100] "GET /aragon/andalucia-orienta-junta-psoe-pp-empleo-recortes-parlamento/ HTTP/1.1" 200 35326 cronicareinodearagon.com "-" "Mozilla/5.0 (compatible; SemrushBot/7~bl; +http://www.semrush.com/bot.html)" "-"
82.165.88.0 - - [03/Feb/2024:08:25:14 +0100] "POST /wp-cron.php?doing_wp_cron=1706945114.7510480880737304687500 HTTP/1.1" 200 - cronicareinodearagon.com "-" "WordPress/6.2.2; https://cronicareinodearagon.com" "-"
54.36.148.0 - - [03/Feb/2024:08:25:14 +0100] "GET /aragon/psoe-aragon-estrategia-cuidado-mayores/ HTTP/1.1" 200 35486 cronicareinodearagon.com "-" "Mozilla/5.0 (compatible; AhrefsBot/7.0; +http://ahrefs.com/robot/)" "-"
85.208.96.0 - - [03/Feb/2024:08:26:16 +0100] "GET /aragon/maeztu-defensor-pueblo-andalucia-informe/ HTTP/1.1" 200 35304 cronicareinodearagon.com "-" "Mozilla/5.0 (compatible; SemrushBot/7~bl; +http://www.semrush.com/bot.html)" "-"
82.165.88.0 - - [03/Feb/2024:08:26:17 +0100] "POST /wp-cron.php?doing_wp_cron=1706945177.2659459114074707031250 HTTP/1.1" 200 - cronicareinodearagon.com "-" "WordPress/6.2.2; https://cronicareinodearagon.com" "-"
82.165.88.0 - - [03/Feb/2024:08:28:28 +0100] "POST /wp-cron.php?doing_wp_cron=1706945308.9041690826416015625000 HTTP/1.1" 200 - cronicareinodearagon.com "-" "WordPress/6.2.2; https://cronicareinodearagon.com" "-"
185.191.171.0 - - [03/Feb/2024:08:28:28 +0100] "GET /sociedad/tres-detenidos-granada-nonagenario/ HTTP/1.1" 200 35079 cronicareinodearagon.com "-" "Mozilla/5.0 (compatible; SemrushBot/7~bl; +http://www.semrush.com/bot.html)" "-"
82.165.88.0 - - [03/Feb/2024:08:29:56 +0100] "POST /wp-cron.php?doing_wp_cron=1706945396.7680981159210205078125 HTTP/1.1" 200 - cronicareinodearagon.com "-" "WordPress/6.2.2; https://cronicareinodearagon.com" "-"
185.191.171.0 - - [03/Feb/2024:08:29:56 +0100] "GET /sociedad/desativado-nivel-1-incendio-guajares/ HTTP/1.1" 200 35321 cronicareinodearagon.com "-" "Mozilla/5.0 (compatible; SemrushBot/7~bl; +http://www.semrush.com/bot.html)" "-"
45.141.215.0 - - [03/Feb/2024:08:32:35 +0100] "GET / HTTP/1.1" 200 336 cronicadejaen.com "-" "Go-http-client/1.1" "-"
45.141.215.0 - - [03/Feb/2024:08:32:35 +0100] "GET //cjfuns.php HTTP/1.1" 404 596 cronicadejaen.com "-" "Go-http-client/1.1" "-"
45.141.215.0 - - [03/Feb/2024:08:32:35 +0100] "GET //wp-head.php HTTP/1.1" 404 596 cronicadejaen.com "-" "Go-http-client/1.1" "-"
45.141.215.0 - - [03/Feb/2024:08:32:35 +0100] "GET //class.api.php HTTP/1.1" 404 596 cronicadejaen.com "-" "Go-http-client/1.1" "-"
45.141.215.0 - - [03/Feb/2024:08:32:35 +0100] "GET //st.php HTTP/1.1" 404 596 cronicadejaen.com "-" "Go-http-client/1.1" "-"
45.141.215.0 - - [03/Feb/2024:08:32:35 +0100] "GET //my1.php HTTP/1.1" 404 596 cronicadejaen.com "-" "Go-http-client/1.1" "-"
82.165.88.0 - - [03/Feb/2024:08:35:21 +0100] "POST /wp-cron.php?doing_wp_cron=1706945721.6077599525451660156250 HTTP/1.1" 200 - cronicareinodearagon.com "-" "WordPress/6.2.2; https://cronicareinodearagon.com" "-"
54.36.149.0 - - [03/Feb/2024:08:35:21 +0100] "GET /category/economia/page/4/ HTTP/1.1" 200 29619 cronicareinodearagon.com "-" "Mozilla/5.0 (compatible; AhrefsBot/7.0; +http://ahrefs.com/robot/)" "-"
74.125.209.0 - - [03/Feb/2024:08:36:04 +0100] "GET /category/politica/feed/ HTTP/1.1" 200 59109 cronicareinodearagon.com "-" "FeedFetcher-Google; (+http://www.google.com/feedfetcher.html)" "-"
74.125.209.0 - - [03/Feb/2024:08:37:48 +0100] "GET /category/sociedad/feed/ HTTP/1.1" 200 16233 cronicareinodearagon.com "-" "FeedFetcher-Google; (+http://www.google.com/feedfetcher.html)" "-"
85.208.96.0 - - [03/Feb/2024:08:37:58 +0100] "GET /aragon/el-biogas-como-aliado-en-la-descarbonizacion-tematica-de-jornada-de-itainnova-circe-y-clenar/ HTTP/1.1" 200 34282 cronicareinodearagon.com "-" "Mozilla/5.0 (compatible; SemrushBot/7~bl; +http://www.semrush.com/bot.html)" "-"
101.44.250.0 - - [03/Feb/2024:08:40:19 +0100] "GET /category/politica/ HTTP/1.1" 301 259 cronicareinodearagon.com "http://cronicareinodearagon.com/category/politica/" "Mozilla/5.0 (Macintosh; Intel Mac OS X 10_15_7) AppleWebKit/537.36 (KHTML, like Gecko) Chrome/114.0.0.0 Safari/537.36" "-"
101.44.250.0 - - [03/Feb/2024:08:40:20 +0100] "GET /category/politica/ HTTP/1.1" 200 29512 cronicareinodearagon.com "https://cronicareinodearagon.com/category/politica/" "Mozilla/5.0 (Macintosh; Intel Mac OS X 10_15_7) AppleWebKit/537.36 (KHTML, like Gecko) Chrome/114.0.0.0 Safari/537.36" "-"
82.165.88.0 - - [03/Feb/2024:08:41:56 +0100] "POST /wp-cron.php?doing_wp_cron=1706946116.5550739765167236328125 HTTP/1.1" 200 - cronicareinodearagon.com "-" "WordPress/6.2.2; https://cronicareinodearagon.com" "-"
185.191.171.0 - - [03/Feb/2024:08:41:56 +0100] "GET /sociedad/igualdad-ccaa-violencia-genero-irene-montero/ HTTP/1.1" 200 35498 cronicareinodearagon.com "-" "Mozilla/5.0 (compatible; SemrushBot/7~bl; +http://www.semrush.com/bot.html)" "-"
82.165.88.0 - - [03/Feb/2024:08:45:14 +0100] "POST /wp-cron.php?doing_wp_cron=1706946314.4925909042358398437500 HTTP/1.1" 200 - cronicareinodearagon.com "-" "WordPress/6.2.2; https://cronicareinodearagon.com" "-"
54.36.148.0 - - [03/Feb/2024:08:45:14 +0100] "GET /aragon/segundo-startup-andalucia-roadshow-septiembre/ HTTP/1.1" 200 168112 cronicareinodearagon.com "-" "Mozilla/5.0 (compatible; AhrefsBot/7.0; +http://ahrefs.com/robot/)" "-"
54.36.148.0 - - [03/Feb/2024:08:45:16 +0100] "GET /wp-content/uploads/2022/08/startup-andalucia-roadshow.jpg HTTP/1.1" 200 21036 cronicareinodearagon.com "-" "Mozilla/5.0 (compatible; AhrefsBot/7.0; +http://ahrefs.com/robot/)" "-"
74.125.212.0 - - [03/Feb/2024:08:45:20 +0100] "GET /category/economia/feed/ HTTP/1.1" 200 42774 cronicareinodearagon.com "-" "FeedFetcher-Google; (+http://www.google.com/feedfetcher.html)" "-"
82.165.88.0 - - [03/Feb/2024:08:45:43 +0100] "POST /wp-cron.php?doing_wp_cron=1706946343.4944059848785400390625 HTTP/1.1" 200 - cronicareinodearagon.com "-" "WordPress/6.2.2; https://cronicareinodearagon.com" "-"
85.208.96.0 - - [03/Feb/2024:08:45:43 +0100] "GET /category/politica/page/13/ HTTP/1.1" 200 147634 cronicareinodearagon.com "-" "Mozilla/5.0 (compatible; SemrushBot/7~bl; +http://www.semrush.com/bot.html)" "-"
185.191.171.0 - - [03/Feb/2024:08:46:11 +0100] "GET /sociedad/habitaciones-ventiladores-hospital-universitario-jaen/ HTTP/1.1" 200 167068 cronicareinodearagon.com "-" "Mozilla/5.0 (compatible; SemrushBot/7~bl; +http://www.semrush.com/bot.html)" "-"
193.110.131.0 - - [03/Feb/2024:08:50:47 +0100] "GET / HTTP/1.1" 200 336 cronicadecadiz.com "-" "Mozilla/5.0 (Windows NT 10.0; Win64; x64) AppleWebKit/537.36 (KHTML, like Gecko) Chrome/114.0.0.0 YaBrowser/22.7.0 Yowser/2.5 Safari/537.36" "-"
193.110.131.0 - - [03/Feb/2024:08:50:47 +0100] "GET /defaultsite HTTP/1.1" 200 18994 cronicadecadiz.com "http://cronicadecadiz.com" "Mozilla/5.0 (Windows NT 10.0; Win64; x64) AppleWebKit/537.36 (KHTML, like Gecko) Chrome/114.0.0.0 YaBrowser/22.7.0 Yowser/2.5 Safari/537.36" "-"
82.165.88.0 - - [03/Feb/2024:08:51:33 +0100] "POST /wp-cron.php?doing_wp_cron=1706946693.4964530467987060546875 HTTP/1.1" 200 - cronicareinodearagon.com "-" "WordPress/6.2.2; https://cronicareinodearagon.com" "-"
85.208.96.0 - - [03/Feb/2024:08:51:33 +0100] "GET /category/sociedad/page/35/ HTTP/1.1" 200 147394 cronicareinodearagon.com "-" "Mozilla/5.0 (compatible; SemrushBot/7~bl; +http://www.semrush.com/bot.html)" "-"
82.165.88.0 - - [03/Feb/2024:08:53:15 +0100] "POST /wp-cron.php?doing_wp_cron=1706946795.4185209274291992187500 HTTP/1.1" 200 - cronicareinodearagon.com "-" "WordPress/6.2.2; https://cronicareinodearagon.com" "-"
85.208.96.0 - - [03/Feb/2024:08:53:15 +0100] "GET /aragon/facua-improvisacion-junta-andalucia-vtc/ HTTP/1.1" 200 161020 cronicareinodearagon.com "-" "Mozilla/5.0 (compatible; SemrushBot/7~bl; +http://www.semrush.com/bot.html)" "-"
74.125.212.0 - - [03/Feb/2024:08:54:50 +0100] "GET /category/economia/feed/ HTTP/1.1" 200 42774 cronicareinodearagon.com "-" "FeedFetcher-Google; (+http://www.google.com/feedfetcher.html)" "-"
82.165.88.0 - - [03/Feb/2024:08:57:34 +0100] "POST /wp-cron.php?doing_wp_cron=1706947054.5484590530395507812500 HTTP/1.1" 200 - cronicareinodearagon.com "-" "WordPress/6.2.2; https://cronicareinodearagon.com" "-"
54.36.148.0 - - [03/Feb/2024:08:57:34 +0100] "GET /aragon/satse-aguirre-alarmante-fuga-enfermeros-fisioterapeutas/ HTTP/1.1" 200 165235 cronicareinodearagon.com "-" "Mozilla/5.0 (compatible; AhrefsBot/7.0; +http://ahrefs.com/robot/)" "-"
139.162.25.0 - - [03/Feb/2024:08:58:45 +0100] "GET / HTTP/1.1" 200 336 cronicadegranada.com "-" "Mozilla/5.0 (Windows NT 10.0; Win64; x64) AppleWebKit/537.36 (KHTML, like Gecko) Chrome/78.0.3904.108 Safari/537.36" "-"
139.162.25.0 - - [03/Feb/2024:08:58:45 +0100] "GET / HTTP/1.1" 200 336 cronicadegranada.com "-" "Mozilla/5.0 (Windows NT 10.0; Win64; x64) AppleWebKit/537.36 (KHTML, like Gecko) Chrome/78.0.3904.108 Safari/537.36" "-"
139.162.25.0 - - [03/Feb/2024:08:58:45 +0100] "GET /wp-includes/wlwmanifest.xml HTTP/1.1" 404 596 cronicadegranada.com "-" "Mozilla/5.0 (Windows NT 10.0; Win64; x64) AppleWebKit/537.36 (KHTML, like Gecko) Chrome/78.0.3904.108 Safari/537.36" "-"
139.162.25.0 - - [03/Feb/2024:08:58:45 +0100] "GET /xmlrpc.php?rsd HTTP/1.1" 404 596 cronicadegranada.com "-" "Mozilla/5.0 (Windows NT 10.0; Win64; x64) AppleWebKit/537.36 (KHTML, like Gecko) Chrome/78.0.3904.108 Safari/537.36" "-"
139.162.25.0 - - [03/Feb/2024:08:58:46 +0100] "GET / HTTP/1.1" 200 336 cronicadegranada.com "-" "Mozilla/5.0 (Windows NT 10.0; Win64; x64) AppleWebKit/537.36 (KHTML, like Gecko) Chrome/78.0.3904.108 Safari/537.36" "-"
139.162.25.0 - - [03/Feb/2024:08:58:46 +0100] "GET /blog/wp-includes/wlwmanifest.xml HTTP/1.1" 404 596 cronicadegranada.com "-" "Mozilla/5.0 (Windows NT 10.0; Win64; x64) AppleWebKit/537.36 (KHTML, like Gecko) Chrome/78.0.3904.108 Safari/537.36" "-"
139.162.25.0 - - [03/Feb/2024:08:58:46 +0100] "GET /web/wp-includes/wlwmanifest.xml HTTP/1.1" 404 596 cronicadegranada.com "-" "Mozilla/5.0 (Windows NT 10.0; Win64; x64) AppleWebKit/537.36 (KHTML, like Gecko) Chrome/78.0.3904.108 Safari/537.36" "-"
139.162.25.0 - - [03/Feb/2024:08:58:47 +0100] "GET /wordpress/wp-includes/wlwmanifest.xml HTTP/1.1" 404 596 cronicadegranada.com "-" "Mozilla/5.0 (Windows NT 10.0; Win64; x64) AppleWebKit/537.36 (KHTML, like Gecko) Chrome/78.0.3904.108 Safari/537.36" "-"
139.162.25.0 - - [03/Feb/2024:08:58:47 +0100] "GET /website/wp-includes/wlwmanifest.xml HTTP/1.1" 404 596 cronicadegranada.com "-" "Mozilla/5.0 (Windows NT 10.0; Win64; x64) AppleWebKit/537.36 (KHTML, like Gecko) Chrome/78.0.3904.108 Safari/537.36" "-"
139.162.25.0 - - [03/Feb/2024:08:58:47 +0100] "GET /wp/wp-includes/wlwmanifest.xml HTTP/1.1" 404 596 cronicadegranada.com "-" "Mozilla/5.0 (Windows NT 10.0; Win64; x64) AppleWebKit/537.36 (KHTML, like Gecko) Chrome/78.0.3904.108 Safari/537.36" "-"
139.162.25.0 - - [03/Feb/2024:08:58:47 +0100] "GET /news/wp-includes/wlwmanifest.xml HTTP/1.1" 404 596 cronicadegranada.com "-" "Mozilla/5.0 (Windows NT 10.0; Win64; x64) AppleWebKit/537.36 (KHTML, like Gecko) Chrome/78.0.3904.108 Safari/537.36" "-"
139.162.25.0 - - [03/Feb/2024:08:58:48 +0100] "GET /2018/wp-includes/wlwmanifest.xml HTTP/1.1" 404 596 cronicadegranada.com "-" "Mozilla/5.0 (Windows NT 10.0; Win64; x64) AppleWebKit/537.36 (KHTML, like Gecko) Chrome/78.0.3904.108 Safari/537.36" "-"
139.162.25.0 - - [03/Feb/2024:08:58:48 +0100] "GET /2019/wp-includes/wlwmanifest.xml HTTP/1.1" 404 596 cronicadegranada.com "-" "Mozilla/5.0 (Windows NT 10.0; Win64; x64) AppleWebKit/537.36 (KHTML, like Gecko) Chrome/78.0.3904.108 Safari/537.36" "-"
139.162.25.0 - - [03/Feb/2024:08:58:48 +0100] "GET /shop/wp-includes/wlwmanifest.xml HTTP/1.1" 404 596 cronicadegranada.com "-" "Mozilla/5.0 (Windows NT 10.0; Win64; x64) AppleWebKit/537.36 (KHTML, like Gecko) Chrome/78.0.3904.108 Safari/537.36" "-"
139.162.25.0 - - [03/Feb/2024:08:58:48 +0100] "GET /wp1/wp-includes/wlwmanifest.xml HTTP/1.1" 404 596 cronicadegranada.com "-" "Mozilla/5.0 (Windows NT 10.0; Win64; x64) AppleWebKit/537.36 (KHTML, like Gecko) Chrome/78.0.3904.108 Safari/537.36" "-"
139.162.25.0 - - [03/Feb/2024:08:58:49 +0100] "GET /test/wp-includes/wlwmanifest.xml HTTP/1.1" 404 596 cronicadegranada.com "-" "Mozilla/5.0 (Windows NT 10.0; Win64; x64) AppleWebKit/537.36 (KHTML, like Gecko) Chrome/78.0.3904.108 Safari/537.36" "-"
139.162.25.0 - - [03/Feb/2024:08:58:49 +0100] "GET /media/wp-includes/wlwmanifest.xml HTTP/1.1" 404 596 cronicadegranada.com "-" "Mozilla/5.0 (Windows NT 10.0; Win64; x64) AppleWebKit/537.36 (KHTML, like Gecko) Chrome/78.0.3904.108 Safari/537.36" "-"
139.162.25.0 - - [03/Feb/2024:08:58:49 +0100] "GET /wp2/wp-includes/wlwmanifest.xml HTTP/1.1" 404 596 cronicadegranada.com "-" "Mozilla/5.0 (Windows NT 10.0; Win64; x64) AppleWebKit/537.36 (KHTML, like Gecko) Chrome/78.0.3904.108 Safari/537.36" "-"
139.162.25.0 - - [03/Feb/2024:08:58:49 +0100] "GET /site/wp-includes/wlwmanifest.xml HTTP/1.1" 404 596 cronicadegranada.com "-" "Mozilla/5.0 (Windows NT 10.0; Win64; x64) AppleWebKit/537.36 (KHTML, like Gecko) Chrome/78.0.3904.108 Safari/537.36" "-"
139.162.25.0 - - [03/Feb/2024:08:58:50 +0100] "GET /cms/wp-includes/wlwmanifest.xml HTTP/1.1" 404 596 cronicadegranada.com "-" "Mozilla/5.0 (Windows NT 10.0; Win64; x64) AppleWebKit/537.36 (KHTML, like Gecko) Chrome/78.0.3904.108 Safari/537.36" "-"
139.162.25.0 - - [03/Feb/2024:08:58:50 +0100] "GET /sito/wp-includes/wlwmanifest.xml HTTP/1.1" 404 596 cronicadegranada.com "-" "Mozilla/5.0 (Windows NT 10.0; Win64; x64) AppleWebKit/537.36 (KHTML, like Gecko) Chrome/78.0.3904.108 Safari/537.36" "-"
157.245.58.0 - - [03/Feb/2024:08:59:50 +0100] "GET /Mshell.php HTTP/1.1" 301 251 cronicareinodearagon.com "www.google.com" "Mozlila/5.0 (Linux; Android 7.0; SM-G892A Bulid/NRD90M; wv) AppleWebKit/537.36 (KHTML, like Gecko) Version/4.0 Chrome/60.0.3112.107 Moblie Safari/537.36" "-"
157.245.58.0 - - [03/Feb/2024:08:59:52 +0100] "GET /Mshell.php HTTP/1.1" 404 144868 cronicareinodearagon.com "www.google.com" "Mozlila/5.0 (Linux; Android 7.0; SM-G892A Bulid/NRD90M; wv) AppleWebKit/537.36 (KHTML, like Gecko) Version/4.0 Chrome/60.0.3112.107 Moblie Safari/537.36" "-"
82.165.88.0 - - [03/Feb/2024:08:59:53 +0100] "POST /wp-cron.php?doing_wp_cron=1706947193.2070419788360595703125 HTTP/1.1" 200 - cronicareinodearagon.com "-" "WordPress/6.2.2; https://cronicareinodearagon.com" "-"
185.191.171.0 - - [03/Feb/2024:09:03:41 +0100] "GET /aragon/gobierno-aragon-descarbonizar-verallia/ HTTP/1.1" 200 169954 cronicareinodearagon.com "-" "Mozilla/5.0 (compatible; SemrushBot/7~bl; +http://www.semrush.com/bot.html)" "-"
82.165.88.0 - - [03/Feb/2024:09:03:42 +0100] "POST /wp-cron.php?doing_wp_cron=1706947422.2491610050201416015625 HTTP/1.1" 200 - cronicareinodearagon.com "-" "WordPress/6.2.2; https://cronicareinodearagon.com" "-"
82.165.88.0 - - [03/Feb/2024:09:06:02 +0100] "POST /wp-cron.php?doing_wp_cron=1706947562.6120209693908691406250 HTTP/1.1" 200 - cronicareinodearagon.com "-" "WordPress/6.2.2; https://cronicareinodearagon.com" "-"
54.36.148.0 - - [03/Feb/2024:09:06:02 +0100] "GET /politica/psoe-cordoba-denuncia-ayuntamiento-12-millones/ HTTP/1.1" 200 164454 cronicareinodearagon.com "-" "Mozilla/5.0 (compatible; AhrefsBot/7.0; +http://ahrefs.com/robot/)" "-"
185.191.171.0 - - [03/Feb/2024:09:13:34 +0100] "GET /robots.txt HTTP/1.1" 200 202 cronicareinodearagon.com "-" "Mozilla/5.0 (compatible; SemrushBot/7~bl; +http://www.semrush.com/bot.html)" "-"
82.165.88.0 - - [03/Feb/2024:09:13:35 +0100] "POST /wp-cron.php?doing_wp_cron=1706948015.6351459026336669921875 HTTP/1.1" 200 - cronicareinodearagon.com "-" "WordPress/6.2.2; https://cronicareinodearagon.com" "-"
157.245.149.0 - - [03/Feb/2024:09:13:36 +0100] "GET / HTTP/1.1" 200 336 cronicadegranada.com "-" "Mozilla/5.0 (Windows NT 10.0; Win64; x64) AppleWebKit/537.36 (KHTML, like Gecko) Chrome/78.0.3904.108 Safari/537.36" "-"
157.245.149.0 - - [03/Feb/2024:09:13:36 +0100] "GET / HTTP/1.1" 200 336 cronicadegranada.com "-" "Mozilla/5.0 (Windows NT 10.0; Win64; x64) AppleWebKit/537.36 (KHTML, like Gecko) Chrome/78.0.3904.108 Safari/537.36" "-"
157.245.149.0 - - [03/Feb/2024:09:13:36 +0100] "GET /wp-includes/wlwmanifest.xml HTTP/1.1" 404 596 cronicadegranada.com "-" "Mozilla/5.0 (Windows NT 10.0; Win64; x64) AppleWebKit/537.36 (KHTML, like Gecko) Chrome/78.0.3904.108 Safari/537.36" "-"
157.245.149.0 - - [03/Feb/2024:09:13:36 +0100] "GET /xmlrpc.php?rsd HTTP/1.1" 404 596 cronicadegranada.com "-" "Mozilla/5.0 (Windows NT 10.0; Win64; x64) AppleWebKit/537.36 (KHTML, like Gecko) Chrome/78.0.3904.108 Safari/537.36" "-"
185.191.171.0 - - [03/Feb/2024:09:13:36 +0100] "GET /category/politica/page/8/ HTTP/1.1" 200 147053 cronicareinodearagon.com "-" "Mozilla/5.0 (compatible; SemrushBot/7~bl; +http://www.semrush.com/bot.html)" "-"
157.245.149.0 - - [03/Feb/2024:09:13:37 +0100] "GET / HTTP/1.1" 200 336 cronicadegranada.com "-" "Mozilla/5.0 (Windows NT 10.0; Win64; x64) AppleWebKit/537.36 (KHTML, like Gecko) Chrome/78.0.3904.108 Safari/537.36" "-"
157.245.149.0 - - [03/Feb/2024:09:13:37 +0100] "GET /blog/wp-includes/wlwmanifest.xml HTTP/1.1" 404 596 cronicadegranada.com "-" "Mozilla/5.0 (Windows NT 10.0; Win64; x64) AppleWebKit/537.36 (KHTML, like Gecko) Chrome/78.0.3904.108 Safari/537.36" "-"
157.245.149.0 - - [03/Feb/2024:09:13:37 +0100] "GET /web/wp-includes/wlwmanifest.xml HTTP/1.1" 404 596 cronicadegranada.com "-" "Mozilla/5.0 (Windows NT 10.0; Win64; x64) AppleWebKit/537.36 (KHTML, like Gecko) Chrome/78.0.3904.108 Safari/537.36" "-"
157.245.149.0 - - [03/Feb/2024:09:13:37 +0100] "GET /wordpress/wp-includes/wlwmanifest.xml HTTP/1.1" 404 596 cronicadegranada.com "-" "Mozilla/5.0 (Windows NT 10.0; Win64; x64) AppleWebKit/537.36 (KHTML, like Gecko) Chrome/78.0.3904.108 Safari/537.36" "-"
157.245.149.0 - - [03/Feb/2024:09:13:37 +0100] "GET /website/wp-includes/wlwmanifest.xml HTTP/1.1" 404 596 cronicadegranada.com "-" "Mozilla/5.0 (Windows NT 10.0; Win64; x64) AppleWebKit/537.36 (KHTML, like Gecko) Chrome/78.0.3904.108 Safari/537.36" "-"
157.245.149.0 - - [03/Feb/2024:09:13:37 +0100] "GET /wp/wp-includes/wlwmanifest.xml HTTP/1.1" 404 596 cronicadegranada.com "-" "Mozilla/5.0 (Windows NT 10.0; Win64; x64) AppleWebKit/537.36 (KHTML, like Gecko) Chrome/78.0.3904.108 Safari/537.36" "-"
157.245.149.0 - - [03/Feb/2024:09:13:38 +0100] "GET /news/wp-includes/wlwmanifest.xml HTTP/1.1" 404 596 cronicadegranada.com "-" "Mozilla/5.0 (Windows NT 10.0; Win64; x64) AppleWebKit/537.36 (KHTML, like Gecko) Chrome/78.0.3904.108 Safari/537.36" "-"
157.245.149.0 - - [03/Feb/2024:09:13:38 +0100] "GET /2018/wp-includes/wlwmanifest.xml HTTP/1.1" 404 596 cronicadegranada.com "-" "Mozilla/5.0 (Windows NT 10.0; Win64; x64) AppleWebKit/537.36 (KHTML, like Gecko) Chrome/78.0.3904.108 Safari/537.36" "-"
157.245.149.0 - - [03/Feb/2024:09:13:38 +0100] "GET /2019/wp-includes/wlwmanifest.xml HTTP/1.1" 404 596 cronicadegranada.com "-" "Mozilla/5.0 (Windows NT 10.0; Win64; x64) AppleWebKit/537.36 (KHTML, like Gecko) Chrome/78.0.3904.108 Safari/537.36" "-"
157.245.149.0 - - [03/Feb/2024:09:13:38 +0100] "GET /shop/wp-includes/wlwmanifest.xml HTTP/1.1" 404 596 cronicadegranada.com "-" "Mozilla/5.0 (Windows NT 10.0; Win64; x64) AppleWebKit/537.36 (KHTML, like Gecko) Chrome/78.0.3904.108 Safari/537.36" "-"
157.245.149.0 - - [03/Feb/2024:09:13:38 +0100] "GET /wp1/wp-includes/wlwmanifest.xml HTTP/1.1" 404 596 cronicadegranada.com "-" "Mozilla/5.0 (Windows NT 10.0; Win64; x64) AppleWebKit/537.36 (KHTML, like Gecko) Chrome/78.0.3904.108 Safari/537.36" "-"
157.245.149.0 - - [03/Feb/2024:09:13:39 +0100] "GET /test/wp-includes/wlwmanifest.xml HTTP/1.1" 404 596 cronicadegranada.com "-" "Mozilla/5.0 (Windows NT 10.0; Win64; x64) AppleWebKit/537.36 (KHTML, like Gecko) Chrome/78.0.3904.108 Safari/537.36" "-"
157.245.149.0 - - [03/Feb/2024:09:13:39 +0100] "GET /media/wp-includes/wlwmanifest.xml HTTP/1.1" 404 596 cronicadegranada.com "-" "Mozilla/5.0 (Windows NT 10.0; Win64; x64) AppleWebKit/537.36 (KHTML, like Gecko) Chrome/78.0.3904.108 Safari/537.36" "-"
157.245.149.0 - - [03/Feb/2024:09:13:39 +0100] "GET /wp2/wp-includes/wlwmanifest.xml HTTP/1.1" 404 596 cronicadegranada.com "-" "Mozilla/5.0 (Windows NT 10.0; Win64; x64) AppleWebKit/537.36 (KHTML, like Gecko) Chrome/78.0.3904.108 Safari/537.36" "-"
157.245.149.0 - - [03/Feb/2024:09:13:39 +0100] "GET /site/wp-includes/wlwmanifest.xml HTTP/1.1" 404 596 cronicadegranada.com "-" "Mozilla/5.0 (Windows NT 10.0; Win64; x64) AppleWebKit/537.36 (KHTML, like Gecko) Chrome/78.0.3904.108 Safari/537.36" "-"
157.245.149.0 - - [03/Feb/2024:09:13:39 +0100] "GET /cms/wp-includes/wlwmanifest.xml HTTP/1.1" 404 596 cronicadegranada.com "-" "Mozilla/5.0 (Windows NT 10.0; Win64; x64) AppleWebKit/537.36 (KHTML, like Gecko) Chrome/78.0.3904.108 Safari/537.36" "-"
157.245.149.0 - - [03/Feb/2024:09:13:40 +0100] "GET /sito/wp-includes/wlwmanifest.xml HTTP/1.1" 404 596 cronicadegranada.com "-" "Mozilla/5.0 (Windows NT 10.0; Win64; x64) AppleWebKit/537.36 (KHTML, like Gecko) Chrome/78.0.3904.108 Safari/537.36" "-"
82.165.88.0 - - [03/Feb/2024:09:14:04 +0100] "POST /wp-cron.php?doing_wp_cron=1706948044.3578939437866210937500 HTTP/1.1" 200 - cronicareinodearagon.com "-" "WordPress/6.2.2; https://cronicareinodearagon.com" "-"
54.36.149.0 - - [03/Feb/2024:09:14:04 +0100] "GET /aragon/juan-espadas-agencia-aeroespacial-sevilla/ HTTP/1.1" 200 161731 cronicareinodearagon.com "-" "Mozilla/5.0 (compatible; AhrefsBot/7.0; +http://ahrefs.com/robot/)" "-"
85.208.96.0 - - [03/Feb/2024:09:14:04 +0100] "GET /aragon/protesta-ecologista-wwf-donana/ HTTP/1.1" 200 167671 cronicareinodearagon.com "-" "Mozilla/5.0 (compatible; SemrushBot/7~bl; +http://www.semrush.com/bot.html)" "-"
134.209.30.0 - - [03/Feb/2024:09:16:09 +0100] "GET / HTTP/1.1" 200 336 cronicadegranada.com "-" "Mozilla/5.0 (X11; Linux x86_64) AppleWebKit/537.36 (KHTML, like Gecko) Chrome/108.0.0.0 Safari/537.36" "-"
82.165.88.0 - - [03/Feb/2024:09:18:23 +0100] "POST /wp-cron.php?doing_wp_cron=1706948303.6344690322875976562500 HTTP/1.1" 200 - cronicareinodearagon.com "-" "WordPress/6.2.2; https://cronicareinodearagon.com" "-"
185.191.171.0 - - [03/Feb/2024:09:18:23 +0100] "GET /sociedad/detenido-enganar-menores-redes-sociales-abusos/ HTTP/1.1" 200 160710 cronicareinodearagon.com "-" "Mozilla/5.0 (compatible; SemrushBot/7~bl; +http://www.semrush.com/bot.html)" "-"
54.36.148.0 - - [03/Feb/2024:09:21:34 +0100] "GET /aragon/juan-espadas-compromiso-sociedad-andaluza/ HTTP/1.1" 200 163387 cronicareinodearagon.com "-" "Mozilla/5.0 (compatible; AhrefsBot/7.0; +http://ahrefs.com/robot/)" "-"
82.165.88.0 - - [03/Feb/2024:09:21:35 +0100] "POST /wp-cron.php?doing_wp_cron=1706948495.0125730037689208984375 HTTP/1.1" 200 - cronicareinodearagon.com "-" "WordPress/6.2.2; https://cronicareinodearagon.com" "-"
94.74.92.0 - - [03/Feb/2024:09:22:21 +0100] "GET /aragon/astic-reconocimiento-carreras-grupo/ HTTP/1.1" 301 284 cronicareinodearagon.com "http://cronicareinodearagon.com/aragon/astic-reconocimiento-carreras-grupo/" "Mozilla/5.0 (Macintosh; Intel Mac OS X 10_15_7) AppleWebKit/537.36 (KHTML, like Gecko) Chrome/114.0.0.0 Safari/537.36" "-"
94.74.92.0 - - [03/Feb/2024:09:22:22 +0100] "GET /aragon/astic-reconocimiento-carreras-grupo/ HTTP/1.1" 200 32603 cronicareinodearagon.com "https://cronicareinodearagon.com/aragon/astic-reconocimiento-carreras-grupo/" "Mozilla/5.0 (Macintosh; Intel Mac OS X 10_15_7) AppleWebKit/537.36 (KHTML, like Gecko) Chrome/114.0.0.0 Safari/537.36" "-"
82.165.88.0 - - [03/Feb/2024:09:23:06 +0100] "POST /wp-cron.php?doing_wp_cron=1706948586.6156759262084960937500 HTTP/1.1" 200 - cronicareinodearagon.com "-" "WordPress/6.2.2; https://cronicareinodearagon.com" "-"
185.191.171.0 - - [03/Feb/2024:09:23:06 +0100] "GET /category/aragon/page/13/ HTTP/1.1" 200 147037 cronicareinodearagon.com "-" "Mozilla/5.0 (compatible; SemrushBot/7~bl; +http://www.semrush.com/bot.html)" "-"
85.208.96.0 - - [03/Feb/2024:09:23:34 +0100] "GET /category/politica/page/5/ HTTP/1.1" 200 147519 cronicareinodearagon.com "-" "Mozilla/5.0 (compatible; SemrushBot/7~bl; +http://www.semrush.com/bot.html)" "-"
74.125.209.0 - - [03/Feb/2024:09:23:46 +0100] "GET /category/educacion/feed/ HTTP/1.1" 200 56994 cronicareinodearagon.com "-" "FeedFetcher-Google; (+http://www.google.com/feedfetcher.html)" "-"
82.165.88.0 - - [03/Feb/2024:09:25:34 +0100] "POST /wp-cron.php?doing_wp_cron=1706948734.4735798835754394531250 HTTP/1.1" 200 - cronicareinodearagon.com "-" "WordPress/6.2.2; https://cronicareinodearagon.com" "-"
185.191.171.0 - - [03/Feb/2024:09:25:34 +0100] "GET /aragon/espadas-psoe-andalucia-elecciones-junio/ HTTP/1.1" 200 163092 cronicareinodearagon.com "-" "Mozilla/5.0 (compatible; SemrushBot/7~bl; +http://www.semrush.com/bot.html)" "-"
82.165.88.0 - - [03/Feb/2024:09:29:23 +0100] "POST /wp-cron.php?doing_wp_cron=1706948963.5908761024475097656250 HTTP/1.1" 200 - cronicareinodearagon.com "-" "WordPress/6.2.2; https://cronicareinodearagon.com" "-"
54.36.148.0 - - [03/Feb/2024:09:29:23 +0100] "GET /aragon/festival-cine-huelva-autoridad-portuaria/ HTTP/1.1" 200 164239 cronicareinodearagon.com "-" "Mozilla/5.0 (compatible; AhrefsBot/7.0; +http://ahrefs.com/robot/)" "-"
88.6.81.0 - - [03/Feb/2024:09:30:47 +0100] "GET /aragon/premios-residentes-excelentes-2023-aragon/ HTTP/1.1" 200 162019 cronicareinodearagon.com "https://www.google.com/url?q=https://cronicareinodearagon.com/aragon/premios-residentes-excelentes-2023-aragon/&sa=U&sqi=2&ved=2ahUKEwi7_9e_4I6EAxX8TKQEHUU6CFQQr4kDegQIHRAD&usg=AOvVaw3-yNYE90ap1yZ7RiQfEeI_" "Mozilla/5.0 (iPhone; CPU iPhone OS 17_2 like Mac OS X) AppleWebKit/605.1.15 (KHTML, like Gecko) GSA/299.0.597926513 Mobile/15E148 Safari/604.1" "-"
82.165.88.0 - - [03/Feb/2024:09:30:48 +0100] "POST /wp-cron.php?doing_wp_cron=1706949048.1458349227905273437500 HTTP/1.1" 200 - cronicareinodearagon.com "-" "WordPress/6.2.2; https://cronicareinodearagon.com" "-"
88.6.81.0 - - [03/Feb/2024:09:30:49 +0100] "GET /wp-content/themes/jnews/style.css?ver=10.7.9 HTTP/1.1" 200 297 cronicareinodearagon.com "https://cronicareinodearagon.com/aragon/premios-residentes-excelentes-2023-aragon/" "Mozilla/5.0 (iPhone; CPU iPhone OS 17_2 like Mac OS X) AppleWebKit/605.1.15 (KHTML, like Gecko) GSA/299.0.597926513 Mobile/15E148 Safari/604.1" "-"
88.6.81.0 - - [03/Feb/2024:09:30:49 +0100] "GET /wp-content/plugins/metronet-profile-picture/dist/blocks.style.build.css?ver=2.6.0 HTTP/1.1" 200 4040 cronicareinodearagon.com "https://cronicareinodearagon.com/aragon/premios-residentes-excelentes-2023-aragon/" "Mozilla/5.0 (iPhone; CPU iPhone OS 17_2 like Mac OS X) AppleWebKit/605.1.15 (KHTML, like Gecko) GSA/299.0.597926513 Mobile/15E148 Safari/604.1" "-"
88.6.81.0 - - [03/Feb/2024:09:30:49 +0100] "GET /wp-content/themes/jnews/assets/css/elementor-frontend.css?ver=10.7.9 HTTP/1.1" 200 215 cronicareinodearagon.com "https://cronicareinodearagon.com/aragon/premios-residentes-excelentes-2023-aragon/" "Mozilla/5.0 (iPhone; CPU iPhone OS 17_2 like Mac OS X) AppleWebKit/605.1.15 (KHTML, like Gecko) GSA/299.0.597926513 Mobile/15E148 Safari/604.1" "-"
88.6.81.0 - - [03/Feb/2024:09:30:49 +0100] "GET /wp-includes/css/classic-themes.min.css?ver=6.2.2 HTTP/1.1" 200 211 cronicareinodearagon.com "https://cronicareinodearagon.com/aragon/premios-residentes-excelentes-2023-aragon/" "Mozilla/5.0 (iPhone; CPU iPhone OS 17_2 like Mac OS X) AppleWebKit/605.1.15 (KHTML, like Gecko) GSA/299.0.597926513 Mobile/15E148 Safari/604.1" "-"
88.6.81.0 - - [03/Feb/2024:09:30:49 +0100] "GET /wp-includes/css/dist/block-library/style.min.css?ver=6.2.2 HTTP/1.1" 200 16406 cronicareinodearagon.com "https://cronicareinodearagon.com/aragon/premios-residentes-excelentes-2023-aragon/" "Mozilla/5.0 (iPhone; CPU iPhone OS 17_2 like Mac OS X) AppleWebKit/605.1.15 (KHTML, like Gecko) GSA/299.0.597926513 Mobile/15E148 Safari/604.1" "-"
88.6.81.0 - - [03/Feb/2024:09:30:49 +0100] "GET /wp-content/plugins/complianz-gdpr/assets/css/cookieblocker.min.css?ver=6.4.4 HTTP/1.1" 200 754 cronicareinodearagon.com "https://cronicareinodearagon.com/aragon/premios-residentes-excelentes-2023-aragon/" "Mozilla/5.0 (iPhone; CPU iPhone OS 17_2 like Mac OS X) AppleWebKit/605.1.15 (KHTML, like Gecko) GSA/299.0.597926513 Mobile/15E148 Safari/604.1" "-"
88.6.81.0 - - [03/Feb/2024:09:30:49 +0100] "GET /wp-content/plugins/elementor/assets/css/frontend-lite.min.css?ver=3.15.2 HTTP/1.1" 200 17137 cronicareinodearagon.com "https://cronicareinodearagon.com/aragon/premios-residentes-excelentes-2023-aragon/" "Mozilla/5.0 (iPhone; CPU iPhone OS 17_2 like Mac OS X) AppleWebKit/605.1.15 (KHTML, like Gecko) GSA/299.0.597926513 Mobile/15E148 Safari/604.1" "-"
88.6.81.0 - - [03/Feb/2024:09:30:49 +0100] "GET /wp-content/themes/jnews/assets/dist/frontend.min.css?ver=10.7.9 HTTP/1.1" 200 126484 cronicareinodearagon.com "https://cronicareinodearagon.com/aragon/premios-residentes-excelentes-2023-aragon/" "Mozilla/5.0 (iPhone; CPU iPhone OS 17_2 like Mac OS X) AppleWebKit/605.1.15 (KHTML, like Gecko) GSA/299.0.597926513 Mobile/15E148 Safari/604.1" "-"
88.6.81.0 - - [03/Feb/2024:09:30:49 +0100] "GET /wp-content/themes/jnews/assets/css/darkmode.css?ver=10.7.9 HTTP/1.1" 200 9055 cronicareinodearagon.com "https://cronicareinodearagon.com/aragon/premios-residentes-excelentes-2023-aragon/" "Mozilla/5.0 (iPhone; CPU iPhone OS 17_2 like Mac OS X) AppleWebKit/605.1.15 (KHTML, like Gecko) GSA/299.0.597926513 Mobile/15E148 Safari/604.1" "-"
88.6.81.0 - - [03/Feb/2024:09:30:49 +0100] "GET /wp-content/themes/jnews/data/import/newspaper/scheme.css?ver=10.7.9 HTTP/1.1" 200 1687 cronicareinodearagon.com "https://cronicareinodearagon.com/aragon/premios-residentes-excelentes-2023-aragon/" "Mozilla/5.0 (iPhone; CPU iPhone OS 17_2 like Mac OS X) AppleWebKit/605.1.15 (KHTML, like Gecko) GSA/299.0.597926513 Mobile/15E148 Safari/604.1" "-"
88.6.81.0 - - [03/Feb/2024:09:30:49 +0100] "GET /wp-content/plugins/jnews-social-share/assets/css/plugin.css HTTP/1.1" 200 506 cronicareinodearagon.com "https://cronicareinodearagon.com/aragon/premios-residentes-excelentes-2023-aragon/" "Mozilla/5.0 (iPhone; CPU iPhone OS 17_2 like Mac OS X) AppleWebKit/605.1.15 (KHTML, like Gecko) GSA/299.0.597926513 Mobile/15E148 Safari/604.1" "-"
88.6.81.0 - - [03/Feb/2024:09:30:49 +0100] "GET /wp-includes/js/jquery/jquery.min.js?ver=3.6.4 HTTP/1.1" 200 36269 cronicareinodearagon.com "https://cronicareinodearagon.com/aragon/premios-residentes-excelentes-2023-aragon/" "Mozilla/5.0 (iPhone; CPU iPhone OS 17_2 like Mac OS X) AppleWebKit/605.1.15 (KHTML, like Gecko) GSA/299.0.597926513 Mobile/15E148 Safari/604.1" "-"
88.6.81.0 - - [03/Feb/2024:09:30:49 +0100] "GET /wp-content/plugins/elementor/assets/lib/eicons/css/elementor-icons.min.css?ver=5.21.0 HTTP/1.1" 200 4358 cronicareinodearagon.com "https://cronicareinodearagon.com/aragon/premios-residentes-excelentes-2023-aragon/" "Mozilla/5.0 (iPhone; CPU iPhone OS 17_2 like Mac OS X) AppleWebKit/605.1.15 (KHTML, like Gecko) GSA/299.0.597926513 Mobile/15E148 Safari/604.1" "-"
88.6.81.0 - - [03/Feb/2024:09:30:49 +0100] "GET /wp-content/plugins/elementor/assets/lib/swiper/css/swiper.min.css?ver=5.3.6 HTTP/1.1" 200 2779 cronicareinodearagon.com "https://cronicareinodearagon.com/aragon/premios-residentes-excelentes-2023-aragon/" "Mozilla/5.0 (iPhone; CPU iPhone OS 17_2 like Mac OS X) AppleWebKit/605.1.15 (KHTML, like Gecko) GSA/299.0.597926513 Mobile/15E148 Safari/604.1" "-"
88.6.81.0 - - [03/Feb/2024:09:30:49 +0100] "GET /wp-includes/js/jquery/jquery-migrate.min.js?ver=3.4.0 HTTP/1.1" 200 5257 cronicareinodearagon.com "https://cronicareinodearagon.com/aragon/premios-residentes-excelentes-2023-aragon/" "Mozilla/5.0 (iPhone; CPU iPhone OS 17_2 like Mac OS X) AppleWebKit/605.1.15 (KHTML, like Gecko) GSA/299.0.597926513 Mobile/15E148 Safari/604.1" "-"
88.6.81.0 - - [03/Feb/2024:09:30:49 +0100] "GET /wp-content/plugins/metronet-profile-picture/js/mpp-frontend.js?ver=2.6.0 HTTP/1.1" 200 201 cronicareinodearagon.com "https://cronicareinodearagon.com/aragon/premios-residentes-excelentes-2023-aragon/" "Mozilla/5.0 (iPhone; CPU iPhone OS 17_2 like Mac OS X) AppleWebKit/605.1.15 (KHTML, like Gecko) GSA/299.0.597926513 Mobile/15E148 Safari/604.1" "-"
88.6.81.0 - - [03/Feb/2024:09:30:49 +0100] "GET /wp-includes/js/hoverIntent.min.js?ver=1.10.2 HTTP/1.1" 200 721 cronicareinodearagon.com "https://cronicareinodearagon.com/aragon/premios-residentes-excelentes-2023-aragon/" "Mozilla/5.0 (iPhone; CPU iPhone OS 17_2 like Mac OS X) AppleWebKit/605.1.15 (KHTML, like Gecko) GSA/299.0.597926513 Mobile/15E148 Safari/604.1" "-"
88.6.81.0 - - [03/Feb/2024:09:30:49 +0100] "GET /wp-includes/js/imagesloaded.min.js?ver=4.1.4 HTTP/1.1" 200 2010 cronicareinodearagon.com "https://cronicareinodearagon.com/aragon/premios-residentes-excelentes-2023-aragon/" "Mozilla/5.0 (iPhone; CPU iPhone OS 17_2 like Mac OS X) AppleWebKit/605.1.15 (KHTML, like Gecko) GSA/299.0.597926513 Mobile/15E148 Safari/604.1" "-"
88.6.81.0 - - [03/Feb/2024:09:30:49 +0100] "GET /wp-includes/js/comment-reply.min.js?ver=6.2.2 HTTP/1.1" 200 1399 cronicareinodearagon.com "https://cronicareinodearagon.com/aragon/premios-residentes-excelentes-2023-aragon/" "Mozilla/5.0 (iPhone; CPU iPhone OS 17_2 like Mac OS X) AppleWebKit/605.1.15 (KHTML, like Gecko) GSA/299.0.597926513 Mobile/15E148 Safari/604.1" "-"
88.6.81.0 - - [03/Feb/2024:09:30:49 +0100] "GET /wp-content/plugins/jnews-social-share/assets/js/plugin.js HTTP/1.1" 200 1411 cronicareinodearagon.com "https://cronicareinodearagon.com/aragon/premios-residentes-excelentes-2023-aragon/" "Mozilla/5.0 (iPhone; CPU iPhone OS 17_2 like Mac OS X) AppleWebKit/605.1.15 (KHTML, like Gecko) GSA/299.0.597926513 Mobile/15E148 Safari/604.1" "-"
88.6.81.0 - - [03/Feb/2024:09:30:49 +0100] "GET /wp-content/plugins/akismet/_inc/akismet-frontend.js?ver=1683388628 HTTP/1.1" 200 3528 cronicareinodearagon.com "https://cronicareinodearagon.com/aragon/premios-residentes-excelentes-2023-aragon/" "Mozilla/5.0 (iPhone; CPU iPhone OS 17_2 like Mac OS X) AppleWebKit/605.1.15 (KHTML, like Gecko) GSA/299.0.597926513 Mobile/15E148 Safari/604.1" "-"
88.6.81.0 - - [03/Feb/2024:09:30:49 +0100] "GET /wp-content/plugins/elementor/assets/lib/waypoints/waypoints.min.js?ver=4.0.2 HTTP/1.1" 200 3501 cronicareinodearagon.com "https://cronicareinodearagon.com/aragon/premios-residentes-excelentes-2023-aragon/" "Mozilla/5.0 (iPhone; CPU iPhone OS 17_2 like Mac OS X) AppleWebKit/605.1.15 (KHTML, like Gecko) GSA/299.0.597926513 Mobile/15E148 Safari/604.1" "-"
88.6.81.0 - - [03/Feb/2024:09:30:49 +0100] "GET /wp-content/plugins/elementor/assets/js/frontend-modules.min.js?ver=3.15.2 HTTP/1.1" 200 19256 cronicareinodearagon.com "https://cronicareinodearagon.com/aragon/premios-residentes-excelentes-2023-aragon/" "Mozilla/5.0 (iPhone; CPU iPhone OS 17_2 like Mac OS X) AppleWebKit/605.1.15 (KHTML, like Gecko) GSA/299.0.597926513 Mobile/15E148 Safari/604.1" "-"
88.6.81.0 - - [03/Feb/2024:09:30:49 +0100] "GET /wp-content/themes/jnews/assets/dist/frontend.min.js?ver=10.7.9 HTTP/1.1" 200 103509 cronicareinodearagon.com "https://cronicareinodearagon.com/aragon/premios-residentes-excelentes-2023-aragon/" "Mozilla/5.0 (iPhone; CPU iPhone OS 17_2 like Mac OS X) AppleWebKit/605.1.15 (KHTML, like Gecko) GSA/299.0.597926513 Mobile/15E148 Safari/604.1" "-"
88.6.81.0 - - [03/Feb/2024:09:30:49 +0100] "GET /wp-content/plugins/elementor/assets/js/webpack.runtime.min.js?ver=3.15.2 HTTP/1.1" 200 2279 cronicareinodearagon.com "https://cronicareinodearagon.com/aragon/premios-residentes-excelentes-2023-aragon/" "Mozilla/5.0 (iPhone; CPU iPhone OS 17_2 like Mac OS X) AppleWebKit/605.1.15 (KHTML, like Gecko) GSA/299.0.597926513 Mobile/15E148 Safari/604.1" "-"
88.6.81.0 - - [03/Feb/2024:09:30:49 +0100] "GET /wp-includes/js/jquery/ui/core.min.js?ver=1.13.2 HTTP/1.1" 200 7937 cronicareinodearagon.com "https://cronicareinodearagon.com/aragon/premios-residentes-excelentes-2023-aragon/" "Mozilla/5.0 (iPhone; CPU iPhone OS 17_2 like Mac OS X) AppleWebKit/605.1.15 (KHTML, like Gecko) GSA/299.0.597926513 Mobile/15E148 Safari/604.1" "-"
88.6.81.0 - - [03/Feb/2024:09:30:49 +0100] "GET /wp-content/themes/jnews/assets/dist/font/fontawesome-webfont.woff2 HTTP/1.1" 200 77160 cronicareinodearagon.com "https://cronicareinodearagon.com/aragon/premios-residentes-excelentes-2023-aragon/" "Mozilla/5.0 (iPhone; CPU iPhone OS 17_2 like Mac OS X) AppleWebKit/605.1.15 (KHTML, like Gecko) GSA/299.0.597926513 Mobile/15E148 Safari/604.1" "-"
88.6.81.0 - - [03/Feb/2024:09:30:49 +0100] "GET /wp-content/plugins/elementor/assets/js/frontend.min.js?ver=3.15.2 HTTP/1.1" 200 14219 cronicareinodearagon.com "https://cronicareinodearagon.com/aragon/premios-residentes-excelentes-2023-aragon/" "Mozilla/5.0 (iPhone; CPU iPhone OS 17_2 like Mac OS X) AppleWebKit/605.1.15 (KHTML, like Gecko) GSA/299.0.597926513 Mobile/15E148 Safari/604.1" "-"
88.6.81.0 - - [03/Feb/2024:09:30:49 +0100] "GET /wp-content/plugins/complianz-gdpr/cookiebanner/js/complianz.min.js?ver=6.4.4 HTTP/1.1" 200 12688 cronicareinodearagon.com "https://cronicareinodearagon.com/aragon/premios-residentes-excelentes-2023-aragon/" "Mozilla/5.0 (iPhone; CPU iPhone OS 17_2 like Mac OS X) AppleWebKit/605.1.15 (KHTML, like Gecko) GSA/299.0.597926513 Mobile/15E148 Safari/604.1" "-"
88.6.81.0 - - [03/Feb/2024:09:30:49 +0100] "GET /wp-content/themes/jnews/assets/dist/font/jegicon.woff HTTP/1.1" 200 7144 cronicareinodearagon.com "https://cronicareinodearagon.com/aragon/premios-residentes-excelentes-2023-aragon/" "Mozilla/5.0 (iPhone; CPU iPhone OS 17_2 like Mac OS X) AppleWebKit/605.1.15 (KHTML, like Gecko) GSA/299.0.597926513 Mobile/15E148 Safari/604.1" "-"
88.6.81.0 - - [03/Feb/2024:09:30:49 +0100] "GET /wp-content/uploads/2022/10/CABECERA-CrAra_MOVIL-1.png HTTP/1.1" 200 3014 cronicareinodearagon.com "https://cronicareinodearagon.com/aragon/premios-residentes-excelentes-2023-aragon/" "Mozilla/5.0 (iPhone; CPU iPhone OS 17_2 like Mac OS X) AppleWebKit/605.1.15 (KHTML, like Gecko) GSA/299.0.597926513 Mobile/15E148 Safari/604.1" "-"
88.6.81.0 - - [03/Feb/2024:09:30:49 +0100] "GET /wp-content/themes/jnews/assets/dist/image/preloader.gif HTTP/1.1" 200 4399 cronicareinodearagon.com "https://cronicareinodearagon.com/aragon/premios-residentes-excelentes-2023-aragon/" "Mozilla/5.0 (iPhone; CPU iPhone OS 17_2 like Mac OS X) AppleWebKit/605.1.15 (KHTML, like Gecko) GSA/299.0.597926513 Mobile/15E148 Safari/604.1" "-"
88.6.81.0 - - [03/Feb/2024:09:30:49 +0100] "GET /wp-content/uploads/2022/10/CABECERA-CrAra_Escritorio.png HTTP/1.1" 200 4995 cronicareinodearagon.com "https://cronicareinodearagon.com/aragon/premios-residentes-excelentes-2023-aragon/" "Mozilla/5.0 (iPhone; CPU iPhone OS 17_2 like Mac OS X) AppleWebKit/605.1.15 (KHTML, like Gecko) GSA/299.0.597926513 Mobile/15E148 Safari/604.1" "-"
88.6.81.0 - - [03/Feb/2024:09:30:49 +0100] "GET /wp-content/themes/jnews/assets/img/jeg-empty.png HTTP/1.1" 200 70 cronicareinodearagon.com "https://cronicareinodearagon.com/aragon/premios-residentes-excelentes-2023-aragon/" "Mozilla/5.0 (iPhone; CPU iPhone OS 17_2 like Mac OS X) AppleWebKit/605.1.15 (KHTML, like Gecko) GSA/299.0.597926513 Mobile/15E148 Safari/604.1" "-"
88.6.81.0 - - [03/Feb/2024:09:30:49 +0100] "GET /wp-content/uploads/complianz/css/banner-1-optin.css?v=41 HTTP/1.1" 200 3432 cronicareinodearagon.com "https://cronicareinodearagon.com/aragon/premios-residentes-excelentes-2023-aragon/" "Mozilla/5.0 (iPhone; CPU iPhone OS 17_2 like Mac OS X) AppleWebKit/605.1.15 (KHTML, like Gecko) GSA/299.0.597926513 Mobile/15E148 Safari/604.1" "-"
88.6.81.0 - - [03/Feb/2024:09:30:49 +0100] "GET /wp-content/plugins/elementor/assets/lib/dialog/dialog.min.js?ver=4.9.0 HTTP/1.1" 200 3897 cronicareinodearagon.com "https://cronicareinodearagon.com/aragon/premios-residentes-excelentes-2023-aragon/" "Mozilla/5.0 (iPhone; CPU iPhone OS 17_2 like Mac OS X) AppleWebKit/605.1.15 (KHTML, like Gecko) GSA/299.0.597926513 Mobile/15E148 Safari/604.1" "-"
88.6.81.0 - - [03/Feb/2024:09:30:49 +0100] "GET /wp-content/plugins/elementor/assets/lib/share-link/share-link.min.js?ver=3.15.2 HTTP/1.1" 200 1185 cronicareinodearagon.com "https://cronicareinodearagon.com/aragon/premios-residentes-excelentes-2023-aragon/" "Mozilla/5.0 (iPhone; CPU iPhone OS 17_2 like Mac OS X) AppleWebKit/605.1.15 (KHTML, like Gecko) GSA/299.0.597926513 Mobile/15E148 Safari/604.1" "-"
88.6.81.0 - - [03/Feb/2024:09:30:49 +0100] "GET /wp-content/plugins/elementor/assets/js/lightbox.1b6e05e0607040eb8929.bundle.min.js HTTP/1.1" 200 11140 cronicareinodearagon.com "https://cronicareinodearagon.com/aragon/premios-residentes-excelentes-2023-aragon/" "Mozilla/5.0 (iPhone; CPU iPhone OS 17_2 like Mac OS X) AppleWebKit/605.1.15 (KHTML, like Gecko) GSA/299.0.597926513 Mobile/15E148 Safari/604.1" "-"
88.6.81.0 - - [03/Feb/2024:09:30:49 +0100] "GET /wp-content/plugins/elementor/assets/js/text-editor.2c35aafbe5bf0e127950.bundle.min.js HTTP/1.1" 200 688 cronicareinodearagon.com "https://cronicareinodearagon.com/aragon/premios-residentes-excelentes-2023-aragon/" "Mozilla/5.0 (iPhone; CPU iPhone OS 17_2 like Mac OS X) AppleWebKit/605.1.15 (KHTML, like Gecko) GSA/299.0.597926513 Mobile/15E148 Safari/604.1" "-"
88.6.81.0 - - [03/Feb/2024:09:30:49 +0100] "GET /wp-content/uploads/2023/05/expedientes-residentes-750x375.jpg HTTP/1.1" 200 40190 cronicareinodearagon.com "https://cronicareinodearagon.com/aragon/premios-residentes-excelentes-2023-aragon/" "Mozilla/5.0 (iPhone; CPU iPhone OS 17_2 like Mac OS X) AppleWebKit/605.1.15 (KHTML, like Gecko) GSA/299.0.597926513 Mobile/15E148 Safari/604.1" "-"
101.44.248.0 - - [03/Feb/2024:09:31:00 +0100] "GET /aragon/aragon-vacunacion-neumococo-junio/ HTTP/1.1" 301 282 cronicareinodearagon.com "http://cronicareinodearagon.com/aragon/aragon-vacunacion-neumococo-junio/" "Mozilla/5.0 (Macintosh; Intel Mac OS X 10_15_7) AppleWebKit/537.36 (KHTML, like Gecko) Chrome/114.0.0.0 Safari/537.36" "-"
101.44.248.0 - - [03/Feb/2024:09:31:01 +0100] "GET /aragon/aragon-vacunacion-neumococo-junio/ HTTP/1.1" 200 33731 cronicareinodearagon.com "https://cronicareinodearagon.com/aragon/aragon-vacunacion-neumococo-junio/" "Mozilla/5.0 (Macintosh; Intel Mac OS X 10_15_7) AppleWebKit/537.36 (KHTML, like Gecko) Chrome/114.0.0.0 Safari/537.36" "-"
82.165.88.0 - - [03/Feb/2024:09:31:58 +0100] "POST /wp-cron.php?doing_wp_cron=1706949118.6382069587707519531250 HTTP/1.1" 200 - cronicareinodearagon.com "-" "WordPress/6.2.2; https://cronicareinodearagon.com" "-"
85.208.96.0 - - [03/Feb/2024:09:31:58 +0100] "GET /sociedad/feria-san-lucas-exito/ HTTP/1.1" 200 174465 cronicareinodearagon.com "-" "Mozilla/5.0 (compatible; SemrushBot/7~bl; +http://www.semrush.com/bot.html)" "-"
88.6.81.0 - - [03/Feb/2024:09:33:59 +0100] "GET /wp-content/uploads/2023/05/resultados-autonomicas-aragon-750x536.jpg HTTP/1.1" 200 22745 cronicareinodearagon.com "https://cronicareinodearagon.com/aragon/premios-residentes-excelentes-2023-aragon/" "Mozilla/5.0 (iPhone; CPU iPhone OS 17_2 like Mac OS X) AppleWebKit/605.1.15 (KHTML, like Gecko) GSA/299.0.597926513 Mobile/15E148 Safari/604.1" "-"
