88.6.81.0 - - [03/Feb/2024:09:34:20 +0100] "GET /wp-content/uploads/2023/05/participacion-aragon-18.00-350x250.jpg HTTP/1.1" 200 10373 cronicareinodearagon.com "https://cronicareinodearagon.com/aragon/premios-residentes-excelentes-2023-aragon/" "Mozilla/5.0 (iPhone; CPU iPhone OS 17_2 like Mac OS X) AppleWebKit/605.1.15 (KHTML, like Gecko) GSA/299.0.597926513 Mobile/15E148 Safari/604.1" "-"
88.6.81.0 - - [03/Feb/2024:09:34:21 +0100] "GET /wp-content/uploads/2023/05/lamban-voto-elecciones-350x250.jpg HTTP/1.1" 200 18670 cronicareinodearagon.com "https://cronicareinodearagon.com/aragon/premios-residentes-excelentes-2023-aragon/" "Mozilla/5.0 (iPhone; CPU iPhone OS 17_2 like Mac OS X) AppleWebKit/605.1.15 (KHTML, like Gecko) GSA/299.0.597926513 Mobile/15E148 Safari/604.1" "-"
82.165.88.0 - - [03/Feb/2024:09:36:19 +0100] "POST /wp-cron.php?doing_wp_cron=1706949379.5079889297485351562500 HTTP/1.1" 200 - cronicareinodearagon.com "-" "WordPress/6.2.2; https://cronicareinodearagon.com" "-"
85.208.96.0 - - [03/Feb/2024:09:36:19 +0100] "GET /aragon/playas-puertos-andalucia-145-banderas-azules/ HTTP/1.1" 200 163320 cronicareinodearagon.com "-" "Mozilla/5.0 (compatible; SemrushBot/7~bl; +http://www.semrush.com/bot.html)" "-"
82.165.88.0 - - [03/Feb/2024:09:38:00 +0100] "POST /wp-cron.php?doing_wp_cron=1706949480.5849680900573730468750 HTTP/1.1" 200 - cronicareinodearagon.com "-" "WordPress/6.2.2; https://cronicareinodearagon.com" "-"
54.36.148.0 - - [03/Feb/2024:09:38:00 +0100] "GET /category/aragon/page/60/ HTTP/1.1" 200 147582 cronicareinodearagon.com "-" "Mozilla/5.0 (compatible; AhrefsBot/7.0; +http://ahrefs.com/robot/)" "-"
82.165.88.0 - - [03/Feb/2024:09:43:27 +0100] "POST /wp-cron.php?doing_wp_cron=1706949807.8324260711669921875000 HTTP/1.1" 200 - cronicareinodearagon.com "-" "WordPress/6.2.2; https://cronicareinodearagon.com" "-"
185.191.171.0 - - [03/Feb/2024:09:43:27 +0100] "GET /category/politica/page/27/ HTTP/1.1" 200 147275 cronicareinodearagon.com "-" "Mozilla/5.0 (compatible; SemrushBot/7~bl; +http://www.semrush.com/bot.html)" "-"
42.202.17.0 - - [03/Feb/2024:09:44:23 +0100] "GET / HTTP/1.1" 200 319420 cronicareinodearagon.com "-" "Mozilla/5.0 (Windows NT 6.1; WOW64; rv:52.0) Gecko/20100101 Firefox/52.0" "-"
42.202.17.0 - - [03/Feb/2024:09:44:25 +0100] "GET /wp-includes/js/jquery/jquery.min.js?ver=3.6.4 HTTP/1.1" 200 89815 cronicareinodearagon.com "-" "Go-http-client/1.1" "-"
42.202.17.0 - - [03/Feb/2024:09:44:26 +0100] "GET /aragon/astic-reconocimiento-carreras-grupo/ HTTP/1.1" 200 158292 cronicareinodearagon.com "-" "Go-http-client/1.1" "-"
42.202.17.0 - - [03/Feb/2024:09:44:27 +0100] "GET /wp-content/plugins/elementor/assets/css/frontend-lite.min.css?ver=3.15.2 HTTP/1.1" 200 111754 cronicareinodearagon.com "-" "Go-http-client/1.1" "-"
42.202.17.0 - - [03/Feb/2024:09:44:27 +0100] "GET /sociedad/planta-transferencia-residuos-quinto-ecoprovincia-zaragoza/ HTTP/1.1" 200 168366 cronicareinodearagon.com "-" "Go-http-client/1.1" "-"
82.165.88.0 - - [03/Feb/2024:09:44:28 +0100] "POST /wp-cron.php?doing_wp_cron=1706949868.6492419242858886718750 HTTP/1.1" 200 - cronicareinodearagon.com "-" "WordPress/6.2.2; https://cronicareinodearagon.com" "-"
42.202.17.0 - - [03/Feb/2024:09:44:28 +0100] "GET /category/america/ HTTP/1.1" 200 138178 cronicareinodearagon.com "-" "Go-http-client/1.1" "-"
42.202.17.0 - - [03/Feb/2024:09:44:29 +0100] "GET /category/politica/ HTTP/1.1" 200 147363 cronicareinodearagon.com "-" "Go-http-client/1.1" "-"
42.202.17.0 - - [03/Feb/2024:09:44:30 +0100] "GET /category/aragon/huesca/ HTTP/1.1" 200 147255 cronicareinodearagon.com "-" "Go-http-client/1.1" "-"
42.202.17.0 - - [03/Feb/2024:09:44:30 +0100] "GET /wp-content/uploads/2022/10/CABECERA-CrAra_MOVIL-1.png HTTP/1.1" 200 3014 cronicareinodearagon.com "-" "Go-http-client/1.1" "-"
42.202.17.0 - - [03/Feb/2024:09:44:31 +0100] "GET /aragon/el-biogas-como-aliado-en-la-descarbonizacion-tematica-de-jornada-de-itainnova-circe-y-clenar/ HTTP/1.1" 200 165423 cronicareinodearagon.com "-" "Go-http-client/1.1" "-"
42.202.17.0 - - [03/Feb/2024:09:44:32 +0100] "GET /america/lula-da-silva-apoyo-vinicius-ataques-racistas/ HTTP/1.1" 200 162437 cronicareinodearagon.com "-" "Go-http-client/1.1" "-"
42.202.17.0 - - [03/Feb/2024:09:44:32 +0100] "GET /wp-includes/js/imagesloaded.min.js?ver=4.1.4 HTTP/1.1" 200 5629 cronicareinodearagon.com "-" "Go-http-client/1.1" "-"
42.202.17.0 - - [03/Feb/2024:09:44:32 +0100] "GET /wp-includes/css/dist/block-library/style.min.css?ver=6.2.2 HTTP/1.1" 200 97517 cronicareinodearagon.com "-" "Go-http-client/1.1" "-"
42.202.17.0 - - [03/Feb/2024:09:44:33 +0100] "GET /wp-content/uploads/2022/10/CABECERA-CrAra_MOVIL.png HTTP/1.1" 200 3014 cronicareinodearagon.com "-" "Go-http-client/1.1" "-"
42.202.17.0 - - [03/Feb/2024:09:44:33 +0100] "GET /wp-content/plugins/metronet-profile-picture/js/mpp-frontend.js?ver=2.6.0 HTTP/1.1" 200 331 cronicareinodearagon.com "-" "Go-http-client/1.1" "-"
42.202.17.0 - - [03/Feb/2024:09:44:33 +0100] "GET /wp-content/plugins/elementor/assets/js/frontend.min.js?ver=3.15.2 HTTP/1.1" 200 40746 cronicareinodearagon.com "-" "Go-http-client/1.1" "-"
42.202.17.0 - - [03/Feb/2024:09:44:33 +0100] "GET /category/educacion/ HTTP/1.1" 200 146946 cronicareinodearagon.com "-" "Go-http-client/1.1" "-"
42.202.17.0 - - [03/Feb/2024:09:44:34 +0100] "GET /wp-includes/js/comment-reply.min.js?ver=6.2.2 HTTP/1.1" 200 2981 cronicareinodearagon.com "-" "Go-http-client/1.1" "-"
42.202.17.0 - - [03/Feb/2024:09:44:34 +0100] "GET /category/aragon/zaragoza/ HTTP/1.1" 200 148386 cronicareinodearagon.com "-" "Go-http-client/1.1" "-"
42.202.17.0 - - [03/Feb/2024:09:44:35 +0100] "GET /wp-includes/js/hoverIntent.min.js?ver=1.10.2 HTTP/1.1" 200 1499 cronicareinodearagon.com "-" "Go-http-client/1.1" "-"
42.202.17.0 - - [03/Feb/2024:09:44:36 +0100] "GET /wp-content/themes/jnews/assets/dist/frontend.min.js?ver=10.7.9 HTTP/1.1" 200 303914 cronicareinodearagon.com "-" "Go-http-client/1.1" "-"
42.202.17.0 - - [03/Feb/2024:09:44:38 +0100] "GET /wp-content/plugins/elementor/assets/js/webpack.runtime.min.js?ver=3.15.2 HTTP/1.1" 200 4958 cronicareinodearagon.com "-" "Go-http-client/1.1" "-"
42.202.17.0 - - [03/Feb/2024:09:44:39 +0100] "GET /category/sociedad/ HTTP/1.1" 200 147043 cronicareinodearagon.com "-" "Go-http-client/1.1" "-"
42.202.17.0 - - [03/Feb/2024:09:44:40 +0100] "GET /category/aragon/ HTTP/1.1" 200 146826 cronicareinodearagon.com "-" "Go-http-client/1.1" "-"
42.202.17.0 - - [03/Feb/2024:09:44:40 +0100] "GET /wp-content/uploads/2023/05/resultados-autonomicas-aragon-750x375.jpg HTTP/1.1" 200 19010 cronicareinodearagon.com "-" "Go-http-client/1.1" "-"
42.202.17.0 - - [03/Feb/2024:09:44:41 +0100] "GET /aragon/nuevo-programa-de-aceleracion-gratuito-para-empresas-innovadoras/ HTTP/1.1" 200 164858 cronicareinodearagon.com "-" "Go-http-client/1.1" "-"
42.202.17.0 - - [03/Feb/2024:09:44:41 +0100] "GET / HTTP/1.1" 200 319420 cronicareinodearagon.com "-" "Go-http-client/1.1" "-"
42.202.17.0 - - [03/Feb/2024:09:44:42 +0100] "GET /wp-content/themes/jnews/assets/img/jeg-empty.png HTTP/1.1" 200 70 cronicareinodearagon.com "-" "Go-http-client/1.1" "-"
42.202.17.0 - - [03/Feb/2024:09:44:42 +0100] "GET /aragon/segundo-avance-participacion-elecciones-aragon/ HTTP/1.1" 200 166436 cronicareinodearagon.com "-" "Go-http-client/1.1" "-"
42.202.17.0 - - [03/Feb/2024:09:44:43 +0100] "GET /aragon/guitarte-teruel-existe-cierre-campana/ HTTP/1.1" 200 177241 cronicareinodearagon.com "-" "Go-http-client/1.1" "-"
42.202.17.0 - - [03/Feb/2024:09:44:44 +0100] "GET /aragon/resultados-elecciones-autonomicas-municipales-aragon/ HTTP/1.1" 200 169152 cronicareinodearagon.com "-" "Go-http-client/1.1" "-"
42.202.17.0 - - [03/Feb/2024:09:44:45 +0100] "GET /wp-content/plugins/elementor/assets/lib/waypoints/waypoints.min.js?ver=4.0.2 HTTP/1.1" 200 12198 cronicareinodearagon.com "-" "Go-http-client/1.1" "-"
42.202.17.0 - - [03/Feb/2024:09:44:45 +0100] "GET /opinion/la-miseria/ HTTP/1.1" 200 177012 cronicareinodearagon.com "-" "Go-http-client/1.1" "-"
42.202.17.0 - - [03/Feb/2024:09:44:46 +0100] "GET /educacion/practicas-estudiantes-internacionales-medio-rural/ HTTP/1.1" 200 163088 cronicareinodearagon.com "-" "Go-http-client/1.1" "-"
42.202.17.0 - - [03/Feb/2024:09:44:46 +0100] "GET /wp-content/uploads/2022/10/CABECERA-CrAra_Escritorio.png HTTP/1.1" 200 4995 cronicareinodearagon.com "-" "Go-http-client/1.1" "-"
42.202.17.0 - - [03/Feb/2024:09:44:47 +0100] "GET /wp-content/plugins/complianz-gdpr/cookiebanner/js/complianz.min.js?ver=6.4.4 HTTP/1.1" 200 40180 cronicareinodearagon.com "-" "Go-http-client/1.1" "-"
42.202.17.0 - - [03/Feb/2024:09:44:48 +0100] "GET /wp-content/themes/jnews/assets/css/elementor-frontend.css?ver=10.7.9 HTTP/1.1" 200 681 cronicareinodearagon.com "-" "Go-http-client/1.1" "-"
42.202.17.0 - - [03/Feb/2024:09:44:48 +0100] "GET /wp-content/themes/jnews/style.css?ver=10.7.9 HTTP/1.1" 200 427 cronicareinodearagon.com "-" "Go-http-client/1.1" "-"
42.202.17.0 - - [03/Feb/2024:09:44:48 +0100] "GET /wp-content/themes/jnews/data/import/newspaper/scheme.css?ver=10.7.9 HTTP/1.1" 200 5700 cronicareinodearagon.com "-" "Go-http-client/1.1" "-"
42.202.17.0 - - [03/Feb/2024:09:44:48 +0100] "GET /category/economia/ HTTP/1.1" 200 146955 cronicareinodearagon.com "-" "Go-http-client/1.1" "-"
42.202.17.0 - - [03/Feb/2024:09:44:50 +0100] "GET /wp-content/plugins/elementor/assets/lib/eicons/css/elementor-icons.min.css?ver=5.21.0 HTTP/1.1" 200 19488 cronicareinodearagon.com "-" "Go-http-client/1.1" "-"
42.202.17.0 - - [03/Feb/2024:09:44:51 +0100] "GET /wp-content/plugins/complianz-gdpr/assets/css/cookieblocker.min.css?ver=6.4.4 HTTP/1.1" 200 2741 cronicareinodearagon.com "-" "Go-http-client/1.1" "-"
42.202.17.0 - - [03/Feb/2024:09:44:51 +0100] "GET /wp-content/themes/jnews/assets/css/darkmode.css?ver=10.7.9 HTTP/1.1" 200 46766 cronicareinodearagon.com "-" "Go-http-client/1.1" "-"
82.165.88.0 - - [03/Feb/2024:09:46:52 +0100] "POST /wp-cron.php?doing_wp_cron=1706950012.7148990631103515625000 HTTP/1.1" 200 - cronicareinodearagon.com "-" "WordPress/6.2.2; https://cronicareinodearagon.com" "-"
54.36.149.0 - - [03/Feb/2024:09:46:52 +0100] "GET /aragon/andalucia-tasa-contagios-coronavirus-alta-agosto/ HTTP/1.1" 200 168560 cronicareinodearagon.com "-" "Mozilla/5.0 (compatible; AhrefsBot/7.0; +http://ahrefs.com/robot/)" "-"
82.165.88.0 - - [03/Feb/2024:09:48:02 +0100] "POST /wp-cron.php?doing_wp_cron=1706950082.3432879447937011718750 HTTP/1.1" 200 - cronicareinodearagon.com "-" "WordPress/6.2.2; https://cronicareinodearagon.com" "-"
172.232.55.0 - - [03/Feb/2024:09:48:02 +0100] "POST /xmlrpc.php HTTP/1.1" 200 416 cronicareinodearagon.com "-" "Mozilla/5.0 (Macintosh; Intel Mac OS X 10_10_5) AppleWebKit/600.8.9 (KHTML, like Gecko)" "-"
172.232.55.0 - - [03/Feb/2024:09:48:03 +0100] "POST /xmlrpc.php HTTP/1.1" 200 416 cronicareinodearagon.com "-" "Mozilla/5.0 (Macintosh; Intel Mac OS X 10_10_5) AppleWebKit/600.8.9 (KHTML, like Gecko)" "-"
172.232.55.0 - - [03/Feb/2024:09:48:04 +0100] "POST /xmlrpc.php HTTP/1.1" 403 775 cronicareinodearagon.com "-" "Mozilla/5.0 (Macintosh; Intel Mac OS X 10_10_5) AppleWebKit/600.8.9 (KHTML, like Gecko)" "-"
172.232.55.0 - - [03/Feb/2024:09:48:05 +0100] "POST /xmlrpc.php HTTP/1.1" 403 775 cronicareinodearagon.com "-" "Mozilla/5.0 (Macintosh; Intel Mac OS X 10_10_5) AppleWebKit/600.8.9 (KHTML, like Gecko)" "-"
172.232.55.0 - - [03/Feb/2024:09:48:06 +0100] "POST /xmlrpc.php HTTP/1.1" 403 775 cronicareinodearagon.com "-" "Mozilla/5.0 (Macintosh; Intel Mac OS X 10_10_5) AppleWebKit/600.8.9 (KHTML, like Gecko)" "-"
85.208.96.0 - - [03/Feb/2024:09:50:43 +0100] "GET /sociedad/sentencia-cuco-madre-marta-del-castillo/ HTTP/1.1" 200 168818 cronicareinodearagon.com "-" "Mozilla/5.0 (compatible; SemrushBot/7~bl; +http://www.semrush.com/bot.html)" "-"
82.165.88.0 - - [03/Feb/2024:09:50:44 +0100] "POST /wp-cron.php?doing_wp_cron=1706950244.0416259765625000000000 HTTP/1.1" 200 - cronicareinodearagon.com "-" "WordPress/6.2.2; https://cronicareinodearagon.com" "-"
85.208.96.0 - - [03/Feb/2024:09:51:14 +0100] "GET /economia/tractorada-jaen-precios-pac/ HTTP/1.1" 200 166278 cronicareinodearagon.com "-" "Mozilla/5.0 (compatible; SemrushBot/7~bl; +http://www.semrush.com/bot.html)" "-"
85.208.96.0 - - [03/Feb/2024:09:53:00 +0100] "GET /category/aragon/page/23/ HTTP/1.1" 200 147464 cronicareinodearagon.com "-" "Mozilla/5.0 (compatible; SemrushBot/7~bl; +http://www.semrush.com/bot.html)" "-"
82.165.88.0 - - [03/Feb/2024:09:53:01 +0100] "POST /wp-cron.php?doing_wp_cron=1706950381.2176439762115478515625 HTTP/1.1" 200 - cronicareinodearagon.com "-" "WordPress/6.2.2; https://cronicareinodearagon.com" "-"
23.129.64.0 - - [03/Feb/2024:09:53:10 +0100] "GET / HTTP/1.1" 200 336 cronicademalaga.com "http://cronicademalaga.com" "Mozilla/5.0 (Windows NT 6.1; Win64; x64; rv:62.0) Gecko/20100101 Firefox/62.0" "-"
82.165.88.0 - - [03/Feb/2024:09:54:00 +0100] "POST /wp-cron.php?doing_wp_cron=1706950440.3573989868164062500000 HTTP/1.1" 200 - cronicareinodearagon.com "-" "WordPress/6.2.2; https://cronicareinodearagon.com" "-"
54.36.148.0 - - [03/Feb/2024:09:54:00 +0100] "GET /aragon/junta-de-andalucia-incendios-forestales/ HTTP/1.1" 200 158927 cronicareinodearagon.com "-" "Mozilla/5.0 (compatible; AhrefsBot/7.0; +http://ahrefs.com/robot/)" "-"
82.165.88.0 - - [03/Feb/2024:10:02:06 +0100] "POST /wp-cron.php?doing_wp_cron=1706950926.5146739482879638671875 HTTP/1.1" 200 - cronicareinodearagon.com "-" "WordPress/6.2.2; https://cronicareinodearagon.com" "-"
51.222.253.0 - - [03/Feb/2024:10:02:06 +0100] "GET /robots.txt HTTP/1.1" 200 202 cronicareinodearagon.com "-" "Mozilla/5.0 (compatible; AhrefsBot/7.0; +http://ahrefs.com/robot/)" "-"
54.36.149.0 - - [03/Feb/2024:10:02:08 +0100] "GET /aragon/alerta-sanitaria-hepatitis-aguda-ninos/ HTTP/1.1" 200 161954 cronicareinodearagon.com "-" "Mozilla/5.0 (compatible; AhrefsBot/7.0; +http://ahrefs.com/robot/)" "-"
185.241.208.0 - - [03/Feb/2024:10:02:30 +0100] "GET / HTTP/1.1" 200 336 cronicadesevilla.com "-" "Go-http-client/1.1" "-"
185.241.208.0 - - [03/Feb/2024:10:02:30 +0100] "GET //wp-content/uploads/ HTTP/1.1" 404 596 cronicadesevilla.com "-" "Go-http-client/1.1" "-"
185.241.208.0 - - [03/Feb/2024:10:02:30 +0100] "GET //wp-content/plugins/ HTTP/1.1" 404 596 cronicadesevilla.com "-" "Go-http-client/1.1" "-"
185.241.208.0 - - [03/Feb/2024:10:02:30 +0100] "GET //wp-admin/admin-ajax.php HTTP/1.1" 404 596 cronicadesevilla.com "-" "Go-http-client/1.1" "-"
185.241.208.0 - - [03/Feb/2024:10:02:30 +0100] "GET //wp-content/themes/twenty/twenty.php HTTP/1.1" 404 596 cronicadesevilla.com "-" "Go-http-client/1.1" "-"
185.241.208.0 - - [03/Feb/2024:10:02:30 +0100] "GET //wp-content/patior/ HTTP/1.1" 404 596 cronicadesevilla.com "-" "Go-http-client/1.1" "-"
185.241.208.0 - - [03/Feb/2024:10:02:30 +0100] "GET //wp-includes/js/tinymce/plugins/compat3x/css/index.php HTTP/1.1" 404 596 cronicadesevilla.com "-" "Go-http-client/1.1" "-"
185.241.208.0 - - [03/Feb/2024:10:02:30 +0100] "GET //dropdown.php HTTP/1.1" 404 596 cronicadesevilla.com "-" "Go-http-client/1.1" "-"
185.241.208.0 - - [03/Feb/2024:10:02:30 +0100] "GET //wp-includes/Text/about.php HTTP/1.1" 404 596 cronicadesevilla.com "-" "Go-http-client/1.1" "-"
185.241.208.0 - - [03/Feb/2024:10:02:31 +0100] "GET //wp-includes/rest-api/about.php HTTP/1.1" 404 596 cronicadesevilla.com "-" "Go-http-client/1.1" "-"
185.241.208.0 - - [03/Feb/2024:10:02:31 +0100] "GET //ee.php HTTP/1.1" 404 596 cronicadesevilla.com "-" "Go-http-client/1.1" "-"
185.241.208.0 - - [03/Feb/2024:10:02:31 +0100] "GET //wp-admin/install.php HTTP/1.1" 404 596 cronicadesevilla.com "-" "Go-http-client/1.1" "-"
185.241.208.0 - - [03/Feb/2024:10:02:31 +0100] "GET //wp-content/plugins/install.php HTTP/1.1" 404 596 cronicadesevilla.com "-" "Go-http-client/1.1" "-"
185.241.208.0 - - [03/Feb/2024:10:02:31 +0100] "GET //wp-content/install.php HTTP/1.1" 404 596 cronicadesevilla.com "-" "Go-http-client/1.1" "-"
185.241.208.0 - - [03/Feb/2024:10:02:31 +0100] "GET //install.php HTTP/1.1" 404 596 cronicadesevilla.com "-" "Go-http-client/1.1" "-"
185.241.208.0 - - [03/Feb/2024:10:02:31 +0100] "GET //wp-includes/install.php HTTP/1.1" 404 596 cronicadesevilla.com "-" "Go-http-client/1.1" "-"
185.241.208.0 - - [03/Feb/2024:10:02:31 +0100] "GET //wp-admin/images/install.php HTTP/1.1" 404 596 cronicadesevilla.com "-" "Go-http-client/1.1" "-"
185.241.208.0 - - [03/Feb/2024:10:02:31 +0100] "GET //cgi-bin/install.php HTTP/1.1" 404 596 cronicadesevilla.com "-" "Go-http-client/1.1" "-"
185.241.208.0 - - [03/Feb/2024:10:02:31 +0100] "GET //css/install.php HTTP/1.1" 404 596 cronicadesevilla.com "-" "Go-http-client/1.1" "-"
185.241.208.0 - - [03/Feb/2024:10:02:31 +0100] "GET //wp-admin/js/about.php7 HTTP/1.1" 404 596 cronicadesevilla.com "-" "Go-http-client/1.1" "-"
185.241.208.0 - - [03/Feb/2024:10:02:31 +0100] "GET //wp-admin/js/about.php HTTP/1.1" 404 596 cronicadesevilla.com "-" "Go-http-client/1.1" "-"
185.241.208.0 - - [03/Feb/2024:10:02:31 +0100] "GET //wp-admin/maint/moon.php HTTP/1.1" 404 596 cronicadesevilla.com "-" "Go-http-client/1.1" "-"
185.241.208.0 - - [03/Feb/2024:10:02:31 +0100] "GET //cgi-bin/cgi-bin/about.php HTTP/1.1" 404 596 cronicadesevilla.com "-" "Go-http-client/1.1" "-"
185.241.208.0 - - [03/Feb/2024:10:02:31 +0100] "GET //cgi-bin/cgi-bin/about.php7 HTTP/1.1" 404 596 cronicadesevilla.com "-" "Go-http-client/1.1" "-"
185.241.208.0 - - [03/Feb/2024:10:02:31 +0100] "GET //wp-admin/dropdown.php HTTP/1.1" 404 596 cronicadesevilla.com "-" "Go-http-client/1.1" "-"
185.241.208.0 - - [03/Feb/2024:10:02:31 +0100] "GET //wp-content/plugins/Cache/dropdown.php HTTP/1.1" 404 596 cronicadesevilla.com "-" "Go-http-client/1.1" "-"
185.241.208.0 - - [03/Feb/2024:10:02:31 +0100] "GET //wp-content/dropdown.php HTTP/1.1" 404 596 cronicadesevilla.com "-" "Go-http-client/1.1" "-"
82.165.88.0 - - [03/Feb/2024:10:07:51 +0100] "POST /wp-cron.php?doing_wp_cron=1706951271.8095650672912597656250 HTTP/1.1" 200 - cronicareinodearagon.com "-" "WordPress/6.2.2; https://cronicareinodearagon.com" "-"
52.167.144.0 - - [03/Feb/2024:10:07:51 +0100] "GET /sitemap.txt HTTP/1.1" 404 144837 cronicareinodearagon.com "-" "Mozilla/5.0 AppleWebKit/537.36 (KHTML, like Gecko; compatible; bingbot/2.0; +http://www.bing.com/bingbot.htm) Chrome/116.0.1938.76 Safari/537.36" "-"
85.208.96.0 - - [03/Feb/2024:10:07:54 +0100] "GET /category/economia/page/5/ HTTP/1.1" 200 147667 cronicareinodearagon.com "-" "Mozilla/5.0 (compatible; SemrushBot/7~bl; +http://www.semrush.com/bot.html)" "-"
185.191.171.0 - - [03/Feb/2024:10:08:20 +0100] "GET /sociedad/concentracion-linares-ferrocarril/ HTTP/1.1" 200 162379 cronicareinodearagon.com "-" "Mozilla/5.0 (compatible; SemrushBot/7~bl; +http://www.semrush.com/bot.html)" "-"
178.32.96.0 - - [03/Feb/2024:10:08:38 +0100] "GET / HTTP/1.1" 200 336 grupocronicaenlibertad.com "-" "Mozilla/5.0" "-"
82.165.88.0 - - [03/Feb/2024:10:09:29 +0100] "POST /wp-cron.php?doing_wp_cron=1706951369.2846798896789550781250 HTTP/1.1" 200 - cronicareinodearagon.com "-" "WordPress/6.2.2; https://cronicareinodearagon.com" "-"
54.36.149.0 - - [03/Feb/2024:10:09:29 +0100] "GET /aragon/espadas-alerta-abuso-poder-pp/ HTTP/1.1" 200 162225 cronicareinodearagon.com "-" "Mozilla/5.0 (compatible; AhrefsBot/7.0; +http://ahrefs.com/robot/)" "-"
20.238.125.0 - - [03/Feb/2024:10:10:07 +0100] "GET / HTTP/1.1" 200 336 cronicadeextremadura.com "-" "Go-http-client/1.1" "-"
20.238.125.0 - - [03/Feb/2024:10:10:07 +0100] "GET //wp-content/uploads/ HTTP/1.1" 404 596 cronicadeextremadura.com "-" "Go-http-client/1.1" "-"
20.238.125.0 - - [03/Feb/2024:10:10:07 +0100] "GET //wp-content/plugins/ HTTP/1.1" 404 596 cronicadeextremadura.com "-" "Go-http-client/1.1" "-"
20.238.125.0 - - [03/Feb/2024:10:10:07 +0100] "GET //wp-admin/admin-ajax.php HTTP/1.1" 404 596 cronicadeextremadura.com "-" "Go-http-client/1.1" "-"
20.238.125.0 - - [03/Feb/2024:10:10:07 +0100] "GET //wp-content/patior/ HTTP/1.1" 404 596 cronicadeextremadura.com "-" "Go-http-client/1.1" "-"
20.238.125.0 - - [03/Feb/2024:10:10:07 +0100] "GET //wp-content/themes/twenty/twenty.php HTTP/1.1" 404 596 cronicadeextremadura.com "-" "Go-http-client/1.1" "-"
20.238.125.0 - - [03/Feb/2024:10:10:07 +0100] "GET //wp-includes/js/tinymce/plugins/compat3x/css/index.php HTTP/1.1" 404 596 cronicadeextremadura.com "-" "Go-http-client/1.1" "-"
20.238.125.0 - - [03/Feb/2024:10:10:07 +0100] "GET //dropdown.php HTTP/1.1" 404 596 cronicadeextremadura.com "-" "Go-http-client/1.1" "-"
20.238.125.0 - - [03/Feb/2024:10:10:07 +0100] "GET //wp-includes/Text/about.php HTTP/1.1" 404 596 cronicadeextremadura.com "-" "Go-http-client/1.1" "-"
20.238.125.0 - - [03/Feb/2024:10:10:07 +0100] "GET //wp-includes/rest-api/about.php HTTP/1.1" 404 596 cronicadeextremadura.com "-" "Go-http-client/1.1" "-"
20.238.125.0 - - [03/Feb/2024:10:10:07 +0100] "GET //ee.php HTTP/1.1" 404 596 cronicadeextremadura.com "-" "Go-http-client/1.1" "-"
20.238.125.0 - - [03/Feb/2024:10:10:08 +0100] "GET //wp-admin/install.php HTTP/1.1" 404 596 cronicadeextremadura.com "-" "Go-http-client/1.1" "-"
20.238.125.0 - - [03/Feb/2024:10:10:08 +0100] "GET //wp-content/plugins/install.php HTTP/1.1" 404 596 cronicadeextremadura.com "-" "Go-http-client/1.1" "-"
20.238.125.0 - - [03/Feb/2024:10:10:08 +0100] "GET //wp-content/install.php HTTP/1.1" 404 596 cronicadeextremadura.com "-" "Go-http-client/1.1" "-"
20.238.125.0 - - [03/Feb/2024:10:10:08 +0100] "GET //install.php HTTP/1.1" 404 596 cronicadeextremadura.com "-" "Go-http-client/1.1" "-"
20.238.125.0 - - [03/Feb/2024:10:10:08 +0100] "GET //wp-includes/install.php HTTP/1.1" 404 596 cronicadeextremadura.com "-" "Go-http-client/1.1" "-"
20.238.125.0 - - [03/Feb/2024:10:10:08 +0100] "GET //wp-admin/images/install.php HTTP/1.1" 404 596 cronicadeextremadura.com "-" "Go-http-client/1.1" "-"
20.238.125.0 - - [03/Feb/2024:10:10:08 +0100] "GET //cgi-bin/install.php HTTP/1.1" 404 596 cronicadeextremadura.com "-" "Go-http-client/1.1" "-"
20.238.125.0 - - [03/Feb/2024:10:10:08 +0100] "GET //css/install.php HTTP/1.1" 404 596 cronicadeextremadura.com "-" "Go-http-client/1.1" "-"
20.238.125.0 - - [03/Feb/2024:10:10:08 +0100] "GET //wp-admin/js/about.php7 HTTP/1.1" 404 596 cronicadeextremadura.com "-" "Go-http-client/1.1" "-"
20.238.125.0 - - [03/Feb/2024:10:10:08 +0100] "GET //wp-admin/js/about.php HTTP/1.1" 404 596 cronicadeextremadura.com "-" "Go-http-client/1.1" "-"
20.238.125.0 - - [03/Feb/2024:10:10:08 +0100] "GET //wp-admin/maint/moon.php HTTP/1.1" 404 596 cronicadeextremadura.com "-" "Go-http-client/1.1" "-"
20.238.125.0 - - [03/Feb/2024:10:10:08 +0100] "GET //cgi-bin/cgi-bin/about.php HTTP/1.1" 404 596 cronicadeextremadura.com "-" "Go-http-client/1.1" "-"
20.238.125.0 - - [03/Feb/2024:10:10:08 +0100] "GET //cgi-bin/cgi-bin/about.php7 HTTP/1.1" 404 596 cronicadeextremadura.com "-" "Go-http-client/1.1" "-"
20.238.125.0 - - [03/Feb/2024:10:10:08 +0100] "GET //wp-admin/dropdown.php HTTP/1.1" 404 596 cronicadeextremadura.com "-" "Go-http-client/1.1" "-"
20.238.125.0 - - [03/Feb/2024:10:10:08 +0100] "GET //wp-content/plugins/Cache/dropdown.php HTTP/1.1" 404 596 cronicadeextremadura.com "-" "Go-http-client/1.1" "-"
20.238.125.0 - - [03/Feb/2024:10:10:08 +0100] "GET //wp-content/dropdown.php HTTP/1.1" 404 596 cronicadeextremadura.com "-" "Go-http-client/1.1" "-"
74.125.209.0 - - [03/Feb/2024:10:10:08 +0100] "GET /category/politica/feed/ HTTP/1.1" 200 18273 cronicareinodearagon.com "-" "FeedFetcher-Google; (+http://www.google.com/feedfetcher.html)" "-"
82.165.88.0 - - [03/Feb/2024:10:10:09 +0100] "POST /wp-cron.php?doing_wp_cron=1706951409.1083559989929199218750 HTTP/1.1" 200 - cronicareinodearagon.com "-" "WordPress/6.2.2; https://cronicareinodearagon.com" "-"
43.134.142.0 - - [03/Feb/2024:10:11:45 +0100] "GET / HTTP/1.1" 200 336 cronicadejaen.com "-" "Mozilla/5.0 (iPhone; CPU iPhone OS 13_2_3 like Mac OS X) AppleWebKit/605.1.15 (KHTML, like Gecko) Version/13.0.3 Mobile/15E148 Safari/604.1" "-"
85.208.96.0 - - [03/Feb/2024:10:15:17 +0100] "GET /robots.txt HTTP/1.1" 200 202 cronicareinodearagon.com "-" "Mozilla/5.0 (compatible; SemrushBot/7~bl; +http://www.semrush.com/bot.html)" "-"
82.165.88.0 - - [03/Feb/2024:10:15:18 +0100] "POST /wp-cron.php?doing_wp_cron=1706951718.1341960430145263671875 HTTP/1.1" 200 - cronicareinodearagon.com "-" "WordPress/6.2.2; https://cronicareinodearagon.com" "-"
185.191.171.0 - - [03/Feb/2024:10:15:20 +0100] "GET /aragon/csif-educacion-protesta-labor-docente/ HTTP/1.1" 200 172579 cronicareinodearagon.com "-" "Mozilla/5.0 (compatible; SemrushBot/7~bl; +http://www.semrush.com/bot.html)" "-"
82.165.88.0 - - [03/Feb/2024:10:16:14 +0100] "POST /wp-cron.php?doing_wp_cron=1706951774.6314280033111572265625 HTTP/1.1" 200 - cronicareinodearagon.com "-" "WordPress/6.2.2; https://cronicareinodearagon.com" "-"
54.36.148.0 - - [03/Feb/2024:10:16:14 +0100] "GET /aragon/desmantelada-sevilla-banda-aluniceros/ HTTP/1.1" 200 165807 cronicareinodearagon.com "-" "Mozilla/5.0 (compatible; AhrefsBot/7.0; +http://ahrefs.com/robot/)" "-"
178.128.44.0 - - [03/Feb/2024:10:16:52 +0100] "GET / HTTP/1.1" 200 336 cronicadelpaisvalenciano.com "-" "Mozilla/5.0 (X11; Linux x86_64) AppleWebKit/537.36 (KHTML, like Gecko) Chrome/108.0.0.0 Safari/537.36" "-"
82.165.88.0 - - [03/Feb/2024:10:17:11 +0100] "POST /wp-cron.php?doing_wp_cron=1706951831.5623118877410888671875 HTTP/1.1" 200 - cronicareinodearagon.com "-" "WordPress/6.2.2; https://cronicareinodearagon.com" "-"
85.208.96.0 - - [03/Feb/2024:10:17:11 +0100] "GET /category/sociedad/page/10/ HTTP/1.1" 200 147488 cronicareinodearagon.com "-" "Mozilla/5.0 (compatible; SemrushBot/7~bl; +http://www.semrush.com/bot.html)" "-"
185.191.171.0 - - [03/Feb/2024:10:24:57 +0100] "GET /sociedad/policia-dos-hermanas-cadaveres-violencia-sevilla/ HTTP/1.1" 200 160132 cronicareinodearagon.com "-" "Mozilla/5.0 (compatible; SemrushBot/7~bl; +http://www.semrush.com/bot.html)" "-"
82.165.88.0 - - [03/Feb/2024:10:24:58 +0100] "POST /wp-cron.php?doing_wp_cron=1706952298.2296888828277587890625 HTTP/1.1" 200 - cronicareinodearagon.com "-" "WordPress/6.2.2; https://cronicareinodearagon.com" "-"
43.133.72.0 - - [03/Feb/2024:10:29:56 +0100] "GET / HTTP/1.1" 200 336 cronicadecadiz.com "-" "Mozilla/5.0 (iPhone; CPU iPhone OS 13_2_3 like Mac OS X) AppleWebKit/605.1.15 (KHTML, like Gecko) Version/13.0.3 Mobile/15E148 Safari/604.1" "-"
193.110.131.0 - - [03/Feb/2024:10:35:10 +0100] "GET / HTTP/1.1" 200 336 cronicadevalencia.com "-" "Mozilla/5.0 (Windows NT 10.0; Win64; x64) AppleWebKit/537.36 (KHTML, like Gecko) Chrome/114.0.0.0 Safari/537.36" "-"
193.110.131.0 - - [03/Feb/2024:10:35:10 +0100] "GET /defaultsite HTTP/1.1" 200 18994 cronicadevalencia.com "http://cronicadevalencia.com" "Mozilla/5.0 (Windows NT 10.0; Win64; x64) AppleWebKit/537.36 (KHTML, like Gecko) Chrome/114.0.0.0 Safari/537.36" "-"
185.6.10.0 - - [03/Feb/2024:10:39:34 +0100] "GET /about.php?520=1 HTTP/1.1" 404 596 cronicadeextremadura.com "cronicadeextremadura.com" "Mozilla/5.0 (Windows NT 6.1; Win64; x64) AppleWebKit/537.36 (KHTML, like Gecko) Chrome/242.02.8301.120 Safari/537.36" "-"
54.36.148.0 - - [03/Feb/2024:10:40:38 +0100] "GET /aragon/manifestaciones-sistema-universitario-publico-andaluz/ HTTP/1.1" 200 167697 cronicareinodearagon.com "-" "Mozilla/5.0 (compatible; AhrefsBot/7.0; +http://ahrefs.com/robot/)" "-"
82.165.88.0 - - [03/Feb/2024:10:40:40 +0100] "POST /wp-cron.php?doing_wp_cron=1706953240.0490589141845703125000 HTTP/1.1" 200 - cronicareinodearagon.com "-" "WordPress/6.2.2; https://cronicareinodearagon.com" "-"
54.212.50.0 - - [03/Feb/2024:10:40:52 +0100] "GET / HTTP/1.1" 200 336 grupocronicaenlibertad.com "-" "Mozilla/5.0 (X11; Linux x86_64) AppleWebKit/537.36 (KHTML, like Gecko) Chrome/83.0.4103.97 Safari/537.36" "-"
185.6.10.0 - - [03/Feb/2024:10:41:01 +0100] "GET /admin.php?520=1 HTTP/1.1" 404 596 cronicadeextremadura.com "cronicadeextremadura.com" "Mozilla/5.0 (Windows NT 6.1; Win64; x64) AppleWebKit/537.36 (KHTML, like Gecko) Chrome/242.02.8301.120 Safari/537.36" "-"
221.229.106.0 - - [03/Feb/2024:10:46:48 +0100] "GET / HTTP/1.1" 200 336 cronicademalaga.com "-" "Mozilla/5.0 (iPhone; CPU iPhone OS 13_2_3 like Mac OS X) AppleWebKit/605.1.15 (KHTML, like Gecko) Version/13.0.3 Mobile/15E148 Safari/604.1" "-"
221.229.106.0 - - [03/Feb/2024:10:46:52 +0100] "GET / HTTP/1.1" 200 336 cronicadehuelva.com "-" "Mozilla/5.0 (iPhone; CPU iPhone OS 13_2_3 like Mac OS X) AppleWebKit/605.1.15 (KHTML, like Gecko) Version/13.0.3 Mobile/15E148 Safari/604.1" "-"
54.36.148.0 - - [03/Feb/2024:10:49:03 +0100] "GET /opinion/tribuna-revulsivo-ideas-izquierda-andaluza/ HTTP/1.1" 200 34840 cronicareinodearagon.com "-" "Mozilla/5.0 (compatible; AhrefsBot/7.0; +http://ahrefs.com/robot/)" "-"
193.110.131.0 - - [03/Feb/2024:10:52:13 +0100] "GET / HTTP/1.1" 200 336 cronicademalaga.com "-" "Mozilla/5.0 (Windows NT 10.0; Win64; x64; rv:114.0) Gecko/20100101 Firefox/114.0" "-"
193.110.131.0 - - [03/Feb/2024:10:52:13 +0100] "GET /defaultsite HTTP/1.1" 200 18994 cronicademalaga.com "http://cronicademalaga.com" "Mozilla/5.0 (Windows NT 10.0; Win64; x64; rv:114.0) Gecko/20100101 Firefox/114.0" "-"
74.125.209.0 - - [03/Feb/2024:10:55:53 +0100] "GET /category/politica/feed/ HTTP/1.1" 200 18273 cronicareinodearagon.com "-" "FeedFetcher-Google; (+http://www.google.com/feedfetcher.html)" "-"
85.208.96.0 - - [03/Feb/2024:10:56:08 +0100] "GET /aragon/convocadas-subvenciones-de-conciliacion-y-apoyo-a-las-familias/ HTTP/1.1" 200 33154 cronicareinodearagon.com "-" "Mozilla/5.0 (compatible; SemrushBot/7~bl; +http://www.semrush.com/bot.html)" "-"
82.165.88.0 - - [03/Feb/2024:10:56:09 +0100] "POST /wp-cron.php?doing_wp_cron=1706954169.2542810440063476562500 HTTP/1.1" 200 - cronicareinodearagon.com "-" "WordPress/6.2.2; https://cronicareinodearagon.com" "-"
172.233.201.0 - - [03/Feb/2024:10:56:43 +0100] "GET //wp-content/plugins/fix/up.php HTTP/1.1" 301 270 cronicareinodearagon.com "-" "Mozilla/5.0 (Windows NT 10.0; Win64; x64) AppleWebKit/537.36 (KHTML, like Gecko) Chrome/85.0.4183.102 Safari/537.36" "-"
82.165.88.0 - - [03/Feb/2024:10:56:47 +0100] "POST /wp-cron.php?doing_wp_cron=1706954207.2934110164642333984375 HTTP/1.1" 200 - cronicareinodearagon.com "-" "WordPress/6.2.2; https://cronicareinodearagon.com" "-"
172.233.201.0 - - [03/Feb/2024:10:56:47 +0100] "GET /wp-content/plugins/fix/up.php HTTP/1.1" 404 144894 cronicareinodearagon.com "-" "Mozilla/5.0 (Windows NT 10.0; Win64; x64) AppleWebKit/537.36 (KHTML, like Gecko) Chrome/85.0.4183.102 Safari/537.36" "-"
124.156.193.0 - - [03/Feb/2024:10:58:07 +0100] "GET / HTTP/1.1" 200 336 cronicadesevilla.com "-" "Mozilla/5.0 (iPhone; CPU iPhone OS 13_2_3 like Mac OS X) AppleWebKit/605.1.15 (KHTML, like Gecko) Version/13.0.3 Mobile/15E148 Safari/604.1" "-"
124.156.193.0 - - [03/Feb/2024:10:58:07 +0100] "GET / HTTP/1.1" 200 336 cronicadegranada.com "-" "Mozilla/5.0 (iPhone; CPU iPhone OS 13_2_3 like Mac OS X) AppleWebKit/605.1.15 (KHTML, like Gecko) Version/13.0.3 Mobile/15E148 Safari/604.1" "-"
124.156.193.0 - - [03/Feb/2024:10:58:07 +0100] "GET / HTTP/1.1" 200 336 cronicadealmeria.com "-" "Mozilla/5.0 (iPhone; CPU iPhone OS 13_2_3 like Mac OS X) AppleWebKit/605.1.15 (KHTML, like Gecko) Version/13.0.3 Mobile/15E148 Safari/604.1" "-"
124.156.193.0 - - [03/Feb/2024:10:58:07 +0100] "GET / HTTP/1.1" 200 336 cronicadecordoba.com "-" "Mozilla/5.0 (iPhone; CPU iPhone OS 13_2_3 like Mac OS X) AppleWebKit/605.1.15 (KHTML, like Gecko) Version/13.0.3 Mobile/15E148 Safari/604.1" "-"
82.165.88.0 - - [03/Feb/2024:11:00:54 +0100] "POST /wp-cron.php?doing_wp_cron=1706954454.5078148841857910156250 HTTP/1.1" 200 - cronicareinodearagon.com "-" "WordPress/6.2.2; https://cronicareinodearagon.com" "-"
54.36.148.0 - - [03/Feb/2024:11:00:54 +0100] "GET /aragon/andalucia-mascarillas-coronavirus-covid/ HTTP/1.1" 200 162697 cronicareinodearagon.com "-" "Mozilla/5.0 (compatible; AhrefsBot/7.0; +http://ahrefs.com/robot/)" "-"
82.165.88.0 - - [03/Feb/2024:11:02:41 +0100] "POST /wp-cron.php?doing_wp_cron=1706954561.8540809154510498046875 HTTP/1.1" 200 - cronicareinodearagon.com "-" "WordPress/6.2.2; https://cronicareinodearagon.com" "-"
185.191.171.0 - - [03/Feb/2024:11:02:41 +0100] "GET /sociedad/up-cordoba-casa-julio-romero-torres/ HTTP/1.1" 200 165373 cronicareinodearagon.com "-" "Mozilla/5.0 (compatible; SemrushBot/7~bl; +http://www.semrush.com/bot.html)" "-"
85.208.96.0 - - [03/Feb/2024:11:07:40 +0100] "GET /category/politica/page/41/ HTTP/1.1" 200 131660 cronicareinodearagon.com "-" "Mozilla/5.0 (compatible; SemrushBot/7~bl; +http://www.semrush.com/bot.html)" "-"
82.165.88.0 - - [03/Feb/2024:11:07:40 +0100] "POST /wp-cron.php?doing_wp_cron=1706954860.6706540584564208984375 HTTP/1.1" 200 - cronicareinodearagon.com "-" "WordPress/6.2.2; https://cronicareinodearagon.com" "-"
43.128.100.0 - - [03/Feb/2024:11:08:08 +0100] "GET / HTTP/1.1" 200 336 cronicadeasturias.com "-" "Mozilla/5.0 (iPhone; CPU iPhone OS 13_2_3 like Mac OS X) AppleWebKit/605.1.15 (KHTML, like Gecko) Version/13.0.3 Mobile/15E148 Safari/604.1" "-"
43.128.100.0 - - [03/Feb/2024:11:08:08 +0100] "GET / HTTP/1.1" 200 336 cronicadevalencia.com "-" "Mozilla/5.0 (iPhone; CPU iPhone OS 13_2_3 like Mac OS X) AppleWebKit/605.1.15 (KHTML, like Gecko) Version/13.0.3 Mobile/15E148 Safari/604.1" "-"
54.36.149.0 - - [03/Feb/2024:11:10:23 +0100] "GET /aragon/176598-solicitudes-voto-correo-andalucia/ HTTP/1.1" 200 168214 cronicareinodearagon.com "-" "Mozilla/5.0 (compatible; AhrefsBot/7.0; +http://ahrefs.com/robot/)" "-"
82.165.88.0 - - [03/Feb/2024:11:10:24 +0100] "POST /wp-cron.php?doing_wp_cron=1706955024.1137340068817138671875 HTTP/1.1" 200 - cronicareinodearagon.com "-" "WordPress/6.2.2; https://cronicareinodearagon.com" "-"
85.208.96.0 - - [03/Feb/2024:11:13:28 +0100] "GET /aragon/juan-espadas-voto-util-frenar-ultraderecha-vox-andalucia/ HTTP/1.1" 200 174009 cronicareinodearagon.com "-" "Mozilla/5.0 (compatible; SemrushBot/7~bl; +http://www.semrush.com/bot.html)" "-"
82.165.88.0 - - [03/Feb/2024:11:13:29 +0100] "POST /wp-cron.php?doing_wp_cron=1706955209.1620409488677978515625 HTTP/1.1" 200 - cronicareinodearagon.com "-" "WordPress/6.2.2; https://cronicareinodearagon.com" "-"
52.167.144.0 - - [03/Feb/2024:11:14:16 +0100] "GET /aragon/resultados-elecciones-autonomicas-municipales-aragon/ HTTP/1.1" 200 36138 cronicareinodearagon.com "-" "Mozilla/5.0 AppleWebKit/537.36 (KHTML, like Gecko; compatible; bingbot/2.0; +http://www.bing.com/bingbot.htm) Chrome/116.0.1938.76 Safari/537.36" "-"
207.46.13.0 - - [03/Feb/2024:11:16:21 +0100] "GET /wp-json/wp/v2/posts/8606 HTTP/1.1" 200 5615 cronicareinodearagon.com "-" "Mozilla/5.0 AppleWebKit/537.36 (KHTML, like Gecko; compatible; bingbot/2.0; +http://www.bing.com/bingbot.htm) Chrome/116.0.1938.76 Safari/537.36" "-"
82.165.88.0 - - [03/Feb/2024:11:16:22 +0100] "POST /wp-cron.php?doing_wp_cron=1706955381.9895710945129394531250 HTTP/1.1" 200 - cronicareinodearagon.com "-" "WordPress/6.2.2; https://cronicareinodearagon.com" "-"
54.36.148.0 - - [03/Feb/2024:11:19:06 +0100] "GET /economia/huelga-iberalbion/ HTTP/1.1" 200 159572 cronicareinodearagon.com "-" "Mozilla/5.0 (compatible; AhrefsBot/7.0; +http://ahrefs.com/robot/)" "-"
82.165.88.0 - - [03/Feb/2024:11:19:07 +0100] "POST /wp-cron.php?doing_wp_cron=1706955546.9676780700683593750000 HTTP/1.1" 200 - cronicareinodearagon.com "-" "WordPress/6.2.2; https://cronicareinodearagon.com" "-"
74.125.209.0 - - [03/Feb/2024:11:19:15 +0100] "GET /category/educacion/feed/ HTTP/1.1" 200 56994 cronicareinodearagon.com "-" "FeedFetcher-Google; (+http://www.google.com/feedfetcher.html)" "-"
74.125.209.0 - - [03/Feb/2024:11:24:37 +0100] "GET /category/politica/feed/ HTTP/1.1" 200 18273 cronicareinodearagon.com "-" "FeedFetcher-Google; (+http://www.google.com/feedfetcher.html)" "-"
82.165.88.0 - - [03/Feb/2024:11:24:58 +0100] "POST /wp-cron.php?doing_wp_cron=1706955898.8959870338439941406250 HTTP/1.1" 200 - cronicareinodearagon.com "-" "WordPress/6.2.2; https://cronicareinodearagon.com" "-"
116.11.145.0 - - [03/Feb/2024:11:24:58 +0100] "POST /wp-comments-post.php HTTP/1.1" 302 - cronicareinodearagon.com "-" "Mozilla/5.0 (Windows NT 10.0; Win64; x64) AppleWebKit/537.36 (KHTML, like Gecko) Chrome/108.0.0.0 Safari/537.36 Edg/108.0.1462.46" "-"
116.11.145.0 - - [03/Feb/2024:11:24:59 +0100] "GET /opinion/derecho-propia-imagen-sociedad-digital/ HTTP/1.1" 200 172254 cronicareinodearagon.com "-" "Mozilla/5.0 (Windows NT 10.0; Win64; x64) AppleWebKit/537.36 (KHTML, like Gecko) Chrome/108.0.0.0 Safari/537.36 Edg/108.0.1462.46" "-"
82.165.88.0 - - [03/Feb/2024:11:27:56 +0100] "POST /wp-cron.php?doing_wp_cron=1706956076.4108679294586181640625 HTTP/1.1" 200 - cronicareinodearagon.com "-" "WordPress/6.2.2; https://cronicareinodearagon.com" "-"
54.36.148.0 - - [03/Feb/2024:11:27:56 +0100] "GET /category/educacion/page/4/ HTTP/1.1" 200 147360 cronicareinodearagon.com "-" "Mozilla/5.0 (compatible; AhrefsBot/7.0; +http://ahrefs.com/robot/)" "-"
85.208.96.0 - - [03/Feb/2024:11:28:10 +0100] "GET /robots.txt HTTP/1.1" 200 202 cronicareinodearagon.com "-" "Mozilla/5.0 (compatible; SemrushBot/7~bl; +http://www.semrush.com/bot.html)" "-"
185.191.171.0 - - [03/Feb/2024:11:28:11 +0100] "GET /aragon/psoe-a-exige-juanma-moreno-infoca/ HTTP/1.1" 200 161868 cronicareinodearagon.com "-" "Mozilla/5.0 (compatible; SemrushBot/7~bl; +http://www.semrush.com/bot.html)" "-"
139.59.107.0 - - [03/Feb/2024:11:29:13 +0100] "GET /wp-admin/css/colors/blue/blue.php?wall=ZWNobyAnQmxhY2sgQm90Jztmd3JpdGUoZm9wZW4oJ2Jsa3Nrem12LnBocCcsJ3crJyksJzw/cGhwIGVjaG8gIkJsYWNrIEJvdCI7Pz4nKTs= HTTP/1.1" 301 388 cronicareinodearagon.com "www.google.com" "Mozlila/5.0 (Linux; Android 7.0; SM-G892A Build/NRD90M; wv) AppleWebKit/537.36 (KHTML, like Gecko) Version/4.0 Chrome/60.0.3112.107 Mobile Safari/537.36" "-"
139.59.107.0 - - [03/Feb/2024:11:29:14 +0100] "GET /wp-admin/css/colors/blue/blue.php?wall=ZWNobyAnQmxhY2sgQm90Jztmd3JpdGUoZm9wZW4oJ2Jsa3Nrem12LnBocCcsJ3crJyksJzw/cGhwIGVjaG8gIkJsYWNrIEJvdCI7Pz4nKTs= HTTP/1.1" 404 144941 cronicareinodearagon.com "www.google.com" "Mozlila/5.0 (Linux; Android 7.0; SM-G892A Build/NRD90M; wv) AppleWebKit/537.36 (KHTML, like Gecko) Version/4.0 Chrome/60.0.3112.107 Mobile Safari/537.36" "-"
82.165.88.0 - - [03/Feb/2024:11:29:15 +0100] "POST /wp-cron.php?doing_wp_cron=1706956155.2723278999328613281250 HTTP/1.1" 200 - cronicareinodearagon.com "-" "WordPress/6.2.2; https://cronicareinodearagon.com" "-"
139.59.107.0 - - [03/Feb/2024:11:29:17 +0100] "GET /simple.php HTTP/1.1" 301 251 cronicareinodearagon.com "www.google.com" "Mozlila/5.0 (Linux; Android 7.0; SM-G892A Build/NRD90M; wv) AppleWebKit/537.36 (KHTML, like Gecko) Version/4.0 Chrome/60.0.3112.107 Mobile Safari/537.36" "-"
139.59.107.0 - - [03/Feb/2024:11:29:19 +0100] "GET /simple.php HTTP/1.1" 404 144868 cronicareinodearagon.com "www.google.com" "Mozlila/5.0 (Linux; Android 7.0; SM-G892A Build/NRD90M; wv) AppleWebKit/537.36 (KHTML, like Gecko) Version/4.0 Chrome/60.0.3112.107 Mobile Safari/537.36" "-"
139.59.107.0 - - [03/Feb/2024:11:29:21 +0100] "GET /wp-content/plugins/yyobang/mar.php HTTP/1.1" 404 144943 cronicareinodearagon.com "www.google.com" "Mozlila/5.0 (Linux; Android 7.0; SM-G892A Build/NRD90M; wv) AppleWebKit/537.36 (KHTML, like Gecko) Version/4.0 Chrome/60.0.3112.107 Mobile Safari/537.36" "-"
139.59.107.0 - - [03/Feb/2024:11:29:22 +0100] "GET /wp-content/plugins/press/wp-class.php HTTP/1.1" 301 278 cronicareinodearagon.com "www.google.com" "Mozlila/5.0 (Linux; Android 7.0; SM-G892A Build/NRD90M; wv) AppleWebKit/537.36 (KHTML, like Gecko) Version/4.0 Chrome/60.0.3112.107 Mobile Safari/537.36" "-"
139.59.107.0 - - [03/Feb/2024:11:29:24 +0100] "GET /wp-content/plugins/press/wp-class.php HTTP/1.1" 404 144952 cronicareinodearagon.com "www.google.com" "Mozlila/5.0 (Linux; Android 7.0; SM-G892A Build/NRD90M; wv) AppleWebKit/537.36 (KHTML, like Gecko) Version/4.0 Chrome/60.0.3112.107 Mobile Safari/537.36" "-"
139.59.107.0 - - [03/Feb/2024:11:29:26 +0100] "GET /xxl.php HTTP/1.1" 404 144859 cronicareinodearagon.com "www.google.com" "Mozlila/5.0 (Linux; Android 7.0; SM-G892A Build/NRD90M; wv) AppleWebKit/537.36 (KHTML, like Gecko) Version/4.0 Chrome/60.0.3112.107 Mobile Safari/537.36" "-"
139.59.107.0 - - [03/Feb/2024:11:29:27 +0100] "GET /fm1.php HTTP/1.1" 301 248 cronicareinodearagon.com "www.google.com" "Mozlila/5.0 (Linux; Android 7.0; SM-G892A Build/NRD90M; wv) AppleWebKit/537.36 (KHTML, like Gecko) Version/4.0 Chrome/60.0.3112.107 Mobile Safari/537.36" "-"
139.59.107.0 - - [03/Feb/2024:11:29:28 +0100] "GET /fm1.php HTTP/1.1" 404 144859 cronicareinodearagon.com "www.google.com" "Mozlila/5.0 (Linux; Android 7.0; SM-G892A Build/NRD90M; wv) AppleWebKit/537.36 (KHTML, like Gecko) Version/4.0 Chrome/60.0.3112.107 Mobile Safari/537.36" "-"
139.59.107.0 - - [03/Feb/2024:11:29:30 +0100] "GET /wp-content/themes/finley/min.php HTTP/1.1" 404 144937 cronicareinodearagon.com "www.google.com" "Mozlila/5.0 (Linux; Android 7.0; SM-G892A Build/NRD90M; wv) AppleWebKit/537.36 (KHTML, like Gecko) Version/4.0 Chrome/60.0.3112.107 Mobile Safari/537.36" "-"
139.59.107.0 - - [03/Feb/2024:11:29:32 +0100] "GET /M1.php HTTP/1.1" 404 144856 cronicareinodearagon.com "www.google.com" "Mozlila/5.0 (Linux; Android 7.0; SM-G892A Build/NRD90M; wv) AppleWebKit/537.36 (KHTML, like Gecko) Version/4.0 Chrome/60.0.3112.107 Mobile Safari/537.36" "-"
139.59.107.0 - - [03/Feb/2024:11:29:34 +0100] "GET /wp-head.php HTTP/1.1" 404 144871 cronicareinodearagon.com "www.google.com" "Mozlila/5.0 (Linux; Android 7.0; SM-G892A Build/NRD90M; wv) AppleWebKit/537.36 (KHTML, like Gecko) Version/4.0 Chrome/60.0.3112.107 Mobile Safari/537.36" "-"
139.59.107.0 - - [03/Feb/2024:11:29:35 +0100] "GET /class.api.php HTTP/1.1" 404 144877 cronicareinodearagon.com "www.google.com" "Mozlila/5.0 (Linux; Android 7.0; SM-G892A Build/NRD90M; wv) AppleWebKit/537.36 (KHTML, like Gecko) Version/4.0 Chrome/60.0.3112.107 Mobile Safari/537.36" "-"
43.155.136.0 - - [03/Feb/2024:11:31:39 +0100] "GET / HTTP/1.1" 200 336 cronicadeextremadura.com "-" "Mozilla/5.0 (iPhone; CPU iPhone OS 13_2_3 like Mac OS X) AppleWebKit/605.1.15 (KHTML, like Gecko) Version/13.0.3 Mobile/15E148 Safari/604.1" "-"
43.155.136.0 - - [03/Feb/2024:11:31:39 +0100] "GET / HTTP/1.1" 301 241 cronicareinodearagon.com "-" "Mozilla/5.0 (iPhone; CPU iPhone OS 13_2_3 like Mac OS X) AppleWebKit/605.1.15 (KHTML, like Gecko) Version/13.0.3 Mobile/15E148 Safari/604.1" "-"
43.155.136.0 - - [03/Feb/2024:11:31:43 +0100] "GET / HTTP/1.1" 200 41737 cronicareinodearagon.com "http://cronicareinodearagon.com" "Mozilla/5.0 (iPhone; CPU iPhone OS 13_2_3 like Mac OS X) AppleWebKit/605.1.15 (KHTML, like Gecko) Version/13.0.3 Mobile/15E148 Safari/604.1" "-"
54.36.149.0 - - [03/Feb/2024:11:35:11 +0100] "GET /aragon/juanma-moreno-regadios-donana/ HTTP/1.1" 200 165038 cronicareinodearagon.com "-" "Mozilla/5.0 (compatible; AhrefsBot/7.0; +http://ahrefs.com/robot/)" "-"
82.165.88.0 - - [03/Feb/2024:11:35:12 +0100] "POST /wp-cron.php?doing_wp_cron=1706956512.1703269481658935546875 HTTP/1.1" 200 - cronicareinodearagon.com "-" "WordPress/6.2.2; https://cronicareinodearagon.com" "-"
124.226.222.0 - - [03/Feb/2024:11:38:19 +0100] "GET / HTTP/1.1" 200 336 grupocronicaenlibertad.com "-" "Mozilla/5.0 (iPhone; CPU iPhone OS 13_2_3 like Mac OS X) AppleWebKit/605.1.15 (KHTML, like Gecko) Version/13.0.3 Mobile/15E148 Safari/604.1" "-"
82.165.88.0 - - [03/Feb/2024:11:41:59 +0100] "POST /wp-cron.php?doing_wp_cron=1706956919.8827779293060302734375 HTTP/1.1" 200 - cronicareinodearagon.com "-" "WordPress/6.2.2; https://cronicareinodearagon.com" "-"
185.191.171.0 - - [03/Feb/2024:11:41:59 +0100] "GET /sociedad/seminario-internacional-poesia-cordoba-febrero/ HTTP/1.1" 200 165147 cronicareinodearagon.com "-" "Mozilla/5.0 (compatible; SemrushBot/7~bl; +http://www.semrush.com/bot.html)" "-"
54.36.148.0 - - [03/Feb/2024:11:42:40 +0100] "GET /aragon/forestalia-consumo-electrico-gratuito-aragon/ HTTP/1.1" 200 34263 cronicareinodearagon.com "-" "Mozilla/5.0 (compatible; AhrefsBot/7.0; +http://ahrefs.com/robot/)" "-"
74.125.209.0 - - [03/Feb/2024:11:42:41 +0100] "GET /category/sociedad/feed/ HTTP/1.1" 200 16233 cronicareinodearagon.com "-" "FeedFetcher-Google; (+http://www.google.com/feedfetcher.html)" "-"
54.36.148.0 - - [03/Feb/2024:11:42:42 +0100] "GET /wp-content/uploads/2023/05/forestalia.jpg HTTP/1.1" 200 321642 cronicareinodearagon.com "-" "Mozilla/5.0 (compatible; AhrefsBot/7.0; +http://ahrefs.com/robot/)" "-"
106.119.167.0 - - [03/Feb/2024:11:43:33 +0100] "GET / HTTP/1.1" 200 336 cronicadelpaisvalenciano.com "-" "Mozilla/5.0 (iPhone; CPU iPhone OS 13_2_3 like Mac OS X) AppleWebKit/605.1.15 (KHTML, like Gecko) Version/13.0.3 Mobile/15E148 Safari/604.1" "-"
74.125.209.0 - - [03/Feb/2024:11:47:56 +0100] "GET /category/educacion/feed/ HTTP/1.1" 200 56994 cronicareinodearagon.com "-" "FeedFetcher-Google; (+http://www.google.com/feedfetcher.html)" "-"
74.125.216.0 - - [03/Feb/2024:11:50:10 +0100] "GET /category/economia/feed/ HTTP/1.1" 200 42774 cronicareinodearagon.com "-" "FeedFetcher-Google; (+http://www.google.com/feedfetcher.html)" "-"
54.36.148.0 - - [03/Feb/2024:11:50:35 +0100] "GET /aragon/isaac-rosa-premio-biblioteca-breve-sevilla/ HTTP/1.1" 200 36135 cronicareinodearagon.com "-" "Mozilla/5.0 (compatible; AhrefsBot/7.0; +http://ahrefs.com/robot/)" "-"
82.165.88.0 - - [03/Feb/2024:11:50:36 +0100] "POST /wp-cron.php?doing_wp_cron=1706957436.0056428909301757812500 HTTP/1.1" 200 - cronicareinodearagon.com "-" "WordPress/6.2.2; https://cronicareinodearagon.com" "-"
185.191.171.0 - - [03/Feb/2024:11:52:38 +0100] "GET /sociedad/premio-catedra-memoria-democratica-cordoba/ HTTP/1.1" 200 34326 cronicareinodearagon.com "-" "Mozilla/5.0 (compatible; SemrushBot/7~bl; +http://www.semrush.com/bot.html)" "-"
82.165.88.0 - - [03/Feb/2024:11:52:39 +0100] "POST /wp-cron.php?doing_wp_cron=1706957558.9981811046600341796875 HTTP/1.1" 200 - cronicareinodearagon.com "-" "WordPress/6.2.2; https://cronicareinodearagon.com" "-"
101.44.251.0 - - [03/Feb/2024:11:53:46 +0100] "GET /sociedad/planta-transferencia-residuos-quinto-ecoprovincia-zaragoza/ HTTP/1.1" 301 309 cronicareinodearagon.com "http://cronicareinodearagon.com/sociedad/planta-transferencia-residuos-quinto-ecoprovincia-zaragoza/" "Mozilla/5.0 (Macintosh; Intel Mac OS X 10_15_7) AppleWebKit/537.36 (KHTML, like Gecko) Chrome/114.0.0.0 Safari/537.36" "-"
101.44.251.0 - - [03/Feb/2024:11:53:47 +0100] "GET /sociedad/planta-transferencia-residuos-quinto-ecoprovincia-zaragoza/ HTTP/1.1" 200 35734 cronicareinodearagon.com "https://cronicareinodearagon.com/sociedad/planta-transferencia-residuos-quinto-ecoprovincia-zaragoza/" "Mozilla/5.0 (Macintosh; Intel Mac OS X 10_15_7) AppleWebKit/537.36 (KHTML, like Gecko) Chrome/114.0.0.0 Safari/537.36" "-"
82.165.88.0 - - [03/Feb/2024:11:56:51 +0100] "POST /wp-cron.php?doing_wp_cron=1706957811.6651239395141601562500 HTTP/1.1" 200 - cronicareinodearagon.com "-" "WordPress/6.2.2; https://cronicareinodearagon.com" "-"
85.208.96.0 - - [03/Feb/2024:11:56:51 +0100] "GET /aragon/riesgos-viento-lluvia-nieve-andalucia/ HTTP/1.1" 200 34924 cronicareinodearagon.com "-" "Mozilla/5.0 (compatible; SemrushBot/7~bl; +http://www.semrush.com/bot.html)" "-"
82.165.88.0 - - [03/Feb/2024:11:57:51 +0100] "POST /wp-cron.php?doing_wp_cron=1706957871.4342749118804931640625 HTTP/1.1" 200 - cronicareinodearagon.com "-" "WordPress/6.2.2; https://cronicareinodearagon.com" "-"
54.36.149.0 - - [03/Feb/2024:11:57:51 +0100] "GET /opinion/plata-y-plomo-esa-es-la-campana-de-la-triada-pp-cs-vox/ HTTP/1.1" 200 36310 cronicareinodearagon.com "-" "Mozilla/5.0 (compatible; AhrefsBot/7.0; +http://ahrefs.com/robot/)" "-"
82.165.88.0 - - [03/Feb/2024:12:00:56 +0100] "POST /wp-cron.php?doing_wp_cron=1706958056.8661201000213623046875 HTTP/1.1" 200 - cronicareinodearagon.com "-" "WordPress/6.2.2; https://cronicareinodearagon.com" "-"
85.208.96.0 - - [03/Feb/2024:12:00:56 +0100] "GET /sociedad/golpe-narcotrafico-malaga-droga/ HTTP/1.1" 200 34250 cronicareinodearagon.com "-" "Mozilla/5.0 (compatible; SemrushBot/7~bl; +http://www.semrush.com/bot.html)" "-"
82.165.88.0 - - [03/Feb/2024:12:03:54 +0100] "POST /wp-cron.php?doing_wp_cron=1706958234.3677880764007568359375 HTTP/1.1" 200 - cronicareinodearagon.com "-" "WordPress/6.2.2; https://cronicareinodearagon.com" "-"
185.191.171.0 - - [03/Feb/2024:12:03:54 +0100] "GET /sociedad/academia-guardia-civil-baeza-401/ HTTP/1.1" 200 35141 cronicareinodearagon.com "-" "Mozilla/5.0 (compatible; SemrushBot/7~bl; +http://www.semrush.com/bot.html)" "-"
23.22.35.0 - - [03/Feb/2024:12:05:29 +0100] "GET /wp-content/uploads/2021/11/2.-Campeon-de-la-Copa-ANCCE-Doma-Clasica-Grupo-Eulen-Nivel-San-Jorge-QUINCALLO-DE-INDALO-II-propiedad-y-criado-por-Yeguada-Indalo-y-montado-por-Alejandro-Sanchez-del-Barco.-.jpg HTTP/1.1" 200 669973 cronicareinodearagon.com "-" "Mozilla/5.0 (Macintosh; Intel Mac OS X 10_10_1) AppleWebKit/600.2.5 (KHTML, like Gecko) Version/8.0.2 Safari/600.2.5 (Amazonbot/0.1; +https://developer.amazon.com/support/amazonbot)" "-"
82.165.88.0 - - [03/Feb/2024:12:06:00 +0100] "POST /wp-cron.php?doing_wp_cron=1706958360.4060618877410888671875 HTTP/1.1" 200 - cronicareinodearagon.com "-" "WordPress/6.2.2; https://cronicareinodearagon.com" "-"
185.191.171.0 - - [03/Feb/2024:12:06:00 +0100] "GET /sociedad/narcotrafico-cadiz-operacion/ HTTP/1.1" 200 37876 cronicareinodearagon.com "-" "Mozilla/5.0 (compatible; SemrushBot/7~bl; +http://www.semrush.com/bot.html)" "-"
185.191.171.0 - - [03/Feb/2024:12:10:13 +0100] "GET /category/politica/page/23/ HTTP/1.1" 200 29683 cronicareinodearagon.com "-" "Mozilla/5.0 (compatible; SemrushBot/7~bl; +http://www.semrush.com/bot.html)" "-"
82.165.88.0 - - [03/Feb/2024:12:10:14 +0100] "POST /wp-cron.php?doing_wp_cron=1706958614.0524759292602539062500 HTTP/1.1" 200 - cronicareinodearagon.com "-" "WordPress/6.2.2; https://cronicareinodearagon.com" "-"
