File: /homepages/20/d917057205/htdocs/_ProviderRestore/logs/access.log.05.6
209.141.53.0 - - [03/Feb/2024:00:02:50 +0100] "GET /?author=9 HTTP/1.1" 301 - cronicareinodearagon.com "http://www.google.com.hk" "Mozilla/5.0 (Windows NT 6.1; WOW64) AppleWebKit/537.36 (KHTML, like Gecko) Chrome/42.0.2311.90 Safari/537.36" "-"
82.165.88.0 - - [03/Feb/2024:00:02:51 +0100] "POST /wp-cron.php?doing_wp_cron=1706914971.1497919559478759765625 HTTP/1.1" 200 - cronicareinodearagon.com "-" "WordPress/6.2.2; https://cronicareinodearagon.com" "-"
209.141.53.0 - - [03/Feb/2024:00:02:52 +0100] "GET / HTTP/1.1" 200 319420 cronicareinodearagon.com "http://www.google.com.hk" "Mozilla/5.0 (Windows NT 6.1; WOW64) AppleWebKit/537.36 (KHTML, like Gecko) Chrome/42.0.2311.90 Safari/537.36" "-"
85.208.96.0 - - [03/Feb/2024:00:03:14 +0100] "GET /category/economia/page/15/ HTTP/1.1" 200 147817 cronicareinodearagon.com "-" "Mozilla/5.0 (compatible; SemrushBot/7~bl; +http://www.semrush.com/bot.html)" "-"
82.165.88.0 - - [03/Feb/2024:00:04:11 +0100] "POST /wp-cron.php?doing_wp_cron=1706915051.8967630863189697265625 HTTP/1.1" 200 - cronicareinodearagon.com "-" "WordPress/6.2.2; https://cronicareinodearagon.com" "-"
185.191.171.0 - - [03/Feb/2024:00:04:11 +0100] "GET /category/aragon/page/44/ HTTP/1.1" 200 147792 cronicareinodearagon.com "-" "Mozilla/5.0 (compatible; SemrushBot/7~bl; +http://www.semrush.com/bot.html)" "-"
82.165.88.0 - - [03/Feb/2024:00:07:21 +0100] "POST /wp-cron.php?doing_wp_cron=1706915241.3387989997863769531250 HTTP/1.1" 200 - cronicareinodearagon.com "-" "WordPress/6.2.2; https://cronicareinodearagon.com" "-"
185.191.171.0 - - [03/Feb/2024:00:07:21 +0100] "GET /aragon/alerta-sanitaria-casos-covid-nivel-1/ HTTP/1.1" 200 169293 cronicareinodearagon.com "-" "Mozilla/5.0 (compatible; SemrushBot/7~bl; +http://www.semrush.com/bot.html)" "-"
185.191.171.0 - - [03/Feb/2024:00:07:46 +0100] "GET /aragon/sanidad-privada-junta-andalucia-juanma-moreno-jesus-aguirre/ HTTP/1.1" 200 171244 cronicareinodearagon.com "-" "Mozilla/5.0 (compatible; SemrushBot/7~bl; +http://www.semrush.com/bot.html)" "-"
82.165.88.0 - - [03/Feb/2024:00:07:47 +0100] "POST /wp-cron.php?doing_wp_cron=1706915267.0308759212493896484375 HTTP/1.1" 200 - cronicareinodearagon.com "-" "WordPress/6.2.2; https://cronicareinodearagon.com" "-"
176.9.76.0 - - [03/Feb/2024:00:10:44 +0100] "GET /sitemap.xml HTTP/1.1" 404 596 cronicadearagon.com "-" "Mozilla/5.0 (Windows NT 10.0; Win64; x64; rv:109.0) Gecko/20100101 Firefox/114.0" "-"
82.165.88.0 - - [03/Feb/2024:00:13:28 +0100] "POST /wp-cron.php?doing_wp_cron=1706915608.9347469806671142578125 HTTP/1.1" 200 - cronicareinodearagon.com "-" "WordPress/6.2.2; https://cronicareinodearagon.com" "-"
85.208.96.0 - - [03/Feb/2024:00:13:28 +0100] "GET /category/sociedad/ HTTP/1.1" 200 29394 cronicareinodearagon.com "-" "Mozilla/5.0 (compatible; SemrushBot/7~bl; +http://www.semrush.com/bot.html)" "-"
66.249.84.0 - - [03/Feb/2024:00:13:33 +0100] "GET /category/sociedad/feed/ HTTP/1.1" 200 16233 cronicareinodearagon.com "-" "FeedFetcher-Google; (+http://www.google.com/feedfetcher.html)" "-"
82.165.88.0 - - [03/Feb/2024:00:14:36 +0100] "POST /wp-cron.php?doing_wp_cron=1706915676.7677419185638427734375 HTTP/1.1" 200 - cronicareinodearagon.com "-" "WordPress/6.2.2; https://cronicareinodearagon.com" "-"
185.191.171.0 - - [03/Feb/2024:00:14:36 +0100] "GET /politica/lastra-ultraderecha-violencia-genero/ HTTP/1.1" 200 172064 cronicareinodearagon.com "-" "Mozilla/5.0 (compatible; SemrushBot/7~bl; +http://www.semrush.com/bot.html)" "-"
185.191.171.0 - - [03/Feb/2024:00:15:01 +0100] "GET /aragon/malaga-candidata-expo-2027/ HTTP/1.1" 200 161847 cronicareinodearagon.com "-" "Mozilla/5.0 (compatible; SemrushBot/7~bl; +http://www.semrush.com/bot.html)" "-"
82.165.88.0 - - [03/Feb/2024:00:15:02 +0100] "POST /wp-cron.php?doing_wp_cron=1706915702.0056769847869873046875 HTTP/1.1" 200 - cronicareinodearagon.com "-" "WordPress/6.2.2; https://cronicareinodearagon.com" "-"
82.165.88.0 - - [03/Feb/2024:00:16:57 +0100] "POST /wp-cron.php?doing_wp_cron=1706915817.5658469200134277343750 HTTP/1.1" 200 - cronicareinodearagon.com "-" "WordPress/6.2.2; https://cronicareinodearagon.com" "-"
185.191.171.0 - - [03/Feb/2024:00:16:57 +0100] "GET /category/educacion/page/5/ HTTP/1.1" 200 148370 cronicareinodearagon.com "-" "Mozilla/5.0 (compatible; SemrushBot/7~bl; +http://www.semrush.com/bot.html)" "-"
185.191.171.0 - - [03/Feb/2024:00:17:08 +0100] "GET /aragon/conectados-a-la-vida-brecha-digital/ HTTP/1.1" 200 162438 cronicareinodearagon.com "-" "Mozilla/5.0 (compatible; SemrushBot/7~bl; +http://www.semrush.com/bot.html)" "-"
23.22.35.0 - - [03/Feb/2024:00:18:38 +0100] "GET /sociedad/ccco-denuncia-ayuntamiento-zaragoza-incumple-acuerdo-instalaciones-deportivas/feed/ HTTP/1.1" 200 1080 cronicareinodearagon.com "-" "Mozilla/5.0 (Macintosh; Intel Mac OS X 10_10_1) AppleWebKit/600.2.5 (KHTML, like Gecko) Version/8.0.2 Safari/600.2.5 (Amazonbot/0.1; +https://developer.amazon.com/support/amazonbot)" "-"
82.165.88.0 - - [03/Feb/2024:00:18:39 +0100] "POST /wp-cron.php?doing_wp_cron=1706915919.1744449138641357421875 HTTP/1.1" 200 - cronicareinodearagon.com "-" "WordPress/6.2.2; https://cronicareinodearagon.com" "-"
85.208.96.0 - - [03/Feb/2024:00:18:39 +0100] "GET /aragon/guillen-psoe-aragon-inaga/ HTTP/1.1" 200 161484 cronicareinodearagon.com "-" "Mozilla/5.0 (compatible; SemrushBot/7~bl; +http://www.semrush.com/bot.html)" "-"
52.70.240.0 - - [03/Feb/2024:00:18:50 +0100] "GET /aragon/chunta-aragonesista-subraya-la-necesidad-de-un-nuevo-plan-de-financiacion-local/feed/ HTTP/1.1" 200 1054 cronicareinodearagon.com "-" "Mozilla/5.0 (Macintosh; Intel Mac OS X 10_10_1) AppleWebKit/600.2.5 (KHTML, like Gecko) Version/8.0.2 Safari/600.2.5 (Amazonbot/0.1; +https://developer.amazon.com/support/amazonbot)" "-"
82.165.88.0 - - [03/Feb/2024:00:18:51 +0100] "POST /wp-cron.php?doing_wp_cron=1706915931.2133800983428955078125 HTTP/1.1" 200 - cronicareinodearagon.com "-" "WordPress/6.2.2; https://cronicareinodearagon.com" "-"
82.165.88.0 - - [03/Feb/2024:00:20:55 +0100] "POST /wp-cron.php?doing_wp_cron=1706916055.8396100997924804687500 HTTP/1.1" 200 - cronicareinodearagon.com "-" "WordPress/6.2.2; https://cronicareinodearagon.com" "-"
23.22.35.0 - - [03/Feb/2024:00:20:55 +0100] "GET /aragon/2-anos-de-carcel-por-abusar-de-una-nina-en-unas-piscinas-de-un-pueblo-de-huesca/feed/ HTTP/1.1" 200 1056 cronicareinodearagon.com "-" "Mozilla/5.0 (Macintosh; Intel Mac OS X 10_10_1) AppleWebKit/600.2.5 (KHTML, like Gecko) Version/8.0.2 Safari/600.2.5 (Amazonbot/0.1; +https://developer.amazon.com/support/amazonbot)" "-"
52.70.240.0 - - [03/Feb/2024:00:21:14 +0100] "GET /politica/liz-truss-dimite-como-primera-ministra-de-reino-unido-tras-45-dias-en-el-cargo/feed/ HTTP/1.1" 200 1055 cronicareinodearagon.com "-" "Mozilla/5.0 (Macintosh; Intel Mac OS X 10_10_1) AppleWebKit/600.2.5 (KHTML, like Gecko) Version/8.0.2 Safari/600.2.5 (Amazonbot/0.1; +https://developer.amazon.com/support/amazonbot)" "-"
3.224.220.0 - - [03/Feb/2024:00:21:38 +0100] "GET /sociedad/mamografias-sevilla-quiron-cancer-mama-revision-gratis-salud-sanidad-andalucia/feed/ HTTP/1.1" 200 1060 cronicareinodearagon.com "-" "Mozilla/5.0 (Macintosh; Intel Mac OS X 10_10_1) AppleWebKit/600.2.5 (KHTML, like Gecko) Version/8.0.2 Safari/600.2.5 (Amazonbot/0.1; +https://developer.amazon.com/support/amazonbot)" "-"
82.165.88.0 - - [03/Feb/2024:00:22:20 +0100] "POST /wp-cron.php?doing_wp_cron=1706916140.4130299091339111328125 HTTP/1.1" 200 - cronicareinodearagon.com "-" "WordPress/6.2.2; https://cronicareinodearagon.com" "-"
85.208.96.0 - - [03/Feb/2024:00:22:20 +0100] "GET /aragon/nuevas-medidas-covid-andalucia/ HTTP/1.1" 200 172046 cronicareinodearagon.com "-" "Mozilla/5.0 (compatible; SemrushBot/7~bl; +http://www.semrush.com/bot.html)" "-"
52.70.240.0 - - [03/Feb/2024:00:22:39 +0100] "GET /aragon/nuevos-impuestos-sector-primario-agricultura-ganaderia-moreno-bonilla-andalucia/feed/ HTTP/1.1" 200 1072 cronicareinodearagon.com "-" "Mozilla/5.0 (Macintosh; Intel Mac OS X 10_10_1) AppleWebKit/600.2.5 (KHTML, like Gecko) Version/8.0.2 Safari/600.2.5 (Amazonbot/0.1; +https://developer.amazon.com/support/amazonbot)" "-"
23.22.35.0 - - [03/Feb/2024:00:22:50 +0100] "GET /aragon/andalucia-sufrio-un-incremento-de-las-emergencias-durante-las-fiestas-navidenas/feed/ HTTP/1.1" 200 1056 cronicareinodearagon.com "-" "Mozilla/5.0 (Macintosh; Intel Mac OS X 10_10_1) AppleWebKit/600.2.5 (KHTML, like Gecko) Version/8.0.2 Safari/600.2.5 (Amazonbot/0.1; +https://developer.amazon.com/support/amazonbot)" "-"
82.165.88.0 - - [03/Feb/2024:00:22:51 +0100] "POST /wp-cron.php?doing_wp_cron=1706916171.0796849727630615234375 HTTP/1.1" 200 - cronicareinodearagon.com "-" "WordPress/6.2.2; https://cronicareinodearagon.com" "-"
23.22.35.0 - - [03/Feb/2024:00:23:58 +0100] "GET /aragon/bonarea-afrontara-la-tercera-de-sus-cuatro-fases-tras-una-inversion-de-170-me/feed/ HTTP/1.1" 200 1053 cronicareinodearagon.com "-" "Mozilla/5.0 (Macintosh; Intel Mac OS X 10_10_1) AppleWebKit/600.2.5 (KHTML, like Gecko) Version/8.0.2 Safari/600.2.5 (Amazonbot/0.1; +https://developer.amazon.com/support/amazonbot)" "-"
82.165.88.0 - - [03/Feb/2024:00:23:59 +0100] "POST /wp-cron.php?doing_wp_cron=1706916239.1605811119079589843750 HTTP/1.1" 200 - cronicareinodearagon.com "-" "WordPress/6.2.2; https://cronicareinodearagon.com" "-"
185.191.171.0 - - [03/Feb/2024:00:24:13 +0100] "GET /sociedad/hermandad-matriz-almonte-rotura-andas/ HTTP/1.1" 200 165786 cronicareinodearagon.com "-" "Mozilla/5.0 (compatible; SemrushBot/7~bl; +http://www.semrush.com/bot.html)" "-"
3.224.220.0 - - [03/Feb/2024:00:25:10 +0100] "GET /economia/el-sicab-recoge-una-subida-de-asistentes-en-su-primera-edicion-postpandemia/feed/ HTTP/1.1" 200 1046 cronicareinodearagon.com "-" "Mozilla/5.0 (Macintosh; Intel Mac OS X 10_10_1) AppleWebKit/600.2.5 (KHTML, like Gecko) Version/8.0.2 Safari/600.2.5 (Amazonbot/0.1; +https://developer.amazon.com/support/amazonbot)" "-"
82.165.88.0 - - [03/Feb/2024:00:25:11 +0100] "POST /wp-cron.php?doing_wp_cron=1706916311.2220211029052734375000 HTTP/1.1" 200 - cronicareinodearagon.com "-" "WordPress/6.2.2; https://cronicareinodearagon.com" "-"
52.70.240.0 - - [03/Feb/2024:00:25:30 +0100] "GET /aragon/iu-pp-andalucia-gobierno-agua-sequia-consumo-canon-toni-valero-juanma-moreno/feed/ HTTP/1.1" 200 1030 cronicareinodearagon.com "-" "Mozilla/5.0 (Macintosh; Intel Mac OS X 10_10_1) AppleWebKit/600.2.5 (KHTML, like Gecko) Version/8.0.2 Safari/600.2.5 (Amazonbot/0.1; +https://developer.amazon.com/support/amazonbot)" "-"
66.249.84.0 - - [03/Feb/2024:00:25:41 +0100] "GET /category/educacion/feed/ HTTP/1.1" 200 56994 cronicareinodearagon.com "-" "FeedFetcher-Google; (+http://www.google.com/feedfetcher.html)" "-"
82.165.88.0 - - [03/Feb/2024:00:27:11 +0100] "POST /wp-cron.php?doing_wp_cron=1706916431.3346829414367675781250 HTTP/1.1" 200 - cronicareinodearagon.com "-" "WordPress/6.2.2; https://cronicareinodearagon.com" "-"
185.191.171.0 - - [03/Feb/2024:00:27:11 +0100] "GET /aragon/espadas-moyano-psoe-andalucia-jsa-congreso-almeria/ HTTP/1.1" 200 171688 cronicareinodearagon.com "-" "Mozilla/5.0 (compatible; SemrushBot/7~bl; +http://www.semrush.com/bot.html)" "-"
74.125.216.0 - - [03/Feb/2024:00:27:27 +0100] "GET /category/economia/feed/ HTTP/1.1" 200 42774 cronicareinodearagon.com "-" "FeedFetcher-Google; (+http://www.google.com/feedfetcher.html)" "-"
185.191.171.0 - - [03/Feb/2024:00:29:06 +0100] "GET /category/politica/page/7/ HTTP/1.1" 200 146924 cronicareinodearagon.com "-" "Mozilla/5.0 (compatible; SemrushBot/7~bl; +http://www.semrush.com/bot.html)" "-"
82.165.88.0 - - [03/Feb/2024:00:29:07 +0100] "POST /wp-cron.php?doing_wp_cron=1706916547.1618919372558593750000 HTTP/1.1" 200 - cronicareinodearagon.com "-" "WordPress/6.2.2; https://cronicareinodearagon.com" "-"
82.165.88.0 - - [03/Feb/2024:00:32:26 +0100] "POST /wp-cron.php?doing_wp_cron=1706916746.3956820964813232421875 HTTP/1.1" 200 - cronicareinodearagon.com "-" "WordPress/6.2.2; https://cronicareinodearagon.com" "-"
185.191.171.0 - - [03/Feb/2024:00:32:26 +0100] "GET /aragon/pp-andaluz-rechaza-casado/ HTTP/1.1" 200 168052 cronicareinodearagon.com "-" "Mozilla/5.0 (compatible; SemrushBot/7~bl; +http://www.semrush.com/bot.html)" "-"
82.165.88.0 - - [03/Feb/2024:00:33:51 +0100] "POST /wp-cron.php?doing_wp_cron=1706916831.6330931186676025390625 HTTP/1.1" 200 - cronicareinodearagon.com "-" "WordPress/6.2.2; https://cronicareinodearagon.com" "-"
85.208.96.0 - - [03/Feb/2024:00:33:51 +0100] "GET /category/economia/page/17/ HTTP/1.1" 200 148547 cronicareinodearagon.com "-" "Mozilla/5.0 (compatible; SemrushBot/7~bl; +http://www.semrush.com/bot.html)" "-"
46.8.17.0 - - [03/Feb/2024:00:34:57 +0100] "POST /wp-comments-post.php HTTP/1.1" 302 - cronicareinodearagon.com "https://cronicareinodearagon.com/aragon/resultados-elecciones-autonomicas-municipales-aragon/" "Mozilla/5.0 (Windows NT 10.0; Win64; x64) AppleWebKit/537.36 (KHTML, like Gecko) Chrome/120.0.0.0 Safari/537.36" "-"
82.165.88.0 - - [03/Feb/2024:00:34:58 +0100] "POST /wp-cron.php?doing_wp_cron=1706916898.0475258827209472656250 HTTP/1.1" 200 - cronicareinodearagon.com "-" "WordPress/6.2.2; https://cronicareinodearagon.com" "-"
46.8.17.0 - - [03/Feb/2024:00:34:59 +0100] "GET /aragon/resultados-elecciones-autonomicas-municipales-aragon/ HTTP/1.1" 200 169152 cronicareinodearagon.com "https://cronicareinodearagon.com/wp-comments-post.php" "Mozilla/5.0 (Windows NT 10.0; Win64; x64) AppleWebKit/537.36 (KHTML, like Gecko) Chrome/120.0.0.0 Safari/537.36" "-"
185.191.171.0 - - [03/Feb/2024:00:35:53 +0100] "GET /sociedad/terremoto-magnitud-cuatro-almeria/ HTTP/1.1" 200 159346 cronicareinodearagon.com "-" "Mozilla/5.0 (compatible; SemrushBot/7~bl; +http://www.semrush.com/bot.html)" "-"
82.165.88.0 - - [03/Feb/2024:00:35:54 +0100] "POST /wp-cron.php?doing_wp_cron=1706916954.2396008968353271484375 HTTP/1.1" 200 - cronicareinodearagon.com "-" "WordPress/6.2.2; https://cronicareinodearagon.com" "-"
82.165.88.0 - - [03/Feb/2024:00:36:50 +0100] "POST /wp-cron.php?doing_wp_cron=1706917010.6214540004730224609375 HTTP/1.1" 200 - cronicareinodearagon.com "-" "WordPress/6.2.2; https://cronicareinodearagon.com" "-"
185.191.171.0 - - [03/Feb/2024:00:36:50 +0100] "GET /economia/ferrari-western-tour-2022-almeria/ HTTP/1.1" 200 167621 cronicareinodearagon.com "-" "Mozilla/5.0 (compatible; SemrushBot/7~bl; +http://www.semrush.com/bot.html)" "-"
82.165.88.0 - - [03/Feb/2024:00:37:53 +0100] "POST /wp-cron.php?doing_wp_cron=1706917073.8778569698333740234375 HTTP/1.1" 200 - cronicareinodearagon.com "-" "WordPress/6.2.2; https://cronicareinodearagon.com" "-"
185.191.171.0 - - [03/Feb/2024:00:37:53 +0100] "GET /aragon/erte-empresas-andaluzas-guerra-ucrania-crisis-energetica/ HTTP/1.1" 200 167481 cronicareinodearagon.com "-" "Mozilla/5.0 (compatible; SemrushBot/7~bl; +http://www.semrush.com/bot.html)" "-"
82.165.88.0 - - [03/Feb/2024:00:39:29 +0100] "POST /wp-cron.php?doing_wp_cron=1706917169.3555080890655517578125 HTTP/1.1" 200 - cronicareinodearagon.com "-" "WordPress/6.2.2; https://cronicareinodearagon.com" "-"
54.36.148.0 - - [03/Feb/2024:00:39:29 +0100] "GET /aragon/elecciones-andalucia-resultados-mayoria-absoluta/ HTTP/1.1" 200 176157 cronicareinodearagon.com "-" "Mozilla/5.0 (compatible; AhrefsBot/7.0; +http://ahrefs.com/robot/)" "-"
82.165.88.0 - - [03/Feb/2024:00:41:46 +0100] "POST /wp-cron.php?doing_wp_cron=1706917306.4282751083374023437500 HTTP/1.1" 200 - cronicareinodearagon.com "-" "WordPress/6.2.2; https://cronicareinodearagon.com" "-"
85.208.96.0 - - [03/Feb/2024:00:41:46 +0100] "GET /category/aragon/page/9/ HTTP/1.1" 200 147801 cronicareinodearagon.com "-" "Mozilla/5.0 (compatible; SemrushBot/7~bl; +http://www.semrush.com/bot.html)" "-"
185.191.171.0 - - [03/Feb/2024:00:42:21 +0100] "GET /aragon/transfiere-malaga-expo-2027/ HTTP/1.1" 200 176627 cronicareinodearagon.com "-" "Mozilla/5.0 (compatible; SemrushBot/7~bl; +http://www.semrush.com/bot.html)" "-"
195.123.241.0 - - [03/Feb/2024:00:44:34 +0100] "GET / HTTP/1.1" 200 336 grupocronicaenlibertad.com "-" "Mozilla/5.0 (X11; Linux x86_64) AppleWebKit/537.36 (KHTML, like Gecko) Chrome/85.0.4183.83 Safari/537.36" "-"
82.165.88.0 - - [03/Feb/2024:00:44:44 +0100] "POST /wp-cron.php?doing_wp_cron=1706917484.5931730270385742187500 HTTP/1.1" 200 - cronicareinodearagon.com "-" "WordPress/6.2.2; https://cronicareinodearagon.com" "-"
5.255.115.0 - - [03/Feb/2024:00:44:44 +0100] "POST /xmlrpc.php HTTP/1.1" 200 416 cronicareinodearagon.com "-" "Mozilla/5.0 (Macintosh; Intel Mac OS X 10_10_5) AppleWebKit/603.3.8 (KHTML, like Gecko) Version/10.1.2 Safari/603.3.8" "-"
5.255.115.0 - - [03/Feb/2024:00:44:45 +0100] "POST /xmlrpc.php HTTP/1.1" 200 416 cronicareinodearagon.com "-" "Mozilla/5.0 (Macintosh; Intel Mac OS X 10_10_5) AppleWebKit/603.3.8 (KHTML, like Gecko) Version/10.1.2 Safari/603.3.8" "-"
5.255.115.0 - - [03/Feb/2024:00:44:46 +0100] "POST /xmlrpc.php HTTP/1.1" 403 775 cronicareinodearagon.com "-" "Mozilla/5.0 (Macintosh; Intel Mac OS X 10_10_5) AppleWebKit/603.3.8 (KHTML, like Gecko) Version/10.1.2 Safari/603.3.8" "-"
5.255.115.0 - - [03/Feb/2024:00:44:47 +0100] "POST /xmlrpc.php HTTP/1.1" 403 775 cronicareinodearagon.com "-" "Mozilla/5.0 (Macintosh; Intel Mac OS X 10_10_5) AppleWebKit/603.3.8 (KHTML, like Gecko) Version/10.1.2 Safari/603.3.8" "-"
5.255.115.0 - - [03/Feb/2024:00:44:48 +0100] "POST /xmlrpc.php HTTP/1.1" 403 775 cronicareinodearagon.com "-" "Mozilla/5.0 (Macintosh; Intel Mac OS X 10_10_5) AppleWebKit/603.3.8 (KHTML, like Gecko) Version/10.1.2 Safari/603.3.8" "-"
3.224.220.0 - - [03/Feb/2024:00:44:54 +0100] "GET /aragon/la-batalla-interna-del-pp-se-recrudece-en-andalucia-con-moreno-bonilla-de-espectador/feed/ HTTP/1.1" 200 1069 cronicareinodearagon.com "-" "Mozilla/5.0 (Macintosh; Intel Mac OS X 10_10_1) AppleWebKit/600.2.5 (KHTML, like Gecko) Version/8.0.2 Safari/600.2.5 (Amazonbot/0.1; +https://developer.amazon.com/support/amazonbot)" "-"
52.70.240.0 - - [03/Feb/2024:00:44:58 +0100] "GET /aragon/guitarte-hemos-aprendido-que-tener-una-formacion-politica-propia-es-el-unico-camino/feed/ HTTP/1.1" 200 1073 cronicareinodearagon.com "-" "Mozilla/5.0 (Macintosh; Intel Mac OS X 10_10_1) AppleWebKit/600.2.5 (KHTML, like Gecko) Version/8.0.2 Safari/600.2.5 (Amazonbot/0.1; +https://developer.amazon.com/support/amazonbot)" "-"
82.165.88.0 - - [03/Feb/2024:00:45:43 +0100] "POST /wp-cron.php?doing_wp_cron=1706917543.4010219573974609375000 HTTP/1.1" 200 - cronicareinodearagon.com "-" "WordPress/6.2.2; https://cronicareinodearagon.com" "-"
185.191.171.0 - - [03/Feb/2024:00:45:43 +0100] "GET /aragon/economia-andalucia-asia-flamenco-japon-corea-extenda/ HTTP/1.1" 200 168839 cronicareinodearagon.com "-" "Mozilla/5.0 (compatible; SemrushBot/7~bl; +http://www.semrush.com/bot.html)" "-"
185.191.171.0 - - [03/Feb/2024:00:46:01 +0100] "GET /politica/lamban-asegura-que-las-renovables-son-una-magnifica-oportunidad-para-que-aragon-despegue/ HTTP/1.1" 200 159738 cronicareinodearagon.com "-" "Mozilla/5.0 (compatible; SemrushBot/7~bl; +http://www.semrush.com/bot.html)" "-"
39.165.154.0 - - [03/Feb/2024:00:47:58 +0100] "GET / HTTP/1.1" 200 319420 cronicareinodearagon.com "-" "Mozilla/5.0 (Windows NT 5.1; rv:48.0) Gecko/20100101 Firefox/48.0" "-"
39.165.154.0 - - [03/Feb/2024:00:48:00 +0100] "GET /aragon/el-biogas-como-aliado-en-la-descarbonizacion-tematica-de-jornada-de-itainnova-circe-y-clenar/ HTTP/1.1" 200 165423 cronicareinodearagon.com "-" "Go-http-client/1.1" "-"
39.165.154.0 - - [03/Feb/2024:00:48:00 +0100] "GET /wp-includes/js/jquery/ui/core.min.js?ver=1.13.2 HTTP/1.1" 200 21438 cronicareinodearagon.com "-" "Go-http-client/1.1" "-"
39.165.154.0 - - [03/Feb/2024:00:48:01 +0100] "GET /wp-content/plugins/elementor/assets/lib/eicons/css/elementor-icons.min.css?ver=5.21.0 HTTP/1.1" 200 19488 cronicareinodearagon.com "-" "Go-http-client/1.1" "-"
42.202.17.0 - - [03/Feb/2024:00:48:16 +0100] "GET / HTTP/1.1" 200 319420 cronicareinodearagon.com "-" "Mozilla/5.0 (Windows NT 5.1; rv:48.0) Gecko/20100101 Firefox/48.0" "-"
42.202.17.0 - - [03/Feb/2024:00:48:17 +0100] "GET /wp-content/plugins/elementor/assets/lib/swiper/css/swiper.min.css?ver=5.3.6 HTTP/1.1" 200 12876 cronicareinodearagon.com "-" "Go-http-client/1.1" "-"
42.202.17.0 - - [03/Feb/2024:00:48:18 +0100] "GET /wp-content/plugins/complianz-gdpr/assets/css/cookieblocker.min.css?ver=6.4.4 HTTP/1.1" 200 2741 cronicareinodearagon.com "-" "Go-http-client/1.1" "-"
42.202.17.0 - - [03/Feb/2024:00:48:18 +0100] "GET /wp-includes/js/imagesloaded.min.js?ver=4.1.4 HTTP/1.1" 200 5629 cronicareinodearagon.com "-" "Go-http-client/1.1" "-"
42.202.17.0 - - [03/Feb/2024:00:48:18 +0100] "GET /aragon/avance-participacion-elecciones-aragon/ HTTP/1.1" 200 166813 cronicareinodearagon.com "-" "Go-http-client/1.1" "-"
82.165.88.0 - - [03/Feb/2024:00:48:20 +0100] "POST /wp-cron.php?doing_wp_cron=1706917700.7115440368652343750000 HTTP/1.1" 200 - cronicareinodearagon.com "-" "WordPress/6.2.2; https://cronicareinodearagon.com" "-"
42.202.17.0 - - [03/Feb/2024:00:48:20 +0100] "GET /educacion/practicas-estudiantes-internacionales-medio-rural/ HTTP/1.1" 200 162988 cronicareinodearagon.com "-" "Go-http-client/1.1" "-"
42.202.17.0 - - [03/Feb/2024:00:48:22 +0100] "GET /aragon/fima-digital-jornada-maquinaria-agricola/ HTTP/1.1" 200 161979 cronicareinodearagon.com "-" "Go-http-client/1.1" "-"
42.202.17.0 - - [03/Feb/2024:00:48:23 +0100] "GET /wp-content/themes/jnews/assets/css/elementor-frontend.css?ver=10.7.9 HTTP/1.1" 200 681 cronicareinodearagon.com "-" "Go-http-client/1.1" "-"
42.202.17.0 - - [03/Feb/2024:00:48:23 +0100] "GET /category/sociedad/ HTTP/1.1" 200 147043 cronicareinodearagon.com "-" "Go-http-client/1.1" "-"
42.202.17.0 - - [03/Feb/2024:00:48:24 +0100] "GET /aragon/educacion-sexual-edades-tempranas-aragon/ HTTP/1.1" 200 161580 cronicareinodearagon.com "-" "Go-http-client/1.1" "-"
42.202.17.0 - - [03/Feb/2024:00:48:24 +0100] "GET /aragon/el-biogas-como-aliado-en-la-descarbonizacion-tematica-de-jornada-de-itainnova-circe-y-clenar/ HTTP/1.1" 200 165423 cronicareinodearagon.com "-" "Go-http-client/1.1" "-"
42.202.17.0 - - [03/Feb/2024:00:48:25 +0100] "GET /aragon/el-gobierno-de-aragon-impulsa-nueve-proyectos-empresariales-de-id-en-sector-farmaceutico-y-movilidad-sostenible/ HTTP/1.1" 200 168326 cronicareinodearagon.com "-" "Go-http-client/1.1" "-"
42.202.17.0 - - [03/Feb/2024:00:48:26 +0100] "GET /aviso-legal/ HTTP/1.1" 200 141212 cronicareinodearagon.com "-" "Go-http-client/1.1" "-"
42.202.17.0 - - [03/Feb/2024:00:48:26 +0100] "GET /wp-includes/css/classic-themes.min.css?ver=6.2.2 HTTP/1.1" 200 291 cronicareinodearagon.com "-" "Go-http-client/1.1" "-"
42.202.17.0 - - [03/Feb/2024:00:48:27 +0100] "GET /wp-content/uploads/2022/10/CABECERA-CrAra_Escritorio.png HTTP/1.1" 200 4995 cronicareinodearagon.com "-" "Go-http-client/1.1" "-"
42.202.17.0 - - [03/Feb/2024:00:48:27 +0100] "GET /aragon/astic-reconocimiento-carreras-grupo/ HTTP/1.1" 200 158292 cronicareinodearagon.com "-" "Go-http-client/1.1" "-"
42.202.17.0 - - [03/Feb/2024:00:48:27 +0100] "GET /category/america/ HTTP/1.1" 200 138178 cronicareinodearagon.com "-" "Go-http-client/1.1" "-"
42.202.17.0 - - [03/Feb/2024:00:48:28 +0100] "GET /opinion/la-miseria/ HTTP/1.1" 200 177012 cronicareinodearagon.com "-" "Go-http-client/1.1" "-"
42.202.17.0 - - [03/Feb/2024:00:48:29 +0100] "GET /politica-de-cookies-ue/ HTTP/1.1" 200 155973 cronicareinodearagon.com "-" "Go-http-client/1.1" "-"
42.202.17.0 - - [03/Feb/2024:00:48:30 +0100] "GET /wp-content/themes/jnews/assets/css/darkmode.css?ver=10.7.9 HTTP/1.1" 200 46766 cronicareinodearagon.com "-" "Go-http-client/1.1" "-"
42.202.17.0 - - [03/Feb/2024:00:48:31 +0100] "GET /category/opinion/ HTTP/1.1" 200 145009 cronicareinodearagon.com "-" "Go-http-client/1.1" "-"
42.202.17.0 - - [03/Feb/2024:00:48:32 +0100] "GET /wp-content/plugins/elementor/assets/js/frontend-modules.min.js?ver=3.15.2 HTTP/1.1" 200 56154 cronicareinodearagon.com "-" "Go-http-client/1.1" "-"
42.202.17.0 - - [03/Feb/2024:00:48:32 +0100] "GET / HTTP/1.1" 200 319420 cronicareinodearagon.com "-" "Go-http-client/1.1" "-"
185.191.171.0 - - [03/Feb/2024:00:48:33 +0100] "GET /robots.txt HTTP/1.1" 200 202 cronicareinodearagon.com "-" "Mozilla/5.0 (compatible; SemrushBot/7~bl; +http://www.semrush.com/bot.html)" "-"
42.202.17.0 - - [03/Feb/2024:00:48:35 +0100] "GET /america/lula-da-silva-apoyo-vinicius-ataques-racistas/ HTTP/1.1" 200 162437 cronicareinodearagon.com "-" "Go-http-client/1.1" "-"
42.202.17.0 - - [03/Feb/2024:00:48:35 +0100] "GET /wp-content/plugins/elementor/assets/lib/eicons/css/elementor-icons.min.css?ver=5.21.0 HTTP/1.1" 200 19488 cronicareinodearagon.com "-" "Go-http-client/1.1" "-"
39.165.157.0 - - [03/Feb/2024:00:48:35 +0100] "GET / HTTP/1.1" 200 319420 cronicareinodearagon.com "-" "Mozilla/5.0 (Macintosh; Intel Mac OS X 10_10) AppleWebKit/537.36 (KHTML, like Gecko) Chrome/41.0.2228.0 Safari/537.36" "-"
42.202.17.0 - - [03/Feb/2024:00:48:35 +0100] "GET /category/educacion/ HTTP/1.1" 200 146946 cronicareinodearagon.com "-" "Go-http-client/1.1" "-"
42.202.17.0 - - [03/Feb/2024:00:48:36 +0100] "GET /aragon/nuevo-programa-de-aceleracion-gratuito-para-empresas-innovadoras/ HTTP/1.1" 200 164858 cronicareinodearagon.com "-" "Go-http-client/1.1" "-"
39.165.157.0 - - [03/Feb/2024:00:48:36 +0100] "GET /wp-content/plugins/elementor/assets/lib/swiper/css/swiper.min.css?ver=5.3.6 HTTP/1.1" 200 12876 cronicareinodearagon.com "-" "Go-http-client/1.1" "-"
42.202.17.0 - - [03/Feb/2024:00:48:36 +0100] "GET /wp-content/uploads/2022/10/CABECERA-CrAra_MOVIL.png HTTP/1.1" 200 3014 cronicareinodearagon.com "-" "Go-http-client/1.1" "-"
42.202.17.0 - - [03/Feb/2024:00:48:36 +0100] "GET /wp-content/plugins/elementor/assets/js/frontend.min.js?ver=3.15.2 HTTP/1.1" 200 40746 cronicareinodearagon.com "-" "Go-http-client/1.1" "-"
39.165.157.0 - - [03/Feb/2024:00:48:36 +0100] "GET /wp-includes/js/jquery/jquery.min.js?ver=3.6.4 HTTP/1.1" 200 89815 cronicareinodearagon.com "-" "Go-http-client/1.1" "-"
42.202.17.0 - - [03/Feb/2024:00:48:36 +0100] "GET /wp-includes/js/jquery/jquery-migrate.min.js?ver=3.4.0 HTTP/1.1" 200 13424 cronicareinodearagon.com "-" "Go-http-client/1.1" "-"
185.191.171.0 - - [03/Feb/2024:00:48:36 +0100] "GET /category/aragon/zaragoza/page/4/ HTTP/1.1" 200 128855 cronicareinodearagon.com "-" "Mozilla/5.0 (compatible; SemrushBot/7~bl; +http://www.semrush.com/bot.html)" "-"
39.165.157.0 - - [03/Feb/2024:00:48:37 +0100] "GET /wp-content/uploads/2023/05/resultados-autonomicas-aragon-750x375.jpg HTTP/1.1" 200 19010 cronicareinodearagon.com "-" "Go-http-client/1.1" "-"
39.165.157.0 - - [03/Feb/2024:00:48:37 +0100] "GET /wp-content/themes/jnews/assets/css/elementor-frontend.css?ver=10.7.9 HTTP/1.1" 200 681 cronicareinodearagon.com "-" "Go-http-client/1.1" "-"
42.202.17.0 - - [03/Feb/2024:00:48:37 +0100] "GET /wp-content/uploads/2023/05/resultados-autonomicas-aragon-750x375.jpg HTTP/1.1" 200 19010 cronicareinodearagon.com "-" "Go-http-client/1.1" "-"
39.165.157.0 - - [03/Feb/2024:00:48:37 +0100] "GET /author/redaccion/ HTTP/1.1" 301 - cronicareinodearagon.com "-" "Go-http-client/1.1" "-"
42.202.17.0 - - [03/Feb/2024:00:48:38 +0100] "GET /wp-includes/js/jquery/jquery.min.js?ver=3.6.4 HTTP/1.1" 200 89815 cronicareinodearagon.com "-" "Go-http-client/1.1" "-"
39.165.157.0 - - [03/Feb/2024:00:48:38 +0100] "GET / HTTP/1.1" 200 319420 cronicareinodearagon.com "https://cronicareinodearagon.com/author/redaccion/" "Go-http-client/1.1" "-"
39.165.157.0 - - [03/Feb/2024:00:48:38 +0100] "GET /educacion/practicas-estudiantes-internacionales-medio-rural/ HTTP/1.1" 200 163088 cronicareinodearagon.com "-" "Go-http-client/1.1" "-"
42.202.17.0 - - [03/Feb/2024:00:48:38 +0100] "GET /category/aragon/ HTTP/1.1" 200 146726 cronicareinodearagon.com "-" "Go-http-client/1.1" "-"
39.165.157.0 - - [03/Feb/2024:00:48:39 +0100] "GET /wp-includes/js/hoverIntent.min.js?ver=1.10.2 HTTP/1.1" 200 1499 cronicareinodearagon.com "-" "Go-http-client/1.1" "-"
39.165.157.0 - - [03/Feb/2024:00:48:39 +0100] "GET /category/aragon/huesca/ HTTP/1.1" 200 147255 cronicareinodearagon.com "-" "Go-http-client/1.1" "-"
39.165.157.0 - - [03/Feb/2024:00:48:39 +0100] "GET /category/aragon/zaragoza/ HTTP/1.1" 200 148386 cronicareinodearagon.com "-" "Go-http-client/1.1" "-"
39.165.157.0 - - [03/Feb/2024:00:48:40 +0100] "GET /wp-content/uploads/2022/10/CABECERA-CrAra_MOVIL-1.png HTTP/1.1" 200 3014 cronicareinodearagon.com "-" "Go-http-client/1.1" "-"
39.165.157.0 - - [03/Feb/2024:00:48:40 +0100] "GET /wp-content/plugins/metronet-profile-picture/dist/blocks.style.build.css?ver=2.6.0 HTTP/1.1" 200 27760 cronicareinodearagon.com "-" "Go-http-client/1.1" "-"
39.165.157.0 - - [03/Feb/2024:00:48:40 +0100] "GET /wp-content/themes/jnews/assets/dist/frontend.min.css?ver=10.7.9 HTTP/1.1" 200 598038 cronicareinodearagon.com "-" "Go-http-client/1.1" "-"
39.165.157.0 - - [03/Feb/2024:00:48:41 +0100] "GET /category/sociedad/ HTTP/1.1" 200 147043 cronicareinodearagon.com "-" "Go-http-client/1.1" "-"
42.202.17.0 - - [03/Feb/2024:00:48:41 +0100] "GET /category/economia/ HTTP/1.1" 200 146855 cronicareinodearagon.com "-" "Go-http-client/1.1" "-"
39.165.157.0 - - [03/Feb/2024:00:48:41 +0100] "GET /category/aragon/ HTTP/1.1" 200 146826 cronicareinodearagon.com "-" "Go-http-client/1.1" "-"
39.165.157.0 - - [03/Feb/2024:00:48:42 +0100] "GET /aragon/astic-reconocimiento-carreras-grupo/ HTTP/1.1" 200 158292 cronicareinodearagon.com "-" "Go-http-client/1.1" "-"
39.165.157.0 - - [03/Feb/2024:00:48:43 +0100] "GET /america/lula-da-silva-apoyo-vinicius-ataques-racistas/ HTTP/1.1" 200 162437 cronicareinodearagon.com "-" "Go-http-client/1.1" "-"
39.165.157.0 - - [03/Feb/2024:00:48:43 +0100] "GET /wp-includes/js/jquery/ui/core.min.js?ver=1.13.2 HTTP/1.1" 200 21438 cronicareinodearagon.com "-" "Go-http-client/1.1" "-"
39.165.157.0 - - [03/Feb/2024:00:48:43 +0100] "GET /wp-content/uploads/2022/10/CABECERA-CrAra_Escritorio.png HTTP/1.1" 200 4995 cronicareinodearagon.com "-" "Go-http-client/1.1" "-"
42.202.17.0 - - [03/Feb/2024:00:48:43 +0100] "GET /aragon/guitarte-teruel-existe-cierre-campana/ HTTP/1.1" 200 177241 cronicareinodearagon.com "-" "Go-http-client/1.1" "-"
39.165.157.0 - - [03/Feb/2024:00:48:44 +0100] "GET /opinion/la-miseria/ HTTP/1.1" 200 177012 cronicareinodearagon.com "-" "Go-http-client/1.1" "-"
39.165.157.0 - - [03/Feb/2024:00:48:45 +0100] "GET /wp-includes/js/imagesloaded.min.js?ver=4.1.4 HTTP/1.1" 200 5629 cronicareinodearagon.com "-" "Go-http-client/1.1" "-"
39.165.157.0 - - [03/Feb/2024:00:48:45 +0100] "GET /aragon/avance-participacion-elecciones-aragon/ HTTP/1.1" 200 166813 cronicareinodearagon.com "-" "Go-http-client/1.1" "-"
42.202.17.0 - - [03/Feb/2024:00:48:46 +0100] "GET /wp-includes/js/comment-reply.min.js?ver=6.2.2 HTTP/1.1" 200 2981 cronicareinodearagon.com "-" "Go-http-client/1.1" "-"
42.202.17.0 - - [03/Feb/2024:00:48:46 +0100] "GET /category/aragon/huesca/ HTTP/1.1" 200 147255 cronicareinodearagon.com "-" "Go-http-client/1.1" "-"
82.165.88.0 - - [03/Feb/2024:00:48:46 +0100] "POST /wp-cron.php?doing_wp_cron=1706917726.8334999084472656250000 HTTP/1.1" 200 - cronicareinodearagon.com "-" "WordPress/6.2.2; https://cronicareinodearagon.com" "-"
85.208.96.0 - - [03/Feb/2024:00:48:46 +0100] "GET /category/politica/page/15/ HTTP/1.1" 200 147442 cronicareinodearagon.com "-" "Mozilla/5.0 (compatible; SemrushBot/7~bl; +http://www.semrush.com/bot.html)" "-"
39.165.157.0 - - [03/Feb/2024:00:48:46 +0100] "GET /category/america/ HTTP/1.1" 200 138178 cronicareinodearagon.com "-" "Go-http-client/1.1" "-"
39.165.157.0 - - [03/Feb/2024:00:48:47 +0100] "GET /politica-de-cookies-ue/ HTTP/1.1" 200 155973 cronicareinodearagon.com "-" "Go-http-client/1.1" "-"
42.202.17.0 - - [03/Feb/2024:00:48:47 +0100] "GET /category/politica/ HTTP/1.1" 200 147263 cronicareinodearagon.com "-" "Go-http-client/1.1" "-"
39.165.157.0 - - [03/Feb/2024:00:48:48 +0100] "GET /wp-includes/js/comment-reply.min.js?ver=6.2.2 HTTP/1.1" 200 2981 cronicareinodearagon.com "-" "Go-http-client/1.1" "-"
39.165.157.0 - - [03/Feb/2024:00:48:48 +0100] "GET /category/politica/ HTTP/1.1" 200 147363 cronicareinodearagon.com "-" "Go-http-client/1.1" "-"
39.165.157.0 - - [03/Feb/2024:00:48:48 +0100] "GET /aragon/nuevo-programa-de-aceleracion-gratuito-para-empresas-innovadoras/ HTTP/1.1" 200 164858 cronicareinodearagon.com "-" "Go-http-client/1.1" "-"
39.165.157.0 - - [03/Feb/2024:00:48:49 +0100] "GET /aragon/el-gobierno-de-aragon-impulsa-nueve-proyectos-empresariales-de-id-en-sector-farmaceutico-y-movilidad-sostenible/ HTTP/1.1" 200 168326 cronicareinodearagon.com "-" "Go-http-client/1.1" "-"
39.165.157.0 - - [03/Feb/2024:00:48:49 +0100] "GET /wp-content/plugins/elementor/assets/js/frontend-modules.min.js?ver=3.15.2 HTTP/1.1" 200 56154 cronicareinodearagon.com "-" "Go-http-client/1.1" "-"
185.191.171.0 - - [03/Feb/2024:00:48:49 +0100] "GET /aragon/huelga-educacion-andalucia-proceso-estabilizacion/ HTTP/1.1" 200 168177 cronicareinodearagon.com "-" "Mozilla/5.0 (compatible; SemrushBot/7~bl; +http://www.semrush.com/bot.html)" "-"
39.165.157.0 - - [03/Feb/2024:00:48:50 +0100] "GET /wp-content/themes/jnews/assets/css/darkmode.css?ver=10.7.9 HTTP/1.1" 200 46766 cronicareinodearagon.com "-" "Go-http-client/1.1" "-"
42.202.17.0 - - [03/Feb/2024:00:48:50 +0100] "GET /author/redaccion/ HTTP/1.1" 301 - cronicareinodearagon.com "-" "Go-http-client/1.1" "-"
39.165.157.0 - - [03/Feb/2024:00:48:50 +0100] "GET / HTTP/1.1" 200 319420 cronicareinodearagon.com "-" "Go-http-client/1.1" "-"
39.165.157.0 - - [03/Feb/2024:00:48:50 +0100] "GET /category/educacion/ HTTP/1.1" 200 146946 cronicareinodearagon.com "-" "Go-http-client/1.1" "-"
39.165.157.0 - - [03/Feb/2024:00:48:51 +0100] "GET /wp-content/plugins/elementor/assets/js/webpack.runtime.min.js?ver=3.15.2 HTTP/1.1" 200 4958 cronicareinodearagon.com "-" "Go-http-client/1.1" "-"
39.165.157.0 - - [03/Feb/2024:00:48:51 +0100] "GET /wp-content/plugins/elementor/assets/lib/eicons/css/elementor-icons.min.css?ver=5.21.0 HTTP/1.1" 200 19488 cronicareinodearagon.com "-" "Go-http-client/1.1" "-"
39.165.157.0 - - [03/Feb/2024:00:48:52 +0100] "GET /aragon/educacion-sexual-edades-tempranas-aragon/ HTTP/1.1" 200 161580 cronicareinodearagon.com "-" "Go-http-client/1.1" "-"
39.165.157.0 - - [03/Feb/2024:00:48:52 +0100] "GET /aragon/fima-digital-jornada-maquinaria-agricola/ HTTP/1.1" 200 161979 cronicareinodearagon.com "-" "Go-http-client/1.1" "-"
39.165.157.0 - - [03/Feb/2024:00:48:53 +0100] "GET /sociedad/planta-transferencia-residuos-quinto-ecoprovincia-zaragoza/ HTTP/1.1" 200 168266 cronicareinodearagon.com "-" "Go-http-client/1.1" "-"
39.165.157.0 - - [03/Feb/2024:00:48:54 +0100] "GET /aragon/aragon-vacunacion-neumococo-junio/ HTTP/1.1" 200 161597 cronicareinodearagon.com "-" "Go-http-client/1.1" "-"
39.165.157.0 - - [03/Feb/2024:00:48:55 +0100] "GET /wp-content/plugins/metronet-profile-picture/js/mpp-frontend.js?ver=2.6.0 HTTP/1.1" 200 331 cronicareinodearagon.com "-" "Go-http-client/1.1" "-"
182.204.142.0 - - [03/Feb/2024:00:48:56 +0100] "GET / HTTP/1.1" 200 319420 cronicareinodearagon.com "-" "Mozilla/5.0 (Windows NT 10.0) AppleWebKit/537.36 (KHTML, like Gecko) Chrome/41.0.2228.0 Safari/537.36" "-"
39.165.157.0 - - [03/Feb/2024:00:48:56 +0100] "GET /wp-content/plugins/elementor/assets/js/frontend.min.js?ver=3.15.2 HTTP/1.1" 200 40746 cronicareinodearagon.com "-" "Go-http-client/1.1" "-"
182.204.142.0 - - [03/Feb/2024:00:48:57 +0100] "GET /category/politica/ HTTP/1.1" 200 147363 cronicareinodearagon.com "-" "Go-http-client/1.1" "-"
39.165.157.0 - - [03/Feb/2024:00:48:57 +0100] "GET /aragon/guitarte-teruel-existe-cierre-campana/ HTTP/1.1" 200 177241 cronicareinodearagon.com "-" "Go-http-client/1.1" "-"
182.204.142.0 - - [03/Feb/2024:00:48:58 +0100] "GET /wp-content/uploads/2022/10/CABECERA-CrAra_MOVIL.png HTTP/1.1" 200 3014 cronicareinodearagon.com "-" "Go-http-client/1.1" "-"
182.204.142.0 - - [03/Feb/2024:00:48:58 +0100] "GET /wp-content/plugins/elementor/assets/css/frontend-lite.min.css?ver=3.15.2 HTTP/1.1" 200 111754 cronicareinodearagon.com "-" "Go-http-client/1.1" "-"
39.165.157.0 - - [03/Feb/2024:00:48:58 +0100] "GET /wp-content/themes/jnews/assets/dist/frontend.min.js?ver=10.7.9 HTTP/1.1" 200 303914 cronicareinodearagon.com "-" "Go-http-client/1.1" "-"
39.165.157.0 - - [03/Feb/2024:00:48:59 +0100] "GET /wp-content/plugins/complianz-gdpr/cookiebanner/js/complianz.min.js?ver=6.4.4 HTTP/1.1" 200 40180 cronicareinodearagon.com "-" "Go-http-client/1.1" "-"
182.204.142.0 - - [03/Feb/2024:00:48:59 +0100] "GET /wp-content/plugins/elementor/assets/lib/swiper/css/swiper.min.css?ver=5.3.6 HTTP/1.1" 200 12876 cronicareinodearagon.com "-" "Go-http-client/1.1" "-"
39.165.157.0 - - [03/Feb/2024:00:48:59 +0100] "GET /wp-includes/css/dist/block-library/style.min.css?ver=6.2.2 HTTP/1.1" 200 97517 cronicareinodearagon.com "-" "Go-http-client/1.1" "-"
182.204.142.0 - - [03/Feb/2024:00:49:00 +0100] "GET /wp-content/themes/jnews/assets/dist/frontend.min.css?ver=10.7.9 HTTP/1.1" 200 598038 cronicareinodearagon.com "-" "Go-http-client/1.1" "-"
39.165.157.0 - - [03/Feb/2024:00:49:00 +0100] "GET /wp-content/themes/jnews/data/import/newspaper/scheme.css?ver=10.7.9 HTTP/1.1" 200 5700 cronicareinodearagon.com "-" "Go-http-client/1.1" "-"
39.165.157.0 - - [03/Feb/2024:00:49:01 +0100] "GET /aragon/resultados-elecciones-autonomicas-municipales-aragon/ HTTP/1.1" 200 169152 cronicareinodearagon.com "-" "Go-http-client/1.1" "-"
39.165.157.0 - - [03/Feb/2024:00:49:02 +0100] "GET /wp-content/themes/jnews/assets/img/jeg-empty.png HTTP/1.1" 200 70 cronicareinodearagon.com "-" "Go-http-client/1.1" "-"
39.165.157.0 - - [03/Feb/2024:00:49:02 +0100] "GET /category/economia/ HTTP/1.1" 200 146955 cronicareinodearagon.com "-" "Go-http-client/1.1" "-"
39.165.157.0 - - [03/Feb/2024:00:49:03 +0100] "GET /wp-content/uploads/2022/10/CABECERA-CrAra_MOVIL.png HTTP/1.1" 200 3014 cronicareinodearagon.com "-" "Go-http-client/1.1" "-"
39.165.157.0 - - [03/Feb/2024:00:49:03 +0100] "GET /aviso-legal/ HTTP/1.1" 200 141212 cronicareinodearagon.com "-" "Go-http-client/1.1" "-"
182.204.142.0 - - [03/Feb/2024:00:49:04 +0100] "GET /wp-content/uploads/2022/10/CABECERA-CrAra_MOVIL-1.png HTTP/1.1" 200 3014 cronicareinodearagon.com "-" "Go-http-client/1.1" "-"
39.165.157.0 - - [03/Feb/2024:00:49:04 +0100] "GET /wp-includes/css/classic-themes.min.css?ver=6.2.2 HTTP/1.1" 200 291 cronicareinodearagon.com "-" "Go-http-client/1.1" "-"
182.204.142.0 - - [03/Feb/2024:00:49:04 +0100] "GET /america/lula-da-silva-apoyo-vinicius-ataques-racistas/ HTTP/1.1" 200 162437 cronicareinodearagon.com "-" "Go-http-client/1.1" "-"
39.165.157.0 - - [03/Feb/2024:00:49:04 +0100] "GET /wp-content/plugins/elementor/assets/css/frontend-lite.min.css?ver=3.15.2 HTTP/1.1" 200 111754 cronicareinodearagon.com "-" "Go-http-client/1.1" "-"
39.165.157.0 - - [03/Feb/2024:00:49:05 +0100] "GET /wp-content/themes/jnews/style.css?ver=10.7.9 HTTP/1.1" 200 427 cronicareinodearagon.com "-" "Go-http-client/1.1" "-"
182.204.142.0 - - [03/Feb/2024:00:49:05 +0100] "GET /wp-content/themes/jnews/data/import/newspaper/scheme.css?ver=10.7.9 HTTP/1.1" 200 5700 cronicareinodearagon.com "-" "Go-http-client/1.1" "-"
39.165.157.0 - - [03/Feb/2024:00:49:05 +0100] "GET /aragon/segundo-avance-participacion-elecciones-aragon/ HTTP/1.1" 200 166436 cronicareinodearagon.com "-" "Go-http-client/1.1" "-"
39.165.157.0 - - [03/Feb/2024:00:49:06 +0100] "GET /wp-content/plugins/elementor/assets/lib/waypoints/waypoints.min.js?ver=4.0.2 HTTP/1.1" 200 12198 cronicareinodearagon.com "-" "Go-http-client/1.1" "-"
182.204.142.0 - - [03/Feb/2024:00:49:06 +0100] "GET /aragon/astic-reconocimiento-carreras-grupo/ HTTP/1.1" 200 158292 cronicareinodearagon.com "-" "Go-http-client/1.1" "-"
39.165.157.0 - - [03/Feb/2024:00:49:07 +0100] "GET /category/opinion/ HTTP/1.1" 200 145109 cronicareinodearagon.com "-" "Go-http-client/1.1" "-"
182.204.142.0 - - [03/Feb/2024:00:49:07 +0100] "GET /wp-includes/js/imagesloaded.min.js?ver=4.1.4 HTTP/1.1" 200 5629 cronicareinodearagon.com "-" "Go-http-client/1.1" "-"
42.202.17.0 - - [03/Feb/2024:00:49:07 +0100] "GET / HTTP/1.1" 200 319420 cronicareinodearagon.com "https://cronicareinodearagon.com/author/redaccion/" "Go-http-client/1.1" "-"
182.204.142.0 - - [03/Feb/2024:00:49:07 +0100] "GET /wp-content/plugins/complianz-gdpr/cookiebanner/js/complianz.min.js?ver=6.4.4 HTTP/1.1" 200 40180 cronicareinodearagon.com "-" "Go-http-client/1.1" "-"
182.204.142.0 - - [03/Feb/2024:00:49:08 +0100] "GET /wp-content/plugins/elementor/assets/lib/waypoints/waypoints.min.js?ver=4.0.2 HTTP/1.1" 200 12198 cronicareinodearagon.com "-" "Go-http-client/1.1" "-"
182.204.142.0 - - [03/Feb/2024:00:49:08 +0100] "GET /wp-content/plugins/elementor/assets/js/frontend.min.js?ver=3.15.2 HTTP/1.1" 200 40746 cronicareinodearagon.com "-" "Go-http-client/1.1" "-"
39.165.157.0 - - [03/Feb/2024:00:49:08 +0100] "GET /aragon/el-biogas-como-aliado-en-la-descarbonizacion-tematica-de-jornada-de-itainnova-circe-y-clenar/ HTTP/1.1" 200 165423 cronicareinodearagon.com "-" "Go-http-client/1.1" "-"
182.204.142.0 - - [03/Feb/2024:00:49:09 +0100] "GET /author/redaccion/ HTTP/1.1" 301 - cronicareinodearagon.com "-" "Go-http-client/1.1" "-"
182.204.142.0 - - [03/Feb/2024:00:49:09 +0100] "GET / HTTP/1.1" 200 319420 cronicareinodearagon.com "https://cronicareinodearagon.com/author/redaccion/" "Go-http-client/1.1" "-"
42.202.17.0 - - [03/Feb/2024:00:49:10 +0100] "GET /wp-content/themes/jnews/assets/dist/frontend.min.js?ver=10.7.9 HTTP/1.1" 200 303914 cronicareinodearagon.com "-" "Go-http-client/1.1" "-"
39.165.157.0 - - [03/Feb/2024:00:49:10 +0100] "GET /america/el-templo-de-los-mercaderes/ HTTP/1.1" 200 179383 cronicareinodearagon.com "-" "Go-http-client/1.1" "-"
42.202.17.0 - - [03/Feb/2024:00:49:10 +0100] "GET /wp-content/plugins/elementor/assets/lib/waypoints/waypoints.min.js?ver=4.0.2 HTTP/1.1" 200 12198 cronicareinodearagon.com "-" "Go-http-client/1.1" "-"
42.202.17.0 - - [03/Feb/2024:00:49:11 +0100] "GET /wp-content/themes/jnews/style.css?ver=10.7.9 HTTP/1.1" 200 427 cronicareinodearagon.com "-" "Go-http-client/1.1" "-"
39.165.157.0 - - [03/Feb/2024:00:49:11 +0100] "GET /wp-content/plugins/complianz-gdpr/assets/css/cookieblocker.min.css?ver=6.4.4 HTTP/1.1" 200 2741 cronicareinodearagon.com "-" "Go-http-client/1.1" "-"
182.204.142.0 - - [03/Feb/2024:00:49:11 +0100] "GET /category/aragon/teruel/ HTTP/1.1" 200 147531 cronicareinodearagon.com "-" "Go-http-client/1.1" "-"
39.165.157.0 - - [03/Feb/2024:00:49:12 +0100] "GET /wp-includes/js/jquery/jquery-migrate.min.js?ver=3.4.0 HTTP/1.1" 200 13424 cronicareinodearagon.com "-" "Go-http-client/1.1" "-"
39.165.157.0 - - [03/Feb/2024:00:49:12 +0100] "GET /category/aragon/teruel/ HTTP/1.1" 200 147531 cronicareinodearagon.com "-" "Go-http-client/1.1" "-"
182.204.142.0 - - [03/Feb/2024:00:49:12 +0100] "GET /aragon/resultados-elecciones-autonomicas-municipales-aragon/ HTTP/1.1" 200 169152 cronicareinodearagon.com "-" "Go-http-client/1.1" "-"
42.202.17.0 - - [03/Feb/2024:00:49:13 +0100] "GET /wp-content/themes/jnews/assets/img/jeg-empty.png HTTP/1.1" 200 70 cronicareinodearagon.com "-" "Go-http-client/1.1" "-"
42.202.17.0 - - [03/Feb/2024:00:49:13 +0100] "GET /aragon/segundo-avance-participacion-elecciones-aragon/ HTTP/1.1" 200 166436 cronicareinodearagon.com "-" "Go-http-client/1.1" "-"
39.165.157.0 - - [03/Feb/2024:00:49:13 +0100] "GET /wp-content/themes/jnews/assets/dist/frontend.min.css?ver=10.7.9 HTTP/1.1" 200 598038 cronicareinodearagon.com "-" "Go-http-client/1.1" "-"
42.202.17.0 - - [03/Feb/2024:00:49:13 +0100] "GET /america/el-templo-de-los-mercaderes/ HTTP/1.1" 200 179383 cronicareinodearagon.com "-" "Go-http-client/1.1" "-"
182.204.142.0 - - [03/Feb/2024:00:49:14 +0100] "GET /wp-includes/css/classic-themes.min.css?ver=6.2.2 HTTP/1.1" 200 291 cronicareinodearagon.com "-" "Go-http-client/1.1" "-"
42.202.17.0 - - [03/Feb/2024:00:49:14 +0100] "GET /wp-content/plugins/metronet-profile-picture/js/mpp-frontend.js?ver=2.6.0 HTTP/1.1" 200 331 cronicareinodearagon.com "-" "Go-http-client/1.1" "-"
182.204.142.0 - - [03/Feb/2024:00:49:14 +0100] "GET /wp-content/plugins/complianz-gdpr/assets/css/cookieblocker.min.css?ver=6.4.4 HTTP/1.1" 200 2741 cronicareinodearagon.com "-" "Go-http-client/1.1" "-"
39.165.157.0 - - [03/Feb/2024:00:49:14 +0100] "GET /wp-content/themes/jnews/assets/dist/frontend.min.css?ver=10.7.9 HTTP/1.1" 200 598038 cronicareinodearagon.com "-" "Go-http-client/1.1" "-"
42.202.17.0 - - [03/Feb/2024:00:49:14 +0100] "GET /wp-content/plugins/complianz-gdpr/cookiebanner/js/complianz.min.js?ver=6.4.4 HTTP/1.1" 200 40180 cronicareinodearagon.com "-" "Go-http-client/1.1" "-"
42.202.17.0 - - [03/Feb/2024:00:49:15 +0100] "GET /wp-content/plugins/elementor/assets/js/webpack.runtime.min.js?ver=3.15.2 HTTP/1.1" 200 4958 cronicareinodearagon.com "-" "Go-http-client/1.1" "-"
42.202.17.0 - - [03/Feb/2024:00:49:15 +0100] "GET /wp-content/themes/jnews/assets/dist/frontend.min.css?ver=10.7.9 HTTP/1.1" 200 598038 cronicareinodearagon.com "-" "Go-http-client/1.1" "-"
39.165.157.0 - - [03/Feb/2024:00:49:15 +0100] "GET /wp-content/themes/jnews/assets/dist/frontend.min.css?ver=10.7.9 HTTP/1.1" 200 598038 cronicareinodearagon.com "-" "Go-http-client/1.1" "-"
182.204.142.0 - - [03/Feb/2024:00:49:15 +0100] "GET /category/sociedad/ HTTP/1.1" 200 147043 cronicareinodearagon.com "-" "Go-http-client/1.1" "-"
39.165.157.0 - - [03/Feb/2024:00:49:16 +0100] "GET /wp-content/themes/jnews/assets/dist/frontend.min.css?ver=10.7.9 HTTP/1.1" 200 598038 cronicareinodearagon.com "-" "Go-http-client/1.1" "-"
39.165.157.0 - - [03/Feb/2024:00:49:16 +0100] "GET /wp-content/themes/jnews/assets/dist/frontend.min.css?ver=10.7.9 HTTP/1.1" 200 598038 cronicareinodearagon.com "-" "Go-http-client/1.1" "-"
39.165.157.0 - - [03/Feb/2024:00:49:17 +0100] "GET /wp-content/themes/jnews/assets/dist/frontend.min.css?ver=10.7.9 HTTP/1.1" 200 598038 cronicareinodearagon.com "-" "Go-http-client/1.1" "-"
182.204.142.0 - - [03/Feb/2024:00:49:17 +0100] "GET /category/opinion/ HTTP/1.1" 200 145109 cronicareinodearagon.com "-" "Go-http-client/1.1" "-"
42.202.17.0 - - [03/Feb/2024:00:49:17 +0100] "GET /category/aragon/teruel/ HTTP/1.1" 200 147531 cronicareinodearagon.com "-" "Go-http-client/1.1" "-"
39.165.157.0 - - [03/Feb/2024:00:49:17 +0100] "GET /wp-content/themes/jnews/assets/dist/frontend.min.css?ver=10.7.9 HTTP/1.1" 200 598038 cronicareinodearagon.com "-" "Go-http-client/1.1" "-"
42.202.17.0 - - [03/Feb/2024:00:49:18 +0100] "GET /aragon/resultados-elecciones-autonomicas-municipales-aragon/ HTTP/1.1" 200 169152 cronicareinodearagon.com "-" "Go-http-client/1.1" "-"
39.165.157.0 - - [03/Feb/2024:00:49:18 +0100] "GET /wp-content/themes/jnews/assets/dist/frontend.min.css?ver=10.7.9 HTTP/1.1" 200 598038 cronicareinodearagon.com "-" "Go-http-client/1.1" "-"
182.204.142.0 - - [03/Feb/2024:00:49:19 +0100] "GET /aragon/educacion-sexual-edades-tempranas-aragon/ HTTP/1.1" 200 161580 cronicareinodearagon.com "-" "Go-http-client/1.1" "-"
39.165.157.0 - - [03/Feb/2024:00:49:19 +0100] "GET /wp-content/themes/jnews/assets/dist/frontend.min.css?ver=10.7.9 HTTP/1.1" 200 598038 cronicareinodearagon.com "-" "Go-http-client/1.1" "-"
42.202.17.0 - - [03/Feb/2024:00:49:19 +0100] "GET /wp-includes/js/hoverIntent.min.js?ver=1.10.2 HTTP/1.1" 200 1499 cronicareinodearagon.com "-" "Go-http-client/1.1" "-"
42.202.17.0 - - [03/Feb/2024:00:49:19 +0100] "GET /wp-includes/js/jquery/ui/core.min.js?ver=1.13.2 HTTP/1.1" 200 21438 cronicareinodearagon.com "-" "Go-http-client/1.1" "-"
39.165.157.0 - - [03/Feb/2024:00:49:20 +0100] "GET /wp-content/themes/jnews/assets/dist/frontend.min.css?ver=10.7.9 HTTP/1.1" 200 598038 cronicareinodearagon.com "-" "Go-http-client/1.1" "-"
182.204.142.0 - - [03/Feb/2024:00:49:20 +0100] "GET /wp-content/themes/jnews/assets/css/elementor-frontend.css?ver=10.7.9 HTTP/1.1" 200 681 cronicareinodearagon.com "-" "Go-http-client/1.1" "-"
182.204.142.0 - - [03/Feb/2024:00:49:20 +0100] "GET /category/educacion/ HTTP/1.1" 200 146946 cronicareinodearagon.com "-" "Go-http-client/1.1" "-"
39.165.157.0 - - [03/Feb/2024:00:49:20 +0100] "GET /wp-content/themes/jnews/assets/dist/frontend.min.css?ver=10.7.9 HTTP/1.1" 200 598038 cronicareinodearagon.com "-" "Go-http-client/1.1" "-"
42.202.17.0 - - [03/Feb/2024:00:49:20 +0100] "GET /wp-content/plugins/elementor/assets/css/frontend-lite.min.css?ver=3.15.2 HTTP/1.1" 200 111754 cronicareinodearagon.com "-" "Go-http-client/1.1" "-"
182.204.142.0 - - [03/Feb/2024:00:49:21 +0100] "GET /wp-content/uploads/2023/05/resultados-autonomicas-aragon-750x375.jpg HTTP/1.1" 200 19010 cronicareinodearagon.com "-" "Go-http-client/1.1" "-"
182.204.142.0 - - [03/Feb/2024:00:49:21 +0100] "GET /aragon/el-gobierno-de-aragon-impulsa-nueve-proyectos-empresariales-de-id-en-sector-farmaceutico-y-movilidad-sostenible/ HTTP/1.1" 200 168326 cronicareinodearagon.com "-" "Go-http-client/1.1" "-"
39.165.157.0 - - [03/Feb/2024:00:49:21 +0100] "GET /wp-content/themes/jnews/assets/dist/frontend.min.css?ver=10.7.9 HTTP/1.1" 200 598038 cronicareinodearagon.com "-" "Go-http-client/1.1" "-"
42.202.17.0 - - [03/Feb/2024:00:49:21 +0100] "GET /wp-content/themes/jnews/data/import/newspaper/scheme.css?ver=10.7.9 HTTP/1.1" 200 5700 cronicareinodearagon.com "-" "Go-http-client/1.1" "-"
42.202.17.0 - - [03/Feb/2024:00:49:22 +0100] "GET /category/aragon/zaragoza/ HTTP/1.1" 200 148386 cronicareinodearagon.com "-" "Go-http-client/1.1" "-"
182.204.142.0 - - [03/Feb/2024:00:49:22 +0100] "GET /category/aragon/zaragoza/ HTTP/1.1" 200 148386 cronicareinodearagon.com "-" "Go-http-client/1.1" "-"
39.165.157.0 - - [03/Feb/2024:00:49:22 +0100] "GET /wp-content/themes/jnews/assets/dist/frontend.min.css?ver=10.7.9 HTTP/1.1" 200 598038 cronicareinodearagon.com "-" "Go-http-client/1.1" "-"
39.165.157.0 - - [03/Feb/2024:00:49:22 +0100] "GET /wp-content/themes/jnews/assets/dist/frontend.min.css?ver=10.7.9 HTTP/1.1" 200 598038 cronicareinodearagon.com "-" "Go-http-client/1.1" "-"
