182.204.142.0 - - [03/Feb/2024:00:49:23 +0100] "GET /wp-content/themes/jnews/assets/img/jeg-empty.png HTTP/1.1" 200 70 cronicareinodearagon.com "-" "Go-http-client/1.1" "-"
182.204.142.0 - - [03/Feb/2024:00:49:23 +0100] "GET /wp-content/plugins/metronet-profile-picture/js/mpp-frontend.js?ver=2.6.0 HTTP/1.1" 200 331 cronicareinodearagon.com "-" "Go-http-client/1.1" "-"
39.165.157.0 - - [03/Feb/2024:00:49:23 +0100] "GET /wp-content/themes/jnews/assets/dist/frontend.min.css?ver=10.7.9 HTTP/1.1" 200 598038 cronicareinodearagon.com "-" "Go-http-client/1.1" "-"
182.204.142.0 - - [03/Feb/2024:00:49:23 +0100] "GET /wp-content/themes/jnews/assets/dist/frontend.min.js?ver=10.7.9 HTTP/1.1" 200 303914 cronicareinodearagon.com "-" "Go-http-client/1.1" "-"
42.202.17.0 - - [03/Feb/2024:00:49:23 +0100] "GET /wp-content/uploads/2022/10/CABECERA-CrAra_MOVIL-1.png HTTP/1.1" 200 3014 cronicareinodearagon.com "-" "Go-http-client/1.1" "-"
42.202.17.0 - - [03/Feb/2024:00:49:24 +0100] "GET /aragon/aragon-vacunacion-neumococo-junio/ HTTP/1.1" 200 161597 cronicareinodearagon.com "-" "Go-http-client/1.1" "-"
39.165.157.0 - - [03/Feb/2024:00:49:24 +0100] "GET /wp-content/themes/jnews/assets/dist/frontend.min.css?ver=10.7.9 HTTP/1.1" 200 598038 cronicareinodearagon.com "-" "Go-http-client/1.1" "-"
182.204.142.0 - - [03/Feb/2024:00:49:25 +0100] "GET /wp-includes/js/jquery/jquery.min.js?ver=3.6.4 HTTP/1.1" 200 89815 cronicareinodearagon.com "-" "Go-http-client/1.1" "-"
39.165.157.0 - - [03/Feb/2024:00:49:25 +0100] "GET /wp-content/themes/jnews/assets/dist/frontend.min.css?ver=10.7.9 HTTP/1.1" 200 598038 cronicareinodearagon.com "-" "Go-http-client/1.1" "-"
182.204.142.0 - - [03/Feb/2024:00:49:25 +0100] "GET /wp-includes/js/jquery/jquery-migrate.min.js?ver=3.4.0 HTTP/1.1" 200 13424 cronicareinodearagon.com "-" "Go-http-client/1.1" "-"
39.165.157.0 - - [03/Feb/2024:00:49:25 +0100] "GET /wp-content/themes/jnews/assets/dist/frontend.min.css?ver=10.7.9 HTTP/1.1" 200 598038 cronicareinodearagon.com "-" "Go-http-client/1.1" "-"
182.204.142.0 - - [03/Feb/2024:00:49:26 +0100] "GET /aragon/guitarte-teruel-existe-cierre-campana/ HTTP/1.1" 200 177241 cronicareinodearagon.com "-" "Go-http-client/1.1" "-"
182.204.142.0 - - [03/Feb/2024:00:49:26 +0100] "GET /opinion/la-miseria/ HTTP/1.1" 200 177012 cronicareinodearagon.com "-" "Go-http-client/1.1" "-"
39.165.157.0 - - [03/Feb/2024:00:49:27 +0100] "GET /wp-content/themes/jnews/assets/dist/frontend.min.css?ver=10.7.9 HTTP/1.1" 200 598038 cronicareinodearagon.com "-" "Go-http-client/1.1" "-"
182.204.142.0 - - [03/Feb/2024:00:49:28 +0100] "GET /wp-includes/js/comment-reply.min.js?ver=6.2.2 HTTP/1.1" 200 2981 cronicareinodearagon.com "-" "Go-http-client/1.1" "-"
182.204.142.0 - - [03/Feb/2024:00:49:28 +0100] "GET /category/economia/ HTTP/1.1" 200 146955 cronicareinodearagon.com "-" "Go-http-client/1.1" "-"
182.204.142.0 - - [03/Feb/2024:00:49:29 +0100] "GET /category/aragon/ HTTP/1.1" 200 146826 cronicareinodearagon.com "-" "Go-http-client/1.1" "-"
39.165.157.0 - - [03/Feb/2024:00:49:29 +0100] "GET /wp-content/themes/jnews/assets/dist/frontend.min.css?ver=10.7.9 HTTP/1.1" 200 598038 cronicareinodearagon.com "-" "Go-http-client/1.1" "-"
182.204.142.0 - - [03/Feb/2024:00:49:29 +0100] "GET /america/el-templo-de-los-mercaderes/ HTTP/1.1" 200 179383 cronicareinodearagon.com "-" "Go-http-client/1.1" "-"
39.165.157.0 - - [03/Feb/2024:00:49:30 +0100] "GET /wp-content/themes/jnews/assets/dist/frontend.min.css?ver=10.7.9 HTTP/1.1" 200 598038 cronicareinodearagon.com "-" "Go-http-client/1.1" "-"
182.204.142.0 - - [03/Feb/2024:00:49:30 +0100] "GET /sociedad/planta-transferencia-residuos-quinto-ecoprovincia-zaragoza/ HTTP/1.1" 200 168366 cronicareinodearagon.com "-" "Go-http-client/1.1" "-"
39.165.157.0 - - [03/Feb/2024:00:49:31 +0100] "GET /wp-content/themes/jnews/assets/dist/frontend.min.css?ver=10.7.9 HTTP/1.1" 200 598038 cronicareinodearagon.com "-" "Go-http-client/1.1" "-"
39.165.157.0 - - [03/Feb/2024:00:49:31 +0100] "GET /wp-content/themes/jnews/assets/dist/frontend.min.css?ver=10.7.9 HTTP/1.1" 200 598038 cronicareinodearagon.com "-" "Go-http-client/1.1" "-"
39.165.157.0 - - [03/Feb/2024:00:49:32 +0100] "GET /wp-content/themes/jnews/assets/dist/frontend.min.css?ver=10.7.9 HTTP/1.1" 200 598038 cronicareinodearagon.com "-" "Go-http-client/1.1" "-"
39.165.157.0 - - [03/Feb/2024:00:49:32 +0100] "GET /wp-content/themes/jnews/assets/dist/frontend.min.css?ver=10.7.9 HTTP/1.1" 200 598038 cronicareinodearagon.com "-" "Go-http-client/1.1" "-"
39.165.157.0 - - [03/Feb/2024:00:49:33 +0100] "GET /wp-content/themes/jnews/assets/dist/frontend.min.css?ver=10.7.9 HTTP/1.1" 200 598038 cronicareinodearagon.com "-" "Go-http-client/1.1" "-"
182.204.142.0 - - [03/Feb/2024:00:49:33 +0100] "GET /wp-includes/css/dist/block-library/style.min.css?ver=6.2.2 HTTP/1.1" 200 97517 cronicareinodearagon.com "-" "Go-http-client/1.1" "-"
39.165.157.0 - - [03/Feb/2024:00:49:34 +0100] "GET /wp-content/themes/jnews/assets/dist/frontend.min.css?ver=10.7.9 HTTP/1.1" 200 598038 cronicareinodearagon.com "-" "Go-http-client/1.1" "-"
39.165.157.0 - - [03/Feb/2024:00:49:35 +0100] "GET /wp-content/themes/jnews/assets/dist/frontend.min.css?ver=10.7.9 HTTP/1.1" 200 598038 cronicareinodearagon.com "-" "Go-http-client/1.1" "-"
182.204.142.0 - - [03/Feb/2024:00:49:35 +0100] "GET /wp-content/plugins/elementor/assets/js/webpack.runtime.min.js?ver=3.15.2 HTTP/1.1" 200 4958 cronicareinodearagon.com "-" "Go-http-client/1.1" "-"
39.165.157.0 - - [03/Feb/2024:00:49:35 +0100] "GET /wp-content/themes/jnews/assets/dist/frontend.min.css?ver=10.7.9 HTTP/1.1" 200 598038 cronicareinodearagon.com "-" "Go-http-client/1.1" "-"
182.204.142.0 - - [03/Feb/2024:00:49:35 +0100] "GET /wp-content/plugins/metronet-profile-picture/dist/blocks.style.build.css?ver=2.6.0 HTTP/1.1" 200 27760 cronicareinodearagon.com "-" "Go-http-client/1.1" "-"
182.204.142.0 - - [03/Feb/2024:00:49:36 +0100] "GET /wp-content/themes/jnews/assets/css/darkmode.css?ver=10.7.9 HTTP/1.1" 200 46766 cronicareinodearagon.com "-" "Go-http-client/1.1" "-"
39.165.157.0 - - [03/Feb/2024:00:49:36 +0100] "GET /wp-content/themes/jnews/assets/dist/frontend.min.css?ver=10.7.9 HTTP/1.1" 200 598038 cronicareinodearagon.com "-" "Go-http-client/1.1" "-"
182.204.142.0 - - [03/Feb/2024:00:49:37 +0100] "GET /aragon/avance-participacion-elecciones-aragon/ HTTP/1.1" 200 166813 cronicareinodearagon.com "-" "Go-http-client/1.1" "-"
39.165.157.0 - - [03/Feb/2024:00:49:37 +0100] "GET /wp-content/themes/jnews/assets/dist/frontend.min.css?ver=10.7.9 HTTP/1.1" 200 598038 cronicareinodearagon.com "-" "Go-http-client/1.1" "-"
39.165.157.0 - - [03/Feb/2024:00:49:38 +0100] "GET /wp-content/themes/jnews/assets/dist/frontend.min.css?ver=10.7.9 HTTP/1.1" 200 598038 cronicareinodearagon.com "-" "Go-http-client/1.1" "-"
182.204.142.0 - - [03/Feb/2024:00:49:38 +0100] "GET /category/america/ HTTP/1.1" 200 138178 cronicareinodearagon.com "-" "Go-http-client/1.1" "-"
182.204.142.0 - - [03/Feb/2024:00:49:39 +0100] "GET /aragon/aragon-vacunacion-neumococo-junio/ HTTP/1.1" 200 161597 cronicareinodearagon.com "-" "Go-http-client/1.1" "-"
39.165.157.0 - - [03/Feb/2024:00:49:39 +0100] "GET /wp-content/themes/jnews/assets/dist/frontend.min.css?ver=10.7.9 HTTP/1.1" 200 598038 cronicareinodearagon.com "-" "Go-http-client/1.1" "-"
39.165.157.0 - - [03/Feb/2024:00:49:40 +0100] "GET /wp-content/themes/jnews/assets/dist/frontend.min.css?ver=10.7.9 HTTP/1.1" 200 598038 cronicareinodearagon.com "-" "Go-http-client/1.1" "-"
182.204.142.0 - - [03/Feb/2024:00:49:40 +0100] "GET /wp-content/themes/jnews/style.css?ver=10.7.9 HTTP/1.1" 200 427 cronicareinodearagon.com "-" "Go-http-client/1.1" "-"
182.204.142.0 - - [03/Feb/2024:00:49:40 +0100] "GET /category/aragon/huesca/ HTTP/1.1" 200 147255 cronicareinodearagon.com "-" "Go-http-client/1.1" "-"
39.165.157.0 - - [03/Feb/2024:00:49:41 +0100] "GET /wp-content/themes/jnews/assets/dist/frontend.min.css?ver=10.7.9 HTTP/1.1" 200 598038 cronicareinodearagon.com "-" "Go-http-client/1.1" "-"
39.165.157.0 - - [03/Feb/2024:00:49:41 +0100] "GET /wp-content/themes/jnews/assets/dist/frontend.min.css?ver=10.7.9 HTTP/1.1" 200 598038 cronicareinodearagon.com "-" "Go-http-client/1.1" "-"
39.165.157.0 - - [03/Feb/2024:00:49:42 +0100] "GET /wp-content/themes/jnews/assets/dist/frontend.min.css?ver=10.7.9 HTTP/1.1" 200 598038 cronicareinodearagon.com "-" "Go-http-client/1.1" "-"
182.204.142.0 - - [03/Feb/2024:00:49:42 +0100] "GET /aragon/nuevo-programa-de-aceleracion-gratuito-para-empresas-innovadoras/ HTTP/1.1" 200 164858 cronicareinodearagon.com "-" "Go-http-client/1.1" "-"
39.165.157.0 - - [03/Feb/2024:00:49:43 +0100] "GET /wp-content/themes/jnews/assets/dist/frontend.min.css?ver=10.7.9 HTTP/1.1" 200 598038 cronicareinodearagon.com "-" "Go-http-client/1.1" "-"
39.165.157.0 - - [03/Feb/2024:00:49:44 +0100] "GET /wp-content/themes/jnews/assets/dist/frontend.min.css?ver=10.7.9 HTTP/1.1" 200 598038 cronicareinodearagon.com "-" "Go-http-client/1.1" "-"
182.204.142.0 - - [03/Feb/2024:00:49:45 +0100] "GET /wp-includes/js/hoverIntent.min.js?ver=1.10.2 HTTP/1.1" 200 1499 cronicareinodearagon.com "-" "Go-http-client/1.1" "-"
182.204.142.0 - - [03/Feb/2024:00:49:45 +0100] "GET / HTTP/1.1" 200 319420 cronicareinodearagon.com "-" "Go-http-client/1.1" "-"
182.204.142.0 - - [03/Feb/2024:00:49:46 +0100] "GET /aragon/el-biogas-como-aliado-en-la-descarbonizacion-tematica-de-jornada-de-itainnova-circe-y-clenar/ HTTP/1.1" 200 165423 cronicareinodearagon.com "-" "Go-http-client/1.1" "-"
39.165.157.0 - - [03/Feb/2024:00:49:46 +0100] "GET /wp-content/themes/jnews/assets/dist/frontend.min.css?ver=10.7.9 HTTP/1.1" 200 598038 cronicareinodearagon.com "-" "Go-http-client/1.1" "-"
39.165.157.0 - - [03/Feb/2024:00:49:47 +0100] "GET /wp-content/themes/jnews/assets/dist/frontend.min.css?ver=10.7.9 HTTP/1.1" 200 598038 cronicareinodearagon.com "-" "Go-http-client/1.1" "-"
182.204.142.0 - - [03/Feb/2024:00:49:47 +0100] "GET /aragon/segundo-avance-participacion-elecciones-aragon/ HTTP/1.1" 200 166436 cronicareinodearagon.com "-" "Go-http-client/1.1" "-"
39.165.157.0 - - [03/Feb/2024:00:49:48 +0100] "GET /wp-content/themes/jnews/assets/dist/frontend.min.css?ver=10.7.9 HTTP/1.1" 200 598038 cronicareinodearagon.com "-" "Go-http-client/1.1" "-"
182.204.142.0 - - [03/Feb/2024:00:49:48 +0100] "GET /educacion/practicas-estudiantes-internacionales-medio-rural/ HTTP/1.1" 200 163088 cronicareinodearagon.com "-" "Go-http-client/1.1" "-"
39.165.157.0 - - [03/Feb/2024:00:49:49 +0100] "GET /wp-content/themes/jnews/assets/dist/frontend.min.css?ver=10.7.9 HTTP/1.1" 200 598038 cronicareinodearagon.com "-" "Go-http-client/1.1" "-"
182.204.142.0 - - [03/Feb/2024:00:49:49 +0100] "GET /aragon/fima-digital-jornada-maquinaria-agricola/ HTTP/1.1" 200 161979 cronicareinodearagon.com "-" "Go-http-client/1.1" "-"
39.165.157.0 - - [03/Feb/2024:00:49:49 +0100] "GET /wp-content/themes/jnews/assets/dist/frontend.min.css?ver=10.7.9 HTTP/1.1" 200 598038 cronicareinodearagon.com "-" "Go-http-client/1.1" "-"
182.204.142.0 - - [03/Feb/2024:00:49:50 +0100] "GET /aviso-legal/ HTTP/1.1" 200 141212 cronicareinodearagon.com "-" "Go-http-client/1.1" "-"
39.165.157.0 - - [03/Feb/2024:00:49:50 +0100] "GET /wp-content/themes/jnews/assets/dist/frontend.min.css?ver=10.7.9 HTTP/1.1" 200 598038 cronicareinodearagon.com "-" "Go-http-client/1.1" "-"
182.204.142.0 - - [03/Feb/2024:00:49:51 +0100] "GET /politica-de-cookies-ue/ HTTP/1.1" 200 155973 cronicareinodearagon.com "-" "Go-http-client/1.1" "-"
39.165.157.0 - - [03/Feb/2024:00:49:51 +0100] "GET /wp-content/themes/jnews/assets/dist/frontend.min.css?ver=10.7.9 HTTP/1.1" 200 598038 cronicareinodearagon.com "-" "Go-http-client/1.1" "-"
182.204.142.0 - - [03/Feb/2024:00:49:52 +0100] "GET /wp-includes/js/jquery/ui/core.min.js?ver=1.13.2 HTTP/1.1" 200 21438 cronicareinodearagon.com "-" "Go-http-client/1.1" "-"
39.165.157.0 - - [03/Feb/2024:00:49:52 +0100] "GET /wp-content/themes/jnews/assets/dist/frontend.min.css?ver=10.7.9 HTTP/1.1" 200 598038 cronicareinodearagon.com "-" "Go-http-client/1.1" "-"
182.204.142.0 - - [03/Feb/2024:00:49:52 +0100] "GET /wp-content/plugins/elementor/assets/lib/eicons/css/elementor-icons.min.css?ver=5.21.0 HTTP/1.1" 200 19488 cronicareinodearagon.com "-" "Go-http-client/1.1" "-"
39.165.157.0 - - [03/Feb/2024:00:49:53 +0100] "GET /wp-content/themes/jnews/assets/dist/frontend.min.css?ver=10.7.9 HTTP/1.1" 200 598038 cronicareinodearagon.com "-" "Go-http-client/1.1" "-"
39.165.157.0 - - [03/Feb/2024:00:49:53 +0100] "GET /wp-content/themes/jnews/assets/dist/frontend.min.css?ver=10.7.9 HTTP/1.1" 200 598038 cronicareinodearagon.com "-" "Go-http-client/1.1" "-"
182.204.142.0 - - [03/Feb/2024:00:49:54 +0100] "GET /wp-content/plugins/elementor/assets/js/frontend-modules.min.js?ver=3.15.2 HTTP/1.1" 200 56154 cronicareinodearagon.com "-" "Go-http-client/1.1" "-"
39.165.157.0 - - [03/Feb/2024:00:49:54 +0100] "GET /wp-content/themes/jnews/assets/dist/frontend.min.css?ver=10.7.9 HTTP/1.1" 200 598038 cronicareinodearagon.com "-" "Go-http-client/1.1" "-"
39.165.157.0 - - [03/Feb/2024:00:49:55 +0100] "GET /wp-content/themes/jnews/assets/dist/frontend.min.css?ver=10.7.9 HTTP/1.1" 200 598038 cronicareinodearagon.com "-" "Go-http-client/1.1" "-"
182.204.142.0 - - [03/Feb/2024:00:49:55 +0100] "GET /wp-content/themes/jnews/assets/dist/frontend.min.css?ver=10.7.9 HTTP/1.1" 200 598038 cronicareinodearagon.com "-" "Go-http-client/1.1" "-"
39.165.157.0 - - [03/Feb/2024:00:49:56 +0100] "GET /wp-content/themes/jnews/assets/dist/frontend.min.css?ver=10.7.9 HTTP/1.1" 200 598038 cronicareinodearagon.com "-" "Go-http-client/1.1" "-"
39.165.157.0 - - [03/Feb/2024:00:49:56 +0100] "GET /wp-content/themes/jnews/assets/dist/frontend.min.css?ver=10.7.9 HTTP/1.1" 200 598038 cronicareinodearagon.com "-" "Go-http-client/1.1" "-"
39.165.157.0 - - [03/Feb/2024:00:49:57 +0100] "GET /wp-content/themes/jnews/assets/dist/frontend.min.css?ver=10.7.9 HTTP/1.1" 200 598038 cronicareinodearagon.com "-" "Go-http-client/1.1" "-"
182.204.142.0 - - [03/Feb/2024:00:49:58 +0100] "GET /wp-content/themes/jnews/assets/dist/frontend.min.css?ver=10.7.9 HTTP/1.1" 200 598038 cronicareinodearagon.com "-" "Go-http-client/1.1" "-"
39.165.157.0 - - [03/Feb/2024:00:49:58 +0100] "GET /wp-content/themes/jnews/assets/dist/frontend.min.css?ver=10.7.9 HTTP/1.1" 200 598038 cronicareinodearagon.com "-" "Go-http-client/1.1" "-"
42.202.17.0 - - [03/Feb/2024:00:49:58 +0100] "GET /wp-content/themes/jnews/assets/dist/frontend.min.css?ver=10.7.9 HTTP/1.1" 200 598038 cronicareinodearagon.com "-" "Go-http-client/1.1" "-"
182.204.142.0 - - [03/Feb/2024:00:49:58 +0100] "GET /wp-content/themes/jnews/assets/dist/frontend.min.css?ver=10.7.9 HTTP/1.1" 200 598038 cronicareinodearagon.com "-" "Go-http-client/1.1" "-"
39.165.157.0 - - [03/Feb/2024:00:49:59 +0100] "GET /wp-content/themes/jnews/assets/dist/frontend.min.css?ver=10.7.9 HTTP/1.1" 200 598038 cronicareinodearagon.com "-" "Go-http-client/1.1" "-"
182.204.142.0 - - [03/Feb/2024:00:49:59 +0100] "GET /wp-content/themes/jnews/assets/dist/frontend.min.css?ver=10.7.9 HTTP/1.1" 200 598038 cronicareinodearagon.com "-" "Go-http-client/1.1" "-"
39.165.157.0 - - [03/Feb/2024:00:49:59 +0100] "GET /wp-content/themes/jnews/assets/dist/frontend.min.css?ver=10.7.9 HTTP/1.1" 200 598038 cronicareinodearagon.com "-" "Go-http-client/1.1" "-"
39.165.157.0 - - [03/Feb/2024:00:50:00 +0100] "GET /wp-content/themes/jnews/assets/dist/frontend.min.css?ver=10.7.9 HTTP/1.1" 200 598038 cronicareinodearagon.com "-" "Go-http-client/1.1" "-"
182.204.142.0 - - [03/Feb/2024:00:50:00 +0100] "GET /wp-content/themes/jnews/assets/dist/frontend.min.css?ver=10.7.9 HTTP/1.1" 200 598038 cronicareinodearagon.com "-" "Go-http-client/1.1" "-"
182.204.142.0 - - [03/Feb/2024:00:50:01 +0100] "GET /wp-content/themes/jnews/assets/dist/frontend.min.css?ver=10.7.9 HTTP/1.1" 200 598038 cronicareinodearagon.com "-" "Go-http-client/1.1" "-"
42.202.17.0 - - [03/Feb/2024:00:50:01 +0100] "GET /wp-content/themes/jnews/assets/dist/frontend.min.css?ver=10.7.9 HTTP/1.1" 200 598038 cronicareinodearagon.com "-" "Go-http-client/1.1" "-"
39.165.157.0 - - [03/Feb/2024:00:50:02 +0100] "GET /wp-content/themes/jnews/assets/dist/frontend.min.css?ver=10.7.9 HTTP/1.1" 200 598038 cronicareinodearagon.com "-" "Go-http-client/1.1" "-"
182.204.142.0 - - [03/Feb/2024:00:50:02 +0100] "GET /wp-content/themes/jnews/assets/dist/frontend.min.css?ver=10.7.9 HTTP/1.1" 200 598038 cronicareinodearagon.com "-" "Go-http-client/1.1" "-"
42.202.17.0 - - [03/Feb/2024:00:50:03 +0100] "GET /wp-content/themes/jnews/assets/dist/frontend.min.css?ver=10.7.9 HTTP/1.1" 200 598038 cronicareinodearagon.com "-" "Go-http-client/1.1" "-"
182.204.142.0 - - [03/Feb/2024:00:50:03 +0100] "GET /wp-content/themes/jnews/assets/dist/frontend.min.css?ver=10.7.9 HTTP/1.1" 200 598038 cronicareinodearagon.com "-" "Go-http-client/1.1" "-"
182.204.142.0 - - [03/Feb/2024:00:50:03 +0100] "GET /wp-content/themes/jnews/assets/dist/frontend.min.css?ver=10.7.9 HTTP/1.1" 200 598038 cronicareinodearagon.com "-" "Go-http-client/1.1" "-"
42.202.17.0 - - [03/Feb/2024:00:50:04 +0100] "GET /wp-content/themes/jnews/assets/dist/frontend.min.css?ver=10.7.9 HTTP/1.1" 200 598038 cronicareinodearagon.com "-" "Go-http-client/1.1" "-"
39.165.157.0 - - [03/Feb/2024:00:50:04 +0100] "GET /wp-content/themes/jnews/assets/dist/frontend.min.css?ver=10.7.9 HTTP/1.1" 200 598038 cronicareinodearagon.com "-" "Go-http-client/1.1" "-"
39.165.157.0 - - [03/Feb/2024:00:50:04 +0100] "GET /wp-content/themes/jnews/assets/dist/frontend.min.css?ver=10.7.9 HTTP/1.1" 200 598038 cronicareinodearagon.com "-" "Go-http-client/1.1" "-"
182.204.142.0 - - [03/Feb/2024:00:50:04 +0100] "GET /wp-content/themes/jnews/assets/dist/frontend.min.css?ver=10.7.9 HTTP/1.1" 200 598038 cronicareinodearagon.com "-" "Go-http-client/1.1" "-"
42.202.17.0 - - [03/Feb/2024:00:50:05 +0100] "GET /wp-content/themes/jnews/assets/dist/frontend.min.css?ver=10.7.9 HTTP/1.1" 200 598038 cronicareinodearagon.com "-" "Go-http-client/1.1" "-"
39.165.157.0 - - [03/Feb/2024:00:50:05 +0100] "GET /wp-content/themes/jnews/assets/dist/frontend.min.css?ver=10.7.9 HTTP/1.1" 200 598038 cronicareinodearagon.com "-" "Go-http-client/1.1" "-"
82.165.88.0 - - [03/Feb/2024:00:50:05 +0100] "POST /wp-cron.php?doing_wp_cron=1706917805.4789760112762451171875 HTTP/1.1" 200 - cronicareinodearagon.com "-" "WordPress/6.2.2; https://cronicareinodearagon.com" "-"
182.204.142.0 - - [03/Feb/2024:00:50:05 +0100] "GET /wp-content/themes/jnews/assets/dist/frontend.min.css?ver=10.7.9 HTTP/1.1" 200 598038 cronicareinodearagon.com "-" "Go-http-client/1.1" "-"
39.165.157.0 - - [03/Feb/2024:00:50:05 +0100] "GET /wp-content/themes/jnews/assets/dist/frontend.min.css?ver=10.7.9 HTTP/1.1" 200 598038 cronicareinodearagon.com "-" "Go-http-client/1.1" "-"
185.191.171.0 - - [03/Feb/2024:00:50:05 +0100] "GET /aragon/reforma-laboral-junio-andalucia/ HTTP/1.1" 200 161540 cronicareinodearagon.com "-" "Mozilla/5.0 (compatible; SemrushBot/7~bl; +http://www.semrush.com/bot.html)" "-"
42.202.17.0 - - [03/Feb/2024:00:50:06 +0100] "GET /wp-content/themes/jnews/assets/dist/frontend.min.css?ver=10.7.9 HTTP/1.1" 200 598038 cronicareinodearagon.com "-" "Go-http-client/1.1" "-"
39.165.157.0 - - [03/Feb/2024:00:50:06 +0100] "GET /wp-content/themes/jnews/assets/dist/frontend.min.css?ver=10.7.9 HTTP/1.1" 200 598038 cronicareinodearagon.com "-" "Go-http-client/1.1" "-"
182.204.142.0 - - [03/Feb/2024:00:50:07 +0100] "GET /wp-content/themes/jnews/assets/dist/frontend.min.css?ver=10.7.9 HTTP/1.1" 200 598038 cronicareinodearagon.com "-" "Go-http-client/1.1" "-"
39.165.157.0 - - [03/Feb/2024:00:50:07 +0100] "GET /wp-content/themes/jnews/assets/dist/frontend.min.css?ver=10.7.9 HTTP/1.1" 200 598038 cronicareinodearagon.com "-" "Go-http-client/1.1" "-"
39.165.157.0 - - [03/Feb/2024:00:50:07 +0100] "GET /wp-content/themes/jnews/assets/dist/frontend.min.css?ver=10.7.9 HTTP/1.1" 200 598038 cronicareinodearagon.com "-" "Go-http-client/1.1" "-"
42.202.17.0 - - [03/Feb/2024:00:50:07 +0100] "GET /wp-content/themes/jnews/assets/dist/frontend.min.css?ver=10.7.9 HTTP/1.1" 200 598038 cronicareinodearagon.com "-" "Go-http-client/1.1" "-"
182.204.142.0 - - [03/Feb/2024:00:50:08 +0100] "GET /wp-content/themes/jnews/assets/dist/frontend.min.css?ver=10.7.9 HTTP/1.1" 200 598038 cronicareinodearagon.com "-" "Go-http-client/1.1" "-"
39.165.157.0 - - [03/Feb/2024:00:50:08 +0100] "GET /wp-content/themes/jnews/assets/dist/frontend.min.css?ver=10.7.9 HTTP/1.1" 200 598038 cronicareinodearagon.com "-" "Go-http-client/1.1" "-"
39.165.157.0 - - [03/Feb/2024:00:50:08 +0100] "GET /wp-content/themes/jnews/assets/dist/frontend.min.css?ver=10.7.9 HTTP/1.1" 200 598038 cronicareinodearagon.com "-" "Go-http-client/1.1" "-"
182.204.142.0 - - [03/Feb/2024:00:50:08 +0100] "GET /wp-content/themes/jnews/assets/dist/frontend.min.css?ver=10.7.9 HTTP/1.1" 200 598038 cronicareinodearagon.com "-" "Go-http-client/1.1" "-"
42.202.17.0 - - [03/Feb/2024:00:50:09 +0100] "GET /wp-content/themes/jnews/assets/dist/frontend.min.css?ver=10.7.9 HTTP/1.1" 200 598038 cronicareinodearagon.com "-" "Go-http-client/1.1" "-"
39.165.157.0 - - [03/Feb/2024:00:50:09 +0100] "GET /wp-content/themes/jnews/assets/dist/frontend.min.css?ver=10.7.9 HTTP/1.1" 200 598038 cronicareinodearagon.com "-" "Go-http-client/1.1" "-"
39.165.157.0 - - [03/Feb/2024:00:50:09 +0100] "GET /wp-content/themes/jnews/assets/dist/frontend.min.css?ver=10.7.9 HTTP/1.1" 200 598038 cronicareinodearagon.com "-" "Go-http-client/1.1" "-"
42.202.17.0 - - [03/Feb/2024:00:50:10 +0100] "GET /wp-content/themes/jnews/assets/dist/frontend.min.css?ver=10.7.9 HTTP/1.1" 200 598038 cronicareinodearagon.com "-" "Go-http-client/1.1" "-"
182.204.142.0 - - [03/Feb/2024:00:50:10 +0100] "GET /wp-content/themes/jnews/assets/dist/frontend.min.css?ver=10.7.9 HTTP/1.1" 200 598038 cronicareinodearagon.com "-" "Go-http-client/1.1" "-"
39.165.157.0 - - [03/Feb/2024:00:50:10 +0100] "GET /wp-content/themes/jnews/assets/dist/frontend.min.css?ver=10.7.9 HTTP/1.1" 200 598038 cronicareinodearagon.com "-" "Go-http-client/1.1" "-"
182.204.142.0 - - [03/Feb/2024:00:50:11 +0100] "GET /wp-content/themes/jnews/assets/dist/frontend.min.css?ver=10.7.9 HTTP/1.1" 200 598038 cronicareinodearagon.com "-" "Go-http-client/1.1" "-"
39.165.157.0 - - [03/Feb/2024:00:50:11 +0100] "GET /wp-content/themes/jnews/assets/dist/frontend.min.css?ver=10.7.9 HTTP/1.1" 200 598038 cronicareinodearagon.com "-" "Go-http-client/1.1" "-"
39.165.157.0 - - [03/Feb/2024:00:50:11 +0100] "GET /wp-content/themes/jnews/assets/dist/frontend.min.css?ver=10.7.9 HTTP/1.1" 200 598038 cronicareinodearagon.com "-" "Go-http-client/1.1" "-"
42.202.17.0 - - [03/Feb/2024:00:50:12 +0100] "GET /wp-content/themes/jnews/assets/dist/frontend.min.css?ver=10.7.9 HTTP/1.1" 200 598038 cronicareinodearagon.com "-" "Go-http-client/1.1" "-"
182.204.142.0 - - [03/Feb/2024:00:50:12 +0100] "GET /wp-content/themes/jnews/assets/dist/frontend.min.css?ver=10.7.9 HTTP/1.1" 200 598038 cronicareinodearagon.com "-" "Go-http-client/1.1" "-"
39.165.157.0 - - [03/Feb/2024:00:50:12 +0100] "GET /wp-content/themes/jnews/assets/dist/frontend.min.css?ver=10.7.9 HTTP/1.1" 200 598038 cronicareinodearagon.com "-" "Go-http-client/1.1" "-"
42.202.17.0 - - [03/Feb/2024:00:50:13 +0100] "GET /wp-content/themes/jnews/assets/dist/frontend.min.css?ver=10.7.9 HTTP/1.1" 200 598038 cronicareinodearagon.com "-" "Go-http-client/1.1" "-"
39.165.157.0 - - [03/Feb/2024:00:50:13 +0100] "GET /wp-content/themes/jnews/assets/dist/frontend.min.css?ver=10.7.9 HTTP/1.1" 200 598038 cronicareinodearagon.com "-" "Go-http-client/1.1" "-"
182.204.142.0 - - [03/Feb/2024:00:50:13 +0100] "GET /wp-content/themes/jnews/assets/dist/frontend.min.css?ver=10.7.9 HTTP/1.1" 200 598038 cronicareinodearagon.com "-" "Go-http-client/1.1" "-"
42.202.17.0 - - [03/Feb/2024:00:50:14 +0100] "GET /wp-content/themes/jnews/assets/dist/frontend.min.css?ver=10.7.9 HTTP/1.1" 200 598038 cronicareinodearagon.com "-" "Go-http-client/1.1" "-"
39.165.157.0 - - [03/Feb/2024:00:50:14 +0100] "GET /wp-content/themes/jnews/assets/dist/frontend.min.css?ver=10.7.9 HTTP/1.1" 200 598038 cronicareinodearagon.com "-" "Go-http-client/1.1" "-"
182.204.142.0 - - [03/Feb/2024:00:50:14 +0100] "GET /wp-content/themes/jnews/assets/dist/frontend.min.css?ver=10.7.9 HTTP/1.1" 200 598038 cronicareinodearagon.com "-" "Go-http-client/1.1" "-"
39.165.157.0 - - [03/Feb/2024:00:50:15 +0100] "GET /wp-content/themes/jnews/assets/dist/frontend.min.css?ver=10.7.9 HTTP/1.1" 200 598038 cronicareinodearagon.com "-" "Go-http-client/1.1" "-"
39.165.157.0 - - [03/Feb/2024:00:50:16 +0100] "GET /wp-content/themes/jnews/assets/dist/frontend.min.css?ver=10.7.9 HTTP/1.1" 200 598038 cronicareinodearagon.com "-" "Go-http-client/1.1" "-"
42.202.17.0 - - [03/Feb/2024:00:50:16 +0100] "GET /wp-content/themes/jnews/assets/dist/frontend.min.css?ver=10.7.9 HTTP/1.1" 200 598038 cronicareinodearagon.com "-" "Go-http-client/1.1" "-"
42.202.17.0 - - [03/Feb/2024:00:50:17 +0100] "GET /wp-content/themes/jnews/assets/dist/frontend.min.css?ver=10.7.9 HTTP/1.1" 200 598038 cronicareinodearagon.com "-" "Go-http-client/1.1" "-"
182.204.142.0 - - [03/Feb/2024:00:50:18 +0100] "GET /wp-content/themes/jnews/assets/dist/frontend.min.css?ver=10.7.9 HTTP/1.1" 200 598038 cronicareinodearagon.com "-" "Go-http-client/1.1" "-"
39.165.157.0 - - [03/Feb/2024:00:50:19 +0100] "GET /wp-content/themes/jnews/assets/dist/frontend.min.css?ver=10.7.9 HTTP/1.1" 200 598038 cronicareinodearagon.com "-" "Go-http-client/1.1" "-"
42.202.17.0 - - [03/Feb/2024:00:50:19 +0100] "GET /wp-content/themes/jnews/assets/dist/frontend.min.css?ver=10.7.9 HTTP/1.1" 200 598038 cronicareinodearagon.com "-" "Go-http-client/1.1" "-"
42.202.17.0 - - [03/Feb/2024:00:50:20 +0100] "GET /wp-content/themes/jnews/assets/dist/frontend.min.css?ver=10.7.9 HTTP/1.1" 200 598038 cronicareinodearagon.com "-" "Go-http-client/1.1" "-"
39.165.157.0 - - [03/Feb/2024:00:50:21 +0100] "GET /wp-content/themes/jnews/assets/dist/frontend.min.css?ver=10.7.9 HTTP/1.1" 200 598038 cronicareinodearagon.com "-" "Go-http-client/1.1" "-"
182.204.142.0 - - [03/Feb/2024:00:50:21 +0100] "GET /wp-content/themes/jnews/assets/dist/frontend.min.css?ver=10.7.9 HTTP/1.1" 200 598038 cronicareinodearagon.com "-" "Go-http-client/1.1" "-"
42.202.17.0 - - [03/Feb/2024:00:50:22 +0100] "GET /wp-content/themes/jnews/assets/dist/frontend.min.css?ver=10.7.9 HTTP/1.1" 200 598038 cronicareinodearagon.com "-" "Go-http-client/1.1" "-"
39.165.157.0 - - [03/Feb/2024:00:50:22 +0100] "GET /wp-content/themes/jnews/assets/dist/frontend.min.css?ver=10.7.9 HTTP/1.1" 200 598038 cronicareinodearagon.com "-" "Go-http-client/1.1" "-"
39.165.157.0 - - [03/Feb/2024:00:50:23 +0100] "GET /wp-content/themes/jnews/assets/dist/frontend.min.css?ver=10.7.9 HTTP/1.1" 200 598038 cronicareinodearagon.com "-" "Go-http-client/1.1" "-"
182.204.142.0 - - [03/Feb/2024:00:50:23 +0100] "GET /wp-content/themes/jnews/assets/dist/frontend.min.css?ver=10.7.9 HTTP/1.1" 200 598038 cronicareinodearagon.com "-" "Go-http-client/1.1" "-"
42.202.17.0 - - [03/Feb/2024:00:50:23 +0100] "GET /wp-content/themes/jnews/assets/dist/frontend.min.css?ver=10.7.9 HTTP/1.1" 200 598038 cronicareinodearagon.com "-" "Go-http-client/1.1" "-"
39.165.157.0 - - [03/Feb/2024:00:50:24 +0100] "GET /wp-content/themes/jnews/assets/dist/frontend.min.css?ver=10.7.9 HTTP/1.1" 200 598038 cronicareinodearagon.com "-" "Go-http-client/1.1" "-"
39.165.157.0 - - [03/Feb/2024:00:50:25 +0100] "GET /wp-content/themes/jnews/assets/dist/frontend.min.css?ver=10.7.9 HTTP/1.1" 200 598038 cronicareinodearagon.com "-" "Go-http-client/1.1" "-"
182.204.142.0 - - [03/Feb/2024:00:50:25 +0100] "GET /wp-content/themes/jnews/assets/dist/frontend.min.css?ver=10.7.9 HTTP/1.1" 200 598038 cronicareinodearagon.com "-" "Go-http-client/1.1" "-"
42.202.17.0 - - [03/Feb/2024:00:50:25 +0100] "GET /wp-content/themes/jnews/assets/dist/frontend.min.css?ver=10.7.9 HTTP/1.1" 200 598038 cronicareinodearagon.com "-" "Go-http-client/1.1" "-"
39.165.157.0 - - [03/Feb/2024:00:50:26 +0100] "GET /wp-content/themes/jnews/assets/dist/frontend.min.css?ver=10.7.9 HTTP/1.1" 200 598038 cronicareinodearagon.com "-" "Go-http-client/1.1" "-"
182.204.142.0 - - [03/Feb/2024:00:50:26 +0100] "GET /wp-content/themes/jnews/assets/dist/frontend.min.css?ver=10.7.9 HTTP/1.1" 200 598038 cronicareinodearagon.com "-" "Go-http-client/1.1" "-"
39.165.157.0 - - [03/Feb/2024:00:50:27 +0100] "GET /wp-content/themes/jnews/assets/dist/frontend.min.css?ver=10.7.9 HTTP/1.1" 200 598038 cronicareinodearagon.com "-" "Go-http-client/1.1" "-"
42.202.17.0 - - [03/Feb/2024:00:50:27 +0100] "GET /wp-content/themes/jnews/assets/dist/frontend.min.css?ver=10.7.9 HTTP/1.1" 200 598038 cronicareinodearagon.com "-" "Go-http-client/1.1" "-"
39.165.157.0 - - [03/Feb/2024:00:50:28 +0100] "GET /wp-content/themes/jnews/assets/dist/frontend.min.css?ver=10.7.9 HTTP/1.1" 200 598038 cronicareinodearagon.com "-" "Go-http-client/1.1" "-"
182.204.142.0 - - [03/Feb/2024:00:50:29 +0100] "GET /wp-content/themes/jnews/assets/dist/frontend.min.css?ver=10.7.9 HTTP/1.1" 200 598038 cronicareinodearagon.com "-" "Go-http-client/1.1" "-"
39.165.157.0 - - [03/Feb/2024:00:50:29 +0100] "GET /wp-content/themes/jnews/assets/dist/frontend.min.css?ver=10.7.9 HTTP/1.1" 200 598038 cronicareinodearagon.com "-" "Go-http-client/1.1" "-"
39.165.157.0 - - [03/Feb/2024:00:50:30 +0100] "GET /wp-content/themes/jnews/assets/dist/frontend.min.css?ver=10.7.9 HTTP/1.1" 200 598038 cronicareinodearagon.com "-" "Go-http-client/1.1" "-"
182.204.142.0 - - [03/Feb/2024:00:50:30 +0100] "GET /wp-content/themes/jnews/assets/dist/frontend.min.css?ver=10.7.9 HTTP/1.1" 200 598038 cronicareinodearagon.com "-" "Go-http-client/1.1" "-"
39.165.157.0 - - [03/Feb/2024:00:50:30 +0100] "GET /wp-content/themes/jnews/assets/dist/frontend.min.css?ver=10.7.9 HTTP/1.1" 200 598038 cronicareinodearagon.com "-" "Go-http-client/1.1" "-"
39.165.157.0 - - [03/Feb/2024:00:50:31 +0100] "GET /wp-content/themes/jnews/assets/dist/frontend.min.css?ver=10.7.9 HTTP/1.1" 200 598038 cronicareinodearagon.com "-" "Go-http-client/1.1" "-"
39.165.157.0 - - [03/Feb/2024:00:50:32 +0100] "GET /wp-content/themes/jnews/assets/dist/frontend.min.css?ver=10.7.9 HTTP/1.1" 200 598038 cronicareinodearagon.com "-" "Go-http-client/1.1" "-"
182.204.142.0 - - [03/Feb/2024:00:50:32 +0100] "GET /wp-content/themes/jnews/assets/dist/frontend.min.css?ver=10.7.9 HTTP/1.1" 200 598038 cronicareinodearagon.com "-" "Go-http-client/1.1" "-"
39.165.157.0 - - [03/Feb/2024:00:50:33 +0100] "GET /wp-content/themes/jnews/assets/dist/frontend.min.css?ver=10.7.9 HTTP/1.1" 200 598038 cronicareinodearagon.com "-" "Go-http-client/1.1" "-"
39.165.157.0 - - [03/Feb/2024:00:50:34 +0100] "GET /wp-content/themes/jnews/assets/dist/frontend.min.css?ver=10.7.9 HTTP/1.1" 200 598038 cronicareinodearagon.com "-" "Go-http-client/1.1" "-"
42.202.17.0 - - [03/Feb/2024:00:50:35 +0100] "GET /wp-content/themes/jnews/assets/dist/frontend.min.css?ver=10.7.9 HTTP/1.1" 200 598038 cronicareinodearagon.com "-" "Go-http-client/1.1" "-"
39.165.157.0 - - [03/Feb/2024:00:50:36 +0100] "GET /wp-content/themes/jnews/assets/dist/frontend.min.css?ver=10.7.9 HTTP/1.1" 200 598038 cronicareinodearagon.com "-" "Go-http-client/1.1" "-"
182.204.142.0 - - [03/Feb/2024:00:50:36 +0100] "GET /wp-content/themes/jnews/assets/dist/frontend.min.css?ver=10.7.9 HTTP/1.1" 200 598038 cronicareinodearagon.com "-" "Go-http-client/1.1" "-"
39.165.157.0 - - [03/Feb/2024:00:50:37 +0100] "GET /wp-content/themes/jnews/assets/dist/frontend.min.css?ver=10.7.9 HTTP/1.1" 200 598038 cronicareinodearagon.com "-" "Go-http-client/1.1" "-"
39.165.157.0 - - [03/Feb/2024:00:50:37 +0100] "GET /wp-content/themes/jnews/assets/dist/frontend.min.css?ver=10.7.9 HTTP/1.1" 200 598038 cronicareinodearagon.com "-" "Go-http-client/1.1" "-"
182.204.142.0 - - [03/Feb/2024:00:50:38 +0100] "GET /wp-content/themes/jnews/assets/dist/frontend.min.css?ver=10.7.9 HTTP/1.1" 200 598038 cronicareinodearagon.com "-" "Go-http-client/1.1" "-"
39.165.157.0 - - [03/Feb/2024:00:50:38 +0100] "GET /wp-content/themes/jnews/assets/dist/frontend.min.css?ver=10.7.9 HTTP/1.1" 200 598038 cronicareinodearagon.com "-" "Go-http-client/1.1" "-"
182.204.142.0 - - [03/Feb/2024:00:50:40 +0100] "GET /wp-content/themes/jnews/assets/dist/frontend.min.css?ver=10.7.9 HTTP/1.1" 200 598038 cronicareinodearagon.com "-" "Go-http-client/1.1" "-"
42.202.17.0 - - [03/Feb/2024:00:50:41 +0100] "GET /wp-content/themes/jnews/assets/dist/frontend.min.css?ver=10.7.9 HTTP/1.1" 200 598038 cronicareinodearagon.com "-" "Go-http-client/1.1" "-"
39.165.157.0 - - [03/Feb/2024:00:50:41 +0100] "GET /wp-content/themes/jnews/assets/dist/frontend.min.css?ver=10.7.9 HTTP/1.1" 200 598038 cronicareinodearagon.com "-" "Go-http-client/1.1" "-"
42.202.17.0 - - [03/Feb/2024:00:50:41 +0100] "GET /wp-content/themes/jnews/assets/dist/frontend.min.css?ver=10.7.9 HTTP/1.1" 200 598038 cronicareinodearagon.com "-" "Go-http-client/1.1" "-"
182.204.142.0 - - [03/Feb/2024:00:50:42 +0100] "GET /wp-content/themes/jnews/assets/dist/frontend.min.css?ver=10.7.9 HTTP/1.1" 200 598038 cronicareinodearagon.com "-" "Go-http-client/1.1" "-"
42.202.17.0 - - [03/Feb/2024:00:50:42 +0100] "GET /wp-content/themes/jnews/assets/dist/frontend.min.css?ver=10.7.9 HTTP/1.1" 200 598038 cronicareinodearagon.com "-" "Go-http-client/1.1" "-"
42.202.17.0 - - [03/Feb/2024:00:50:43 +0100] "GET /wp-content/themes/jnews/assets/dist/frontend.min.css?ver=10.7.9 HTTP/1.1" 200 598038 cronicareinodearagon.com "-" "Go-http-client/1.1" "-"
39.165.157.0 - - [03/Feb/2024:00:50:44 +0100] "GET /wp-content/themes/jnews/assets/dist/frontend.min.css?ver=10.7.9 HTTP/1.1" 200 598038 cronicareinodearagon.com "-" "Go-http-client/1.1" "-"
182.204.142.0 - - [03/Feb/2024:00:50:44 +0100] "GET /wp-content/themes/jnews/assets/dist/frontend.min.css?ver=10.7.9 HTTP/1.1" 200 598038 cronicareinodearagon.com "-" "Go-http-client/1.1" "-"
42.202.17.0 - - [03/Feb/2024:00:50:44 +0100] "GET /wp-content/themes/jnews/assets/dist/frontend.min.css?ver=10.7.9 HTTP/1.1" 200 598038 cronicareinodearagon.com "-" "Go-http-client/1.1" "-"
42.202.17.0 - - [03/Feb/2024:00:50:45 +0100] "GET /wp-content/themes/jnews/assets/dist/frontend.min.css?ver=10.7.9 HTTP/1.1" 200 598038 cronicareinodearagon.com "-" "Go-http-client/1.1" "-"
182.204.142.0 - - [03/Feb/2024:00:50:46 +0100] "GET /wp-content/themes/jnews/assets/dist/frontend.min.css?ver=10.7.9 HTTP/1.1" 200 598038 cronicareinodearagon.com "-" "Go-http-client/1.1" "-"
42.202.17.0 - - [03/Feb/2024:00:50:46 +0100] "GET /wp-content/themes/jnews/assets/dist/frontend.min.css?ver=10.7.9 HTTP/1.1" 200 598038 cronicareinodearagon.com "-" "Go-http-client/1.1" "-"
182.204.142.0 - - [03/Feb/2024:00:50:47 +0100] "GET /wp-content/themes/jnews/assets/dist/frontend.min.css?ver=10.7.9 HTTP/1.1" 200 598038 cronicareinodearagon.com "-" "Go-http-client/1.1" "-"
182.204.142.0 - - [03/Feb/2024:00:50:49 +0100] "GET /wp-content/themes/jnews/assets/dist/frontend.min.css?ver=10.7.9 HTTP/1.1" 200 598038 cronicareinodearagon.com "-" "Go-http-client/1.1" "-"
182.204.142.0 - - [03/Feb/2024:00:50:51 +0100] "GET /wp-content/themes/jnews/assets/dist/frontend.min.css?ver=10.7.9 HTTP/1.1" 200 598038 cronicareinodearagon.com "-" "Go-http-client/1.1" "-"
42.202.17.0 - - [03/Feb/2024:00:50:52 +0100] "GET /wp-content/themes/jnews/assets/dist/frontend.min.css?ver=10.7.9 HTTP/1.1" 200 598038 cronicareinodearagon.com "-" "Go-http-client/1.1" "-"
42.202.17.0 - - [03/Feb/2024:00:50:53 +0100] "GET /wp-content/themes/jnews/assets/dist/frontend.min.css?ver=10.7.9 HTTP/1.1" 200 598038 cronicareinodearagon.com "-" "Go-http-client/1.1" "-"
182.204.142.0 - - [03/Feb/2024:00:50:53 +0100] "GET /wp-content/themes/jnews/assets/dist/frontend.min.css?ver=10.7.9 HTTP/1.1" 200 598038 cronicareinodearagon.com "-" "Go-http-client/1.1" "-"
182.204.142.0 - - [03/Feb/2024:00:50:55 +0100] "GET /wp-content/themes/jnews/assets/dist/frontend.min.css?ver=10.7.9 HTTP/1.1" 200 598038 cronicareinodearagon.com "-" "Go-http-client/1.1" "-"
42.202.17.0 - - [03/Feb/2024:00:50:55 +0100] "GET /wp-content/themes/jnews/assets/dist/frontend.min.css?ver=10.7.9 HTTP/1.1" 200 598038 cronicareinodearagon.com "-" "Go-http-client/1.1" "-"
42.202.17.0 - - [03/Feb/2024:00:50:56 +0100] "GET /wp-content/themes/jnews/assets/dist/frontend.min.css?ver=10.7.9 HTTP/1.1" 200 598038 cronicareinodearagon.com "-" "Go-http-client/1.1" "-"
182.204.142.0 - - [03/Feb/2024:00:50:57 +0100] "GET /wp-content/themes/jnews/assets/dist/frontend.min.css?ver=10.7.9 HTTP/1.1" 200 598038 cronicareinodearagon.com "-" "Go-http-client/1.1" "-"
42.202.17.0 - - [03/Feb/2024:00:50:57 +0100] "GET /wp-content/themes/jnews/assets/dist/frontend.min.css?ver=10.7.9 HTTP/1.1" 200 598038 cronicareinodearagon.com "-" "Go-http-client/1.1" "-"
42.202.17.0 - - [03/Feb/2024:00:50:59 +0100] "GET /wp-content/themes/jnews/assets/dist/frontend.min.css?ver=10.7.9 HTTP/1.1" 200 598038 cronicareinodearagon.com "-" "Go-http-client/1.1" "-"
42.202.17.0 - - [03/Feb/2024:00:51:00 +0100] "GET /wp-content/themes/jnews/assets/dist/frontend.min.css?ver=10.7.9 HTTP/1.1" 200 598038 cronicareinodearagon.com "-" "Go-http-client/1.1" "-"
182.204.142.0 - - [03/Feb/2024:00:51:00 +0100] "GET /wp-content/themes/jnews/assets/dist/frontend.min.css?ver=10.7.9 HTTP/1.1" 200 598038 cronicareinodearagon.com "-" "Go-http-client/1.1" "-"
82.165.88.0 - - [03/Feb/2024:00:51:08 +0100] "POST /wp-cron.php?doing_wp_cron=1706917868.4172220230102539062500 HTTP/1.1" 200 - cronicareinodearagon.com "-" "WordPress/6.2.2; https://cronicareinodearagon.com" "-"
54.36.149.0 - - [03/Feb/2024:00:51:08 +0100] "GET /aragon/tercera-dosis-vacuna-covid-andalucia/ HTTP/1.1" 200 170220 cronicareinodearagon.com "-" "Mozilla/5.0 (compatible; AhrefsBot/7.0; +http://ahrefs.com/robot/)" "-"
82.165.88.0 - - [03/Feb/2024:01:03:14 +0100] "POST /wp-cron.php?doing_wp_cron=1706918594.9263699054718017578125 HTTP/1.1" 200 - cronicareinodearagon.com "-" "WordPress/6.2.2; https://cronicareinodearagon.com" "-"
54.36.148.0 - - [03/Feb/2024:01:03:14 +0100] "GET /aragon/angeles-ferriz-psoe-a-moreno-bonilla-vacaciones/ HTTP/1.1" 200 178638 cronicareinodearagon.com "-" "Mozilla/5.0 (compatible; AhrefsBot/7.0; +http://ahrefs.com/robot/)" "-"
82.165.88.0 - - [03/Feb/2024:01:04:22 +0100] "POST /wp-cron.php?doing_wp_cron=1706918662.9737460613250732421875 HTTP/1.1" 200 - cronicareinodearagon.com "-" "WordPress/6.2.2; https://cronicareinodearagon.com" "-"
185.191.171.0 - - [03/Feb/2024:01:04:22 +0100] "GET /sociedad/fosa-comun-barranco-viznar-franquismo/ HTTP/1.1" 200 171725 cronicareinodearagon.com "-" "Mozilla/5.0 (compatible; SemrushBot/7~bl; +http://www.semrush.com/bot.html)" "-"
82.165.88.0 - - [03/Feb/2024:01:04:31 +0100] "POST /wp-cron.php?doing_wp_cron=1706918671.8141040802001953125000 HTTP/1.1" 200 - cronicareinodearagon.com "-" "WordPress/6.2.2; https://cronicareinodearagon.com" "-"
185.191.171.0 - - [03/Feb/2024:01:04:31 +0100] "GET /economia/feria-vino-almeria-laujar-andarax/ HTTP/1.1" 200 161921 cronicareinodearagon.com "-" "Mozilla/5.0 (compatible; SemrushBot/7~bl; +http://www.semrush.com/bot.html)" "-"
54.36.149.0 - - [03/Feb/2024:01:14:00 +0100] "GET /aragon/programa-fenix-educacion-sindicato-ustea/ HTTP/1.1" 200 166759 cronicareinodearagon.com "-" "Mozilla/5.0 (compatible; AhrefsBot/7.0; +http://ahrefs.com/robot/)" "-"
82.165.88.0 - - [03/Feb/2024:01:14:01 +0100] "POST /wp-cron.php?doing_wp_cron=1706919241.8002901077270507812500 HTTP/1.1" 200 - cronicareinodearagon.com "-" "WordPress/6.2.2; https://cronicareinodearagon.com" "-"
74.125.212.0 - - [03/Feb/2024:01:16:41 +0100] "GET /category/economia/feed/ HTTP/1.1" 200 42774 cronicareinodearagon.com "-" "FeedFetcher-Google; (+http://www.google.com/feedfetcher.html)" "-"
185.191.171.0 - - [03/Feb/2024:01:17:56 +0100] "GET /category/aragon/page/43/ HTTP/1.1" 200 147712 cronicareinodearagon.com "-" "Mozilla/5.0 (compatible; SemrushBot/7~bl; +http://www.semrush.com/bot.html)" "-"
82.165.88.0 - - [03/Feb/2024:01:17:57 +0100] "POST /wp-cron.php?doing_wp_cron=1706919477.1611979007720947265625 HTTP/1.1" 200 - cronicareinodearagon.com "-" "WordPress/6.2.2; https://cronicareinodearagon.com" "-"
82.165.88.0 - - [03/Feb/2024:01:18:55 +0100] "POST /wp-cron.php?doing_wp_cron=1706919535.4553999900817871093750 HTTP/1.1" 200 - cronicareinodearagon.com "-" "WordPress/6.2.2; https://cronicareinodearagon.com" "-"
3.224.220.0 - - [03/Feb/2024:01:18:55 +0100] "GET /politica/rivares-estamos-desperdiciando-el-enorme-talento-cientifico-e-innovador-que-hay-en-zaragoza/feed/ HTTP/1.1" 200 1100 cronicareinodearagon.com "-" "Mozilla/5.0 (Macintosh; Intel Mac OS X 10_10_1) AppleWebKit/600.2.5 (KHTML, like Gecko) Version/8.0.2 Safari/600.2.5 (Amazonbot/0.1; +https://developer.amazon.com/support/amazonbot)" "-"
52.70.240.0 - - [03/Feb/2024:01:21:02 +0100] "GET /aragon/el-biogas-como-aliado-en-la-descarbonizacion-tematica-de-jornada-de-itainnova-circe-y-clenar/feed/ HTTP/1.1" 200 1097 cronicareinodearagon.com "-" "Mozilla/5.0 (Macintosh; Intel Mac OS X 10_10_1) AppleWebKit/600.2.5 (KHTML, like Gecko) Version/8.0.2 Safari/600.2.5 (Amazonbot/0.1; +https://developer.amazon.com/support/amazonbot)" "-"
82.165.88.0 - - [03/Feb/2024:01:21:03 +0100] "POST /wp-cron.php?doing_wp_cron=1706919663.2947878837585449218750 HTTP/1.1" 200 - cronicareinodearagon.com "-" "WordPress/6.2.2; https://cronicareinodearagon.com" "-"
82.165.88.0 - - [03/Feb/2024:01:22:32 +0100] "POST /wp-cron.php?doing_wp_cron=1706919752.4674410820007324218750 HTTP/1.1" 200 - cronicareinodearagon.com "-" "WordPress/6.2.2; https://cronicareinodearagon.com" "-"
85.208.96.0 - - [03/Feb/2024:01:22:32 +0100] "GET /aragon/premios-andalucia-turismo-2022/ HTTP/1.1" 200 176501 cronicareinodearagon.com "-" "Mozilla/5.0 (compatible; SemrushBot/7~bl; +http://www.semrush.com/bot.html)" "-"
82.165.88.0 - - [03/Feb/2024:01:22:47 +0100] "POST /wp-cron.php?doing_wp_cron=1706919767.4844079017639160156250 HTTP/1.1" 200 - cronicareinodearagon.com "-" "WordPress/6.2.2; https://cronicareinodearagon.com" "-"
3.224.220.0 - - [03/Feb/2024:01:22:47 +0100] "GET /aragon/la-aficion-de-la-real-contra-el-zaragoza-con-una-bomba-todo-volaria-una-explosion-de-goma-2/feed/ HTTP/1.1" 200 1098 cronicareinodearagon.com "-" "Mozilla/5.0 (Macintosh; Intel Mac OS X 10_10_1) AppleWebKit/600.2.5 (KHTML, like Gecko) Version/8.0.2 Safari/600.2.5 (Amazonbot/0.1; +https://developer.amazon.com/support/amazonbot)" "-"
52.70.240.0 - - [03/Feb/2024:01:23:30 +0100] "GET /politica/lamban-asegura-que-las-renovables-son-una-magnifica-oportunidad-para-que-aragon-despegue/feed/ HTTP/1.1" 200 1095 cronicareinodearagon.com "-" "Mozilla/5.0 (Macintosh; Intel Mac OS X 10_10_1) AppleWebKit/600.2.5 (KHTML, like Gecko) Version/8.0.2 Safari/600.2.5 (Amazonbot/0.1; +https://developer.amazon.com/support/amazonbot)" "-"
82.165.88.0 - - [03/Feb/2024:01:24:05 +0100] "POST /wp-cron.php?doing_wp_cron=1706919845.8007009029388427734375 HTTP/1.1" 200 - cronicareinodearagon.com "-" "WordPress/6.2.2; https://cronicareinodearagon.com" "-"
54.36.148.0 - - [03/Feb/2024:01:24:05 +0100] "GET /aragon/andalucia-coronavirus-sexta-ola-covid-cifras-pandemia/ HTTP/1.1" 200 168928 cronicareinodearagon.com "-" "Mozilla/5.0 (compatible; AhrefsBot/7.0; +http://ahrefs.com/robot/)" "-"
52.70.240.0 - - [03/Feb/2024:01:24:06 +0100] "GET /aragon/la-uja-desarrolla-un-metodo-para-obtener-biocombustible-para-vehiculos-del-hueso-de-aceituna/feed/ HTTP/1.1" 200 1094 cronicareinodearagon.com "-" "Mozilla/5.0 (Macintosh; Intel Mac OS X 10_10_1) AppleWebKit/600.2.5 (KHTML, like Gecko) Version/8.0.2 Safari/600.2.5 (Amazonbot/0.1; +https://developer.amazon.com/support/amazonbot)" "-"
54.36.148.0 - - [03/Feb/2024:01:24:08 +0100] "GET /wp-content/uploads/2021/12/coronavirus_vacuna.jpg HTTP/1.1" 200 50495 cronicareinodearagon.com "-" "Mozilla/5.0 (compatible; AhrefsBot/7.0; +http://ahrefs.com/robot/)" "-"
167.99.167.0 - - [03/Feb/2024:01:24:32 +0100] "GET /admin.php?520=1 HTTP/1.1" 404 596 cronicadesevilla.com "cronicadesevilla.com" "Mozilla/5.0 (Windows NT 6.1; Win64; x64) AppleWebKit/537.36 (KHTML, like Gecko) Chrome/242.02.8301.120 Safari/537.36" "-"
167.99.167.0 - - [03/Feb/2024:01:25:12 +0100] "GET /about.php?520=1 HTTP/1.1" 404 596 cronicadesevilla.com "cronicadesevilla.com" "Mozilla/5.0 (Windows NT 6.1; Win64; x64) AppleWebKit/537.36 (KHTML, like Gecko) Chrome/242.02.8301.120 Safari/537.36" "-"
82.165.88.0 - - [03/Feb/2024:01:25:39 +0100] "POST /wp-cron.php?doing_wp_cron=1706919939.3865919113159179687500 HTTP/1.1" 200 - cronicareinodearagon.com "-" "WordPress/6.2.2; https://cronicareinodearagon.com" "-"
52.70.240.0 - - [03/Feb/2024:01:25:39 +0100] "GET /sociedad/los-canticos-contra-el-zaragoza-y-aragon-se-repiten-en-el-partido-contra-real-sociedad/feed/ HTTP/1.1" 200 1080 cronicareinodearagon.com "-" "Mozilla/5.0 (Macintosh; Intel Mac OS X 10_10_1) AppleWebKit/600.2.5 (KHTML, like Gecko) Version/8.0.2 Safari/600.2.5 (Amazonbot/0.1; +https://developer.amazon.com/support/amazonbot)" "-"
52.70.240.0 - - [03/Feb/2024:01:26:10 +0100] "GET /sociedad/diputacion-de-huesca-y-cruz-roja-unen-esfuerzos-para-impulsar-caminando-acompanados/feed/ HTTP/1.1" 200 1077 cronicareinodearagon.com "-" "Mozilla/5.0 (Macintosh; Intel Mac OS X 10_10_1) AppleWebKit/600.2.5 (KHTML, like Gecko) Version/8.0.2 Safari/600.2.5 (Amazonbot/0.1; +https://developer.amazon.com/support/amazonbot)" "-"
82.165.88.0 - - [03/Feb/2024:01:26:11 +0100] "POST /wp-cron.php?doing_wp_cron=1706919971.0850479602813720703125 HTTP/1.1" 200 - cronicareinodearagon.com "-" "WordPress/6.2.2; https://cronicareinodearagon.com" "-"
3.224.220.0 - - [03/Feb/2024:01:26:14 +0100] "GET /politica/la-otan-pide-a-iran-que-deje-de-suministrar-drones-a-rusia-y-la-ue-aprueba-sanciones/feed/ HTTP/1.1" 200 1073 cronicareinodearagon.com "-" "Mozilla/5.0 (Macintosh; Intel Mac OS X 10_10_1) AppleWebKit/600.2.5 (KHTML, like Gecko) Version/8.0.2 Safari/600.2.5 (Amazonbot/0.1; +https://developer.amazon.com/support/amazonbot)" "-"
159.138.101.0 - - [03/Feb/2024:01:28:54 +0100] "GET /aragon/segundo-avance-participacion-elecciones-aragon/ HTTP/1.1" 301 295 cronicareinodearagon.com "http://cronicareinodearagon.com/aragon/segundo-avance-participacion-elecciones-aragon/" "Mozilla/5.0 (Macintosh; Intel Mac OS X 10_15_7) AppleWebKit/537.36 (KHTML, like Gecko) Chrome/114.0.0.0 Safari/537.36" "-"
134.122.72.0 - - [03/Feb/2024:01:28:55 +0100] "GET / HTTP/1.1" 200 336 cronicadeasturias.com "-" "Mozilla/5.0 (X11; Linux x86_64) AppleWebKit/537.36 (KHTML, like Gecko) Chrome/108.0.0.0 Safari/537.36" "-"
159.138.101.0 - - [03/Feb/2024:01:28:56 +0100] "GET /aragon/segundo-avance-participacion-elecciones-aragon/ HTTP/1.1" 200 35410 cronicareinodearagon.com "https://cronicareinodearagon.com/aragon/segundo-avance-participacion-elecciones-aragon/" "Mozilla/5.0 (Macintosh; Intel Mac OS X 10_15_7) AppleWebKit/537.36 (KHTML, like Gecko) Chrome/114.0.0.0 Safari/537.36" "-"
82.165.88.0 - - [03/Feb/2024:01:31:17 +0100] "POST /wp-cron.php?doing_wp_cron=1706920277.3768100738525390625000 HTTP/1.1" 200 - cronicareinodearagon.com "-" "WordPress/6.2.2; https://cronicareinodearagon.com" "-"
185.191.171.0 - - [03/Feb/2024:01:31:17 +0100] "GET /aragon/aragon-eoi-curso-marketing-digital-cooperativas/ HTTP/1.1" 200 35212 cronicareinodearagon.com "-" "Mozilla/5.0 (compatible; SemrushBot/7~bl; +http://www.semrush.com/bot.html)" "-"
74.125.216.0 - - [03/Feb/2024:01:31:42 +0100] "GET /category/politica/feed/ HTTP/1.1" 200 59109 cronicareinodearagon.com "-" "FeedFetcher-Google; (+http://www.google.com/feedfetcher.html)" "-"
54.36.148.0 - - [03/Feb/2024:01:32:17 +0100] "GET /aragon/detenidos-terrorismo-islamico-granada-ubeda/ HTTP/1.1" 200 165625 cronicareinodearagon.com "-" "Mozilla/5.0 (compatible; AhrefsBot/7.0; +http://ahrefs.com/robot/)" "-"
82.165.88.0 - - [03/Feb/2024:01:32:18 +0100] "POST /wp-cron.php?doing_wp_cron=1706920338.2012219429016113281250 HTTP/1.1" 200 - cronicareinodearagon.com "-" "WordPress/6.2.2; https://cronicareinodearagon.com" "-"
185.191.171.0 - - [03/Feb/2024:01:35:50 +0100] "GET /politica/rota-hija-predilecta-almundena-grandes/ HTTP/1.1" 200 167006 cronicareinodearagon.com "-" "Mozilla/5.0 (compatible; SemrushBot/7~bl; +http://www.semrush.com/bot.html)" "-"
82.165.88.0 - - [03/Feb/2024:01:35:51 +0100] "POST /wp-cron.php?doing_wp_cron=1706920551.1616940498352050781250 HTTP/1.1" 200 - cronicareinodearagon.com "-" "WordPress/6.2.2; https://cronicareinodearagon.com" "-"
85.208.96.0 - - [03/Feb/2024:01:35:53 +0100] "GET /aragon/satse-positivos-covid-enfermeros-julio/ HTTP/1.1" 200 163129 cronicareinodearagon.com "-" "Mozilla/5.0 (compatible; SemrushBot/7~bl; +http://www.semrush.com/bot.html)" "-"
85.208.96.0 - - [03/Feb/2024:01:36:49 +0100] "GET /sociedad/museo-ruso-malaga-picasso-exposicion/ HTTP/1.1" 200 167862 cronicareinodearagon.com "-" "Mozilla/5.0 (compatible; SemrushBot/7~bl; +http://www.semrush.com/bot.html)" "-"
82.165.88.0 - - [03/Feb/2024:01:36:50 +0100] "POST /wp-cron.php?doing_wp_cron=1706920610.2794311046600341796875 HTTP/1.1" 200 - cronicareinodearagon.com "-" "WordPress/6.2.2; https://cronicareinodearagon.com" "-"
101.44.251.0 - - [03/Feb/2024:01:37:46 +0100] "GET /aragon/el-gobierno-de-aragon-impulsa-nueve-proyectos-empresariales-de-id-en-sector-farmaceutico-y-movilidad-sostenible/ HTTP/1.1" 301 360 cronicareinodearagon.com "http://cronicareinodearagon.com/aragon/el-gobierno-de-aragon-impulsa-nueve-proyectos-empresariales-de-id-en-sector-farmaceutico-y-movilidad-sostenible/" "Mozilla/5.0 (Macintosh; Intel Mac OS X 10_15_7) AppleWebKit/537.36 (KHTML, like Gecko) Chrome/114.0.0.0 Safari/537.36" "-"
