85.208.96.0 - - [03/Feb/2024:04:34:20 +0100] "GET /economia/zaragoza-aprueba-la-modificacion-del-tipo-general-del-ibi-al-04-para-2023/ HTTP/1.1" 200 162541 cronicareinodearagon.com "-" "Mozilla/5.0 (compatible; SemrushBot/7~bl; +http://www.semrush.com/bot.html)" "-"
23.22.35.0 - - [03/Feb/2024:04:34:26 +0100] "GET /economia/el-gobierno-rebaja-a-10-el-numero-de-peonadas-necesarias-para-acceder-a-subsidio-y-renta-agraria-hasta-junio-de-2023/feed/ HTTP/1.1" 200 1169 cronicareinodearagon.com "-" "Mozilla/5.0 (Macintosh; Intel Mac OS X 10_10_1) AppleWebKit/600.2.5 (KHTML, like Gecko) Version/8.0.2 Safari/600.2.5 (Amazonbot/0.1; +https://developer.amazon.com/support/amazonbot)" "-"
23.22.35.0 - - [03/Feb/2024:04:34:34 +0100] "GET /educacion/la-universidad-de-jaen-organiza-talleres-de-divulgacion-con-motivo-del-dia-internacional-de-la-mujer-y-la-nina-en-la-ciencia/feed/ HTTP/1.1" 200 1198 cronicareinodearagon.com "-" "Mozilla/5.0 (Macintosh; Intel Mac OS X 10_10_1) AppleWebKit/600.2.5 (KHTML, like Gecko) Version/8.0.2 Safari/600.2.5 (Amazonbot/0.1; +https://developer.amazon.com/support/amazonbot)" "-"
3.224.220.0 - - [03/Feb/2024:04:35:30 +0100] "GET /aragon/cientos-de-enfermeras-y-fisioterapeutas-de-andalucia-exigen-a-la-junta-acabar-con-el-deterioro-y-precariedad-en-atencion-primaria/feed/ HTTP/1.1" 200 1205 cronicareinodearagon.com "-" "Mozilla/5.0 (Macintosh; Intel Mac OS X 10_10_1) AppleWebKit/600.2.5 (KHTML, like Gecko) Version/8.0.2 Safari/600.2.5 (Amazonbot/0.1; +https://developer.amazon.com/support/amazonbot)" "-"
82.165.88.0 - - [03/Feb/2024:04:35:31 +0100] "POST /wp-cron.php?doing_wp_cron=1706931331.0571119785308837890625 HTTP/1.1" 200 - cronicareinodearagon.com "-" "WordPress/6.2.2; https://cronicareinodearagon.com" "-"
23.22.35.0 - - [03/Feb/2024:04:36:18 +0100] "GET /aragon/el-gobierno-de-aragon-impulsa-nueve-proyectos-empresariales-de-id-en-sector-farmaceutico-y-movilidad-sostenible/feed/ HTTP/1.1" 200 1152 cronicareinodearagon.com "-" "Mozilla/5.0 (Macintosh; Intel Mac OS X 10_10_1) AppleWebKit/600.2.5 (KHTML, like Gecko) Version/8.0.2 Safari/600.2.5 (Amazonbot/0.1; +https://developer.amazon.com/support/amazonbot)" "-"
82.165.88.0 - - [03/Feb/2024:04:36:19 +0100] "POST /wp-cron.php?doing_wp_cron=1706931379.0447440147399902343750 HTTP/1.1" 200 - cronicareinodearagon.com "-" "WordPress/6.2.2; https://cronicareinodearagon.com" "-"
82.165.88.0 - - [03/Feb/2024:04:38:03 +0100] "POST /wp-cron.php?doing_wp_cron=1706931483.3964879512786865234375 HTTP/1.1" 200 - cronicareinodearagon.com "-" "WordPress/6.2.2; https://cronicareinodearagon.com" "-"
23.22.35.0 - - [03/Feb/2024:04:38:03 +0100] "GET /politica/rivares-mientras-unos-pocos-se-reparten-zaragoza-podemos-es-garantia-de-resolver-los-problemas-del-dia-a-dia/feed/ HTTP/1.1" 200 1154 cronicareinodearagon.com "-" "Mozilla/5.0 (Macintosh; Intel Mac OS X 10_10_1) AppleWebKit/600.2.5 (KHTML, like Gecko) Version/8.0.2 Safari/600.2.5 (Amazonbot/0.1; +https://developer.amazon.com/support/amazonbot)" "-"
139.59.107.0 - - [03/Feb/2024:04:38:36 +0100] "GET /Mshell.php HTTP/1.1" 301 251 cronicareinodearagon.com "www.google.com" "Mozlila/5.0 (Linux; Android 7.0; SM-G892A Bulid/NRD90M; wv) AppleWebKit/537.36 (KHTML, like Gecko) Version/4.0 Chrome/60.0.3112.107 Moblie Safari/537.36" "-"
139.59.107.0 - - [03/Feb/2024:04:38:40 +0100] "GET /Mshell.php HTTP/1.1" 404 144868 cronicareinodearagon.com "www.google.com" "Mozlila/5.0 (Linux; Android 7.0; SM-G892A Bulid/NRD90M; wv) AppleWebKit/537.36 (KHTML, like Gecko) Version/4.0 Chrome/60.0.3112.107 Moblie Safari/537.36" "-"
52.70.240.0 - - [03/Feb/2024:04:39:14 +0100] "GET /aragon/el-psoe-critica-a-moreno-bonilla-por-no-ampliar-las-bonificaciones-del-gobierno-central-al-transporte-publico/feed/ HTTP/1.1" 200 1144 cronicareinodearagon.com "-" "Mozilla/5.0 (Macintosh; Intel Mac OS X 10_10_1) AppleWebKit/600.2.5 (KHTML, like Gecko) Version/8.0.2 Safari/600.2.5 (Amazonbot/0.1; +https://developer.amazon.com/support/amazonbot)" "-"
82.165.88.0 - - [03/Feb/2024:04:39:15 +0100] "POST /wp-cron.php?doing_wp_cron=1706931555.1335349082946777343750 HTTP/1.1" 200 - cronicareinodearagon.com "-" "WordPress/6.2.2; https://cronicareinodearagon.com" "-"
185.191.171.0 - - [03/Feb/2024:04:39:20 +0100] "GET /aragon/espadas-moreno-pp-psoe-economia-andalucia/ HTTP/1.1" 200 162492 cronicareinodearagon.com "-" "Mozilla/5.0 (compatible; SemrushBot/7~bl; +http://www.semrush.com/bot.html)" "-"
3.224.220.0 - - [03/Feb/2024:04:39:22 +0100] "GET /politica/lamban-defiende-un-aragon-con-voz-propia-frente-al-ruido-frentismo-crispacion-e-insultos-del-pp-de-azcon/feed/ HTTP/1.1" 200 1146 cronicareinodearagon.com "-" "Mozilla/5.0 (Macintosh; Intel Mac OS X 10_10_1) AppleWebKit/600.2.5 (KHTML, like Gecko) Version/8.0.2 Safari/600.2.5 (Amazonbot/0.1; +https://developer.amazon.com/support/amazonbot)" "-"
85.208.96.0 - - [03/Feb/2024:04:39:38 +0100] "GET /category/aragon/page/36/ HTTP/1.1" 200 147676 cronicareinodearagon.com "-" "Mozilla/5.0 (compatible; SemrushBot/7~bl; +http://www.semrush.com/bot.html)" "-"
23.22.35.0 - - [03/Feb/2024:04:39:39 +0100] "GET /economia/fuentes-claras-bioenergy-creara-12-puestos-de-trabajo-en-su-nueva-planta-de-biometano-y-biofertilizantes/feed/ HTTP/1.1" 200 1133 cronicareinodearagon.com "-" "Mozilla/5.0 (Macintosh; Intel Mac OS X 10_10_1) AppleWebKit/600.2.5 (KHTML, like Gecko) Version/8.0.2 Safari/600.2.5 (Amazonbot/0.1; +https://developer.amazon.com/support/amazonbot)" "-"
3.224.220.0 - - [03/Feb/2024:04:40:02 +0100] "GET /aragon/el-inaem-subvenciona-acciones-formativas-para-personas-desempleadas-en-riesgo-de-exclusion-social-o-laboral/feed/ HTTP/1.1" 200 1138 cronicareinodearagon.com "-" "Mozilla/5.0 (Macintosh; Intel Mac OS X 10_10_1) AppleWebKit/600.2.5 (KHTML, like Gecko) Version/8.0.2 Safari/600.2.5 (Amazonbot/0.1; +https://developer.amazon.com/support/amazonbot)" "-"
82.165.88.0 - - [03/Feb/2024:04:40:03 +0100] "POST /wp-cron.php?doing_wp_cron=1706931603.3003129959106445312500 HTTP/1.1" 200 - cronicareinodearagon.com "-" "WordPress/6.2.2; https://cronicareinodearagon.com" "-"
3.224.220.0 - - [03/Feb/2024:04:40:34 +0100] "GET /educacion/profesores-de-toda-espana-protestan-ante-el-ministerio-de-educacion-para-denunciar-su-situacion-laboral/feed/ HTTP/1.1" 200 1134 cronicareinodearagon.com "-" "Mozilla/5.0 (Macintosh; Intel Mac OS X 10_10_1) AppleWebKit/600.2.5 (KHTML, like Gecko) Version/8.0.2 Safari/600.2.5 (Amazonbot/0.1; +https://developer.amazon.com/support/amazonbot)" "-"
62.210.233.0 - - [03/Feb/2024:04:40:37 +0100] "GET /index.php?of=1&a=1 HTTP/1.1" 301 263 cronicareinodearagon.com "cronicareinodearagon.com" "Mozilla/5.0 (Windows NT 6.1; Win64; x64) AppleWebKit/537.36 (KHTML, like Gecko) Chrome/242.02.8301.120 Safari/537.36" "-"
62.210.233.0 - - [03/Feb/2024:04:40:37 +0100] "GET /index.php?of=1&a=1 HTTP/1.1" 301 - cronicareinodearagon.com "cronicareinodearagon.com" "Mozilla/5.0 (Windows NT 6.1; Win64; x64) AppleWebKit/537.36 (KHTML, like Gecko) Chrome/242.02.8301.120 Safari/537.36" "-"
62.210.233.0 - - [03/Feb/2024:04:40:38 +0100] "GET /?of=1&a=1 HTTP/1.1" 200 319320 cronicareinodearagon.com "cronicareinodearagon.com" "Mozilla/5.0 (Windows NT 6.1; Win64; x64) AppleWebKit/537.36 (KHTML, like Gecko) Chrome/242.02.8301.120 Safari/537.36" "-"
82.165.88.0 - - [03/Feb/2024:04:42:11 +0100] "POST /wp-cron.php?doing_wp_cron=1706931731.4199869632720947265625 HTTP/1.1" 200 - cronicareinodearagon.com "-" "WordPress/6.2.2; https://cronicareinodearagon.com" "-"
85.208.96.0 - - [03/Feb/2024:04:42:11 +0100] "GET /politica/pilar-alegria-portavoz-psoe/ HTTP/1.1" 200 168007 cronicareinodearagon.com "-" "Mozilla/5.0 (compatible; SemrushBot/7~bl; +http://www.semrush.com/bot.html)" "-"
74.125.209.0 - - [03/Feb/2024:04:42:27 +0100] "GET /category/educacion/feed/ HTTP/1.1" 200 56994 cronicareinodearagon.com "-" "FeedFetcher-Google; (+http://www.google.com/feedfetcher.html)" "-"
85.208.96.0 - - [03/Feb/2024:04:43:28 +0100] "GET /aragon/aumento-sanitarios-andaluces-contagiados-covid/ HTTP/1.1" 200 183271 cronicareinodearagon.com "-" "Mozilla/5.0 (compatible; SemrushBot/7~bl; +http://www.semrush.com/bot.html)" "-"
82.165.88.0 - - [03/Feb/2024:04:43:29 +0100] "POST /wp-cron.php?doing_wp_cron=1706931809.1294419765472412109375 HTTP/1.1" 200 - cronicareinodearagon.com "-" "WordPress/6.2.2; https://cronicareinodearagon.com" "-"
68.183.182.0 - - [03/Feb/2024:04:44:44 +0100] "GET /Mshell.php HTTP/1.1" 301 251 cronicareinodearagon.com "www.google.com" "Mozlila/5.0 (Linux; Android 7.0; SM-G892A Bulid/NRD90M; wv) AppleWebKit/537.36 (KHTML, like Gecko) Version/4.0 Chrome/60.0.3112.107 Moblie Safari/537.36" "-"
82.165.88.0 - - [03/Feb/2024:04:44:47 +0100] "POST /wp-cron.php?doing_wp_cron=1706931887.3917620182037353515625 HTTP/1.1" 200 - cronicareinodearagon.com "-" "WordPress/6.2.2; https://cronicareinodearagon.com" "-"
68.183.182.0 - - [03/Feb/2024:04:44:47 +0100] "GET /Mshell.php HTTP/1.1" 404 144868 cronicareinodearagon.com "www.google.com" "Mozlila/5.0 (Linux; Android 7.0; SM-G892A Bulid/NRD90M; wv) AppleWebKit/537.36 (KHTML, like Gecko) Version/4.0 Chrome/60.0.3112.107 Moblie Safari/537.36" "-"
68.183.186.0 - - [03/Feb/2024:04:45:16 +0100] "GET /shop/wp-includes/wlwmanifest.xml HTTP/1.1" 404 596 cronicadegranada.com "-" "Mozilla/5.0 (Windows NT 10.0; Win64; x64) AppleWebKit/537.36 (KHTML, like Gecko) Chrome/95.0.4638.69 Safari/537.36" "-"
68.183.186.0 - - [03/Feb/2024:04:45:19 +0100] "GET /site/wp-includes/wlwmanifest.xml HTTP/1.1" 404 596 cronicadegranada.com "-" "Mozilla/5.0 (Windows NT 10.0; Win64; x64) AppleWebKit/537.36 (KHTML, like Gecko) Chrome/95.0.4638.69 Safari/537.36" "-"
68.183.186.0 - - [03/Feb/2024:04:45:20 +0100] "GET /cms/wp-includes/wlwmanifest.xml HTTP/1.1" 404 596 cronicadegranada.com "-" "Mozilla/5.0 (Windows NT 10.0; Win64; x64) AppleWebKit/537.36 (KHTML, like Gecko) Chrome/95.0.4638.69 Safari/537.36" "-"
192.42.116.0 - - [03/Feb/2024:04:47:05 +0100] "GET / HTTP/1.1" 200 336 cronicadecadiz.com "http://cronicadecadiz.com" "Mozilla/5.0 (Windows NT 10.0; Win64; x64) AppleWebKit/537.36 (KHTML, like Gecko) Chrome/70.0.3538.110 Safari/537.36" "-"
82.165.88.0 - - [03/Feb/2024:04:48:25 +0100] "POST /wp-cron.php?doing_wp_cron=1706932105.4198839664459228515625 HTTP/1.1" 200 - cronicareinodearagon.com "-" "WordPress/6.2.2; https://cronicareinodearagon.com" "-"
85.208.96.0 - - [03/Feb/2024:04:48:25 +0100] "GET /category/aragon/page/50/ HTTP/1.1" 200 146909 cronicareinodearagon.com "-" "Mozilla/5.0 (compatible; SemrushBot/7~bl; +http://www.semrush.com/bot.html)" "-"
74.125.209.0 - - [03/Feb/2024:04:49:33 +0100] "GET /category/sociedad/feed/ HTTP/1.1" 200 16233 cronicareinodearagon.com "-" "FeedFetcher-Google; (+http://www.google.com/feedfetcher.html)" "-"
85.208.96.0 - - [03/Feb/2024:04:50:12 +0100] "GET /category/aragon/page/48/ HTTP/1.1" 200 147367 cronicareinodearagon.com "-" "Mozilla/5.0 (compatible; SemrushBot/7~bl; +http://www.semrush.com/bot.html)" "-"
82.165.88.0 - - [03/Feb/2024:04:50:13 +0100] "POST /wp-cron.php?doing_wp_cron=1706932213.1816139221191406250000 HTTP/1.1" 200 - cronicareinodearagon.com "-" "WordPress/6.2.2; https://cronicareinodearagon.com" "-"
82.165.88.0 - - [03/Feb/2024:04:50:55 +0100] "POST /wp-cron.php?doing_wp_cron=1706932255.3350710868835449218750 HTTP/1.1" 200 - cronicareinodearagon.com "-" "WordPress/6.2.2; https://cronicareinodearagon.com" "-"
185.191.171.0 - - [03/Feb/2024:04:50:55 +0100] "GET /sociedad/energia-verde-forestalia/ HTTP/1.1" 200 159291 cronicareinodearagon.com "-" "Mozilla/5.0 (compatible; SemrushBot/7~bl; +http://www.semrush.com/bot.html)" "-"
82.165.88.0 - - [03/Feb/2024:04:54:06 +0100] "POST /wp-cron.php?doing_wp_cron=1706932446.9295079708099365234375 HTTP/1.1" 200 - cronicareinodearagon.com "-" "WordPress/6.2.2; https://cronicareinodearagon.com" "-"
185.191.171.0 - - [03/Feb/2024:04:54:06 +0100] "GET /category/sociedad/page/13/ HTTP/1.1" 200 147549 cronicareinodearagon.com "-" "Mozilla/5.0 (compatible; SemrushBot/7~bl; +http://www.semrush.com/bot.html)" "-"
85.208.96.0 - - [03/Feb/2024:04:54:27 +0100] "GET /category/aragon/huesca/ HTTP/1.1" 200 29535 cronicareinodearagon.com "-" "Mozilla/5.0 (compatible; SemrushBot/7~bl; +http://www.semrush.com/bot.html)" "-"
45.55.69.0 - - [03/Feb/2024:04:59:32 +0100] "GET / HTTP/1.1" 200 336 grupocronicaenlibertad.com "-" "Mozilla/5.0 (X11; Linux x86_64) AppleWebKit/537.36 (KHTML, like Gecko) Chrome/108.0.0.0 Safari/537.36" "-"
45.141.215.0 - - [03/Feb/2024:05:00:38 +0100] "GET / HTTP/1.1" 200 336 cronicadegranada.com "-" "Go-http-client/1.1" "-"
45.141.215.0 - - [03/Feb/2024:05:00:38 +0100] "GET //cjfuns.php HTTP/1.1" 404 596 cronicadegranada.com "-" "Go-http-client/1.1" "-"
45.141.215.0 - - [03/Feb/2024:05:00:38 +0100] "GET //wp-head.php HTTP/1.1" 404 596 cronicadegranada.com "-" "Go-http-client/1.1" "-"
45.141.215.0 - - [03/Feb/2024:05:00:38 +0100] "GET //class.api.php HTTP/1.1" 404 596 cronicadegranada.com "-" "Go-http-client/1.1" "-"
45.141.215.0 - - [03/Feb/2024:05:00:38 +0100] "GET //st.php HTTP/1.1" 404 596 cronicadegranada.com "-" "Go-http-client/1.1" "-"
45.141.215.0 - - [03/Feb/2024:05:00:38 +0100] "GET //my1.php HTTP/1.1" 404 596 cronicadegranada.com "-" "Go-http-client/1.1" "-"
82.165.88.0 - - [03/Feb/2024:05:01:32 +0100] "POST /wp-cron.php?doing_wp_cron=1706932892.7070140838623046875000 HTTP/1.1" 200 - cronicareinodearagon.com "-" "WordPress/6.2.2; https://cronicareinodearagon.com" "-"
85.208.96.0 - - [03/Feb/2024:05:01:32 +0100] "GET /robots.txt HTTP/1.1" 200 202 cronicareinodearagon.com "-" "Mozilla/5.0 (compatible; SemrushBot/7~bl; +http://www.semrush.com/bot.html)" "-"
185.191.171.0 - - [03/Feb/2024:05:01:33 +0100] "GET /category/aragon/page/45/ HTTP/1.1" 200 147342 cronicareinodearagon.com "-" "Mozilla/5.0 (compatible; SemrushBot/7~bl; +http://www.semrush.com/bot.html)" "-"
74.125.212.0 - - [03/Feb/2024:05:02:01 +0100] "GET /category/economia/feed/ HTTP/1.1" 200 42774 cronicareinodearagon.com "-" "FeedFetcher-Google; (+http://www.google.com/feedfetcher.html)" "-"
74.125.212.0 - - [03/Feb/2024:05:04:48 +0100] "GET /category/economia/feed/ HTTP/1.1" 200 42774 cronicareinodearagon.com "-" "FeedFetcher-Google; (+http://www.google.com/feedfetcher.html)" "-"
82.165.88.0 - - [03/Feb/2024:05:07:53 +0100] "POST /wp-cron.php?doing_wp_cron=1706933273.3041269779205322265625 HTTP/1.1" 200 - cronicareinodearagon.com "-" "WordPress/6.2.2; https://cronicareinodearagon.com" "-"
185.191.171.0 - - [03/Feb/2024:05:07:53 +0100] "GET /category/aragon/page/58/ HTTP/1.1" 200 147975 cronicareinodearagon.com "-" "Mozilla/5.0 (compatible; SemrushBot/7~bl; +http://www.semrush.com/bot.html)" "-"
74.125.209.0 - - [03/Feb/2024:05:11:07 +0100] "GET /category/sociedad/feed/ HTTP/1.1" 200 16233 cronicareinodearagon.com "-" "FeedFetcher-Google; (+http://www.google.com/feedfetcher.html)" "-"
82.165.88.0 - - [03/Feb/2024:05:14:37 +0100] "POST /wp-cron.php?doing_wp_cron=1706933677.7309930324554443359375 HTTP/1.1" 200 - cronicareinodearagon.com "-" "WordPress/6.2.2; https://cronicareinodearagon.com" "-"
54.36.148.0 - - [03/Feb/2024:05:14:37 +0100] "GET /aragon/dia-europeo-contra-agresiones-sanitarios/ HTTP/1.1" 200 177684 cronicareinodearagon.com "-" "Mozilla/5.0 (compatible; AhrefsBot/7.0; +http://ahrefs.com/robot/)" "-"
82.165.88.0 - - [03/Feb/2024:05:16:00 +0100] "POST /wp-cron.php?doing_wp_cron=1706933760.7452270984649658203125 HTTP/1.1" 200 - cronicareinodearagon.com "-" "WordPress/6.2.2; https://cronicareinodearagon.com" "-"
45.141.215.0 - - [03/Feb/2024:05:16:00 +0100] "POST /xmlrpc.php HTTP/1.1" 200 416 cronicareinodearagon.com "-" "Mozilla/5.0 (Windows NT 10.0; Win64; x64) AppleWebKit/537.36 (KHTML, like Gecko) Chrome/87.0.4280.141 Safari/537.36 Edg/87.0.664.75" "-"
45.141.215.0 - - [03/Feb/2024:05:16:01 +0100] "POST /xmlrpc.php HTTP/1.1" 200 416 cronicareinodearagon.com "-" "Mozilla/5.0 (Windows NT 10.0; Win64; x64) AppleWebKit/537.36 (KHTML, like Gecko) Chrome/87.0.4280.141 Safari/537.36 Edg/87.0.664.75" "-"
45.141.215.0 - - [03/Feb/2024:05:16:02 +0100] "POST /xmlrpc.php HTTP/1.1" 403 775 cronicareinodearagon.com "-" "Mozilla/5.0 (Windows NT 10.0; Win64; x64) AppleWebKit/537.36 (KHTML, like Gecko) Chrome/87.0.4280.141 Safari/537.36 Edg/87.0.664.75" "-"
45.141.215.0 - - [03/Feb/2024:05:16:03 +0100] "POST /xmlrpc.php HTTP/1.1" 403 775 cronicareinodearagon.com "-" "Mozilla/5.0 (Windows NT 10.0; Win64; x64) AppleWebKit/537.36 (KHTML, like Gecko) Chrome/87.0.4280.141 Safari/537.36 Edg/87.0.664.75" "-"
45.141.215.0 - - [03/Feb/2024:05:16:04 +0100] "POST /xmlrpc.php HTTP/1.1" 403 775 cronicareinodearagon.com "-" "Mozilla/5.0 (Windows NT 10.0; Win64; x64) AppleWebKit/537.36 (KHTML, like Gecko) Chrome/87.0.4280.141 Safari/537.36 Edg/87.0.664.75" "-"
82.165.88.0 - - [03/Feb/2024:05:17:17 +0100] "POST /wp-cron.php?doing_wp_cron=1706933837.5532228946685791015625 HTTP/1.1" 200 - cronicareinodearagon.com "-" "WordPress/6.2.2; https://cronicareinodearagon.com" "-"
185.191.171.0 - - [03/Feb/2024:05:17:17 +0100] "GET /aragon/contrato-documento-seguridad-riotinto/ HTTP/1.1" 200 172977 cronicareinodearagon.com "-" "Mozilla/5.0 (compatible; SemrushBot/7~bl; +http://www.semrush.com/bot.html)" "-"
82.165.88.0 - - [03/Feb/2024:05:18:53 +0100] "POST /wp-cron.php?doing_wp_cron=1706933933.3717401027679443359375 HTTP/1.1" 200 - cronicareinodearagon.com "-" "WordPress/6.2.2; https://cronicareinodearagon.com" "-"
85.208.96.0 - - [03/Feb/2024:05:18:53 +0100] "GET /aragon/protesta-trabajadores-infoca-parlamento-andalucia/ HTTP/1.1" 200 161854 cronicareinodearagon.com "-" "Mozilla/5.0 (compatible; SemrushBot/7~bl; +http://www.semrush.com/bot.html)" "-"
45.141.215.0 - - [03/Feb/2024:05:19:29 +0100] "GET / HTTP/1.1" 200 336 cronicadegranada.com "-" "Go-http-client/1.1" "-"
45.141.215.0 - - [03/Feb/2024:05:19:29 +0100] "GET //wp-content/uploads/ HTTP/1.1" 404 596 cronicadegranada.com "-" "Go-http-client/1.1" "-"
45.141.215.0 - - [03/Feb/2024:05:19:29 +0100] "GET //wp-content/plugins/ HTTP/1.1" 404 596 cronicadegranada.com "-" "Go-http-client/1.1" "-"
45.141.215.0 - - [03/Feb/2024:05:19:29 +0100] "GET //wp-admin/admin-ajax.php HTTP/1.1" 404 596 cronicadegranada.com "-" "Go-http-client/1.1" "-"
45.141.215.0 - - [03/Feb/2024:05:19:29 +0100] "GET //wp-content/themes/twenty/twenty.php HTTP/1.1" 404 596 cronicadegranada.com "-" "Go-http-client/1.1" "-"
45.141.215.0 - - [03/Feb/2024:05:19:29 +0100] "GET //wp-content/patior/ HTTP/1.1" 404 596 cronicadegranada.com "-" "Go-http-client/1.1" "-"
45.141.215.0 - - [03/Feb/2024:05:19:29 +0100] "GET //wp-includes/js/tinymce/plugins/compat3x/css/index.php HTTP/1.1" 404 596 cronicadegranada.com "-" "Go-http-client/1.1" "-"
45.141.215.0 - - [03/Feb/2024:05:19:29 +0100] "GET //dropdown.php HTTP/1.1" 404 596 cronicadegranada.com "-" "Go-http-client/1.1" "-"
45.141.215.0 - - [03/Feb/2024:05:19:29 +0100] "GET //wp-includes/Text/about.php HTTP/1.1" 404 596 cronicadegranada.com "-" "Go-http-client/1.1" "-"
45.141.215.0 - - [03/Feb/2024:05:19:29 +0100] "GET //wp-includes/rest-api/about.php HTTP/1.1" 404 596 cronicadegranada.com "-" "Go-http-client/1.1" "-"
45.141.215.0 - - [03/Feb/2024:05:19:29 +0100] "GET //ee.php HTTP/1.1" 404 596 cronicadegranada.com "-" "Go-http-client/1.1" "-"
45.141.215.0 - - [03/Feb/2024:05:19:30 +0100] "GET //wp-admin/install.php HTTP/1.1" 404 596 cronicadegranada.com "-" "Go-http-client/1.1" "-"
45.141.215.0 - - [03/Feb/2024:05:19:30 +0100] "GET //wp-content/plugins/install.php HTTP/1.1" 404 596 cronicadegranada.com "-" "Go-http-client/1.1" "-"
45.141.215.0 - - [03/Feb/2024:05:19:30 +0100] "GET //wp-content/install.php HTTP/1.1" 404 596 cronicadegranada.com "-" "Go-http-client/1.1" "-"
45.141.215.0 - - [03/Feb/2024:05:19:30 +0100] "GET //install.php HTTP/1.1" 404 596 cronicadegranada.com "-" "Go-http-client/1.1" "-"
45.141.215.0 - - [03/Feb/2024:05:19:30 +0100] "GET //wp-includes/install.php HTTP/1.1" 404 596 cronicadegranada.com "-" "Go-http-client/1.1" "-"
45.141.215.0 - - [03/Feb/2024:05:19:30 +0100] "GET //wp-admin/images/install.php HTTP/1.1" 404 596 cronicadegranada.com "-" "Go-http-client/1.1" "-"
45.141.215.0 - - [03/Feb/2024:05:19:30 +0100] "GET //css/install.php HTTP/1.1" 404 596 cronicadegranada.com "-" "Go-http-client/1.1" "-"
45.141.215.0 - - [03/Feb/2024:05:19:30 +0100] "GET //cgi-bin/install.php HTTP/1.1" 404 596 cronicadegranada.com "-" "Go-http-client/1.1" "-"
45.141.215.0 - - [03/Feb/2024:05:19:30 +0100] "GET //wp-admin/js/about.php7 HTTP/1.1" 404 596 cronicadegranada.com "-" "Go-http-client/1.1" "-"
45.141.215.0 - - [03/Feb/2024:05:19:30 +0100] "GET //wp-admin/js/about.php HTTP/1.1" 404 596 cronicadegranada.com "-" "Go-http-client/1.1" "-"
45.141.215.0 - - [03/Feb/2024:05:19:30 +0100] "GET //wp-admin/maint/moon.php HTTP/1.1" 404 596 cronicadegranada.com "-" "Go-http-client/1.1" "-"
45.141.215.0 - - [03/Feb/2024:05:19:30 +0100] "GET //cgi-bin/cgi-bin/about.php HTTP/1.1" 404 596 cronicadegranada.com "-" "Go-http-client/1.1" "-"
45.141.215.0 - - [03/Feb/2024:05:19:30 +0100] "GET //cgi-bin/cgi-bin/about.php7 HTTP/1.1" 404 596 cronicadegranada.com "-" "Go-http-client/1.1" "-"
45.141.215.0 - - [03/Feb/2024:05:19:30 +0100] "GET //wp-admin/dropdown.php HTTP/1.1" 404 596 cronicadegranada.com "-" "Go-http-client/1.1" "-"
45.141.215.0 - - [03/Feb/2024:05:19:30 +0100] "GET //wp-content/plugins/Cache/dropdown.php HTTP/1.1" 404 596 cronicadegranada.com "-" "Go-http-client/1.1" "-"
45.141.215.0 - - [03/Feb/2024:05:19:30 +0100] "GET //wp-content/dropdown.php HTTP/1.1" 404 596 cronicadegranada.com "-" "Go-http-client/1.1" "-"
54.36.149.0 - - [03/Feb/2024:05:23:08 +0100] "GET /aragon/mas-pais-andalucia-candidatura-inigo-errejon/ HTTP/1.1" 200 164898 cronicareinodearagon.com "-" "Mozilla/5.0 (compatible; AhrefsBot/7.0; +http://ahrefs.com/robot/)" "-"
82.165.88.0 - - [03/Feb/2024:05:23:09 +0100] "POST /wp-cron.php?doing_wp_cron=1706934189.0346810817718505859375 HTTP/1.1" 200 - cronicareinodearagon.com "-" "WordPress/6.2.2; https://cronicareinodearagon.com" "-"
107.180.89.0 - - [03/Feb/2024:05:23:38 +0100] "GET /inputs.php HTTP/1.1" 301 251 cronicareinodearagon.com "cronicareinodearagon.com" "Mozilla/5.1 (Windows NT 6.0; WOW64) AppleWebKit/537.37 (KHTML, like Gecko) Chrome/58.0.1145.75 Safari/537.37" "-"
107.180.89.0 - - [03/Feb/2024:05:23:38 +0100] "GET /inputs.php HTTP/1.1" 404 144834 cronicareinodearagon.com "cronicareinodearagon.com" "Mozilla/5.1 (Windows NT 6.0; WOW64) AppleWebKit/537.37 (KHTML, like Gecko) Chrome/58.0.1145.75 Safari/537.37" "-"
84.247.59.0 - - [03/Feb/2024:05:27:29 +0100] "GET /admin/index.php HTTP/1.1" 404 596 cronicadealmeria.com "-" "Mozilla/5.0 (Windows NT 6.1) AppleWebKit/537.36 (KHTML, like Gecko) Chrome/45.0.2454.85 Safari/537.36 OPR/32.0.1948.45" "-"
84.247.59.0 - - [03/Feb/2024:05:27:38 +0100] "GET /admin/index.php HTTP/1.1" 404 596 cronicadealmeria.com "-" "Mozilla/5.0 (Windows NT 6.1) AppleWebKit/537.36 (KHTML, like Gecko) Chrome/45.0.2454.85 Safari/537.36 OPR/32.0.1948.45" "-"
84.247.59.0 - - [03/Feb/2024:05:27:46 +0100] "GET /admin/index.php HTTP/1.1" 404 596 cronicadealmeria.com "-" "Mozilla/5.0 (Windows NT 6.1) AppleWebKit/537.36 (KHTML, like Gecko) Chrome/45.0.2454.85 Safari/537.36 OPR/32.0.1948.45" "-"
84.247.59.0 - - [03/Feb/2024:05:28:36 +0100] "GET /admin/index.php HTTP/1.1" 404 596 cronicadealmeria.com "-" "Mozilla/5.0 (Windows NT 6.1) AppleWebKit/537.36 (KHTML, like Gecko) Chrome/45.0.2454.85 Safari/537.36 OPR/32.0.1948.45" "-"
84.247.59.0 - - [03/Feb/2024:05:28:38 +0100] "GET /admin/index.php HTTP/1.1" 404 596 cronicadealmeria.com "-" "Mozilla/5.0 (Windows NT 6.1) AppleWebKit/537.36 (KHTML, like Gecko) Chrome/45.0.2454.85 Safari/537.36 OPR/32.0.1948.45" "-"
84.247.59.0 - - [03/Feb/2024:05:28:41 +0100] "GET /admin/index.php HTTP/1.1" 404 596 cronicadealmeria.com "-" "Mozilla/5.0 (Windows NT 6.1) AppleWebKit/537.36 (KHTML, like Gecko) Chrome/45.0.2454.85 Safari/537.36 OPR/32.0.1948.45" "-"
84.247.59.0 - - [03/Feb/2024:05:29:09 +0100] "GET /admin/index.php HTTP/1.1" 404 596 cronicadealmeria.com "-" "Mozilla/5.0 (Windows NT 6.1) AppleWebKit/537.36 (KHTML, like Gecko) Chrome/45.0.2454.85 Safari/537.36 OPR/32.0.1948.45" "-"
84.247.59.0 - - [03/Feb/2024:05:29:14 +0100] "GET /admin/index.php HTTP/1.1" 404 596 cronicadealmeria.com "-" "Mozilla/5.0 (Windows NT 6.1) AppleWebKit/537.36 (KHTML, like Gecko) Chrome/45.0.2454.85 Safari/537.36 OPR/32.0.1948.45" "-"
84.247.59.0 - - [03/Feb/2024:05:29:19 +0100] "GET /admin/index.php HTTP/1.1" 404 596 cronicadealmeria.com "-" "Mozilla/5.0 (Windows NT 6.1) AppleWebKit/537.36 (KHTML, like Gecko) Chrome/45.0.2454.85 Safari/537.36 OPR/32.0.1948.45" "-"
23.22.35.0 - - [03/Feb/2024:05:32:46 +0100] "GET /educacion/la-universidad-de-granada-y-t-systems-firman-un-acuerdo-de-formacion-orientado-a-la-creacion-de-puestos-de-trabajo-en-tecnologia-digital/feed/ HTTP/1.1" 200 1234 cronicareinodearagon.com "-" "Mozilla/5.0 (Macintosh; Intel Mac OS X 10_10_1) AppleWebKit/600.2.5 (KHTML, like Gecko) Version/8.0.2 Safari/600.2.5 (Amazonbot/0.1; +https://developer.amazon.com/support/amazonbot)" "-"
82.165.88.0 - - [03/Feb/2024:05:32:47 +0100] "POST /wp-cron.php?doing_wp_cron=1706934767.2374389171600341796875 HTTP/1.1" 200 - cronicareinodearagon.com "-" "WordPress/6.2.2; https://cronicareinodearagon.com" "-"
54.36.149.0 - - [03/Feb/2024:05:33:24 +0100] "GET /politica/uso-partidista-bonilla-junta-andalucia/ HTTP/1.1" 200 168409 cronicareinodearagon.com "-" "Mozilla/5.0 (compatible; AhrefsBot/7.0; +http://ahrefs.com/robot/)" "-"
82.165.88.0 - - [03/Feb/2024:05:34:26 +0100] "POST /wp-cron.php?doing_wp_cron=1706934866.8682689666748046875000 HTTP/1.1" 200 - cronicareinodearagon.com "-" "WordPress/6.2.2; https://cronicareinodearagon.com" "-"
85.208.96.0 - - [03/Feb/2024:05:34:26 +0100] "GET /politica/jiennense-16-meses-parkinson-privada/ HTTP/1.1" 200 168862 cronicareinodearagon.com "-" "Mozilla/5.0 (compatible; SemrushBot/7~bl; +http://www.semrush.com/bot.html)" "-"
116.203.242.0 - - [03/Feb/2024:05:34:56 +0100] "GET / HTTP/1.1" 301 241 cronicareinodearagon.com "-" "user_agent: rc-crawler" "-"
116.203.242.0 - - [03/Feb/2024:05:34:56 +0100] "GET / HTTP/1.1" 200 319420 cronicareinodearagon.com "-" "user_agent: rc-crawler" "-"
74.125.209.0 - - [03/Feb/2024:05:36:32 +0100] "GET /category/sociedad/feed/ HTTP/1.1" 200 16233 cronicareinodearagon.com "-" "FeedFetcher-Google; (+http://www.google.com/feedfetcher.html)" "-"
85.208.96.0 - - [03/Feb/2024:05:39:24 +0100] "GET /aragon/huesca-master-alta-cocina/ HTTP/1.1" 200 161212 cronicareinodearagon.com "-" "Mozilla/5.0 (compatible; SemrushBot/7~bl; +http://www.semrush.com/bot.html)" "-"
82.165.88.0 - - [03/Feb/2024:05:39:25 +0100] "POST /wp-cron.php?doing_wp_cron=1706935165.2837030887603759765625 HTTP/1.1" 200 - cronicareinodearagon.com "-" "WordPress/6.2.2; https://cronicareinodearagon.com" "-"
84.247.59.0 - - [03/Feb/2024:05:46:48 +0100] "GET /admin/index.php HTTP/1.1" 404 596 cronicadealmeria.com "-" "Mozilla/5.0 (Windows NT 6.1) AppleWebKit/537.36 (KHTML, like Gecko) Chrome/45.0.2454.85 Safari/537.36 OPR/32.0.1948.45" "-"
84.247.59.0 - - [03/Feb/2024:05:47:06 +0100] "GET /admin/index.php HTTP/1.1" 404 596 cronicadealmeria.com "-" "Mozilla/5.0 (Windows NT 6.1) AppleWebKit/537.36 (KHTML, like Gecko) Chrome/45.0.2454.85 Safari/537.36 OPR/32.0.1948.45" "-"
185.191.171.0 - - [03/Feb/2024:05:47:09 +0100] "GET /aragon/andalucia-red-playas-sin-humo/ HTTP/1.1" 200 167990 cronicareinodearagon.com "-" "Mozilla/5.0 (compatible; SemrushBot/7~bl; +http://www.semrush.com/bot.html)" "-"
82.165.88.0 - - [03/Feb/2024:05:47:10 +0100] "POST /wp-cron.php?doing_wp_cron=1706935630.8383479118347167968750 HTTP/1.1" 200 - cronicareinodearagon.com "-" "WordPress/6.2.2; https://cronicareinodearagon.com" "-"
84.247.59.0 - - [03/Feb/2024:05:47:14 +0100] "GET /admin/index.php HTTP/1.1" 404 596 cronicadealmeria.com "-" "Mozilla/5.0 (Windows NT 6.1) AppleWebKit/537.36 (KHTML, like Gecko) Chrome/45.0.2454.85 Safari/537.36 OPR/32.0.1948.45" "-"
82.165.88.0 - - [03/Feb/2024:05:49:10 +0100] "POST /wp-cron.php?doing_wp_cron=1706935750.3107190132141113281250 HTTP/1.1" 200 - cronicareinodearagon.com "-" "WordPress/6.2.2; https://cronicareinodearagon.com" "-"
85.208.96.0 - - [03/Feb/2024:05:49:10 +0100] "GET /category/sociedad/page/40/ HTTP/1.1" 200 147320 cronicareinodearagon.com "-" "Mozilla/5.0 (compatible; SemrushBot/7~bl; +http://www.semrush.com/bot.html)" "-"
199.167.254.0 - - [03/Feb/2024:05:49:20 +0100] "GET /about.php?520=1 HTTP/1.1" 404 596 cronicadevalencia.com "cronicadevalencia.com" "Mozilla/5.0 (Windows NT 6.1; Win64; x64) AppleWebKit/537.36 (KHTML, like Gecko) Chrome/242.02.8301.120 Safari/537.36" "-"
199.167.254.0 - - [03/Feb/2024:05:50:02 +0100] "GET /admin.php?520=1 HTTP/1.1" 404 596 cronicadevalencia.com "cronicadevalencia.com" "Mozilla/5.0 (Windows NT 6.1; Win64; x64) AppleWebKit/537.36 (KHTML, like Gecko) Chrome/242.02.8301.120 Safari/537.36" "-"
82.165.88.0 - - [03/Feb/2024:05:52:21 +0100] "POST /wp-cron.php?doing_wp_cron=1706935941.4147999286651611328125 HTTP/1.1" 200 - cronicareinodearagon.com "-" "WordPress/6.2.2; https://cronicareinodearagon.com" "-"
85.208.96.0 - - [03/Feb/2024:05:52:21 +0100] "GET /category/sociedad/page/3/ HTTP/1.1" 200 147387 cronicareinodearagon.com "-" "Mozilla/5.0 (compatible; SemrushBot/7~bl; +http://www.semrush.com/bot.html)" "-"
82.165.88.0 - - [03/Feb/2024:05:52:43 +0100] "POST /wp-cron.php?doing_wp_cron=1706935963.3360960483551025390625 HTTP/1.1" 200 - cronicareinodearagon.com "-" "WordPress/6.2.2; https://cronicareinodearagon.com" "-"
185.191.171.0 - - [03/Feb/2024:05:52:43 +0100] "GET /aragon/andalucia-record-exportaciones-agroalimentarias/ HTTP/1.1" 200 174066 cronicareinodearagon.com "-" "Mozilla/5.0 (compatible; SemrushBot/7~bl; +http://www.semrush.com/bot.html)" "-"
54.36.148.0 - - [03/Feb/2024:05:52:50 +0100] "GET /opinion/derecho-politico-presuncion-inocencia/ HTTP/1.1" 200 175104 cronicareinodearagon.com "-" "Mozilla/5.0 (compatible; AhrefsBot/7.0; +http://ahrefs.com/robot/)" "-"
54.36.148.0 - - [03/Feb/2024:05:52:52 +0100] "GET /wp-content/plugins/elementor/assets/css/frontend-lite.min.css?ver=3.15.2 HTTP/1.1" 200 17137 cronicareinodearagon.com "-" "Mozilla/5.0 (compatible; AhrefsBot/7.0; +http://ahrefs.com/robot/)" "-"
54.36.148.0 - - [03/Feb/2024:05:52:53 +0100] "GET /wp-includes/css/classic-themes.min.css?ver=6.2.2 HTTP/1.1" 200 211 cronicareinodearagon.com "-" "Mozilla/5.0 (compatible; AhrefsBot/7.0; +http://ahrefs.com/robot/)" "-"
54.36.148.0 - - [03/Feb/2024:05:52:53 +0100] "GET /wp-includes/js/jquery/jquery.min.js?ver=3.6.4 HTTP/1.1" 200 36269 cronicareinodearagon.com "-" "Mozilla/5.0 (compatible; AhrefsBot/7.0; +http://ahrefs.com/robot/)" "-"
54.36.149.0 - - [03/Feb/2024:05:52:53 +0100] "GET /wp-content/plugins/complianz-gdpr/assets/css/cookieblocker.min.css?ver=6.4.4 HTTP/1.1" 200 754 cronicareinodearagon.com "-" "Mozilla/5.0 (compatible; AhrefsBot/7.0; +http://ahrefs.com/robot/)" "-"
54.36.148.0 - - [03/Feb/2024:05:52:53 +0100] "GET /wp-content/plugins/elementor/assets/lib/waypoints/waypoints.min.js?ver=4.0.2 HTTP/1.1" 200 3501 cronicareinodearagon.com "-" "Mozilla/5.0 (compatible; AhrefsBot/7.0; +http://ahrefs.com/robot/)" "-"
54.36.149.0 - - [03/Feb/2024:05:52:53 +0100] "GET /wp-content/themes/jnews/assets/css/elementor-frontend.css?ver=10.7.9 HTTP/1.1" 200 215 cronicareinodearagon.com "-" "Mozilla/5.0 (compatible; AhrefsBot/7.0; +http://ahrefs.com/robot/)" "-"
54.36.149.0 - - [03/Feb/2024:05:52:53 +0100] "GET /wp-content/plugins/elementor/assets/js/frontend-modules.min.js?ver=3.15.2 HTTP/1.1" 200 19256 cronicareinodearagon.com "-" "Mozilla/5.0 (compatible; AhrefsBot/7.0; +http://ahrefs.com/robot/)" "-"
54.36.148.0 - - [03/Feb/2024:05:52:53 +0100] "GET /wp-includes/js/hoverIntent.min.js?ver=1.10.2 HTTP/1.1" 200 721 cronicareinodearagon.com "-" "Mozilla/5.0 (compatible; AhrefsBot/7.0; +http://ahrefs.com/robot/)" "-"
54.36.149.0 - - [03/Feb/2024:05:52:53 +0100] "GET /wp-content/themes/jnews/assets/css/darkmode.css?ver=10.7.9 HTTP/1.1" 200 9055 cronicareinodearagon.com "-" "Mozilla/5.0 (compatible; AhrefsBot/7.0; +http://ahrefs.com/robot/)" "-"
54.36.149.0 - - [03/Feb/2024:05:52:54 +0100] "GET /wp-content/plugins/elementor/assets/js/frontend.min.js?ver=3.15.2 HTTP/1.1" 200 14219 cronicareinodearagon.com "-" "Mozilla/5.0 (compatible; AhrefsBot/7.0; +http://ahrefs.com/robot/)" "-"
54.36.148.0 - - [03/Feb/2024:05:52:54 +0100] "GET /wp-includes/css/dist/block-library/style.min.css?ver=6.2.2 HTTP/1.1" 200 16406 cronicareinodearagon.com "-" "Mozilla/5.0 (compatible; AhrefsBot/7.0; +http://ahrefs.com/robot/)" "-"
54.36.148.0 - - [03/Feb/2024:05:52:54 +0100] "GET /wp-content/plugins/metronet-profile-picture/js/mpp-frontend.js?ver=2.6.0 HTTP/1.1" 200 201 cronicareinodearagon.com "-" "Mozilla/5.0 (compatible; AhrefsBot/7.0; +http://ahrefs.com/robot/)" "-"
54.36.148.0 - - [03/Feb/2024:05:52:54 +0100] "GET /wp-content/plugins/elementor/assets/js/webpack.runtime.min.js?ver=3.15.2 HTTP/1.1" 200 2279 cronicareinodearagon.com "-" "Mozilla/5.0 (compatible; AhrefsBot/7.0; +http://ahrefs.com/robot/)" "-"
54.36.148.0 - - [03/Feb/2024:05:52:54 +0100] "GET /wp-content/plugins/metronet-profile-picture/dist/blocks.style.build.css?ver=2.6.0 HTTP/1.1" 200 4040 cronicareinodearagon.com "-" "Mozilla/5.0 (compatible; AhrefsBot/7.0; +http://ahrefs.com/robot/)" "-"
54.36.148.0 - - [03/Feb/2024:05:52:54 +0100] "GET /wp-includes/js/jquery/ui/core.min.js?ver=1.13.2 HTTP/1.1" 200 7937 cronicareinodearagon.com "-" "Mozilla/5.0 (compatible; AhrefsBot/7.0; +http://ahrefs.com/robot/)" "-"
54.36.148.0 - - [03/Feb/2024:05:52:54 +0100] "GET /wp-content/themes/jnews/assets/dist/frontend.min.js?ver=10.7.9 HTTP/1.1" 200 103509 cronicareinodearagon.com "-" "Mozilla/5.0 (compatible; AhrefsBot/7.0; +http://ahrefs.com/robot/)" "-"
54.36.148.0 - - [03/Feb/2024:05:52:55 +0100] "GET /wp-content/plugins/complianz-gdpr/cookiebanner/js/complianz.min.js?ver=6.4.4 HTTP/1.1" 200 12688 cronicareinodearagon.com "-" "Mozilla/5.0 (compatible; AhrefsBot/7.0; +http://ahrefs.com/robot/)" "-"
54.36.148.0 - - [03/Feb/2024:05:52:55 +0100] "GET /wp-content/themes/jnews/style.css?ver=10.7.9 HTTP/1.1" 200 297 cronicareinodearagon.com "-" "Mozilla/5.0 (compatible; AhrefsBot/7.0; +http://ahrefs.com/robot/)" "-"
54.36.148.0 - - [03/Feb/2024:05:52:55 +0100] "GET /wp-content/themes/jnews/data/import/newspaper/scheme.css?ver=10.7.9 HTTP/1.1" 200 1687 cronicareinodearagon.com "-" "Mozilla/5.0 (compatible; AhrefsBot/7.0; +http://ahrefs.com/robot/)" "-"
54.36.148.0 - - [03/Feb/2024:05:52:55 +0100] "GET /wp-content/plugins/elementor/assets/lib/swiper/css/swiper.min.css?ver=5.3.6 HTTP/1.1" 200 2779 cronicareinodearagon.com "-" "Mozilla/5.0 (compatible; AhrefsBot/7.0; +http://ahrefs.com/robot/)" "-"
54.36.149.0 - - [03/Feb/2024:05:52:55 +0100] "GET /wp-includes/js/imagesloaded.min.js?ver=4.1.4 HTTP/1.1" 200 2010 cronicareinodearagon.com "-" "Mozilla/5.0 (compatible; AhrefsBot/7.0; +http://ahrefs.com/robot/)" "-"
54.36.148.0 - - [03/Feb/2024:05:52:55 +0100] "GET /wp-content/plugins/elementor/assets/lib/eicons/css/elementor-icons.min.css?ver=5.21.0 HTTP/1.1" 200 4358 cronicareinodearagon.com "-" "Mozilla/5.0 (compatible; AhrefsBot/7.0; +http://ahrefs.com/robot/)" "-"
54.36.148.0 - - [03/Feb/2024:05:52:55 +0100] "GET /wp-includes/js/jquery/jquery-migrate.min.js?ver=3.4.0 HTTP/1.1" 200 5257 cronicareinodearagon.com "-" "Mozilla/5.0 (compatible; AhrefsBot/7.0; +http://ahrefs.com/robot/)" "-"
74.125.209.0 - - [03/Feb/2024:05:53:09 +0100] "GET /category/sociedad/feed/ HTTP/1.1" 200 16233 cronicareinodearagon.com "-" "FeedFetcher-Google; (+http://www.google.com/feedfetcher.html)" "-"
74.125.212.0 - - [03/Feb/2024:05:56:08 +0100] "GET /category/economia/feed/ HTTP/1.1" 200 42774 cronicareinodearagon.com "-" "FeedFetcher-Google; (+http://www.google.com/feedfetcher.html)" "-"
82.165.88.0 - - [03/Feb/2024:05:56:39 +0100] "POST /wp-cron.php?doing_wp_cron=1706936199.8204460144042968750000 HTTP/1.1" 200 - cronicareinodearagon.com "-" "WordPress/6.2.2; https://cronicareinodearagon.com" "-"
85.208.96.0 - - [03/Feb/2024:05:56:39 +0100] "GET /aragon/psoe-parlamento-pp-sequia-medidas-andalucia/ HTTP/1.1" 200 164786 cronicareinodearagon.com "-" "Mozilla/5.0 (compatible; SemrushBot/7~bl; +http://www.semrush.com/bot.html)" "-"
146.70.160.0 - - [03/Feb/2024:05:57:09 +0100] "GET /themes.php HTTP/1.1" 404 596 cronicadecordoba.com "-" "Mozilla/5.0 (compatible; MSIE 10.0; Windows NT 6.1; Trident/6.0)" "-"
146.70.160.0 - - [03/Feb/2024:05:57:09 +0100] "GET /about.php HTTP/1.1" 404 596 cronicadecordoba.com "-" "Mozilla/5.0 (Windows NT 10.0; Win64; x64) AppleWebKit/537.36 (KHTML, like Gecko) Chrome/79.0.3945.130 Safari/537.36" "-"
146.70.160.0 - - [03/Feb/2024:05:57:09 +0100] "GET /wp-admin/css/colors/blue/CasperExV1.php HTTP/1.1" 404 596 cronicadecordoba.com "-" "Mozilla/5.0 (Windows NT 6.1; Win64; x64) AppleWebKit/537.36 (KHTML, like Gecko) Chrome/74.0.3729.169 Safari/537.36" "-"
146.70.160.0 - - [03/Feb/2024:05:57:09 +0100] "GET /wp-content/index.php HTTP/1.1" 404 596 cronicadecordoba.com "-" "Mozilla/5.0 (Windows NT 10.0; Win64; x64) AppleWebKit/537.36 (KHTML, like Gecko) Chrome/79.0.3945.88 Safari/537.36" "-"
146.70.160.0 - - [03/Feb/2024:05:57:09 +0100] "GET /byp.php HTTP/1.1" 404 596 cronicadecordoba.com "-" "Mozilla/5.0 (X11; Linux x86_64) AppleWebKit/537.36 (KHTML, like Gecko) Chrome/84.0.4147.105 Safari/537.36 OPR/70.0.3728.95" "-"
146.70.160.0 - - [03/Feb/2024:05:57:09 +0100] "GET /cloud.php HTTP/1.1" 404 596 cronicadecordoba.com "-" "Mozilla/5.0 (Windows NT 6.3; Win64; x64; rv:73.0) Gecko/20100101 Firefox/73.0" "-"
146.70.160.0 - - [03/Feb/2024:05:57:09 +0100] "GET /smm.php HTTP/1.1" 404 596 cronicadecordoba.com "-" "Mozilla/5.0 (Windows NT 10.0; Win64; x64; rv:67.0) Gecko/20100101 Firefox/67.0" "-"
146.70.160.0 - - [03/Feb/2024:05:57:09 +0100] "GET /wp.php HTTP/1.1" 404 596 cronicadecordoba.com "-" "Mozilla/5.0 (Windows NT 10.0; Win64; x64) AppleWebKit/537.36 (KHTML, like Gecko) Chrome/58.0.3029.110 Safari/537.3" "-"
146.70.160.0 - - [03/Feb/2024:05:57:09 +0100] "GET /edit-comments.php HTTP/1.1" 404 596 cronicadecordoba.com "-" "Mozilla/5.0 (Windows NT 10.0; Win64; x64) AppleWebKit/537.36 (KHTML, like Gecko) Chrome/58.0.3029.110 Safari/537.3" "-"
146.70.160.0 - - [03/Feb/2024:05:57:09 +0100] "GET /1.php HTTP/1.1" 404 596 cronicadecordoba.com "-" "Mozilla/5.0 (Macintosh; Intel Mac OS X 10_15_6) AppleWebKit/537.36 (KHTML, like Gecko) Chrome/84.0.4147.125 Safari/537.36" "-"
146.70.160.0 - - [03/Feb/2024:05:57:09 +0100] "GET /classwithtostring.php HTTP/1.1" 404 596 cronicadecordoba.com "-" "Mozilla/5.0 (Windows NT 6.1; Win64; x64) AppleWebKit/537.36 (KHTML, like Gecko) Chrome/78.0.3904.108 Safari/537.36" "-"
146.70.160.0 - - [03/Feb/2024:05:57:09 +0100] "GET /admin.php HTTP/1.1" 404 596 cronicadecordoba.com "-" "Mozilla/5.0 (Windows NT 10.0; Win64; x64; rv:72.0) Gecko/20100101 Firefox/72.0" "-"
146.70.160.0 - - [03/Feb/2024:05:57:09 +0100] "GET /gecko.php HTTP/1.1" 404 596 cronicadecordoba.com "-" "Mozilla/5.0 (Linux x86_64; rv:79.0) Gecko/20100101 Firefox/79.0" "-"
146.70.160.0 - - [03/Feb/2024:05:57:09 +0100] "GET /mini.php HTTP/1.1" 404 596 cronicadecordoba.com "-" "Mozilla/5.0 (X11; Linux x86_64) AppleWebKit/537.36 (KHTML, like Gecko) Chrome/84.0.4147.105 Safari/537.36 OPR/70.0.3728.95" "-"
146.70.160.0 - - [03/Feb/2024:05:57:09 +0100] "GET /user.php HTTP/1.1" 404 596 cronicadecordoba.com "-" "Mozilla/5.0 (Windows NT 10.0; Win64; x64; rv:76.0) Gecko/20100101 Firefox/76.0" "-"
146.70.160.0 - - [03/Feb/2024:05:57:09 +0100] "GET /0z.php HTTP/1.1" 404 596 cronicadecordoba.com "-" "Mozilla/5.0 (compatible; MSIE 10.0; Windows NT 6.1; Trident/6.0)" "-"
146.70.160.0 - - [03/Feb/2024:05:57:09 +0100] "GET /wp-content/plugins/index.php HTTP/1.1" 404 596 cronicadecordoba.com "-" "Mozilla/5.0 (X11; Linux i686; rv:79.0) Gecko/20100101 Firefox/79.0" "-"
146.70.160.0 - - [03/Feb/2024:05:57:09 +0100] "GET /xl2023.php HTTP/1.1" 404 596 cronicadecordoba.com "-" "Mozilla/5.0 (Windows NT 10.0; Win64; x64) AppleWebKit/537.36 (KHTML, like Gecko) Chrome/70.0.3538.110 Safari/537.36" "-"
146.70.160.0 - - [03/Feb/2024:05:57:09 +0100] "GET /log.php HTTP/1.1" 404 596 cronicadecordoba.com "-" "Mozilla/5.0 (Linux x86_64; rv:79.0) Gecko/20100101 Firefox/79.0" "-"
146.70.160.0 - - [03/Feb/2024:05:57:09 +0100] "GET /upload.php HTTP/1.1" 404 596 cronicadecordoba.com "-" "Mozilla/5.0 (Windows NT 10.0; Win64; x64) AppleWebKit/537.36 (KHTML, like Gecko) Chrome/83.0.4103.97 Safari/537.36" "-"
146.70.160.0 - - [03/Feb/2024:05:57:09 +0100] "GET /lufix.php HTTP/1.1" 404 596 cronicadecordoba.com "-" "Mozilla/5.0 (Windows NT 10.0; Win64; x64) AppleWebKit/537.36 (KHTML, like Gecko) Chrome/79.0.3945.88 Safari/537.36" "-"
146.70.160.0 - - [03/Feb/2024:05:57:09 +0100] "GET /plugins.php HTTP/1.1" 404 596 cronicadecordoba.com "-" "Mozilla/5.0 (Windows NT 10.0; WOW64; Trident/7.0; .NET4.0C; .NET4.0E; .NET CLR 2.0.50727; .NET CLR 3.0.30729; .NET CLR 3.5.30729; rv:11.0) like Gecko" "-"
146.70.160.0 - - [03/Feb/2024:05:57:09 +0100] "GET /small.php HTTP/1.1" 404 596 cronicadecordoba.com "-" "Mozilla/5.0 (Macintosh; Intel Mac OS X 10_15_6) AppleWebKit/537.36 (KHTML, like Gecko) Chrome/84.0.4147.105 Safari/537.36 OPR/70.0.3728.95" "-"
146.70.160.0 - - [03/Feb/2024:05:57:09 +0100] "GET /init.php HTTP/1.1" 404 596 cronicadecordoba.com "-" "Mozilla/5.0 (Windows NT 10.0; Win64; x64; rv:75.0) Gecko/20100101 Firefox/75.0" "-"
146.70.160.0 - - [03/Feb/2024:05:57:09 +0100] "GET /users.php HTTP/1.1" 404 596 cronicadecordoba.com "-" "Mozilla/5.0 (Windows NT 10.0; Win64; x64; rv:76.0) Gecko/20100101 Firefox/76.0" "-"
146.70.160.0 - - [03/Feb/2024:05:57:09 +0100] "GET /doc.php HTTP/1.1" 404 596 cronicadecordoba.com "-" "Mozilla/5.0 (Windows NT 10.0; Win64; x64) AppleWebKit/537.36 (KHTML, like Gecko) Chrome/69.0.3497.100 Safari/537.36" "-"
146.70.160.0 - - [03/Feb/2024:05:57:09 +0100] "GET /shell.php HTTP/1.1" 404 596 cronicadecordoba.com "-" "Mozilla/5.0 (Windows NT 10.0; Win64; x64; rv:72.0) Gecko/20100101 Firefox/72.0" "-"
146.70.160.0 - - [03/Feb/2024:05:57:09 +0100] "GET /fm.php HTTP/1.1" 404 596 cronicadecordoba.com "-" "Mozilla/5.0 (Windows NT 10.0) AppleWebKit/537.36 (KHTML, like Gecko) Chrome/72.0.3626.121 Safari/537.36" "-"
146.70.160.0 - - [03/Feb/2024:05:57:09 +0100] "GET /wp-admin/users.php HTTP/1.1" 404 596 cronicadecordoba.com "-" "Mozilla/5.0 (X11; Fedora; Linux x86_64; rv:79.0) Gecko/20100101 Firefox/79.0" "-"
146.70.160.0 - - [03/Feb/2024:05:57:09 +0100] "GET /repeater.php HTTP/1.1" 404 596 cronicadecordoba.com "-" "Mozilla/5.0 (Windows NT 10.0; WOW64) AppleWebKit/537.36 (KHTML, like Gecko) Chrome/72.0.3626.121 Safari/537.36" "-"
146.70.160.0 - - [03/Feb/2024:05:57:09 +0100] "GET /wso.php HTTP/1.1" 404 596 cronicadecordoba.com "-" "Mozilla/5.0 (X11; Linux x86_64) AppleWebKit/537.36 (KHTML, like Gecko) Chrome/84.0.4147.105 Safari/537.36 OPR/70.0.3728.95" "-"
146.70.160.0 - - [03/Feb/2024:05:57:09 +0100] "GET /shell20211028.php HTTP/1.1" 404 596 cronicadecordoba.com "-" "Mozilla/5.0 (Windows NT 10.0; Win64; x64; rv:75.0) Gecko/20100101 Firefox/75.0" "-"
146.70.160.0 - - [03/Feb/2024:05:57:09 +0100] "GET /wp-blog.php HTTP/1.1" 404 596 cronicadecordoba.com "-" "Mozilla/5.0 (Macintosh; Intel Mac OS X 10_15_6) AppleWebKit/537.36 (KHTML, like Gecko) Chrome/84.0.4147.125 Safari/537.36" "-"
146.70.160.0 - - [03/Feb/2024:05:57:09 +0100] "GET /wp-content/plugins/apikey/mar.php HTTP/1.1" 404 596 cronicadecordoba.com "-" "Mozilla/5.0 (Windows NT 10.0; Win64; x64) AppleWebKit/537.36 (KHTML, like Gecko) Chrome/79.0.3945.130 Safari/537.36" "-"
146.70.160.0 - - [03/Feb/2024:05:57:09 +0100] "GET /wp-admin/images/module.php HTTP/1.1" 404 596 cronicadecordoba.com "-" "Mozilla/5.0 (X11; Linux x86_64) AppleWebKit/537.36 (KHTML, like Gecko) Chrome/84.0.4147.105 Safari/537.36 OPR/70.0.3728.95" "-"
146.70.160.0 - - [03/Feb/2024:05:57:09 +0100] "GET /wp-includes/radio.php HTTP/1.1" 404 596 cronicadecordoba.com "-" "Mozilla/5.0 (Windows NT 10.0; Win64; x64; rv:75.0) Gecko/20100101 Firefox/75.0" "-"
146.70.160.0 - - [03/Feb/2024:05:57:09 +0100] "GET /admin/controller/extension/wpm.php HTTP/1.1" 404 596 cronicadecordoba.com "-" "Mozilla/5.0 (Windows NT 10.0; Win64; x64; rv:72.0) Gecko/20100101 Firefox/72.0" "-"
146.70.160.0 - - [03/Feb/2024:05:57:09 +0100] "GET /autoload_classmap.php HTTP/1.1" 404 596 cronicadecordoba.com "-" "Mozilla/5.0 (X11; Ubuntu; Linux x86_64; rv:79.0) Gecko/20100101 Firefox/79.0" "-"
146.70.160.0 - - [03/Feb/2024:05:57:09 +0100] "GET /payout.php HTTP/1.1" 404 596 cronicadecordoba.com "-" "Mozilla/5.0 (Windows NT 10.0; Win64; x64) AppleWebKit/537.36 (KHTML, like Gecko) Chrome/75.0.3770.100 Safari/537.36" "-"
146.70.160.0 - - [03/Feb/2024:05:57:09 +0100] "GET /lock360.php HTTP/1.1" 404 596 cronicadecordoba.com "-" "Mozilla/5.0 (Macintosh; Intel Mac OS X 10_10_1) AppleWebKit/537.36 (KHTML, like Gecko) Chrome/39.0.2171.95 Safari/537.36" "-"
146.70.160.0 - - [03/Feb/2024:05:57:10 +0100] "GET /pi.php HTTP/1.1" 404 596 cronicadecordoba.com "-" "Mozilla/5.0 (Macintosh; Intel Mac OS X 10_10_1) AppleWebKit/537.36 (KHTML, like Gecko) Chrome/39.0.2171.95 Safari/537.36" "-"
146.70.160.0 - - [03/Feb/2024:05:57:10 +0100] "GET /wp-2019.php HTTP/1.1" 404 596 cronicadecordoba.com "-" "Mozilla/5.0 (X11; Ubuntu; Linux i686; rv:79.0) Gecko/20100101 Firefox/79.0" "-"
146.70.160.0 - - [03/Feb/2024:05:57:10 +0100] "GET /01.php HTTP/1.1" 404 596 cronicadecordoba.com "-" "Mozilla/5.0 (Macintosh; Intel Mac OS X 10_15_6) AppleWebKit/537.36 (KHTML, like Gecko) Chrome/84.0.4147.125 Safari/537.36" "-"
146.70.160.0 - - [03/Feb/2024:05:57:10 +0100] "GET /x.php HTTP/1.1" 404 596 cronicadecordoba.com "-" "Mozilla/5.0 (Windows NT 6.1; Win64; x64) AppleWebKit/537.36 (KHTML, like Gecko) Chrome/74.0.3729.169 Safari/537.36" "-"
146.70.160.0 - - [03/Feb/2024:05:57:10 +0100] "GET /wp_info.php HTTP/1.1" 404 596 cronicadecordoba.com "-" "Mozilla/5.0 (Windows NT 10.0; Win64; x64) AppleWebKit/537.36 (KHTML, like Gecko) Chrome/83.0.4103.97 Safari/537.36" "-"
146.70.160.0 - - [03/Feb/2024:05:57:10 +0100] "GET /fw.php HTTP/1.1" 404 596 cronicadecordoba.com "-" "Mozilla/5.0 (Windows NT 10.0; Win64; x64) AppleWebKit/537.36 (KHTML, like Gecko) Chrome/69.0.3497.100 Safari/537.36" "-"
146.70.160.0 - - [03/Feb/2024:05:57:10 +0100] "GET /wp-content/upload.php HTTP/1.1" 404 596 cronicadecordoba.com "-" "Mozilla/5.0 (Windows NT 10.0; Win64; x64) AppleWebKit/537.36 (KHTML, like Gecko) Chrome/77.0.3865.90 Safari/537.36" "-"
146.70.160.0 - - [03/Feb/2024:05:57:10 +0100] "GET /xleet.php HTTP/1.1" 503 299 cronicadecordoba.com "-" "Mozilla/5.0 (Windows NT 10.0; Win64; x64) AppleWebKit/537.36 (KHTML, like Gecko) Chrome/58.0.3029.110 Safari/537.3" "-"
146.70.160.0 - - [03/Feb/2024:05:57:10 +0100] "GET /wp-content/plugins/masterx/wpx.php HTTP/1.1" 404 596 cronicadecordoba.com "-" "Mozilla/5.0 (Windows NT 10.0; WOW64; x64) AppleWebKit/537.36 (KHTML, like Gecko) Chrome/84.0.4147.105 Safari/537.36 OPR/70.0.3728.95" "-"
146.70.160.0 - - [03/Feb/2024:05:57:10 +0100] "GET /xml.php HTTP/1.1" 404 596 cronicadecordoba.com "-" "Mozilla/5.0 (Windows NT 6.1; Win64; x64) AppleWebKit/537.36 (KHTML, like Gecko) Chrome/78.0.3904.108 Safari/537.36" "-"
146.70.160.0 - - [03/Feb/2024:05:57:10 +0100] "GET /wp-admin/includes/about.php HTTP/1.1" 404 596 cronicadecordoba.com "-" "Mozilla/5.0 (Windows NT 10.0; Win64; x64) AppleWebKit/537.36 (KHTML, like Gecko) Chrome/83.0.4103.61 Safari/537.36" "-"
146.70.160.0 - - [03/Feb/2024:05:57:10 +0100] "GET /403.php HTTP/1.1" 404 596 cronicadecordoba.com "-" "Mozilla/5.0 (Windows NT 10.0; Win64; x64) AppleWebKit/537.36 (KHTML, like Gecko) Chrome/83.0.4103.61 Safari/537.36" "-"
146.70.160.0 - - [03/Feb/2024:05:57:10 +0100] "GET /by.php HTTP/1.1" 404 596 cronicadecordoba.com "-" "Mozilla/5.0 (Windows NT 10.0; Win64; x64) AppleWebKit/537.36 (KHTML, like Gecko) Chrome/75.0.3770.100 Safari/537.36" "-"
146.70.160.0 - - [03/Feb/2024:05:57:10 +0100] "GET /css.php HTTP/1.1" 404 596 cronicadecordoba.com "-" "Mozilla/5.0 (Windows NT 10.0; Win64; x64; rv:79.0) Gecko/20100101 Firefox/79.0" "-"
146.70.160.0 - - [03/Feb/2024:05:57:10 +0100] "GET /wp-content/plugins/instabuilder2/cache/plugins/moon.php HTTP/1.1" 404 596 cronicadecordoba.com "-" "Mozilla/5.0 (Windows NT 10.0; Win64; x64) AppleWebKit/537.36 (KHTML, like Gecko) Chrome/79.0.3945.130 Safari/537.36" "-"
146.70.160.0 - - [03/Feb/2024:05:57:10 +0100] "GET /uploads/wp-blog.php HTTP/1.1" 404 596 cronicadecordoba.com "-" "Mozilla/5.0 (Windows NT 10.0) AppleWebKit/537.36 (KHTML, like Gecko) Chrome/72.0.3626.121 Safari/537.36" "-"
146.70.160.0 - - [03/Feb/2024:05:57:10 +0100] "GET /wp-content/plugins/Cache/dropdown.php HTTP/1.1" 404 596 cronicadecordoba.com "-" "Mozilla/5.0 (Windows NT 10.0; Win64; x64) AppleWebKit/537.36 (KHTML, like Gecko) Chrome/79.0.3945.130 Safari/537.36" "-"
146.70.160.0 - - [03/Feb/2024:05:57:10 +0100] "GET /wp-includes/sodium_compat/src/Core/Curve25519/Ge/wp_blog.php HTTP/1.1" 404 596 cronicadecordoba.com "-" "Mozilla/5.0 (Windows NT 10.0; Win64; x64) AppleWebKit/537.36 (KHTML, like Gecko) Chrome/58.0.3029.110 Safari/537.3" "-"
146.70.160.0 - - [03/Feb/2024:05:57:10 +0100] "GET /wp-content/shell20211028.php HTTP/1.1" 404 596 cronicadecordoba.com "-" "Mozilla/5.0 (Windows NT 10.0; Win64; x64; rv:79.0) Gecko/20100101 Firefox/79.0" "-"
146.70.160.0 - - [03/Feb/2024:05:57:10 +0100] "GET /wp-admin/includes/users.php HTTP/1.1" 404 596 cronicadecordoba.com "-" "Mozilla/5.0 (compatible; MSIE 10.0; Windows NT 6.1; Trident/6.0)" "-"
146.70.160.0 - - [03/Feb/2024:05:57:10 +0100] "GET /wso112233.php HTTP/1.1" 404 596 cronicadecordoba.com "-" "Mozilla/5.0 (Windows NT 10.0; Win64; x64) AppleWebKit/537.36 (KHTML, like Gecko) Chrome/74.0.3729.169 Safari/537.36" "-"
146.70.160.0 - - [03/Feb/2024:05:57:10 +0100] "GET /ee.php HTTP/1.1" 404 596 cronicadecordoba.com "-" "Mozilla/5.0 (X11; Linux x86_64) AppleWebKit/537.36 (KHTML, like Gecko) Chrome/84.0.4147.105 Safari/537.36 OPR/70.0.3728.95" "-"
