93.113.15.0 - - [07/Feb/2024:19:53:13 +0100] "GET /images/images/images/hsduih.php HTTP/1.1" 404 144900 cronicareinodearagon.com "cronicareinodearagon.com" "Mozilla/5.1 (Windows NT 6.0; WOW64) AppleWebKit/533.36 (KHTML, like Gecko) Chrome/46.0.2754.75 Safari/533.36" "-"
82.165.88.0 - - [07/Feb/2024:19:54:38 +0100] "POST /wp-cron.php?doing_wp_cron=1707332078.6017711162567138671875 HTTP/1.1" 200 - cronicareinodearagon.com "-" "WordPress/6.2.2; https://cronicareinodearagon.com" "-"
85.208.96.0 - - [07/Feb/2024:19:54:38 +0100] "GET /category/aragon/huesca/page/3/ HTTP/1.1" 200 128771 cronicareinodearagon.com "-" "Mozilla/5.0 (compatible; SemrushBot/7~bl; +http://www.semrush.com/bot.html)" "-"
185.191.171.0 - - [07/Feb/2024:19:55:51 +0100] "GET /economia/renault-sevilla-proyecto-refactory/ HTTP/1.1" 200 165888 cronicareinodearagon.com "-" "Mozilla/5.0 (compatible; SemrushBot/7~bl; +http://www.semrush.com/bot.html)" "-"
82.165.88.0 - - [07/Feb/2024:19:55:52 +0100] "POST /wp-cron.php?doing_wp_cron=1707332152.1482880115509033203125 HTTP/1.1" 200 - cronicareinodearagon.com "-" "WordPress/6.2.2; https://cronicareinodearagon.com" "-"
85.208.96.0 - - [07/Feb/2024:19:59:02 +0100] "GET /aragon/2-anos-de-carcel-por-abusar-de-una-nina-en-unas-piscinas-de-un-pueblo-de-huesca/ HTTP/1.1" 200 164586 cronicareinodearagon.com "-" "Mozilla/5.0 (compatible; SemrushBot/7~bl; +http://www.semrush.com/bot.html)" "-"
82.165.88.0 - - [07/Feb/2024:19:59:03 +0100] "GET / HTTP/1.1" 200 41729 cronicareinodearagon.com "-" "WordPress/6.2.2; https://cronicareinodearagon.com" "-"
82.165.88.0 - - [07/Feb/2024:19:59:03 +0100] "POST /wp-cron.php?doing_wp_cron=1707332343.1398589611053466796875 HTTP/1.1" 200 - cronicareinodearagon.com "-" "WordPress/6.2.2; https://cronicareinodearagon.com" "-"
74.125.209.0 - - [07/Feb/2024:20:10:44 +0100] "GET /category/sociedad/feed/ HTTP/1.1" 200 16233 cronicareinodearagon.com "-" "FeedFetcher-Google; (+http://www.google.com/feedfetcher.html)" "-"
74.125.209.0 - - [07/Feb/2024:20:16:47 +0100] "GET /category/educacion/feed/ HTTP/1.1" 200 16487 cronicareinodearagon.com "-" "FeedFetcher-Google; (+http://www.google.com/feedfetcher.html)" "-"
74.125.212.0 - - [07/Feb/2024:20:17:41 +0100] "GET /category/economia/feed/ HTTP/1.1" 200 12913 cronicareinodearagon.com "-" "FeedFetcher-Google; (+http://www.google.com/feedfetcher.html)" "-"
82.165.88.0 - - [07/Feb/2024:20:18:14 +0100] "POST /wp-cron.php?doing_wp_cron=1707333494.4294540882110595703125 HTTP/1.1" 200 - cronicareinodearagon.com "-" "WordPress/6.2.2; https://cronicareinodearagon.com" "-"
185.191.171.0 - - [07/Feb/2024:20:18:14 +0100] "GET /aragon/junta-adelanta-oposiciones-maestro/ HTTP/1.1" 200 167332 cronicareinodearagon.com "-" "Mozilla/5.0 (compatible; SemrushBot/7~bl; +http://www.semrush.com/bot.html)" "-"
52.167.144.0 - - [07/Feb/2024:20:21:19 +0100] "GET /robots.txt HTTP/1.1" 200 188 cronicadesevilla.com "-" "Mozilla/5.0 AppleWebKit/537.36 (KHTML, like Gecko; compatible; bingbot/2.0; +http://www.bing.com/bingbot.htm) Chrome/116.0.1938.76 Safari/537.36" "-"
52.167.144.0 - - [07/Feb/2024:20:21:29 +0100] "GET / HTTP/1.1" 304 - cronicadesevilla.com "-" "Mozilla/5.0 AppleWebKit/537.36 (KHTML, like Gecko; compatible; bingbot/2.0; +http://www.bing.com/bingbot.htm) Chrome/116.0.1938.76 Safari/537.36" "-"
82.165.88.0 - - [07/Feb/2024:20:21:50 +0100] "POST /wp-cron.php?doing_wp_cron=1707333710.3024330139160156250000 HTTP/1.1" 200 - cronicareinodearagon.com "-" "WordPress/6.2.2; https://cronicareinodearagon.com" "-"
185.191.171.0 - - [07/Feb/2024:20:21:50 +0100] "GET /robots.txt HTTP/1.1" 200 202 cronicareinodearagon.com "-" "Mozilla/5.0 (compatible; SemrushBot/7~bl; +http://www.semrush.com/bot.html)" "-"
185.191.171.0 - - [07/Feb/2024:20:21:52 +0100] "GET /aragon/moreno-bonilla-elecciones-junio-octubre/ HTTP/1.1" 200 169474 cronicareinodearagon.com "-" "Mozilla/5.0 (compatible; SemrushBot/7~bl; +http://www.semrush.com/bot.html)" "-"
82.165.88.0 - - [07/Feb/2024:20:29:10 +0100] "POST /wp-cron.php?doing_wp_cron=1707334150.4098820686340332031250 HTTP/1.1" 200 - cronicareinodearagon.com "-" "WordPress/6.2.2; https://cronicareinodearagon.com" "-"
85.208.96.0 - - [07/Feb/2024:20:29:10 +0100] "GET /aragon/inversiones-hidricas-andalucia/ HTTP/1.1" 200 167694 cronicareinodearagon.com "-" "Mozilla/5.0 (compatible; SemrushBot/7~bl; +http://www.semrush.com/bot.html)" "-"
40.77.167.0 - - [07/Feb/2024:20:32:28 +0100] "GET /wp-content/uploads/2022/03/dia-provincia-jaen-750x375.jpg HTTP/1.1" 200 66962 cronicareinodearagon.com "-" "Mozilla/5.0 AppleWebKit/537.36 (KHTML, like Gecko; compatible; bingbot/2.0; +http://www.bing.com/bingbot.htm) Chrome/116.0.1938.76 Safari/537.36" "-"
199.244.88.0 - - [07/Feb/2024:20:32:54 +0100] "GET / HTTP/1.1" 200 336 cronicadejaen.com "-" "Mozilla/5.0 (X11; Linux x86_64) AppleWebKit/537.36 (KHTML, like Gecko) Chrome/105.0.0.0 Safari/537.36" "-"
52.167.144.0 - - [07/Feb/2024:20:33:57 +0100] "GET /sitemap.xml HTTP/1.1" 301 - www.cronicareinodearagon.com "-" "Mozilla/5.0 AppleWebKit/537.36 (KHTML, like Gecko; compatible; bingbot/2.0; +http://www.bing.com/bingbot.htm) Chrome/116.0.1938.76 Safari/537.36" "-"
82.165.88.0 - - [07/Feb/2024:20:33:58 +0100] "POST /wp-cron.php?doing_wp_cron=1707334438.2328128814697265625000 HTTP/1.1" 200 - cronicareinodearagon.com "-" "WordPress/6.2.2; https://cronicareinodearagon.com" "-"
52.167.144.0 - - [07/Feb/2024:20:34:06 +0100] "GET /sitemap.xml HTTP/1.1" 301 - cronicareinodearagon.com "-" "Mozilla/5.0 AppleWebKit/537.36 (KHTML, like Gecko; compatible; bingbot/2.0; +http://www.bing.com/bingbot.htm) Chrome/116.0.1938.76 Safari/537.36" "-"
52.167.144.0 - - [07/Feb/2024:20:34:07 +0100] "GET /sitemap_index.xml HTTP/1.1" 200 317 cronicareinodearagon.com "-" "Mozilla/5.0 AppleWebKit/537.36 (KHTML, like Gecko; compatible; bingbot/2.0; +http://www.bing.com/bingbot.htm) Chrome/116.0.1938.76 Safari/537.36" "-"
82.165.88.0 - - [07/Feb/2024:20:34:42 +0100] "POST /wp-cron.php?doing_wp_cron=1707334482.3187050819396972656250 HTTP/1.1" 200 - cronicareinodearagon.com "-" "WordPress/6.2.2; https://cronicareinodearagon.com" "-"
40.77.167.0 - - [07/Feb/2024:20:34:42 +0100] "GET /sitemap_index.xml HTTP/1.1" 200 317 cronicareinodearagon.com "-" "Mozilla/5.0 AppleWebKit/537.36 (KHTML, like Gecko; compatible; bingbot/2.0; +http://www.bing.com/bingbot.htm) Chrome/116.0.1938.76 Safari/537.36" "-"
74.125.212.0 - - [07/Feb/2024:20:35:15 +0100] "GET /category/economia/feed/ HTTP/1.1" 200 12913 cronicareinodearagon.com "-" "FeedFetcher-Google; (+http://www.google.com/feedfetcher.html)" "-"
82.165.88.0 - - [07/Feb/2024:20:40:28 +0100] "POST /wp-cron.php?doing_wp_cron=1707334828.6608369350433349609375 HTTP/1.1" 200 - cronicareinodearagon.com "-" "WordPress/6.2.2; https://cronicareinodearagon.com" "-"
185.191.171.0 - - [07/Feb/2024:20:40:28 +0100] "GET /category/aragon/page/3/ HTTP/1.1" 200 147437 cronicareinodearagon.com "-" "Mozilla/5.0 (compatible; SemrushBot/7~bl; +http://www.semrush.com/bot.html)" "-"
109.203.160.0 - - [07/Feb/2024:20:45:42 +0100] "GET / HTTP/1.1" 200 336 cronicadealmeria.com "-" "Chrome" "-"
74.125.209.0 - - [07/Feb/2024:20:47:42 +0100] "GET /category/sociedad/feed/ HTTP/1.1" 200 16233 cronicareinodearagon.com "-" "FeedFetcher-Google; (+http://www.google.com/feedfetcher.html)" "-"
82.165.88.0 - - [07/Feb/2024:20:55:11 +0100] "POST /wp-cron.php?doing_wp_cron=1707335711.7558929920196533203125 HTTP/1.1" 200 - cronicareinodearagon.com "-" "WordPress/6.2.2; https://cronicareinodearagon.com" "-"
85.208.96.0 - - [07/Feb/2024:20:55:11 +0100] "GET /opinion/resistencia-paciencia/ HTTP/1.1" 200 158165 cronicareinodearagon.com "-" "Mozilla/5.0 (compatible; SemrushBot/7~bl; +http://www.semrush.com/bot.html)" "-"
198.12.210.0 - - [07/Feb/2024:21:01:43 +0100] "POST /xmlrpc.php HTTP/1.1" 200 416 cronicareinodearagon.com "-" "Mozilla/5.0 (Windows NT 5.1; rv:36.0) Gecko/20100101 Firefox/36.0" "-"
82.165.88.0 - - [07/Feb/2024:21:01:44 +0100] "POST /wp-cron.php?doing_wp_cron=1707336104.0177710056304931640625 HTTP/1.1" 200 - cronicareinodearagon.com "-" "WordPress/6.2.2; https://cronicareinodearagon.com" "-"
154.126.93.0 - - [07/Feb/2024:21:02:01 +0100] "POST /xmlrpc.php HTTP/1.1" 200 416 cronicareinodearagon.com "-" "Mozilla/5.0 (Windows; U; Windows NT 5.1; en-US; rv:1.7.5) Gecko/20041107 Firefox/1.0" "-"
159.223.11.0 - - [07/Feb/2024:21:02:07 +0100] "POST /xmlrpc.php HTTP/1.1" 200 416 cronicareinodearagon.com "-" "Mozilla/5.0 (X11; Linux x86_64) AppleWebKit/537.36 (KHTML, like Gecko) Chrome/91.0.4472.114 Safari/537.36" "-"
2001:1460:: - - [07/Feb/2024:21:02:15 +0100] "POST /xmlrpc.php HTTP/1.1" 200 416 cronicareinodearagon.com "-" "Mozilla/5.0 (Linux; Android 10; LM-Q710(FGN)) AppleWebKit/537.36 (KHTML, like Gecko) Chrome/91.0.4472.114 Mobile Safari/537.36" "-"
2a01:8740:ff00:: - - [07/Feb/2024:21:02:18 +0100] "POST /xmlrpc.php HTTP/1.1" 200 416 cronicareinodearagon.com "-" "Mozilla/5.0 (Windows NT 6.1) AppleWebKit/537.36 (KHTML, like Gecko) Chrome/56.0.2924.76 Safari/537.36" "-"
3.222.117.0 - - [07/Feb/2024:21:02:27 +0100] "POST /xmlrpc.php HTTP/1.1" 200 416 cronicareinodearagon.com "-" "Mozilla/5.0 (Windows NT 10.0; Win64; x64; rv:78.0) Gecko/20100101 Firefox/78.0" "-"
85.208.96.0 - - [07/Feb/2024:21:02:28 +0100] "GET /aragon/paro-baja-andalucia-reforma-laboral/ HTTP/1.1" 200 167377 cronicareinodearagon.com "-" "Mozilla/5.0 (compatible; SemrushBot/7~bl; +http://www.semrush.com/bot.html)" "-"
51.195.219.0 - - [07/Feb/2024:21:02:30 +0100] "POST /xmlrpc.php HTTP/1.1" 200 416 cronicareinodearagon.com "-" "Mozilla/5.0 (Windows NT 6.1; Win64; x64; rv:58.0) Gecko/20100101 Firefox/58.0" "-"
82.165.88.0 - - [07/Feb/2024:21:05:40 +0100] "POST /wp-cron.php?doing_wp_cron=1707336340.6360371112823486328125 HTTP/1.1" 200 - cronicareinodearagon.com "-" "WordPress/6.2.2; https://cronicareinodearagon.com" "-"
54.36.148.0 - - [07/Feb/2024:21:05:40 +0100] "GET /aragon/educacion-sexual-edades-tempranas-aragon/ HTTP/1.1" 200 33372 cronicareinodearagon.com "-" "Mozilla/5.0 (compatible; AhrefsBot/7.0; +http://ahrefs.com/robot/)" "-"
82.165.88.0 - - [07/Feb/2024:21:09:58 +0100] "POST /wp-cron.php?doing_wp_cron=1707336598.4697360992431640625000 HTTP/1.1" 200 - cronicareinodearagon.com "-" "WordPress/6.2.2; https://cronicareinodearagon.com" "-"
85.208.96.0 - - [07/Feb/2024:21:09:58 +0100] "GET /aragon/tsja-rechaza-pasaporte-covid-hosteleria-ocio-nocturno/ HTTP/1.1" 200 162182 cronicareinodearagon.com "-" "Mozilla/5.0 (compatible; SemrushBot/7~bl; +http://www.semrush.com/bot.html)" "-"
82.165.88.0 - - [07/Feb/2024:21:11:57 +0100] "POST /wp-cron.php?doing_wp_cron=1707336717.8578319549560546875000 HTTP/1.1" 200 - cronicareinodearagon.com "-" "WordPress/6.2.2; https://cronicareinodearagon.com" "-"
54.36.149.0 - - [07/Feb/2024:21:11:57 +0100] "GET /politica/juanma-moreno-recibe-ministro-escriva-san-telmo/ HTTP/1.1" 200 161146 cronicareinodearagon.com "-" "Mozilla/5.0 (compatible; AhrefsBot/7.0; +http://ahrefs.com/robot/)" "-"
54.36.148.0 - - [07/Feb/2024:21:11:59 +0100] "GET /wp-content/uploads/2021/11/juanma-moreno-ministro-escriva.jpg HTTP/1.1" 200 104171 cronicareinodearagon.com "-" "Mozilla/5.0 (compatible; AhrefsBot/7.0; +http://ahrefs.com/robot/)" "-"
74.125.212.0 - - [07/Feb/2024:21:15:07 +0100] "GET /category/economia/feed/ HTTP/1.1" 200 12913 cronicareinodearagon.com "-" "FeedFetcher-Google; (+http://www.google.com/feedfetcher.html)" "-"
93.158.90.0 - - [07/Feb/2024:21:15:28 +0100] "GET /robots.txt HTTP/1.1" 200 188 cronicadegranada.com "-" "Mozilla/5.0 (Windows NT 10.0; Win64; x64) AppleWebKit/537.36 (KHTML, like Gecko) Chrome/100.0.4896.127 Safari/537.36" "-"
93.158.90.0 - - [07/Feb/2024:21:15:29 +0100] "GET /humans.txt HTTP/1.1" 404 596 cronicadegranada.com "-" "Mozilla/5.0 (Windows NT 10.0; Win64; x64) AppleWebKit/537.36 (KHTML, like Gecko) Chrome/100.0.4896.127 Safari/537.36" "-"
82.165.88.0 - - [07/Feb/2024:21:15:29 +0100] "POST /wp-cron.php?doing_wp_cron=1707336929.3506810665130615234375 HTTP/1.1" 200 - cronicareinodearagon.com "-" "WordPress/6.2.2; https://cronicareinodearagon.com" "-"
93.158.90.0 - - [07/Feb/2024:21:15:29 +0100] "GET /sitemap_index.xml HTTP/1.1" 200 317 cronicareinodearagon.com "-" "Mozilla/5.0 (Windows NT 10.0; Win64; x64) AppleWebKit/537.36 (KHTML, like Gecko) Chrome/100.0.4896.127 Safari/537.36" "-"
93.158.90.0 - - [07/Feb/2024:21:15:30 +0100] "GET /ads.txt HTTP/1.1" 404 596 cronicadegranada.com "-" "Mozilla/5.0 (Windows NT 10.0; Win64; x64) AppleWebKit/537.36 (KHTML, like Gecko) Chrome/100.0.4896.127 Safari/537.36" "-"
93.158.90.0 - - [07/Feb/2024:21:15:30 +0100] "GET / HTTP/1.1" 200 336 cronicadegranada.com "-" "Mozilla/5.0 (Windows NT 10.0; Win64; x64) AppleWebKit/537.36 (KHTML, like Gecko) Chrome/100.0.4896.127 Safari/537.36" "-"
74.125.216.0 - - [07/Feb/2024:21:16:01 +0100] "GET /category/politica/feed/ HTTP/1.1" 200 18273 cronicareinodearagon.com "-" "FeedFetcher-Google; (+http://www.google.com/feedfetcher.html)" "-"
85.208.96.0 - - [07/Feb/2024:21:16:58 +0100] "GET /aragon/oferta-plazas-fp-andalucia/ HTTP/1.1" 200 162881 cronicareinodearagon.com "-" "Mozilla/5.0 (compatible; SemrushBot/7~bl; +http://www.semrush.com/bot.html)" "-"
82.165.88.0 - - [07/Feb/2024:21:16:59 +0100] "POST /wp-cron.php?doing_wp_cron=1707337019.0950889587402343750000 HTTP/1.1" 200 - cronicareinodearagon.com "-" "WordPress/6.2.2; https://cronicareinodearagon.com" "-"
54.36.148.0 - - [07/Feb/2024:21:18:25 +0100] "GET /sociedad/prision-permanente-asesino-laura-luelmo/ HTTP/1.1" 200 168360 cronicareinodearagon.com "-" "Mozilla/5.0 (compatible; AhrefsBot/7.0; +http://ahrefs.com/robot/)" "-"
82.165.88.0 - - [07/Feb/2024:21:18:26 +0100] "POST /wp-cron.php?doing_wp_cron=1707337106.0465400218963623046875 HTTP/1.1" 200 - cronicareinodearagon.com "-" "WordPress/6.2.2; https://cronicareinodearagon.com" "-"
168.100.10.0 - - [07/Feb/2024:21:22:45 +0100] "GET / HTTP/1.1" 200 336 cronicadearagon.com "" "-" "-"
168.100.10.0 - - [07/Feb/2024:21:22:50 +0100] "GET / HTTP/1.1" 200 336 cronicadesevilla.com "" "-" "-"
168.100.10.0 - - [07/Feb/2024:21:22:58 +0100] "GET / HTTP/1.1" 200 258048 cronicareinodearagon.com "" "-" "-"
82.165.88.0 - - [07/Feb/2024:21:24:54 +0100] "POST /wp-cron.php?doing_wp_cron=1707337494.4074459075927734375000 HTTP/1.1" 200 - cronicareinodearagon.com "-" "WordPress/6.2.2; https://cronicareinodearagon.com" "-"
54.36.149.0 - - [07/Feb/2024:21:24:54 +0100] "GET /aragon/cierra-centro-donacion-sangre-falta-personal-suspension-operaciones/ HTTP/1.1" 200 165866 cronicareinodearagon.com "-" "Mozilla/5.0 (compatible; AhrefsBot/7.0; +http://ahrefs.com/robot/)" "-"
54.36.149.0 - - [07/Feb/2024:21:24:56 +0100] "GET /wp-content/uploads/2022/01/d94b674083982bb2fbedbeb549a91581000057.jpg HTTP/1.1" 200 59940 cronicareinodearagon.com "-" "Mozilla/5.0 (compatible; AhrefsBot/7.0; +http://ahrefs.com/robot/)" "-"
184.154.76.0 - - [07/Feb/2024:21:25:35 +0100] "GET / HTTP/1.1" 200 336 www.cronicadesevilla.com "http://www.google.com/url?url=www.cronicadesevilla.com&yahoo.com" "Mozilla/5.0 (compatible; MSIE 9.0; Windows NT 6.1; WOW64; Trident/6.0)" "-"
184.154.76.0 - - [07/Feb/2024:21:25:35 +0100] "GET /th1s_1s_a_4o4.html HTTP/1.1" 404 596 www.cronicadesevilla.com "http://www.google.com/url?url=www.cronicadesevilla.com&yahoo.com" "Mozilla/5.0 (compatible; MSIE 9.0; Windows NT 6.1; WOW64; Trident/6.0)" "-"
184.154.76.0 - - [07/Feb/2024:21:25:36 +0100] "GET /spicons/templates/defaultsite/es-ES/images/domain_transfer.svg HTTP/1.1" 200 1201 www.cronicadesevilla.com "http://www.google.com/url?url=www.cronicadesevilla.com&yahoo.com" "Mozilla/5.0 (compatible; MSIE 9.0; Windows NT 6.1; WOW64; Trident/6.0)" "-"
184.154.76.0 - - [07/Feb/2024:21:25:36 +0100] "GET /spicons/templates/defaultsite/es-ES/images/domain.svg HTTP/1.1" 200 2095 www.cronicadesevilla.com "-" "SiteLockSpider [en] (WinNT; I ;Nav)" "-"
184.154.76.0 - - [07/Feb/2024:21:25:36 +0100] "GET /defaultsite HTTP/1.1" 200 18994 www.cronicadesevilla.com "http://www.google.com/url?url=www.cronicadesevilla.com&yahoo.com" "Mozilla/5.0 (compatible; MSIE 9.0; Windows NT 6.1; WOW64; Trident/6.0)" "-"
184.154.76.0 - - [07/Feb/2024:21:25:37 +0100] "GET /domaincheckresult?__SBMT:d359e110d15:=1&__SYNT:d359e110d15:__CMD(domaincheckresult):RETWRP=domainselect&__SYNT:d359e110d15:__CMD(domaincheckresult):SELWRP=multicheck&__SYNT:d359e110d15:__forcestop=true&__pageflow=Order&__sendingdata=1&linkId=ct.btn.check.default-page-check&multicheck.Domain=1 HTTP/1.1" 404 596 www.cronicadesevilla.com "-" "SiteLockSpider [en] (WinNT; I ;Nav)" "-"
184.154.76.0 - - [07/Feb/2024:21:25:38 +0100] "GET /?=1&s=1 HTTP/1.1" 200 336 cronicadesevilla.com "http://www.google.com/url?url=www.cronicadesevilla.com&yahoo.com" "Mozilla/5.0 (compatible; MSIE 9.0; Windows NT 6.1; WOW64; Trident/6.0)" "-"
184.154.76.0 - - [07/Feb/2024:21:25:38 +0100] "GET / HTTP/1.1" 200 336 cronicadesevilla.com "-" "SiteLockSpider [en] (WinNT; I ;Nav)" "-"
184.154.76.0 - - [07/Feb/2024:21:25:38 +0100] "GET /defaultsite HTTP/1.1" 200 18994 www.cronicadesevilla.com "-" "SiteLockSpider [en] (WinNT; I ;Nav)" "-"
184.154.76.0 - - [07/Feb/2024:21:25:39 +0100] "GET /spicons/templates/defaultsite/es-ES/images/css/main.css HTTP/1.1" 200 486180 www.cronicadesevilla.com "http://www.google.com/url?url=www.cronicadesevilla.com&yahoo.com" "Mozilla/5.0 (compatible; MSIE 9.0; Windows NT 6.1; WOW64; Trident/6.0)" "-"
184.154.76.0 - - [07/Feb/2024:21:25:40 +0100] "GET /spicons/templates/defaultsite/es-ES/images/domain_transfer.svg HTTP/1.1" 200 1201 www.cronicadesevilla.com "http://www.google.com/url?url=www.cronicadesevilla.com&yahoo.com" "Mozilla/5.0 (compatible; MSIE 9.0; Windows NT 6.1; WOW64; Trident/6.0)" "-"
184.154.76.0 - - [07/Feb/2024:21:25:40 +0100] "GET /domaincheckresult?__SBMT:d359e110d15:=1&__SYNT:d359e110d15:__CMD(domaincheckresult):RETWRP=domainselect&__SYNT:d359e110d15:__CMD(domaincheckresult):SELWRP=multicheck&__SYNT:d359e110d15:__forcestop=true&__pageflow=Order&__sendingdata=1&linkId=ct.btn.check.default-page-check&multicheck.Domain=1 HTTP/1.1" 404 596 www.cronicadesevilla.com "-" "SiteLockSpider [en] (WinNT; I ;Nav)" "-"
184.154.76.0 - - [07/Feb/2024:21:25:41 +0100] "GET /spicons/templates/defaultsite/es-ES/images/ic-world.svg HTTP/1.1" 200 1248 www.cronicadesevilla.com "-" "SiteLockSpider [en] (WinNT; I ;Nav)" "-"
184.154.76.0 - - [07/Feb/2024:21:25:41 +0100] "GET /spicons/templates/defaultsite/es-ES/images/ic-world.svg HTTP/1.1" 200 1248 www.cronicadesevilla.com "-" "SiteLockSpider [en] (WinNT; I ;Nav)" "-"
184.154.76.0 - - [07/Feb/2024:21:25:41 +0100] "GET /spicons/templates/defaultsite/es-ES/images/css/main.css HTTP/1.1" 200 486180 www.cronicadesevilla.com "http://www.google.com/url?url=www.cronicadesevilla.com&yahoo.com" "Mozilla/5.0 (compatible; MSIE 9.0; Windows NT 6.1; WOW64; Trident/6.0)" "-"
184.154.76.0 - - [07/Feb/2024:21:25:42 +0100] "GET /spicons/templates/defaultsite/es-ES/images/domain.svg HTTP/1.1" 200 2095 www.cronicadesevilla.com "-" "SiteLockSpider [en] (WinNT; I ;Nav)" "-"
184.154.76.0 - - [07/Feb/2024:21:25:43 +0100] "GET / HTTP/1.1" 200 336 cronicadesevilla.com "http://www.google.com/url?url=www.cronicadesevilla.com&yahoo.com" "Mozilla/5.0 (compatible; MSIE 9.0; Windows NT 6.1; WOW64; Trident/6.0)" "-"
85.208.96.0 - - [07/Feb/2024:21:26:07 +0100] "GET /robots.txt HTTP/1.1" 200 202 cronicareinodearagon.com "-" "Mozilla/5.0 (compatible; SemrushBot/7~bl; +http://www.semrush.com/bot.html)" "-"
82.165.88.0 - - [07/Feb/2024:21:26:08 +0100] "POST /wp-cron.php?doing_wp_cron=1707337568.0599849224090576171875 HTTP/1.1" 200 - cronicareinodearagon.com "-" "WordPress/6.2.2; https://cronicareinodearagon.com" "-"
185.191.171.0 - - [07/Feb/2024:21:26:09 +0100] "GET /category/opinion/page/2/ HTTP/1.1" 200 146457 cronicareinodearagon.com "-" "Mozilla/5.0 (compatible; SemrushBot/7~bl; +http://www.semrush.com/bot.html)" "-"
74.125.209.0 - - [07/Feb/2024:21:27:49 +0100] "GET /category/sociedad/feed/ HTTP/1.1" 200 16233 cronicareinodearagon.com "-" "FeedFetcher-Google; (+http://www.google.com/feedfetcher.html)" "-"
82.165.88.0 - - [07/Feb/2024:21:28:45 +0100] "POST /wp-cron.php?doing_wp_cron=1707337725.5326919555664062500000 HTTP/1.1" 200 - cronicareinodearagon.com "-" "WordPress/6.2.2; https://cronicareinodearagon.com" "-"
85.208.96.0 - - [07/Feb/2024:21:28:45 +0100] "GET /category/aragon/page/32/ HTTP/1.1" 200 146929 cronicareinodearagon.com "-" "Mozilla/5.0 (compatible; SemrushBot/7~bl; +http://www.semrush.com/bot.html)" "-"
82.165.88.0 - - [07/Feb/2024:21:30:50 +0100] "POST /wp-cron.php?doing_wp_cron=1707337850.8004319667816162109375 HTTP/1.1" 200 - cronicareinodearagon.com "-" "WordPress/6.2.2; https://cronicareinodearagon.com" "-"
54.36.148.0 - - [07/Feb/2024:21:30:50 +0100] "GET /politica/irene-garcia-no-seguira-psoe-cadiz/ HTTP/1.1" 200 168653 cronicareinodearagon.com "-" "Mozilla/5.0 (compatible; AhrefsBot/7.0; +http://ahrefs.com/robot/)" "-"
54.36.148.0 - - [07/Feb/2024:21:30:53 +0100] "GET /wp-content/uploads/2021/11/irene-garcia-psoe-cadiz.jpg HTTP/1.1" 200 95485 cronicareinodearagon.com "-" "Mozilla/5.0 (compatible; AhrefsBot/7.0; +http://ahrefs.com/robot/)" "-"
85.208.96.0 - - [07/Feb/2024:21:30:59 +0100] "GET /politica/alcalde-huelva-2022-proyectos-oportunidades/ HTTP/1.1" 200 168747 cronicareinodearagon.com "-" "Mozilla/5.0 (compatible; SemrushBot/7~bl; +http://www.semrush.com/bot.html)" "-"
85.208.96.0 - - [07/Feb/2024:21:34:02 +0100] "GET /aragon/psoe-aragon-falsedades-pp-violencia-machista/ HTTP/1.1" 200 160922 cronicareinodearagon.com "-" "Mozilla/5.0 (compatible; SemrushBot/7~bl; +http://www.semrush.com/bot.html)" "-"
82.165.88.0 - - [07/Feb/2024:21:34:03 +0100] "POST /wp-cron.php?doing_wp_cron=1707338043.2083120346069335937500 HTTP/1.1" 200 - cronicareinodearagon.com "-" "WordPress/6.2.2; https://cronicareinodearagon.com" "-"
82.165.88.0 - - [07/Feb/2024:21:34:56 +0100] "POST /wp-cron.php?doing_wp_cron=1707338096.3523149490356445312500 HTTP/1.1" 200 - cronicareinodearagon.com "-" "WordPress/6.2.2; https://cronicareinodearagon.com" "-"
85.208.96.0 - - [07/Feb/2024:21:34:56 +0100] "GET /aragon/socialistas-andaluces-exigen-moreno-bonilla-medidas/ HTTP/1.1" 200 172194 cronicareinodearagon.com "-" "Mozilla/5.0 (compatible; SemrushBot/7~bl; +http://www.semrush.com/bot.html)" "-"
74.125.209.0 - - [07/Feb/2024:21:35:19 +0100] "GET /category/educacion/feed/ HTTP/1.1" 200 16487 cronicareinodearagon.com "-" "FeedFetcher-Google; (+http://www.google.com/feedfetcher.html)" "-"
82.165.88.0 - - [07/Feb/2024:21:36:57 +0100] "POST /wp-cron.php?doing_wp_cron=1707338217.4681499004364013671875 HTTP/1.1" 200 - cronicareinodearagon.com "-" "WordPress/6.2.2; https://cronicareinodearagon.com" "-"
54.36.148.0 - - [07/Feb/2024:21:36:57 +0100] "GET /aragon/prorroga-pasaporte-covid-andalucia-31-enero/ HTTP/1.1" 200 168000 cronicareinodearagon.com "-" "Mozilla/5.0 (compatible; AhrefsBot/7.0; +http://ahrefs.com/robot/)" "-"
39.165.157.0 - - [07/Feb/2024:21:38:05 +0100] "GET / HTTP/1.1" 200 41729 cronicareinodearagon.com "-" "Mozilla/5.0 (X11; Linux x86_64; rv:48.0) Gecko/20100101 Firefox/48.0" "-"
39.165.157.0 - - [07/Feb/2024:21:38:06 +0100] "GET /wp-content/uploads/2022/10/CABECERA-CrAra_MOVIL.png HTTP/1.1" 200 3014 cronicareinodearagon.com "-" "Go-http-client/1.1" "-"
39.165.157.0 - - [07/Feb/2024:21:38:06 +0100] "GET /wp-content/plugins/elementor/assets/lib/swiper/css/swiper.min.css?ver=5.3.6 HTTP/1.1" 200 12876 cronicareinodearagon.com "-" "Go-http-client/1.1" "-"
39.165.157.0 - - [07/Feb/2024:21:38:07 +0100] "GET /wp-includes/js/comment-reply.min.js?ver=6.2.2 HTTP/1.1" 200 2981 cronicareinodearagon.com "-" "Go-http-client/1.1" "-"
39.165.157.0 - - [07/Feb/2024:21:38:07 +0100] "GET /wp-content/themes/jnews/assets/dist/frontend.min.js?ver=10.7.9 HTTP/1.1" 200 303914 cronicareinodearagon.com "-" "Go-http-client/1.1" "-"
39.165.157.0 - - [07/Feb/2024:21:38:08 +0100] "GET /america/el-templo-de-los-mercaderes/ HTTP/1.1" 200 179382 cronicareinodearagon.com "-" "Go-http-client/1.1" "-"
39.165.157.0 - - [07/Feb/2024:21:38:09 +0100] "GET /wp-includes/css/dist/block-library/style.min.css?ver=6.2.2 HTTP/1.1" 200 97517 cronicareinodearagon.com "-" "Go-http-client/1.1" "-"
39.165.157.0 - - [07/Feb/2024:21:38:10 +0100] "GET /wp-content/themes/jnews/data/import/newspaper/scheme.css?ver=10.7.9 HTTP/1.1" 200 5700 cronicareinodearagon.com "-" "Go-http-client/1.1" "-"
39.165.157.0 - - [07/Feb/2024:21:38:11 +0100] "GET /category/aragon/huesca/ HTTP/1.1" 200 147255 cronicareinodearagon.com "-" "Go-http-client/1.1" "-"
39.165.157.0 - - [07/Feb/2024:21:38:12 +0100] "GET /aragon/educacion-sexual-edades-tempranas-aragon/ HTTP/1.1" 200 161580 cronicareinodearagon.com "-" "Go-http-client/1.1" "-"
39.165.157.0 - - [07/Feb/2024:21:38:13 +0100] "GET /sociedad/planta-transferencia-residuos-quinto-ecoprovincia-zaragoza/ HTTP/1.1" 200 168365 cronicareinodearagon.com "-" "Go-http-client/1.1" "-"
39.165.157.0 - - [07/Feb/2024:21:38:13 +0100] "GET /wp-includes/js/jquery/jquery-migrate.min.js?ver=3.4.0 HTTP/1.1" 200 13424 cronicareinodearagon.com "-" "Go-http-client/1.1" "-"
39.165.157.0 - - [07/Feb/2024:21:38:13 +0100] "GET /category/economia/ HTTP/1.1" 200 146955 cronicareinodearagon.com "-" "Go-http-client/1.1" "-"
39.165.157.0 - - [07/Feb/2024:21:38:14 +0100] "GET /wp-content/uploads/2022/10/CABECERA-CrAra_MOVIL-1.png HTTP/1.1" 200 3014 cronicareinodearagon.com "-" "Go-http-client/1.1" "-"
39.165.157.0 - - [07/Feb/2024:21:38:14 +0100] "GET /wp-content/themes/jnews/assets/img/jeg-empty.png HTTP/1.1" 200 70 cronicareinodearagon.com "-" "Go-http-client/1.1" "-"
39.165.157.0 - - [07/Feb/2024:21:38:15 +0100] "GET /aviso-legal/ HTTP/1.1" 200 141212 cronicareinodearagon.com "-" "Go-http-client/1.1" "-"
39.165.157.0 - - [07/Feb/2024:21:38:15 +0100] "GET /wp-content/themes/jnews/style.css?ver=10.7.9 HTTP/1.1" 200 427 cronicareinodearagon.com "-" "Go-http-client/1.1" "-"
39.165.157.0 - - [07/Feb/2024:21:38:15 +0100] "GET /category/opinion/ HTTP/1.1" 200 145009 cronicareinodearagon.com "-" "Go-http-client/1.1" "-"
82.165.88.0 - - [07/Feb/2024:21:38:16 +0100] "POST /wp-cron.php?doing_wp_cron=1707338296.1864769458770751953125 HTTP/1.1" 200 - cronicareinodearagon.com "-" "WordPress/6.2.2; https://cronicareinodearagon.com" "-"
39.165.157.0 - - [07/Feb/2024:21:38:17 +0100] "GET /aragon/fima-digital-jornada-maquinaria-agricola/ HTTP/1.1" 200 161978 cronicareinodearagon.com "-" "Go-http-client/1.1" "-"
39.165.157.0 - - [07/Feb/2024:21:38:17 +0100] "GET /politica-de-cookies-ue/ HTTP/1.1" 200 156008 cronicareinodearagon.com "-" "Go-http-client/1.1" "-"
39.165.157.0 - - [07/Feb/2024:21:38:19 +0100] "GET /category/politica/ HTTP/1.1" 200 147363 cronicareinodearagon.com "-" "Go-http-client/1.1" "-"
39.165.157.0 - - [07/Feb/2024:21:38:20 +0100] "GET /category/aragon/ HTTP/1.1" 200 146726 cronicareinodearagon.com "-" "Go-http-client/1.1" "-"
39.165.157.0 - - [07/Feb/2024:21:38:21 +0100] "GET /opinion/la-miseria/ HTTP/1.1" 200 177011 cronicareinodearagon.com "-" "Go-http-client/1.1" "-"
39.165.157.0 - - [07/Feb/2024:21:38:21 +0100] "GET /aragon/aragon-vacunacion-neumococo-junio/ HTTP/1.1" 200 161497 cronicareinodearagon.com "-" "Go-http-client/1.1" "-"
39.165.157.0 - - [07/Feb/2024:21:38:23 +0100] "GET /wp-includes/js/hoverIntent.min.js?ver=1.10.2 HTTP/1.1" 200 1499 cronicareinodearagon.com "-" "Go-http-client/1.1" "-"
39.165.157.0 - - [07/Feb/2024:21:38:23 +0100] "GET /wp-content/plugins/elementor/assets/css/frontend-lite.min.css?ver=3.15.2 HTTP/1.1" 200 111754 cronicareinodearagon.com "-" "Go-http-client/1.1" "-"
39.165.157.0 - - [07/Feb/2024:21:38:23 +0100] "GET /wp-content/plugins/elementor/assets/lib/eicons/css/elementor-icons.min.css?ver=5.21.0 HTTP/1.1" 200 19488 cronicareinodearagon.com "-" "Go-http-client/1.1" "-"
39.165.157.0 - - [07/Feb/2024:21:38:24 +0100] "GET /category/aragon/zaragoza/ HTTP/1.1" 200 148386 cronicareinodearagon.com "-" "Go-http-client/1.1" "-"
39.165.157.0 - - [07/Feb/2024:21:38:24 +0100] "GET /wp-content/uploads/2023/05/resultados-autonomicas-aragon-750x375.jpg HTTP/1.1" 200 19010 cronicareinodearagon.com "-" "Go-http-client/1.1" "-"
39.165.157.0 - - [07/Feb/2024:21:38:24 +0100] "GET /aragon/astic-reconocimiento-carreras-grupo/ HTTP/1.1" 200 158291 cronicareinodearagon.com "-" "Go-http-client/1.1" "-"
39.165.157.0 - - [07/Feb/2024:21:38:25 +0100] "GET /aragon/segundo-avance-participacion-elecciones-aragon/ HTTP/1.1" 200 166337 cronicareinodearagon.com "-" "Go-http-client/1.1" "-"
39.165.157.0 - - [07/Feb/2024:21:38:26 +0100] "GET /wp-content/themes/jnews/assets/dist/frontend.min.css?ver=10.7.9 HTTP/1.1" 200 598038 cronicareinodearagon.com "-" "Go-http-client/1.1" "-"
39.165.157.0 - - [07/Feb/2024:21:38:26 +0100] "GET /aragon/el-biogas-como-aliado-en-la-descarbonizacion-tematica-de-jornada-de-itainnova-circe-y-clenar/ HTTP/1.1" 200 165324 cronicareinodearagon.com "-" "Go-http-client/1.1" "-"
39.165.157.0 - - [07/Feb/2024:21:38:27 +0100] "GET /aragon/nuevo-programa-de-aceleracion-gratuito-para-empresas-innovadoras/ HTTP/1.1" 200 164759 cronicareinodearagon.com "-" "Go-http-client/1.1" "-"
39.165.157.0 - - [07/Feb/2024:21:38:28 +0100] "GET /wp-content/plugins/metronet-profile-picture/js/mpp-frontend.js?ver=2.6.0 HTTP/1.1" 200 331 cronicareinodearagon.com "-" "Go-http-client/1.1" "-"
39.165.157.0 - - [07/Feb/2024:21:38:29 +0100] "GET /wp-content/plugins/elementor/assets/lib/waypoints/waypoints.min.js?ver=4.0.2 HTTP/1.1" 200 12198 cronicareinodearagon.com "-" "Go-http-client/1.1" "-"
39.165.157.0 - - [07/Feb/2024:21:38:29 +0100] "GET /category/aragon/teruel/ HTTP/1.1" 200 147531 cronicareinodearagon.com "-" "Go-http-client/1.1" "-"
39.165.157.0 - - [07/Feb/2024:21:38:29 +0100] "GET /author/redaccion/ HTTP/1.1" 301 - cronicareinodearagon.com "-" "Go-http-client/1.1" "-"
39.165.157.0 - - [07/Feb/2024:21:38:30 +0100] "GET / HTTP/1.1" 200 258048 cronicareinodearagon.com "https://cronicareinodearagon.com/author/redaccion/" "Go-http-client/1.1" "-"
39.165.157.0 - - [07/Feb/2024:21:38:30 +0100] "GET /america/lula-da-silva-apoyo-vinicius-ataques-racistas/ HTTP/1.1" 200 162437 cronicareinodearagon.com "-" "Go-http-client/1.1" "-"
39.165.157.0 - - [07/Feb/2024:21:38:31 +0100] "GET /wp-content/plugins/elementor/assets/js/frontend-modules.min.js?ver=3.15.2 HTTP/1.1" 200 56154 cronicareinodearagon.com "-" "Go-http-client/1.1" "-"
39.165.157.0 - - [07/Feb/2024:21:38:32 +0100] "GET /wp-content/plugins/elementor/assets/js/frontend.min.js?ver=3.15.2 HTTP/1.1" 200 40746 cronicareinodearagon.com "-" "Go-http-client/1.1" "-"
39.165.157.0 - - [07/Feb/2024:21:38:33 +0100] "GET /wp-includes/css/classic-themes.min.css?ver=6.2.2 HTTP/1.1" 200 291 cronicareinodearagon.com "-" "Go-http-client/1.1" "-"
39.165.157.0 - - [07/Feb/2024:21:38:33 +0100] "GET /category/educacion/ HTTP/1.1" 200 146946 cronicareinodearagon.com "-" "Go-http-client/1.1" "-"
39.165.157.0 - - [07/Feb/2024:21:38:34 +0100] "GET /wp-includes/js/jquery/ui/core.min.js?ver=1.13.2 HTTP/1.1" 200 21438 cronicareinodearagon.com "-" "Go-http-client/1.1" "-"
39.165.157.0 - - [07/Feb/2024:21:38:34 +0100] "GET /wp-includes/js/jquery/jquery.min.js?ver=3.6.4 HTTP/1.1" 200 89815 cronicareinodearagon.com "-" "Go-http-client/1.1" "-"
39.165.157.0 - - [07/Feb/2024:21:38:35 +0100] "GET /category/america/ HTTP/1.1" 200 138278 cronicareinodearagon.com "-" "Go-http-client/1.1" "-"
39.165.157.0 - - [07/Feb/2024:21:38:35 +0100] "GET /educacion/practicas-estudiantes-internacionales-medio-rural/ HTTP/1.1" 200 163086 cronicareinodearagon.com "-" "Go-http-client/1.1" "-"
39.165.157.0 - - [07/Feb/2024:21:38:36 +0100] "GET /wp-content/plugins/complianz-gdpr/cookiebanner/js/complianz.min.js?ver=6.4.4 HTTP/1.1" 200 40180 cronicareinodearagon.com "-" "Go-http-client/1.1" "-"
39.165.157.0 - - [07/Feb/2024:21:38:36 +0100] "GET /wp-content/themes/jnews/assets/css/elementor-frontend.css?ver=10.7.9 HTTP/1.1" 200 681 cronicareinodearagon.com "-" "Go-http-client/1.1" "-"
39.165.157.0 - - [07/Feb/2024:21:38:36 +0100] "GET /wp-content/uploads/2022/10/CABECERA-CrAra_Escritorio.png HTTP/1.1" 200 4995 cronicareinodearagon.com "-" "Go-http-client/1.1" "-"
39.165.157.0 - - [07/Feb/2024:21:38:36 +0100] "GET /wp-content/plugins/complianz-gdpr/assets/css/cookieblocker.min.css?ver=6.4.4 HTTP/1.1" 200 2741 cronicareinodearagon.com "-" "Go-http-client/1.1" "-"
39.165.157.0 - - [07/Feb/2024:21:38:38 +0100] "GET /aragon/guitarte-teruel-existe-cierre-campana/ HTTP/1.1" 200 177242 cronicareinodearagon.com "-" "Go-http-client/1.1" "-"
39.165.157.0 - - [07/Feb/2024:21:38:38 +0100] "GET /wp-includes/js/imagesloaded.min.js?ver=4.1.4 HTTP/1.1" 200 5629 cronicareinodearagon.com "-" "Go-http-client/1.1" "-"
39.165.157.0 - - [07/Feb/2024:21:38:38 +0100] "GET /wp-content/plugins/elementor/assets/js/webpack.runtime.min.js?ver=3.15.2 HTTP/1.1" 200 4958 cronicareinodearagon.com "-" "Go-http-client/1.1" "-"
39.165.157.0 - - [07/Feb/2024:21:38:39 +0100] "GET /wp-content/plugins/metronet-profile-picture/dist/blocks.style.build.css?ver=2.6.0 HTTP/1.1" 200 27760 cronicareinodearagon.com "-" "Go-http-client/1.1" "-"
39.165.157.0 - - [07/Feb/2024:21:38:39 +0100] "GET /wp-content/themes/jnews/assets/css/darkmode.css?ver=10.7.9 HTTP/1.1" 200 46766 cronicareinodearagon.com "-" "Go-http-client/1.1" "-"
39.165.157.0 - - [07/Feb/2024:21:38:39 +0100] "GET / HTTP/1.1" 200 258048 cronicareinodearagon.com "-" "Go-http-client/1.1" "-"
39.165.157.0 - - [07/Feb/2024:21:38:40 +0100] "GET /category/sociedad/ HTTP/1.1" 200 147043 cronicareinodearagon.com "-" "Go-http-client/1.1" "-"
39.165.157.0 - - [07/Feb/2024:21:38:40 +0100] "GET /aragon/avance-participacion-elecciones-aragon/ HTTP/1.1" 200 166711 cronicareinodearagon.com "-" "Go-http-client/1.1" "-"
39.165.157.0 - - [07/Feb/2024:21:38:42 +0100] "GET /aragon/resultados-elecciones-autonomicas-municipales-aragon/ HTTP/1.1" 200 169052 cronicareinodearagon.com "-" "Go-http-client/1.1" "-"
82.165.88.0 - - [07/Feb/2024:21:38:43 +0100] "POST /wp-cron.php?doing_wp_cron=1707338323.1341590881347656250000 HTTP/1.1" 200 - cronicareinodearagon.com "-" "WordPress/6.2.2; https://cronicareinodearagon.com" "-"
39.165.157.0 - - [07/Feb/2024:21:38:45 +0100] "GET /aragon/el-gobierno-de-aragon-impulsa-nueve-proyectos-empresariales-de-id-en-sector-farmaceutico-y-movilidad-sostenible/ HTTP/1.1" 200 168226 cronicareinodearagon.com "-" "Go-http-client/1.1" "-"
39.165.157.0 - - [07/Feb/2024:21:38:47 +0100] "GET /wp-content/themes/jnews/assets/dist/frontend.min.css?ver=10.7.9 HTTP/1.1" 200 598038 cronicareinodearagon.com "-" "Go-http-client/1.1" "-"
39.165.157.0 - - [07/Feb/2024:21:38:48 +0100] "GET /wp-content/themes/jnews/assets/dist/frontend.min.css?ver=10.7.9 HTTP/1.1" 200 598038 cronicareinodearagon.com "-" "Go-http-client/1.1" "-"
39.165.157.0 - - [07/Feb/2024:21:38:49 +0100] "GET /wp-content/themes/jnews/assets/dist/frontend.min.css?ver=10.7.9 HTTP/1.1" 200 598038 cronicareinodearagon.com "-" "Go-http-client/1.1" "-"
39.165.157.0 - - [07/Feb/2024:21:38:49 +0100] "GET /wp-content/themes/jnews/assets/dist/frontend.min.css?ver=10.7.9 HTTP/1.1" 200 598038 cronicareinodearagon.com "-" "Go-http-client/1.1" "-"
39.165.157.0 - - [07/Feb/2024:21:38:50 +0100] "GET /wp-content/themes/jnews/assets/dist/frontend.min.css?ver=10.7.9 HTTP/1.1" 200 598038 cronicareinodearagon.com "-" "Go-http-client/1.1" "-"
39.165.157.0 - - [07/Feb/2024:21:38:51 +0100] "GET /wp-content/themes/jnews/assets/dist/frontend.min.css?ver=10.7.9 HTTP/1.1" 200 598038 cronicareinodearagon.com "-" "Go-http-client/1.1" "-"
39.165.157.0 - - [07/Feb/2024:21:38:52 +0100] "GET /wp-content/themes/jnews/assets/dist/frontend.min.css?ver=10.7.9 HTTP/1.1" 200 598038 cronicareinodearagon.com "-" "Go-http-client/1.1" "-"
39.165.157.0 - - [07/Feb/2024:21:38:52 +0100] "GET /wp-content/themes/jnews/assets/dist/frontend.min.css?ver=10.7.9 HTTP/1.1" 200 598038 cronicareinodearagon.com "-" "Go-http-client/1.1" "-"
39.165.157.0 - - [07/Feb/2024:21:38:53 +0100] "GET /wp-content/themes/jnews/assets/dist/frontend.min.css?ver=10.7.9 HTTP/1.1" 200 598038 cronicareinodearagon.com "-" "Go-http-client/1.1" "-"
39.165.157.0 - - [07/Feb/2024:21:38:53 +0100] "GET /wp-content/themes/jnews/assets/dist/frontend.min.css?ver=10.7.9 HTTP/1.1" 200 598038 cronicareinodearagon.com "-" "Go-http-client/1.1" "-"
39.165.157.0 - - [07/Feb/2024:21:38:54 +0100] "GET /wp-content/themes/jnews/assets/dist/frontend.min.css?ver=10.7.9 HTTP/1.1" 200 598038 cronicareinodearagon.com "-" "Go-http-client/1.1" "-"
39.165.157.0 - - [07/Feb/2024:21:38:55 +0100] "GET /wp-content/themes/jnews/assets/dist/frontend.min.css?ver=10.7.9 HTTP/1.1" 200 598038 cronicareinodearagon.com "-" "Go-http-client/1.1" "-"
39.165.157.0 - - [07/Feb/2024:21:38:56 +0100] "GET /wp-content/themes/jnews/assets/dist/frontend.min.css?ver=10.7.9 HTTP/1.1" 200 598038 cronicareinodearagon.com "-" "Go-http-client/1.1" "-"
39.165.157.0 - - [07/Feb/2024:21:38:57 +0100] "GET /wp-content/themes/jnews/assets/dist/frontend.min.css?ver=10.7.9 HTTP/1.1" 200 598038 cronicareinodearagon.com "-" "Go-http-client/1.1" "-"
39.165.157.0 - - [07/Feb/2024:21:38:58 +0100] "GET /wp-content/themes/jnews/assets/dist/frontend.min.css?ver=10.7.9 HTTP/1.1" 200 598038 cronicareinodearagon.com "-" "Go-http-client/1.1" "-"
39.165.157.0 - - [07/Feb/2024:21:38:59 +0100] "GET /wp-content/themes/jnews/assets/dist/frontend.min.css?ver=10.7.9 HTTP/1.1" 200 598038 cronicareinodearagon.com "-" "Go-http-client/1.1" "-"
39.165.157.0 - - [07/Feb/2024:21:39:00 +0100] "GET /wp-content/themes/jnews/assets/dist/frontend.min.css?ver=10.7.9 HTTP/1.1" 200 598038 cronicareinodearagon.com "-" "Go-http-client/1.1" "-"
39.165.157.0 - - [07/Feb/2024:21:39:01 +0100] "GET /wp-content/themes/jnews/assets/dist/frontend.min.css?ver=10.7.9 HTTP/1.1" 200 598038 cronicareinodearagon.com "-" "Go-http-client/1.1" "-"
82.165.88.0 - - [07/Feb/2024:21:40:01 +0100] "POST /wp-cron.php?doing_wp_cron=1707338401.6423020362854003906250 HTTP/1.1" 200 - cronicareinodearagon.com "-" "WordPress/6.2.2; https://cronicareinodearagon.com" "-"
185.191.171.0 - - [07/Feb/2024:21:40:01 +0100] "GET /aragon/andalucia-aumento-cifras-paro-febrero/ HTTP/1.1" 200 34943 cronicareinodearagon.com "-" "Mozilla/5.0 (compatible; SemrushBot/7~bl; +http://www.semrush.com/bot.html)" "-"
185.191.171.0 - - [07/Feb/2024:21:40:10 +0100] "GET /category/sociedad/page/7/ HTTP/1.1" 200 146883 cronicareinodearagon.com "-" "Mozilla/5.0 (compatible; SemrushBot/7~bl; +http://www.semrush.com/bot.html)" "-"
185.197.74.0 - - [07/Feb/2024:21:41:33 +0100] "GET / HTTP/1.1" 301 241 cronicareinodearagon.com "http://cronicareinodearagon.com/" "Mozilla/5.0 (Windows NT 10.0; Win64; x64) AppleWebKit/537.36 (KHTML, like Gecko) Chrome/120.0.0.0 Safari/537.36" "-"
185.197.74.0 - - [07/Feb/2024:21:41:33 +0100] "GET / HTTP/1.1" 200 258048 cronicareinodearagon.com "https://cronicareinodearagon.com/" "Mozilla/5.0 (Windows NT 10.0; Win64; x64) AppleWebKit/537.36 (KHTML, like Gecko) Chrome/120.0.0.0 Safari/537.36" "-"
185.197.74.0 - - [07/Feb/2024:21:41:34 +0100] "GET /aragon/resultados-elecciones-autonomicas-municipales-aragon/ HTTP/1.1" 200 169152 cronicareinodearagon.com "https://cronicareinodearagon.com/aragon/resultados-elecciones-autonomicas-municipales-aragon/" "Mozilla/5.0 (Windows NT 10.0; Win64; x64) AppleWebKit/537.36 (KHTML, like Gecko) Chrome/120.0.0.0 Safari/537.36" "-"
82.165.88.0 - - [07/Feb/2024:21:41:34 +0100] "POST /wp-cron.php?doing_wp_cron=1707338494.8168289661407470703125 HTTP/1.1" 200 - cronicareinodearagon.com "-" "WordPress/6.2.2; https://cronicareinodearagon.com" "-"
185.197.74.0 - - [07/Feb/2024:21:41:34 +0100] "POST /wp-comments-post.php HTTP/1.1" 302 - cronicareinodearagon.com "https://cronicareinodearagon.com/aragon/resultados-elecciones-autonomicas-municipales-aragon/" "Mozilla/5.0 (Windows NT 10.0; Win64; x64) AppleWebKit/537.36 (KHTML, like Gecko) Chrome/120.0.0.0 Safari/537.36" "-"
185.197.74.0 - - [07/Feb/2024:21:41:35 +0100] "GET /aragon/resultados-elecciones-autonomicas-municipales-aragon/ HTTP/1.1" 200 169052 cronicareinodearagon.com "https://cronicareinodearagon.com/aragon/resultados-elecciones-autonomicas-municipales-aragon/#comment-2887" "Mozilla/5.0 (Windows NT 10.0; Win64; x64) AppleWebKit/537.36 (KHTML, like Gecko) Chrome/120.0.0.0 Safari/537.36" "-"
82.165.88.0 - - [07/Feb/2024:21:42:56 +0100] "POST /wp-cron.php?doing_wp_cron=1707338576.4045369625091552734375 HTTP/1.1" 200 - cronicareinodearagon.com "-" "WordPress/6.2.2; https://cronicareinodearagon.com" "-"
54.36.148.0 - - [07/Feb/2024:21:42:56 +0100] "GET /sociedad/mueren-tres-personas-puebla-guzman/ HTTP/1.1" 200 164661 cronicareinodearagon.com "-" "Mozilla/5.0 (compatible; AhrefsBot/7.0; +http://ahrefs.com/robot/)" "-"
82.165.88.0 - - [07/Feb/2024:21:44:58 +0100] "POST /wp-cron.php?doing_wp_cron=1707338698.4737861156463623046875 HTTP/1.1" 200 - cronicareinodearagon.com "-" "WordPress/6.2.2; https://cronicareinodearagon.com" "-"
185.191.171.0 - - [07/Feb/2024:21:44:58 +0100] "GET /category/sociedad/page/28/ HTTP/1.1" 200 147920 cronicareinodearagon.com "-" "Mozilla/5.0 (compatible; SemrushBot/7~bl; +http://www.semrush.com/bot.html)" "-"
82.165.88.0 - - [07/Feb/2024:21:45:58 +0100] "POST /wp-cron.php?doing_wp_cron=1707338758.7874159812927246093750 HTTP/1.1" 200 - cronicareinodearagon.com "-" "WordPress/6.2.2; https://cronicareinodearagon.com" "-"
185.191.171.0 - - [07/Feb/2024:21:45:58 +0100] "GET /aragon/ciudadanos-desintegrar-sistema-universitario-andaluz/ HTTP/1.1" 200 165655 cronicareinodearagon.com "-" "Mozilla/5.0 (compatible; SemrushBot/7~bl; +http://www.semrush.com/bot.html)" "-"
82.165.88.0 - - [07/Feb/2024:21:48:36 +0100] "POST /wp-cron.php?doing_wp_cron=1707338916.6847150325775146484375 HTTP/1.1" 200 - cronicareinodearagon.com "-" "WordPress/6.2.2; https://cronicareinodearagon.com" "-"
54.36.149.0 - - [07/Feb/2024:21:48:36 +0100] "GET /aragon/junta-andalucia-no-ampliara-distancia-colegios-salones-juego/ HTTP/1.1" 200 168409 cronicareinodearagon.com "-" "Mozilla/5.0 (compatible; AhrefsBot/7.0; +http://ahrefs.com/robot/)" "-"
54.36.148.0 - - [07/Feb/2024:21:48:38 +0100] "GET /wp-content/uploads/2022/01/salon-de-juego.jpg HTTP/1.1" 200 87204 cronicareinodearagon.com "-" "Mozilla/5.0 (compatible; AhrefsBot/7.0; +http://ahrefs.com/robot/)" "-"
185.191.171.0 - - [07/Feb/2024:21:49:04 +0100] "GET /sociedad/donacion-hospital-montilla/ HTTP/1.1" 200 170658 cronicareinodearagon.com "-" "Mozilla/5.0 (compatible; SemrushBot/7~bl; +http://www.semrush.com/bot.html)" "-"
82.165.88.0 - - [07/Feb/2024:21:49:05 +0100] "POST /wp-cron.php?doing_wp_cron=1707338945.2119729518890380859375 HTTP/1.1" 200 - cronicareinodearagon.com "-" "WordPress/6.2.2; https://cronicareinodearagon.com" "-"
85.208.96.0 - - [07/Feb/2024:21:49:27 +0100] "GET /aragon/juanma-moreno-junta-andalucia-no-ejecuta-ayuda-renta-minima-alerta-psoe/ HTTP/1.1" 200 162951 cronicareinodearagon.com "-" "Mozilla/5.0 (compatible; SemrushBot/7~bl; +http://www.semrush.com/bot.html)" "-"
82.165.88.0 - - [07/Feb/2024:21:53:33 +0100] "POST /wp-cron.php?doing_wp_cron=1707339213.8173189163208007812500 HTTP/1.1" 200 - cronicareinodearagon.com "-" "WordPress/6.2.2; https://cronicareinodearagon.com" "-"
54.36.149.0 - - [07/Feb/2024:21:53:33 +0100] "GET /politica/baltasar-garzon-comite-derechos-humanos-onu/ HTTP/1.1" 200 162640 cronicareinodearagon.com "-" "Mozilla/5.0 (compatible; AhrefsBot/7.0; +http://ahrefs.com/robot/)" "-"
54.36.148.0 - - [07/Feb/2024:21:53:35 +0100] "GET /wp-content/uploads/2021/09/J2XNWJZ5WVEZJH3FXS4YWSZY7I.jpeg HTTP/1.1" 200 46083 cronicareinodearagon.com "-" "Mozilla/5.0 (compatible; AhrefsBot/7.0; +http://ahrefs.com/robot/)" "-"
74.125.209.0 - - [07/Feb/2024:21:53:39 +0100] "GET /category/educacion/feed/ HTTP/1.1" 200 16487 cronicareinodearagon.com "-" "FeedFetcher-Google; (+http://www.google.com/feedfetcher.html)" "-"
74.125.212.0 - - [07/Feb/2024:21:55:29 +0100] "GET /category/economia/feed/ HTTP/1.1" 200 12913 cronicareinodearagon.com "-" "FeedFetcher-Google; (+http://www.google.com/feedfetcher.html)" "-"
82.165.88.0 - - [07/Feb/2024:21:56:12 +0100] "POST /wp-cron.php?doing_wp_cron=1707339372.3652460575103759765625 HTTP/1.1" 200 - cronicareinodearagon.com "-" "WordPress/6.2.2; https://cronicareinodearagon.com" "-"
185.191.171.0 - - [07/Feb/2024:21:56:12 +0100] "GET /sociedad/exposicion-documentos-miguel-cervantes/ HTTP/1.1" 200 169280 cronicareinodearagon.com "-" "Mozilla/5.0 (compatible; SemrushBot/7~bl; +http://www.semrush.com/bot.html)" "-"
45.80.158.0 - - [07/Feb/2024:21:56:50 +0100] "POST /xmlrpc.php HTTP/1.1" 200 416 cronicareinodearagon.com "-" "Mozilla/5.0 (Windows NT 5.1; Win64; x64) AppleWebKit/537.36 (KHTML, like Gecko) Chrome/60.0.3112.90 Safari/537.36" "-"
82.165.88.0 - - [07/Feb/2024:21:56:51 +0100] "POST /wp-cron.php?doing_wp_cron=1707339411.2879629135131835937500 HTTP/1.1" 200 - cronicareinodearagon.com "-" "WordPress/6.2.2; https://cronicareinodearagon.com" "-"
45.80.158.0 - - [07/Feb/2024:21:56:52 +0100] "POST /xmlrpc.php HTTP/1.1" 200 416 cronicareinodearagon.com "-" "Mozilla/5.0 (Windows NT 5.1; Win64; x64) AppleWebKit/537.36 (KHTML, like Gecko) Chrome/60.0.3112.90 Safari/537.36" "-"
45.80.158.0 - - [07/Feb/2024:21:56:53 +0100] "POST /xmlrpc.php HTTP/1.1" 403 775 cronicareinodearagon.com "-" "Mozilla/5.0 (Windows NT 5.1; Win64; x64) AppleWebKit/537.36 (KHTML, like Gecko) Chrome/60.0.3112.90 Safari/537.36" "-"
45.80.158.0 - - [07/Feb/2024:21:56:54 +0100] "POST /xmlrpc.php HTTP/1.1" 403 775 cronicareinodearagon.com "-" "Mozilla/5.0 (Windows NT 5.1; Win64; x64) AppleWebKit/537.36 (KHTML, like Gecko) Chrome/60.0.3112.90 Safari/537.36" "-"
45.80.158.0 - - [07/Feb/2024:21:56:55 +0100] "POST /xmlrpc.php HTTP/1.1" 403 775 cronicareinodearagon.com "-" "Mozilla/5.0 (Windows NT 5.1; Win64; x64) AppleWebKit/537.36 (KHTML, like Gecko) Chrome/60.0.3112.90 Safari/537.36" "-"
82.165.88.0 - - [07/Feb/2024:21:57:43 +0100] "POST /wp-cron.php?doing_wp_cron=1707339463.7153809070587158203125 HTTP/1.1" 200 - cronicareinodearagon.com "-" "WordPress/6.2.2; https://cronicareinodearagon.com" "-"
54.36.149.0 - - [07/Feb/2024:21:57:43 +0100] "GET /politica/lamban-psoe-aragon/ HTTP/1.1" 200 160297 cronicareinodearagon.com "-" "Mozilla/5.0 (compatible; AhrefsBot/7.0; +http://ahrefs.com/robot/)" "-"
54.36.148.0 - - [07/Feb/2024:21:57:45 +0100] "GET /wp-content/uploads/2021/09/lamban-optara-a-la-reeleccion-como-secretario-general-del-psoe-aragon-lamban-psoe.jpeg HTTP/1.1" 200 60344 cronicareinodearagon.com "-" "Mozilla/5.0 (compatible; AhrefsBot/7.0; +http://ahrefs.com/robot/)" "-"
82.165.88.0 - - [07/Feb/2024:22:02:49 +0100] "POST /wp-cron.php?doing_wp_cron=1707339769.7123661041259765625000 HTTP/1.1" 200 - cronicareinodearagon.com "-" "WordPress/6.2.2; https://cronicareinodearagon.com" "-"
54.36.148.0 - - [07/Feb/2024:22:02:49 +0100] "GET /category/aragon/page/6/ HTTP/1.1" 200 147546 cronicareinodearagon.com "-" "Mozilla/5.0 (compatible; AhrefsBot/7.0; +http://ahrefs.com/robot/)" "-"
74.125.209.0 - - [07/Feb/2024:22:07:21 +0100] "GET /category/sociedad/feed/ HTTP/1.1" 200 16233 cronicareinodearagon.com "-" "FeedFetcher-Google; (+http://www.google.com/feedfetcher.html)" "-"
82.165.88.0 - - [07/Feb/2024:22:08:51 +0100] "POST /wp-cron.php?doing_wp_cron=1707340131.5274589061737060546875 HTTP/1.1" 200 - cronicareinodearagon.com "-" "WordPress/6.2.2; https://cronicareinodearagon.com" "-"
54.36.148.0 - - [07/Feb/2024:22:08:51 +0100] "GET /economia/banco-espana-inflacion-economia-andalucia/ HTTP/1.1" 200 165565 cronicareinodearagon.com "-" "Mozilla/5.0 (compatible; AhrefsBot/7.0; +http://ahrefs.com/robot/)" "-"
85.208.96.0 - - [07/Feb/2024:22:14:40 +0100] "GET /category/sociedad/page/38/ HTTP/1.1" 200 146995 cronicareinodearagon.com "-" "Mozilla/5.0 (compatible; SemrushBot/7~bl; +http://www.semrush.com/bot.html)" "-"
82.165.88.0 - - [07/Feb/2024:22:14:41 +0100] "POST /wp-cron.php?doing_wp_cron=1707340481.2393529415130615234375 HTTP/1.1" 200 - cronicareinodearagon.com "-" "WordPress/6.2.2; https://cronicareinodearagon.com" "-"
82.165.88.0 - - [07/Feb/2024:22:14:50 +0100] "POST /wp-cron.php?doing_wp_cron=1707340490.4554760456085205078125 HTTP/1.1" 200 - cronicareinodearagon.com "-" "WordPress/6.2.2; https://cronicareinodearagon.com" "-"
54.36.149.0 - - [07/Feb/2024:22:14:50 +0100] "GET /aragon/estudio-bono-transporte-movilidad-sevilla-facua/ HTTP/1.1" 200 166950 cronicareinodearagon.com "-" "Mozilla/5.0 (compatible; AhrefsBot/7.0; +http://ahrefs.com/robot/)" "-"
85.208.96.0 - - [07/Feb/2024:22:21:25 +0100] "GET /category/sociedad/page/2/ HTTP/1.1" 200 147965 cronicareinodearagon.com "-" "Mozilla/5.0 (compatible; SemrushBot/7~bl; +http://www.semrush.com/bot.html)" "-"
82.165.88.0 - - [07/Feb/2024:22:21:26 +0100] "POST /wp-cron.php?doing_wp_cron=1707340885.9941089153289794921875 HTTP/1.1" 200 - cronicareinodearagon.com "-" "WordPress/6.2.2; https://cronicareinodearagon.com" "-"
54.36.149.0 - - [07/Feb/2024:22:21:30 +0100] "GET /politica/votaciones-municipales-cantabria/ HTTP/1.1" 200 156805 cronicareinodearagon.com "-" "Mozilla/5.0 (compatible; AhrefsBot/7.0; +http://ahrefs.com/robot/)" "-"
54.36.148.0 - - [07/Feb/2024:22:21:32 +0100] "GET /wp-content/uploads/2021/08/ayuntamiento-santander.jpeg HTTP/1.1" 200 167896 cronicareinodearagon.com "-" "Mozilla/5.0 (compatible; AhrefsBot/7.0; +http://ahrefs.com/robot/)" "-"
40.77.167.0 - - [07/Feb/2024:22:22:29 +0100] "GET /robots.txt HTTP/1.1" 200 202 cronicareinodearagon.com "-" "Mozilla/5.0 AppleWebKit/537.36 (KHTML, like Gecko; compatible; bingbot/2.0; +http://www.bing.com/bingbot.htm) Chrome/116.0.1938.76 Safari/537.36" "-"
82.165.88.0 - - [07/Feb/2024:22:22:30 +0100] "POST /wp-cron.php?doing_wp_cron=1707340950.0858390331268310546875 HTTP/1.1" 200 - cronicareinodearagon.com "-" "WordPress/6.2.2; https://cronicareinodearagon.com" "-"
82.165.88.0 - - [07/Feb/2024:22:22:42 +0100] "POST /wp-cron.php?doing_wp_cron=1707340962.8813021183013916015625 HTTP/1.1" 200 - cronicareinodearagon.com "-" "WordPress/6.2.2; https://cronicareinodearagon.com" "-"
