54.36.149.0 - - [07/Feb/2024:05:41:46 +0100] "GET /aragon/esperanza-gomez-candidata-mas-pais-andalucia/ HTTP/1.1" 200 163822 cronicareinodearagon.com "-" "Mozilla/5.0 (compatible; AhrefsBot/7.0; +http://ahrefs.com/robot/)" "-"
54.36.149.0 - - [07/Feb/2024:05:41:49 +0100] "GET /wp-content/uploads/2021/11/esperanza-gomez-mas-pais.jpg HTTP/1.1" 200 56533 cronicareinodearagon.com "-" "Mozilla/5.0 (compatible; AhrefsBot/7.0; +http://ahrefs.com/robot/)" "-"
173.249.52.0 - - [07/Feb/2024:05:44:36 +0100] "GET /wp-includes/js/jquery/jquery.js HTTP/1.1" 301 272 cronicareinodearagon.com "www.google.com" "Mozlila/5.0 (Linux; Android 7.0; SM-G892A Bulid/NRD90M; wv) AppleWebKit/537.36 (KHTML, like Gecko) Version/4.0 Chrome/60.0.3112.107 Moblie Safari/537.36" "-"
173.249.52.0 - - [07/Feb/2024:05:44:45 +0100] "GET /wp-includes/js/jquery/jquery.js HTTP/1.1" 200 105394 cronicareinodearagon.com "www.google.com" "Mozlila/5.0 (Linux; Android 7.0; SM-G892A Bulid/NRD90M; wv) AppleWebKit/537.36 (KHTML, like Gecko) Version/4.0 Chrome/60.0.3112.107 Moblie Safari/537.36" "-"
91.205.168.0 - - [07/Feb/2024:05:46:06 +0100] "GET / HTTP/1.1" 301 241 cronicareinodearagon.com "http://cronicareinodearagon.com/" "Mozilla/5.0 (Windows NT 6.3; Win64; x64) AppleWebKit/537.36 (KHTML, like Gecko) Chrome/113.0.0.0 Safari/537.36" "-"
91.205.168.0 - - [07/Feb/2024:05:46:11 +0100] "GET / HTTP/1.1" 200 319420 cronicareinodearagon.com "https://cronicareinodearagon.com/" "Mozilla/5.0 (Windows NT 6.3; Win64; x64) AppleWebKit/537.36 (KHTML, like Gecko) Chrome/113.0.0.0 Safari/537.36" "-"
91.205.168.0 - - [07/Feb/2024:05:46:14 +0100] "GET /aragon/resultados-elecciones-autonomicas-municipales-aragon/ HTTP/1.1" 200 169151 cronicareinodearagon.com "https://cronicareinodearagon.com/aragon/resultados-elecciones-autonomicas-municipales-aragon/" "Mozilla/5.0 (Windows NT 6.3; Win64; x64) AppleWebKit/537.36 (KHTML, like Gecko) Chrome/113.0.0.0 Safari/537.36" "-"
82.165.88.0 - - [07/Feb/2024:05:46:21 +0100] "POST /wp-cron.php?doing_wp_cron=1707281181.5729320049285888671875 HTTP/1.1" 200 - cronicareinodearagon.com "-" "WordPress/6.2.2; https://cronicareinodearagon.com" "-"
91.205.168.0 - - [07/Feb/2024:05:46:21 +0100] "POST /wp-comments-post.php HTTP/1.1" 302 - cronicareinodearagon.com "https://cronicareinodearagon.com/aragon/resultados-elecciones-autonomicas-municipales-aragon/" "Mozilla/5.0 (Windows NT 6.3; Win64; x64) AppleWebKit/537.36 (KHTML, like Gecko) Chrome/113.0.0.0 Safari/537.36" "-"
91.205.168.0 - - [07/Feb/2024:05:46:23 +0100] "GET /aragon/resultados-elecciones-autonomicas-municipales-aragon/ HTTP/1.1" 200 169052 cronicareinodearagon.com "https://cronicareinodearagon.com/aragon/resultados-elecciones-autonomicas-municipales-aragon/#comment-2883" "Mozilla/5.0 (Windows NT 6.3; Win64; x64) AppleWebKit/537.36 (KHTML, like Gecko) Chrome/113.0.0.0 Safari/537.36" "-"
17.241.75.0 - - [07/Feb/2024:05:53:32 +0100] "GET /aragon/espadas-alerta-abuso-poder-pp/ HTTP/1.1" 200 162224 cronicareinodearagon.com "-" "Mozilla/5.0 (Macintosh; Intel Mac OS X 10_15_5) AppleWebKit/605.1.15 (KHTML, like Gecko) Version/13.1.1 Safari/605.1.15 (Applebot/0.1; +http://www.apple.com/go/applebot)" "-"
82.165.88.0 - - [07/Feb/2024:05:53:33 +0100] "POST /wp-cron.php?doing_wp_cron=1707281613.1550240516662597656250 HTTP/1.1" 200 - cronicareinodearagon.com "-" "WordPress/6.2.2; https://cronicareinodearagon.com" "-"
82.165.88.0 - - [07/Feb/2024:05:59:38 +0100] "POST /wp-cron.php?doing_wp_cron=1707281978.6226770877838134765625 HTTP/1.1" 200 - cronicareinodearagon.com "-" "WordPress/6.2.2; https://cronicareinodearagon.com" "-"
54.36.148.0 - - [07/Feb/2024:05:59:38 +0100] "GET /economia/ugt-pide-responsabilidad-social-empresarios/ HTTP/1.1" 200 168035 cronicareinodearagon.com "-" "Mozilla/5.0 (compatible; AhrefsBot/7.0; +http://ahrefs.com/robot/)" "-"
54.36.148.0 - - [07/Feb/2024:05:59:40 +0100] "GET /wp-content/uploads/2022/06/carmen-castilla-y-pepe-alvarez.jpg HTTP/1.1" 200 55075 cronicareinodearagon.com "-" "Mozilla/5.0 (compatible; AhrefsBot/7.0; +http://ahrefs.com/robot/)" "-"
17.241.227.0 - - [07/Feb/2024:06:01:18 +0100] "GET /wp-includes/css/dist/block-library/style.min.css?ver=6.2.2 HTTP/1.1" 200 16406 cronicareinodearagon.com "https://cronicareinodearagon.com/aragon/espadas-alerta-abuso-poder-pp/" "Mozilla/5.0 (Macintosh; Intel Mac OS X 10_15_5) AppleWebKit/605.1.15 (KHTML, like Gecko) Version/13.1.1 Safari/605.1.15 (Applebot/0.1; +http://www.apple.com/go/applebot)" "-"
17.241.219.0 - - [07/Feb/2024:06:01:19 +0100] "GET /wp-content/plugins/elementor/assets/css/frontend-lite.min.css?ver=3.15.2 HTTP/1.1" 200 17137 cronicareinodearagon.com "https://cronicareinodearagon.com/aragon/espadas-alerta-abuso-poder-pp/" "Mozilla/5.0 (Macintosh; Intel Mac OS X 10_15_5) AppleWebKit/605.1.15 (KHTML, like Gecko) Version/13.1.1 Safari/605.1.15 (Applebot/0.1; +http://www.apple.com/go/applebot)" "-"
17.241.75.0 - - [07/Feb/2024:06:01:19 +0100] "GET /wp-content/themes/jnews/assets/dist/frontend.min.css?ver=10.7.9 HTTP/1.1" 200 126484 cronicareinodearagon.com "https://cronicareinodearagon.com/aragon/espadas-alerta-abuso-poder-pp/" "Mozilla/5.0 (Macintosh; Intel Mac OS X 10_15_5) AppleWebKit/605.1.15 (KHTML, like Gecko) Version/13.1.1 Safari/605.1.15 (Applebot/0.1; +http://www.apple.com/go/applebot)" "-"
17.241.219.0 - - [07/Feb/2024:06:01:20 +0100] "GET /wp-content/plugins/complianz-gdpr/assets/css/cookieblocker.min.css?ver=6.4.4 HTTP/1.1" 200 754 cronicareinodearagon.com "https://cronicareinodearagon.com/aragon/espadas-alerta-abuso-poder-pp/" "Mozilla/5.0 (Macintosh; Intel Mac OS X 10_15_5) AppleWebKit/605.1.15 (KHTML, like Gecko) Version/13.1.1 Safari/605.1.15 (Applebot/0.1; +http://www.apple.com/go/applebot)" "-"
17.241.219.0 - - [07/Feb/2024:06:01:20 +0100] "GET /wp-includes/css/classic-themes.min.css?ver=6.2.2 HTTP/1.1" 200 211 cronicareinodearagon.com "https://cronicareinodearagon.com/aragon/espadas-alerta-abuso-poder-pp/" "Mozilla/5.0 (Macintosh; Intel Mac OS X 10_15_5) AppleWebKit/605.1.15 (KHTML, like Gecko) Version/13.1.1 Safari/605.1.15 (Applebot/0.1; +http://www.apple.com/go/applebot)" "-"
17.241.227.0 - - [07/Feb/2024:06:01:21 +0100] "GET /wp-content/themes/jnews/assets/css/elementor-frontend.css?ver=10.7.9 HTTP/1.1" 200 215 cronicareinodearagon.com "https://cronicareinodearagon.com/aragon/espadas-alerta-abuso-poder-pp/" "Mozilla/5.0 (Macintosh; Intel Mac OS X 10_15_5) AppleWebKit/605.1.15 (KHTML, like Gecko) Version/13.1.1 Safari/605.1.15 (Applebot/0.1; +http://www.apple.com/go/applebot)" "-"
17.241.75.0 - - [07/Feb/2024:06:01:21 +0100] "GET /wp-content/plugins/metronet-profile-picture/dist/blocks.style.build.css?ver=2.6.0 HTTP/1.1" 200 4040 cronicareinodearagon.com "https://cronicareinodearagon.com/aragon/espadas-alerta-abuso-poder-pp/" "Mozilla/5.0 (Macintosh; Intel Mac OS X 10_15_5) AppleWebKit/605.1.15 (KHTML, like Gecko) Version/13.1.1 Safari/605.1.15 (Applebot/0.1; +http://www.apple.com/go/applebot)" "-"
17.241.219.0 - - [07/Feb/2024:06:01:21 +0100] "GET /wp-content/themes/jnews/style.css?ver=10.7.9 HTTP/1.1" 200 297 cronicareinodearagon.com "https://cronicareinodearagon.com/aragon/espadas-alerta-abuso-poder-pp/" "Mozilla/5.0 (Macintosh; Intel Mac OS X 10_15_5) AppleWebKit/605.1.15 (KHTML, like Gecko) Version/13.1.1 Safari/605.1.15 (Applebot/0.1; +http://www.apple.com/go/applebot)" "-"
17.241.219.0 - - [07/Feb/2024:06:01:22 +0100] "GET /wp-content/themes/jnews/assets/css/darkmode.css?ver=10.7.9 HTTP/1.1" 200 9055 cronicareinodearagon.com "https://cronicareinodearagon.com/aragon/espadas-alerta-abuso-poder-pp/" "Mozilla/5.0 (Macintosh; Intel Mac OS X 10_15_5) AppleWebKit/605.1.15 (KHTML, like Gecko) Version/13.1.1 Safari/605.1.15 (Applebot/0.1; +http://www.apple.com/go/applebot)" "-"
17.241.75.0 - - [07/Feb/2024:06:01:22 +0100] "GET /wp-content/themes/jnews/data/import/newspaper/scheme.css?ver=10.7.9 HTTP/1.1" 200 1687 cronicareinodearagon.com "https://cronicareinodearagon.com/aragon/espadas-alerta-abuso-poder-pp/" "Mozilla/5.0 (Macintosh; Intel Mac OS X 10_15_5) AppleWebKit/605.1.15 (KHTML, like Gecko) Version/13.1.1 Safari/605.1.15 (Applebot/0.1; +http://www.apple.com/go/applebot)" "-"
17.241.219.0 - - [07/Feb/2024:06:01:23 +0100] "GET /wp-includes/js/jquery/jquery.min.js?ver=3.6.4 HTTP/1.1" 200 36269 cronicareinodearagon.com "https://cronicareinodearagon.com/aragon/espadas-alerta-abuso-poder-pp/" "Mozilla/5.0 (Macintosh; Intel Mac OS X 10_15_5) AppleWebKit/605.1.15 (KHTML, like Gecko) Version/13.1.1 Safari/605.1.15 (Applebot/0.1; +http://www.apple.com/go/applebot)" "-"
17.241.227.0 - - [07/Feb/2024:06:01:23 +0100] "GET /wp-includes/js/jquery/jquery-migrate.min.js?ver=3.4.0 HTTP/1.1" 200 5257 cronicareinodearagon.com "https://cronicareinodearagon.com/aragon/espadas-alerta-abuso-poder-pp/" "Mozilla/5.0 (Macintosh; Intel Mac OS X 10_15_5) AppleWebKit/605.1.15 (KHTML, like Gecko) Version/13.1.1 Safari/605.1.15 (Applebot/0.1; +http://www.apple.com/go/applebot)" "-"
17.241.75.0 - - [07/Feb/2024:06:01:24 +0100] "GET /wp-content/plugins/elementor/assets/lib/eicons/css/elementor-icons.min.css?ver=5.21.0 HTTP/1.1" 200 4358 cronicareinodearagon.com "https://cronicareinodearagon.com/aragon/espadas-alerta-abuso-poder-pp/" "Mozilla/5.0 (Macintosh; Intel Mac OS X 10_15_5) AppleWebKit/605.1.15 (KHTML, like Gecko) Version/13.1.1 Safari/605.1.15 (Applebot/0.1; +http://www.apple.com/go/applebot)" "-"
17.241.219.0 - - [07/Feb/2024:06:01:24 +0100] "GET /wp-content/plugins/elementor/assets/lib/swiper/css/swiper.min.css?ver=5.3.6 HTTP/1.1" 200 2779 cronicareinodearagon.com "https://cronicareinodearagon.com/aragon/espadas-alerta-abuso-poder-pp/" "Mozilla/5.0 (Macintosh; Intel Mac OS X 10_15_5) AppleWebKit/605.1.15 (KHTML, like Gecko) Version/13.1.1 Safari/605.1.15 (Applebot/0.1; +http://www.apple.com/go/applebot)" "-"
17.241.219.0 - - [07/Feb/2024:06:01:25 +0100] "GET /wp-content/plugins/metronet-profile-picture/js/mpp-frontend.js?ver=2.6.0 HTTP/1.1" 200 201 cronicareinodearagon.com "https://cronicareinodearagon.com/aragon/espadas-alerta-abuso-poder-pp/" "Mozilla/5.0 (Macintosh; Intel Mac OS X 10_15_5) AppleWebKit/605.1.15 (KHTML, like Gecko) Version/13.1.1 Safari/605.1.15 (Applebot/0.1; +http://www.apple.com/go/applebot)" "-"
17.241.75.0 - - [07/Feb/2024:06:01:25 +0100] "GET /wp-includes/js/hoverIntent.min.js?ver=1.10.2 HTTP/1.1" 200 721 cronicareinodearagon.com "https://cronicareinodearagon.com/aragon/espadas-alerta-abuso-poder-pp/" "Mozilla/5.0 (Macintosh; Intel Mac OS X 10_15_5) AppleWebKit/605.1.15 (KHTML, like Gecko) Version/13.1.1 Safari/605.1.15 (Applebot/0.1; +http://www.apple.com/go/applebot)" "-"
17.241.219.0 - - [07/Feb/2024:06:01:26 +0100] "GET /wp-includes/js/imagesloaded.min.js?ver=4.1.4 HTTP/1.1" 200 2010 cronicareinodearagon.com "https://cronicareinodearagon.com/aragon/espadas-alerta-abuso-poder-pp/" "Mozilla/5.0 (Macintosh; Intel Mac OS X 10_15_5) AppleWebKit/605.1.15 (KHTML, like Gecko) Version/13.1.1 Safari/605.1.15 (Applebot/0.1; +http://www.apple.com/go/applebot)" "-"
17.241.227.0 - - [07/Feb/2024:06:01:26 +0100] "GET /wp-content/themes/jnews/assets/dist/frontend.min.js?ver=10.7.9 HTTP/1.1" 200 103509 cronicareinodearagon.com "https://cronicareinodearagon.com/aragon/espadas-alerta-abuso-poder-pp/" "Mozilla/5.0 (Macintosh; Intel Mac OS X 10_15_5) AppleWebKit/605.1.15 (KHTML, like Gecko) Version/13.1.1 Safari/605.1.15 (Applebot/0.1; +http://www.apple.com/go/applebot)" "-"
17.241.75.0 - - [07/Feb/2024:06:01:27 +0100] "GET /wp-content/plugins/complianz-gdpr/cookiebanner/js/complianz.min.js?ver=6.4.4 HTTP/1.1" 200 12688 cronicareinodearagon.com "https://cronicareinodearagon.com/aragon/espadas-alerta-abuso-poder-pp/" "Mozilla/5.0 (Macintosh; Intel Mac OS X 10_15_5) AppleWebKit/605.1.15 (KHTML, like Gecko) Version/13.1.1 Safari/605.1.15 (Applebot/0.1; +http://www.apple.com/go/applebot)" "-"
17.241.219.0 - - [07/Feb/2024:06:01:27 +0100] "GET /wp-content/plugins/elementor/assets/js/webpack.runtime.min.js?ver=3.15.2 HTTP/1.1" 200 2279 cronicareinodearagon.com "https://cronicareinodearagon.com/aragon/espadas-alerta-abuso-poder-pp/" "Mozilla/5.0 (Macintosh; Intel Mac OS X 10_15_5) AppleWebKit/605.1.15 (KHTML, like Gecko) Version/13.1.1 Safari/605.1.15 (Applebot/0.1; +http://www.apple.com/go/applebot)" "-"
17.241.219.0 - - [07/Feb/2024:06:01:28 +0100] "GET /wp-content/plugins/elementor/assets/js/frontend-modules.min.js?ver=3.15.2 HTTP/1.1" 200 19256 cronicareinodearagon.com "https://cronicareinodearagon.com/aragon/espadas-alerta-abuso-poder-pp/" "Mozilla/5.0 (Macintosh; Intel Mac OS X 10_15_5) AppleWebKit/605.1.15 (KHTML, like Gecko) Version/13.1.1 Safari/605.1.15 (Applebot/0.1; +http://www.apple.com/go/applebot)" "-"
17.241.75.0 - - [07/Feb/2024:06:01:28 +0100] "GET /wp-content/plugins/elementor/assets/lib/waypoints/waypoints.min.js?ver=4.0.2 HTTP/1.1" 200 3501 cronicareinodearagon.com "https://cronicareinodearagon.com/aragon/espadas-alerta-abuso-poder-pp/" "Mozilla/5.0 (Macintosh; Intel Mac OS X 10_15_5) AppleWebKit/605.1.15 (KHTML, like Gecko) Version/13.1.1 Safari/605.1.15 (Applebot/0.1; +http://www.apple.com/go/applebot)" "-"
17.241.219.0 - - [07/Feb/2024:06:01:29 +0100] "GET /wp-includes/js/jquery/ui/core.min.js?ver=1.13.2 HTTP/1.1" 200 7937 cronicareinodearagon.com "https://cronicareinodearagon.com/aragon/espadas-alerta-abuso-poder-pp/" "Mozilla/5.0 (Macintosh; Intel Mac OS X 10_15_5) AppleWebKit/605.1.15 (KHTML, like Gecko) Version/13.1.1 Safari/605.1.15 (Applebot/0.1; +http://www.apple.com/go/applebot)" "-"
17.241.75.0 - - [07/Feb/2024:06:01:29 +0100] "GET /wp-content/plugins/elementor/assets/js/frontend.min.js?ver=3.15.2 HTTP/1.1" 200 14219 cronicareinodearagon.com "https://cronicareinodearagon.com/aragon/espadas-alerta-abuso-poder-pp/" "Mozilla/5.0 (Macintosh; Intel Mac OS X 10_15_5) AppleWebKit/605.1.15 (KHTML, like Gecko) Version/13.1.1 Safari/605.1.15 (Applebot/0.1; +http://www.apple.com/go/applebot)" "-"
17.241.227.0 - - [07/Feb/2024:06:01:32 +0100] "GET /wp-content/uploads/complianz/css/banner-1-optin.css?v=41 HTTP/1.1" 200 3432 cronicareinodearagon.com "https://cronicareinodearagon.com/aragon/espadas-alerta-abuso-poder-pp/" "Mozilla/5.0 (Macintosh; Intel Mac OS X 10_15_5) AppleWebKit/605.1.15 (KHTML, like Gecko) Version/13.1.1 Safari/605.1.15 (Applebot/0.1; +http://www.apple.com/go/applebot)" "-"
17.241.227.0 - - [07/Feb/2024:06:01:33 +0100] "GET /wp-content/plugins/elementor/assets/js/text-editor.2c35aafbe5bf0e127950.bundle.min.js HTTP/1.1" 200 688 cronicareinodearagon.com "https://cronicareinodearagon.com/aragon/espadas-alerta-abuso-poder-pp/" "Mozilla/5.0 (Macintosh; Intel Mac OS X 10_15_5) AppleWebKit/605.1.15 (KHTML, like Gecko) Version/13.1.1 Safari/605.1.15 (Applebot/0.1; +http://www.apple.com/go/applebot)" "-"
82.165.88.0 - - [07/Feb/2024:06:06:09 +0100] "POST /wp-cron.php?doing_wp_cron=1707282369.5521779060363769531250 HTTP/1.1" 200 - cronicareinodearagon.com "-" "WordPress/6.2.2; https://cronicareinodearagon.com" "-"
93.107.1.0 - - [07/Feb/2024:06:06:09 +0100] "POST /xmlrpc.php HTTP/1.1" 200 416 cronicareinodearagon.com "-" "Mozilla/5.0 (Windows NT 10.0; Win64; x64) AppleWebKit/537.36 (KHTML, like Gecko) Chrome/90.0.4430.93 Safari/537.36" "-"
91.134.248.0 - - [07/Feb/2024:06:06:10 +0100] "POST /xmlrpc.php HTTP/1.1" 200 416 cronicareinodearagon.com "-" "Mozilla/5.0 (Linux; Android 10; SM-N960U) AppleWebKit/537.36 (KHTML, like Gecko) Chrome/91.0.4472.114 Mobile Safari/537.36" "-"
2a01:7c8:aa00:: - - [07/Feb/2024:06:06:10 +0100] "POST /xmlrpc.php HTTP/1.1" 200 416 cronicareinodearagon.com "-" "Mozilla/5.0 (Windows NT 10.0) AppleWebKit/537.36 (KHTML, like Gecko) Chrome/72.0.3626.121 Safari/537.36" "-"
208.109.15.0 - - [07/Feb/2024:06:06:17 +0100] "POST /xmlrpc.php HTTP/1.1" 200 416 cronicareinodearagon.com "-" "Mozilla/5.0 (Windows NT 5.1; rv:36.0) Gecko/20100101 Firefox/36.0" "-"
118.139.176.0 - - [07/Feb/2024:06:06:17 +0100] "POST /xmlrpc.php HTTP/1.1" 200 416 cronicareinodearagon.com "-" "Mozilla/5.0 (Windows NT 6.1; WOW64; rv:44.0) Gecko/20100101 Firefox/44.0" "-"
52.167.144.0 - - [07/Feb/2024:06:06:17 +0100] "GET /opinion/mikel-torres-acalde-portugalete-patxi-lopez/ HTTP/1.1" 200 168155 cronicareinodearagon.com "-" "Mozilla/5.0 AppleWebKit/537.36 (KHTML, like Gecko; compatible; bingbot/2.0; +http://www.bing.com/bingbot.htm) Chrome/116.0.1938.76 Safari/537.36" "-"
2a01:7c8:aa00:: - - [07/Feb/2024:06:06:19 +0100] "POST /xmlrpc.php HTTP/1.1" 200 416 cronicareinodearagon.com "-" "Mozilla/5.0 (Windows NT 10.0; Win64; x64) AppleWebKit/537.36 (KHTML, like Gecko) Chrome/90.0.4430.212 Safari/537.36" "-"
103.23.155.0 - - [07/Feb/2024:06:06:23 +0100] "POST /xmlrpc.php HTTP/1.1" 200 416 cronicareinodearagon.com "-" "Mozilla/5.0 (Windows NT 10.0; Win64; x64) AppleWebKit/537.36 (KHTML, like Gecko) Chrome/86.0.4240.198 Safari/537.36" "-"
62.72.44.0 - - [07/Feb/2024:06:06:23 +0100] "POST /xmlrpc.php HTTP/1.1" 200 416 cronicareinodearagon.com "-" "Mozilla/5.0 (Windows NT 6.3; Win64; x64; rv:73.0) Gecko/20100101 Firefox/73.0" "-"
2a01:7c8:aa00:: - - [07/Feb/2024:06:06:30 +0100] "POST /xmlrpc.php HTTP/1.1" 403 775 cronicareinodearagon.com "-" "Mozilla/5.0 (Windows NT 10.0; Win64; x64) AppleWebKit/537.36 (KHTML, like Gecko) Chrome/79.0.3945.117 Safari/537.36" "-"
2a03:6f00:: - - [07/Feb/2024:06:06:31 +0100] "POST /xmlrpc.php HTTP/1.1" 200 416 cronicareinodearagon.com "-" "Mozilla/5.0 (Windows NT 6.1) AppleWebKit/537.36 (KHTML, like Gecko) Chrome/56.0.2924.76 Safari/537.36" "-"
93.107.1.0 - - [07/Feb/2024:06:06:33 +0100] "POST /xmlrpc.php HTTP/1.1" 200 416 cronicareinodearagon.com "-" "Mozilla/5.0 (Windows NT 10.0; Win64; x64; rv:59.0) Gecko/20100101 Firefox/59.0" "-"
149.129.132.0 - - [07/Feb/2024:06:06:39 +0100] "POST /xmlrpc.php HTTP/1.1" 200 416 cronicareinodearagon.com "-" "Mozilla/5.0 (Windows NT 6.1; Win64; x64; rv:57.0) Gecko/20100101 Firefox/57.0" "-"
82.165.88.0 - - [07/Feb/2024:06:06:44 +0100] "POST /wp-cron.php?doing_wp_cron=1707282404.6921141147613525390625 HTTP/1.1" 200 - cronicareinodearagon.com "-" "WordPress/6.2.2; https://cronicareinodearagon.com" "-"
45.40.159.0 - - [07/Feb/2024:06:06:44 +0100] "POST /xmlrpc.php HTTP/1.1" 200 416 cronicareinodearagon.com "-" "Mozilla/5.0 (Windows NT 6.1; WOW64; rv:42.0) Gecko/20100101 Firefox/42.0" "-"
94.73.148.0 - - [07/Feb/2024:06:06:48 +0100] "POST /xmlrpc.php HTTP/1.1" 200 416 cronicareinodearagon.com "-" "Mozilla/5.0 (Linux; Android 10; LM-X420) AppleWebKit/537.36 (KHTML, like Gecko) Chrome/91.0.4472.114 Mobile Safari/537.36" "-"
31.31.196.0 - - [07/Feb/2024:06:06:49 +0100] "POST /xmlrpc.php HTTP/1.1" 200 416 cronicareinodearagon.com "-" "Mozilla/5.0 (Windows NT 5.1; rv:52.0) Gecko/20100101 Firefox/52.0" "-"
66.249.84.0 - - [07/Feb/2024:06:10:06 +0100] "GET /category/politica/feed/ HTTP/1.1" 200 18273 cronicareinodearagon.com "-" "FeedFetcher-Google; (+http://www.google.com/feedfetcher.html)" "-"
82.165.88.0 - - [07/Feb/2024:06:20:40 +0100] "POST /wp-cron.php?doing_wp_cron=1707283240.4769570827484130859375 HTTP/1.1" 200 - cronicareinodearagon.com "-" "WordPress/6.2.2; https://cronicareinodearagon.com" "-"
54.36.148.0 - - [07/Feb/2024:06:20:40 +0100] "GET /category/aragon/page/53/ HTTP/1.1" 200 146749 cronicareinodearagon.com "-" "Mozilla/5.0 (compatible; AhrefsBot/7.0; +http://ahrefs.com/robot/)" "-"
17.241.75.0 - - [07/Feb/2024:06:23:07 +0100] "GET /wp-content/uploads/2022/05/adelante-andalucia-candidatos-19j-750x375.jpg HTTP/1.1" 200 71859 cronicareinodearagon.com "-" "Mozilla/5.0 (Macintosh; Intel Mac OS X 10_15_5) AppleWebKit/605.1.15 (KHTML, like Gecko) Version/13.1.1 Safari/605.1.15 (Applebot/0.1; +http://www.apple.com/go/applebot)" "-"
124.227.132.0 - - [07/Feb/2024:06:28:51 +0100] "POST /wp-comments-post.php HTTP/1.1" 302 - cronicareinodearagon.com "-" "Mozilla/5.0 (Windows NT 10.0; Win64; x64) AppleWebKit/537.36 (KHTML, like Gecko) Chrome/108.0.0.0 Safari/537.36 Edg/108.0.1462.46" "-"
82.165.88.0 - - [07/Feb/2024:06:28:52 +0100] "POST /wp-cron.php?doing_wp_cron=1707283732.1277029514312744140625 HTTP/1.1" 200 - cronicareinodearagon.com "-" "WordPress/6.2.2; https://cronicareinodearagon.com" "-"
124.227.132.0 - - [07/Feb/2024:06:28:53 +0100] "GET /aragon/andalucia-lidera-paro-moreno-bonilla/ HTTP/1.1" 200 169753 cronicareinodearagon.com "-" "Mozilla/5.0 (Windows NT 10.0; Win64; x64) AppleWebKit/537.36 (KHTML, like Gecko) Chrome/108.0.0.0 Safari/537.36 Edg/108.0.1462.46" "-"
52.167.144.0 - - [07/Feb/2024:06:29:29 +0100] "GET / HTTP/1.1" 200 319420 cronicareinodearagon.com "-" "Mozilla/5.0 AppleWebKit/537.36 (KHTML, like Gecko; compatible; bingbot/2.0; +http://www.bing.com/bingbot.htm) Chrome/116.0.1938.76 Safari/537.36" "-"
82.165.88.0 - - [07/Feb/2024:06:37:47 +0100] "POST /wp-cron.php?doing_wp_cron=1707284267.5626449584960937500000 HTTP/1.1" 200 - cronicareinodearagon.com "-" "WordPress/6.2.2; https://cronicareinodearagon.com" "-"
54.36.149.0 - - [07/Feb/2024:06:37:47 +0100] "GET /sociedad/asesinato-mujer-granada-violencia-genero/ HTTP/1.1" 200 164532 cronicareinodearagon.com "-" "Mozilla/5.0 (compatible; AhrefsBot/7.0; +http://ahrefs.com/robot/)" "-"
66.249.84.0 - - [07/Feb/2024:06:38:55 +0100] "GET /category/sociedad/feed/ HTTP/1.1" 200 51420 cronicareinodearagon.com "-" "FeedFetcher-Google; (+http://www.google.com/feedfetcher.html)" "-"
184.154.139.0 - - [07/Feb/2024:06:47:29 +0100] "GET / HTTP/1.1" 200 336 www.cronicadejaen.com "http://www.google.com/url?url=www.cronicadejaen.com&yahoo.com" "Mozilla/5.0 (compatible; MSIE 9.0; Windows NT 6.1; WOW64; Trident/6.0)" "-"
184.154.139.0 - - [07/Feb/2024:06:47:30 +0100] "GET /th1s_1s_a_4o4.html HTTP/1.1" 404 596 www.cronicadejaen.com "http://www.google.com/url?url=www.cronicadejaen.com&yahoo.com" "Mozilla/5.0 (compatible; MSIE 9.0; Windows NT 6.1; WOW64; Trident/6.0)" "-"
184.154.139.0 - - [07/Feb/2024:06:47:30 +0100] "GET /defaultsite HTTP/1.1" 200 18994 www.cronicadejaen.com "-" "SiteLockSpider [en] (WinNT; I ;Nav)" "-"
184.154.139.0 - - [07/Feb/2024:06:47:31 +0100] "GET /domaincheckresult?__SBMT:d359e110d15:=1&__SYNT:d359e110d15:__CMD(domaincheckresult):RETWRP=domainselect&__SYNT:d359e110d15:__CMD(domaincheckresult):SELWRP=multicheck&__SYNT:d359e110d15:__forcestop=true&__pageflow=Order&__sendingdata=1&linkId=ct.btn.check.default-page-check&multicheck.Domain=1 HTTP/1.1" 404 596 www.cronicadejaen.com "-" "SiteLockSpider [en] (WinNT; I ;Nav)" "-"
184.154.139.0 - - [07/Feb/2024:06:47:31 +0100] "GET /spicons/templates/defaultsite/es-ES/images/domain.svg HTTP/1.1" 200 2095 www.cronicadejaen.com "http://www.google.com/url?url=www.cronicadejaen.com&yahoo.com" "Mozilla/5.0 (compatible; MSIE 9.0; Windows NT 6.1; WOW64; Trident/6.0)" "-"
184.154.139.0 - - [07/Feb/2024:06:47:31 +0100] "GET /spicons/templates/defaultsite/es-ES/images/domain_transfer.svg HTTP/1.1" 200 1201 www.cronicadejaen.com "-" "SiteLockSpider [en] (WinNT; I ;Nav)" "-"
184.154.139.0 - - [07/Feb/2024:06:47:32 +0100] "GET /spicons/templates/defaultsite/es-ES/images/css/main.css HTTP/1.1" 200 486180 www.cronicadejaen.com "http://www.google.com/url?url=www.cronicadejaen.com&yahoo.com" "Mozilla/5.0 (compatible; MSIE 9.0; Windows NT 6.1; WOW64; Trident/6.0)" "-"
184.154.139.0 - - [07/Feb/2024:06:47:32 +0100] "GET /spicons/templates/defaultsite/es-ES/images/ic-world.svg HTTP/1.1" 200 1248 www.cronicadejaen.com "-" "SiteLockSpider [en] (WinNT; I ;Nav)" "-"
82.165.88.0 - - [07/Feb/2024:06:49:20 +0100] "POST /wp-cron.php?doing_wp_cron=1707284960.5274589061737060546875 HTTP/1.1" 200 - cronicareinodearagon.com "-" "WordPress/6.2.2; https://cronicareinodearagon.com" "-"
54.36.149.0 - - [07/Feb/2024:06:49:20 +0100] "GET /sociedad/fallecimiento-concejal-iu-cerro-andevalo-huelva/ HTTP/1.1" 200 169439 cronicareinodearagon.com "-" "Mozilla/5.0 (compatible; AhrefsBot/7.0; +http://ahrefs.com/robot/)" "-"
173.249.52.0 - - [07/Feb/2024:07:02:26 +0100] "GET /input.php HTTP/1.1" 301 250 cronicareinodearagon.com "www.google.com" "Mozlila/5.0 (Linux; Android 7.0; SM-G892A Bulid/NRD90M; wv) AppleWebKit/537.36 (KHTML, like Gecko) Version/4.0 Chrome/60.0.3112.107 Moblie Safari/537.36" "-"
173.249.52.0 - - [07/Feb/2024:07:02:33 +0100] "GET /input.php HTTP/1.1" 404 144865 cronicareinodearagon.com "www.google.com" "Mozlila/5.0 (Linux; Android 7.0; SM-G892A Bulid/NRD90M; wv) AppleWebKit/537.36 (KHTML, like Gecko) Version/4.0 Chrome/60.0.3112.107 Moblie Safari/537.36" "-"
82.165.88.0 - - [07/Feb/2024:07:02:34 +0100] "POST /wp-cron.php?doing_wp_cron=1707285754.0579679012298583984375 HTTP/1.1" 200 - cronicareinodearagon.com "-" "WordPress/6.2.2; https://cronicareinodearagon.com" "-"
74.125.209.0 - - [07/Feb/2024:07:06:41 +0100] "GET /category/politica/feed/ HTTP/1.1" 200 18273 cronicareinodearagon.com "-" "FeedFetcher-Google; (+http://www.google.com/feedfetcher.html)" "-"
66.249.84.0 - - [07/Feb/2024:07:20:21 +0100] "GET /category/politica/feed/ HTTP/1.1" 200 18273 cronicareinodearagon.com "-" "FeedFetcher-Google; (+http://www.google.com/feedfetcher.html)" "-"
54.36.149.0 - - [07/Feb/2024:07:36:29 +0100] "GET /aragon/narcotrafico-guardia-civil-operacion-marihuana-hachis/ HTTP/1.1" 200 35482 cronicareinodearagon.com "-" "Mozilla/5.0 (compatible; AhrefsBot/7.0; +http://ahrefs.com/robot/)" "-"
82.165.88.0 - - [07/Feb/2024:07:36:30 +0100] "POST /wp-cron.php?doing_wp_cron=1707287790.8199529647827148437500 HTTP/1.1" 200 - cronicareinodearagon.com "-" "WordPress/6.2.2; https://cronicareinodearagon.com" "-"
54.36.149.0 - - [07/Feb/2024:07:36:33 +0100] "GET /wp-content/uploads/2022/01/Guardia-Civil-1.jpg HTTP/1.1" 200 99532 cronicareinodearagon.com "-" "Mozilla/5.0 (compatible; AhrefsBot/7.0; +http://ahrefs.com/robot/)" "-"
5.133.192.0 - - [07/Feb/2024:07:36:49 +0100] "GET /robots.txt HTTP/1.1" 200 188 cronicadecordoba.com "-" "Mozilla/5.0 (iPhone; CPU iPhone OS 15_5 like Mac OS X) AppleWebKit/605.1.15 (KHTML, like Gecko) Version/15.5 Mobile/15E148 Safari/604.1" "-"
192.121.135.0 - - [07/Feb/2024:07:36:50 +0100] "GET /humans.txt HTTP/1.1" 404 596 cronicadecordoba.com "-" "Mozilla/5.0 (iPhone; CPU iPhone OS 15_5 like Mac OS X) AppleWebKit/605.1.15 (KHTML, like Gecko) Version/15.5 Mobile/15E148 Safari/604.1" "-"
185.12.250.0 - - [07/Feb/2024:07:36:50 +0100] "GET /ads.txt HTTP/1.1" 404 596 cronicadecordoba.com "-" "Mozilla/5.0 (iPhone; CPU iPhone OS 15_5 like Mac OS X) AppleWebKit/605.1.15 (KHTML, like Gecko) Version/15.5 Mobile/15E148 Safari/604.1" "-"
82.165.88.0 - - [07/Feb/2024:07:36:50 +0100] "POST /wp-cron.php?doing_wp_cron=1707287810.4183599948883056640625 HTTP/1.1" 200 - cronicareinodearagon.com "-" "WordPress/6.2.2; https://cronicareinodearagon.com" "-"
185.13.96.0 - - [07/Feb/2024:07:36:50 +0100] "GET /sitemap_index.xml HTTP/1.1" 200 317 cronicareinodearagon.com "-" "Mozilla/5.0 (iPhone; CPU iPhone OS 15_5 like Mac OS X) AppleWebKit/605.1.15 (KHTML, like Gecko) Version/15.5 Mobile/15E148 Safari/604.1" "-"
185.6.9.0 - - [07/Feb/2024:07:36:51 +0100] "GET / HTTP/1.1" 200 336 cronicadecordoba.com "-" "Mozilla/5.0 (iPhone; CPU iPhone OS 15_5 like Mac OS X) AppleWebKit/605.1.15 (KHTML, like Gecko) Version/15.5 Mobile/15E148 Safari/604.1" "-"
124.226.222.0 - - [07/Feb/2024:07:39:25 +0100] "GET / HTTP/1.1" 200 336 www.cronicadealmeria.com "-" "Mozilla/5.0 (iPhone; CPU iPhone OS 13_2_3 like Mac OS X) AppleWebKit/605.1.15 (KHTML, like Gecko) Version/13.0.3 Mobile/15E148 Safari/604.1" "-"
124.226.222.0 - - [07/Feb/2024:07:39:25 +0100] "GET / HTTP/1.1" 200 336 www.cronicadesevilla.com "-" "Mozilla/5.0 (iPhone; CPU iPhone OS 13_2_3 like Mac OS X) AppleWebKit/605.1.15 (KHTML, like Gecko) Version/13.0.3 Mobile/15E148 Safari/604.1" "-"
124.226.222.0 - - [07/Feb/2024:07:39:25 +0100] "GET / HTTP/1.1" 200 336 www.cronicadegranada.com "-" "Mozilla/5.0 (iPhone; CPU iPhone OS 13_2_3 like Mac OS X) AppleWebKit/605.1.15 (KHTML, like Gecko) Version/13.0.3 Mobile/15E148 Safari/604.1" "-"
124.226.222.0 - - [07/Feb/2024:07:39:25 +0100] "GET / HTTP/1.1" 200 336 www.cronicadecordoba.com "-" "Mozilla/5.0 (iPhone; CPU iPhone OS 13_2_3 like Mac OS X) AppleWebKit/605.1.15 (KHTML, like Gecko) Version/13.0.3 Mobile/15E148 Safari/604.1" "-"
17.241.227.0 - - [07/Feb/2024:07:43:36 +0100] "GET /wp-content/uploads/2022/06/guardia-civil-lancha-narcotrafico-750x375.jpg HTTP/1.1" 200 46044 cronicareinodearagon.com "-" "Mozilla/5.0 (Macintosh; Intel Mac OS X 10_15_5) AppleWebKit/605.1.15 (KHTML, like Gecko) Version/13.1.1 Safari/605.1.15 (Applebot/0.1; +http://www.apple.com/go/applebot)" "-"
184.154.139.0 - - [07/Feb/2024:07:46:46 +0100] "GET / HTTP/1.1" 200 336 www.cronicadehuelva.com "http://www.google.com/url?url=www.cronicadehuelva.com&yahoo.com" "Mozilla/5.0 (compatible; MSIE 9.0; Windows NT 6.1; WOW64; Trident/6.0)" "-"
184.154.139.0 - - [07/Feb/2024:07:46:47 +0100] "GET /th1s_1s_a_4o4.html HTTP/1.1" 404 596 www.cronicadehuelva.com "http://www.google.com/url?url=www.cronicadehuelva.com&yahoo.com" "Mozilla/5.0 (compatible; MSIE 9.0; Windows NT 6.1; WOW64; Trident/6.0)" "-"
184.154.139.0 - - [07/Feb/2024:07:46:47 +0100] "GET /defaultsite HTTP/1.1" 200 18994 www.cronicadehuelva.com "-" "SiteLockSpider [en] (WinNT; I ;Nav)" "-"
184.154.139.0 - - [07/Feb/2024:07:46:47 +0100] "GET /domaincheckresult?__SBMT:d359e110d15:=1&__SYNT:d359e110d15:__CMD(domaincheckresult):RETWRP=domainselect&__SYNT:d359e110d15:__CMD(domaincheckresult):SELWRP=multicheck&__SYNT:d359e110d15:__forcestop=true&__pageflow=Order&__sendingdata=1&linkId=ct.btn.check.default-page-check&multicheck.Domain=1 HTTP/1.1" 404 596 www.cronicadehuelva.com "-" "SiteLockSpider [en] (WinNT; I ;Nav)" "-"
184.154.139.0 - - [07/Feb/2024:07:46:48 +0100] "GET /spicons/templates/defaultsite/es-ES/images/domain_transfer.svg HTTP/1.1" 200 1201 www.cronicadehuelva.com "http://www.google.com/url?url=www.cronicadehuelva.com&yahoo.com" "Mozilla/5.0 (compatible; MSIE 9.0; Windows NT 6.1; WOW64; Trident/6.0)" "-"
184.154.139.0 - - [07/Feb/2024:07:46:48 +0100] "GET /spicons/templates/defaultsite/es-ES/images/ic-world.svg HTTP/1.1" 200 1248 www.cronicadehuelva.com "-" "SiteLockSpider [en] (WinNT; I ;Nav)" "-"
184.154.139.0 - - [07/Feb/2024:07:46:48 +0100] "GET /spicons/templates/defaultsite/es-ES/images/domain.svg HTTP/1.1" 200 2095 www.cronicadehuelva.com "-" "SiteLockSpider [en] (WinNT; I ;Nav)" "-"
184.154.139.0 - - [07/Feb/2024:07:46:48 +0100] "GET /spicons/templates/defaultsite/es-ES/images/css/main.css HTTP/1.1" 200 486180 www.cronicadehuelva.com "http://www.google.com/url?url=www.cronicadehuelva.com&yahoo.com" "Mozilla/5.0 (compatible; MSIE 9.0; Windows NT 6.1; WOW64; Trident/6.0)" "-"
194.38.23.0 - - [07/Feb/2024:07:52:27 +0100] "GET /sites/default/libraries/elfinder/connectors/php/connector.php HTTP/1.1" 404 596 cronicademalaga.com "-" "ALittle Client" "-"
194.38.23.0 - - [07/Feb/2024:07:52:28 +0100] "GET /sites/default/libraries/elfinder/connectors/php/connector.php HTTP/1.1" 404 596 cronicadecordoba.com "-" "ALittle Client" "-"
194.38.23.0 - - [07/Feb/2024:07:52:28 +0100] "GET /sites/default/libraries/elfinder/src/connectors/php/connector.php HTTP/1.1" 404 596 cronicademalaga.com "-" "ALittle Client" "-"
194.38.23.0 - - [07/Feb/2024:07:52:28 +0100] "GET /sites/default/libraries/elfinder/src/connectors/php/connector.php HTTP/1.1" 404 596 cronicadeextremadura.com "-" "ALittle Client" "-"
194.38.23.0 - - [07/Feb/2024:07:52:28 +0100] "GET /sites/default/libraries/elfinder/src/connectors/php/connector.php HTTP/1.1" 404 596 cronicadealmeria.com "-" "ALittle Client" "-"
194.38.23.0 - - [07/Feb/2024:07:52:29 +0100] "GET /sites/all/libraries/_elfinder/src/connectors/php/connector.php HTTP/1.1" 404 596 cronicadelpaisvalenciano.com "-" "ALittle Client" "-"
194.38.23.0 - - [07/Feb/2024:07:52:29 +0100] "GET /sites/all/libraries/_elfinder/src/connectors/php/connector.php HTTP/1.1" 404 596 cronicadeextremadura.com "-" "ALittle Client" "-"
194.38.23.0 - - [07/Feb/2024:07:52:29 +0100] "GET /sites/all/libraries/_elfinder/src/connectors/php/connector.php HTTP/1.1" 404 596 cronicadesevilla.com "-" "ALittle Client" "-"
194.38.23.0 - - [07/Feb/2024:07:52:30 +0100] "GET /sites/all/libraries/_elfinder/src/connectors/php/connector.php HTTP/1.1" 404 596 cronicadegranada.com "-" "ALittle Client" "-"
194.38.23.0 - - [07/Feb/2024:07:52:30 +0100] "GET /sites/default/libraries/elfinder/src/connectors/php/connector.php HTTP/1.1" 404 596 cronicadegranada.com "-" "ALittle Client" "-"
194.38.23.0 - - [07/Feb/2024:07:52:30 +0100] "GET /sites/default/libraries/elfinder/connectors/php/connector.php HTTP/1.1" 404 596 cronicadegranada.com "-" "ALittle Client" "-"
194.38.23.0 - - [07/Feb/2024:07:52:30 +0100] "GET /sites/all/libraries/_elfinder/src/connectors/php/connector.php HTTP/1.1" 404 596 cronicadeasturias.com "-" "ALittle Client" "-"
194.38.23.0 - - [07/Feb/2024:07:52:30 +0100] "GET /sites/default/libraries/elfinder/connectors/php/connector.php HTTP/1.1" 404 596 cronicadeasturias.com "-" "ALittle Client" "-"
194.38.23.0 - - [07/Feb/2024:07:52:30 +0100] "GET /sites/default/libraries/elfinder/src/connectors/php/connector.php HTTP/1.1" 404 596 cronicadeasturias.com "-" "ALittle Client" "-"
194.38.23.0 - - [07/Feb/2024:07:52:30 +0100] "GET /sites/all/libraries/_elfinder/src/connectors/php/connector.php HTTP/1.1" 301 303 cronicareinodearagon.com "-" "ALittle Client" "-"
194.38.23.0 - - [07/Feb/2024:07:52:30 +0100] "GET /sites/default/libraries/elfinder/connectors/php/connector.php HTTP/1.1" 301 302 cronicareinodearagon.com "-" "ALittle Client" "-"
194.38.23.0 - - [07/Feb/2024:07:52:30 +0100] "GET /sites/default/libraries/elfinder/src/connectors/php/connector.php HTTP/1.1" 404 596 cronicadesevilla.com "-" "ALittle Client" "-"
194.38.23.0 - - [07/Feb/2024:07:52:30 +0100] "GET /sites/default/libraries/elfinder/src/connectors/php/connector.php HTTP/1.1" 404 596 cronicadejaen.com "-" "ALittle Client" "-"
194.38.23.0 - - [07/Feb/2024:07:52:30 +0100] "GET /sites/all/libraries/_elfinder/src/connectors/php/connector.php HTTP/1.1" 404 596 cronicadevalencia.com "-" "ALittle Client" "-"
194.38.23.0 - - [07/Feb/2024:07:52:30 +0100] "GET /sites/default/libraries/elfinder/src/connectors/php/connector.php HTTP/1.1" 404 596 cronicadevalencia.com "-" "ALittle Client" "-"
194.38.23.0 - - [07/Feb/2024:07:52:30 +0100] "GET /sites/default/libraries/elfinder/connectors/php/connector.php HTTP/1.1" 404 596 cronicadevalencia.com "-" "ALittle Client" "-"
194.38.23.0 - - [07/Feb/2024:07:52:31 +0100] "GET /sites/default/libraries/elfinder/connectors/php/connector.php HTTP/1.1" 404 596 cronicadearagon.com "-" "ALittle Client" "-"
194.38.23.0 - - [07/Feb/2024:07:52:31 +0100] "GET /sites/default/libraries/elfinder/src/connectors/php/connector.php HTTP/1.1" 404 596 cronicadearagon.com "-" "ALittle Client" "-"
194.38.23.0 - - [07/Feb/2024:07:52:31 +0100] "GET /sites/default/libraries/elfinder/src/connectors/php/connector.php HTTP/1.1" 404 596 cronicadecordoba.com "-" "ALittle Client" "-"
74.125.212.0 - - [07/Feb/2024:07:52:37 +0100] "GET /category/economia/feed/ HTTP/1.1" 200 12913 cronicareinodearagon.com "-" "FeedFetcher-Google; (+http://www.google.com/feedfetcher.html)" "-"
82.165.88.0 - - [07/Feb/2024:07:52:38 +0100] "POST /wp-cron.php?doing_wp_cron=1707288758.1303510665893554687500 HTTP/1.1" 200 - cronicareinodearagon.com "-" "WordPress/6.2.2; https://cronicareinodearagon.com" "-"
82.165.88.0 - - [07/Feb/2024:07:52:50 +0100] "POST /wp-cron.php?doing_wp_cron=1707288770.7223041057586669921875 HTTP/1.1" 200 - cronicareinodearagon.com "-" "WordPress/6.2.2; https://cronicareinodearagon.com" "-"
194.38.23.0 - - [07/Feb/2024:07:52:50 +0100] "GET /sites/default/libraries/elfinder/connectors/php/connector.php HTTP/1.1" 404 144993 cronicareinodearagon.com "-" "ALittle Client" "-"
2002:c226:1700:: - - [07/Feb/2024:07:52:50 +0100] "GET /sites/all/libraries/_elfinder/src/connectors/php/connector.php HTTP/1.1" 404 144997 cronicareinodearagon.com "-" "ALittle Client" "-"
182.42.111.0 - - [07/Feb/2024:07:53:19 +0100] "GET / HTTP/1.1" 200 336 www.cronicadeasturias.com "-" "Mozilla/5.0 (iPhone; CPU iPhone OS 13_2_3 like Mac OS X) AppleWebKit/605.1.15 (KHTML, like Gecko) Version/13.0.3 Mobile/15E148 Safari/604.1" "-"
182.42.111.0 - - [07/Feb/2024:07:53:19 +0100] "GET / HTTP/1.1" 200 336 www.cronicadevalencia.com "-" "Mozilla/5.0 (iPhone; CPU iPhone OS 13_2_3 like Mac OS X) AppleWebKit/605.1.15 (KHTML, like Gecko) Version/13.0.3 Mobile/15E148 Safari/604.1" "-"
54.36.149.0 - - [07/Feb/2024:07:53:53 +0100] "GET /aragon/manifestacion-primero-mayo-andalucia/ HTTP/1.1" 200 38464 cronicareinodearagon.com "-" "Mozilla/5.0 (compatible; AhrefsBot/7.0; +http://ahrefs.com/robot/)" "-"
82.165.88.0 - - [07/Feb/2024:07:53:54 +0100] "POST /wp-cron.php?doing_wp_cron=1707288834.0535089969635009765625 HTTP/1.1" 200 - cronicareinodearagon.com "-" "WordPress/6.2.2; https://cronicareinodearagon.com" "-"
74.125.209.0 - - [07/Feb/2024:07:58:15 +0100] "GET /category/educacion/feed/ HTTP/1.1" 200 16487 cronicareinodearagon.com "-" "FeedFetcher-Google; (+http://www.google.com/feedfetcher.html)" "-"
82.165.88.0 - - [07/Feb/2024:07:58:16 +0100] "POST /wp-cron.php?doing_wp_cron=1707289096.0964810848236083984375 HTTP/1.1" 200 - cronicareinodearagon.com "-" "WordPress/6.2.2; https://cronicareinodearagon.com" "-"
95.217.225.0 - - [07/Feb/2024:07:59:16 +0100] "POST /xmlrpc.php HTTP/1.1" 200 416 cronicareinodearagon.com "-" "Mozilla/5.0 (Windows NT 10.0; Win64; x64) AppleWebKit/537.36 (KHTML, like Gecko) Chrome/67.0.3396.99 Safari/537.36" "-"
82.165.88.0 - - [07/Feb/2024:07:59:17 +0100] "GET / HTTP/1.1" 200 319420 cronicareinodearagon.com "-" "WordPress/6.2.2; https://cronicareinodearagon.com" "-"
82.165.88.0 - - [07/Feb/2024:07:59:17 +0100] "POST /wp-cron.php?doing_wp_cron=1707289157.2187619209289550781250 HTTP/1.1" 200 - cronicareinodearagon.com "-" "WordPress/6.2.2; https://cronicareinodearagon.com" "-"
185.215.166.0 - - [07/Feb/2024:07:59:18 +0100] "POST /xmlrpc.php HTTP/1.1" 200 416 cronicareinodearagon.com "-" "Mozilla/5.0 (Windows NT 10.0; Win64; x64; rv:59.0) Gecko/20100101 Firefox/59.0" "-"
2a01:4f8:200:: - - [07/Feb/2024:07:59:24 +0100] "POST /xmlrpc.php HTTP/1.1" 200 416 cronicareinodearagon.com "-" "Mozilla/5.0 (Linux; Android 10) AppleWebKit/537.36 (KHTML, like Gecko) Chrome/91.0.4472.114 Mobile Safari/537.36" "-"
95.111.225.0 - - [07/Feb/2024:07:59:33 +0100] "POST /xmlrpc.php HTTP/1.1" 200 416 cronicareinodearagon.com "-" "Mozilla/5.0 (X11; Linux x86_64) AppleWebKit/537.36 (KHTML, like Gecko) Chrome/44.0.2403.157 Safari/537.36" "-"
165.232.165.0 - - [07/Feb/2024:07:59:34 +0100] "POST /xmlrpc.php HTTP/1.1" 503 299 cronicareinodearagon.com "-" "Mozilla/5.0 (Windows NT 6.1; WOW64; rv:18.0) Gecko/20100101 Firefox/18.0" "-"
68.178.145.0 - - [07/Feb/2024:07:59:34 +0100] "POST /xmlrpc.php HTTP/1.1" 200 416 cronicareinodearagon.com "-" "Mozilla/5.0 (Windows NT 10.0; Win64; x64) AppleWebKit/537.36 (KHTML, like Gecko) Chrome/64.0.3282.186 Safari/537.36" "-"
47.243.233.0 - - [07/Feb/2024:07:59:37 +0100] "POST /xmlrpc.php HTTP/1.1" 200 416 cronicareinodearagon.com "-" "Mozilla/5.0 (Macintosh; Intel Mac OS X 10_10; rv:33.0) Gecko/20100101 Firefox/33.0" "-"
144.168.58.0 - - [07/Feb/2024:07:59:39 +0100] "POST /xmlrpc.php HTTP/1.1" 200 416 cronicareinodearagon.com "-" "Mozilla/5.0 (Windows NT 10.0; Win64; x64; rv:63.0) Gecko/20100101 Firefox/63.0" "-"
82.165.88.0 - - [07/Feb/2024:07:59:47 +0100] "POST /wp-cron.php?doing_wp_cron=1707289187.5956439971923828125000 HTTP/1.1" 200 - cronicareinodearagon.com "-" "WordPress/6.2.2; https://cronicareinodearagon.com" "-"
51.195.219.0 - - [07/Feb/2024:07:59:47 +0100] "POST /xmlrpc.php HTTP/1.1" 200 416 cronicareinodearagon.com "-" "Mozilla/5.0 (Windows NT 10.0; Win64; x64) AppleWebKit/537.36 (KHTML, like Gecko) Chrome/85.0.4183.102 Safari/537.36" "-"
2a03:b0c0:: - - [07/Feb/2024:07:59:53 +0100] "POST /xmlrpc.php HTTP/1.1" 200 416 cronicareinodearagon.com "-" "Mozilla/5.0 (Windows NT 10.0; Win64; x64) AppleWebKit/537.36 (KHTML, like Gecko) Chrome/74.0.3729.157 Safari/537.36" "-"
47.243.48.0 - - [07/Feb/2024:07:59:56 +0100] "POST /xmlrpc.php HTTP/1.1" 200 416 cronicareinodearagon.com "-" "Mozilla/5.0 (Windows NT 10.0; Win64; x64) AppleWebKit/537.36 (KHTML, like Gecko) Chrome/87.0.4280.141 Safari/537.36" "-"
66.45.235.0 - - [07/Feb/2024:08:00:05 +0100] "POST /xmlrpc.php HTTP/1.1" 200 416 cronicareinodearagon.com "-" "Mozilla/5.0 (Windows NT 10.0; Win64; x64) AppleWebKit/537.36 (KHTML, like Gecko) Chrome/88.0.4324.104 Safari/537.36" "-"
54.36.148.0 - - [07/Feb/2024:08:11:38 +0100] "GET /aragon/andalucia-lidera-incremento-paro-agosto/ HTTP/1.1" 200 167009 cronicareinodearagon.com "-" "Mozilla/5.0 (compatible; AhrefsBot/7.0; +http://ahrefs.com/robot/)" "-"
82.165.88.0 - - [07/Feb/2024:08:11:39 +0100] "POST /wp-cron.php?doing_wp_cron=1707289899.2148990631103515625000 HTTP/1.1" 200 - cronicareinodearagon.com "-" "WordPress/6.2.2; https://cronicareinodearagon.com" "-"
74.125.209.0 - - [07/Feb/2024:08:11:50 +0100] "GET /category/sociedad/feed/ HTTP/1.1" 200 51420 cronicareinodearagon.com "-" "FeedFetcher-Google; (+http://www.google.com/feedfetcher.html)" "-"
74.125.209.0 - - [07/Feb/2024:08:14:39 +0100] "GET /category/educacion/feed/ HTTP/1.1" 200 16487 cronicareinodearagon.com "-" "FeedFetcher-Google; (+http://www.google.com/feedfetcher.html)" "-"
184.154.139.0 - - [07/Feb/2024:08:18:45 +0100] "GET / HTTP/1.1" 200 336 www.cronicadecordoba.com "http://www.google.com/url?url=www.cronicadecordoba.com&yahoo.com" "Mozilla/5.0 (compatible; MSIE 9.0; Windows NT 6.1; WOW64; Trident/6.0)" "-"
184.154.139.0 - - [07/Feb/2024:08:18:45 +0100] "GET /th1s_1s_a_4o4.html HTTP/1.1" 404 596 www.cronicadecordoba.com "http://www.google.com/url?url=www.cronicadecordoba.com&yahoo.com" "Mozilla/5.0 (compatible; MSIE 9.0; Windows NT 6.1; WOW64; Trident/6.0)" "-"
184.154.139.0 - - [07/Feb/2024:08:18:45 +0100] "GET /defaultsite HTTP/1.1" 200 18994 www.cronicadecordoba.com "-" "SiteLockSpider [en] (WinNT; I ;Nav)" "-"
184.154.139.0 - - [07/Feb/2024:08:18:46 +0100] "GET /spicons/templates/defaultsite/es-ES/images/domain.svg HTTP/1.1" 200 2095 www.cronicadecordoba.com "http://www.google.com/url?url=www.cronicadecordoba.com&yahoo.com" "Mozilla/5.0 (compatible; MSIE 9.0; Windows NT 6.1; WOW64; Trident/6.0)" "-"
184.154.139.0 - - [07/Feb/2024:08:18:46 +0100] "GET /spicons/templates/defaultsite/es-ES/images/domain_transfer.svg HTTP/1.1" 200 1201 www.cronicadecordoba.com "-" "SiteLockSpider [en] (WinNT; I ;Nav)" "-"
184.154.139.0 - - [07/Feb/2024:08:18:46 +0100] "GET /spicons/templates/defaultsite/es-ES/images/css/main.css HTTP/1.1" 200 486180 www.cronicadecordoba.com "http://www.google.com/url?url=www.cronicadecordoba.com&yahoo.com" "Mozilla/5.0 (compatible; MSIE 9.0; Windows NT 6.1; WOW64; Trident/6.0)" "-"
184.154.139.0 - - [07/Feb/2024:08:18:47 +0100] "GET /domaincheckresult?__SBMT:d359e110d15:=1&__SYNT:d359e110d15:__CMD(domaincheckresult):RETWRP=domainselect&__SYNT:d359e110d15:__CMD(domaincheckresult):SELWRP=multicheck&__SYNT:d359e110d15:__forcestop=true&__pageflow=Order&__sendingdata=1&linkId=ct.btn.check.default-page-check&multicheck.Domain=1 HTTP/1.1" 404 596 www.cronicadecordoba.com "-" "SiteLockSpider [en] (WinNT; I ;Nav)" "-"
74.125.209.0 - - [07/Feb/2024:08:20:46 +0100] "GET /category/educacion/feed/ HTTP/1.1" 200 16487 cronicareinodearagon.com "-" "FeedFetcher-Google; (+http://www.google.com/feedfetcher.html)" "-"
182.42.111.0 - - [07/Feb/2024:08:21:12 +0100] "GET / HTTP/1.1" 200 336 www.cronicadeextremadura.com "-" "Mozilla/5.0 (iPhone; CPU iPhone OS 13_2_3 like Mac OS X) AppleWebKit/605.1.15 (KHTML, like Gecko) Version/13.0.3 Mobile/15E148 Safari/604.1" "-"
182.42.111.0 - - [07/Feb/2024:08:21:12 +0100] "GET / HTTP/1.1" 301 245 www.cronicareinodearagon.com "-" "Mozilla/5.0 (iPhone; CPU iPhone OS 13_2_3 like Mac OS X) AppleWebKit/605.1.15 (KHTML, like Gecko) Version/13.0.3 Mobile/15E148 Safari/604.1" "-"
82.165.88.0 - - [07/Feb/2024:08:21:15 +0100] "POST /wp-cron.php?doing_wp_cron=1707290475.8226959705352783203125 HTTP/1.1" 200 - cronicareinodearagon.com "-" "WordPress/6.2.2; https://cronicareinodearagon.com" "-"
182.42.111.0 - - [07/Feb/2024:08:21:15 +0100] "GET / HTTP/1.1" 301 - www.cronicareinodearagon.com "http://www.cronicareinodearagon.com" "Mozilla/5.0 (iPhone; CPU iPhone OS 13_2_3 like Mac OS X) AppleWebKit/605.1.15 (KHTML, like Gecko) Version/13.0.3 Mobile/15E148 Safari/604.1" "-"
182.42.111.0 - - [07/Feb/2024:08:21:19 +0100] "GET / HTTP/1.1" 200 319475 cronicareinodearagon.com "https://www.cronicareinodearagon.com/" "Mozilla/5.0 (iPhone; CPU iPhone OS 13_2_3 like Mac OS X) AppleWebKit/605.1.15 (KHTML, like Gecko) Version/13.0.3 Mobile/15E148 Safari/604.1" "-"
74.125.209.0 - - [07/Feb/2024:08:27:35 +0100] "GET /category/sociedad/feed/ HTTP/1.1" 200 51420 cronicareinodearagon.com "-" "FeedFetcher-Google; (+http://www.google.com/feedfetcher.html)" "-"
43.155.169.0 - - [07/Feb/2024:08:31:13 +0100] "GET / HTTP/1.1" 200 336 www.grupocronicaenlibertad.com "-" "Mozilla/5.0 (iPhone; CPU iPhone OS 13_2_3 like Mac OS X) AppleWebKit/605.1.15 (KHTML, like Gecko) Version/13.0.3 Mobile/15E148 Safari/604.1" "-"
82.165.88.0 - - [07/Feb/2024:08:33:15 +0100] "POST /wp-cron.php?doing_wp_cron=1707291195.7939319610595703125000 HTTP/1.1" 200 - cronicareinodearagon.com "-" "WordPress/6.2.2; https://cronicareinodearagon.com" "-"
54.36.148.0 - - [07/Feb/2024:08:33:15 +0100] "GET /aragon/psoe-a-exige-juanma-moreno-infoca/ HTTP/1.1" 200 161869 cronicareinodearagon.com "-" "Mozilla/5.0 (compatible; AhrefsBot/7.0; +http://ahrefs.com/robot/)" "-"
54.36.148.0 - - [07/Feb/2024:08:33:17 +0100] "GET /wp-content/uploads/2022/08/pilar-navarro-psoe-a.jpg HTTP/1.1" 200 20263 cronicareinodearagon.com "-" "Mozilla/5.0 (compatible; AhrefsBot/7.0; +http://ahrefs.com/robot/)" "-"
74.125.212.0 - - [07/Feb/2024:08:37:44 +0100] "GET /category/economia/feed/ HTTP/1.1" 200 12913 cronicareinodearagon.com "-" "FeedFetcher-Google; (+http://www.google.com/feedfetcher.html)" "-"
43.134.190.0 - - [07/Feb/2024:08:38:33 +0100] "GET / HTTP/1.1" 200 336 www.cronicadelpaisvalenciano.com "-" "Mozilla/5.0 (iPhone; CPU iPhone OS 13_2_3 like Mac OS X) AppleWebKit/605.1.15 (KHTML, like Gecko) Version/13.0.3 Mobile/15E148 Safari/604.1" "-"
104.248.56.0 - - [07/Feb/2024:08:49:03 +0100] "GET / HTTP/1.1" 200 336 cronicadegranada.com "-" "Mozilla/5.0 (X11; Linux x86_64) AppleWebKit/537.36 (KHTML, like Gecko) Chrome/108.0.0.0 Safari/537.36" "-"
199.16.157.0 - - [07/Feb/2024:08:52:40 +0100] "GET /robots.txt HTTP/1.1" 200 202 cronicareinodearagon.com "-" "Twitterbot/1.0" "-"
82.165.88.0 - - [07/Feb/2024:08:52:40 +0100] "POST /wp-cron.php?doing_wp_cron=1707292360.5690009593963623046875 HTTP/1.1" 200 - cronicareinodearagon.com "-" "WordPress/6.2.2; https://cronicareinodearagon.com" "-"
199.16.157.0 - - [07/Feb/2024:08:52:40 +0100] "GET /robots.txt HTTP/1.1" 200 202 cronicareinodearagon.com "-" "Twitterbot/1.0" "-"
199.16.157.0 - - [07/Feb/2024:08:52:40 +0100] "GET /aragon/chunta-aragonesista-mitin-central-zaragoza/ HTTP/1.1" 200 172876 cronicareinodearagon.com "-" "Twitterbot/1.0" "-"
199.16.157.0 - - [07/Feb/2024:08:52:41 +0100] "GET /wp-content/uploads/2023/05/chunta-aragonesista-mitin-central-1.jpg HTTP/1.1" 200 69894 cronicareinodearagon.com "-" "Twitterbot/1.0" "-"
74.125.209.0 - - [07/Feb/2024:08:52:57 +0100] "GET /category/educacion/feed/ HTTP/1.1" 200 16487 cronicareinodearagon.com "-" "FeedFetcher-Google; (+http://www.google.com/feedfetcher.html)" "-"
40.77.167.0 - - [07/Feb/2024:08:54:52 +0100] "GET /aragon/nuevo-programa-de-aceleracion-gratuito-para-empresas-innovadoras/ HTTP/1.1" 200 34842 cronicareinodearagon.com "-" "Mozilla/5.0 AppleWebKit/537.36 (KHTML, like Gecko; compatible; bingbot/2.0; +http://www.bing.com/bingbot.htm) Chrome/116.0.1938.76 Safari/537.36" "-"
54.36.148.0 - - [07/Feb/2024:08:56:37 +0100] "GET /economia/utrera-vivienda-naranjal-castillo/ HTTP/1.1" 200 162362 cronicareinodearagon.com "-" "Mozilla/5.0 (compatible; AhrefsBot/7.0; +http://ahrefs.com/robot/)" "-"
82.165.88.0 - - [07/Feb/2024:08:56:38 +0100] "POST /wp-cron.php?doing_wp_cron=1707292598.2582690715789794921875 HTTP/1.1" 200 - cronicareinodearagon.com "-" "WordPress/6.2.2; https://cronicareinodearagon.com" "-"
54.36.149.0 - - [07/Feb/2024:08:56:40 +0100] "GET /wp-content/uploads/2022/07/Naranjal.jpg HTTP/1.1" 200 347902 cronicareinodearagon.com "-" "Mozilla/5.0 (compatible; AhrefsBot/7.0; +http://ahrefs.com/robot/)" "-"
74.125.209.0 - - [07/Feb/2024:08:59:51 +0100] "GET /category/politica/feed/ HTTP/1.1" 200 18273 cronicareinodearagon.com "-" "FeedFetcher-Google; (+http://www.google.com/feedfetcher.html)" "-"
82.165.88.0 - - [07/Feb/2024:08:59:52 +0100] "POST /wp-cron.php?doing_wp_cron=1707292792.2152829170227050781250 HTTP/1.1" 200 - cronicareinodearagon.com "-" "WordPress/6.2.2; https://cronicareinodearagon.com" "-"
82.165.88.0 - - [07/Feb/2024:09:01:07 +0100] "POST /wp-cron.php?doing_wp_cron=1707292867.7728459835052490234375 HTTP/1.1" 200 - cronicareinodearagon.com "-" "WordPress/6.2.2; https://cronicareinodearagon.com" "-"
130.255.166.0 - - [07/Feb/2024:09:01:07 +0100] "GET /sitemap_index.xml HTTP/1.1" 200 317 cronicareinodearagon.com "-" "Mozilla/5.0 (Windows NT 10.0; Win64; x64) AppleWebKit/537.36 (KHTML, like Gecko) Chrome/103.0.5060.134 Safari/537.36 Edg/103.0.1264.71" "-"
146.247.229.0 - - [07/Feb/2024:09:01:07 +0100] "GET /robots.txt HTTP/1.1" 200 188 cronicadearagon.com "-" "Mozilla/5.0 (Windows NT 10.0; Win64; x64) AppleWebKit/537.36 (KHTML, like Gecko) Chrome/103.0.5060.134 Safari/537.36 Edg/103.0.1264.71" "-"
93.158.98.0 - - [07/Feb/2024:09:01:08 +0100] "GET /humans.txt HTTP/1.1" 404 596 cronicadearagon.com "-" "Mozilla/5.0 (Windows NT 10.0; Win64; x64) AppleWebKit/537.36 (KHTML, like Gecko) Chrome/103.0.5060.134 Safari/537.36 Edg/103.0.1264.71" "-"
151.248.1.0 - - [07/Feb/2024:09:01:08 +0100] "GET /ads.txt HTTP/1.1" 404 596 cronicadearagon.com "-" "Mozilla/5.0 (Windows NT 10.0; Win64; x64) AppleWebKit/537.36 (KHTML, like Gecko) Chrome/103.0.5060.134 Safari/537.36 Edg/103.0.1264.71" "-"
