HEX
Server: Apache
System: Linux info 3.0 #1337 SMP Tue Jan 01 00:00:00 CEST 2000 all GNU/Linux
User: u108971390 (10552621)
PHP: 8.0.30
Disabled: NONE
Upload Files
File: /homepages/20/d917057205/htdocs/_ProviderRestore/logs/access.log.06.3
74.125.212.0 - - [07/Feb/2024:00:10:35 +0100] "GET /category/economia/feed/ HTTP/1.1" 200 42774 cronicareinodearagon.com "-" "FeedFetcher-Google; (+http://www.google.com/feedfetcher.html)" "-"
82.165.88.0 - - [07/Feb/2024:00:10:37 +0100] "POST /wp-cron.php?doing_wp_cron=1707261037.0561881065368652343750 HTTP/1.1" 200 - cronicareinodearagon.com "-" "WordPress/6.2.2; https://cronicareinodearagon.com" "-"
54.39.67.0 - - [07/Feb/2024:00:11:56 +0100] "GET /cgi-bin/samll.php?2854 HTTP/1.1" 404 596 cronicareinodearagon.com "cronicareinodearagon.com" "Mozilla/5.0 (Windows NT 6.1; Win64; x64) AppleWebKit/537.36 (KHTML, like Gecko) Chrome/242.02.8301.120 Safari/537.36" "-"
54.39.67.0 - - [07/Feb/2024:00:12:13 +0100] "GET /orakuploader/orakuploader.php?rotate=qwee&path=2866 HTTP/1.1" 301 296 cronicareinodearagon.com "cronicareinodearagon.com" "Mozilla/5.0 (Windows NT 6.1; Win64; x64) AppleWebKit/537.36 (KHTML, like Gecko) Chrome/242.02.8301.120 Safari/537.36" "-"
82.165.88.0 - - [07/Feb/2024:00:12:14 +0100] "POST /wp-cron.php?doing_wp_cron=1707261134.6125650405883789062500 HTTP/1.1" 200 - cronicareinodearagon.com "-" "WordPress/6.2.2; https://cronicareinodearagon.com" "-"
54.39.67.0 - - [07/Feb/2024:00:12:14 +0100] "GET /orakuploader/orakuploader.php?rotate=qwee&path=2866 HTTP/1.1" 404 144892 cronicareinodearagon.com "cronicareinodearagon.com" "Mozilla/5.0 (Windows NT 6.1; Win64; x64) AppleWebKit/537.36 (KHTML, like Gecko) Chrome/242.02.8301.120 Safari/537.36" "-"
85.239.34.0 - - [07/Feb/2024:00:12:32 +0100] "GET / HTTP/1.1" 200 336 cronicadesevilla.com "" "Mozilla/5.0 (Windows NT 10.0; Win64; x64; rv:109.0) Gecko/20100101 Firefox/116.0" "-"
54.39.67.0 - - [07/Feb/2024:00:12:37 +0100] "GET /about.php?2856 HTTP/1.1" 301 255 cronicareinodearagon.com "cronicareinodearagon.com" "Mozilla/5.0 (Windows NT 6.1; Win64; x64) AppleWebKit/537.36 (KHTML, like Gecko) Chrome/242.02.8301.120 Safari/537.36" "-"
54.39.67.0 - - [07/Feb/2024:00:12:37 +0100] "GET /about.php?2856 HTTP/1.1" 404 144831 cronicareinodearagon.com "cronicareinodearagon.com" "Mozilla/5.0 (Windows NT 6.1; Win64; x64) AppleWebKit/537.36 (KHTML, like Gecko) Chrome/242.02.8301.120 Safari/537.36" "-"
54.39.67.0 - - [07/Feb/2024:00:13:16 +0100] "GET /wp-admin/js/widgets/samll.php?2854 HTTP/1.1" 301 275 cronicareinodearagon.com "cronicareinodearagon.com" "Mozilla/5.0 (Windows NT 6.1; Win64; x64) AppleWebKit/537.36 (KHTML, like Gecko) Chrome/242.02.8301.120 Safari/537.36" "-"
82.165.88.0 - - [07/Feb/2024:00:13:17 +0100] "POST /wp-cron.php?doing_wp_cron=1707261197.6935729980468750000000 HTTP/1.1" 200 - cronicareinodearagon.com "-" "WordPress/6.2.2; https://cronicareinodearagon.com" "-"
54.39.67.0 - - [07/Feb/2024:00:13:17 +0100] "GET /wp-admin/js/widgets/samll.php?2854 HTTP/1.1" 404 144894 cronicareinodearagon.com "cronicareinodearagon.com" "Mozilla/5.0 (Windows NT 6.1; Win64; x64) AppleWebKit/537.36 (KHTML, like Gecko) Chrome/242.02.8301.120 Safari/537.36" "-"
54.39.67.0 - - [07/Feb/2024:00:13:34 +0100] "GET /plugins/orakuploader/orakuploader.php?rotate=qwee&path=2866 HTTP/1.1" 301 304 cronicareinodearagon.com "cronicareinodearagon.com" "Mozilla/5.0 (Windows NT 6.1; Win64; x64) AppleWebKit/537.36 (KHTML, like Gecko) Chrome/242.02.8301.120 Safari/537.36" "-"
54.39.67.0 - - [07/Feb/2024:00:13:34 +0100] "GET /plugins/orakuploader/orakuploader.php?rotate=qwee&path=2866 HTTP/1.1" 404 144917 cronicareinodearagon.com "cronicareinodearagon.com" "Mozilla/5.0 (Windows NT 6.1; Win64; x64) AppleWebKit/537.36 (KHTML, like Gecko) Chrome/242.02.8301.120 Safari/537.36" "-"
54.39.67.0 - - [07/Feb/2024:00:15:43 +0100] "GET /install.php?2856 HTTP/1.1" 301 257 cronicareinodearagon.com "cronicareinodearagon.com" "Mozilla/5.0 (Windows NT 6.1; Win64; x64) AppleWebKit/537.36 (KHTML, like Gecko) Chrome/242.02.8301.120 Safari/537.36" "-"
82.165.88.0 - - [07/Feb/2024:00:15:44 +0100] "POST /wp-cron.php?doing_wp_cron=1707261344.4867470264434814453125 HTTP/1.1" 200 - cronicareinodearagon.com "-" "WordPress/6.2.2; https://cronicareinodearagon.com" "-"
54.39.67.0 - - [07/Feb/2024:00:15:44 +0100] "GET /install.php?2856 HTTP/1.1" 404 144837 cronicareinodearagon.com "cronicareinodearagon.com" "Mozilla/5.0 (Windows NT 6.1; Win64; x64) AppleWebKit/537.36 (KHTML, like Gecko) Chrome/242.02.8301.120 Safari/537.36" "-"
134.122.59.0 - - [07/Feb/2024:00:19:59 +0100] "POST /xmlrpc.php HTTP/1.1" 200 416 cronicareinodearagon.com "-" "Mozilla/5.0 (Windows NT 5.1; rv:40.0) Gecko/20100101 Firefox/40.0" "-"
82.165.88.0 - - [07/Feb/2024:00:20:00 +0100] "POST /wp-cron.php?doing_wp_cron=1707261600.2739460468292236328125 HTTP/1.1" 200 - cronicareinodearagon.com "-" "WordPress/6.2.2; https://cronicareinodearagon.com" "-"
68.178.145.0 - - [07/Feb/2024:00:20:01 +0100] "POST /xmlrpc.php HTTP/1.1" 200 416 cronicareinodearagon.com "-" "Mozilla/5.0 (Linux; Android 10; LM-X420) AppleWebKit/537.36 (KHTML, like Gecko) Chrome/91.0.4472.114 Mobile Safari/537.36" "-"
170.75.163.0 - - [07/Feb/2024:00:20:08 +0100] "POST /xmlrpc.php HTTP/1.1" 200 416 cronicareinodearagon.com "-" "Mozilla/5.0 (iPod; CPU iPhone OS 14_6 like Mac OS X) AppleWebKit/605.1.15 (KHTML, like Gecko) CriOS/91.0.4472.80 Mobile/15E148 Safari/604.1" "-"
93.107.1.0 - - [07/Feb/2024:00:20:10 +0100] "POST /xmlrpc.php HTTP/1.1" 200 416 cronicareinodearagon.com "-" "Mozilla/5.0 (Windows NT 6.1; rv:17.0) Gecko/20100101 Firefox/20.6.14" "-"
134.122.59.0 - - [07/Feb/2024:00:20:15 +0100] "POST /xmlrpc.php HTTP/1.1" 200 416 cronicareinodearagon.com "-" "Mozilla/5.0 (Windows NT 10.0; Win64; x64) AppleWebKit/537.36 (KHTML, like Gecko) Chrome/85.0.4183.121 Safari/537.36" "-"
192.158.237.0 - - [07/Feb/2024:00:20:18 +0100] "POST /xmlrpc.php HTTP/1.1" 200 416 cronicareinodearagon.com "-" "Mozilla/5.0 (Windows NT 6.1; Win64; x64; rv:58.0) Gecko/20100101 Firefox/58.0" "-"
150.162.233.0 - - [07/Feb/2024:00:20:21 +0100] "POST /xmlrpc.php HTTP/1.1" 200 416 cronicareinodearagon.com "-" "Mozilla/5.0 (Windows NT 6.1; Win64; x64) AppleWebKit/537.36 (KHTML, like Gecko) Chrome/79.0.3945.88 Safari/537.36" "-"
176.62.172.0 - - [07/Feb/2024:00:20:23 +0100] "POST /xmlrpc.php HTTP/1.1" 200 416 cronicareinodearagon.com "-" "Mozilla/5.0 (iPhone; CPU iPhone OS 14_6 like Mac OS X) AppleWebKit/605.1.15 (KHTML, like Gecko) CriOS/91.0.4472.80 Mobile/15E148 Safari/604.1" "-"
198.12.210.0 - - [07/Feb/2024:00:20:27 +0100] "POST /xmlrpc.php HTTP/1.1" 200 416 cronicareinodearagon.com "-" "Mozilla/5.0 (Windows NT 10.0; Win64; x64) AppleWebKit/537.36 (KHTML, like Gecko) Chrome/87.0.4280.141 Safari/537.36" "-"
188.40.94.0 - - [07/Feb/2024:00:20:29 +0100] "POST /xmlrpc.php HTTP/1.1" 200 416 cronicareinodearagon.com "-" "Mozilla/5.0 (Windows NT 10.0; Win64; x64) AppleWebKit/537.36 (KHTML, like Gecko) Chrome/83.0.4103.116 Safari/537.36" "-"
217.160.209.0 - - [07/Feb/2024:00:20:29 +0100] "POST /xmlrpc.php HTTP/1.1" 200 416 cronicareinodearagon.com "-" "Mozilla/5.0 (Windows NT 10.0; Win64; x64; rv:88.0) Gecko/20100101 Firefox/88.0" "-"
185.217.41.0 - - [07/Feb/2024:00:20:30 +0100] "POST /xmlrpc.php HTTP/1.1" 200 416 cronicareinodearagon.com "-" "Mozilla/5.0 (Windows NT 10.0; Win64; x64) AppleWebKit/537.36 (KHTML, like Gecko) Chrome/80.0.3987.132 Safari/537.36" "-"
176.62.172.0 - - [07/Feb/2024:00:20:33 +0100] "POST /xmlrpc.php HTTP/1.1" 200 416 cronicareinodearagon.com "-" "Mozilla/5.0 (Windows NT 10.0; Win64; x64) AppleWebKit/537.36 (KHTML, like Gecko) Chrome/74.0.3729.131 Safari/537.36" "-"
5.44.111.0 - - [07/Feb/2024:00:20:37 +0100] "POST /xmlrpc.php HTTP/1.1" 200 416 cronicareinodearagon.com "-" "Mozilla/5.0 (Windows NT 5.1; rv:7.0.1) Gecko/20100101 Firefox/7.0.1" "-"
91.134.248.0 - - [07/Feb/2024:00:20:38 +0100] "POST /xmlrpc.php HTTP/1.1" 200 416 cronicareinodearagon.com "-" "Mozilla/5.0 (Windows NT 10.0; Win64; x64) AppleWebKit/537.36 (KHTML, like Gecko) Chrome/85.0.4183.121 Safari/537.36" "-"
93.107.1.0 - - [07/Feb/2024:00:20:39 +0100] "POST /xmlrpc.php HTTP/1.1" 200 416 cronicareinodearagon.com "-" "Mozilla/5.0 (Windows NT 10.0; Win64; x64) AppleWebKit/537.36 (KHTML, like Gecko) Chrome/80.0.3987.132 Safari/537.36" "-"
54.36.149.0 - - [07/Feb/2024:00:20:55 +0100] "GET /aragon/granada-algarinejo-asesinato-machista/ HTTP/1.1" 200 161328 cronicareinodearagon.com "-" "Mozilla/5.0 (compatible; AhrefsBot/7.0; +http://ahrefs.com/robot/)" "-"
82.165.88.0 - - [07/Feb/2024:00:20:56 +0100] "POST /wp-cron.php?doing_wp_cron=1707261656.0171930789947509765625 HTTP/1.1" 200 - cronicareinodearagon.com "-" "WordPress/6.2.2; https://cronicareinodearagon.com" "-"
66.249.84.0 - - [07/Feb/2024:00:25:28 +0100] "GET /category/politica/feed/ HTTP/1.1" 200 18273 cronicareinodearagon.com "-" "FeedFetcher-Google; (+http://www.google.com/feedfetcher.html)" "-"
66.249.84.0 - - [07/Feb/2024:00:28:13 +0100] "GET /category/politica/feed/ HTTP/1.1" 200 18273 cronicareinodearagon.com "-" "FeedFetcher-Google; (+http://www.google.com/feedfetcher.html)" "-"
54.36.149.0 - - [07/Feb/2024:00:31:23 +0100] "GET /economia/licitacion-obras-planta-fotovoltaica-cadiz/ HTTP/1.1" 200 166382 cronicareinodearagon.com "-" "Mozilla/5.0 (compatible; AhrefsBot/7.0; +http://ahrefs.com/robot/)" "-"
82.165.88.0 - - [07/Feb/2024:00:31:24 +0100] "POST /wp-cron.php?doing_wp_cron=1707262284.0839569568634033203125 HTTP/1.1" 200 - cronicareinodearagon.com "-" "WordPress/6.2.2; https://cronicareinodearagon.com" "-"
54.36.148.0 - - [07/Feb/2024:00:31:26 +0100] "GET /wp-content/uploads/2022/01/Archivo-Aguas-de-Cadiz-AYUNTAMIENTO-DE-CADIZ-Archivo.jpg HTTP/1.1" 200 94609 cronicareinodearagon.com "-" "Mozilla/5.0 (compatible; AhrefsBot/7.0; +http://ahrefs.com/robot/)" "-"
54.36.148.0 - - [07/Feb/2024:00:42:36 +0100] "GET /aragon/precio-pcr-navidad-andalucia/ HTTP/1.1" 200 165028 cronicareinodearagon.com "-" "Mozilla/5.0 (compatible; AhrefsBot/7.0; +http://ahrefs.com/robot/)" "-"
82.165.88.0 - - [07/Feb/2024:00:42:37 +0100] "POST /wp-cron.php?doing_wp_cron=1707262957.1020119190216064453125 HTTP/1.1" 200 - cronicareinodearagon.com "-" "WordPress/6.2.2; https://cronicareinodearagon.com" "-"
82.165.88.0 - - [07/Feb/2024:00:43:09 +0100] "POST /wp-cron.php?doing_wp_cron=1707262989.6023969650268554687500 HTTP/1.1" 200 - cronicareinodearagon.com "-" "WordPress/6.2.2; https://cronicareinodearagon.com" "-"
74.125.212.0 - - [07/Feb/2024:00:43:09 +0100] "GET /category/economia/feed/ HTTP/1.1" 200 42774 cronicareinodearagon.com "-" "FeedFetcher-Google; (+http://www.google.com/feedfetcher.html)" "-"
35.153.135.0 - - [07/Feb/2024:00:43:14 +0100] "GET /.git/config HTTP/1.1" 403 775 cronicareinodearagon.com "-" "Mozilla/5.0 (Linux; Android 9; SAMSUNG SM-G975U Build/PPR1.180610.011) AppleWebKit/537.36 (KHTML, like Gecko) SamsungBrowser/9.4 Chrome/67.0.3396.87 Mobile Safari/537.36" "-"
35.153.135.0 - - [07/Feb/2024:00:43:14 +0100] "GET /.git/config HTTP/1.1" 403 775 cronicadesevilla.com "-" "Mozilla/4.0 (compatible; MSIE 6.0; Windows 98; PalmSource/hspr-H102; Blazer/4.0) 16;320x320" "-"
35.153.135.0 - - [07/Feb/2024:00:43:16 +0100] "GET /.git/config HTTP/1.1" 403 775 cronicadearagon.com "-" "Mozilla/4.8 [en] (X11; U; SunOS; 5.7 sun4u)" "-"
35.153.135.0 - - [07/Feb/2024:00:43:18 +0100] "GET /.git/config HTTP/1.1" 403 775 cronicadegranada.com "-" "Mozilla/5.0 (Linux U; en-US)  AppleWebKit/528.5  (KHTML, like Gecko, Safari/528.5 ) Version/4.0 Kindle/3.0 (screen 600x800; rotate)" "-"
35.153.135.0 - - [07/Feb/2024:00:43:18 +0100] "GET /.git/config HTTP/1.1" 403 775 cronicadeasturias.com "-" "Opera/9.80 (Android; Opera Mini/7.6.40234/151.113; U; en) Presto/2.12.423 Version/12.16" "-"
35.153.135.0 - - [07/Feb/2024:00:43:18 +0100] "GET /.git/config HTTP/1.1" 403 775 cronicadeextremadura.com "-" "Opera/9.80 (X11; Linux i686; U; en) Presto/2.2.15 Version/10.10" "-"
35.153.135.0 - - [07/Feb/2024:00:43:18 +0100] "GET /.git/config HTTP/1.1" 403 775 cronicadevalencia.com "-" "Mozilla/5.0 (Linux; Android 9; Redmi K20 Pro Build/PKQ1.181121.001; wv) AppleWebKit/537.36 (KHTML, like Gecko) Version/4.0 Chrome/66.0.3359.126 MQQBrowser/6.2 TBS/044807 Mobile Safari/537.36 MMWEBID/4406 MicroMessenger/7.0.6.1460(0x27000634) Process/tools NetType/WIFI Language/zh_CN" "-"
35.153.135.0 - - [07/Feb/2024:00:43:18 +0100] "GET /.git/config HTTP/1.1" 403 775 cronicadehuelva.com "-" "Mozilla/5.0 (Windows NT 6.1; WOW64) AppleWebKit/537.1 (KHTML, like Gecko) Chrome/22.0.1207.1 Safari/537.1" "-"
35.153.135.0 - - [07/Feb/2024:00:43:18 +0100] "GET /.git/config HTTP/1.1" 403 775 cronicadecordoba.com "-" "Mozilla/5.0 (Linux; Android 7.1.2; Redmi 5) AppleWebKit/537.36 (KHTML, like Gecko) Chrome/74.0.3729.157 Mobile Safari/537.36" "-"
35.153.135.0 - - [07/Feb/2024:00:43:18 +0100] "GET /.git/config HTTP/1.1" 403 775 cronicadecadiz.com "-" "Mozilla/5.0 (Linux; U; Android 2.2; en-us; Droid Build/FRG22D) AppleWebKit/533.1 (KHTML, like Gecko) Version/4.0 Mobile Safari/533.1" "-"
35.153.135.0 - - [07/Feb/2024:00:43:18 +0100] "GET /.git/config HTTP/1.1" 403 775 cronicadealmeria.com "-" "Mozilla/4.0 (PSP (PlayStation Portable); 2.00)" "-"
35.153.135.0 - - [07/Feb/2024:00:43:18 +0100] "GET /.git/config HTTP/1.1" 403 775 cronicademalaga.com "-" "Mozilla/5.0 (compatible; Konqueror/4.5; FreeBSD) KHTML/4.5.4 (like Gecko)" "-"
35.153.135.0 - - [07/Feb/2024:00:43:20 +0100] "GET /.git/config HTTP/1.1" 403 775 cronicadejaen.com "-" "Mozilla/5.0 (X11; Linux x86_64) AppleWebKit/537.36 (KHTML, like Gecko) Chrome/78.0.3876.0 Safari/537.36" "-"
35.153.135.0 - - [07/Feb/2024:00:43:20 +0100] "GET /.git/config HTTP/1.1" 403 775 cronicadelpaisvalenciano.com "-" "Mozilla/5.0 (Linux; Android 9; Redmi Note 5) AppleWebKit/537.36 (KHTML, like Gecko) Chrome/75.0.3770.143 Mobile Safari/537.36" "-"
66.249.84.0 - - [07/Feb/2024:00:46:04 +0100] "GET /category/sociedad/feed/ HTTP/1.1" 200 51420 cronicareinodearagon.com "-" "FeedFetcher-Google; (+http://www.google.com/feedfetcher.html)" "-"
93.158.91.0 - - [07/Feb/2024:00:47:22 +0100] "GET / HTTP/1.1" 200 319420 cronicareinodearagon.com "-" "Mozilla/5.0 (Windows NT 10.0; Win64; x64) AppleWebKit/537.36 (KHTML, like Gecko) Chrome/105.0.0.0 Safari/537.36" "-"
93.158.91.0 - - [07/Feb/2024:00:47:22 +0100] "GET /wp-content/uploads/2022/10/cropped-Favicon_CrAra-32x32.png HTTP/1.1" 200 1079 cronicareinodearagon.com "-" "Mozilla/5.0 (Windows NT 10.0; Win64; x64) AppleWebKit/537.36 (KHTML, like Gecko) Chrome/105.0.0.0 Safari/537.36" "-"
82.165.88.0 - - [07/Feb/2024:00:51:59 +0100] "POST /wp-cron.php?doing_wp_cron=1707263519.4115641117095947265625 HTTP/1.1" 200 - cronicareinodearagon.com "-" "WordPress/6.2.2; https://cronicareinodearagon.com" "-"
54.36.148.0 - - [07/Feb/2024:00:51:59 +0100] "GET /category/economia/page/9/ HTTP/1.1" 200 147286 cronicareinodearagon.com "-" "Mozilla/5.0 (compatible; AhrefsBot/7.0; +http://ahrefs.com/robot/)" "-"
66.249.84.0 - - [07/Feb/2024:00:58:17 +0100] "GET /category/sociedad/feed/ HTTP/1.1" 200 51420 cronicareinodearagon.com "-" "FeedFetcher-Google; (+http://www.google.com/feedfetcher.html)" "-"
82.165.88.0 - - [07/Feb/2024:01:02:36 +0100] "POST /wp-cron.php?doing_wp_cron=1707264156.4438369274139404296875 HTTP/1.1" 200 - cronicareinodearagon.com "-" "WordPress/6.2.2; https://cronicareinodearagon.com" "-"
54.36.149.0 - - [07/Feb/2024:01:02:36 +0100] "GET /aragon/juan-marin-audio-presupuestos/ HTTP/1.1" 200 169347 cronicareinodearagon.com "-" "Mozilla/5.0 (compatible; AhrefsBot/7.0; +http://ahrefs.com/robot/)" "-"
54.36.148.0 - - [07/Feb/2024:01:02:40 +0100] "GET /wp-content/uploads/2021/11/juan-marin.jpg HTTP/1.1" 200 65364 cronicareinodearagon.com "-" "Mozilla/5.0 (compatible; AhrefsBot/7.0; +http://ahrefs.com/robot/)" "-"
40.77.167.0 - - [07/Feb/2024:01:06:29 +0100] "GET /aragon/ustea-alerta-falta-personal-centros-educativos-andalucia/feed/ HTTP/1.1" 200 1002 cronicareinodearagon.com "-" "Mozilla/5.0 AppleWebKit/537.36 (KHTML, like Gecko; compatible; bingbot/2.0; +http://www.bing.com/bingbot.htm) Chrome/116.0.1938.76 Safari/537.36" "-"
82.165.88.0 - - [07/Feb/2024:01:06:30 +0100] "POST /wp-cron.php?doing_wp_cron=1707264390.0423851013183593750000 HTTP/1.1" 200 - cronicareinodearagon.com "-" "WordPress/6.2.2; https://cronicareinodearagon.com" "-"
82.165.88.0 - - [07/Feb/2024:01:12:51 +0100] "POST /wp-cron.php?doing_wp_cron=1707264771.5750730037689208984375 HTTP/1.1" 200 - cronicareinodearagon.com "-" "WordPress/6.2.2; https://cronicareinodearagon.com" "-"
54.36.149.0 - - [07/Feb/2024:01:12:51 +0100] "GET /robots.txt HTTP/1.1" 200 202 cronicareinodearagon.com "-" "Mozilla/5.0 (compatible; AhrefsBot/7.0; +http://ahrefs.com/robot/)" "-"
54.36.149.0 - - [07/Feb/2024:01:12:53 +0100] "GET /aragon/datos-covid-andalucia-sabado/ HTTP/1.1" 200 164184 cronicareinodearagon.com "-" "Mozilla/5.0 (compatible; AhrefsBot/7.0; +http://ahrefs.com/robot/)" "-"
139.59.171.0 - - [07/Feb/2024:01:29:56 +0100] "GET / HTTP/1.1" 200 336 cronicadecordoba.com "-" "Mozilla/5.0 (X11; Linux x86_64) AppleWebKit/537.36 (KHTML, like Gecko) Chrome/108.0.0.0 Safari/537.36" "-"
66.249.84.0 - - [07/Feb/2024:01:34:31 +0100] "GET /category/educacion/feed/ HTTP/1.1" 200 56994 cronicareinodearagon.com "-" "FeedFetcher-Google; (+http://www.google.com/feedfetcher.html)" "-"
82.165.88.0 - - [07/Feb/2024:01:34:33 +0100] "POST /wp-cron.php?doing_wp_cron=1707266073.4873158931732177734375 HTTP/1.1" 200 - cronicareinodearagon.com "-" "WordPress/6.2.2; https://cronicareinodearagon.com" "-"
152.42.136.0 - - [07/Feb/2024:01:40:49 +0100] "GET / HTTP/1.1" 200 336 cronicadeasturias.com "-" "Mozilla/5.0 (X11; Linux x86_64) AppleWebKit/537.36 (KHTML, like Gecko) Chrome/108.0.0.0 Safari/537.36" "-"
173.249.52.0 - - [07/Feb/2024:01:48:58 +0100] "GET /input.php HTTP/1.1" 301 250 cronicareinodearagon.com "www.google.com" "Mozlila/5.0 (Linux; Android 7.0; SM-G892A Bulid/NRD90M; wv) AppleWebKit/537.36 (KHTML, like Gecko) Version/4.0 Chrome/60.0.3112.107 Moblie Safari/537.36" "-"
82.165.88.0 - - [07/Feb/2024:01:49:15 +0100] "POST /wp-cron.php?doing_wp_cron=1707266955.5468111038208007812500 HTTP/1.1" 200 - cronicareinodearagon.com "-" "WordPress/6.2.2; https://cronicareinodearagon.com" "-"
173.249.52.0 - - [07/Feb/2024:01:49:15 +0100] "GET /input.php HTTP/1.1" 404 144865 cronicareinodearagon.com "www.google.com" "Mozlila/5.0 (Linux; Android 7.0; SM-G892A Bulid/NRD90M; wv) AppleWebKit/537.36 (KHTML, like Gecko) Version/4.0 Chrome/60.0.3112.107 Moblie Safari/537.36" "-"
184.154.139.0 - - [07/Feb/2024:01:51:14 +0100] "GET / HTTP/1.1" 200 336 www.cronicademalaga.com "http://www.google.com/url?url=www.cronicademalaga.com&yahoo.com" "Mozilla/5.0 (compatible; MSIE 9.0; Windows NT 6.1; WOW64; Trident/6.0)" "-"
184.154.139.0 - - [07/Feb/2024:01:51:14 +0100] "GET /th1s_1s_a_4o4.html HTTP/1.1" 404 596 www.cronicademalaga.com "http://www.google.com/url?url=www.cronicademalaga.com&yahoo.com" "Mozilla/5.0 (compatible; MSIE 9.0; Windows NT 6.1; WOW64; Trident/6.0)" "-"
184.154.139.0 - - [07/Feb/2024:01:51:14 +0100] "GET /spicons/templates/defaultsite/es-ES/images/domain_transfer.svg HTTP/1.1" 200 1201 www.cronicademalaga.com "http://www.google.com/url?url=www.cronicademalaga.com&yahoo.com" "Mozilla/5.0 (compatible; MSIE 9.0; Windows NT 6.1; WOW64; Trident/6.0)" "-"
184.154.139.0 - - [07/Feb/2024:01:51:15 +0100] "GET /defaultsite HTTP/1.1" 200 18994 www.cronicademalaga.com "-" "SiteLockSpider [en] (WinNT; I ;Nav)" "-"
184.154.139.0 - - [07/Feb/2024:01:51:15 +0100] "GET /spicons/templates/defaultsite/es-ES/images/domain.svg HTTP/1.1" 200 2095 www.cronicademalaga.com "-" "SiteLockSpider [en] (WinNT; I ;Nav)" "-"
184.154.139.0 - - [07/Feb/2024:01:51:16 +0100] "GET /domaincheckresult?__SBMT:d359e110d15:=1&__SYNT:d359e110d15:__CMD(domaincheckresult):RETWRP=domainselect&__SYNT:d359e110d15:__CMD(domaincheckresult):SELWRP=multicheck&__SYNT:d359e110d15:__forcestop=true&__pageflow=Order&__sendingdata=1&linkId=ct.btn.check.default-page-check&multicheck.Domain=1 HTTP/1.1" 404 596 www.cronicademalaga.com "-" "SiteLockSpider [en] (WinNT; I ;Nav)" "-"
184.154.139.0 - - [07/Feb/2024:01:51:16 +0100] "GET /spicons/templates/defaultsite/es-ES/images/css/main.css HTTP/1.1" 200 486180 www.cronicademalaga.com "http://www.google.com/url?url=www.cronicademalaga.com&yahoo.com" "Mozilla/5.0 (compatible; MSIE 9.0; Windows NT 6.1; WOW64; Trident/6.0)" "-"
184.154.139.0 - - [07/Feb/2024:01:51:17 +0100] "GET /spicons/templates/defaultsite/es-ES/images/ic-world.svg HTTP/1.1" 200 1248 www.cronicademalaga.com "-" "SiteLockSpider [en] (WinNT; I ;Nav)" "-"
173.249.52.0 - - [07/Feb/2024:01:51:23 +0100] "GET /simple.php HTTP/1.1" 301 251 cronicareinodearagon.com "www.google.com" "Mozlila/5.0 (Linux; Android 7.0; SM-G892A Bulid/NRD90M; wv) AppleWebKit/537.36 (KHTML, like Gecko) Version/4.0 Chrome/60.0.3112.107 Moblie Safari/537.36" "-"
74.125.212.0 - - [07/Feb/2024:02:01:05 +0100] "GET /category/economia/feed/ HTTP/1.1" 200 42774 cronicareinodearagon.com "-" "FeedFetcher-Google; (+http://www.google.com/feedfetcher.html)" "-"
82.165.88.0 - - [07/Feb/2024:02:01:06 +0100] "POST /wp-cron.php?doing_wp_cron=1707267666.1085340976715087890625 HTTP/1.1" 200 - cronicareinodearagon.com "-" "WordPress/6.2.2; https://cronicareinodearagon.com" "-"
82.165.88.0 - - [07/Feb/2024:02:09:37 +0100] "POST /wp-cron.php?doing_wp_cron=1707268177.9469699859619140625000 HTTP/1.1" 200 - cronicareinodearagon.com "-" "WordPress/6.2.2; https://cronicareinodearagon.com" "-"
92.205.146.0 - - [07/Feb/2024:02:09:37 +0100] "POST /xmlrpc.php HTTP/1.1" 200 416 cronicareinodearagon.com "-" "Mozilla/5.0 (Windows NT 10.0; Win64; x64) AppleWebKit/537.36 (KHTML, like Gecko) Chrome/84.0.4147.135 Safari/537.36" "-"
2001:1460:: - - [07/Feb/2024:02:09:41 +0100] "POST /xmlrpc.php HTTP/1.1" 200 416 cronicareinodearagon.com "-" "Mozilla/5.0 (Windows NT 10.0; Win64; x64) AppleWebKit/537.36 (KHTML, like Gecko) Chrome/72.0.3626.121 Safari/537.36" "-"
82.165.88.0 - - [07/Feb/2024:02:09:42 +0100] "POST /wp-cron.php?doing_wp_cron=1707268182.1735730171203613281250 HTTP/1.1" 200 - cronicareinodearagon.com "-" "WordPress/6.2.2; https://cronicareinodearagon.com" "-"
92.205.146.0 - - [07/Feb/2024:02:09:49 +0100] "POST /xmlrpc.php HTTP/1.1" 200 416 cronicareinodearagon.com "-" "Mozilla/5.0 (Windows NT 5.1; rv:40.0) Gecko/20100101 Firefox/40.0" "-"
68.178.149.0 - - [07/Feb/2024:02:09:49 +0100] "POST /xmlrpc.php HTTP/1.1" 200 416 cronicareinodearagon.com "-" "Mozilla/5.0 (Windows NT 10.0; Win64; x64) AppleWebKit/537.36 (KHTML, like Gecko) Chrome/69.0.3497.100 Safari/537.36" "-"
93.107.1.0 - - [07/Feb/2024:02:09:54 +0100] "POST /xmlrpc.php HTTP/1.1" 200 416 cronicareinodearagon.com "-" "Mozilla/5.0 (Windows NT 10.0; Win64; x64) AppleWebKit/537.36 (KHTML, like Gecko) Chrome/79.0.3945.117 Safari/537.36" "-"
103.81.85.0 - - [07/Feb/2024:02:09:59 +0100] "POST /xmlrpc.php HTTP/1.1" 200 416 cronicareinodearagon.com "-" "Mozilla/5.0 (Windows NT 10.0; Win64; x64) AppleWebKit/537.36 (KHTML, like Gecko) Chrome/88.0.4324.104 Safari/537.36" "-"
34.80.19.0 - - [07/Feb/2024:02:10:00 +0100] "POST /xmlrpc.php HTTP/1.1" 200 416 cronicareinodearagon.com "-" "Mozilla/5.0 (Linux; Android 10; LM-X420) AppleWebKit/537.36 (KHTML, like Gecko) Chrome/91.0.4472.114 Mobile Safari/537.36" "-"
138.68.236.0 - - [07/Feb/2024:02:10:12 +0100] "POST /xmlrpc.php HTTP/1.1" 200 416 cronicareinodearagon.com "-" "Mozilla/5.0 (Windows NT 10.0) AppleWebKit/537.36 (KHTML, like Gecko) Chrome/72.0.3626.121 Safari/537.36" "-"
93.107.1.0 - - [07/Feb/2024:02:10:15 +0100] "POST /xmlrpc.php HTTP/1.1" 200 416 cronicareinodearagon.com "-" "Mozilla/5.0 (Windows NT 10.0; Win64; x64; rv:67.0) Gecko/20100101 Firefox/67.0" "-"
2a01:8740:ff00:: - - [07/Feb/2024:02:10:17 +0100] "POST /xmlrpc.php HTTP/1.1" 200 416 cronicareinodearagon.com "-" "Mozilla/5.0 (Windows NT 5.1; rv:33.0) Gecko/20100101 Firefox/33.0" "-"
185.98.5.0 - - [07/Feb/2024:02:10:19 +0100] "POST /xmlrpc.php HTTP/1.1" 200 416 cronicareinodearagon.com "-" "Mozilla/5.0 (Windows NT 10.0; Win64; x64; rv:63.0) Gecko/20100101 Firefox/63.0" "-"
185.215.166.0 - - [07/Feb/2024:02:10:26 +0100] "POST /xmlrpc.php HTTP/1.1" 200 416 cronicareinodearagon.com "-" "Mozilla/5.0 (Windows NT 6.0; rv:34.0) Gecko/20100101 Firefox/34.0" "-"
66.249.84.0 - - [07/Feb/2024:02:15:12 +0100] "GET /category/sociedad/feed/ HTTP/1.1" 200 51420 cronicareinodearagon.com "-" "FeedFetcher-Google; (+http://www.google.com/feedfetcher.html)" "-"
66.249.84.0 - - [07/Feb/2024:02:23:42 +0100] "GET /category/sociedad/feed/ HTTP/1.1" 200 51420 cronicareinodearagon.com "-" "FeedFetcher-Google; (+http://www.google.com/feedfetcher.html)" "-"
185.233.3.0 - - [07/Feb/2024:02:27:14 +0100] "GET /wp-content/plugins/core-plugin/include.php HTTP/1.1" 404 596 grupocronicaenlibertad.com "-" "Mozilla/5.0 (Linux; Android 7.1.2; Redmi 4X Build/N2G47H) AppleWebKit/537.36 (KHTML, like Gecko) Chrome/67.0.3396.81 Mobile Safari/537.36" "-"
66.249.84.0 - - [07/Feb/2024:02:30:57 +0100] "GET /category/sociedad/feed/ HTTP/1.1" 200 51420 cronicareinodearagon.com "-" "FeedFetcher-Google; (+http://www.google.com/feedfetcher.html)" "-"
45.87.253.0 - - [07/Feb/2024:02:35:49 +0100] "POST /wp-comments-post.php HTTP/1.1" 302 - cronicareinodearagon.com "https://cronicareinodearagon.com/aragon/resultados-elecciones-autonomicas-municipales-aragon/" "Mozilla/5.0 (Windows NT 10.0; Win64; x64) AppleWebKit/537.36 (KHTML, like Gecko) Chrome/120.0.0.0 Safari/537.36" "-"
82.165.88.0 - - [07/Feb/2024:02:35:50 +0100] "POST /wp-cron.php?doing_wp_cron=1707269750.8569490909576416015625 HTTP/1.1" 200 - cronicareinodearagon.com "-" "WordPress/6.2.2; https://cronicareinodearagon.com" "-"
45.87.253.0 - - [07/Feb/2024:02:35:52 +0100] "GET /aragon/resultados-elecciones-autonomicas-municipales-aragon/ HTTP/1.1" 200 169151 cronicareinodearagon.com "https://cronicareinodearagon.com/wp-comments-post.php" "Mozilla/5.0 (Windows NT 10.0; Win64; x64) AppleWebKit/537.36 (KHTML, like Gecko) Chrome/120.0.0.0 Safari/537.36" "-"
82.165.88.0 - - [07/Feb/2024:02:40:53 +0100] "POST /wp-cron.php?doing_wp_cron=1707270053.3812179565429687500000 HTTP/1.1" 200 - cronicareinodearagon.com "-" "WordPress/6.2.2; https://cronicareinodearagon.com" "-"
54.36.148.0 - - [07/Feb/2024:02:40:53 +0100] "GET /aragon/empresas-andalucia-fruit-logistica-berlin/ HTTP/1.1" 200 169969 cronicareinodearagon.com "-" "Mozilla/5.0 (compatible; AhrefsBot/7.0; +http://ahrefs.com/robot/)" "-"
43.134.66.0 - - [07/Feb/2024:02:58:20 +0100] "GET / HTTP/1.1" 200 336 www.cronicadejaen.com "-" "Mozilla/5.0 (iPhone; CPU iPhone OS 13_2_3 like Mac OS X) AppleWebKit/605.1.15 (KHTML, like Gecko) Version/13.0.3 Mobile/15E148 Safari/604.1" "-"
66.249.84.0 - - [07/Feb/2024:03:00:52 +0100] "GET /category/educacion/feed/ HTTP/1.1" 200 56994 cronicareinodearagon.com "-" "FeedFetcher-Google; (+http://www.google.com/feedfetcher.html)" "-"
82.165.88.0 - - [07/Feb/2024:03:00:53 +0100] "POST /wp-cron.php?doing_wp_cron=1707271253.8534400463104248046875 HTTP/1.1" 200 - cronicareinodearagon.com "-" "WordPress/6.2.2; https://cronicareinodearagon.com" "-"
93.158.91.0 - - [07/Feb/2024:03:12:00 +0100] "GET / HTTP/1.1" 200 336 cronicadesevilla.com "-" "Mozilla/5.0 (Windows NT 10.0; Win64; x64) AppleWebKit/537.36 (KHTML, like Gecko) Chrome/105.0.0.0 Safari/537.36" "-"
93.158.91.0 - - [07/Feb/2024:03:12:00 +0100] "GET /favicon.ico HTTP/1.1" 404 596 cronicadesevilla.com "-" "Mozilla/5.0 (Windows NT 10.0; Win64; x64) AppleWebKit/537.36 (KHTML, like Gecko) Chrome/105.0.0.0 Safari/537.36" "-"
17.241.75.0 - - [07/Feb/2024:03:13:32 +0100] "GET /robots.txt HTTP/1.1" 200 188 cronicadevalencia.com "-" "Mozilla/5.0 (Macintosh; Intel Mac OS X 10_15_5) AppleWebKit/605.1.15 (KHTML, like Gecko) Version/13.1.1 Safari/605.1.15 (Applebot/0.1; +http://www.apple.com/go/applebot)" "-"
17.241.75.0 - - [07/Feb/2024:03:13:33 +0100] "GET /defaultsite HTTP/1.1" 200 18994 cronicadevalencia.com "-" "Mozilla/5.0 (Macintosh; Intel Mac OS X 10_15_5) AppleWebKit/605.1.15 (KHTML, like Gecko) Version/13.1.1 Safari/605.1.15 (Applebot/0.1; +http://www.apple.com/go/applebot)" "-"
54.36.148.0 - - [07/Feb/2024:03:14:58 +0100] "GET /category/politica/page/26/ HTTP/1.1" 200 147438 cronicareinodearagon.com "-" "Mozilla/5.0 (compatible; AhrefsBot/7.0; +http://ahrefs.com/robot/)" "-"
82.165.88.0 - - [07/Feb/2024:03:14:59 +0100] "POST /wp-cron.php?doing_wp_cron=1707272099.3656520843505859375000 HTTP/1.1" 200 - cronicareinodearagon.com "-" "WordPress/6.2.2; https://cronicareinodearagon.com" "-"
164.92.121.0 - - [07/Feb/2024:03:15:06 +0100] "GET / HTTP/1.1" 200 336 cronicadearagon.com "-" "Mozilla/5.0 (X11; Linux x86_64) AppleWebKit/537.36 (KHTML, like Gecko) Chrome/108.0.0.0 Safari/537.36" "-"
164.92.121.0 - - [07/Feb/2024:03:15:07 +0100] "GET / HTTP/1.1" 200 336 cronicadearagon.com "-" "Mozilla/5.0 (X11; Linux x86_64) AppleWebKit/537.36 (KHTML, like Gecko) Chrome/108.0.0.0 Safari/537.36" "-"
167.172.138.0 - - [07/Feb/2024:03:15:50 +0100] "GET / HTTP/1.1" 200 336 cronicadelpaisvalenciano.com "-" "Mozilla/5.0 (X11; Linux x86_64) AppleWebKit/537.36 (KHTML, like Gecko) Chrome/108.0.0.0 Safari/537.36" "-"
82.165.88.0 - - [07/Feb/2024:03:25:44 +0100] "POST /wp-cron.php?doing_wp_cron=1707272744.9488570690155029296875 HTTP/1.1" 200 - cronicareinodearagon.com "-" "WordPress/6.2.2; https://cronicareinodearagon.com" "-"
81.94.159.0 - - [07/Feb/2024:03:25:44 +0100] "POST /wp-content/plugins/about.php HTTP/1.1" 404 144891 cronicareinodearagon.com "-" "Mozilla/4.0 (compatible; MSIE 6.0; Windows NT 5.1; SV1)" "-"
74.125.212.0 - - [07/Feb/2024:03:40:16 +0100] "GET /category/economia/feed/ HTTP/1.1" 200 42774 cronicareinodearagon.com "-" "FeedFetcher-Google; (+http://www.google.com/feedfetcher.html)" "-"
82.165.88.0 - - [07/Feb/2024:03:40:17 +0100] "POST /wp-cron.php?doing_wp_cron=1707273617.1002459526062011718750 HTTP/1.1" 200 - cronicareinodearagon.com "-" "WordPress/6.2.2; https://cronicareinodearagon.com" "-"
82.165.88.0 - - [07/Feb/2024:03:48:37 +0100] "POST /wp-cron.php?doing_wp_cron=1707274117.5999460220336914062500 HTTP/1.1" 200 - cronicareinodearagon.com "-" "WordPress/6.2.2; https://cronicareinodearagon.com" "-"
54.36.148.0 - - [07/Feb/2024:03:48:37 +0100] "GET /category/sociedad/page/36/ HTTP/1.1" 200 147408 cronicareinodearagon.com "-" "Mozilla/5.0 (compatible; AhrefsBot/7.0; +http://ahrefs.com/robot/)" "-"
66.249.84.0 - - [07/Feb/2024:03:55:44 +0100] "GET /category/sociedad/feed/ HTTP/1.1" 200 51420 cronicareinodearagon.com "-" "FeedFetcher-Google; (+http://www.google.com/feedfetcher.html)" "-"
35.153.135.0 - - [07/Feb/2024:03:56:06 +0100] "GET /.git/config HTTP/1.1" 403 775 grupocronicaenlibertad.com "-" "Mozilla/5.0 (Macintosh; Intel Mac OS X 10_13_6) AppleWebKit/537.36 (KHTML, like Gecko) Chrome/75.0.3770.142 Safari/537.36 OPR/62.0.3331.119" "-"
45.141.215.0 - - [07/Feb/2024:04:13:17 +0100] "POST /xmlrpc.php HTTP/1.1" 200 416 cronicareinodearagon.com "-" "Mozilla/5.0 (Windows NT 10.0; Win64; x64) AppleWebKit/537.36 (KHTML, like Gecko) Chrome/70.0.3538.102 Safari/537.36 Edge/18.18362" "-"
82.165.88.0 - - [07/Feb/2024:04:13:18 +0100] "POST /wp-cron.php?doing_wp_cron=1707275598.7063660621643066406250 HTTP/1.1" 200 - cronicareinodearagon.com "-" "WordPress/6.2.2; https://cronicareinodearagon.com" "-"
45.141.215.0 - - [07/Feb/2024:04:13:19 +0100] "POST /xmlrpc.php HTTP/1.1" 200 416 cronicareinodearagon.com "-" "Mozilla/5.0 (Windows NT 10.0; Win64; x64) AppleWebKit/537.36 (KHTML, like Gecko) Chrome/70.0.3538.102 Safari/537.36 Edge/18.18362" "-"
45.141.215.0 - - [07/Feb/2024:04:13:20 +0100] "POST /xmlrpc.php HTTP/1.1" 403 775 cronicareinodearagon.com "-" "Mozilla/5.0 (Windows NT 10.0; Win64; x64) AppleWebKit/537.36 (KHTML, like Gecko) Chrome/70.0.3538.102 Safari/537.36 Edge/18.18362" "-"
45.141.215.0 - - [07/Feb/2024:04:13:21 +0100] "POST /xmlrpc.php HTTP/1.1" 403 775 cronicareinodearagon.com "-" "Mozilla/5.0 (Windows NT 10.0; Win64; x64) AppleWebKit/537.36 (KHTML, like Gecko) Chrome/70.0.3538.102 Safari/537.36 Edge/18.18362" "-"
43.155.160.0 - - [07/Feb/2024:04:13:22 +0100] "GET / HTTP/1.1" 200 336 www.cronicadecadiz.com "-" "Mozilla/5.0 (iPhone; CPU iPhone OS 13_2_3 like Mac OS X) AppleWebKit/605.1.15 (KHTML, like Gecko) Version/13.0.3 Mobile/15E148 Safari/604.1" "-"
45.141.215.0 - - [07/Feb/2024:04:13:23 +0100] "POST /xmlrpc.php HTTP/1.1" 403 775 cronicareinodearagon.com "-" "Mozilla/5.0 (Windows NT 10.0; Win64; x64) AppleWebKit/537.36 (KHTML, like Gecko) Chrome/70.0.3538.102 Safari/537.36 Edge/18.18362" "-"
5.62.49.0 - - [07/Feb/2024:04:16:36 +0100] "GET /wp-content/plugins/hellopress/wp_filemanager.php HTTP/1.1" 404 596 cronicadejaen.com "-" "-" "-"
5.62.49.0 - - [07/Feb/2024:04:16:36 +0100] "GET /wp-content/themes/intense/block-css.php?mode=upload HTTP/1.1" 404 596 cronicadejaen.com "-" "-" "-"
5.62.49.0 - - [07/Feb/2024:04:16:37 +0100] "GET /wp-admin/network/cloud.php HTTP/1.1" 404 596 cronicadejaen.com "-" "-" "-"
5.62.49.0 - - [07/Feb/2024:04:16:37 +0100] "GET /cloud.php HTTP/1.1" 404 596 cronicadejaen.com "-" "-" "-"
5.62.49.0 - - [07/Feb/2024:04:16:38 +0100] "GET /cgi-bin/cloud.php HTTP/1.1" 404 596 cronicadejaen.com "-" "-" "-"
5.62.49.0 - - [07/Feb/2024:04:16:38 +0100] "GET /wp-content/updates.php HTTP/1.1" 404 596 cronicadejaen.com "-" "-" "-"
5.62.49.0 - - [07/Feb/2024:04:16:38 +0100] "GET /css/cloud.php HTTP/1.1" 404 596 cronicadejaen.com "-" "-" "-"
5.62.49.0 - - [07/Feb/2024:04:16:38 +0100] "GET /wp-admin/user/cloud.php HTTP/1.1" 404 596 cronicadejaen.com "-" "-" "-"
5.62.49.0 - - [07/Feb/2024:04:16:39 +0100] "GET /img/cloud.php HTTP/1.1" 404 596 cronicadejaen.com "-" "-" "-"
5.62.49.0 - - [07/Feb/2024:04:16:39 +0100] "GET /wp-admin/css/colors/coffee/cloud.php HTTP/1.1" 404 596 cronicadejaen.com "-" "-" "-"
5.62.49.0 - - [07/Feb/2024:04:16:39 +0100] "GET /wp-admin/images/cloud.php HTTP/1.1" 404 596 cronicadejaen.com "-" "-" "-"
5.62.49.0 - - [07/Feb/2024:04:16:39 +0100] "GET /images/cloud.php HTTP/1.1" 404 596 cronicadejaen.com "-" "-" "-"
5.62.49.0 - - [07/Feb/2024:04:16:39 +0100] "GET /wp-admin/js/widgets/cloud.php HTTP/1.1" 404 596 cronicadejaen.com "-" "-" "-"
5.62.49.0 - - [07/Feb/2024:04:16:39 +0100] "GET /wp-includes/Requests/Text/admin.php HTTP/1.1" 404 596 cronicadejaen.com "-" "-" "-"
5.62.49.0 - - [07/Feb/2024:04:16:40 +0100] "GET /wp-admin/css/colors/cloud.php HTTP/1.1" 404 596 cronicadejaen.com "-" "-" "-"
5.62.49.0 - - [07/Feb/2024:04:16:40 +0100] "GET /wp-admin/includes/cloud.php HTTP/1.1" 404 596 cronicadejaen.com "-" "-" "-"
5.62.49.0 - - [07/Feb/2024:04:16:40 +0100] "GET /wp-admin/css/colors/blue/cloud.php HTTP/1.1" 404 596 cronicadejaen.com "-" "-" "-"
5.62.49.0 - - [07/Feb/2024:04:16:40 +0100] "GET /wp-admin/cloud.php HTTP/1.1" 404 596 cronicadejaen.com "-" "-" "-"
5.62.49.0 - - [07/Feb/2024:04:16:41 +0100] "GET /updates.php HTTP/1.1" 404 596 cronicadejaen.com "-" "-" "-"
5.62.49.0 - - [07/Feb/2024:04:16:41 +0100] "GET /libraries/legacy/updates.php HTTP/1.1" 404 596 cronicadejaen.com "-" "-" "-"
5.62.49.0 - - [07/Feb/2024:04:16:41 +0100] "GET /libraries/phpmailer/updates.php HTTP/1.1" 404 596 cronicadejaen.com "-" "-" "-"
5.62.49.0 - - [07/Feb/2024:04:16:41 +0100] "GET /libraries/vendor/updates.php HTTP/1.1" 404 596 cronicadejaen.com "-" "-" "-"
5.62.49.0 - - [07/Feb/2024:04:16:41 +0100] "GET /alfa-rex.php7 HTTP/1.1" 404 596 cronicadejaen.com "-" "-" "-"
5.62.49.0 - - [07/Feb/2024:04:16:41 +0100] "GET /alfanew.php HTTP/1.1" 404 596 cronicadejaen.com "-" "-" "-"
5.62.49.0 - - [07/Feb/2024:04:16:42 +0100] "GET /wp-content/plugins/Cache/Cache.php HTTP/1.1" 404 596 cronicadejaen.com "-" "-" "-"
5.62.49.0 - - [07/Feb/2024:04:16:42 +0100] "GET /wp-admin/js/widgets/about.php7 HTTP/1.1" 404 596 cronicadejaen.com "-" "-" "-"
5.62.49.0 - - [07/Feb/2024:04:16:42 +0100] "GET /wp-p.php7 HTTP/1.1" 404 596 cronicadejaen.com "-" "-" "-"
5.62.49.0 - - [07/Feb/2024:04:16:42 +0100] "GET /wp-admin/repeater.php HTTP/1.1" 404 596 cronicadejaen.com "-" "-" "-"
5.62.49.0 - - [07/Feb/2024:04:16:42 +0100] "GET /wp-includes/repeater.php HTTP/1.1" 404 596 cronicadejaen.com "-" "-" "-"
5.62.49.0 - - [07/Feb/2024:04:16:43 +0100] "GET /wp-content/repeater.php HTTP/1.1" 404 596 cronicadejaen.com "-" "-" "-"
5.62.49.0 - - [07/Feb/2024:04:16:43 +0100] "GET /wsoyanz.php HTTP/1.1" 404 596 cronicadejaen.com "-" "-" "-"
5.62.49.0 - - [07/Feb/2024:04:16:43 +0100] "GET /yanz.php HTTP/1.1" 404 596 cronicadejaen.com "-" "-" "-"
5.62.49.0 - - [07/Feb/2024:04:16:43 +0100] "GET /wp-admin/js/about.php HTTP/1.1" 404 596 cronicadejaen.com "-" "-" "-"
5.62.49.0 - - [07/Feb/2024:04:16:43 +0100] "GET /wp-content/plugins/seoo/wsoyanz.php HTTP/1.1" 404 596 cronicadejaen.com "-" "-" "-"
5.62.49.0 - - [07/Feb/2024:04:16:43 +0100] "GET /wp-content/plugins/seoo/wsoyanz1.php HTTP/1.1" 404 596 cronicadejaen.com "-" "-" "-"
5.62.49.0 - - [07/Feb/2024:04:16:44 +0100] "GET /cache-compat.php HTTP/1.1" 404 596 cronicadejaen.com "-" "-" "-"
5.62.49.0 - - [07/Feb/2024:04:16:44 +0100] "GET /ajax-actions.php HTTP/1.1" 404 596 cronicadejaen.com "-" "-" "-"
5.62.49.0 - - [07/Feb/2024:04:16:44 +0100] "GET /wp-admin/ajax-actions.php HTTP/1.1" 404 596 cronicadejaen.com "-" "-" "-"
5.62.49.0 - - [07/Feb/2024:04:16:44 +0100] "GET /wp-consar.php HTTP/1.1" 404 596 cronicadejaen.com "-" "-" "-"
5.62.49.0 - - [07/Feb/2024:04:16:45 +0100] "GET /repeater.php HTTP/1.1" 404 596 cronicadejaen.com "-" "-" "-"
5.62.49.0 - - [07/Feb/2024:04:16:45 +0100] "GET /admin-post.php HTTP/1.1" 404 596 cronicadejaen.com "-" "-" "-"
5.62.49.0 - - [07/Feb/2024:04:16:45 +0100] "GET /wp-admin/maint/maint/ajax-actions.php HTTP/1.1" 404 596 cronicadejaen.com "-" "-" "-"
5.62.49.0 - - [07/Feb/2024:04:16:45 +0100] "GET /wp-admin/dropdown.php HTTP/1.1" 404 596 cronicadejaen.com "-" "-" "-"
5.62.49.0 - - [07/Feb/2024:04:16:45 +0100] "GET /wp-admin/css/index.php HTTP/1.1" 404 596 cronicadejaen.com "-" "-" "-"
5.62.49.0 - - [07/Feb/2024:04:16:45 +0100] "GET /dropdown.php HTTP/1.1" 404 596 cronicadejaen.com "-" "-" "-"
5.62.49.0 - - [07/Feb/2024:04:16:46 +0100] "GET /about.php HTTP/1.1" 404 596 cronicadejaen.com "-" "-" "-"
5.62.49.0 - - [07/Feb/2024:04:16:46 +0100] "GET /admin.php HTTP/1.1" 404 596 cronicadejaen.com "-" "-" "-"
5.62.49.0 - - [07/Feb/2024:04:16:46 +0100] "GET /about.php7 HTTP/1.1" 404 596 cronicadejaen.com "-" "-" "-"
2a01:4f8:100:: - - [07/Feb/2024:04:19:32 +0100] "POST /xmlrpc.php HTTP/1.1" 200 416 cronicareinodearagon.com "-" "Mozilla/5.0 (Windows NT 10.0; Win64; x64; rv:66.0) Gecko/20100101 Firefox/66.0" "-"
82.165.88.0 - - [07/Feb/2024:04:19:32 +0100] "POST /wp-cron.php?doing_wp_cron=1707275972.7758491039276123046875 HTTP/1.1" 200 - cronicareinodearagon.com "-" "WordPress/6.2.2; https://cronicareinodearagon.com" "-"
185.217.41.0 - - [07/Feb/2024:04:19:32 +0100] "POST /xmlrpc.php HTTP/1.1" 200 416 cronicareinodearagon.com "-" "Mozilla/5.0 (Windows NT 10.0; Win64; x64; rv:65.0) Gecko/20100101 Firefox/65.0" "-"
51.195.219.0 - - [07/Feb/2024:04:19:32 +0100] "POST /xmlrpc.php HTTP/1.1" 200 416 cronicareinodearagon.com "-" "Mozilla/5.0 (Windows NT 10.0) AppleWebKit/537.36 (KHTML, like Gecko) Chrome/72.0.3626.121 Safari/537.36" "-"
198.12.210.0 - - [07/Feb/2024:04:19:36 +0100] "POST /xmlrpc.php HTTP/1.1" 200 416 cronicareinodearagon.com "-" "Mozilla/5.0 (Windows NT 10.0; WOW64) AppleWebKit/537.36 (KHTML, like Gecko) Chrome/72.0.3626.121 Safari/537.36" "-"
217.160.209.0 - - [07/Feb/2024:04:19:40 +0100] "POST /xmlrpc.php HTTP/1.1" 200 416 cronicareinodearagon.com "-" "Mozilla/5.0 (Windows NT 10.0; Win64; x64; rv:58.0) Gecko/20100101 Firefox/58.0" "-"
190.92.137.0 - - [07/Feb/2024:04:19:41 +0100] "POST /xmlrpc.php HTTP/1.1" 200 416 cronicareinodearagon.com "-" "Mozilla/5.0 (Windows NT 10.0; Win64; x64) AppleWebKit/537.36 (KHTML, like Gecko) Chrome/64.0.3282.186 Safari/537.36" "-"
82.165.88.0 - - [07/Feb/2024:04:19:42 +0100] "POST /wp-cron.php?doing_wp_cron=1707275982.1874680519104003906250 HTTP/1.1" 200 - cronicareinodearagon.com "-" "WordPress/6.2.2; https://cronicareinodearagon.com" "-"
2a03:b0c0:: - - [07/Feb/2024:04:19:48 +0100] "POST /xmlrpc.php HTTP/1.1" 200 416 cronicareinodearagon.com "-" "Mozilla/5.0 (Windows NT 10.0) AppleWebKit/537.36 (KHTML, like Gecko) Chrome/72.0.3626.121 Safari/537.36" "-"
92.205.146.0 - - [07/Feb/2024:04:19:49 +0100] "POST /xmlrpc.php HTTP/1.1" 200 416 cronicareinodearagon.com "-" "Mozilla/5.0 (Windows NT 10.0) AppleWebKit/537.36 (KHTML, like Gecko) Chrome/72.0.3626.121 Safari/537.36" "-"
94.73.148.0 - - [07/Feb/2024:04:19:52 +0100] "POST /xmlrpc.php HTTP/1.1" 200 416 cronicareinodearagon.com "-" "Mozilla/5.0 (Windows NT 10.0) AppleWebKit/537.36 (KHTML, like Gecko) Chrome/72.0.3626.121 Safari/537.36" "-"
50.62.137.0 - - [07/Feb/2024:04:19:58 +0100] "POST /xmlrpc.php HTTP/1.1" 200 416 cronicareinodearagon.com "-" "Mozilla/5.0 (Windows NT 10.0; Win64; x64) AppleWebKit/537.36 (KHTML, like Gecko) Chrome/89.0.4389.90 Safari/537.36" "-"
3.222.117.0 - - [07/Feb/2024:04:19:58 +0100] "POST /xmlrpc.php HTTP/1.1" 200 416 cronicareinodearagon.com "-" "Mozilla/5.0 (Windows; U; Windows NT 5.1; en-US; rv:1.7.5) Gecko/20041107 Firefox/1.0" "-"
93.107.1.0 - - [07/Feb/2024:04:19:59 +0100] "POST /xmlrpc.php HTTP/1.1" 200 416 cronicareinodearagon.com "-" "Mozilla/5.0 (Windows NT 10.0; Win64; x64) AppleWebKit/537.36 (KHTML, like Gecko) Chrome/65.0.3325.181 Safari/537.36" "-"
201.182.97.0 - - [07/Feb/2024:04:20:05 +0100] "POST /xmlrpc.php HTTP/1.1" 200 416 cronicareinodearagon.com "-" "Mozilla/5.0 (Windows NT 6.1; WOW64; rv:44.0) Gecko/20100101 Firefox/44.0" "-"
184.154.139.0 - - [07/Feb/2024:04:20:43 +0100] "GET / HTTP/1.1" 200 336 www.cronicadearagon.com "http://www.google.com/url?url=www.cronicadearagon.com&yahoo.com" "Mozilla/5.0 (compatible; MSIE 9.0; Windows NT 6.1; WOW64; Trident/6.0)" "-"
184.154.139.0 - - [07/Feb/2024:04:20:43 +0100] "GET /th1s_1s_a_4o4.html HTTP/1.1" 404 596 www.cronicadearagon.com "http://www.google.com/url?url=www.cronicadearagon.com&yahoo.com" "Mozilla/5.0 (compatible; MSIE 9.0; Windows NT 6.1; WOW64; Trident/6.0)" "-"
184.154.139.0 - - [07/Feb/2024:04:20:43 +0100] "GET /spicons/templates/defaultsite/es-ES/images/ic-world.svg HTTP/1.1" 200 1248 www.cronicadearagon.com "http://www.google.com/url?url=www.cronicadearagon.com&yahoo.com" "Mozilla/5.0 (compatible; MSIE 9.0; Windows NT 6.1; WOW64; Trident/6.0)" "-"
184.154.139.0 - - [07/Feb/2024:04:20:43 +0100] "GET /spicons/templates/defaultsite/es-ES/images/domain_transfer.svg HTTP/1.1" 200 1201 www.cronicadearagon.com "-" "SiteLockSpider [en] (WinNT; I ;Nav)" "-"
184.154.139.0 - - [07/Feb/2024:04:20:44 +0100] "GET /defaultsite HTTP/1.1" 200 18994 www.cronicadearagon.com "-" "SiteLockSpider [en] (WinNT; I ;Nav)" "-"
184.154.139.0 - - [07/Feb/2024:04:20:44 +0100] "GET /spicons/templates/defaultsite/es-ES/images/domain.svg HTTP/1.1" 200 2095 www.cronicadearagon.com "-" "SiteLockSpider [en] (WinNT; I ;Nav)" "-"
184.154.139.0 - - [07/Feb/2024:04:20:45 +0100] "GET /spicons/templates/defaultsite/es-ES/images/css/main.css HTTP/1.1" 200 486180 www.cronicadearagon.com "http://www.google.com/url?url=www.cronicadearagon.com&yahoo.com" "Mozilla/5.0 (compatible; MSIE 9.0; Windows NT 6.1; WOW64; Trident/6.0)" "-"
184.154.139.0 - - [07/Feb/2024:04:20:45 +0100] "GET /domaincheckresult?__SBMT:d359e110d15:=1&__SYNT:d359e110d15:__CMD(domaincheckresult):RETWRP=domainselect&__SYNT:d359e110d15:__CMD(domaincheckresult):SELWRP=multicheck&__SYNT:d359e110d15:__forcestop=true&__pageflow=Order&__sendingdata=1&linkId=ct.btn.check.default-page-check&multicheck.Domain=1 HTTP/1.1" 404 596 www.cronicadearagon.com "-" "SiteLockSpider [en] (WinNT; I ;Nav)" "-"
66.249.84.0 - - [07/Feb/2024:04:31:10 +0100] "GET /category/sociedad/feed/ HTTP/1.1" 200 51420 cronicareinodearagon.com "-" "FeedFetcher-Google; (+http://www.google.com/feedfetcher.html)" "-"
138.68.180.0 - - [07/Feb/2024:04:33:49 +0100] "GET / HTTP/1.1" 200 336 cronicademalaga.com "-" "Mozilla/5.0 (Windows NT 6.0) AppleWebKit/537.36 (KHTML, like Gecko) Chrome/34.0.1847.116 Safari/537.36" "-"
82.165.88.0 - - [07/Feb/2024:04:37:19 +0100] "POST /wp-cron.php?doing_wp_cron=1707277039.4529709815979003906250 HTTP/1.1" 200 - cronicareinodearagon.com "-" "WordPress/6.2.2; https://cronicareinodearagon.com" "-"
54.36.149.0 - - [07/Feb/2024:04:37:19 +0100] "GET /aragon/andalucia-ministros-fondos-europa-agricultura-ayudas/ HTTP/1.1" 200 160590 cronicareinodearagon.com "-" "Mozilla/5.0 (compatible; AhrefsBot/7.0; +http://ahrefs.com/robot/)" "-"
82.165.88.0 - - [07/Feb/2024:04:39:38 +0100] "POST /wp-cron.php?doing_wp_cron=1707277178.6854500770568847656250 HTTP/1.1" 200 - cronicareinodearagon.com "-" "WordPress/6.2.2; https://cronicareinodearagon.com" "-"
74.125.212.0 - - [07/Feb/2024:04:39:38 +0100] "GET /category/economia/feed/ HTTP/1.1" 200 42774 cronicareinodearagon.com "-" "FeedFetcher-Google; (+http://www.google.com/feedfetcher.html)" "-"
82.165.88.0 - - [07/Feb/2024:04:40:57 +0100] "POST /wp-cron.php?doing_wp_cron=1707277257.8770918846130371093750 HTTP/1.1" 200 - cronicareinodearagon.com "-" "WordPress/6.2.2; https://cronicareinodearagon.com" "-"
66.249.84.0 - - [07/Feb/2024:04:40:57 +0100] "GET /category/educacion/feed/ HTTP/1.1" 200 56994 cronicareinodearagon.com "-" "FeedFetcher-Google; (+http://www.google.com/feedfetcher.html)" "-"
82.165.88.0 - - [07/Feb/2024:04:50:54 +0100] "POST /wp-cron.php?doing_wp_cron=1707277854.3486590385437011718750 HTTP/1.1" 200 - cronicareinodearagon.com "-" "WordPress/6.2.2; https://cronicareinodearagon.com" "-"
66.249.84.0 - - [07/Feb/2024:04:50:54 +0100] "GET /category/educacion/feed/ HTTP/1.1" 200 56994 cronicareinodearagon.com "-" "FeedFetcher-Google; (+http://www.google.com/feedfetcher.html)" "-"
54.36.148.0 - - [07/Feb/2024:04:53:33 +0100] "GET /category/sociedad/page/35/ HTTP/1.1" 200 147394 cronicareinodearagon.com "-" "Mozilla/5.0 (compatible; AhrefsBot/7.0; +http://ahrefs.com/robot/)" "-"
82.165.88.0 - - [07/Feb/2024:04:53:34 +0100] "POST /wp-cron.php?doing_wp_cron=1707278014.2006809711456298828125 HTTP/1.1" 200 - cronicareinodearagon.com "-" "WordPress/6.2.2; https://cronicareinodearagon.com" "-"
82.165.88.0 - - [07/Feb/2024:05:08:37 +0100] "POST /wp-cron.php?doing_wp_cron=1707278917.4459249973297119140625 HTTP/1.1" 200 - cronicareinodearagon.com "-" "WordPress/6.2.2; https://cronicareinodearagon.com" "-"
54.36.148.0 - - [07/Feb/2024:05:08:37 +0100] "GET /politica/vox-papa-francisco/ HTTP/1.1" 200 157739 cronicareinodearagon.com "-" "Mozilla/5.0 (compatible; AhrefsBot/7.0; +http://ahrefs.com/robot/)" "-"
82.165.88.0 - - [07/Feb/2024:05:20:51 +0100] "POST /wp-cron.php?doing_wp_cron=1707279651.8256111145019531250000 HTTP/1.1" 200 - cronicareinodearagon.com "-" "WordPress/6.2.2; https://cronicareinodearagon.com" "-"
17.241.227.0 - - [07/Feb/2024:05:20:51 +0100] "GET /robots.txt HTTP/1.1" 200 202 cronicareinodearagon.com "-" "Mozilla/5.0 (Macintosh; Intel Mac OS X 10_15_5) AppleWebKit/605.1.15 (KHTML, like Gecko) Version/13.1.1 Safari/605.1.15 (Applebot/0.1; +http://www.apple.com/go/applebot)" "-"
17.241.227.0 - - [07/Feb/2024:05:20:52 +0100] "GET /aragon/sanitarios-despedidos-juan-marin-indignacion-burla/ HTTP/1.1" 200 36678 cronicareinodearagon.com "-" "Mozilla/5.0 (Macintosh; Intel Mac OS X 10_15_5) AppleWebKit/605.1.15 (KHTML, like Gecko) Version/13.1.1 Safari/605.1.15 (Applebot/0.1; +http://www.apple.com/go/applebot)" "-"
52.167.144.0 - - [07/Feb/2024:05:21:12 +0100] "GET /aragon/linares-planta-hidrogeno-verde/ HTTP/1.1" 200 168911 cronicareinodearagon.com "-" "Mozilla/5.0 AppleWebKit/537.36 (KHTML, like Gecko; compatible; bingbot/2.0; +http://www.bing.com/bingbot.htm) Chrome/116.0.1938.76 Safari/537.36" "-"
17.241.219.0 - - [07/Feb/2024:05:22:52 +0100] "GET /robots.txt HTTP/1.1" 200 188 cronicadejaen.com "-" "Mozilla/5.0 (Macintosh; Intel Mac OS X 10_15_5) AppleWebKit/605.1.15 (KHTML, like Gecko) Version/13.1.1 Safari/605.1.15 (Applebot/0.1; +http://www.apple.com/go/applebot)" "-"
17.241.219.0 - - [07/Feb/2024:05:22:52 +0100] "GET /defaultsite HTTP/1.1" 200 18994 cronicadejaen.com "-" "Mozilla/5.0 (Macintosh; Intel Mac OS X 10_15_5) AppleWebKit/605.1.15 (KHTML, like Gecko) Version/13.1.1 Safari/605.1.15 (Applebot/0.1; +http://www.apple.com/go/applebot)" "-"
82.165.88.0 - - [07/Feb/2024:05:24:06 +0100] "POST /wp-cron.php?doing_wp_cron=1707279846.8910799026489257812500 HTTP/1.1" 200 - cronicareinodearagon.com "-" "WordPress/6.2.2; https://cronicareinodearagon.com" "-"
54.36.149.0 - - [07/Feb/2024:05:24:06 +0100] "GET /category/aragon/page/54/ HTTP/1.1" 200 146916 cronicareinodearagon.com "-" "Mozilla/5.0 (compatible; AhrefsBot/7.0; +http://ahrefs.com/robot/)" "-"
43.163.6.0 - - [07/Feb/2024:05:30:03 +0100] "GET / HTTP/1.1" 200 336 www.cronicadehuelva.com "-" "Mozilla/5.0 (iPhone; CPU iPhone OS 13_2_3 like Mac OS X) AppleWebKit/605.1.15 (KHTML, like Gecko) Version/13.0.3 Mobile/15E148 Safari/604.1" "-"
43.163.6.0 - - [07/Feb/2024:05:30:03 +0100] "GET / HTTP/1.1" 200 336 www.cronicademalaga.com "-" "Mozilla/5.0 (iPhone; CPU iPhone OS 13_2_3 like Mac OS X) AppleWebKit/605.1.15 (KHTML, like Gecko) Version/13.0.3 Mobile/15E148 Safari/604.1" "-"
43.163.6.0 - - [07/Feb/2024:05:30:03 +0100] "GET / HTTP/1.1" 200 336 www.cronicadearagon.com "-" "Mozilla/5.0 (iPhone; CPU iPhone OS 13_2_3 like Mac OS X) AppleWebKit/605.1.15 (KHTML, like Gecko) Version/13.0.3 Mobile/15E148 Safari/604.1" "-"
82.165.88.0 - - [07/Feb/2024:05:33:20 +0100] "POST /wp-cron.php?doing_wp_cron=1707280400.2985799312591552734375 HTTP/1.1" 200 - cronicareinodearagon.com "-" "WordPress/6.2.2; https://cronicareinodearagon.com" "-"
66.249.84.0 - - [07/Feb/2024:05:33:20 +0100] "GET /category/educacion/feed/ HTTP/1.1" 200 56994 cronicareinodearagon.com "-" "FeedFetcher-Google; (+http://www.google.com/feedfetcher.html)" "-"
82.165.88.0 - - [07/Feb/2024:05:41:46 +0100] "POST /wp-cron.php?doing_wp_cron=1707280906.8891270160675048828125 HTTP/1.1" 200 - cronicareinodearagon.com "-" "WordPress/6.2.2; https://cronicareinodearagon.com" "-"
