52.23.218.0 - - [07/Feb/2024:14:02:15 +0100] "GET /.git/config HTTP/1.1" 403 775 cronicadeextremadura.com "-" "Lynx/2.8.7dev.4 libwww-FM/2.14 SSL-MM/1.4.1 OpenSSL/0.9.8d" "-"
52.23.218.0 - - [07/Feb/2024:14:02:15 +0100] "GET /.git/config HTTP/1.1" 403 775 cronicadelpaisvalenciano.com "-" "Mozilla/5.0 (Linux; Android 8.0.0; SM-G930F) AppleWebKit/537.36 (KHTML, like Gecko) Chrome/76.0.3809.111 Mobile Safari/537.36" "-"
52.23.218.0 - - [07/Feb/2024:14:02:15 +0100] "GET /.git/config HTTP/1.1" 403 775 cronicadecadiz.com "-" "Mozilla/5.0 (Linux; Android 9; Redmi Note 5) AppleWebKit/537.36 (KHTML, like Gecko) Chrome/75.0.3770.143 Mobile Safari/537.36" "-"
52.23.218.0 - - [07/Feb/2024:14:02:15 +0100] "GET /.git/config HTTP/1.1" 403 775 cronicadevalencia.com "-" "Mozilla/5.0 (X11; U; Linux i686; en-US; rv:1.9.1.2) Gecko/20090803 Ubuntu/9.04 (jaunty) Shiretoko/3.5.2" "-"
52.23.218.0 - - [07/Feb/2024:14:02:15 +0100] "GET /.git/config HTTP/1.1" 403 775 cronicadealmeria.com "-" "Mozilla/5.0 (Linux; Android 7.1.2; Redmi 5) AppleWebKit/537.36 (KHTML, like Gecko) Chrome/74.0.3729.157 Mobile Safari/537.36" "-"
52.23.218.0 - - [07/Feb/2024:14:02:15 +0100] "GET /.git/config HTTP/1.1" 403 775 cronicadegranada.com "-" "Mozilla/5.0 (X11; U; FreeBSD i386; de-CH; rv:1.9.2.8) Gecko/20100729 Firefox/3.6.8" "-"
52.23.218.0 - - [07/Feb/2024:14:02:15 +0100] "GET /.git/config HTTP/1.1" 403 775 cronicademalaga.com "-" "Mozilla/5.0 (Linux; Android 9; SAMSUNG SM-G955F Build/PPR1.180610.011) AppleWebKit/537.36 (KHTML, like Gecko) SamsungBrowser/9.4 Chrome/67.0.3396.87 Mobile Safari/537.36" "-"
52.23.218.0 - - [07/Feb/2024:14:02:17 +0100] "GET /.git/config HTTP/1.1" 403 775 cronicadecordoba.com "-" "Wget/1.9.1" "-"
52.23.218.0 - - [07/Feb/2024:14:02:17 +0100] "GET /.git/config HTTP/1.1" 403 775 cronicadehuelva.com "-" "Mozilla/5.0 (Macintosh; U; Intel Mac OS X 10_6_5; de-de) AppleWebKit/534.15  (KHTML, like Gecko) Version/5.0.3 Safari/533.19.4" "-"
54.36.148.0 - - [07/Feb/2024:14:10:30 +0100] "GET /category/economia/page/7/ HTTP/1.1" 200 29581 cronicareinodearagon.com "-" "Mozilla/5.0 (compatible; AhrefsBot/7.0; +http://ahrefs.com/robot/)" "-"
82.165.88.0 - - [07/Feb/2024:14:10:31 +0100] "POST /wp-cron.php?doing_wp_cron=1707311431.0261740684509277343750 HTTP/1.1" 200 - cronicareinodearagon.com "-" "WordPress/6.2.2; https://cronicareinodearagon.com" "-"
82.165.88.0 - - [07/Feb/2024:14:12:30 +0100] "POST /wp-cron.php?doing_wp_cron=1707311550.5920269489288330078125 HTTP/1.1" 200 - cronicareinodearagon.com "-" "WordPress/6.2.2; https://cronicareinodearagon.com" "-"
142.44.251.0 - - [07/Feb/2024:14:12:30 +0100] "POST /xmlrpc.php HTTP/1.1" 200 414 cronicareinodearagon.com "-" "Mozilla/5.0 (X11; Fedora; Linux x86_64; rv:94.0) Gecko/20100101 Firefox/95.0" "-"
209.127.252.0 - - [07/Feb/2024:14:18:43 +0100] "HEAD / HTTP/1.1" 200 - www.cronicademalaga.com "-" "Mozilla/5.0 (Macintosh; Intel Mac OS X 10_15_7) AppleWebKit/537.36 (KHTML, like Gecko) Chrome/107.0.0.0 Safari/537.36" "-"
209.127.107.0 - - [07/Feb/2024:14:18:44 +0100] "GET / HTTP/1.1" 200 336 www.cronicademalaga.com "-" "Mozilla/5.0 (Macintosh; Intel Mac OS X 10_15_7) AppleWebKit/537.36 (KHTML, like Gecko) Chrome/107.0.0.0 Safari/537.36" "-"
54.167.114.0 - - [07/Feb/2024:14:18:44 +0100] "GET /favicon.ico HTTP/1.1" 404 596 www.cronicademalaga.com "-" "Mozilla/5.0 (Macintosh; Intel Mac OS X 10_15_7) AppleWebKit/537.36 (KHTML, like Gecko) Chrome/107.0.0.0 Safari/537.36" "-"
44.203.194.0 - - [07/Feb/2024:14:18:44 +0100] "GET /favicon.ico HTTP/1.1" 404 596 www.cronicademalaga.com "-" "Mozilla/5.0 (Macintosh; Intel Mac OS X 10_15_7) AppleWebKit/537.36 (KHTML, like Gecko) Chrome/107.0.0.0 Safari/537.36" "-"
209.127.106.0 - - [07/Feb/2024:14:18:44 +0100] "GET /favicon.png HTTP/1.1" 404 596 www.cronicademalaga.com "-" "Mozilla/5.0 (Macintosh; Intel Mac OS X 10_15_7) AppleWebKit/537.36 (KHTML, like Gecko) Chrome/107.0.0.0 Safari/537.36" "-"
44.203.194.0 - - [07/Feb/2024:14:18:45 +0100] "GET /favicon.png HTTP/1.1" 404 596 www.cronicademalaga.com "-" "Mozilla/5.0 (Macintosh; Intel Mac OS X 10_15_7) AppleWebKit/537.36 (KHTML, like Gecko) Chrome/107.0.0.0 Safari/537.36" "-"
74.125.209.0 - - [07/Feb/2024:14:19:15 +0100] "GET /category/politica/feed/ HTTP/1.1" 200 18273 cronicareinodearagon.com "-" "FeedFetcher-Google; (+http://www.google.com/feedfetcher.html)" "-"
74.125.209.0 - - [07/Feb/2024:14:19:41 +0100] "GET /category/sociedad/feed/ HTTP/1.1" 200 16233 cronicareinodearagon.com "-" "FeedFetcher-Google; (+http://www.google.com/feedfetcher.html)" "-"
54.36.149.0 - - [07/Feb/2024:14:21:58 +0100] "GET /aragon/planas-aplaude-desconvoque-amarre/ HTTP/1.1" 200 35850 cronicareinodearagon.com "-" "Mozilla/5.0 (compatible; AhrefsBot/7.0; +http://ahrefs.com/robot/)" "-"
82.165.88.0 - - [07/Feb/2024:14:21:59 +0100] "POST /wp-cron.php?doing_wp_cron=1707312119.0567119121551513671875 HTTP/1.1" 200 - cronicareinodearagon.com "-" "WordPress/6.2.2; https://cronicareinodearagon.com" "-"
82.165.88.0 - - [07/Feb/2024:14:23:16 +0100] "POST /wp-cron.php?doing_wp_cron=1707312196.9399609565734863281250 HTTP/1.1" 200 - cronicareinodearagon.com "-" "WordPress/6.2.2; https://cronicareinodearagon.com" "-"
5.79.67.0 - - [07/Feb/2024:14:23:16 +0100] "POST /xmlrpc.php HTTP/1.1" 200 414 cronicareinodearagon.com "-" "Mozilla/5.0 (X11; Fedora; Linux x86_64; rv:94.0) Gecko/20100101 Firefox/95.0" "-"
82.165.88.0 - - [07/Feb/2024:14:32:59 +0100] "POST /wp-cron.php?doing_wp_cron=1707312779.8876609802246093750000 HTTP/1.1" 200 - cronicareinodearagon.com "-" "WordPress/6.2.2; https://cronicareinodearagon.com" "-"
54.36.148.0 - - [07/Feb/2024:14:32:59 +0100] "GET /aragon/sindicato-medico-sevilla-aljarafe-reestructuracion-uurgencias/ HTTP/1.1" 200 33803 cronicareinodearagon.com "-" "Mozilla/5.0 (compatible; AhrefsBot/7.0; +http://ahrefs.com/robot/)" "-"
74.125.209.0 - - [07/Feb/2024:14:34:01 +0100] "GET /category/sociedad/feed/ HTTP/1.1" 200 16233 cronicareinodearagon.com "-" "FeedFetcher-Google; (+http://www.google.com/feedfetcher.html)" "-"
82.165.88.0 - - [07/Feb/2024:14:34:13 +0100] "POST /wp-cron.php?doing_wp_cron=1707312853.7565350532531738281250 HTTP/1.1" 200 - cronicareinodearagon.com "-" "WordPress/6.2.2; https://cronicareinodearagon.com" "-"
213.232.124.0 - - [07/Feb/2024:14:34:13 +0100] "POST /xmlrpc.php HTTP/1.1" 200 414 cronicareinodearagon.com "-" "Mozilla/5.0 (X11; Fedora; Linux x86_64; rv:94.0) Gecko/20100101 Firefox/95.0" "-"
82.165.88.0 - - [07/Feb/2024:14:38:40 +0100] "POST /wp-cron.php?doing_wp_cron=1707313120.7250919342041015625000 HTTP/1.1" 200 - cronicareinodearagon.com "-" "WordPress/6.2.2; https://cronicareinodearagon.com" "-"
52.167.144.0 - - [07/Feb/2024:14:38:40 +0100] "GET /aragon/granja-patentes-tervalis-contaminacion-purines/ HTTP/1.1" 200 37381 cronicareinodearagon.com "-" "Mozilla/5.0 AppleWebKit/537.36 (KHTML, like Gecko; compatible; bingbot/2.0; +http://www.bing.com/bingbot.htm) Chrome/116.0.1938.76 Safari/537.36" "-"
82.165.88.0 - - [07/Feb/2024:14:43:20 +0100] "POST /wp-cron.php?doing_wp_cron=1707313400.6534171104431152343750 HTTP/1.1" 200 - cronicareinodearagon.com "-" "WordPress/6.2.2; https://cronicareinodearagon.com" "-"
72.167.68.0 - - [07/Feb/2024:14:43:20 +0100] "POST /xmlrpc.php HTTP/1.1" 200 416 cronicareinodearagon.com "-" "Mozilla/5.0 (Linux; Android 6.0.1; RedMi Note 5 Build/RB3N5C; wv) AppleWebKit/537.36 (KHTML, like Gecko) Version/4.0 Chrome/68.0.3440.91 Mobile Safari/537.36" "-"
110.40.135.0 - - [07/Feb/2024:14:43:21 +0100] "POST /xmlrpc.php HTTP/1.1" 503 299 cronicareinodearagon.com "-" "Mozilla/5.0 (Windows NT 10.0; Win64; x64) AppleWebKit/537.36 (KHTML, like Gecko) Chrome/63.0.3239.132 Safari/537.36" "-"
193.106.249.0 - - [07/Feb/2024:14:43:31 +0100] "POST /xmlrpc.php HTTP/1.1" 200 416 cronicareinodearagon.com "-" "Mozilla/5.0 (Windows NT 10.0; Win64; x64) AppleWebKit/537.36 (KHTML, like Gecko) Chrome/87.0.4280.141 Safari/537.36" "-"
154.126.93.0 - - [07/Feb/2024:14:43:35 +0100] "POST /xmlrpc.php HTTP/1.1" 200 416 cronicareinodearagon.com "-" "Mozilla/5.0 (Windows NT 10.0; Win64; x64) AppleWebKit/537.36 (KHTML, like Gecko) Chrome/90.0.4430.93 Safari/537.36" "-"
91.238.163.0 - - [07/Feb/2024:14:43:37 +0100] "POST /xmlrpc.php HTTP/1.1" 200 416 cronicareinodearagon.com "-" "Mozilla/5.0 (Windows NT 10.0; Win64; x64; rv:85.0) Gecko/20100101 Firefox/85.0" "-"
2a01:7c8:aa00:: - - [07/Feb/2024:14:43:41 +0100] "POST /xmlrpc.php HTTP/1.1" 200 416 cronicareinodearagon.com "-" "Mozilla/5.0 (Windows NT 6.1; Win64; x64) AppleWebKit/537.36 (KHTML, like Gecko) Chrome/74.0.3729.169 Safari/537.36" "-"
82.165.88.0 - - [07/Feb/2024:14:43:44 +0100] "POST /wp-cron.php?doing_wp_cron=1707313424.5220470428466796875000 HTTP/1.1" 200 - cronicareinodearagon.com "-" "WordPress/6.2.2; https://cronicareinodearagon.com" "-"
118.139.176.0 - - [07/Feb/2024:14:43:44 +0100] "POST /xmlrpc.php HTTP/1.1" 200 416 cronicareinodearagon.com "-" "Mozilla/5.0 (Windows NT 6.1; WOW64; rv:38.0) Gecko/20100101 Firefox/38.0" "-"
2a03:b0c0:: - - [07/Feb/2024:14:43:49 +0100] "POST /xmlrpc.php HTTP/1.1" 200 416 cronicareinodearagon.com "-" "Mozilla/5.0 (Windows NT 6.1; WOW64; rv:42.0) Gecko/20100101 Firefox/42.0" "-"
54.36.148.0 - - [07/Feb/2024:14:43:51 +0100] "GET /sociedad/tres-detenidos-granada-nonagenario/ HTTP/1.1" 200 35077 cronicareinodearagon.com "-" "Mozilla/5.0 (compatible; AhrefsBot/7.0; +http://ahrefs.com/robot/)" "-"
86.111.38.0 - - [07/Feb/2024:14:43:54 +0100] "POST /xmlrpc.php HTTP/1.1" 200 416 cronicareinodearagon.com "-" "Mozilla/5.0 (Windows NT 10.0; Win64; x64) AppleWebKit/537.36 (KHTML, like Gecko) Chrome/91.0.4472.114 Safari/537.36" "-"
54.36.149.0 - - [07/Feb/2024:14:43:56 +0100] "GET /wp-content/uploads/2022/01/policia_nacional.jpg HTTP/1.1" 200 126355 cronicareinodearagon.com "-" "Mozilla/5.0 (compatible; AhrefsBot/7.0; +http://ahrefs.com/robot/)" "-"
2406:da1a:500:: - - [07/Feb/2024:14:44:07 +0100] "POST /xmlrpc.php HTTP/1.1" 200 416 cronicareinodearagon.com "-" "Mozilla/5.0 (Windows NT 6.1; WOW64; rv:52.0) Gecko/20100101 Firefox/52.0" "-"
82.165.88.0 - - [07/Feb/2024:14:45:16 +0100] "POST /wp-cron.php?doing_wp_cron=1707313516.3847439289093017578125 HTTP/1.1" 200 - cronicareinodearagon.com "-" "WordPress/6.2.2; https://cronicareinodearagon.com" "-"
209.97.145.0 - - [07/Feb/2024:14:45:16 +0100] "POST /xmlrpc.php HTTP/1.1" 200 414 cronicareinodearagon.com "-" "Mozilla/5.0 (X11; Fedora; Linux x86_64; rv:94.0) Gecko/20100101 Firefox/95.0" "-"
74.125.209.0 - - [07/Feb/2024:14:50:40 +0100] "GET /category/educacion/feed/ HTTP/1.1" 200 16487 cronicareinodearagon.com "-" "FeedFetcher-Google; (+http://www.google.com/feedfetcher.html)" "-"
194.163.187.0 - - [07/Feb/2024:14:56:26 +0100] "GET / HTTP/1.1" 200 336 cronicadesevilla.com "-" "Mozilla/5.0 (Windows NT 10.0; Win64; x64) AppleWebKit/537.36 (KHTML, like Gecko) Chrome/117.0.0.0 Safari/537.36" "-"
194.163.187.0 - - [07/Feb/2024:14:56:26 +0100] "GET /wp-json HTTP/1.1" 404 596 cronicadesevilla.com "-" "Mozilla/5.0 (Windows NT 10.0; Win64; x64; rv:109.0) Gecko/20100101 Firefox/117.0" "-"
194.163.187.0 - - [07/Feb/2024:14:56:27 +0100] "GET /?song1=1 HTTP/1.1" 200 336 cronicadesevilla.com "-" "Mozilla/5.0 (Macintosh; Intel Mac OS X 10_15_7) AppleWebKit/537.36 (KHTML, like Gecko) Chrome/117.0.0.0 Safari/537.36" "-"
194.163.187.0 - - [07/Feb/2024:14:56:27 +0100] "GET / HTTP/1.1" 200 336 cronicadesevilla.com "-" "Mozilla/5.0 (Macintosh; Intel Mac OS X 10_15_7) AppleWebKit/537.36 (KHTML, like Gecko) Chrome/116.0.0.0 Safari/537.36" "-"
194.163.187.0 - - [07/Feb/2024:14:56:27 +0100] "GET /wp-json HTTP/1.1" 404 596 cronicadesevilla.com "-" "Mozilla/5.0 (X11; Linux x86_64) AppleWebKit/537.36 (KHTML, like Gecko) Chrome/117.0.0.0 Safari/537.36" "-"
194.163.187.0 - - [07/Feb/2024:14:56:27 +0100] "GET / HTTP/1.1" 200 336 cronicadesevilla.com "-" "Mozilla/5.0 (X11; Ubuntu; Linux x86_64; rv:109.0) Gecko/20100101 Firefox/117.0" "-"
194.163.187.0 - - [07/Feb/2024:14:56:27 +0100] "GET / HTTP/1.1" 200 336 cronicadesevilla.com "-" "Mozilla/5.0 (X11; Ubuntu; Linux x86_64; rv:109.0) Gecko/20100101 Firefox/117.0" "-"
194.163.187.0 - - [07/Feb/2024:14:56:27 +0100] "GET /index.php?rest_route=/tdw HTTP/1.1" 300 449 cronicadesevilla.com "-" "Mozilla/5.0 (X11; Ubuntu; Linux x86_64; rv:109.0) Gecko/20100101 Firefox/117.0" "-"
82.165.88.0 - - [07/Feb/2024:14:56:27 +0100] "POST /wp-cron.php?doing_wp_cron=1707314187.7162179946899414062500 HTTP/1.1" 200 - cronicareinodearagon.com "-" "WordPress/6.2.2; https://cronicareinodearagon.com" "-"
2602:ff16:: - - [07/Feb/2024:14:56:27 +0100] "GET / HTTP/1.1" 200 41656 cronicareinodearagon.com "-" "Mozilla/5.0 (Windows NT 10.0; Win64; x64) AppleWebKit/537.36 (KHTML, like Gecko) Chrome/117.0.0.0 Safari/537.36" "-"
2602:ff16:: - - [07/Feb/2024:14:56:29 +0100] "GET /wp-json HTTP/1.1" 200 210988 cronicareinodearagon.com "-" "Mozilla/5.0 (X11; Ubuntu; Linux x86_64; rv:109.0) Gecko/20100101 Firefox/117.0" "-"
2602:ff16:: - - [07/Feb/2024:14:56:31 +0100] "GET /?song1=1 HTTP/1.1" 200 319320 cronicareinodearagon.com "-" "Mozilla/5.0 (Macintosh; Intel Mac OS X 10_15_7) AppleWebKit/537.36 (KHTML, like Gecko) Chrome/116.0.0.0 Safari/537.36" "-"
2602:ff16:: - - [07/Feb/2024:14:56:32 +0100] "GET / HTTP/1.1" 200 41729 cronicareinodearagon.com "-" "Mozilla/5.0 (Windows NT 10.0; Win64; x64) AppleWebKit/537.36 (KHTML, like Gecko) Chrome/117.0.0.0 Safari/537.36" "-"
2602:ff16:: - - [07/Feb/2024:14:56:33 +0100] "GET /wp-json HTTP/1.1" 200 210988 cronicareinodearagon.com "-" "Mozilla/5.0 (Windows NT 10.0; Win64; x64) AppleWebKit/537.36 (KHTML, like Gecko) Chrome/116.0.0.0 Safari/537.36" "-"
2602:ff16:: - - [07/Feb/2024:14:56:34 +0100] "GET / HTTP/1.1" 200 41729 cronicareinodearagon.com "-" "Mozilla/5.0 (X11; Linux x86_64) AppleWebKit/537.36 (KHTML, like Gecko) Chrome/117.0.0.0 Safari/537.36" "-"
2602:ff16:: - - [07/Feb/2024:14:56:35 +0100] "GET / HTTP/1.1" 200 41729 cronicareinodearagon.com "-" "Mozilla/5.0 (Windows NT 10.0; Win64; x64; rv:109.0) Gecko/20100101 Firefox/117.0" "-"
2602:ff16:: - - [07/Feb/2024:14:56:36 +0100] "GET /index.php?rest_route=/tdw HTTP/1.1" 404 149 cronicareinodearagon.com "-" "Mozilla/5.0 (Windows NT 10.0; Win64; x64) AppleWebKit/537.36 (KHTML, like Gecko) Chrome/116.0.0.0 Safari/537.36" "-"
115.245.68.0 - - [07/Feb/2024:15:08:44 +0100] "POST /xmlrpc.php HTTP/1.1" 200 414 cronicareinodearagon.com "-" "Mozilla/5.0 (X11; Fedora; Linux x86_64; rv:94.0) Gecko/20100101 Firefox/95.0" "-"
82.165.88.0 - - [07/Feb/2024:15:08:45 +0100] "POST /wp-cron.php?doing_wp_cron=1707314925.2282609939575195312500 HTTP/1.1" 200 - cronicareinodearagon.com "-" "WordPress/6.2.2; https://cronicareinodearagon.com" "-"
74.125.212.0 - - [07/Feb/2024:15:15:05 +0100] "GET /category/economia/feed/ HTTP/1.1" 200 12913 cronicareinodearagon.com "-" "FeedFetcher-Google; (+http://www.google.com/feedfetcher.html)" "-"
20.125.131.0 - - [07/Feb/2024:15:16:57 +0100] "GET /.env HTTP/1.1" 300 492 cronicadeextremadura.com "-" "Mozilla/5.0 (X11; Linux x86_64) AppleWebKit/537.36 (KHTML, like Gecko) Chrome/81.0.4044.129 Safari/537.36" "-"
20.125.131.0 - - [07/Feb/2024:15:16:59 +0100] "POST / HTTP/1.1" 200 336 cronicadeextremadura.com "-" "Mozilla/5.0 (X11; Linux x86_64) AppleWebKit/537.36 (KHTML, like Gecko) Chrome/81.0.4044.129 Safari/537.36" "-"
74.125.209.0 - - [07/Feb/2024:15:17:20 +0100] "GET /category/educacion/feed/ HTTP/1.1" 200 16487 cronicareinodearagon.com "-" "FeedFetcher-Google; (+http://www.google.com/feedfetcher.html)" "-"
52.23.218.0 - - [07/Feb/2024:15:17:26 +0100] "GET /.git/config HTTP/1.1" 403 775 grupocronicaenlibertad.com "-" "Mozilla/5.0 (Linux; Android 9; POT-LX1) AppleWebKit/537.36 (KHTML, like Gecko) Chrome/76.0.3809.89 Mobile Safari/537.36" "-"
82.165.88.0 - - [07/Feb/2024:15:19:57 +0100] "POST /wp-cron.php?doing_wp_cron=1707315597.9635689258575439453125 HTTP/1.1" 200 - cronicareinodearagon.com "-" "WordPress/6.2.2; https://cronicareinodearagon.com" "-"
80.74.154.0 - - [07/Feb/2024:15:19:57 +0100] "POST /xmlrpc.php HTTP/1.1" 200 414 cronicareinodearagon.com "-" "Mozilla/5.0 (X11; Fedora; Linux x86_64; rv:94.0) Gecko/20100101 Firefox/95.0" "-"
74.125.209.0 - - [07/Feb/2024:15:31:02 +0100] "GET /category/politica/feed/ HTTP/1.1" 200 18273 cronicareinodearagon.com "-" "FeedFetcher-Google; (+http://www.google.com/feedfetcher.html)" "-"
40.77.167.0 - - [07/Feb/2024:15:45:20 +0100] "GET /robots.txt HTTP/1.1" 301 - www.cronicareinodearagon.com "-" "Mozilla/5.0 AppleWebKit/537.36 (KHTML, like Gecko; compatible; bingbot/2.0; +http://www.bing.com/bingbot.htm) Chrome/116.0.1938.76 Safari/537.36" "-"
82.165.88.0 - - [07/Feb/2024:15:45:21 +0100] "POST /wp-cron.php?doing_wp_cron=1707317121.3333361148834228515625 HTTP/1.1" 200 - cronicareinodearagon.com "-" "WordPress/6.2.2; https://cronicareinodearagon.com" "-"
40.77.167.0 - - [07/Feb/2024:15:45:22 +0100] "GET /robots.txt HTTP/1.1" 200 202 cronicareinodearagon.com "-" "Mozilla/5.0 AppleWebKit/537.36 (KHTML, like Gecko; compatible; bingbot/2.0; +http://www.bing.com/bingbot.htm) Chrome/116.0.1938.76 Safari/537.36" "-"
52.167.144.0 - - [07/Feb/2024:15:45:30 +0100] "GET /sociedad/casi-400-nuevos-casos-marcan-cifras-no-vistas-desde-mayo/ HTTP/1.1" 301 - www.cronicareinodearagon.com "-" "Mozilla/5.0 AppleWebKit/537.36 (KHTML, like Gecko; compatible; bingbot/2.0; +http://www.bing.com/bingbot.htm) Chrome/116.0.1938.76 Safari/537.36" "-"
82.165.88.0 - - [07/Feb/2024:15:56:32 +0100] "POST /wp-cron.php?doing_wp_cron=1707317792.4796280860900878906250 HTTP/1.1" 200 - cronicareinodearagon.com "-" "WordPress/6.2.2; https://cronicareinodearagon.com" "-"
185.142.154.0 - - [07/Feb/2024:15:56:32 +0100] "POST /xmlrpc.php HTTP/1.1" 200 414 cronicareinodearagon.com "-" "Mozilla/5.0 (X11; Fedora; Linux x86_64; rv:94.0) Gecko/20100101 Firefox/95.0" "-"
82.165.88.0 - - [07/Feb/2024:15:58:59 +0100] "POST /wp-cron.php?doing_wp_cron=1707317939.4740989208221435546875 HTTP/1.1" 200 - cronicareinodearagon.com "-" "WordPress/6.2.2; https://cronicareinodearagon.com" "-"
54.36.148.0 - - [07/Feb/2024:15:58:59 +0100] "GET /aragon/economia-andalucia-asia-flamenco-japon-corea-extenda/ HTTP/1.1" 200 168840 cronicareinodearagon.com "-" "Mozilla/5.0 (compatible; AhrefsBot/7.0; +http://ahrefs.com/robot/)" "-"
54.36.148.0 - - [07/Feb/2024:15:59:01 +0100] "GET /wp-content/uploads/2022/01/Moda-andaluza.jpg HTTP/1.1" 200 445532 cronicareinodearagon.com "-" "Mozilla/5.0 (compatible; AhrefsBot/7.0; +http://ahrefs.com/robot/)" "-"
192.42.116.0 - - [07/Feb/2024:16:10:48 +0100] "POST /xmlrpc.php HTTP/1.1" 200 416 cronicareinodearagon.com "-" "Mozilla/5.0 (Windows NT 10.0; Win64; x64) AppleWebKit/537.36 (KHTML, like Gecko) Chrome/81.0.4044.138 Safari/537.36" "-"
82.165.88.0 - - [07/Feb/2024:16:10:49 +0100] "POST /wp-cron.php?doing_wp_cron=1707318649.3904409408569335937500 HTTP/1.1" 200 - cronicareinodearagon.com "-" "WordPress/6.2.2; https://cronicareinodearagon.com" "-"
192.42.116.0 - - [07/Feb/2024:16:10:50 +0100] "POST /xmlrpc.php HTTP/1.1" 200 416 cronicareinodearagon.com "-" "Mozilla/5.0 (Windows NT 10.0; Win64; x64) AppleWebKit/537.36 (KHTML, like Gecko) Chrome/81.0.4044.138 Safari/537.36" "-"
192.42.116.0 - - [07/Feb/2024:16:10:51 +0100] "POST /xmlrpc.php HTTP/1.1" 403 775 cronicareinodearagon.com "-" "Mozilla/5.0 (Windows NT 10.0; Win64; x64) AppleWebKit/537.36 (KHTML, like Gecko) Chrome/81.0.4044.138 Safari/537.36" "-"
54.36.148.0 - - [07/Feb/2024:16:10:51 +0100] "GET /sociedad/policia-rescata-menores-sevilla/ HTTP/1.1" 200 159252 cronicareinodearagon.com "-" "Mozilla/5.0 (compatible; AhrefsBot/7.0; +http://ahrefs.com/robot/)" "-"
192.42.116.0 - - [07/Feb/2024:16:10:52 +0100] "POST /xmlrpc.php HTTP/1.1" 403 775 cronicareinodearagon.com "-" "Mozilla/5.0 (Windows NT 10.0; Win64; x64) AppleWebKit/537.36 (KHTML, like Gecko) Chrome/81.0.4044.138 Safari/537.36" "-"
192.42.116.0 - - [07/Feb/2024:16:10:52 +0100] "POST /xmlrpc.php HTTP/1.1" 403 775 cronicareinodearagon.com "-" "Mozilla/5.0 (Windows NT 10.0; Win64; x64) AppleWebKit/537.36 (KHTML, like Gecko) Chrome/81.0.4044.138 Safari/537.36" "-"
54.36.148.0 - - [07/Feb/2024:16:22:48 +0100] "GET /category/aragon/page/52/ HTTP/1.1" 200 147652 cronicareinodearagon.com "-" "Mozilla/5.0 (compatible; AhrefsBot/7.0; +http://ahrefs.com/robot/)" "-"
82.165.88.0 - - [07/Feb/2024:16:22:49 +0100] "POST /wp-cron.php?doing_wp_cron=1707319369.1617300510406494140625 HTTP/1.1" 200 - cronicareinodearagon.com "-" "WordPress/6.2.2; https://cronicareinodearagon.com" "-"
179.43.191.0 - - [07/Feb/2024:16:22:59 +0100] "GET /wp-admin/network/cloud.php HTTP/1.1" 301 267 cronicareinodearagon.com "-" "Go-http-client/1.1" "-"
179.43.191.0 - - [07/Feb/2024:16:23:00 +0100] "GET /wp-admin/network/cloud.php HTTP/1.1" 404 144884 cronicareinodearagon.com "http://cronicareinodearagon.com/wp-admin/network/cloud.php" "Go-http-client/1.1" "-"
179.43.191.0 - - [07/Feb/2024:16:23:00 +0100] "GET /cloud.php HTTP/1.1" 301 250 cronicareinodearagon.com "-" "Go-http-client/1.1" "-"
179.43.191.0 - - [07/Feb/2024:16:23:00 +0100] "GET /cloud.php HTTP/1.1" 404 144831 cronicareinodearagon.com "http://cronicareinodearagon.com/cloud.php" "Go-http-client/1.1" "-"
179.43.191.0 - - [07/Feb/2024:16:23:01 +0100] "GET /cgi-bin/cloud.php HTTP/1.1" 404 596 cronicareinodearagon.com "-" "Go-http-client/1.1" "-"
179.43.191.0 - - [07/Feb/2024:16:23:01 +0100] "GET /css/cloud.php HTTP/1.1" 301 254 cronicareinodearagon.com "-" "Go-http-client/1.1" "-"
179.43.191.0 - - [07/Feb/2024:16:23:01 +0100] "GET /css/cloud.php HTTP/1.1" 404 144844 cronicareinodearagon.com "http://cronicareinodearagon.com/css/cloud.php" "Go-http-client/1.1" "-"
179.43.191.0 - - [07/Feb/2024:16:23:02 +0100] "GET /wp-admin/user/cloud.php HTTP/1.1" 301 264 cronicareinodearagon.com "-" "Go-http-client/1.1" "-"
179.43.191.0 - - [07/Feb/2024:16:23:02 +0100] "GET /wp-admin/user/cloud.php HTTP/1.1" 404 144875 cronicareinodearagon.com "http://cronicareinodearagon.com/wp-admin/user/cloud.php" "Go-http-client/1.1" "-"
179.43.191.0 - - [07/Feb/2024:16:23:02 +0100] "GET /img/cloud.php HTTP/1.1" 301 254 cronicareinodearagon.com "-" "Go-http-client/1.1" "-"
179.43.191.0 - - [07/Feb/2024:16:23:02 +0100] "GET /img/cloud.php HTTP/1.1" 404 144844 cronicareinodearagon.com "http://cronicareinodearagon.com/img/cloud.php" "Go-http-client/1.1" "-"
179.43.191.0 - - [07/Feb/2024:16:23:03 +0100] "GET /wp-admin/css/colors/coffee/cloud.php HTTP/1.1" 301 277 cronicareinodearagon.com "-" "Go-http-client/1.1" "-"
179.43.191.0 - - [07/Feb/2024:16:23:03 +0100] "GET /wp-admin/css/colors/coffee/cloud.php HTTP/1.1" 404 144916 cronicareinodearagon.com "http://cronicareinodearagon.com/wp-admin/css/colors/coffee/cloud.php" "Go-http-client/1.1" "-"
179.43.191.0 - - [07/Feb/2024:16:23:04 +0100] "GET /wp-admin/images/cloud.php HTTP/1.1" 301 266 cronicareinodearagon.com "-" "Go-http-client/1.1" "-"
179.43.191.0 - - [07/Feb/2024:16:23:04 +0100] "GET /wp-admin/images/cloud.php HTTP/1.1" 404 144881 cronicareinodearagon.com "http://cronicareinodearagon.com/wp-admin/images/cloud.php" "Go-http-client/1.1" "-"
179.43.191.0 - - [07/Feb/2024:16:23:05 +0100] "GET /images/cloud.php HTTP/1.1" 301 257 cronicareinodearagon.com "-" "Go-http-client/1.1" "-"
179.43.191.0 - - [07/Feb/2024:16:23:05 +0100] "GET /images/cloud.php HTTP/1.1" 404 144853 cronicareinodearagon.com "http://cronicareinodearagon.com/images/cloud.php" "Go-http-client/1.1" "-"
179.43.191.0 - - [07/Feb/2024:16:23:05 +0100] "GET /wp-admin/js/widgets/cloud.php HTTP/1.1" 301 270 cronicareinodearagon.com "-" "Go-http-client/1.1" "-"
179.43.191.0 - - [07/Feb/2024:16:23:05 +0100] "GET /wp-admin/js/widgets/cloud.php HTTP/1.1" 404 144894 cronicareinodearagon.com "http://cronicareinodearagon.com/wp-admin/js/widgets/cloud.php" "Go-http-client/1.1" "-"
179.43.191.0 - - [07/Feb/2024:16:23:06 +0100] "GET /wp-admin/css/colors/cloud.php HTTP/1.1" 301 270 cronicareinodearagon.com "-" "Go-http-client/1.1" "-"
179.43.191.0 - - [07/Feb/2024:16:23:06 +0100] "GET /wp-admin/css/colors/cloud.php HTTP/1.1" 404 144894 cronicareinodearagon.com "http://cronicareinodearagon.com/wp-admin/css/colors/cloud.php" "Go-http-client/1.1" "-"
179.43.191.0 - - [07/Feb/2024:16:23:07 +0100] "GET /wp-admin/includes/cloud.php HTTP/1.1" 301 268 cronicareinodearagon.com "-" "Go-http-client/1.1" "-"
179.43.191.0 - - [07/Feb/2024:16:23:07 +0100] "GET /wp-admin/includes/cloud.php HTTP/1.1" 404 144887 cronicareinodearagon.com "http://cronicareinodearagon.com/wp-admin/includes/cloud.php" "Go-http-client/1.1" "-"
179.43.191.0 - - [07/Feb/2024:16:23:07 +0100] "GET /wp-admin/css/colors/blue/cloud.php HTTP/1.1" 301 275 cronicareinodearagon.com "-" "Go-http-client/1.1" "-"
179.43.191.0 - - [07/Feb/2024:16:23:08 +0100] "GET /wp-admin/css/colors/blue/cloud.php HTTP/1.1" 404 144910 cronicareinodearagon.com "http://cronicareinodearagon.com/wp-admin/css/colors/blue/cloud.php" "Go-http-client/1.1" "-"
179.43.191.0 - - [07/Feb/2024:16:23:08 +0100] "GET /wp-admin/cloud.php HTTP/1.1" 301 259 cronicareinodearagon.com "-" "Go-http-client/1.1" "-"
179.43.191.0 - - [07/Feb/2024:16:23:08 +0100] "GET /wp-admin/cloud.php HTTP/1.1" 404 144859 cronicareinodearagon.com "http://cronicareinodearagon.com/wp-admin/cloud.php" "Go-http-client/1.1" "-"
82.165.88.0 - - [07/Feb/2024:16:24:56 +0100] "POST /wp-cron.php?doing_wp_cron=1707319496.8431210517883300781250 HTTP/1.1" 200 - cronicareinodearagon.com "-" "WordPress/6.2.2; https://cronicareinodearagon.com" "-"
109.248.167.0 - - [07/Feb/2024:16:24:56 +0100] "POST /wp-comments-post.php HTTP/1.1" 302 - cronicareinodearagon.com "https://cronicareinodearagon.com/aragon/resultados-elecciones-autonomicas-municipales-aragon/" "Mozilla/5.0 (Windows NT 10.0; Win64; x64) AppleWebKit/537.36 (KHTML, like Gecko) Chrome/120.0.0.0 Safari/537.36" "-"
109.248.167.0 - - [07/Feb/2024:16:24:58 +0100] "GET /aragon/resultados-elecciones-autonomicas-municipales-aragon/ HTTP/1.1" 200 169151 cronicareinodearagon.com "https://cronicareinodearagon.com/wp-comments-post.php" "Mozilla/5.0 (Windows NT 10.0; Win64; x64) AppleWebKit/537.36 (KHTML, like Gecko) Chrome/120.0.0.0 Safari/537.36" "-"
199.244.88.0 - - [07/Feb/2024:16:25:49 +0100] "GET / HTTP/1.1" 200 336 cronicadehuelva.com "-" "Mozilla/5.0 (X11; Linux x86_64) AppleWebKit/537.36 (KHTML, like Gecko) Chrome/105.0.0.0 Safari/537.36" "-"
82.165.88.0 - - [07/Feb/2024:16:34:57 +0100] "POST /wp-cron.php?doing_wp_cron=1707320097.5966548919677734375000 HTTP/1.1" 200 - cronicareinodearagon.com "-" "WordPress/6.2.2; https://cronicareinodearagon.com" "-"
68.66.194.0 - - [07/Feb/2024:16:34:57 +0100] "POST /xmlrpc.php HTTP/1.1" 200 414 cronicareinodearagon.com "-" "Mozilla/5.0 (X11; Fedora; Linux x86_64; rv:94.0) Gecko/20100101 Firefox/95.0" "-"
82.165.88.0 - - [07/Feb/2024:16:36:06 +0100] "POST /wp-cron.php?doing_wp_cron=1707320166.8353660106658935546875 HTTP/1.1" 200 - cronicareinodearagon.com "-" "WordPress/6.2.2; https://cronicareinodearagon.com" "-"
54.36.149.0 - - [07/Feb/2024:16:36:06 +0100] "GET /aragon/andalucia-fitur-26-millones/ HTTP/1.1" 200 170132 cronicareinodearagon.com "-" "Mozilla/5.0 (compatible; AhrefsBot/7.0; +http://ahrefs.com/robot/)" "-"
69.160.160.0 - - [07/Feb/2024:16:44:34 +0100] "GET / HTTP/1.1" 200 336 cronicadearagon.com "http://cronicadearagon.com" "Mozilla/5.0 AppleWebKit/537.36 (KHTML, like Gecko; compatible; Nicecrawler/1.1; +http://www.nicecrawler.com/) Chrome/90.0.4430.97 Safari/537.36" "-"
69.160.160.0 - - [07/Feb/2024:16:44:35 +0100] "GET /defaultsite HTTP/1.1" 200 18994 cronicadearagon.com "http://cronicadearagon.com" "Mozilla/5.0 AppleWebKit/537.36 (KHTML, like Gecko; compatible; Nicecrawler/1.1; +http://www.nicecrawler.com/) Chrome/90.0.4430.97 Safari/537.36" "-"
69.160.160.0 - - [07/Feb/2024:16:44:36 +0100] "GET / HTTP/1.1" 200 336 cronicadearagon.com "-" "Mozilla/5.0 (X11; Linux x86_64) AppleWebKit/537.36 (KHTML, like Gecko) HeadlessChrome/92.0.4515.107 Safari/537.36" "-"
69.160.160.0 - - [07/Feb/2024:16:44:36 +0100] "GET /defaultsite HTTP/1.1" 200 18994 cronicadearagon.com "http://cronicadearagon.com/" "Mozilla/5.0 (X11; Linux x86_64) AppleWebKit/537.36 (KHTML, like Gecko) HeadlessChrome/92.0.4515.107 Safari/537.36" "-"
69.160.160.0 - - [07/Feb/2024:16:44:36 +0100] "GET /spicons/templates/defaultsite/es-ES/images/vi-logo.svg HTTP/1.1" 200 2042 cronicadearagon.com "http://cronicadearagon.com/defaultsite" "Mozilla/5.0 (X11; Linux x86_64) AppleWebKit/537.36 (KHTML, like Gecko) HeadlessChrome/92.0.4515.107 Safari/537.36" "-"
69.160.160.0 - - [07/Feb/2024:16:44:36 +0100] "GET /spicons/templates/defaultsite/es-ES/images/css/main.css HTTP/1.1" 200 486180 cronicadearagon.com "http://cronicadearagon.com/defaultsite" "Mozilla/5.0 (X11; Linux x86_64) AppleWebKit/537.36 (KHTML, like Gecko) HeadlessChrome/92.0.4515.107 Safari/537.36" "-"
69.160.160.0 - - [07/Feb/2024:16:44:36 +0100] "GET /spicons/templates/defaultsite/es-ES/images/vps.jpeg HTTP/1.1" 200 23125 cronicadearagon.com "http://cronicadearagon.com/defaultsite" "Mozilla/5.0 (X11; Linux x86_64) AppleWebKit/537.36 (KHTML, like Gecko) HeadlessChrome/92.0.4515.107 Safari/537.36" "-"
69.160.160.0 - - [07/Feb/2024:16:44:36 +0100] "GET /spicons/templates/defaultsite/es-ES/images/webhosting.jpeg HTTP/1.1" 200 20538 cronicadearagon.com "http://cronicadearagon.com/defaultsite" "Mozilla/5.0 (X11; Linux x86_64) AppleWebKit/537.36 (KHTML, like Gecko) HeadlessChrome/92.0.4515.107 Safari/537.36" "-"
69.160.160.0 - - [07/Feb/2024:16:44:36 +0100] "GET /spicons/templates/defaultsite/es-ES/images/mywebsite.jpeg HTTP/1.1" 200 23580 cronicadearagon.com "http://cronicadearagon.com/defaultsite" "Mozilla/5.0 (X11; Linux x86_64) AppleWebKit/537.36 (KHTML, like Gecko) HeadlessChrome/92.0.4515.107 Safari/537.36" "-"
69.160.160.0 - - [07/Feb/2024:16:44:37 +0100] "GET /spicons/templates/defaultsite/es-ES/images/ic-world.svg HTTP/1.1" 200 1248 cronicadearagon.com "http://cronicadearagon.com/defaultsite" "Mozilla/5.0 (X11; Linux x86_64) AppleWebKit/537.36 (KHTML, like Gecko) HeadlessChrome/92.0.4515.107 Safari/537.36" "-"
69.160.160.0 - - [07/Feb/2024:16:44:37 +0100] "GET /spicons/templates/defaultsite/es-ES/images/domain_transfer.svg HTTP/1.1" 200 1201 cronicadearagon.com "http://cronicadearagon.com/defaultsite" "Mozilla/5.0 (X11; Linux x86_64) AppleWebKit/537.36 (KHTML, like Gecko) HeadlessChrome/92.0.4515.107 Safari/537.36" "-"
69.160.160.0 - - [07/Feb/2024:16:44:37 +0100] "GET /spicons/templates/defaultsite/es-ES/images/domain.svg HTTP/1.1" 200 2095 cronicadearagon.com "http://cronicadearagon.com/defaultsite" "Mozilla/5.0 (X11; Linux x86_64) AppleWebKit/537.36 (KHTML, like Gecko) HeadlessChrome/92.0.4515.107 Safari/537.36" "-"
82.165.88.0 - - [07/Feb/2024:16:46:32 +0100] "POST /wp-cron.php?doing_wp_cron=1707320792.5779299736022949218750 HTTP/1.1" 200 - cronicareinodearagon.com "-" "WordPress/6.2.2; https://cronicareinodearagon.com" "-"
54.36.148.0 - - [07/Feb/2024:16:46:32 +0100] "GET /aragon/juanma-moreno-vox-presupuestos-andalucia/ HTTP/1.1" 200 165401 cronicareinodearagon.com "-" "Mozilla/5.0 (compatible; AhrefsBot/7.0; +http://ahrefs.com/robot/)" "-"
82.165.88.0 - - [07/Feb/2024:16:48:07 +0100] "POST /wp-cron.php?doing_wp_cron=1707320887.3745288848876953125000 HTTP/1.1" 200 - cronicareinodearagon.com "-" "WordPress/6.2.2; https://cronicareinodearagon.com" "-"
193.202.110.0 - - [07/Feb/2024:16:48:07 +0100] "POST /xmlrpc.php HTTP/1.1" 200 416 cronicareinodearagon.com "-" "Mozilla/5.0 (Windows NT 10.0) AppleWebKit/537.36 (KHTML, like Gecko) Chrome/72.0.3626.121 Safari/537.36" "-"
5.44.111.0 - - [07/Feb/2024:16:48:12 +0100] "POST /xmlrpc.php HTTP/1.1" 200 416 cronicareinodearagon.com "-" "Mozilla/5.0 (Windows NT 6.1; Win64; x64) AppleWebKit/537.36 (KHTML, like Gecko) Chrome/60.0.3112.90 Safari/537.36" "-"
154.39.199.0 - - [07/Feb/2024:16:48:14 +0100] "POST /xmlrpc.php HTTP/1.1" 200 416 cronicareinodearagon.com "-" "Mozilla/5.0 (Linux; Android 10; LM-X420) AppleWebKit/537.36 (KHTML, like Gecko) Chrome/91.0.4472.114 Mobile Safari/537.36" "-"
2a03:4000:: - - [07/Feb/2024:16:48:14 +0100] "POST /xmlrpc.php HTTP/1.1" 200 416 cronicareinodearagon.com "-" "Mozilla/5.0 (Linux; Android 10; SM-G960U) AppleWebKit/537.36 (KHTML, like Gecko) Chrome/91.0.4472.114 Mobile Safari/537.36" "-"
198.12.210.0 - - [07/Feb/2024:16:48:17 +0100] "POST /xmlrpc.php HTTP/1.1" 200 416 cronicareinodearagon.com "-" "Mozilla/5.0 (X11; Linux x86_64) AppleWebKit/537.36 (KHTML, like Gecko) Chrome/44.0.2403.157 Safari/537.36" "-"
51.195.219.0 - - [07/Feb/2024:16:48:18 +0100] "POST /xmlrpc.php HTTP/1.1" 503 299 cronicareinodearagon.com "-" "Mozilla/5.0 (Windows NT 6.1; WOW64; rv:18.0) Gecko/20100101 Firefox/18.0" "-"
95.217.225.0 - - [07/Feb/2024:16:48:21 +0100] "POST /xmlrpc.php HTTP/1.1" 200 416 cronicareinodearagon.com "-" "Mozilla/5.0 (Windows NT 6.1; rv:52.0) Gecko/20100101 Firefox/52.0" "-"
5.101.157.0 - - [07/Feb/2024:16:48:25 +0100] "POST /xmlrpc.php HTTP/1.1" 200 416 cronicareinodearagon.com "-" "Mozilla/5.0 (Windows NT 10.0; Win64; x64) AppleWebKit/537.36 (KHTML, like Gecko) Chrome/87.0.4280.141 Safari/537.36" "-"
198.12.221.0 - - [07/Feb/2024:16:48:34 +0100] "POST /xmlrpc.php HTTP/1.1" 200 416 cronicareinodearagon.com "-" "Mozilla/5.0 (Windows NT 10.0; Win64; x64) AppleWebKit/537.36 (KHTML, like Gecko) Chrome/69.0.3497.100 Safari/537.36" "-"
101.43.239.0 - - [07/Feb/2024:16:48:36 +0100] "POST /xmlrpc.php HTTP/1.1" 200 416 cronicareinodearagon.com "-" "Mozilla/5.0 (Windows NT 10.0; Win64; x64) AppleWebKit/537.36 (KHTML, like Gecko) Chrome/85.0.4183.121 Safari/537.36" "-"
91.238.163.0 - - [07/Feb/2024:16:48:36 +0100] "POST /xmlrpc.php HTTP/1.1" 200 416 cronicareinodearagon.com "-" "Mozilla/5.0 (Windows NT 10.0; Win64; x64) AppleWebKit/537.36 (KHTML, like Gecko) Chrome/80.0.3987.163 Safari/537.36" "-"
2400:8905:: - - [07/Feb/2024:16:48:48 +0100] "POST /xmlrpc.php HTTP/1.1" 200 416 cronicareinodearagon.com "-" "Mozilla/5.0 (Windows NT 10.0; Win64; x64) AppleWebKit/537.36 (KHTML, like Gecko) Chrome/79.0.3945.88 Safari/537.36" "-"
82.165.88.0 - - [07/Feb/2024:16:48:49 +0100] "POST /wp-cron.php?doing_wp_cron=1707320928.9741320610046386718750 HTTP/1.1" 200 - cronicareinodearagon.com "-" "WordPress/6.2.2; https://cronicareinodearagon.com" "-"
44.199.75.0 - - [07/Feb/2024:16:48:49 +0100] "POST /xmlrpc.php HTTP/1.1" 200 416 cronicareinodearagon.com "-" "Mozilla/5.0 (Windows NT 10.0; Win64; x64) AppleWebKit/537.36 (KHTML, like Gecko) Chrome/74.0.3729.157 Safari/537.36" "-"
139.59.46.0 - - [07/Feb/2024:16:48:50 +0100] "POST /xmlrpc.php HTTP/1.1" 200 416 cronicareinodearagon.com "-" "Mozilla/5.0 (Windows NT 10.0; Win64; x64) AppleWebKit/537.36 (KHTML, like Gecko) Chrome/64.0.3282.186 Safari/537.36" "-"
209.141.52.0 - - [07/Feb/2024:16:53:15 +0100] "GET //?author=8 HTTP/1.1" 301 - cronicareinodearagon.com "http://www.google.com.hk" "Mozilla/5.0 (Windows NT 6.1; WOW64) AppleWebKit/537.36 (KHTML, like Gecko) Chrome/42.0.2311.90 Safari/537.36" "-"
82.165.88.0 - - [07/Feb/2024:16:53:16 +0100] "POST /wp-cron.php?doing_wp_cron=1707321196.1647710800170898437500 HTTP/1.1" 200 - cronicareinodearagon.com "-" "WordPress/6.2.2; https://cronicareinodearagon.com" "-"
209.141.52.0 - - [07/Feb/2024:16:53:16 +0100] "GET / HTTP/1.1" 200 41729 cronicareinodearagon.com "http://www.google.com.hk" "Mozilla/5.0 (Windows NT 6.1; WOW64) AppleWebKit/537.36 (KHTML, like Gecko) Chrome/42.0.2311.90 Safari/537.36" "-"
82.165.88.0 - - [07/Feb/2024:16:55:07 +0100] "POST /wp-cron.php?doing_wp_cron=1707321307.6202800273895263671875 HTTP/1.1" 200 - cronicareinodearagon.com "-" "WordPress/6.2.2; https://cronicareinodearagon.com" "-"
54.36.148.0 - - [07/Feb/2024:16:55:07 +0100] "GET /aragon/pesimismo-andalucia-economia-rebajas/ HTTP/1.1" 200 161608 cronicareinodearagon.com "-" "Mozilla/5.0 (compatible; AhrefsBot/7.0; +http://ahrefs.com/robot/)" "-"
104.168.147.0 - - [07/Feb/2024:16:55:43 +0100] "GET /politica/javier-lamban-psoe-teruel-empleo/ HTTP/1.1" 200 169580 cronicareinodearagon.com "-" "Mozilla/5.0 (Macintosh; Intel Mac OS X 12_5) AppleWebKit/537.36 (KHTML, like Gecko) Chrome/114.0.0.0 YaBrowser/22.7.0 Yowser/2.5 Safari/537.36" "-"
82.165.88.0 - - [07/Feb/2024:16:55:44 +0100] "POST /wp-cron.php?doing_wp_cron=1707321343.9898159503936767578125 HTTP/1.1" 200 - cronicareinodearagon.com "-" "WordPress/6.2.2; https://cronicareinodearagon.com" "-"
104.168.147.0 - - [07/Feb/2024:16:55:47 +0100] "POST /wp-comments-post.php HTTP/1.1" 302 - cronicareinodearagon.com "https://cronicareinodearagon.com/politica/javier-lamban-psoe-teruel-empleo/" "Mozilla/5.0 (Macintosh; Intel Mac OS X 12_5) AppleWebKit/537.36 (KHTML, like Gecko) Chrome/114.0.0.0 YaBrowser/22.7.0 Yowser/2.5 Safari/537.36" "-"
104.168.147.0 - - [07/Feb/2024:16:55:48 +0100] "GET /politica/javier-lamban-psoe-teruel-empleo/ HTTP/1.1" 200 169580 cronicareinodearagon.com "https://cronicareinodearagon.com/wp-comments-post.php" "Mozilla/5.0 (Macintosh; Intel Mac OS X 12_5) AppleWebKit/537.36 (KHTML, like Gecko) Chrome/114.0.0.0 YaBrowser/22.7.0 Yowser/2.5 Safari/537.36" "-"
82.165.88.0 - - [07/Feb/2024:16:59:08 +0100] "POST /wp-cron.php?doing_wp_cron=1707321548.4885640144348144531250 HTTP/1.1" 200 - cronicareinodearagon.com "-" "WordPress/6.2.2; https://cronicareinodearagon.com" "-"
52.167.144.0 - - [07/Feb/2024:16:59:08 +0100] "GET /aragon/campanadas-andalucia-coronavirus-uvas-fiestas/ HTTP/1.1" 200 164871 cronicareinodearagon.com "-" "Mozilla/5.0 AppleWebKit/537.36 (KHTML, like Gecko; compatible; bingbot/2.0; +http://www.bing.com/bingbot.htm) Chrome/116.0.1938.76 Safari/537.36" "-"
82.165.88.0 - - [07/Feb/2024:17:01:16 +0100] "POST /wp-cron.php?doing_wp_cron=1707321676.9669280052185058593750 HTTP/1.1" 200 - cronicareinodearagon.com "-" "WordPress/6.2.2; https://cronicareinodearagon.com" "-"
184.168.121.0 - - [07/Feb/2024:17:01:16 +0100] "POST /xmlrpc.php HTTP/1.1" 200 414 cronicareinodearagon.com "-" "Mozilla/5.0 (X11; Fedora; Linux x86_64; rv:94.0) Gecko/20100101 Firefox/95.0" "-"
82.165.88.0 - - [07/Feb/2024:17:03:47 +0100] "POST /wp-cron.php?doing_wp_cron=1707321827.3066649436950683593750 HTTP/1.1" 200 - cronicareinodearagon.com "-" "WordPress/6.2.2; https://cronicareinodearagon.com" "-"
54.36.148.0 - - [07/Feb/2024:17:03:47 +0100] "GET /aragon/gobierno-central-rechaza-mas-agua-agricultura-donana/ HTTP/1.1" 200 167035 cronicareinodearagon.com "-" "Mozilla/5.0 (compatible; AhrefsBot/7.0; +http://ahrefs.com/robot/)" "-"
54.36.148.0 - - [07/Feb/2024:17:03:50 +0100] "GET /wp-content/uploads/2022/01/marismas_de_donana_0.jpg HTTP/1.1" 200 116082 cronicareinodearagon.com "-" "Mozilla/5.0 (compatible; AhrefsBot/7.0; +http://ahrefs.com/robot/)" "-"
82.165.88.0 - - [07/Feb/2024:17:11:08 +0100] "POST /wp-cron.php?doing_wp_cron=1707322268.4221351146697998046875 HTTP/1.1" 200 - cronicareinodearagon.com "-" "WordPress/6.2.2; https://cronicareinodearagon.com" "-"
54.36.148.0 - - [07/Feb/2024:17:11:08 +0100] "GET /aragon/aratur-visitantes-17-edicion/ HTTP/1.1" 200 160526 cronicareinodearagon.com "-" "Mozilla/5.0 (compatible; AhrefsBot/7.0; +http://ahrefs.com/robot/)" "-"
54.36.149.0 - - [07/Feb/2024:17:11:10 +0100] "GET /wp-content/uploads/2023/05/aratur-visitantes.jpg HTTP/1.1" 200 72552 cronicareinodearagon.com "-" "Mozilla/5.0 (compatible; AhrefsBot/7.0; +http://ahrefs.com/robot/)" "-"
82.165.88.0 - - [07/Feb/2024:17:14:39 +0100] "POST /wp-cron.php?doing_wp_cron=1707322479.8438119888305664062500 HTTP/1.1" 200 - cronicareinodearagon.com "-" "WordPress/6.2.2; https://cronicareinodearagon.com" "-"
2405:6587:900:: - - [07/Feb/2024:17:14:39 +0100] "POST /xmlrpc.php HTTP/1.1" 200 414 cronicareinodearagon.com "-" "Mozilla/5.0 (X11; Fedora; Linux x86_64; rv:94.0) Gecko/20100101 Firefox/95.0" "-"
184.154.139.0 - - [07/Feb/2024:17:18:06 +0100] "GET / HTTP/1.1" 200 336 www.cronicadeasturias.com "http://www.google.com/url?url=www.cronicadeasturias.com&yahoo.com" "Mozilla/5.0 (compatible; MSIE 9.0; Windows NT 6.1; WOW64; Trident/6.0)" "-"
184.154.139.0 - - [07/Feb/2024:17:18:06 +0100] "GET /th1s_1s_a_4o4.html HTTP/1.1" 404 596 www.cronicadeasturias.com "http://www.google.com/url?url=www.cronicadeasturias.com&yahoo.com" "Mozilla/5.0 (compatible; MSIE 9.0; Windows NT 6.1; WOW64; Trident/6.0)" "-"
184.154.139.0 - - [07/Feb/2024:17:18:06 +0100] "GET /spicons/templates/defaultsite/es-ES/images/domain_transfer.svg HTTP/1.1" 200 1201 www.cronicadeasturias.com "http://www.google.com/url?url=www.cronicadeasturias.com&yahoo.com" "Mozilla/5.0 (compatible; MSIE 9.0; Windows NT 6.1; WOW64; Trident/6.0)" "-"
184.154.139.0 - - [07/Feb/2024:17:18:06 +0100] "GET /spicons/templates/defaultsite/es-ES/images/ic-world.svg HTTP/1.1" 200 1248 www.cronicadeasturias.com "-" "SiteLockSpider [en] (WinNT; I ;Nav)" "-"
184.154.139.0 - - [07/Feb/2024:17:18:07 +0100] "GET /spicons/templates/defaultsite/es-ES/images/css/main.css HTTP/1.1" 200 486180 www.cronicadeasturias.com "http://www.google.com/url?url=www.cronicadeasturias.com&yahoo.com" "Mozilla/5.0 (compatible; MSIE 9.0; Windows NT 6.1; WOW64; Trident/6.0)" "-"
184.154.139.0 - - [07/Feb/2024:17:18:08 +0100] "GET /spicons/templates/defaultsite/es-ES/images/domain.svg HTTP/1.1" 200 2095 www.cronicadeasturias.com "-" "SiteLockSpider [en] (WinNT; I ;Nav)" "-"
184.154.139.0 - - [07/Feb/2024:17:18:08 +0100] "GET /domaincheckresult?__SBMT:d359e110d15:=1&__SYNT:d359e110d15:__CMD(domaincheckresult):RETWRP=domainselect&__SYNT:d359e110d15:__CMD(domaincheckresult):SELWRP=multicheck&__SYNT:d359e110d15:__forcestop=true&__pageflow=Order&__sendingdata=1&linkId=ct.btn.check.default-page-check&multicheck.Domain=1 HTTP/1.1" 404 596 www.cronicadeasturias.com "-" "SiteLockSpider [en] (WinNT; I ;Nav)" "-"
184.154.139.0 - - [07/Feb/2024:17:18:08 +0100] "GET /defaultsite HTTP/1.1" 200 18994 www.cronicadeasturias.com "-" "SiteLockSpider [en] (WinNT; I ;Nav)" "-"
184.154.139.0 - - [07/Feb/2024:17:18:09 +0100] "GET /domaincheckresult?__SBMT:d359e110d15:=1&__SYNT:d359e110d15:__CMD(domaincheckresult):RETWRP=domainselect&__SYNT:d359e110d15:__CMD(domaincheckresult):SELWRP=multicheck&__SYNT:d359e110d15:__forcestop=true&__pageflow=Order&__sendingdata=1&linkId=ct.btn.check.default-page-check&multicheck.Domain=1 HTTP/1.1" 404 596 www.cronicadeasturias.com "-" "SiteLockSpider [en] (WinNT; I ;Nav)" "-"
54.36.148.0 - - [07/Feb/2024:17:20:36 +0100] "GET /aragon/violencia-machista-andalucia-parlamento-manifiesto/ HTTP/1.1" 200 170129 cronicareinodearagon.com "-" "Mozilla/5.0 (compatible; AhrefsBot/7.0; +http://ahrefs.com/robot/)" "-"
82.165.88.0 - - [07/Feb/2024:17:20:37 +0100] "POST /wp-cron.php?doing_wp_cron=1707322837.0722620487213134765625 HTTP/1.1" 200 - cronicareinodearagon.com "-" "WordPress/6.2.2; https://cronicareinodearagon.com" "-"
54.36.148.0 - - [07/Feb/2024:17:20:38 +0100] "GET /wp-content/uploads/2021/11/parlamento-violencia-machista-1.jpg HTTP/1.1" 200 135287 cronicareinodearagon.com "-" "Mozilla/5.0 (compatible; AhrefsBot/7.0; +http://ahrefs.com/robot/)" "-"
52.167.144.0 - - [07/Feb/2024:17:24:46 +0100] "GET /robots.txt HTTP/1.1" 200 188 cronicadejaen.com "-" "Mozilla/5.0 AppleWebKit/537.36 (KHTML, like Gecko; compatible; bingbot/2.0; +http://www.bing.com/bingbot.htm) Chrome/116.0.1938.76 Safari/537.36" "-"
40.77.167.0 - - [07/Feb/2024:17:24:52 +0100] "GET / HTTP/1.1" 304 - cronicadejaen.com "-" "Mozilla/5.0 AppleWebKit/537.36 (KHTML, like Gecko; compatible; bingbot/2.0; +http://www.bing.com/bingbot.htm) Chrome/116.0.1938.76 Safari/537.36" "-"
82.165.88.0 - - [07/Feb/2024:17:28:46 +0100] "POST /wp-cron.php?doing_wp_cron=1707323326.4880108833312988281250 HTTP/1.1" 200 - cronicareinodearagon.com "-" "WordPress/6.2.2; https://cronicareinodearagon.com" "-"
212.115.111.0 - - [07/Feb/2024:17:28:46 +0100] "POST /xmlrpc.php HTTP/1.1" 200 414 cronicareinodearagon.com "-" "Mozilla/5.0 (X11; Fedora; Linux x86_64; rv:94.0) Gecko/20100101 Firefox/95.0" "-"
82.165.88.0 - - [07/Feb/2024:17:30:32 +0100] "POST /wp-cron.php?doing_wp_cron=1707323432.9548180103302001953125 HTTP/1.1" 200 - cronicareinodearagon.com "-" "WordPress/6.2.2; https://cronicareinodearagon.com" "-"
54.36.148.0 - - [07/Feb/2024:17:30:32 +0100] "GET /politica/aragon-existe-nueva-romareda/ HTTP/1.1" 200 164181 cronicareinodearagon.com "-" "Mozilla/5.0 (compatible; AhrefsBot/7.0; +http://ahrefs.com/robot/)" "-"
82.165.88.0 - - [07/Feb/2024:17:30:54 +0100] "POST /wp-cron.php?doing_wp_cron=1707323454.7590539455413818359375 HTTP/1.1" 200 - cronicareinodearagon.com "-" "WordPress/6.2.2; https://cronicareinodearagon.com" "-"
66.249.72.0 - - [07/Feb/2024:17:30:54 +0100] "GET /robots.txt HTTP/1.1" 200 202 cronicareinodearagon.com "-" "Mozilla/5.0 (compatible; Googlebot/2.1; +http://www.google.com/bot.html)" "-"
66.249.78.0 - - [07/Feb/2024:17:30:55 +0100] "GET /aragon/promedio-encuestas-elecciones-aragon/ HTTP/1.1" 200 165306 cronicareinodearagon.com "-" "Mozilla/5.0 (Linux; Android 6.0.1; Nexus 5X Build/MMB29P) AppleWebKit/537.36 (KHTML, like Gecko) Chrome/121.0.6167.85 Mobile Safari/537.36 (compatible; Googlebot/2.1; +http://www.google.com/bot.html)" "-"
66.249.72.0 - - [07/Feb/2024:17:30:58 +0100] "GET /wp-includes/js/jquery/ui/core.min.js?ver=1.13.2 HTTP/1.1" 200 7937 cronicareinodearagon.com "https://cronicareinodearagon.com/aragon/promedio-encuestas-elecciones-aragon/" "Mozilla/5.0 (Linux; Android 6.0.1; Nexus 5X Build/MMB29P) AppleWebKit/537.36 (KHTML, like Gecko) Chrome/121.0.6167.85 Mobile Safari/537.36 (compatible; Googlebot/2.1; +http://www.google.com/bot.html)" "-"
195.201.110.0 - - [07/Feb/2024:17:32:17 +0100] "GET / HTTP/1.1" 200 336 cronicadeextremadura.com "-" "Mozilla/5.0 (Windows NT 10.0; Win64; x64) AppleWebKit/537.36 (KHTML, like Gecko) Chrome/108.0.0.0 Safari/537.36" "-"
74.125.216.0 - - [07/Feb/2024:17:32:24 +0100] "GET /category/sociedad/feed/ HTTP/1.1" 200 16233 cronicareinodearagon.com "-" "FeedFetcher-Google; (+http://www.google.com/feedfetcher.html)" "-"
82.165.88.0 - - [07/Feb/2024:17:32:53 +0100] "POST /wp-cron.php?doing_wp_cron=1707323573.6372780799865722656250 HTTP/1.1" 200 - cronicareinodearagon.com "-" "WordPress/6.2.2; https://cronicareinodearagon.com" "-"
52.167.144.0 - - [07/Feb/2024:17:32:53 +0100] "GET /?s= HTTP/1.1" 200 155589 cronicareinodearagon.com "-" "Mozilla/5.0 AppleWebKit/537.36 (KHTML, like Gecko; compatible; bingbot/2.0; +http://www.bing.com/bingbot.htm) Chrome/116.0.1938.76 Safari/537.36" "-"
20.163.64.0 - - [07/Feb/2024:17:38:26 +0100] "GET / HTTP/1.1" 200 336 cronicadegranada.com "-" "Mozilla/5.0 (Windows NT 10.0; Win64; x64) AppleWebKit/537.36 (KHTML, like Gecko) Chrome/95.0.4638.69 Safari/537.36" "-"
20.163.64.0 - - [07/Feb/2024:17:38:26 +0100] "GET /wp-includes/ID3/license.txt HTTP/1.1" 404 596 cronicadegranada.com "-" "Mozilla/5.0 (Windows NT 10.0; Win64; x64) AppleWebKit/537.36 (KHTML, like Gecko) Chrome/95.0.4638.69 Safari/537.36" "-"
20.163.64.0 - - [07/Feb/2024:17:38:26 +0100] "GET /feed/ HTTP/1.1" 404 596 cronicadegranada.com "-" "Mozilla/5.0 (Windows NT 10.0; Win64; x64) AppleWebKit/537.36 (KHTML, like Gecko) Chrome/95.0.4638.69 Safari/537.36" "-"
20.163.64.0 - - [07/Feb/2024:17:38:26 +0100] "GET /xmlrpc.php?rsd HTTP/1.1" 404 596 cronicadegranada.com "-" "Mozilla/5.0 (Windows NT 10.0; Win64; x64) AppleWebKit/537.36 (KHTML, like Gecko) Chrome/95.0.4638.69 Safari/537.36" "-"
20.163.64.0 - - [07/Feb/2024:17:38:26 +0100] "GET /blog/wp-includes/wlwmanifest.xml HTTP/1.1" 404 596 cronicadegranada.com "-" "Mozilla/5.0 (Windows NT 10.0; Win64; x64) AppleWebKit/537.36 (KHTML, like Gecko) Chrome/95.0.4638.69 Safari/537.36" "-"
20.163.64.0 - - [07/Feb/2024:17:38:26 +0100] "GET / HTTP/1.1" 200 336 cronicademalaga.com "-" "Mozilla/5.0 (Windows NT 10.0; Win64; x64) AppleWebKit/537.36 (KHTML, like Gecko) Chrome/95.0.4638.69 Safari/537.36" "-"
20.163.64.0 - - [07/Feb/2024:17:38:26 +0100] "GET /wp-includes/ID3/license.txt HTTP/1.1" 404 596 cronicademalaga.com "-" "Mozilla/5.0 (Windows NT 10.0; Win64; x64) AppleWebKit/537.36 (KHTML, like Gecko) Chrome/95.0.4638.69 Safari/537.36" "-"
20.163.64.0 - - [07/Feb/2024:17:38:26 +0100] "GET /feed/ HTTP/1.1" 404 596 cronicademalaga.com "-" "Mozilla/5.0 (Windows NT 10.0; Win64; x64) AppleWebKit/537.36 (KHTML, like Gecko) Chrome/95.0.4638.69 Safari/537.36" "-"
20.163.64.0 - - [07/Feb/2024:17:38:26 +0100] "GET /xmlrpc.php?rsd HTTP/1.1" 404 596 cronicademalaga.com "-" "Mozilla/5.0 (Windows NT 10.0; Win64; x64) AppleWebKit/537.36 (KHTML, like Gecko) Chrome/95.0.4638.69 Safari/537.36" "-"
20.163.64.0 - - [07/Feb/2024:17:38:26 +0100] "GET / HTTP/1.1" 200 336 cronicadecadiz.com "-" "Mozilla/5.0 (Windows NT 10.0; Win64; x64) AppleWebKit/537.36 (KHTML, like Gecko) Chrome/95.0.4638.69 Safari/537.36" "-"
20.163.64.0 - - [07/Feb/2024:17:38:26 +0100] "GET /wp-includes/ID3/license.txt HTTP/1.1" 404 596 cronicadecadiz.com "-" "Mozilla/5.0 (Windows NT 10.0; Win64; x64) AppleWebKit/537.36 (KHTML, like Gecko) Chrome/95.0.4638.69 Safari/537.36" "-"
20.163.64.0 - - [07/Feb/2024:17:38:26 +0100] "GET / HTTP/1.1" 200 336 cronicadelpaisvalenciano.com "-" "Mozilla/5.0 (Windows NT 10.0; Win64; x64) AppleWebKit/537.36 (KHTML, like Gecko) Chrome/95.0.4638.69 Safari/537.36" "-"
20.163.64.0 - - [07/Feb/2024:17:38:26 +0100] "GET /wp-includes/ID3/license.txt HTTP/1.1" 404 596 cronicadelpaisvalenciano.com "-" "Mozilla/5.0 (Windows NT 10.0; Win64; x64) AppleWebKit/537.36 (KHTML, like Gecko) Chrome/95.0.4638.69 Safari/537.36" "-"
20.163.64.0 - - [07/Feb/2024:17:38:26 +0100] "GET / HTTP/1.1" 200 336 cronicadejaen.com "-" "Mozilla/5.0 (Windows NT 10.0; Win64; x64) AppleWebKit/537.36 (KHTML, like Gecko) Chrome/95.0.4638.69 Safari/537.36" "-"
20.163.64.0 - - [07/Feb/2024:17:38:27 +0100] "GET /web/wp-includes/wlwmanifest.xml HTTP/1.1" 404 596 cronicadegranada.com "-" "Mozilla/5.0 (Windows NT 10.0; Win64; x64) AppleWebKit/537.36 (KHTML, like Gecko) Chrome/95.0.4638.69 Safari/537.36" "-"
20.163.64.0 - - [07/Feb/2024:17:38:27 +0100] "GET /wordpress/wp-includes/wlwmanifest.xml HTTP/1.1" 404 596 cronicadegranada.com "-" "Mozilla/5.0 (Windows NT 10.0; Win64; x64) AppleWebKit/537.36 (KHTML, like Gecko) Chrome/95.0.4638.69 Safari/537.36" "-"
