File: /homepages/20/d917057205/htdocs/_ProviderRestore/logs/access.log.06.4
85.208.96.0 - - [08/Feb/2024:00:03:34 +0100] "GET /aragon/epa-encuesta-empleo-trabajo-andalucia-parados-paro/ HTTP/1.1" 200 164247 cronicareinodearagon.com "-" "Mozilla/5.0 (compatible; SemrushBot/7~bl; +http://www.semrush.com/bot.html)" "-"
82.165.88.0 - - [08/Feb/2024:00:03:35 +0100] "POST /wp-cron.php?doing_wp_cron=1707347015.1248059272766113281250 HTTP/1.1" 200 - cronicareinodearagon.com "-" "WordPress/6.2.2; https://cronicareinodearagon.com" "-"
74.125.209.0 - - [08/Feb/2024:00:09:27 +0100] "GET /category/educacion/feed/ HTTP/1.1" 200 16487 cronicareinodearagon.com "-" "FeedFetcher-Google; (+http://www.google.com/feedfetcher.html)" "-"
82.165.88.0 - - [08/Feb/2024:00:09:28 +0100] "POST /wp-cron.php?doing_wp_cron=1707347368.3860449790954589843750 HTTP/1.1" 200 - cronicareinodearagon.com "-" "WordPress/6.2.2; https://cronicareinodearagon.com" "-"
66.249.78.0 - - [08/Feb/2024:00:09:28 +0100] "GET /robots.txt HTTP/1.1" 200 202 cronicareinodearagon.com "-" "Mozilla/5.0 (compatible; Googlebot/2.1; +http://www.google.com/bot.html)" "-"
66.249.78.0 - - [08/Feb/2024:00:09:29 +0100] "GET /category/economia/ HTTP/1.1" 200 29354 cronicareinodearagon.com "-" "Mozilla/5.0 (compatible; Googlebot/2.1; +http://www.google.com/bot.html)" "-"
74.125.209.0 - - [08/Feb/2024:00:09:46 +0100] "GET /category/politica/feed/ HTTP/1.1" 200 18273 cronicareinodearagon.com "-" "FeedFetcher-Google; (+http://www.google.com/feedfetcher.html)" "-"
17.241.227.0 - - [08/Feb/2024:00:12:21 +0100] "GET /economia/igp-aceite-de-jaen-presidente-manuel-parras/ HTTP/1.1" 200 163570 cronicareinodearagon.com "-" "Mozilla/5.0 (Macintosh; Intel Mac OS X 10_15_5) AppleWebKit/605.1.15 (KHTML, like Gecko) Version/13.1.1 Safari/605.1.15 (Applebot/0.1; +http://www.apple.com/go/applebot)" "-"
82.165.88.0 - - [08/Feb/2024:00:12:22 +0100] "POST /wp-cron.php?doing_wp_cron=1707347542.1291968822479248046875 HTTP/1.1" 200 - cronicareinodearagon.com "-" "WordPress/6.2.2; https://cronicareinodearagon.com" "-"
185.191.171.0 - - [08/Feb/2024:00:22:55 +0100] "GET /sociedad/huellas-memoria-mujeres-la-zubia/ HTTP/1.1" 200 162983 cronicareinodearagon.com "-" "Mozilla/5.0 (compatible; SemrushBot/7~bl; +http://www.semrush.com/bot.html)" "-"
82.165.88.0 - - [08/Feb/2024:00:22:56 +0100] "POST /wp-cron.php?doing_wp_cron=1707348176.1901519298553466796875 HTTP/1.1" 200 - cronicareinodearagon.com "-" "WordPress/6.2.2; https://cronicareinodearagon.com" "-"
173.249.29.0 - - [08/Feb/2024:00:23:07 +0100] "GET /wp-content/themes/travelscape/json.php HTTP/1.1" 301 279 cronicareinodearagon.com "www.google.com" "Mozlila/5.0 (Linux; Android 7.0; SM-G892A Bulid/NRD90M; wv) AppleWebKit/537.36 (KHTML, like Gecko) Version/4.0 Chrome/60.0.3112.107 Moblie Safari/537.36" "-"
173.249.29.0 - - [08/Feb/2024:00:23:09 +0100] "GET /wp-content/themes/travelscape/json.php HTTP/1.1" 404 144955 cronicareinodearagon.com "www.google.com" "Mozlila/5.0 (Linux; Android 7.0; SM-G892A Bulid/NRD90M; wv) AppleWebKit/537.36 (KHTML, like Gecko) Version/4.0 Chrome/60.0.3112.107 Moblie Safari/537.36" "-"
173.249.29.0 - - [08/Feb/2024:00:23:25 +0100] "GET /wp-content/themes/aahana/json.php HTTP/1.1" 404 144940 cronicareinodearagon.com "www.google.com" "Mozlila/5.0 (Linux; Android 7.0; SM-G892A Bulid/NRD90M; wv) AppleWebKit/537.36 (KHTML, like Gecko) Version/4.0 Chrome/60.0.3112.107 Moblie Safari/537.36" "-"
173.249.29.0 - - [08/Feb/2024:00:23:45 +0100] "GET /wp-content/themes/travel/issue.php HTTP/1.1" 301 275 cronicareinodearagon.com "www.google.com" "Mozlila/5.0 (Linux; Android 7.0; SM-G892A Bulid/NRD90M; wv) AppleWebKit/537.36 (KHTML, like Gecko) Version/4.0 Chrome/60.0.3112.107 Moblie Safari/537.36" "-"
82.165.88.0 - - [08/Feb/2024:00:23:49 +0100] "POST /wp-cron.php?doing_wp_cron=1707348229.9049310684204101562500 HTTP/1.1" 200 - cronicareinodearagon.com "-" "WordPress/6.2.2; https://cronicareinodearagon.com" "-"
173.249.29.0 - - [08/Feb/2024:00:23:49 +0100] "GET /wp-content/themes/travel/issue.php HTTP/1.1" 404 144943 cronicareinodearagon.com "www.google.com" "Mozlila/5.0 (Linux; Android 7.0; SM-G892A Bulid/NRD90M; wv) AppleWebKit/537.36 (KHTML, like Gecko) Version/4.0 Chrome/60.0.3112.107 Moblie Safari/537.36" "-"
185.191.171.0 - - [08/Feb/2024:00:26:48 +0100] "GET /aragon/teltronic-digitalizacion-transporte-moysest/ HTTP/1.1" 200 165888 cronicareinodearagon.com "-" "Mozilla/5.0 (compatible; SemrushBot/7~bl; +http://www.semrush.com/bot.html)" "-"
82.165.88.0 - - [08/Feb/2024:00:26:49 +0100] "POST /wp-cron.php?doing_wp_cron=1707348409.0542590618133544921875 HTTP/1.1" 200 - cronicareinodearagon.com "-" "WordPress/6.2.2; https://cronicareinodearagon.com" "-"
74.125.209.0 - - [08/Feb/2024:00:28:01 +0100] "GET /category/politica/feed/ HTTP/1.1" 200 18273 cronicareinodearagon.com "-" "FeedFetcher-Google; (+http://www.google.com/feedfetcher.html)" "-"
82.165.88.0 - - [08/Feb/2024:00:29:01 +0100] "POST /wp-cron.php?doing_wp_cron=1707348541.6930289268493652343750 HTTP/1.1" 200 - cronicareinodearagon.com "-" "WordPress/6.2.2; https://cronicareinodearagon.com" "-"
54.36.149.0 - - [08/Feb/2024:00:29:01 +0100] "GET /aragon/vox-propaganda-ultraderecha-abascal-andalucia-barrios/ HTTP/1.1" 200 162724 cronicareinodearagon.com "-" "Mozilla/5.0 (compatible; AhrefsBot/7.0; +http://ahrefs.com/robot/)" "-"
54.36.148.0 - - [08/Feb/2024:00:29:03 +0100] "GET /wp-content/uploads/2021/11/Propaganda-VOX.jpg HTTP/1.1" 200 52429 cronicareinodearagon.com "-" "Mozilla/5.0 (compatible; AhrefsBot/7.0; +http://ahrefs.com/robot/)" "-"
82.165.88.0 - - [08/Feb/2024:00:33:34 +0100] "POST /wp-cron.php?doing_wp_cron=1707348814.5900080204010009765625 HTTP/1.1" 200 - cronicareinodearagon.com "-" "WordPress/6.2.2; https://cronicareinodearagon.com" "-"
51.174.65.0 - - [08/Feb/2024:00:33:34 +0100] "GET /robots.txt HTTP/1.1" 200 202 cronicareinodearagon.com "-" "Mozilla/5.0 (compatible; MJ12bot/v1.4.8; http://mj12bot.com/)" "-"
51.174.65.0 - - [08/Feb/2024:00:33:36 +0100] "GET /wp-content/uploads/2021/08/Parte_antigua_de_Ca%CC%81ceres_Extremadura_Espan%CC%83a-scaled.jpeg HTTP/1.1" 200 561253 cronicareinodearagon.com "-" "Mozilla/5.0 (compatible; MJ12bot/v1.4.8; http://mj12bot.com/)" "-"
85.208.96.0 - - [08/Feb/2024:00:35:21 +0100] "GET /robots.txt HTTP/1.1" 200 202 cronicareinodearagon.com "-" "Mozilla/5.0 (compatible; SemrushBot/7~bl; +http://www.semrush.com/bot.html)" "-"
82.165.88.0 - - [08/Feb/2024:00:35:23 +0100] "POST /wp-cron.php?doing_wp_cron=1707348922.9669709205627441406250 HTTP/1.1" 200 - cronicareinodearagon.com "-" "WordPress/6.2.2; https://cronicareinodearagon.com" "-"
85.208.96.0 - - [08/Feb/2024:00:35:23 +0100] "GET /politica/moreno-ferrer-entrevista-alcalde-velez-malaga/ HTTP/1.1" 200 183552 cronicareinodearagon.com "-" "Mozilla/5.0 (compatible; SemrushBot/7~bl; +http://www.semrush.com/bot.html)" "-"
82.165.88.0 - - [08/Feb/2024:00:36:59 +0100] "POST /wp-cron.php?doing_wp_cron=1707349019.4726519584655761718750 HTTP/1.1" 200 - cronicareinodearagon.com "-" "WordPress/6.2.2; https://cronicareinodearagon.com" "-"
185.191.171.0 - - [08/Feb/2024:00:36:59 +0100] "GET /aragon/parlamento-pp-vox-vicepresidencia-mesa/ HTTP/1.1" 200 168719 cronicareinodearagon.com "-" "Mozilla/5.0 (compatible; SemrushBot/7~bl; +http://www.semrush.com/bot.html)" "-"
85.208.96.0 - - [08/Feb/2024:00:43:30 +0100] "GET /category/economia/page/23/ HTTP/1.1" 200 134643 cronicareinodearagon.com "-" "Mozilla/5.0 (compatible; SemrushBot/7~bl; +http://www.semrush.com/bot.html)" "-"
82.165.88.0 - - [08/Feb/2024:00:43:31 +0100] "POST /wp-cron.php?doing_wp_cron=1707349411.1961638927459716796875 HTTP/1.1" 200 - cronicareinodearagon.com "-" "WordPress/6.2.2; https://cronicareinodearagon.com" "-"
82.165.88.0 - - [08/Feb/2024:00:43:56 +0100] "POST /wp-cron.php?doing_wp_cron=1707349436.3675150871276855468750 HTTP/1.1" 200 - cronicareinodearagon.com "-" "WordPress/6.2.2; https://cronicareinodearagon.com" "-"
185.191.171.0 - - [08/Feb/2024:00:43:56 +0100] "GET /economia/alcalde-sevilla-gran-alianza-publico-privada/ HTTP/1.1" 200 170272 cronicareinodearagon.com "-" "Mozilla/5.0 (compatible; SemrushBot/7~bl; +http://www.semrush.com/bot.html)" "-"
74.125.209.0 - - [08/Feb/2024:00:48:28 +0100] "GET /category/educacion/feed/ HTTP/1.1" 200 16487 cronicareinodearagon.com "-" "FeedFetcher-Google; (+http://www.google.com/feedfetcher.html)" "-"
17.241.227.0 - - [08/Feb/2024:00:56:00 +0100] "GET /wp-content/uploads/2022/08/ryanair-huelga-750x375.jpg HTTP/1.1" 200 48176 cronicareinodearagon.com "-" "Mozilla/5.0 (Macintosh; Intel Mac OS X 10_15_5) AppleWebKit/605.1.15 (KHTML, like Gecko) Version/13.1.1 Safari/605.1.15 (Applebot/0.1; +http://www.apple.com/go/applebot)" "-"
82.165.88.0 - - [08/Feb/2024:01:00:10 +0100] "POST /wp-cron.php?doing_wp_cron=1707350410.9107420444488525390625 HTTP/1.1" 200 - cronicareinodearagon.com "-" "WordPress/6.2.2; https://cronicareinodearagon.com" "-"
85.208.96.0 - - [08/Feb/2024:01:00:10 +0100] "GET /aragon/juanma-moreno-allana-camino-pacto-ultraderecha/ HTTP/1.1" 200 170018 cronicareinodearagon.com "-" "Mozilla/5.0 (compatible; SemrushBot/7~bl; +http://www.semrush.com/bot.html)" "-"
185.191.171.0 - - [08/Feb/2024:01:01:53 +0100] "GET /aragon/la-aficion-de-la-real-contra-el-zaragoza-con-una-bomba-todo-volaria-una-explosion-de-goma-2/ HTTP/1.1" 200 160487 cronicareinodearagon.com "-" "Mozilla/5.0 (compatible; SemrushBot/7~bl; +http://www.semrush.com/bot.html)" "-"
82.165.88.0 - - [08/Feb/2024:01:01:54 +0100] "POST /wp-cron.php?doing_wp_cron=1707350514.2689960002899169921875 HTTP/1.1" 200 - cronicareinodearagon.com "-" "WordPress/6.2.2; https://cronicareinodearagon.com" "-"
74.125.216.0 - - [08/Feb/2024:01:07:48 +0100] "GET /category/sociedad/feed/ HTTP/1.1" 200 16233 cronicareinodearagon.com "-" "FeedFetcher-Google; (+http://www.google.com/feedfetcher.html)" "-"
54.36.148.0 - - [08/Feb/2024:01:12:42 +0100] "GET /category/sociedad/page/6/ HTTP/1.1" 200 147552 cronicareinodearagon.com "-" "Mozilla/5.0 (compatible; AhrefsBot/7.0; +http://ahrefs.com/robot/)" "-"
82.165.88.0 - - [08/Feb/2024:01:12:43 +0100] "POST /wp-cron.php?doing_wp_cron=1707351163.2052140235900878906250 HTTP/1.1" 200 - cronicareinodearagon.com "-" "WordPress/6.2.2; https://cronicareinodearagon.com" "-"
159.223.156.0 - - [08/Feb/2024:01:15:26 +0100] "GET / HTTP/1.1" 200 336 cronicadesevilla.com "-" "Mozilla/5.0 (Macintosh; Intel Mac OS X 10_14_5) AppleWebKit/537.36 (KHTML, like Gecko) Chrome/76.0.3809.132 Safari/537.36" "-"
82.165.88.0 - - [08/Feb/2024:01:19:09 +0100] "POST /wp-cron.php?doing_wp_cron=1707351549.4371500015258789062500 HTTP/1.1" 200 - cronicareinodearagon.com "-" "WordPress/6.2.2; https://cronicareinodearagon.com" "-"
185.191.171.0 - - [08/Feb/2024:01:19:09 +0100] "GET /sociedad/pico-reja-fosa-comun-sevilla/ HTTP/1.1" 200 167353 cronicareinodearagon.com "-" "Mozilla/5.0 (compatible; SemrushBot/7~bl; +http://www.semrush.com/bot.html)" "-"
82.165.88.0 - - [08/Feb/2024:01:21:38 +0100] "POST /wp-cron.php?doing_wp_cron=1707351698.6836459636688232421875 HTTP/1.1" 200 - cronicareinodearagon.com "-" "WordPress/6.2.2; https://cronicareinodearagon.com" "-"
185.191.171.0 - - [08/Feb/2024:01:21:38 +0100] "GET /educacion/reformas-colegios-provincia-cadiz-junta-andalucia/ HTTP/1.1" 200 166209 cronicareinodearagon.com "-" "Mozilla/5.0 (compatible; SemrushBot/7~bl; +http://www.semrush.com/bot.html)" "-"
82.165.88.0 - - [08/Feb/2024:01:23:16 +0100] "POST /wp-cron.php?doing_wp_cron=1707351796.3704309463500976562500 HTTP/1.1" 200 - cronicareinodearagon.com "-" "WordPress/6.2.2; https://cronicareinodearagon.com" "-"
85.208.96.0 - - [08/Feb/2024:01:23:16 +0100] "GET /aragon/juanma-moreno-mascarillas-colegios-andalucia/ HTTP/1.1" 200 164342 cronicareinodearagon.com "-" "Mozilla/5.0 (compatible; SemrushBot/7~bl; +http://www.semrush.com/bot.html)" "-"
82.165.88.0 - - [08/Feb/2024:01:25:09 +0100] "POST /wp-cron.php?doing_wp_cron=1707351909.9476740360260009765625 HTTP/1.1" 200 - cronicareinodearagon.com "-" "WordPress/6.2.2; https://cronicareinodearagon.com" "-"
185.191.171.0 - - [08/Feb/2024:01:25:09 +0100] "GET /aragon/covid-record-cifra-hospital-sexta-ola/ HTTP/1.1" 200 162765 cronicareinodearagon.com "-" "Mozilla/5.0 (compatible; SemrushBot/7~bl; +http://www.semrush.com/bot.html)" "-"
184.154.76.0 - - [08/Feb/2024:01:32:34 +0100] "GET / HTTP/1.1" 200 336 www.cronicademalaga.com "http://www.google.com/url?url=www.cronicademalaga.com&yahoo.com" "Mozilla/5.0 (compatible; MSIE 9.0; Windows NT 6.1; WOW64; Trident/6.0)" "-"
184.154.76.0 - - [08/Feb/2024:01:32:34 +0100] "GET /th1s_1s_a_4o4.html HTTP/1.1" 404 596 www.cronicademalaga.com "http://www.google.com/url?url=www.cronicademalaga.com&yahoo.com" "Mozilla/5.0 (compatible; MSIE 9.0; Windows NT 6.1; WOW64; Trident/6.0)" "-"
184.154.76.0 - - [08/Feb/2024:01:32:34 +0100] "GET /spicons/templates/defaultsite/es-ES/images/domain.svg HTTP/1.1" 200 2095 www.cronicademalaga.com "http://www.google.com/url?url=www.cronicademalaga.com&yahoo.com" "Mozilla/5.0 (compatible; MSIE 9.0; Windows NT 6.1; WOW64; Trident/6.0)" "-"
184.154.76.0 - - [08/Feb/2024:01:32:35 +0100] "GET /spicons/templates/defaultsite/es-ES/images/domain_transfer.svg HTTP/1.1" 200 1201 www.cronicademalaga.com "-" "SiteLockSpider [en] (WinNT; I ;Nav)" "-"
184.154.76.0 - - [08/Feb/2024:01:32:35 +0100] "GET /spicons/templates/defaultsite/es-ES/images/ic-world.svg HTTP/1.1" 200 1248 www.cronicademalaga.com "-" "SiteLockSpider [en] (WinNT; I ;Nav)" "-"
184.154.76.0 - - [08/Feb/2024:01:32:35 +0100] "GET /defaultsite HTTP/1.1" 200 18994 www.cronicademalaga.com "-" "SiteLockSpider [en] (WinNT; I ;Nav)" "-"
184.154.76.0 - - [08/Feb/2024:01:32:36 +0100] "GET /spicons/templates/defaultsite/es-ES/images/css/main.css HTTP/1.1" 200 486180 www.cronicademalaga.com "http://www.google.com/url?url=www.cronicademalaga.com&yahoo.com" "Mozilla/5.0 (compatible; MSIE 9.0; Windows NT 6.1; WOW64; Trident/6.0)" "-"
184.154.76.0 - - [08/Feb/2024:01:32:37 +0100] "GET /domaincheckresult?__SBMT:d359e110d15:=1&__SYNT:d359e110d15:__CMD(domaincheckresult):RETWRP=domainselect&__SYNT:d359e110d15:__CMD(domaincheckresult):SELWRP=multicheck&__SYNT:d359e110d15:__forcestop=true&__pageflow=Order&__sendingdata=1&linkId=ct.btn.check.default-page-check&multicheck.Domain=1 HTTP/1.1" 404 596 www.cronicademalaga.com "-" "SiteLockSpider [en] (WinNT; I ;Nav)" "-"
103.43.188.0 - - [08/Feb/2024:01:37:06 +0100] "POST /xmlrpc.php HTTP/1.1" 200 416 cronicareinodearagon.com "-" "Mozilla/5.0 (Windows NT 10.0; Win64; x64) AppleWebKit/537.36 (KHTML, like Gecko) Chrome/84.0.4147.135 Safari/537.36" "-"
82.165.88.0 - - [08/Feb/2024:01:37:07 +0100] "POST /wp-cron.php?doing_wp_cron=1707352626.9661369323730468750000 HTTP/1.1" 200 - cronicareinodearagon.com "-" "WordPress/6.2.2; https://cronicareinodearagon.com" "-"
45.139.11.0 - - [08/Feb/2024:01:37:09 +0100] "POST /xmlrpc.php HTTP/1.1" 200 416 cronicareinodearagon.com "-" "Mozilla/5.0 (Windows NT 6.1) AppleWebKit/537.36 (KHTML, like Gecko) Chrome/56.0.2924.76 Safari/537.36" "-"
47.243.233.0 - - [08/Feb/2024:01:37:15 +0100] "POST /xmlrpc.php HTTP/1.1" 503 299 cronicareinodearagon.com "-" "Mozilla/5.0 (Windows NT 6.1; WOW64; rv:18.0) Gecko/20100101 Firefox/18.0" "-"
85.208.96.0 - - [08/Feb/2024:01:37:24 +0100] "GET /robots.txt HTTP/1.1" 200 202 cronicareinodearagon.com "-" "Mozilla/5.0 (compatible; SemrushBot/7~bl; +http://www.semrush.com/bot.html)" "-"
185.191.171.0 - - [08/Feb/2024:01:37:26 +0100] "GET /educacion/presupuesto-mejoras-colegios-porcuna/ HTTP/1.1" 200 165606 cronicareinodearagon.com "-" "Mozilla/5.0 (compatible; SemrushBot/7~bl; +http://www.semrush.com/bot.html)" "-"
193.106.249.0 - - [08/Feb/2024:01:37:29 +0100] "POST /xmlrpc.php HTTP/1.1" 200 416 cronicareinodearagon.com "-" "Mozilla/5.0 (Macintosh; Intel Mac OS X 10_10; rv:33.0) Gecko/20100101 Firefox/33.0" "-"
195.74.38.0 - - [08/Feb/2024:01:37:33 +0100] "POST /xmlrpc.php HTTP/1.1" 200 416 cronicareinodearagon.com "-" "Mozilla/5.0 (Windows NT 6.1; Win64; x64; rv:25.0) Gecko/20100101 Firefox/29.0" "-"
112.74.77.0 - - [08/Feb/2024:01:37:34 +0100] "POST /xmlrpc.php HTTP/1.1" 200 416 cronicareinodearagon.com "-" "Mozilla/5.0 (Windows NT 6.1; WOW64; rv:41.0) Gecko/20100101 Firefox/41.0" "-"
188.166.0.0 - - [08/Feb/2024:01:37:38 +0100] "POST /xmlrpc.php HTTP/1.1" 200 416 cronicareinodearagon.com "-" "Mozilla/5.0 (iPhone; CPU iPhone OS 14_6 like Mac OS X) AppleWebKit/605.1.15 (KHTML, like Gecko) CriOS/91.0.4472.80 Mobile/15E148 Safari/604.1" "-"
188.166.0.0 - - [08/Feb/2024:01:37:41 +0100] "POST /xmlrpc.php HTTP/1.1" 200 416 cronicareinodearagon.com "-" "Mozilla/5.0 (Windows NT 6.1; WOW64; rv:47.0) Gecko/20100101 Firefox/47.0" "-"
82.165.88.0 - - [08/Feb/2024:01:37:42 +0100] "POST /wp-cron.php?doing_wp_cron=1707352662.0580220222473144531250 HTTP/1.1" 200 - cronicareinodearagon.com "-" "WordPress/6.2.2; https://cronicareinodearagon.com" "-"
2a01:4f8:100:: - - [08/Feb/2024:01:37:42 +0100] "POST /xmlrpc.php HTTP/1.1" 200 416 cronicareinodearagon.com "-" "Mozilla/5.0 (Windows NT 5.1; rv:36.0) Gecko/20100101 Firefox/36.0" "-"
62.72.44.0 - - [08/Feb/2024:01:37:45 +0100] "POST /xmlrpc.php HTTP/1.1" 503 299 cronicareinodearagon.com "-" "Mozilla/5.0 (Windows NT 6.1; WOW64; rv:18.0) Gecko/20100101 Firefox/18.0" "-"
192.158.237.0 - - [08/Feb/2024:01:37:54 +0100] "POST /xmlrpc.php HTTP/1.1" 200 416 cronicareinodearagon.com "-" "Mozilla/5.0 (Windows NT 6.1; Win64; x64) AppleWebKit/537.36 (KHTML, like Gecko) Chrome/74.0.3729.169 Safari/537.36" "-"
85.208.96.0 - - [08/Feb/2024:01:38:17 +0100] "GET /politica/alcalde-nerja-vertedero-ilegal/ HTTP/1.1" 200 170653 cronicareinodearagon.com "-" "Mozilla/5.0 (compatible; SemrushBot/7~bl; +http://www.semrush.com/bot.html)" "-"
185.191.171.0 - - [08/Feb/2024:01:47:38 +0100] "GET /aragon/operacion-doping-malaga-cordoba/ HTTP/1.1" 200 168833 cronicareinodearagon.com "-" "Mozilla/5.0 (compatible; SemrushBot/7~bl; +http://www.semrush.com/bot.html)" "-"
82.165.88.0 - - [08/Feb/2024:01:47:39 +0100] "POST /wp-cron.php?doing_wp_cron=1707353259.2475869655609130859375 HTTP/1.1" 200 - cronicareinodearagon.com "-" "WordPress/6.2.2; https://cronicareinodearagon.com" "-"
74.125.209.0 - - [08/Feb/2024:01:50:00 +0100] "GET /category/politica/feed/ HTTP/1.1" 200 18273 cronicareinodearagon.com "-" "FeedFetcher-Google; (+http://www.google.com/feedfetcher.html)" "-"
82.165.88.0 - - [08/Feb/2024:01:51:50 +0100] "POST /wp-cron.php?doing_wp_cron=1707353510.5339379310607910156250 HTTP/1.1" 200 - cronicareinodearagon.com "-" "WordPress/6.2.2; https://cronicareinodearagon.com" "-"
185.191.171.0 - - [08/Feb/2024:01:51:50 +0100] "GET /aragon/jesus-aguirre-presidente-parlamento-andaluz/ HTTP/1.1" 200 165707 cronicareinodearagon.com "-" "Mozilla/5.0 (compatible; SemrushBot/7~bl; +http://www.semrush.com/bot.html)" "-"
46.101.5.0 - - [08/Feb/2024:01:52:02 +0100] "GET / HTTP/1.1" 200 336 grupocronicaenlibertad.com "-" "Mozilla/5.0 (X11; Linux x86_64) AppleWebKit/537.36 (KHTML, like Gecko) Chrome/108.0.0.0 Safari/537.36" "-"
54.36.148.0 - - [08/Feb/2024:01:52:11 +0100] "GET /robots.txt HTTP/1.1" 200 202 cronicareinodearagon.com "-" "Mozilla/5.0 (compatible; AhrefsBot/7.0; +http://ahrefs.com/robot/)" "-"
54.36.148.0 - - [08/Feb/2024:01:52:12 +0100] "GET /aragon/csif-pide-junta-andalucia-purificadores-ffp2-test/ HTTP/1.1" 200 169455 cronicareinodearagon.com "-" "Mozilla/5.0 (compatible; AhrefsBot/7.0; +http://ahrefs.com/robot/)" "-"
74.125.209.0 - - [08/Feb/2024:01:52:47 +0100] "GET /category/educacion/feed/ HTTP/1.1" 200 16487 cronicareinodearagon.com "-" "FeedFetcher-Google; (+http://www.google.com/feedfetcher.html)" "-"
17.241.227.0 - - [08/Feb/2024:01:54:11 +0100] "GET /wp-content/uploads/2022/08/pilar-navarro-psoe-a-750x375.jpg HTTP/1.1" 200 31268 cronicareinodearagon.com "-" "Mozilla/5.0 (Macintosh; Intel Mac OS X 10_15_5) AppleWebKit/605.1.15 (KHTML, like Gecko) Version/13.1.1 Safari/605.1.15 (Applebot/0.1; +http://www.apple.com/go/applebot)" "-"
98.70.33.0 - - [08/Feb/2024:01:59:37 +0100] "GET /auto_seo.php HTTP/1.1" 301 253 cronicareinodearagon.com "-" "Mozlila/5.0 (Linux; Android 7.0; SM-G892A Bulid/NRD90M; wv) AppleWebKit/537.36 (KHTML, like Gecko) Version/4.0 Chrome/60.0.3112.107 Moblie Safari/537.36" "-"
82.165.88.0 - - [08/Feb/2024:01:59:39 +0100] "POST /wp-cron.php?doing_wp_cron=1707353979.4782440662384033203125 HTTP/1.1" 200 - cronicareinodearagon.com "-" "WordPress/6.2.2; https://cronicareinodearagon.com" "-"
98.70.33.0 - - [08/Feb/2024:01:59:39 +0100] "GET /auto_seo.php HTTP/1.1" 404 144874 cronicareinodearagon.com "-" "Mozlila/5.0 (Linux; Android 7.0; SM-G892A Bulid/NRD90M; wv) AppleWebKit/537.36 (KHTML, like Gecko) Version/4.0 Chrome/60.0.3112.107 Moblie Safari/537.36" "-"
98.70.33.0 - - [08/Feb/2024:01:59:40 +0100] "GET //options-discussion.php HTTP/1.1" 301 263 cronicareinodearagon.com "-" "Mozlila/5.0 (Linux; Android 7.0; SM-G892A Bulid/NRD90M; wv) AppleWebKit/537.36 (KHTML, like Gecko) Version/4.0 Chrome/60.0.3112.107 Moblie Safari/537.36" "-"
98.70.33.0 - - [08/Feb/2024:01:59:41 +0100] "GET /options-discussion.php HTTP/1.1" 404 144904 cronicareinodearagon.com "-" "Mozlila/5.0 (Linux; Android 7.0; SM-G892A Bulid/NRD90M; wv) AppleWebKit/537.36 (KHTML, like Gecko) Version/4.0 Chrome/60.0.3112.107 Moblie Safari/537.36" "-"
82.165.88.0 - - [08/Feb/2024:01:59:42 +0100] "POST /wp-cron.php?doing_wp_cron=1707353982.2875928878784179687500 HTTP/1.1" 200 - cronicareinodearagon.com "-" "WordPress/6.2.2; https://cronicareinodearagon.com" "-"
98.70.33.0 - - [08/Feb/2024:01:59:44 +0100] "GET /inputs.php HTTP/1.1" 301 251 cronicareinodearagon.com "-" "Mozlila/5.0 (Linux; Android 7.0; SM-G892A Bulid/NRD90M; wv) AppleWebKit/537.36 (KHTML, like Gecko) Version/4.0 Chrome/60.0.3112.107 Moblie Safari/537.36" "-"
98.70.33.0 - - [08/Feb/2024:01:59:45 +0100] "GET /inputs.php HTTP/1.1" 404 144868 cronicareinodearagon.com "-" "Mozlila/5.0 (Linux; Android 7.0; SM-G892A Bulid/NRD90M; wv) AppleWebKit/537.36 (KHTML, like Gecko) Version/4.0 Chrome/60.0.3112.107 Moblie Safari/537.36" "-"
98.70.33.0 - - [08/Feb/2024:01:59:46 +0100] "GET //options-discussion.php HTTP/1.1" 301 263 cronicareinodearagon.com "-" "Mozlila/5.0 (Linux; Android 7.0; SM-G892A Bulid/NRD90M; wv) AppleWebKit/537.36 (KHTML, like Gecko) Version/4.0 Chrome/60.0.3112.107 Moblie Safari/537.36" "-"
98.70.33.0 - - [08/Feb/2024:01:59:47 +0100] "GET /options-discussion.php HTTP/1.1" 404 144904 cronicareinodearagon.com "-" "Mozlila/5.0 (Linux; Android 7.0; SM-G892A Bulid/NRD90M; wv) AppleWebKit/537.36 (KHTML, like Gecko) Version/4.0 Chrome/60.0.3112.107 Moblie Safari/537.36" "-"
98.70.33.0 - - [08/Feb/2024:01:59:49 +0100] "GET /wp-content/auto_seo.php HTTP/1.1" 301 264 cronicareinodearagon.com "-" "Mozlila/5.0 (Linux; Android 7.0; SM-G892A Bulid/NRD90M; wv) AppleWebKit/537.36 (KHTML, like Gecko) Version/4.0 Chrome/60.0.3112.107 Moblie Safari/537.36" "-"
98.70.33.0 - - [08/Feb/2024:01:59:50 +0100] "GET /wp-content/auto_seo.php HTTP/1.1" 404 144908 cronicareinodearagon.com "-" "Mozlila/5.0 (Linux; Android 7.0; SM-G892A Bulid/NRD90M; wv) AppleWebKit/537.36 (KHTML, like Gecko) Version/4.0 Chrome/60.0.3112.107 Moblie Safari/537.36" "-"
98.70.33.0 - - [08/Feb/2024:01:59:52 +0100] "GET /wp-content//options-discussion.php HTTP/1.1" 301 274 cronicareinodearagon.com "-" "Mozlila/5.0 (Linux; Android 7.0; SM-G892A Bulid/NRD90M; wv) AppleWebKit/537.36 (KHTML, like Gecko) Version/4.0 Chrome/60.0.3112.107 Moblie Safari/537.36" "-"
98.70.33.0 - - [08/Feb/2024:01:59:52 +0100] "GET /wp-content/options-discussion.php HTTP/1.1" 404 144938 cronicareinodearagon.com "-" "Mozlila/5.0 (Linux; Android 7.0; SM-G892A Bulid/NRD90M; wv) AppleWebKit/537.36 (KHTML, like Gecko) Version/4.0 Chrome/60.0.3112.107 Moblie Safari/537.36" "-"
98.70.33.0 - - [08/Feb/2024:01:59:54 +0100] "GET /wp-content/inputs.php HTTP/1.1" 301 262 cronicareinodearagon.com "-" "Mozlila/5.0 (Linux; Android 7.0; SM-G892A Bulid/NRD90M; wv) AppleWebKit/537.36 (KHTML, like Gecko) Version/4.0 Chrome/60.0.3112.107 Moblie Safari/537.36" "-"
98.70.33.0 - - [08/Feb/2024:01:59:57 +0100] "GET /wp-content/inputs.php HTTP/1.1" 404 144902 cronicareinodearagon.com "-" "Mozlila/5.0 (Linux; Android 7.0; SM-G892A Bulid/NRD90M; wv) AppleWebKit/537.36 (KHTML, like Gecko) Version/4.0 Chrome/60.0.3112.107 Moblie Safari/537.36" "-"
98.70.33.0 - - [08/Feb/2024:02:00:09 +0100] "GET /wp-content//options-discussion.php HTTP/1.1" 301 274 cronicareinodearagon.com "-" "Mozlila/5.0 (Linux; Android 7.0; SM-G892A Bulid/NRD90M; wv) AppleWebKit/537.36 (KHTML, like Gecko) Version/4.0 Chrome/60.0.3112.107 Moblie Safari/537.36" "-"
98.70.33.0 - - [08/Feb/2024:02:00:12 +0100] "GET /wp-content/options-discussion.php HTTP/1.1" 404 144938 cronicareinodearagon.com "-" "Mozlila/5.0 (Linux; Android 7.0; SM-G892A Bulid/NRD90M; wv) AppleWebKit/537.36 (KHTML, like Gecko) Version/4.0 Chrome/60.0.3112.107 Moblie Safari/537.36" "-"
98.70.33.0 - - [08/Feb/2024:02:00:15 +0100] "GET /wp-include/auto_seo.php HTTP/1.1" 301 264 cronicareinodearagon.com "-" "Mozlila/5.0 (Linux; Android 7.0; SM-G892A Bulid/NRD90M; wv) AppleWebKit/537.36 (KHTML, like Gecko) Version/4.0 Chrome/60.0.3112.107 Moblie Safari/537.36" "-"
98.70.33.0 - - [08/Feb/2024:02:00:16 +0100] "GET /wp-include/auto_seo.php HTTP/1.1" 404 144908 cronicareinodearagon.com "-" "Mozlila/5.0 (Linux; Android 7.0; SM-G892A Bulid/NRD90M; wv) AppleWebKit/537.36 (KHTML, like Gecko) Version/4.0 Chrome/60.0.3112.107 Moblie Safari/537.36" "-"
98.70.33.0 - - [08/Feb/2024:02:00:19 +0100] "GET /wp-include//options-discussion.php HTTP/1.1" 301 274 cronicareinodearagon.com "-" "Mozlila/5.0 (Linux; Android 7.0; SM-G892A Bulid/NRD90M; wv) AppleWebKit/537.36 (KHTML, like Gecko) Version/4.0 Chrome/60.0.3112.107 Moblie Safari/537.36" "-"
98.70.33.0 - - [08/Feb/2024:02:00:21 +0100] "GET /wp-include/options-discussion.php HTTP/1.1" 404 144938 cronicareinodearagon.com "-" "Mozlila/5.0 (Linux; Android 7.0; SM-G892A Bulid/NRD90M; wv) AppleWebKit/537.36 (KHTML, like Gecko) Version/4.0 Chrome/60.0.3112.107 Moblie Safari/537.36" "-"
98.70.33.0 - - [08/Feb/2024:02:00:23 +0100] "GET /wp-include/inputs.php HTTP/1.1" 301 262 cronicareinodearagon.com "-" "Mozlila/5.0 (Linux; Android 7.0; SM-G892A Bulid/NRD90M; wv) AppleWebKit/537.36 (KHTML, like Gecko) Version/4.0 Chrome/60.0.3112.107 Moblie Safari/537.36" "-"
98.70.33.0 - - [08/Feb/2024:02:00:24 +0100] "GET /wp-include/inputs.php HTTP/1.1" 404 144902 cronicareinodearagon.com "-" "Mozlila/5.0 (Linux; Android 7.0; SM-G892A Bulid/NRD90M; wv) AppleWebKit/537.36 (KHTML, like Gecko) Version/4.0 Chrome/60.0.3112.107 Moblie Safari/537.36" "-"
98.70.33.0 - - [08/Feb/2024:02:00:25 +0100] "GET /wp-include//options-discussion.php HTTP/1.1" 301 274 cronicareinodearagon.com "-" "Mozlila/5.0 (Linux; Android 7.0; SM-G892A Bulid/NRD90M; wv) AppleWebKit/537.36 (KHTML, like Gecko) Version/4.0 Chrome/60.0.3112.107 Moblie Safari/537.36" "-"
98.70.33.0 - - [08/Feb/2024:02:00:26 +0100] "GET /wp-include/options-discussion.php HTTP/1.1" 404 144938 cronicareinodearagon.com "-" "Mozlila/5.0 (Linux; Android 7.0; SM-G892A Bulid/NRD90M; wv) AppleWebKit/537.36 (KHTML, like Gecko) Version/4.0 Chrome/60.0.3112.107 Moblie Safari/537.36" "-"
74.125.216.0 - - [08/Feb/2024:02:01:37 +0100] "GET /category/economia/feed/ HTTP/1.1" 200 12913 cronicareinodearagon.com "-" "FeedFetcher-Google; (+http://www.google.com/feedfetcher.html)" "-"
74.125.209.0 - - [08/Feb/2024:02:04:21 +0100] "GET /category/sociedad/feed/ HTTP/1.1" 200 16233 cronicareinodearagon.com "-" "FeedFetcher-Google; (+http://www.google.com/feedfetcher.html)" "-"
74.125.209.0 - - [08/Feb/2024:02:07:47 +0100] "GET /category/politica/feed/ HTTP/1.1" 200 18273 cronicareinodearagon.com "-" "FeedFetcher-Google; (+http://www.google.com/feedfetcher.html)" "-"
185.191.171.0 - - [08/Feb/2024:02:08:05 +0100] "GET /economia/costa-del-sol-turismo-britanico/ HTTP/1.1" 200 169810 cronicareinodearagon.com "-" "Mozilla/5.0 (compatible; SemrushBot/7~bl; +http://www.semrush.com/bot.html)" "-"
82.165.88.0 - - [08/Feb/2024:02:08:06 +0100] "POST /wp-cron.php?doing_wp_cron=1707354485.9734570980072021484375 HTTP/1.1" 200 - cronicareinodearagon.com "-" "WordPress/6.2.2; https://cronicareinodearagon.com" "-"
185.191.171.0 - - [08/Feb/2024:02:09:30 +0100] "GET /economia/linea-ayudas-diputacion-jaen-contratacion-desempleados/ HTTP/1.1" 200 163464 cronicareinodearagon.com "-" "Mozilla/5.0 (compatible; SemrushBot/7~bl; +http://www.semrush.com/bot.html)" "-"
82.165.88.0 - - [08/Feb/2024:02:09:31 +0100] "POST /wp-cron.php?doing_wp_cron=1707354571.0746469497680664062500 HTTP/1.1" 200 - cronicareinodearagon.com "-" "WordPress/6.2.2; https://cronicareinodearagon.com" "-"
173.249.21.0 - - [08/Feb/2024:02:12:59 +0100] "GET /wp-content/plugins/WordPressCore/include.php HTTP/1.1" 301 285 cronicareinodearagon.com "-" "Mozilla/5.0 (Windows NT 10.0; Win64; x64) AppleWebKit/537.36 (KHTML, like Gecko) Chrome/117.0.0.0 Safari/537.36" "-"
82.165.88.0 - - [08/Feb/2024:02:13:01 +0100] "POST /wp-cron.php?doing_wp_cron=1707354781.9078190326690673828125 HTTP/1.1" 200 - cronicareinodearagon.com "-" "WordPress/6.2.2; https://cronicareinodearagon.com" "-"
173.249.21.0 - - [08/Feb/2024:02:13:01 +0100] "GET /wp-content/plugins/WordPressCore/include.php HTTP/1.1" 404 144939 cronicareinodearagon.com "-" "Mozilla/5.0 (Windows NT 10.0; Win64; x64) AppleWebKit/537.36 (KHTML, like Gecko) Chrome/117.0.0.0 Safari/537.36" "-"
173.249.21.0 - - [08/Feb/2024:02:13:11 +0100] "GET /wp-content/plugins/include.php HTTP/1.1" 301 271 cronicareinodearagon.com "-" "Mozilla/5.0 (Windows NT 10.0; Win64; x64) AppleWebKit/537.36 (KHTML, like Gecko) Chrome/117.0.0.0 Safari/537.36" "-"
173.249.21.0 - - [08/Feb/2024:02:13:14 +0100] "GET /wp-content/plugins/include.php HTTP/1.1" 404 144896 cronicareinodearagon.com "-" "Mozilla/5.0 (Windows NT 10.0; Win64; x64) AppleWebKit/537.36 (KHTML, like Gecko) Chrome/117.0.0.0 Safari/537.36" "-"
173.249.21.0 - - [08/Feb/2024:02:13:24 +0100] "GET /wp-content/themes/include.php HTTP/1.1" 301 270 cronicareinodearagon.com "-" "Mozilla/5.0 (Windows NT 10.0; Win64; x64) AppleWebKit/537.36 (KHTML, like Gecko) Chrome/117.0.0.0 Safari/537.36" "-"
173.249.21.0 - - [08/Feb/2024:02:13:26 +0100] "GET /wp-content/themes/include.php HTTP/1.1" 404 144893 cronicareinodearagon.com "-" "Mozilla/5.0 (Windows NT 10.0; Win64; x64) AppleWebKit/537.36 (KHTML, like Gecko) Chrome/117.0.0.0 Safari/537.36" "-"
173.249.21.0 - - [08/Feb/2024:02:13:34 +0100] "GET /wp-includes/widgets/include.php HTTP/1.1" 301 272 cronicareinodearagon.com "-" "Mozilla/5.0 (Windows NT 10.0; Win64; x64) AppleWebKit/537.36 (KHTML, like Gecko) Chrome/117.0.0.0 Safari/537.36" "-"
173.249.21.0 - - [08/Feb/2024:02:13:36 +0100] "GET /wp-includes/widgets/include.php HTTP/1.1" 404 144899 cronicareinodearagon.com "-" "Mozilla/5.0 (Windows NT 10.0; Win64; x64) AppleWebKit/537.36 (KHTML, like Gecko) Chrome/117.0.0.0 Safari/537.36" "-"
173.249.21.0 - - [08/Feb/2024:02:13:45 +0100] "GET /wp-includes/images/include.php HTTP/1.1" 301 271 cronicareinodearagon.com "-" "Mozilla/5.0 (Windows NT 10.0; Win64; x64) AppleWebKit/537.36 (KHTML, like Gecko) Chrome/117.0.0.0 Safari/537.36" "-"
173.249.21.0 - - [08/Feb/2024:02:13:48 +0100] "GET /wp-includes/images/include.php HTTP/1.1" 404 144896 cronicareinodearagon.com "-" "Mozilla/5.0 (Windows NT 10.0; Win64; x64) AppleWebKit/537.36 (KHTML, like Gecko) Chrome/117.0.0.0 Safari/537.36" "-"
82.165.88.0 - - [08/Feb/2024:02:13:49 +0100] "POST /wp-cron.php?doing_wp_cron=1707354829.1885740756988525390625 HTTP/1.1" 200 - cronicareinodearagon.com "-" "WordPress/6.2.2; https://cronicareinodearagon.com" "-"
173.249.21.0 - - [08/Feb/2024:02:13:58 +0100] "GET /wp-content/admin.php HTTP/1.1" 301 261 cronicareinodearagon.com "-" "Mozilla/5.0 (Windows NT 10.0; Win64; x64) AppleWebKit/537.36 (KHTML, like Gecko) Chrome/117.0.0.0 Safari/537.36" "-"
185.191.171.0 - - [08/Feb/2024:02:14:00 +0100] "GET /category/politica/page/18/ HTTP/1.1" 200 147127 cronicareinodearagon.com "-" "Mozilla/5.0 (compatible; SemrushBot/7~bl; +http://www.semrush.com/bot.html)" "-"
173.249.21.0 - - [08/Feb/2024:02:14:01 +0100] "GET /wp-content/admin.php HTTP/1.1" 404 144865 cronicareinodearagon.com "-" "Mozilla/5.0 (Windows NT 10.0; Win64; x64) AppleWebKit/537.36 (KHTML, like Gecko) Chrome/117.0.0.0 Safari/537.36" "-"
173.249.21.0 - - [08/Feb/2024:02:14:07 +0100] "GET /wp-content/plugins/about.php HTTP/1.1" 301 269 cronicareinodearagon.com "-" "Mozilla/5.0 (Windows NT 10.0; Win64; x64) AppleWebKit/537.36 (KHTML, like Gecko) Chrome/117.0.0.0 Safari/537.36" "-"
173.249.21.0 - - [08/Feb/2024:02:14:10 +0100] "GET /wp-content/plugins/about.php HTTP/1.1" 404 144890 cronicareinodearagon.com "-" "Mozilla/5.0 (Windows NT 10.0; Win64; x64) AppleWebKit/537.36 (KHTML, like Gecko) Chrome/117.0.0.0 Safari/537.36" "-"
74.125.209.0 - - [08/Feb/2024:02:14:20 +0100] "GET /category/educacion/feed/ HTTP/1.1" 200 16487 cronicareinodearagon.com "-" "FeedFetcher-Google; (+http://www.google.com/feedfetcher.html)" "-"
173.249.21.0 - - [08/Feb/2024:02:14:21 +0100] "GET /about.php HTTP/1.1" 301 250 cronicareinodearagon.com "-" "Mozilla/5.0 (Windows NT 10.0; Win64; x64) AppleWebKit/537.36 (KHTML, like Gecko) Chrome/117.0.0.0 Safari/537.36" "-"
173.249.21.0 - - [08/Feb/2024:02:14:32 +0100] "GET /about.php HTTP/1.1" 404 144831 cronicareinodearagon.com "-" "Mozilla/5.0 (Windows NT 10.0; Win64; x64) AppleWebKit/537.36 (KHTML, like Gecko) Chrome/117.0.0.0 Safari/537.36" "-"
173.249.21.0 - - [08/Feb/2024:02:14:37 +0100] "GET /wp-content/plugins/admin.php HTTP/1.1" 301 269 cronicareinodearagon.com "-" "Mozilla/5.0 (Windows NT 10.0; Win64; x64) AppleWebKit/537.36 (KHTML, like Gecko) Chrome/117.0.0.0 Safari/537.36" "-"
173.249.21.0 - - [08/Feb/2024:02:14:39 +0100] "GET /wp-content/plugins/admin.php HTTP/1.1" 404 144890 cronicareinodearagon.com "-" "Mozilla/5.0 (Windows NT 10.0; Win64; x64) AppleWebKit/537.36 (KHTML, like Gecko) Chrome/117.0.0.0 Safari/537.36" "-"
173.249.21.0 - - [08/Feb/2024:02:14:49 +0100] "GET /admin.php HTTP/1.1" 301 250 cronicareinodearagon.com "-" "Mozilla/5.0 (Windows NT 10.0; Win64; x64) AppleWebKit/537.36 (KHTML, like Gecko) Chrome/117.0.0.0 Safari/537.36" "-"
82.165.88.0 - - [08/Feb/2024:02:14:51 +0100] "POST /wp-cron.php?doing_wp_cron=1707354891.5808289051055908203125 HTTP/1.1" 200 - cronicareinodearagon.com "-" "WordPress/6.2.2; https://cronicareinodearagon.com" "-"
173.249.21.0 - - [08/Feb/2024:02:14:51 +0100] "GET /admin.php HTTP/1.1" 404 144831 cronicareinodearagon.com "-" "Mozilla/5.0 (Windows NT 10.0; Win64; x64) AppleWebKit/537.36 (KHTML, like Gecko) Chrome/117.0.0.0 Safari/537.36" "-"
173.249.21.0 - - [08/Feb/2024:02:14:59 +0100] "GET /geju.php HTTP/1.1" 301 249 cronicareinodearagon.com "-" "Mozilla/5.0 (Windows NT 10.0; Win64; x64) AppleWebKit/537.36 (KHTML, like Gecko) Chrome/117.0.0.0 Safari/537.36" "-"
173.249.21.0 - - [08/Feb/2024:02:15:01 +0100] "GET /geju.php HTTP/1.1" 404 144828 cronicareinodearagon.com "-" "Mozilla/5.0 (Windows NT 10.0; Win64; x64) AppleWebKit/537.36 (KHTML, like Gecko) Chrome/117.0.0.0 Safari/537.36" "-"
173.249.21.0 - - [08/Feb/2024:02:15:12 +0100] "GET /ayk.php HTTP/1.1" 301 248 cronicareinodearagon.com "-" "Mozilla/5.0 (Windows NT 10.0; Win64; x64) AppleWebKit/537.36 (KHTML, like Gecko) Chrome/117.0.0.0 Safari/537.36" "-"
173.249.21.0 - - [08/Feb/2024:02:15:18 +0100] "GET /ayk.php HTTP/1.1" 404 144825 cronicareinodearagon.com "-" "Mozilla/5.0 (Windows NT 10.0; Win64; x64) AppleWebKit/537.36 (KHTML, like Gecko) Chrome/117.0.0.0 Safari/537.36" "-"
173.249.21.0 - - [08/Feb/2024:02:15:33 +0100] "GET /wp.php HTTP/1.1" 301 247 cronicareinodearagon.com "-" "Mozilla/5.0 (Windows NT 10.0; Win64; x64) AppleWebKit/537.36 (KHTML, like Gecko) Chrome/117.0.0.0 Safari/537.36" "-"
173.249.21.0 - - [08/Feb/2024:02:15:37 +0100] "GET /wp.php HTTP/1.1" 404 144822 cronicareinodearagon.com "-" "Mozilla/5.0 (Windows NT 10.0; Win64; x64) AppleWebKit/537.36 (KHTML, like Gecko) Chrome/117.0.0.0 Safari/537.36" "-"
74.125.212.0 - - [08/Feb/2024:02:16:56 +0100] "GET /category/economia/feed/ HTTP/1.1" 200 12913 cronicareinodearagon.com "-" "FeedFetcher-Google; (+http://www.google.com/feedfetcher.html)" "-"
82.165.88.0 - - [08/Feb/2024:02:18:28 +0100] "POST /wp-cron.php?doing_wp_cron=1707355108.4400019645690917968750 HTTP/1.1" 200 - cronicareinodearagon.com "-" "WordPress/6.2.2; https://cronicareinodearagon.com" "-"
154.21.239.0 - - [08/Feb/2024:02:18:28 +0100] "GET /politica/javier-lamban-psoe-teruel-empleo/ HTTP/1.1" 200 169579 cronicareinodearagon.com "-" "Mozilla/5.0 (Macintosh; Intel Mac OS X 12_5) AppleWebKit/537.36 (KHTML, like Gecko) Chrome/114.0.0.0 YaBrowser/22.7.0 Yowser/2.5 Safari/537.36" "-"
154.21.239.0 - - [08/Feb/2024:02:18:31 +0100] "POST /wp-comments-post.php HTTP/1.1" 302 - cronicareinodearagon.com "https://cronicareinodearagon.com/politica/javier-lamban-psoe-teruel-empleo/" "Mozilla/5.0 (Macintosh; Intel Mac OS X 12_5) AppleWebKit/537.36 (KHTML, like Gecko) Chrome/114.0.0.0 YaBrowser/22.7.0 Yowser/2.5 Safari/537.36" "-"
154.21.239.0 - - [08/Feb/2024:02:18:32 +0100] "GET /politica/javier-lamban-psoe-teruel-empleo/ HTTP/1.1" 200 169580 cronicareinodearagon.com "https://cronicareinodearagon.com/wp-comments-post.php" "Mozilla/5.0 (Macintosh; Intel Mac OS X 12_5) AppleWebKit/537.36 (KHTML, like Gecko) Chrome/114.0.0.0 YaBrowser/22.7.0 Yowser/2.5 Safari/537.36" "-"
123.58.192.0 - - [08/Feb/2024:02:19:39 +0100] "GET / HTTP/1.1" 200 336 cronicadecadiz.com "-" "Mozilla/5.0 (Macintosh; Intel Mac OS X 10_15_7) AppleWebKit/537.36 (KHTML, like Gecko) Chrome/120.0.0.0 Safari/537.36 Edg/120.0.0.0" "-"
123.58.192.0 - - [08/Feb/2024:02:19:58 +0100] "GET /favicon.ico HTTP/1.1" 404 596 cronicadecadiz.com "-" "Mozilla/5.0 (Macintosh; Intel Mac OS X 10_7_0) AppleWebKit/535.11 (KHTML, like Gecko) Chrome/17.0.963.56 Safari/535.11" "-"
123.58.192.0 - - [08/Feb/2024:02:20:02 +0100] "GET /robots.txt HTTP/1.1" 200 188 cronicadecadiz.com "-" "Mozilla/5.0 (Macintosh; Intel Mac OS X 10_7_0) AppleWebKit/535.11 (KHTML, like Gecko) Chrome/17.0.963.56 Safari/535.11" "-"
123.58.192.0 - - [08/Feb/2024:02:20:06 +0100] "GET /sitemap.xml HTTP/1.1" 404 596 cronicadecadiz.com "-" "Mozilla/5.0 (Macintosh; Intel Mac OS X 10_7_0) AppleWebKit/535.11 (KHTML, like Gecko) Chrome/17.0.963.56 Safari/535.11" "-"
82.165.88.0 - - [08/Feb/2024:02:20:33 +0100] "POST /wp-cron.php?doing_wp_cron=1707355233.6231400966644287109375 HTTP/1.1" 200 - cronicareinodearagon.com "-" "WordPress/6.2.2; https://cronicareinodearagon.com" "-"
185.191.171.0 - - [08/Feb/2024:02:20:33 +0100] "GET /aragon/juanma-moreno-sucesiones-patrimonio-impuesto-boja/ HTTP/1.1" 200 163887 cronicareinodearagon.com "-" "Mozilla/5.0 (compatible; SemrushBot/7~bl; +http://www.semrush.com/bot.html)" "-"
85.208.96.0 - - [08/Feb/2024:02:31:04 +0100] "GET /aragon/juan-espadas-conferencia-presidentes/ HTTP/1.1" 200 167586 cronicareinodearagon.com "-" "Mozilla/5.0 (compatible; SemrushBot/7~bl; +http://www.semrush.com/bot.html)" "-"
82.165.88.0 - - [08/Feb/2024:02:31:05 +0100] "POST /wp-cron.php?doing_wp_cron=1707355865.2559731006622314453125 HTTP/1.1" 200 - cronicareinodearagon.com "-" "WordPress/6.2.2; https://cronicareinodearagon.com" "-"
138.197.147.0 - - [08/Feb/2024:02:31:53 +0100] "GET / HTTP/1.1" 200 336 cronicadejaen.com "-" "Mozilla/5.0 (X11; Linux x86_64) AppleWebKit/537.36 (KHTML, like Gecko) Chrome/108.0.0.0 Safari/537.36" "-"
85.208.96.0 - - [08/Feb/2024:02:34:15 +0100] "GET /economia/inversion-junta-andalucia-arreglo-autovia-a-92/ HTTP/1.1" 200 167274 cronicareinodearagon.com "-" "Mozilla/5.0 (compatible; SemrushBot/7~bl; +http://www.semrush.com/bot.html)" "-"
82.165.88.0 - - [08/Feb/2024:02:34:16 +0100] "POST /wp-cron.php?doing_wp_cron=1707356056.2003240585327148437500 HTTP/1.1" 200 - cronicareinodearagon.com "-" "WordPress/6.2.2; https://cronicareinodearagon.com" "-"
82.165.88.0 - - [08/Feb/2024:02:34:49 +0100] "POST /wp-cron.php?doing_wp_cron=1707356089.9306299686431884765625 HTTP/1.1" 200 - cronicareinodearagon.com "-" "WordPress/6.2.2; https://cronicareinodearagon.com" "-"
54.36.148.0 - - [08/Feb/2024:02:34:49 +0100] "GET /economia/cierre-central-trmica-carboneras-endesa/ HTTP/1.1" 200 169087 cronicareinodearagon.com "-" "Mozilla/5.0 (compatible; AhrefsBot/7.0; +http://ahrefs.com/robot/)" "-"
82.165.88.0 - - [08/Feb/2024:02:41:35 +0100] "POST /wp-cron.php?doing_wp_cron=1707356495.6174108982086181640625 HTTP/1.1" 200 - cronicareinodearagon.com "-" "WordPress/6.2.2; https://cronicareinodearagon.com" "-"
185.191.171.0 - - [08/Feb/2024:02:41:35 +0100] "GET /robots.txt HTTP/1.1" 200 202 cronicareinodearagon.com "-" "Mozilla/5.0 (compatible; SemrushBot/7~bl; +http://www.semrush.com/bot.html)" "-"
85.208.96.0 - - [08/Feb/2024:02:41:36 +0100] "GET /aragon/educacion-ministerio-andalucia-comunidades-competencias-digitales/ HTTP/1.1" 200 164774 cronicareinodearagon.com "-" "Mozilla/5.0 (compatible; SemrushBot/7~bl; +http://www.semrush.com/bot.html)" "-"
82.165.88.0 - - [08/Feb/2024:02:42:38 +0100] "POST /wp-cron.php?doing_wp_cron=1707356558.9019520282745361328125 HTTP/1.1" 200 - cronicareinodearagon.com "-" "WordPress/6.2.2; https://cronicareinodearagon.com" "-"
185.191.171.0 - - [08/Feb/2024:02:42:38 +0100] "GET /aragon/boric-chile-andaluces/ HTTP/1.1" 200 164193 cronicareinodearagon.com "-" "Mozilla/5.0 (compatible; SemrushBot/7~bl; +http://www.semrush.com/bot.html)" "-"
82.165.88.0 - - [08/Feb/2024:02:43:02 +0100] "POST /wp-cron.php?doing_wp_cron=1707356582.3113789558410644531250 HTTP/1.1" 200 - cronicareinodearagon.com "-" "WordPress/6.2.2; https://cronicareinodearagon.com" "-"
85.208.96.0 - - [08/Feb/2024:02:43:02 +0100] "GET /category/aragon/page/21/ HTTP/1.1" 200 147702 cronicareinodearagon.com "-" "Mozilla/5.0 (compatible; SemrushBot/7~bl; +http://www.semrush.com/bot.html)" "-"
37.19.223.0 - - [08/Feb/2024:02:44:40 +0100] "GET / HTTP/1.1" 301 241 cronicareinodearagon.com "http://cronicareinodearagon.com/" "Mozilla/5.0 (Windows NT 6.2; Win64; x64) AppleWebKit/537.36 (KHTML, like Gecko) Chrome/68.0.3440.106 Safari/537.36" "-"
37.19.223.0 - - [08/Feb/2024:02:44:40 +0100] "GET / HTTP/1.1" 200 258048 cronicareinodearagon.com "https://cronicareinodearagon.com/" "Mozilla/5.0 (Windows NT 6.2; Win64; x64) AppleWebKit/537.36 (KHTML, like Gecko) Chrome/68.0.3440.106 Safari/537.36" "-"
74.125.209.0 - - [08/Feb/2024:02:50:26 +0100] "GET /category/politica/feed/ HTTP/1.1" 200 18273 cronicareinodearagon.com "-" "FeedFetcher-Google; (+http://www.google.com/feedfetcher.html)" "-"
82.165.88.0 - - [08/Feb/2024:02:50:32 +0100] "POST /wp-cron.php?doing_wp_cron=1707357032.5035820007324218750000 HTTP/1.1" 200 - cronicareinodearagon.com "-" "WordPress/6.2.2; https://cronicareinodearagon.com" "-"
185.191.171.0 - - [08/Feb/2024:02:50:32 +0100] "GET /category/sociedad/page/19/ HTTP/1.1" 200 147449 cronicareinodearagon.com "-" "Mozilla/5.0 (compatible; SemrushBot/7~bl; +http://www.semrush.com/bot.html)" "-"
185.191.171.0 - - [08/Feb/2024:02:57:18 +0100] "GET /aragon/andalucia-cifras-covid-repunte/ HTTP/1.1" 200 164666 cronicareinodearagon.com "-" "Mozilla/5.0 (compatible; SemrushBot/7~bl; +http://www.semrush.com/bot.html)" "-"
82.165.88.0 - - [08/Feb/2024:02:57:19 +0100] "POST /wp-cron.php?doing_wp_cron=1707357439.1725909709930419921875 HTTP/1.1" 200 - cronicareinodearagon.com "-" "WordPress/6.2.2; https://cronicareinodearagon.com" "-"
82.165.88.0 - - [08/Feb/2024:02:59:11 +0100] "POST /wp-cron.php?doing_wp_cron=1707357551.6957819461822509765625 HTTP/1.1" 200 - cronicareinodearagon.com "-" "WordPress/6.2.2; https://cronicareinodearagon.com" "-"
85.208.96.0 - - [08/Feb/2024:02:59:11 +0100] "GET /category/aragon/page/71/ HTTP/1.1" 200 147862 cronicareinodearagon.com "-" "Mozilla/5.0 (compatible; SemrushBot/7~bl; +http://www.semrush.com/bot.html)" "-"
82.165.88.0 - - [08/Feb/2024:03:00:26 +0100] "POST /wp-cron.php?doing_wp_cron=1707357626.4463050365447998046875 HTTP/1.1" 200 - cronicareinodearagon.com "-" "WordPress/6.2.2; https://cronicareinodearagon.com" "-"
85.208.96.0 - - [08/Feb/2024:03:00:26 +0100] "GET /sociedad/huesca-contara-con-800-nuevas-viviendas-en-los-jardines-del-alcoraz/ HTTP/1.1" 200 160971 cronicareinodearagon.com "-" "Mozilla/5.0 (compatible; SemrushBot/7~bl; +http://www.semrush.com/bot.html)" "-"
138.197.99.0 - - [08/Feb/2024:03:02:53 +0100] "GET / HTTP/1.1" 200 336 cronicadesevilla.com "-" "Mozilla/5.0 (X11; Linux x86_64) AppleWebKit/537.36 (KHTML, like Gecko) Chrome/108.0.0.0 Safari/537.36" "-"
43.155.166.0 - - [08/Feb/2024:03:02:54 +0100] "GET / HTTP/1.1" 200 336 cronicadejaen.com "-" "Mozilla/5.0 (iPhone; CPU iPhone OS 13_2_3 like Mac OS X) AppleWebKit/605.1.15 (KHTML, like Gecko) Version/13.0.3 Mobile/15E148 Safari/604.1" "-"
138.197.99.0 - - [08/Feb/2024:03:02:55 +0100] "GET / HTTP/1.1" 200 336 cronicadesevilla.com "-" "Mozilla/5.0 (X11; Linux x86_64) AppleWebKit/537.36 (KHTML, like Gecko) Chrome/108.0.0.0 Safari/537.36" "-"
54.36.148.0 - - [08/Feb/2024:03:13:19 +0100] "GET /economia/huelva-exportaciones-extenda/ HTTP/1.1" 200 167627 cronicareinodearagon.com "-" "Mozilla/5.0 (compatible; AhrefsBot/7.0; +http://ahrefs.com/robot/)" "-"
82.165.88.0 - - [08/Feb/2024:03:13:20 +0100] "POST /wp-cron.php?doing_wp_cron=1707358400.1725499629974365234375 HTTP/1.1" 200 - cronicareinodearagon.com "-" "WordPress/6.2.2; https://cronicareinodearagon.com" "-"
54.36.149.0 - - [08/Feb/2024:03:13:21 +0100] "GET /wp-content/uploads/2022/09/gruas-puerto-huelva-wikipedia.jpg HTTP/1.1" 200 115881 cronicareinodearagon.com "-" "Mozilla/5.0 (compatible; AhrefsBot/7.0; +http://ahrefs.com/robot/)" "-"
82.165.88.0 - - [08/Feb/2024:03:21:40 +0100] "POST /wp-cron.php?doing_wp_cron=1707358900.7607200145721435546875 HTTP/1.1" 200 - cronicareinodearagon.com "-" "WordPress/6.2.2; https://cronicareinodearagon.com" "-"
85.208.96.0 - - [08/Feb/2024:03:21:40 +0100] "GET /aragon/consejeria-educativo-fp-premios-flamenco/ HTTP/1.1" 200 165997 cronicareinodearagon.com "-" "Mozilla/5.0 (compatible; SemrushBot/7~bl; +http://www.semrush.com/bot.html)" "-"
17.241.219.0 - - [08/Feb/2024:03:22:25 +0100] "GET /wp-content/uploads/2022/03/Jaen-Merece-Mas-750x375.jpg HTTP/1.1" 200 72496 cronicareinodearagon.com "-" "Mozilla/5.0 (Macintosh; Intel Mac OS X 10_15_5) AppleWebKit/605.1.15 (KHTML, like Gecko) Version/13.1.1 Safari/605.1.15 (Applebot/0.1; +http://www.apple.com/go/applebot)" "-"
124.227.132.0 - - [08/Feb/2024:03:29:04 +0100] "POST /wp-comments-post.php HTTP/1.1" 302 - cronicareinodearagon.com "-" "Mozilla/5.0 (Windows NT 10.0; Win64; x64) AppleWebKit/537.36 (KHTML, like Gecko) Chrome/108.0.0.0 Safari/537.36 Edg/108.0.1462.46" "-"
82.165.88.0 - - [08/Feb/2024:03:29:05 +0100] "POST /wp-cron.php?doing_wp_cron=1707359345.2029531002044677734375 HTTP/1.1" 200 - cronicareinodearagon.com "-" "WordPress/6.2.2; https://cronicareinodearagon.com" "-"
124.227.132.0 - - [08/Feb/2024:03:29:06 +0100] "GET /aragon/espadas-elecciones-andalucia-barometro-centra-pp-psoe/ HTTP/1.1" 200 160270 cronicareinodearagon.com "-" "Mozilla/5.0 (Windows NT 10.0; Win64; x64) AppleWebKit/537.36 (KHTML, like Gecko) Chrome/108.0.0.0 Safari/537.36 Edg/108.0.1462.46" "-"
74.125.209.0 - - [08/Feb/2024:03:36:47 +0100] "GET /category/sociedad/feed/ HTTP/1.1" 200 16233 cronicareinodearagon.com "-" "FeedFetcher-Google; (+http://www.google.com/feedfetcher.html)" "-"
185.191.171.0 - - [08/Feb/2024:03:39:24 +0100] "GET /aragon/juanma-moreno-pp-andalucia-reelegido/ HTTP/1.1" 200 166326 cronicareinodearagon.com "-" "Mozilla/5.0 (compatible; SemrushBot/7~bl; +http://www.semrush.com/bot.html)" "-"
82.165.88.0 - - [08/Feb/2024:03:39:28 +0100] "POST /wp-cron.php?doing_wp_cron=1707359968.1759729385375976562500 HTTP/1.1" 200 - cronicareinodearagon.com "-" "WordPress/6.2.2; https://cronicareinodearagon.com" "-"
188.166.0.0 - - [08/Feb/2024:03:39:41 +0100] "POST /xmlrpc.php HTTP/1.1" 200 416 cronicareinodearagon.com "-" "Mozilla/5.0 (Windows NT 6.1; WOW64; rv:54.0) Gecko/20100101 Firefox/54.0" "-"
82.165.88.0 - - [08/Feb/2024:03:39:42 +0100] "POST /wp-cron.php?doing_wp_cron=1707359982.1077198982238769531250 HTTP/1.1" 200 - cronicareinodearagon.com "-" "WordPress/6.2.2; https://cronicareinodearagon.com" "-"
66.45.235.0 - - [08/Feb/2024:03:39:58 +0100] "POST /xmlrpc.php HTTP/1.1" 200 416 cronicareinodearagon.com "-" "Mozilla/5.0 (Windows NT 5.1; rv:30.0) Gecko/20100101 Firefox/30.0" "-"
113.23.132.0 - - [08/Feb/2024:03:40:02 +0100] "POST /xmlrpc.php HTTP/1.1" 200 416 cronicareinodearagon.com "-" "Mozilla/5.0 (Windows NT 6.1; WOW64; rv:41.0) Gecko/20100101 Firefox/41.0" "-"
97.74.204.0 - - [08/Feb/2024:03:40:03 +0100] "POST /xmlrpc.php HTTP/1.1" 200 416 cronicareinodearagon.com "-" "Mozilla/5.0 (Windows NT 10.0; Win64; x64; rv:67.0) Gecko/20100101 Firefox/67.0" "-"
97.74.204.0 - - [08/Feb/2024:03:40:04 +0100] "POST /xmlrpc.php HTTP/1.1" 200 416 cronicareinodearagon.com "-" "Mozilla/5.0 (Windows NT 10.0; Win64; x64) AppleWebKit/537.36 (KHTML, like Gecko) Chrome/70.0.3538.102 Safari/537.36" "-"
91.121.179.0 - - [08/Feb/2024:03:40:10 +0100] "POST /xmlrpc.php HTTP/1.1" 200 416 cronicareinodearagon.com "-" "Mozilla/5.0 (X11; Ubuntu; Linux i686; rv:24.0) Gecko/20100101 Firefox/24.0" "-"
162.213.255.0 - - [08/Feb/2024:03:40:11 +0100] "POST /xmlrpc.php HTTP/1.1" 200 416 cronicareinodearagon.com "-" "Mozilla/5.0 (Windows NT 10.0; Win64; x64; rv:61.0) Gecko/20100101 Firefox/61.0" "-"
47.254.42.0 - - [08/Feb/2024:03:40:23 +0100] "POST /xmlrpc.php HTTP/1.1" 200 416 cronicareinodearagon.com "-" "Mozilla/5.0 (Windows NT 10.0; Win64; x64; rv:60.0) Gecko/20100101 Firefox/60.0" "-"
62.221.197.0 - - [08/Feb/2024:03:40:27 +0100] "POST /xmlrpc.php HTTP/1.1" 200 416 cronicareinodearagon.com "-" "Mozilla/5.0 (Windows NT 10.0; Win64; x64) AppleWebKit/537.36 (KHTML, like Gecko) Chrome/74.0.3729.157 Safari/537.36" "-"
43.155.160.0 - - [08/Feb/2024:03:41:15 +0100] "GET / HTTP/1.1" 200 336 cronicadecadiz.com "-" "Mozilla/5.0 (iPhone; CPU iPhone OS 13_2_3 like Mac OS X) AppleWebKit/605.1.15 (KHTML, like Gecko) Version/13.0.3 Mobile/15E148 Safari/604.1" "-"
