82.165.88.0 - - [08/Feb/2024:07:17:48 +0100] "POST /wp-cron.php?doing_wp_cron=1707373068.0025470256805419921875 HTTP/1.1" 200 - cronicareinodearagon.com "-" "WordPress/6.2.2; https://cronicareinodearagon.com" "-"
43.163.8.0 - - [08/Feb/2024:07:21:01 +0100] "GET / HTTP/1.1" 200 336 grupocronicaenlibertad.com "-" "Mozilla/5.0 (iPhone; CPU iPhone OS 13_2_3 like Mac OS X) AppleWebKit/605.1.15 (KHTML, like Gecko) Version/13.0.3 Mobile/15E148 Safari/604.1" "-"
82.165.88.0 - - [08/Feb/2024:07:24:52 +0100] "POST /wp-cron.php?doing_wp_cron=1707373492.8081750869750976562500 HTTP/1.1" 200 - cronicareinodearagon.com "-" "WordPress/6.2.2; https://cronicareinodearagon.com" "-"
35.198.81.0 - - [08/Feb/2024:07:24:52 +0100] "POST /xmlrpc.php HTTP/1.1" 200 416 cronicareinodearagon.com "-" "Mozilla/5.0 (Windows NT 10.0; Win64; x64) AppleWebKit/537.36 (KHTML, like Gecko) Chrome/79.0.3945.117 Safari/537.36" "-"
59.106.19.0 - - [08/Feb/2024:07:24:57 +0100] "POST /xmlrpc.php HTTP/1.1" 200 416 cronicareinodearagon.com "-" "Mozilla/5.0 (Windows NT 10.0; Win64; x64) AppleWebKit/537.36 (KHTML, like Gecko) Chrome/70.0.3538.102 Safari/537.36" "-"
47.243.48.0 - - [08/Feb/2024:07:24:58 +0100] "POST /xmlrpc.php HTTP/1.1" 200 416 cronicareinodearagon.com "-" "Mozilla/5.0 (Windows NT 10.0; Win64; x64) AppleWebKit/537.36 (KHTML, like Gecko) Chrome/68.0.3440.106 Safari/537.36" "-"
94.73.148.0 - - [08/Feb/2024:07:24:59 +0100] "POST /xmlrpc.php HTTP/1.1" 200 416 cronicareinodearagon.com "-" "Mozilla/5.0 (Windows NT 10.0; WOW64; rv:52.0) Gecko/20100101 Firefox/52.0" "-"
155.133.138.0 - - [08/Feb/2024:07:24:59 +0100] "POST /xmlrpc.php HTTP/1.1" 200 416 cronicareinodearagon.com "-" "Mozilla/5.0 (Windows NT 10.0; Win64; x64; rv:58.0) Gecko/20100101 Firefox/58.0" "-"
160.20.109.0 - - [08/Feb/2024:07:25:02 +0100] "POST /xmlrpc.php HTTP/1.1" 200 416 cronicareinodearagon.com "-" "Mozilla/5.0 (Windows NT 10.0; Win64; x64) AppleWebKit/537.36 (KHTML, like Gecko) Chrome/80.0.3987.132 Safari/537.36" "-"
15.235.212.0 - - [08/Feb/2024:07:25:06 +0100] "POST /xmlrpc.php HTTP/1.1" 200 416 cronicareinodearagon.com "-" "Mozilla/5.0 (Windows NT 10.0; WOW64) AppleWebKit/537.36 (KHTML, like Gecko) Chrome/91.0.4472.114 Safari/537.36" "-"
43.133.72.0 - - [08/Feb/2024:07:35:10 +0100] "GET / HTTP/1.1" 200 336 cronicadelpaisvalenciano.com "-" "Mozilla/5.0 (iPhone; CPU iPhone OS 13_2_3 like Mac OS X) AppleWebKit/605.1.15 (KHTML, like Gecko) Version/13.0.3 Mobile/15E148 Safari/604.1" "-"
185.191.171.0 - - [08/Feb/2024:07:36:04 +0100] "GET /category/aragon/page/7/ HTTP/1.1" 200 147580 cronicareinodearagon.com "-" "Mozilla/5.0 (compatible; SemrushBot/7~bl; +http://www.semrush.com/bot.html)" "-"
82.165.88.0 - - [08/Feb/2024:07:36:05 +0100] "POST /wp-cron.php?doing_wp_cron=1707374164.9334149360656738281250 HTTP/1.1" 200 - cronicareinodearagon.com "-" "WordPress/6.2.2; https://cronicareinodearagon.com" "-"
74.125.209.0 - - [08/Feb/2024:07:38:34 +0100] "GET /category/sociedad/feed/ HTTP/1.1" 200 16233 cronicareinodearagon.com "-" "FeedFetcher-Google; (+http://www.google.com/feedfetcher.html)" "-"
74.125.209.0 - - [08/Feb/2024:07:39:43 +0100] "GET /category/educacion/feed/ HTTP/1.1" 200 16487 cronicareinodearagon.com "-" "FeedFetcher-Google; (+http://www.google.com/feedfetcher.html)" "-"
82.165.88.0 - - [08/Feb/2024:07:40:10 +0100] "POST /wp-cron.php?doing_wp_cron=1707374410.8466420173645019531250 HTTP/1.1" 200 - cronicareinodearagon.com "-" "WordPress/6.2.2; https://cronicareinodearagon.com" "-"
185.191.171.0 - - [08/Feb/2024:07:40:10 +0100] "GET /sociedad/sindicatos-pesar-cordoba-siniestralidad-laboral/ HTTP/1.1" 200 166814 cronicareinodearagon.com "-" "Mozilla/5.0 (compatible; SemrushBot/7~bl; +http://www.semrush.com/bot.html)" "-"
74.125.209.0 - - [08/Feb/2024:07:50:20 +0100] "GET /category/politica/feed/ HTTP/1.1" 200 18273 cronicareinodearagon.com "-" "FeedFetcher-Google; (+http://www.google.com/feedfetcher.html)" "-"
82.165.88.0 - - [08/Feb/2024:07:54:38 +0100] "POST /wp-cron.php?doing_wp_cron=1707375278.7161140441894531250000 HTTP/1.1" 200 - cronicareinodearagon.com "-" "WordPress/6.2.2; https://cronicareinodearagon.com" "-"
185.191.171.0 - - [08/Feb/2024:07:54:38 +0100] "GET /opinion/tribuna-andalucia-milenaria/ HTTP/1.1" 200 161776 cronicareinodearagon.com "-" "Mozilla/5.0 (compatible; SemrushBot/7~bl; +http://www.semrush.com/bot.html)" "-"
185.191.171.0 - - [08/Feb/2024:07:54:53 +0100] "GET /aragon/obras-palacio-alhambra-granada/ HTTP/1.1" 200 164674 cronicareinodearagon.com "-" "Mozilla/5.0 (compatible; SemrushBot/7~bl; +http://www.semrush.com/bot.html)" "-"
82.165.88.0 - - [08/Feb/2024:07:54:54 +0100] "POST /wp-cron.php?doing_wp_cron=1707375294.1826069355010986328125 HTTP/1.1" 200 - cronicareinodearagon.com "-" "WordPress/6.2.2; https://cronicareinodearagon.com" "-"
82.165.88.0 - - [08/Feb/2024:07:57:26 +0100] "POST /wp-cron.php?doing_wp_cron=1707375446.8880310058593750000000 HTTP/1.1" 200 - cronicareinodearagon.com "-" "WordPress/6.2.2; https://cronicareinodearagon.com" "-"
185.191.171.0 - - [08/Feb/2024:07:57:26 +0100] "GET /category/aragon/teruel/page/2/ HTTP/1.1" 200 147562 cronicareinodearagon.com "-" "Mozilla/5.0 (compatible; SemrushBot/7~bl; +http://www.semrush.com/bot.html)" "-"
82.165.88.0 - - [08/Feb/2024:08:00:51 +0100] "POST /wp-cron.php?doing_wp_cron=1707375651.7680048942565917968750 HTTP/1.1" 200 - cronicareinodearagon.com "-" "WordPress/6.2.2; https://cronicareinodearagon.com" "-"
185.191.171.0 - - [08/Feb/2024:08:00:51 +0100] "GET /economia/tractorada-sevilla-precios-dignos/ HTTP/1.1" 200 165346 cronicareinodearagon.com "-" "Mozilla/5.0 (compatible; SemrushBot/7~bl; +http://www.semrush.com/bot.html)" "-"
82.165.88.0 - - [08/Feb/2024:08:00:52 +0100] "GET / HTTP/1.1" 200 41729 cronicareinodearagon.com "-" "WordPress/6.2.2; https://cronicareinodearagon.com" "-"
184.154.139.0 - - [08/Feb/2024:08:04:40 +0100] "GET / HTTP/1.1" 200 336 www.cronicadecordoba.com "http://www.google.com/url?url=www.cronicadecordoba.com&yahoo.com" "Mozilla/5.0 (compatible; MSIE 9.0; Windows NT 6.1; WOW64; Trident/6.0)" "-"
184.154.139.0 - - [08/Feb/2024:08:04:40 +0100] "GET /th1s_1s_a_4o4.html HTTP/1.1" 404 596 www.cronicadecordoba.com "http://www.google.com/url?url=www.cronicadecordoba.com&yahoo.com" "Mozilla/5.0 (compatible; MSIE 9.0; Windows NT 6.1; WOW64; Trident/6.0)" "-"
184.154.139.0 - - [08/Feb/2024:08:04:40 +0100] "GET /defaultsite HTTP/1.1" 200 18994 www.cronicadecordoba.com "-" "SiteLockSpider [en] (WinNT; I ;Nav)" "-"
184.154.139.0 - - [08/Feb/2024:08:04:41 +0100] "GET /spicons/templates/defaultsite/es-ES/images/domain.svg HTTP/1.1" 200 2095 www.cronicadecordoba.com "http://www.google.com/url?url=www.cronicadecordoba.com&yahoo.com" "Mozilla/5.0 (compatible; MSIE 9.0; Windows NT 6.1; WOW64; Trident/6.0)" "-"
184.154.139.0 - - [08/Feb/2024:08:04:41 +0100] "GET /spicons/templates/defaultsite/es-ES/images/domain_transfer.svg HTTP/1.1" 200 1201 www.cronicadecordoba.com "-" "SiteLockSpider [en] (WinNT; I ;Nav)" "-"
184.154.139.0 - - [08/Feb/2024:08:04:42 +0100] "GET /domaincheckresult?__SBMT:d359e110d15:=1&__SYNT:d359e110d15:__CMD(domaincheckresult):RETWRP=domainselect&__SYNT:d359e110d15:__CMD(domaincheckresult):SELWRP=multicheck&__SYNT:d359e110d15:__forcestop=true&__pageflow=Order&__sendingdata=1&linkId=ct.btn.check.default-page-check&multicheck.Domain=1 HTTP/1.1" 404 596 www.cronicadecordoba.com "-" "SiteLockSpider [en] (WinNT; I ;Nav)" "-"
184.154.139.0 - - [08/Feb/2024:08:04:42 +0100] "GET /spicons/templates/defaultsite/es-ES/images/css/main.css HTTP/1.1" 200 486180 www.cronicadecordoba.com "http://www.google.com/url?url=www.cronicadecordoba.com&yahoo.com" "Mozilla/5.0 (compatible; MSIE 9.0; Windows NT 6.1; WOW64; Trident/6.0)" "-"
184.154.139.0 - - [08/Feb/2024:08:04:43 +0100] "GET /spicons/templates/defaultsite/es-ES/images/ic-world.svg HTTP/1.1" 200 1248 www.cronicadecordoba.com "-" "SiteLockSpider [en] (WinNT; I ;Nav)" "-"
85.208.96.0 - - [08/Feb/2024:08:05:05 +0100] "GET /politica/junta-andalucia-negociacion-presupuestos-juan-bravo/ HTTP/1.1" 200 161683 cronicareinodearagon.com "-" "Mozilla/5.0 (compatible; SemrushBot/7~bl; +http://www.semrush.com/bot.html)" "-"
82.165.88.0 - - [08/Feb/2024:08:05:06 +0100] "POST /wp-cron.php?doing_wp_cron=1707375906.1242051124572753906250 HTTP/1.1" 200 - cronicareinodearagon.com "-" "WordPress/6.2.2; https://cronicareinodearagon.com" "-"
74.125.212.0 - - [08/Feb/2024:08:06:22 +0100] "GET /category/economia/feed/ HTTP/1.1" 200 12913 cronicareinodearagon.com "-" "FeedFetcher-Google; (+http://www.google.com/feedfetcher.html)" "-"
82.165.88.0 - - [08/Feb/2024:08:06:47 +0100] "POST /wp-cron.php?doing_wp_cron=1707376007.3830978870391845703125 HTTP/1.1" 200 - cronicareinodearagon.com "-" "WordPress/6.2.2; https://cronicareinodearagon.com" "-"
85.208.96.0 - - [08/Feb/2024:08:06:47 +0100] "GET /aragon/portugal-elecciones-reflejo-andalucia-antonio-costa/ HTTP/1.1" 200 160591 cronicareinodearagon.com "-" "Mozilla/5.0 (compatible; SemrushBot/7~bl; +http://www.semrush.com/bot.html)" "-"
198.20.67.0 - - [08/Feb/2024:08:07:40 +0100] "GET / HTTP/1.1" 200 336 www.cronicadehuelva.com "http://www.google.com/url?url=www.cronicadehuelva.com&yahoo.com" "Mozilla/5.0 (compatible; MSIE 9.0; Windows NT 6.1; WOW64; Trident/6.0)" "-"
198.20.67.0 - - [08/Feb/2024:08:07:41 +0100] "GET /th1s_1s_a_4o4.html HTTP/1.1" 404 596 www.cronicadehuelva.com "http://www.google.com/url?url=www.cronicadehuelva.com&yahoo.com" "Mozilla/5.0 (compatible; MSIE 9.0; Windows NT 6.1; WOW64; Trident/6.0)" "-"
198.20.67.0 - - [08/Feb/2024:08:07:41 +0100] "GET /domaincheckresult?__SBMT:d359e110d15:=1&__SYNT:d359e110d15:__CMD(domaincheckresult):RETWRP=domainselect&__SYNT:d359e110d15:__CMD(domaincheckresult):SELWRP=multicheck&__SYNT:d359e110d15:__forcestop=true&__pageflow=Order&__sendingdata=1&linkId=ct.btn.check.default-page-check&multicheck.Domain=1 HTTP/1.1" 404 596 www.cronicadehuelva.com "-" "SiteLockSpider [en] (WinNT; I ;Nav)" "-"
198.20.67.0 - - [08/Feb/2024:08:07:42 +0100] "GET /spicons/templates/defaultsite/es-ES/images/css/main.css HTTP/1.1" 200 486180 www.cronicadehuelva.com "http://www.google.com/url?url=www.cronicadehuelva.com&yahoo.com" "Mozilla/5.0 (compatible; MSIE 9.0; Windows NT 6.1; WOW64; Trident/6.0)" "-"
198.20.67.0 - - [08/Feb/2024:08:07:43 +0100] "GET /spicons/templates/defaultsite/es-ES/images/ic-world.svg HTTP/1.1" 200 1248 www.cronicadehuelva.com "http://www.google.com/url?url=www.cronicadehuelva.com&yahoo.com" "Mozilla/5.0 (compatible; MSIE 9.0; Windows NT 6.1; WOW64; Trident/6.0)" "-"
198.20.67.0 - - [08/Feb/2024:08:07:43 +0100] "GET /spicons/templates/defaultsite/es-ES/images/domain.svg HTTP/1.1" 200 2095 www.cronicadehuelva.com "-" "SiteLockSpider [en] (WinNT; I ;Nav)" "-"
198.20.67.0 - - [08/Feb/2024:08:07:44 +0100] "GET /spicons/templates/defaultsite/es-ES/images/domain_transfer.svg HTTP/1.1" 200 1201 www.cronicadehuelva.com "-" "SiteLockSpider [en] (WinNT; I ;Nav)" "-"
198.20.67.0 - - [08/Feb/2024:08:07:44 +0100] "GET /defaultsite HTTP/1.1" 200 18994 www.cronicadehuelva.com "-" "SiteLockSpider [en] (WinNT; I ;Nav)" "-"
198.20.67.0 - - [08/Feb/2024:08:07:45 +0100] "GET /domaincheckresult?__SBMT:d359e110d15:=1&__SYNT:d359e110d15:__CMD(domaincheckresult):RETWRP=domainselect&__SYNT:d359e110d15:__CMD(domaincheckresult):SELWRP=multicheck&__SYNT:d359e110d15:__forcestop=true&__pageflow=Order&__sendingdata=1&linkId=ct.btn.check.default-page-check&multicheck.Domain=1 HTTP/1.1" 404 596 www.cronicadehuelva.com "-" "SiteLockSpider [en] (WinNT; I ;Nav)" "-"
82.165.88.0 - - [08/Feb/2024:08:09:07 +0100] "POST /wp-cron.php?doing_wp_cron=1707376147.3833000659942626953125 HTTP/1.1" 200 - cronicareinodearagon.com "-" "WordPress/6.2.2; https://cronicareinodearagon.com" "-"
66.249.72.0 - - [08/Feb/2024:08:09:07 +0100] "GET /robots.txt HTTP/1.1" 200 202 cronicareinodearagon.com "-" "Mozilla/5.0 (compatible; Googlebot/2.1; +http://www.google.com/bot.html)" "-"
147.182.172.0 - - [08/Feb/2024:08:09:12 +0100] "GET / HTTP/1.1" 301 241 cronicareinodearagon.com "-" "Mozilla/5.0 (X11; Linux x86_64) AppleWebKit/537.36 (KHTML, like Gecko) Chrome/108.0.0.0 Safari/537.36" "-"
147.182.172.0 - - [08/Feb/2024:08:09:13 +0100] "GET / HTTP/1.1" 200 41729 cronicareinodearagon.com "-" "Mozilla/5.0 (X11; Linux x86_64) AppleWebKit/537.36 (KHTML, like Gecko) Chrome/108.0.0.0 Safari/537.36" "-"
82.165.88.0 - - [08/Feb/2024:08:12:15 +0100] "POST /wp-cron.php?doing_wp_cron=1707376335.7847208976745605468750 HTTP/1.1" 200 - cronicareinodearagon.com "-" "WordPress/6.2.2; https://cronicareinodearagon.com" "-"
185.191.171.0 - - [08/Feb/2024:08:12:15 +0100] "GET /robots.txt HTTP/1.1" 200 202 cronicareinodearagon.com "-" "Mozilla/5.0 (compatible; SemrushBot/7~bl; +http://www.semrush.com/bot.html)" "-"
185.191.171.0 - - [08/Feb/2024:08:12:16 +0100] "GET /category/economia/page/16/ HTTP/1.1" 200 147356 cronicareinodearagon.com "-" "Mozilla/5.0 (compatible; SemrushBot/7~bl; +http://www.semrush.com/bot.html)" "-"
149.56.150.0 - - [08/Feb/2024:08:12:24 +0100] "GET / HTTP/1.1" 200 336 www.cronicadesevilla.com "-" "Mozilla/5.0 (compatible; Dataprovider.com)" "-"
149.56.150.0 - - [08/Feb/2024:08:12:24 +0100] "GET /robots.txt HTTP/1.1" 200 188 www.cronicadesevilla.com "-" "Mozilla/5.0 (compatible; Dataprovider.com)" "-"
149.56.150.0 - - [08/Feb/2024:08:12:25 +0100] "GET /sitemap_index.xml HTTP/1.1" 200 693 cronicareinodearagon.com "-" "Mozilla/5.0 (compatible; Dataprovider.com)" "-"
149.56.150.0 - - [08/Feb/2024:08:12:26 +0100] "GET / HTTP/1.1" 200 336 www.cronicadesevilla.com "-" "Mozilla/5.0 (compatible; Dataprovider.com)" "-"
149.56.150.0 - - [08/Feb/2024:08:12:26 +0100] "GET /security.txt HTTP/1.1" 404 596 www.cronicadesevilla.com "-" "Mozilla/5.0 (compatible; Dataprovider.com)" "-"
149.56.150.0 - - [08/Feb/2024:08:12:26 +0100] "GET /.well-known/security.txt HTTP/1.1" 300 590 www.cronicadesevilla.com "-" "Mozilla/5.0 (compatible; Dataprovider.com)" "-"
149.56.150.0 - - [08/Feb/2024:08:12:26 +0100] "GET /ads.txt HTTP/1.1" 404 596 www.cronicadesevilla.com "-" "Mozilla/5.0 (compatible; Dataprovider.com)" "-"
149.56.150.0 - - [08/Feb/2024:08:12:26 +0100] "GET /humans.txt HTTP/1.1" 404 596 www.cronicadesevilla.com "-" "Mozilla/5.0 (compatible; Dataprovider.com)" "-"
149.56.150.0 - - [08/Feb/2024:08:12:26 +0100] "GET / HTTP/1.1" 200 336 www.cronicadesevilla.com "-" "Mozilla/5.0 (Linux; Android 10; SM-G981B) AppleWebKit/537.36 (KHTML, like Gecko) Chrome/80.0.3987.162 Mobile Safari/537.36" "-"
149.56.150.0 - - [08/Feb/2024:08:12:41 +0100] "GET / HTTP/1.1" 200 336 www.cronicadesevilla.com "-" "Mozilla/5.0 (compatible; Dataprovider.com)" "-"
149.56.150.0 - - [08/Feb/2024:08:12:42 +0100] "GET /defaultsite HTTP/1.1" 200 18994 www.cronicadesevilla.com "http://www.cronicadesevilla.com/" "Mozilla/5.0 (compatible; Dataprovider.com)" "-"
149.56.150.0 - - [08/Feb/2024:08:12:42 +0100] "GET /spicons/templates/defaultsite/es-ES/images/css/main.css HTTP/1.1" 200 486180 www.cronicadesevilla.com "http://www.cronicadesevilla.com/defaultsite" "Mozilla/5.0 (compatible; Dataprovider.com)" "-"
149.56.150.0 - - [08/Feb/2024:08:12:42 +0100] "GET /spicons/templates/defaultsite/es-ES/images/webhosting.jpeg HTTP/1.1" 200 20538 www.cronicadesevilla.com "http://www.cronicadesevilla.com/defaultsite" "Mozilla/5.0 (compatible; Dataprovider.com)" "-"
149.56.150.0 - - [08/Feb/2024:08:12:42 +0100] "GET /spicons/templates/defaultsite/es-ES/images/vi-logo.svg HTTP/1.1" 200 2042 www.cronicadesevilla.com "http://www.cronicadesevilla.com/defaultsite" "Mozilla/5.0 (compatible; Dataprovider.com)" "-"
149.56.150.0 - - [08/Feb/2024:08:12:42 +0100] "GET /spicons/templates/defaultsite/es-ES/images/mywebsite.jpeg HTTP/1.1" 200 23580 www.cronicadesevilla.com "http://www.cronicadesevilla.com/defaultsite" "Mozilla/5.0 (compatible; Dataprovider.com)" "-"
149.56.150.0 - - [08/Feb/2024:08:12:42 +0100] "GET /spicons/templates/defaultsite/es-ES/images/vps.jpeg HTTP/1.1" 200 23125 www.cronicadesevilla.com "http://www.cronicadesevilla.com/defaultsite" "Mozilla/5.0 (compatible; Dataprovider.com)" "-"
149.56.150.0 - - [08/Feb/2024:08:12:43 +0100] "GET /spicons/templates/defaultsite/es-ES/images/domain.svg HTTP/1.1" 200 2095 www.cronicadesevilla.com "http://www.cronicadesevilla.com/defaultsite" "Mozilla/5.0 (compatible; Dataprovider.com)" "-"
149.56.150.0 - - [08/Feb/2024:08:12:43 +0100] "GET /spicons/templates/defaultsite/es-ES/images/domain_transfer.svg HTTP/1.1" 200 1201 www.cronicadesevilla.com "http://www.cronicadesevilla.com/defaultsite" "Mozilla/5.0 (compatible; Dataprovider.com)" "-"
149.56.150.0 - - [08/Feb/2024:08:12:43 +0100] "GET /spicons/templates/defaultsite/es-ES/images/ic-world.svg HTTP/1.1" 200 1248 www.cronicadesevilla.com "http://www.cronicadesevilla.com/defaultsite" "Mozilla/5.0 (compatible; Dataprovider.com)" "-"
85.208.96.0 - - [08/Feb/2024:08:14:06 +0100] "GET /sociedad/derrumba-techo-iglesia-cadiz/ HTTP/1.1" 200 159323 cronicareinodearagon.com "-" "Mozilla/5.0 (compatible; SemrushBot/7~bl; +http://www.semrush.com/bot.html)" "-"
82.165.88.0 - - [08/Feb/2024:08:14:07 +0100] "POST /wp-cron.php?doing_wp_cron=1707376447.0390450954437255859375 HTTP/1.1" 200 - cronicareinodearagon.com "-" "WordPress/6.2.2; https://cronicareinodearagon.com" "-"
54.36.148.0 - - [08/Feb/2024:08:15:25 +0100] "GET /opinion/plusvalia-opinion-gana-impuesto/ HTTP/1.1" 200 174352 cronicareinodearagon.com "-" "Mozilla/5.0 (compatible; AhrefsBot/7.0; +http://ahrefs.com/robot/)" "-"
82.165.88.0 - - [08/Feb/2024:08:15:26 +0100] "POST /wp-cron.php?doing_wp_cron=1707376526.0353419780731201171875 HTTP/1.1" 200 - cronicareinodearagon.com "-" "WordPress/6.2.2; https://cronicareinodearagon.com" "-"
185.191.171.0 - - [08/Feb/2024:08:18:14 +0100] "GET /sociedad/clausura-festival-cine-almeria-libertad/ HTTP/1.1" 200 170969 cronicareinodearagon.com "-" "Mozilla/5.0 (compatible; SemrushBot/7~bl; +http://www.semrush.com/bot.html)" "-"
82.165.88.0 - - [08/Feb/2024:08:18:15 +0100] "POST /wp-cron.php?doing_wp_cron=1707376695.1420760154724121093750 HTTP/1.1" 200 - cronicareinodearagon.com "-" "WordPress/6.2.2; https://cronicareinodearagon.com" "-"
82.165.88.0 - - [08/Feb/2024:08:19:21 +0100] "POST /wp-cron.php?doing_wp_cron=1707376761.5700170993804931640625 HTTP/1.1" 200 - cronicareinodearagon.com "-" "WordPress/6.2.2; https://cronicareinodearagon.com" "-"
66.249.72.0 - - [08/Feb/2024:08:19:21 +0100] "GET /aragon/astic-reconocimiento-carreras-grupo/feed/ HTTP/1.1" 200 950 cronicareinodearagon.com "-" "Mozilla/5.0 (Linux; Android 6.0.1; Nexus 5X Build/MMB29P) AppleWebKit/537.36 (KHTML, like Gecko) Chrome/121.0.6167.85 Mobile Safari/537.36 (compatible; GoogleOther)" "-"
93.158.91.0 - - [08/Feb/2024:08:28:05 +0100] "GET / HTTP/1.1" 200 336 cronicadearagon.com "-" "Mozilla/5.0 (Windows NT 10.0; Win64; x64) AppleWebKit/537.36 (KHTML, like Gecko) Chrome/105.0.0.0 Safari/537.36" "-"
93.158.91.0 - - [08/Feb/2024:08:28:06 +0100] "GET /favicon.ico HTTP/1.1" 404 596 cronicadearagon.com "-" "Mozilla/5.0 (Windows NT 10.0; Win64; x64) AppleWebKit/537.36 (KHTML, like Gecko) Chrome/105.0.0.0 Safari/537.36" "-"
82.165.88.0 - - [08/Feb/2024:08:29:42 +0100] "POST /wp-cron.php?doing_wp_cron=1707377382.7732429504394531250000 HTTP/1.1" 200 - cronicareinodearagon.com "-" "WordPress/6.2.2; https://cronicareinodearagon.com" "-"
124.227.132.0 - - [08/Feb/2024:08:29:42 +0100] "POST /wp-comments-post.php HTTP/1.1" 302 - cronicareinodearagon.com "-" "Mozilla/5.0 (Windows NT 10.0; Win64; x64) AppleWebKit/537.36 (KHTML, like Gecko) Chrome/108.0.0.0 Safari/537.36 Edg/108.0.1462.46" "-"
124.227.132.0 - - [08/Feb/2024:08:29:43 +0100] "GET /aragon/tranvia-sevilla-santa-justa/ HTTP/1.1" 200 163832 cronicareinodearagon.com "-" "Mozilla/5.0 (Windows NT 10.0; Win64; x64) AppleWebKit/537.36 (KHTML, like Gecko) Chrome/108.0.0.0 Safari/537.36 Edg/108.0.1462.46" "-"
185.191.171.0 - - [08/Feb/2024:08:35:09 +0100] "GET /sociedad/vallas-semana-santa-malaga-retirada/ HTTP/1.1" 200 165726 cronicareinodearagon.com "-" "Mozilla/5.0 (compatible; SemrushBot/7~bl; +http://www.semrush.com/bot.html)" "-"
82.165.88.0 - - [08/Feb/2024:08:35:10 +0100] "POST /wp-cron.php?doing_wp_cron=1707377710.2393159866333007812500 HTTP/1.1" 200 - cronicareinodearagon.com "-" "WordPress/6.2.2; https://cronicareinodearagon.com" "-"
185.191.171.0 - - [08/Feb/2024:08:38:58 +0100] "GET /aragon/acuerdo-precariedad-salud-responde/ HTTP/1.1" 200 162942 cronicareinodearagon.com "-" "Mozilla/5.0 (compatible; SemrushBot/7~bl; +http://www.semrush.com/bot.html)" "-"
82.165.88.0 - - [08/Feb/2024:08:38:59 +0100] "POST /wp-cron.php?doing_wp_cron=1707377938.9698090553283691406250 HTTP/1.1" 200 - cronicareinodearagon.com "-" "WordPress/6.2.2; https://cronicareinodearagon.com" "-"
74.125.209.0 - - [08/Feb/2024:08:44:14 +0100] "GET /category/educacion/feed/ HTTP/1.1" 200 16487 cronicareinodearagon.com "-" "FeedFetcher-Google; (+http://www.google.com/feedfetcher.html)" "-"
74.125.209.0 - - [08/Feb/2024:08:56:33 +0100] "GET /category/educacion/feed/ HTTP/1.1" 200 16487 cronicareinodearagon.com "-" "FeedFetcher-Google; (+http://www.google.com/feedfetcher.html)" "-"
85.208.96.0 - - [08/Feb/2024:09:05:56 +0100] "GET /politica/vox-wikileaks-la-red-de-intolerancia/ HTTP/1.1" 200 160044 cronicareinodearagon.com "-" "Mozilla/5.0 (compatible; SemrushBot/7~bl; +http://www.semrush.com/bot.html)" "-"
82.165.88.0 - - [08/Feb/2024:09:05:57 +0100] "POST /wp-cron.php?doing_wp_cron=1707379557.1660530567169189453125 HTTP/1.1" 200 - cronicareinodearagon.com "-" "WordPress/6.2.2; https://cronicareinodearagon.com" "-"
45.86.202.0 - - [08/Feb/2024:09:09:32 +0100] "GET /administrator/index.php HTTP/1.1" 301 264 cronicareinodearagon.com "-" "Mozilla/5.0 (Windows NT 6.1) AppleWebKit/537.36 (KHTML, like Gecko) Chrome/45.0.2454.85 Safari/537.36 OPR/32.0.1948.45" "-"
45.86.202.0 - - [08/Feb/2024:09:09:34 +0100] "GET /administrator/index.php HTTP/1.1" 301 - cronicareinodearagon.com "-" "Mozilla/5.0 (Windows NT 6.1) AppleWebKit/537.36 (KHTML, like Gecko) Chrome/45.0.2454.85 Safari/537.36 OPR/32.0.1948.45" "-"
82.165.88.0 - - [08/Feb/2024:09:09:35 +0100] "POST /wp-cron.php?doing_wp_cron=1707379775.1824519634246826171875 HTTP/1.1" 200 - cronicareinodearagon.com "-" "WordPress/6.2.2; https://cronicareinodearagon.com" "-"
45.86.202.0 - - [08/Feb/2024:09:09:35 +0100] "GET /administrator/ HTTP/1.1" 404 144843 cronicareinodearagon.com "-" "Mozilla/5.0 (Windows NT 6.1) AppleWebKit/537.36 (KHTML, like Gecko) Chrome/45.0.2454.85 Safari/537.36 OPR/32.0.1948.45" "-"
45.86.202.0 - - [08/Feb/2024:09:09:39 +0100] "GET /administrator/index.php HTTP/1.1" 301 264 cronicareinodearagon.com "-" "Mozilla/5.0 (Windows NT 6.1) AppleWebKit/537.36 (KHTML, like Gecko) Chrome/45.0.2454.85 Safari/537.36 OPR/32.0.1948.45" "-"
82.165.88.0 - - [08/Feb/2024:09:09:42 +0100] "POST /wp-cron.php?doing_wp_cron=1707379782.6362559795379638671875 HTTP/1.1" 200 - cronicareinodearagon.com "-" "WordPress/6.2.2; https://cronicareinodearagon.com" "-"
45.86.202.0 - - [08/Feb/2024:09:09:42 +0100] "GET /administrator/index.php HTTP/1.1" 301 - cronicareinodearagon.com "-" "Mozilla/5.0 (Windows NT 6.1) AppleWebKit/537.36 (KHTML, like Gecko) Chrome/45.0.2454.85 Safari/537.36 OPR/32.0.1948.45" "-"
45.86.202.0 - - [08/Feb/2024:09:09:43 +0100] "GET /administrator/ HTTP/1.1" 404 144843 cronicareinodearagon.com "-" "Mozilla/5.0 (Windows NT 6.1) AppleWebKit/537.36 (KHTML, like Gecko) Chrome/45.0.2454.85 Safari/537.36 OPR/32.0.1948.45" "-"
45.86.202.0 - - [08/Feb/2024:09:09:46 +0100] "GET /administrator/index.php HTTP/1.1" 301 264 cronicareinodearagon.com "-" "Mozilla/5.0 (Windows NT 6.1) AppleWebKit/537.36 (KHTML, like Gecko) Chrome/45.0.2454.85 Safari/537.36 OPR/32.0.1948.45" "-"
45.86.202.0 - - [08/Feb/2024:09:09:49 +0100] "GET /administrator/index.php HTTP/1.1" 301 - cronicareinodearagon.com "-" "Mozilla/5.0 (Windows NT 6.1) AppleWebKit/537.36 (KHTML, like Gecko) Chrome/45.0.2454.85 Safari/537.36 OPR/32.0.1948.45" "-"
45.86.202.0 - - [08/Feb/2024:09:09:49 +0100] "GET /administrator/ HTTP/1.1" 404 144843 cronicareinodearagon.com "-" "Mozilla/5.0 (Windows NT 6.1) AppleWebKit/537.36 (KHTML, like Gecko) Chrome/45.0.2454.85 Safari/537.36 OPR/32.0.1948.45" "-"
74.125.209.0 - - [08/Feb/2024:09:12:40 +0100] "GET /category/educacion/feed/ HTTP/1.1" 200 16487 cronicareinodearagon.com "-" "FeedFetcher-Google; (+http://www.google.com/feedfetcher.html)" "-"
185.191.171.0 - - [08/Feb/2024:09:16:31 +0100] "GET /robots.txt HTTP/1.1" 200 202 cronicareinodearagon.com "-" "Mozilla/5.0 (compatible; SemrushBot/7~bl; +http://www.semrush.com/bot.html)" "-"
82.165.88.0 - - [08/Feb/2024:09:16:32 +0100] "POST /wp-cron.php?doing_wp_cron=1707380192.2879109382629394531250 HTTP/1.1" 200 - cronicareinodearagon.com "-" "WordPress/6.2.2; https://cronicareinodearagon.com" "-"
185.191.171.0 - - [08/Feb/2024:09:16:34 +0100] "GET /aragon/pescadores-andaluces-manifestacion-combustibles/ HTTP/1.1" 200 165397 cronicareinodearagon.com "-" "Mozilla/5.0 (compatible; SemrushBot/7~bl; +http://www.semrush.com/bot.html)" "-"
74.125.209.0 - - [08/Feb/2024:09:18:29 +0100] "GET /category/educacion/feed/ HTTP/1.1" 200 16487 cronicareinodearagon.com "-" "FeedFetcher-Google; (+http://www.google.com/feedfetcher.html)" "-"
85.208.96.0 - - [08/Feb/2024:09:23:52 +0100] "GET /category/aragon/page/51/ HTTP/1.1" 200 147107 cronicareinodearagon.com "-" "Mozilla/5.0 (compatible; SemrushBot/7~bl; +http://www.semrush.com/bot.html)" "-"
82.165.88.0 - - [08/Feb/2024:09:23:53 +0100] "POST /wp-cron.php?doing_wp_cron=1707380633.3422229290008544921875 HTTP/1.1" 200 - cronicareinodearagon.com "-" "WordPress/6.2.2; https://cronicareinodearagon.com" "-"
198.251.88.0 - - [08/Feb/2024:09:27:28 +0100] "POST /xmlrpc.php HTTP/1.1" 200 416 cronicareinodearagon.com "-" "Mozilla/5.0 (Macintosh; Intel Mac OS X 10_6_8) AppleWebKit/534.59.10 (KHTML, like Gecko) Version/5.1.9 Safari/534.59.10" "-"
82.165.88.0 - - [08/Feb/2024:09:27:29 +0100] "POST /wp-cron.php?doing_wp_cron=1707380849.0372760295867919921875 HTTP/1.1" 200 - cronicareinodearagon.com "-" "WordPress/6.2.2; https://cronicareinodearagon.com" "-"
198.251.88.0 - - [08/Feb/2024:09:27:29 +0100] "POST /xmlrpc.php HTTP/1.1" 200 416 cronicareinodearagon.com "-" "Mozilla/5.0 (Macintosh; Intel Mac OS X 10_6_8) AppleWebKit/534.59.10 (KHTML, like Gecko) Version/5.1.9 Safari/534.59.10" "-"
198.251.88.0 - - [08/Feb/2024:09:27:30 +0100] "POST /xmlrpc.php HTTP/1.1" 403 775 cronicareinodearagon.com "-" "Mozilla/5.0 (Macintosh; Intel Mac OS X 10_6_8) AppleWebKit/534.59.10 (KHTML, like Gecko) Version/5.1.9 Safari/534.59.10" "-"
198.251.88.0 - - [08/Feb/2024:09:27:31 +0100] "POST /xmlrpc.php HTTP/1.1" 403 775 cronicareinodearagon.com "-" "Mozilla/5.0 (Macintosh; Intel Mac OS X 10_6_8) AppleWebKit/534.59.10 (KHTML, like Gecko) Version/5.1.9 Safari/534.59.10" "-"
198.251.88.0 - - [08/Feb/2024:09:27:32 +0100] "POST /xmlrpc.php HTTP/1.1" 403 775 cronicareinodearagon.com "-" "Mozilla/5.0 (Macintosh; Intel Mac OS X 10_6_8) AppleWebKit/534.59.10 (KHTML, like Gecko) Version/5.1.9 Safari/534.59.10" "-"
74.125.209.0 - - [08/Feb/2024:09:29:47 +0100] "GET /category/politica/feed/ HTTP/1.1" 200 18273 cronicareinodearagon.com "-" "FeedFetcher-Google; (+http://www.google.com/feedfetcher.html)" "-"
82.165.88.0 - - [08/Feb/2024:09:30:25 +0100] "POST /wp-cron.php?doing_wp_cron=1707381025.8427410125732421875000 HTTP/1.1" 200 - cronicareinodearagon.com "-" "WordPress/6.2.2; https://cronicareinodearagon.com" "-"
185.191.171.0 - - [08/Feb/2024:09:30:25 +0100] "GET /aragon/restricciones-compra-hielo/ HTTP/1.1" 200 159724 cronicareinodearagon.com "-" "Mozilla/5.0 (compatible; SemrushBot/7~bl; +http://www.semrush.com/bot.html)" "-"
82.165.88.0 - - [08/Feb/2024:09:31:38 +0100] "POST /wp-cron.php?doing_wp_cron=1707381098.3943750858306884765625 HTTP/1.1" 200 - cronicareinodearagon.com "-" "WordPress/6.2.2; https://cronicareinodearagon.com" "-"
85.208.96.0 - - [08/Feb/2024:09:31:38 +0100] "GET /economia/metal-huelga-convenio-patronal-cadiz/ HTTP/1.1" 200 169394 cronicareinodearagon.com "-" "Mozilla/5.0 (compatible; SemrushBot/7~bl; +http://www.semrush.com/bot.html)" "-"
184.154.76.0 - - [08/Feb/2024:09:34:05 +0100] "GET / HTTP/1.1" 200 336 www.cronicadecadiz.com "http://www.google.com/url?url=www.cronicadecadiz.com&yahoo.com" "Mozilla/5.0 (compatible; MSIE 9.0; Windows NT 6.1; WOW64; Trident/6.0)" "-"
184.154.76.0 - - [08/Feb/2024:09:34:06 +0100] "GET /th1s_1s_a_4o4.html HTTP/1.1" 404 596 www.cronicadecadiz.com "http://www.google.com/url?url=www.cronicadecadiz.com&yahoo.com" "Mozilla/5.0 (compatible; MSIE 9.0; Windows NT 6.1; WOW64; Trident/6.0)" "-"
184.154.76.0 - - [08/Feb/2024:09:34:06 +0100] "GET /domaincheckresult?__SBMT:d359e110d15:=1&__SYNT:d359e110d15:__CMD(domaincheckresult):RETWRP=domainselect&__SYNT:d359e110d15:__CMD(domaincheckresult):SELWRP=multicheck&__SYNT:d359e110d15:__forcestop=true&__pageflow=Order&__sendingdata=1&linkId=ct.btn.check.default-page-check&multicheck.Domain=1 HTTP/1.1" 404 596 www.cronicadecadiz.com "-" "SiteLockSpider [en] (WinNT; I ;Nav)" "-"
184.154.76.0 - - [08/Feb/2024:09:34:06 +0100] "GET /spicons/templates/defaultsite/es-ES/images/domain_transfer.svg HTTP/1.1" 200 1201 www.cronicadecadiz.com "http://www.google.com/url?url=www.cronicadecadiz.com&yahoo.com" "Mozilla/5.0 (compatible; MSIE 9.0; Windows NT 6.1; WOW64; Trident/6.0)" "-"
184.154.76.0 - - [08/Feb/2024:09:34:06 +0100] "GET /spicons/templates/defaultsite/es-ES/images/css/main.css HTTP/1.1" 200 486180 www.cronicadecadiz.com "http://www.google.com/url?url=www.cronicadecadiz.com&yahoo.com" "Mozilla/5.0 (compatible; MSIE 9.0; Windows NT 6.1; WOW64; Trident/6.0)" "-"
184.154.76.0 - - [08/Feb/2024:09:34:08 +0100] "GET /spicons/templates/defaultsite/es-ES/images/domain.svg HTTP/1.1" 200 2095 www.cronicadecadiz.com "-" "SiteLockSpider [en] (WinNT; I ;Nav)" "-"
184.154.76.0 - - [08/Feb/2024:09:34:08 +0100] "GET /defaultsite HTTP/1.1" 200 18994 www.cronicadecadiz.com "-" "SiteLockSpider [en] (WinNT; I ;Nav)" "-"
184.154.76.0 - - [08/Feb/2024:09:34:09 +0100] "GET /spicons/templates/defaultsite/es-ES/images/ic-world.svg HTTP/1.1" 200 1248 www.cronicadecadiz.com "-" "SiteLockSpider [en] (WinNT; I ;Nav)" "-"
184.154.76.0 - - [08/Feb/2024:09:34:09 +0100] "GET /domaincheckresult?__SBMT:d359e110d15:=1&__SYNT:d359e110d15:__CMD(domaincheckresult):RETWRP=domainselect&__SYNT:d359e110d15:__CMD(domaincheckresult):SELWRP=multicheck&__SYNT:d359e110d15:__forcestop=true&__pageflow=Order&__sendingdata=1&linkId=ct.btn.check.default-page-check&multicheck.Domain=1 HTTP/1.1" 404 596 www.cronicadecadiz.com "-" "SiteLockSpider [en] (WinNT; I ;Nav)" "-"
74.125.209.0 - - [08/Feb/2024:09:38:23 +0100] "GET /category/educacion/feed/ HTTP/1.1" 200 16487 cronicareinodearagon.com "-" "FeedFetcher-Google; (+http://www.google.com/feedfetcher.html)" "-"
74.125.209.0 - - [08/Feb/2024:09:46:48 +0100] "GET /category/politica/feed/ HTTP/1.1" 200 18273 cronicareinodearagon.com "-" "FeedFetcher-Google; (+http://www.google.com/feedfetcher.html)" "-"
54.74.17.0 - - [08/Feb/2024:09:48:00 +0100] "GET / HTTP/1.1" 200 336 www.cronicadesevilla.com "-" "Mozilla/5.0 (compatible; NetcraftSurveyAgent/1.0; +info@netcraft.com)" "-"
185.191.171.0 - - [08/Feb/2024:09:52:34 +0100] "GET /category/sociedad/page/11/ HTTP/1.1" 200 147019 cronicareinodearagon.com "-" "Mozilla/5.0 (compatible; SemrushBot/7~bl; +http://www.semrush.com/bot.html)" "-"
82.165.88.0 - - [08/Feb/2024:09:52:35 +0100] "POST /wp-cron.php?doing_wp_cron=1707382355.0616879463195800781250 HTTP/1.1" 200 - cronicareinodearagon.com "-" "WordPress/6.2.2; https://cronicareinodearagon.com" "-"
2001:41d0:200:: - - [08/Feb/2024:09:54:13 +0100] "GET /robots.txt HTTP/1.1" 200 188 cronicadearagon.com "-" "Mozilla/5.0 (compatible; MJ12bot/v1.4.8; http://mj12bot.com/)" "-"
2001:41d0:200:: - - [08/Feb/2024:09:54:21 +0100] "GET /wp-content/uploads/2021/02/FEC_30Espan%CC%83aUE_blog.jpg HTTP/1.1" 404 596 cronicadearagon.com "-" "Mozilla/5.0 (compatible; MJ12bot/v1.4.8; http://mj12bot.com/)" "-"
74.125.209.0 - - [08/Feb/2024:09:57:14 +0100] "GET /category/politica/feed/ HTTP/1.1" 200 18273 cronicareinodearagon.com "-" "FeedFetcher-Google; (+http://www.google.com/feedfetcher.html)" "-"
82.165.88.0 - - [08/Feb/2024:09:59:28 +0100] "POST /wp-cron.php?doing_wp_cron=1707382768.4736111164093017578125 HTTP/1.1" 200 - cronicareinodearagon.com "-" "WordPress/6.2.2; https://cronicareinodearagon.com" "-"
185.191.171.0 - - [08/Feb/2024:09:59:28 +0100] "GET /aragon/segundo-startup-andalucia-roadshow-septiembre/ HTTP/1.1" 200 168112 cronicareinodearagon.com "-" "Mozilla/5.0 (compatible; SemrushBot/7~bl; +http://www.semrush.com/bot.html)" "-"
185.191.171.0 - - [08/Feb/2024:09:59:38 +0100] "GET /uncategorized/mairena-aljarafe-sevilla-delincuencia-datos-indice/ HTTP/1.1" 200 160102 cronicareinodearagon.com "-" "Mozilla/5.0 (compatible; SemrushBot/7~bl; +http://www.semrush.com/bot.html)" "-"
95.111.244.0 - - [08/Feb/2024:10:01:54 +0100] "GET /wp-includes/ HTTP/1.1" 301 253 cronicareinodearagon.com "-" "Mozlila/5.0 (Linux; Android 7.0; SM-G892A Bulid/NRD90M; wv) AppleWebKit/537.36 (KHTML, like Gecko) Version/4.0 Chrome/60.0.3112.107 Moblie Safari/537.36" "-"
95.111.244.0 - - [08/Feb/2024:10:01:59 +0100] "GET /wp-includes/ HTTP/1.1" 403 775 cronicareinodearagon.com "-" "Mozlila/5.0 (Linux; Android 7.0; SM-G892A Bulid/NRD90M; wv) AppleWebKit/537.36 (KHTML, like Gecko) Version/4.0 Chrome/60.0.3112.107 Moblie Safari/537.36" "-"
82.165.88.0 - - [08/Feb/2024:10:02:33 +0100] "POST /wp-cron.php?doing_wp_cron=1707382953.3246519565582275390625 HTTP/1.1" 200 - cronicareinodearagon.com "-" "WordPress/6.2.2; https://cronicareinodearagon.com" "-"
103.74.117.0 - - [08/Feb/2024:10:02:33 +0100] "POST /xmlrpc.php HTTP/1.1" 200 416 cronicareinodearagon.com "-" "Mozilla/5.0 (Windows NT 10.0; Win64; x64) AppleWebKit/537.36 (KHTML, like Gecko) Chrome/84.0.4147.105 Safari/537.36" "-"
103.43.188.0 - - [08/Feb/2024:10:02:34 +0100] "POST /xmlrpc.php HTTP/1.1" 200 416 cronicareinodearagon.com "-" "Mozilla/5.0 (Windows NT 10.0; Win64; x64) AppleWebKit/537.36 (KHTML, like Gecko) Chrome/74.0.3729.157 Safari/537.36" "-"
92.205.146.0 - - [08/Feb/2024:10:02:37 +0100] "POST /xmlrpc.php HTTP/1.1" 200 416 cronicareinodearagon.com "-" "Mozilla/5.0 (Windows NT 10.0; Win64; x64) AppleWebKit/537.36 (KHTML, like Gecko) Chrome/70.0.3538.102 Safari/537.36" "-"
144.24.193.0 - - [08/Feb/2024:10:02:38 +0100] "POST /xmlrpc.php HTTP/1.1" 200 416 cronicareinodearagon.com "-" "Mozilla/5.0 (Windows NT 10.0; Win64; x64; rv:61.0) Gecko/20100101 Firefox/61.0" "-"
47.243.233.0 - - [08/Feb/2024:10:02:48 +0100] "POST /xmlrpc.php HTTP/1.1" 200 416 cronicareinodearagon.com "-" "Mozilla/5.0 (Windows NT 10.0) AppleWebKit/537.36 (KHTML, like Gecko) Chrome/91.0.4472.114 Safari/537.36" "-"
82.165.88.0 - - [08/Feb/2024:10:02:49 +0100] "POST /wp-cron.php?doing_wp_cron=1707382969.2461340427398681640625 HTTP/1.1" 200 - cronicareinodearagon.com "-" "WordPress/6.2.2; https://cronicareinodearagon.com" "-"
2800:6c0:: - - [08/Feb/2024:10:02:51 +0100] "POST /xmlrpc.php HTTP/1.1" 200 416 cronicareinodearagon.com "-" "Mozilla/5.0 (Windows NT 10.0; Win64; x64; rv:63.0) Gecko/20100101 Firefox/63.0" "-"
217.160.209.0 - - [08/Feb/2024:10:02:59 +0100] "POST /xmlrpc.php HTTP/1.1" 200 416 cronicareinodearagon.com "-" "Mozilla/5.0 (Windows NT 10.0; Win64; x64) AppleWebKit/537.36 (KHTML, like Gecko) Chrome/69.0.3497.100 Safari/537.36" "-"
161.35.161.0 - - [08/Feb/2024:10:03:05 +0100] "POST /xmlrpc.php HTTP/1.1" 200 416 cronicareinodearagon.com "-" "Mozilla/5.0 (Windows NT 10.0; Win64; x64; rv:61.0) Gecko/20100101 Firefox/61.0" "-"
66.45.235.0 - - [08/Feb/2024:10:03:11 +0100] "POST /xmlrpc.php HTTP/1.1" 200 416 cronicareinodearagon.com "-" "Mozilla/5.0 (Windows NT 10.0; Win64; x64; rv:66.0) Gecko/20100101 Firefox/66.0" "-"
68.178.145.0 - - [08/Feb/2024:10:03:14 +0100] "POST /xmlrpc.php HTTP/1.1" 200 416 cronicareinodearagon.com "-" "Mozilla/5.0 (Windows NT 10.0; Win64; x64) AppleWebKit/537.36 (KHTML, like Gecko) Chrome/87.0.4280.141 Safari/537.36" "-"
82.165.88.0 - - [08/Feb/2024:10:03:50 +0100] "POST /wp-cron.php?doing_wp_cron=1707383030.8154630661010742187500 HTTP/1.1" 200 - cronicareinodearagon.com "-" "WordPress/6.2.2; https://cronicareinodearagon.com" "-"
185.191.171.0 - - [08/Feb/2024:10:03:50 +0100] "GET /aragon/sanitarios-satse-reclaman-financiacion-adecuada-sanidad-publica/ HTTP/1.1" 200 170994 cronicareinodearagon.com "-" "Mozilla/5.0 (compatible; SemrushBot/7~bl; +http://www.semrush.com/bot.html)" "-"
82.165.88.0 - - [08/Feb/2024:10:10:18 +0100] "POST /wp-cron.php?doing_wp_cron=1707383418.3952479362487792968750 HTTP/1.1" 200 - cronicareinodearagon.com "-" "WordPress/6.2.2; https://cronicareinodearagon.com" "-"
85.208.96.0 - - [08/Feb/2024:10:10:18 +0100] "GET /aragon/exportaciones-aragon-primer-trimestre-2023/ HTTP/1.1" 200 163645 cronicareinodearagon.com "-" "Mozilla/5.0 (compatible; SemrushBot/7~bl; +http://www.semrush.com/bot.html)" "-"
54.36.149.0 - - [08/Feb/2024:10:10:24 +0100] "GET /politica/algeciras-ceti-ayuntamiento/ HTTP/1.1" 200 170445 cronicareinodearagon.com "-" "Mozilla/5.0 (compatible; AhrefsBot/7.0; +http://ahrefs.com/robot/)" "-"
54.36.149.0 - - [08/Feb/2024:10:10:28 +0100] "GET /wp-content/uploads/2022/08/Algeciras-CETI-vecinos-ayuntamiento.jpg HTTP/1.1" 200 150090 cronicareinodearagon.com "-" "Mozilla/5.0 (compatible; AhrefsBot/7.0; +http://ahrefs.com/robot/)" "-"
82.165.88.0 - - [08/Feb/2024:10:11:27 +0100] "POST /wp-cron.php?doing_wp_cron=1707383487.4154999256134033203125 HTTP/1.1" 200 - cronicareinodearagon.com "-" "WordPress/6.2.2; https://cronicareinodearagon.com" "-"
185.191.171.0 - - [08/Feb/2024:10:11:27 +0100] "GET /aragon/vox-pasaporte-covid-andalucia/ HTTP/1.1" 200 160358 cronicareinodearagon.com "-" "Mozilla/5.0 (compatible; SemrushBot/7~bl; +http://www.semrush.com/bot.html)" "-"
82.165.88.0 - - [08/Feb/2024:10:13:47 +0100] "POST /wp-cron.php?doing_wp_cron=1707383627.4873099327087402343750 HTTP/1.1" 200 - cronicareinodearagon.com "-" "WordPress/6.2.2; https://cronicareinodearagon.com" "-"
85.208.96.0 - - [08/Feb/2024:10:13:47 +0100] "GET /category/politica/page/25/ HTTP/1.1" 200 147284 cronicareinodearagon.com "-" "Mozilla/5.0 (compatible; SemrushBot/7~bl; +http://www.semrush.com/bot.html)" "-"
85.208.96.0 - - [08/Feb/2024:10:14:13 +0100] "GET /economia/ampliado-el-plazo-para-que-las-empresas-soliciten-subvenciones-estatales/ HTTP/1.1" 200 166076 cronicareinodearagon.com "-" "Mozilla/5.0 (compatible; SemrushBot/7~bl; +http://www.semrush.com/bot.html)" "-"
149.56.150.0 - - [08/Feb/2024:10:18:12 +0100] "GET / HTTP/1.1" 301 245 www.cronicareinodearagon.com "-" "Mozilla/5.0 (compatible; Dataprovider.com)" "-"
82.165.88.0 - - [08/Feb/2024:10:18:12 +0100] "POST /wp-cron.php?doing_wp_cron=1707383892.8453199863433837890625 HTTP/1.1" 200 - cronicareinodearagon.com "-" "WordPress/6.2.2; https://cronicareinodearagon.com" "-"
149.56.150.0 - - [08/Feb/2024:10:18:12 +0100] "GET / HTTP/1.1" 301 - www.cronicareinodearagon.com "-" "Mozilla/5.0 (compatible; Dataprovider.com)" "-"
149.56.150.0 - - [08/Feb/2024:10:18:13 +0100] "GET / HTTP/1.1" 200 258048 cronicareinodearagon.com "-" "Mozilla/5.0 (compatible; Dataprovider.com)" "-"
149.56.150.0 - - [08/Feb/2024:10:18:14 +0100] "GET /robots.txt HTTP/1.1" 200 202 cronicareinodearagon.com "-" "Mozilla/5.0 (compatible; Dataprovider.com)" "-"
149.56.150.0 - - [08/Feb/2024:10:18:16 +0100] "GET /sitemap_index.xml HTTP/1.1" 200 693 cronicareinodearagon.com "-" "Mozilla/5.0 (compatible; Dataprovider.com)" "-"
149.56.150.0 - - [08/Feb/2024:10:18:16 +0100] "GET / HTTP/1.1" 200 258048 cronicareinodearagon.com "-" "Mozilla/5.0 (compatible; Dataprovider.com)" "-"
149.56.150.0 - - [08/Feb/2024:10:18:17 +0100] "GET /sociedad/planta-transferencia-residuos-quinto-ecoprovincia-zaragoza/ HTTP/1.1" 200 168365 cronicareinodearagon.com "-" "Mozilla/5.0 (compatible; Dataprovider.com)" "-"
149.56.150.0 - - [08/Feb/2024:10:18:18 +0100] "GET /aviso-legal/ HTTP/1.1" 200 141212 cronicareinodearagon.com "-" "Mozilla/5.0 (compatible; Dataprovider.com)" "-"
149.56.150.0 - - [08/Feb/2024:10:18:19 +0100] "GET /category/politica/ HTTP/1.1" 200 147363 cronicareinodearagon.com "-" "Mozilla/5.0 (compatible; Dataprovider.com)" "-"
149.56.150.0 - - [08/Feb/2024:10:18:20 +0100] "GET /category/economia/ HTTP/1.1" 200 146955 cronicareinodearagon.com "-" "Mozilla/5.0 (compatible; Dataprovider.com)" "-"
149.56.150.0 - - [08/Feb/2024:10:18:21 +0100] "GET /aragon/teltronic-digitalizacion-transporte-moysest/ HTTP/1.1" 200 165887 cronicareinodearagon.com "-" "Mozilla/5.0 (compatible; Dataprovider.com)" "-"
149.56.150.0 - - [08/Feb/2024:10:18:22 +0100] "GET /category/educacion/ HTTP/1.1" 200 146946 cronicareinodearagon.com "-" "Mozilla/5.0 (compatible; Dataprovider.com)" "-"
149.56.150.0 - - [08/Feb/2024:10:18:23 +0100] "GET /category/sociedad/ HTTP/1.1" 200 147043 cronicareinodearagon.com "-" "Mozilla/5.0 (compatible; Dataprovider.com)" "-"
149.56.150.0 - - [08/Feb/2024:10:18:24 +0100] "GET /category/opinion/ HTTP/1.1" 200 145009 cronicareinodearagon.com "-" "Mozilla/5.0 (compatible; Dataprovider.com)" "-"
149.56.150.0 - - [08/Feb/2024:10:18:25 +0100] "GET /category/aragon/ HTTP/1.1" 200 146726 cronicareinodearagon.com "-" "Mozilla/5.0 (compatible; Dataprovider.com)" "-"
149.56.150.0 - - [08/Feb/2024:10:18:27 +0100] "GET /security.txt HTTP/1.1" 301 257 www.cronicareinodearagon.com "-" "Mozilla/5.0 (compatible; Dataprovider.com)" "-"
149.56.150.0 - - [08/Feb/2024:10:18:27 +0100] "GET /security.txt HTTP/1.1" 301 - www.cronicareinodearagon.com "http://www.cronicareinodearagon.com/security.txt" "Mozilla/5.0 (compatible; Dataprovider.com)" "-"
149.56.150.0 - - [08/Feb/2024:10:18:28 +0100] "GET /security.txt HTTP/1.1" 404 144840 cronicareinodearagon.com "https://www.cronicareinodearagon.com/security.txt" "Mozilla/5.0 (compatible; Dataprovider.com)" "-"
149.56.150.0 - - [08/Feb/2024:10:18:28 +0100] "GET /.well-known/security.txt HTTP/1.1" 301 269 www.cronicareinodearagon.com "-" "Mozilla/5.0 (compatible; Dataprovider.com)" "-"
149.56.150.0 - - [08/Feb/2024:10:18:29 +0100] "GET /.well-known/security.txt HTTP/1.1" 301 - www.cronicareinodearagon.com "http://www.cronicareinodearagon.com/.well-known/security.txt" "Mozilla/5.0 (compatible; Dataprovider.com)" "-"
149.56.150.0 - - [08/Feb/2024:10:18:29 +0100] "GET /.well-known/security.txt HTTP/1.1" 404 144877 cronicareinodearagon.com "https://www.cronicareinodearagon.com/.well-known/security.txt" "Mozilla/5.0 (compatible; Dataprovider.com)" "-"
149.56.150.0 - - [08/Feb/2024:10:18:30 +0100] "GET /ads.txt HTTP/1.1" 301 252 www.cronicareinodearagon.com "-" "Mozilla/5.0 (compatible; Dataprovider.com)" "-"
149.56.150.0 - - [08/Feb/2024:10:18:30 +0100] "GET /ads.txt HTTP/1.1" 301 - www.cronicareinodearagon.com "http://www.cronicareinodearagon.com/ads.txt" "Mozilla/5.0 (compatible; Dataprovider.com)" "-"
149.56.150.0 - - [08/Feb/2024:10:18:31 +0100] "GET /ads.txt HTTP/1.1" 404 144825 cronicareinodearagon.com "https://www.cronicareinodearagon.com/ads.txt" "Mozilla/5.0 (compatible; Dataprovider.com)" "-"
149.56.150.0 - - [08/Feb/2024:10:18:31 +0100] "GET /humans.txt HTTP/1.1" 301 255 www.cronicareinodearagon.com "-" "Mozilla/5.0 (compatible; Dataprovider.com)" "-"
149.56.150.0 - - [08/Feb/2024:10:18:31 +0100] "GET /humans.txt HTTP/1.1" 301 - www.cronicareinodearagon.com "http://www.cronicareinodearagon.com/humans.txt" "Mozilla/5.0 (compatible; Dataprovider.com)" "-"
149.56.150.0 - - [08/Feb/2024:10:18:32 +0100] "GET /humans.txt HTTP/1.1" 404 144834 cronicareinodearagon.com "https://www.cronicareinodearagon.com/humans.txt" "Mozilla/5.0 (compatible; Dataprovider.com)" "-"
149.56.150.0 - - [08/Feb/2024:10:18:33 +0100] "GET / HTTP/1.1" 200 319475 cronicareinodearagon.com "-" "Mozilla/5.0 (Linux; Android 10; SM-G981B) AppleWebKit/537.36 (KHTML, like Gecko) Chrome/80.0.3987.162 Mobile Safari/537.36" "-"
149.56.160.0 - - [08/Feb/2024:10:19:00 +0100] "GET / HTTP/1.1" 301 245 www.cronicareinodearagon.com "-" "Mozilla/5.0 (compatible; Dataprovider.com)" "-"
82.165.88.0 - - [08/Feb/2024:10:19:01 +0100] "POST /wp-cron.php?doing_wp_cron=1707383941.3568029403686523437500 HTTP/1.1" 200 - cronicareinodearagon.com "-" "WordPress/6.2.2; https://cronicareinodearagon.com" "-"
149.56.160.0 - - [08/Feb/2024:10:19:01 +0100] "GET / HTTP/1.1" 301 - www.cronicareinodearagon.com "-" "Mozilla/5.0 (compatible; Dataprovider.com)" "-"
149.56.160.0 - - [08/Feb/2024:10:19:02 +0100] "GET / HTTP/1.1" 200 41729 cronicareinodearagon.com "-" "Mozilla/5.0 (compatible; Dataprovider.com)" "-"
149.56.160.0 - - [08/Feb/2024:10:19:02 +0100] "GET /wp-includes/css/dist/block-library/style.min.css?ver=6.2.2 HTTP/1.1" 200 16406 cronicareinodearagon.com "https://cronicareinodearagon.com/" "Mozilla/5.0 (compatible; Dataprovider.com)" "-"
149.56.160.0 - - [08/Feb/2024:10:19:02 +0100] "GET /wp-includes/css/classic-themes.min.css?ver=6.2.2 HTTP/1.1" 200 211 cronicareinodearagon.com "https://cronicareinodearagon.com/" "Mozilla/5.0 (compatible; Dataprovider.com)" "-"
149.56.160.0 - - [08/Feb/2024:10:19:02 +0100] "GET /wp-content/plugins/metronet-profile-picture/dist/blocks.style.build.css?ver=2.6.0 HTTP/1.1" 200 4040 cronicareinodearagon.com "https://cronicareinodearagon.com/" "Mozilla/5.0 (compatible; Dataprovider.com)" "-"
149.56.160.0 - - [08/Feb/2024:10:19:02 +0100] "GET /wp-content/plugins/elementor/assets/lib/eicons/css/elementor-icons.min.css?ver=5.21.0 HTTP/1.1" 200 4358 cronicareinodearagon.com "https://cronicareinodearagon.com/" "Mozilla/5.0 (compatible; Dataprovider.com)" "-"
149.56.160.0 - - [08/Feb/2024:10:19:02 +0100] "GET /wp-content/plugins/complianz-gdpr/assets/css/cookieblocker.min.css?ver=6.4.4 HTTP/1.1" 200 754 cronicareinodearagon.com "https://cronicareinodearagon.com/" "Mozilla/5.0 (compatible; Dataprovider.com)" "-"
149.56.160.0 - - [08/Feb/2024:10:19:02 +0100] "GET /wp-content/plugins/elementor/assets/lib/swiper/css/swiper.min.css?ver=5.3.6 HTTP/1.1" 200 2779 cronicareinodearagon.com "https://cronicareinodearagon.com/" "Mozilla/5.0 (compatible; Dataprovider.com)" "-"
149.56.160.0 - - [08/Feb/2024:10:19:02 +0100] "GET /wp-content/plugins/elementor/assets/css/frontend-lite.min.css?ver=3.15.2 HTTP/1.1" 200 17137 cronicareinodearagon.com "https://cronicareinodearagon.com/" "Mozilla/5.0 (compatible; Dataprovider.com)" "-"
149.56.160.0 - - [08/Feb/2024:10:19:02 +0100] "GET /wp-content/themes/jnews/assets/dist/frontend.min.css?ver=10.7.9 HTTP/1.1" 200 126484 cronicareinodearagon.com "https://cronicareinodearagon.com/" "Mozilla/5.0 (compatible; Dataprovider.com)" "-"
149.56.160.0 - - [08/Feb/2024:10:19:03 +0100] "GET /wp-content/themes/jnews/data/import/newspaper/scheme.css?ver=10.7.9 HTTP/1.1" 200 1687 cronicareinodearagon.com "https://cronicareinodearagon.com/" "Mozilla/5.0 (compatible; Dataprovider.com)" "-"
149.56.160.0 - - [08/Feb/2024:10:19:03 +0100] "GET /wp-content/themes/jnews/assets/css/elementor-frontend.css?ver=10.7.9 HTTP/1.1" 200 215 cronicareinodearagon.com "https://cronicareinodearagon.com/" "Mozilla/5.0 (compatible; Dataprovider.com)" "-"
149.56.160.0 - - [08/Feb/2024:10:19:03 +0100] "GET /wp-content/themes/jnews/style.css?ver=10.7.9 HTTP/1.1" 200 297 cronicareinodearagon.com "https://cronicareinodearagon.com/" "Mozilla/5.0 (compatible; Dataprovider.com)" "-"
149.56.160.0 - - [08/Feb/2024:10:19:03 +0100] "GET /wp-includes/js/jquery/jquery-migrate.min.js?ver=3.4.0 HTTP/1.1" 200 5257 cronicareinodearagon.com "https://cronicareinodearagon.com/" "Mozilla/5.0 (compatible; Dataprovider.com)" "-"
149.56.160.0 - - [08/Feb/2024:10:19:03 +0100] "GET /wp-includes/js/jquery/jquery.min.js?ver=3.6.4 HTTP/1.1" 200 36269 cronicareinodearagon.com "https://cronicareinodearagon.com/" "Mozilla/5.0 (compatible; Dataprovider.com)" "-"
149.56.160.0 - - [08/Feb/2024:10:19:03 +0100] "GET /wp-content/themes/jnews/assets/css/darkmode.css?ver=10.7.9 HTTP/1.1" 200 9055 cronicareinodearagon.com "https://cronicareinodearagon.com/" "Mozilla/5.0 (compatible; Dataprovider.com)" "-"
149.56.160.0 - - [08/Feb/2024:10:19:03 +0100] "GET /wp-content/plugins/metronet-profile-picture/js/mpp-frontend.js?ver=2.6.0 HTTP/1.1" 200 201 cronicareinodearagon.com "https://cronicareinodearagon.com/" "Mozilla/5.0 (compatible; Dataprovider.com)" "-"
149.56.160.0 - - [08/Feb/2024:10:19:03 +0100] "GET /wp-includes/js/comment-reply.min.js?ver=6.2.2 HTTP/1.1" 200 1399 cronicareinodearagon.com "https://cronicareinodearagon.com/" "Mozilla/5.0 (compatible; Dataprovider.com)" "-"
149.56.160.0 - - [08/Feb/2024:10:19:03 +0100] "GET /wp-content/plugins/elementor/assets/lib/waypoints/waypoints.min.js?ver=4.0.2 HTTP/1.1" 200 3501 cronicareinodearagon.com "https://cronicareinodearagon.com/" "Mozilla/5.0 (compatible; Dataprovider.com)" "-"
149.56.160.0 - - [08/Feb/2024:10:19:03 +0100] "GET /wp-includes/js/hoverIntent.min.js?ver=1.10.2 HTTP/1.1" 200 721 cronicareinodearagon.com "https://cronicareinodearagon.com/" "Mozilla/5.0 (compatible; Dataprovider.com)" "-"
149.56.160.0 - - [08/Feb/2024:10:19:03 +0100] "GET /wp-includes/js/imagesloaded.min.js?ver=4.1.4 HTTP/1.1" 200 2010 cronicareinodearagon.com "https://cronicareinodearagon.com/" "Mozilla/5.0 (compatible; Dataprovider.com)" "-"
149.56.160.0 - - [08/Feb/2024:10:19:03 +0100] "GET /wp-content/plugins/elementor/assets/js/webpack.runtime.min.js?ver=3.15.2 HTTP/1.1" 200 2279 cronicareinodearagon.com "https://cronicareinodearagon.com/" "Mozilla/5.0 (compatible; Dataprovider.com)" "-"
149.56.160.0 - - [08/Feb/2024:10:19:03 +0100] "GET /wp-content/plugins/elementor/assets/js/frontend-modules.min.js?ver=3.15.2 HTTP/1.1" 200 19256 cronicareinodearagon.com "https://cronicareinodearagon.com/" "Mozilla/5.0 (compatible; Dataprovider.com)" "-"
149.56.160.0 - - [08/Feb/2024:10:19:03 +0100] "GET /wp-content/themes/jnews/assets/dist/frontend.min.js?ver=10.7.9 HTTP/1.1" 200 103509 cronicareinodearagon.com "https://cronicareinodearagon.com/" "Mozilla/5.0 (compatible; Dataprovider.com)" "-"
