149.56.160.0 - - [08/Feb/2024:10:19:03 +0100] "GET /wp-includes/js/jquery/ui/core.min.js?ver=1.13.2 HTTP/1.1" 200 7937 cronicareinodearagon.com "https://cronicareinodearagon.com/" "Mozilla/5.0 (compatible; Dataprovider.com)" "-"
149.56.160.0 - - [08/Feb/2024:10:19:03 +0100] "GET /wp-content/plugins/elementor/assets/js/frontend.min.js?ver=3.15.2 HTTP/1.1" 200 14219 cronicareinodearagon.com "https://cronicareinodearagon.com/" "Mozilla/5.0 (compatible; Dataprovider.com)" "-"
149.56.160.0 - - [08/Feb/2024:10:19:03 +0100] "GET /wp-content/themes/jnews/assets/img/jeg-empty.png HTTP/1.1" 200 70 cronicareinodearagon.com "https://cronicareinodearagon.com/" "Mozilla/5.0 (compatible; Dataprovider.com)" "-"
149.56.160.0 - - [08/Feb/2024:10:19:03 +0100] "GET /wp-includes/js/wp-emoji-release.min.js?ver=6.2.2 HTTP/1.1" 200 5828 cronicareinodearagon.com "https://cronicareinodearagon.com/" "Mozilla/5.0 (compatible; Dataprovider.com)" "-"
149.56.160.0 - - [08/Feb/2024:10:19:03 +0100] "GET /wp-content/plugins/complianz-gdpr/cookiebanner/js/complianz.min.js?ver=6.4.4 HTTP/1.1" 200 12688 cronicareinodearagon.com "https://cronicareinodearagon.com/" "Mozilla/5.0 (compatible; Dataprovider.com)" "-"
149.56.160.0 - - [08/Feb/2024:10:19:03 +0100] "GET /wp-content/uploads/2022/10/CABECERA-CrAra_Escritorio.png HTTP/1.1" 200 4995 cronicareinodearagon.com "https://cronicareinodearagon.com/" "Mozilla/5.0 (compatible; Dataprovider.com)" "-"
149.56.160.0 - - [08/Feb/2024:10:19:03 +0100] "GET /wp-content/uploads/2022/10/CABECERA-CrAra_MOVIL-1.png HTTP/1.1" 200 3014 cronicareinodearagon.com "https://cronicareinodearagon.com/" "Mozilla/5.0 (compatible; Dataprovider.com)" "-"
149.56.160.0 - - [08/Feb/2024:10:19:03 +0100] "GET /wp-content/themes/jnews/assets/dist/font/fontawesome-webfont.woff2 HTTP/1.1" 200 77160 cronicareinodearagon.com "https://cronicareinodearagon.com/wp-content/themes/jnews/assets/dist/frontend.min.css?ver=10.7.9" "Mozilla/5.0 (compatible; Dataprovider.com)" "-"
149.56.160.0 - - [08/Feb/2024:10:19:03 +0100] "GET /wp-content/themes/jnews/assets/dist/image/preloader.gif HTTP/1.1" 200 4399 cronicareinodearagon.com "https://cronicareinodearagon.com/wp-content/themes/jnews/assets/dist/frontend.min.css?ver=10.7.9" "Mozilla/5.0 (compatible; Dataprovider.com)" "-"
149.56.160.0 - - [08/Feb/2024:10:19:03 +0100] "GET /wp-content/uploads/2023/05/resultados-autonomicas-aragon-750x375.jpg HTTP/1.1" 200 19010 cronicareinodearagon.com "https://cronicareinodearagon.com/" "Mozilla/5.0 (compatible; Dataprovider.com)" "-"
149.56.160.0 - - [08/Feb/2024:10:19:03 +0100] "GET /wp-content/uploads/2023/05/templo-mercader-750x469.jpg HTTP/1.1" 200 108752 cronicareinodearagon.com "https://cronicareinodearagon.com/" "Mozilla/5.0 (compatible; Dataprovider.com)" "-"
149.56.160.0 - - [08/Feb/2024:10:19:03 +0100] "GET /wp-content/uploads/2023/05/vinicius-750x469.jpg HTTP/1.1" 200 53526 cronicareinodearagon.com "https://cronicareinodearagon.com/" "Mozilla/5.0 (compatible; Dataprovider.com)" "-"
149.56.160.0 - - [08/Feb/2024:10:19:04 +0100] "GET /wp-content/uploads/2023/05/pp_aragon.jpg HTTP/1.1" 200 66565 cronicareinodearagon.com "https://cronicareinodearagon.com/" "Mozilla/5.0 (compatible; Dataprovider.com)" "-"
149.56.160.0 - - [08/Feb/2024:10:19:04 +0100] "GET /wp-content/themes/jnews/assets/dist/font/jegicon.woff HTTP/1.1" 200 7144 cronicareinodearagon.com "https://cronicareinodearagon.com/wp-content/themes/jnews/assets/dist/frontend.min.css?ver=10.7.9" "Mozilla/5.0 (compatible; Dataprovider.com)" "-"
149.56.160.0 - - [08/Feb/2024:10:19:04 +0100] "GET /wp-content/uploads/complianz/css/banner-1-optin.css?v=41 HTTP/1.1" 200 3432 cronicareinodearagon.com "https://cronicareinodearagon.com/" "Mozilla/5.0 (compatible; Dataprovider.com)" "-"
149.56.160.0 - - [08/Feb/2024:10:19:04 +0100] "GET /wp-content/uploads/2023/05/lamban-voto-elecciones-750x375.jpg HTTP/1.1" 200 46428 cronicareinodearagon.com "https://cronicareinodearagon.com/" "Mozilla/5.0 (compatible; Dataprovider.com)" "-"
149.56.160.0 - - [08/Feb/2024:10:19:04 +0100] "GET /wp-content/uploads/2023/05/teruel-existe-fin-campana-750x375.jpg HTTP/1.1" 200 37339 cronicareinodearagon.com "https://cronicareinodearagon.com/" "Mozilla/5.0 (compatible; Dataprovider.com)" "-"
149.56.160.0 - - [08/Feb/2024:10:19:04 +0100] "GET /wp-content/uploads/2023/05/participacion-aragon-18.00-750x375.jpg HTTP/1.1" 200 21048 cronicareinodearagon.com "https://cronicareinodearagon.com/" "Mozilla/5.0 (compatible; Dataprovider.com)" "-"
149.56.160.0 - - [08/Feb/2024:10:19:04 +0100] "GET /wp-content/uploads/2022/10/anuncio-para-pc.gif HTTP/1.1" 200 203763 cronicareinodearagon.com "https://cronicareinodearagon.com/" "Mozilla/5.0 (compatible; Dataprovider.com)" "-"
149.56.160.0 - - [08/Feb/2024:10:19:05 +0100] "GET /wp-content/plugins/elementor/assets/js/text-editor.2c35aafbe5bf0e127950.bundle.min.js HTTP/1.1" 200 688 cronicareinodearagon.com "https://cronicareinodearagon.com/" "Mozilla/5.0 (compatible; Dataprovider.com)" "-"
82.165.88.0 - - [08/Feb/2024:10:20:12 +0100] "POST /wp-cron.php?doing_wp_cron=1707384012.8795959949493408203125 HTTP/1.1" 200 - cronicareinodearagon.com "-" "WordPress/6.2.2; https://cronicareinodearagon.com" "-"
185.191.171.0 - - [08/Feb/2024:10:20:12 +0100] "GET /robots.txt HTTP/1.1" 200 202 cronicareinodearagon.com "-" "Mozilla/5.0 (compatible; SemrushBot/7~bl; +http://www.semrush.com/bot.html)" "-"
185.191.171.0 - - [08/Feb/2024:10:20:14 +0100] "GET /politica/psoe-jaen-mocion-censura-linares/ HTTP/1.1" 200 175433 cronicareinodearagon.com "-" "Mozilla/5.0 (compatible; SemrushBot/7~bl; +http://www.semrush.com/bot.html)" "-"
185.191.171.0 - - [08/Feb/2024:10:22:58 +0100] "GET /economia/jaen-acoge-6000-deportistas/ HTTP/1.1" 200 169420 cronicareinodearagon.com "-" "Mozilla/5.0 (compatible; SemrushBot/7~bl; +http://www.semrush.com/bot.html)" "-"
82.165.88.0 - - [08/Feb/2024:10:22:59 +0100] "POST /wp-cron.php?doing_wp_cron=1707384179.0330319404602050781250 HTTP/1.1" 200 - cronicareinodearagon.com "-" "WordPress/6.2.2; https://cronicareinodearagon.com" "-"
82.165.88.0 - - [08/Feb/2024:10:31:10 +0100] "POST /wp-cron.php?doing_wp_cron=1707384670.7230870723724365234375 HTTP/1.1" 200 - cronicareinodearagon.com "-" "WordPress/6.2.2; https://cronicareinodearagon.com" "-"
185.191.171.0 - - [08/Feb/2024:10:31:10 +0100] "GET /aragon/fallecimiento-javier-imbroda/ HTTP/1.1" 200 167245 cronicareinodearagon.com "-" "Mozilla/5.0 (compatible; SemrushBot/7~bl; +http://www.semrush.com/bot.html)" "-"
82.165.88.0 - - [08/Feb/2024:10:31:59 +0100] "POST /wp-cron.php?doing_wp_cron=1707384719.7185928821563720703125 HTTP/1.1" 200 - cronicareinodearagon.com "-" "WordPress/6.2.2; https://cronicareinodearagon.com" "-"
85.208.96.0 - - [08/Feb/2024:10:31:59 +0100] "GET /category/sociedad/page/31/ HTTP/1.1" 200 147369 cronicareinodearagon.com "-" "Mozilla/5.0 (compatible; SemrushBot/7~bl; +http://www.semrush.com/bot.html)" "-"
54.36.148.0 - - [08/Feb/2024:10:33:30 +0100] "GET /aragon/gobierno-zona-catastrofica-andaluces-incendios/ HTTP/1.1" 200 172687 cronicareinodearagon.com "-" "Mozilla/5.0 (compatible; AhrefsBot/7.0; +http://ahrefs.com/robot/)" "-"
82.165.88.0 - - [08/Feb/2024:10:33:31 +0100] "POST /wp-cron.php?doing_wp_cron=1707384810.9869179725646972656250 HTTP/1.1" 200 - cronicareinodearagon.com "-" "WordPress/6.2.2; https://cronicareinodearagon.com" "-"
54.36.148.0 - - [08/Feb/2024:10:33:34 +0100] "GET /wp-content/uploads/2022/08/incendio_bonares.jpg HTTP/1.1" 200 60178 cronicareinodearagon.com "-" "Mozilla/5.0 (compatible; AhrefsBot/7.0; +http://ahrefs.com/robot/)" "-"
82.165.88.0 - - [08/Feb/2024:10:34:45 +0100] "POST /wp-cron.php?doing_wp_cron=1707384885.5928978919982910156250 HTTP/1.1" 200 - cronicareinodearagon.com "-" "WordPress/6.2.2; https://cronicareinodearagon.com" "-"
85.208.96.0 - - [08/Feb/2024:10:34:45 +0100] "GET /sociedad/cuco-madre-admiten-hechos/ HTTP/1.1" 200 173756 cronicareinodearagon.com "-" "Mozilla/5.0 (compatible; SemrushBot/7~bl; +http://www.semrush.com/bot.html)" "-"
185.191.171.0 - - [08/Feb/2024:10:39:01 +0100] "GET /aragon/agricultura-ganaderia-asaja-andalucia-madrid/ HTTP/1.1" 200 167314 cronicareinodearagon.com "-" "Mozilla/5.0 (compatible; SemrushBot/7~bl; +http://www.semrush.com/bot.html)" "-"
82.165.88.0 - - [08/Feb/2024:10:39:02 +0100] "POST /wp-cron.php?doing_wp_cron=1707385141.9901540279388427734375 HTTP/1.1" 200 - cronicareinodearagon.com "-" "WordPress/6.2.2; https://cronicareinodearagon.com" "-"
82.165.88.0 - - [08/Feb/2024:10:40:39 +0100] "POST /wp-cron.php?doing_wp_cron=1707385239.8785910606384277343750 HTTP/1.1" 200 - cronicareinodearagon.com "-" "WordPress/6.2.2; https://cronicareinodearagon.com" "-"
46.248.187.0 - - [08/Feb/2024:10:40:39 +0100] "GET /robots.txt HTTP/1.1" 200 202 cronicareinodearagon.com "-" "GuzzleHttp/7" "-"
46.248.187.0 - - [08/Feb/2024:10:40:40 +0100] "GET /sitemap_index.xml HTTP/1.1" 200 693 cronicareinodearagon.com "-" "GuzzleHttp/7" "-"
46.248.187.0 - - [08/Feb/2024:10:40:40 +0100] "GET //sitemap.xml HTTP/1.1" 301 - cronicareinodearagon.com "-" "GuzzleHttp/7" "-"
46.248.187.0 - - [08/Feb/2024:10:40:41 +0100] "GET /sitemap.xml HTTP/1.1" 301 - cronicareinodearagon.com "-" "GuzzleHttp/7" "-"
46.248.187.0 - - [08/Feb/2024:10:40:41 +0100] "GET /sitemap_index.xml HTTP/1.1" 200 693 cronicareinodearagon.com "-" "GuzzleHttp/7" "-"
82.165.88.0 - - [08/Feb/2024:10:40:42 +0100] "POST /wp-cron.php?doing_wp_cron=1707385242.3058350086212158203125 HTTP/1.1" 200 - cronicareinodearagon.com "-" "WordPress/6.2.2; https://cronicareinodearagon.com" "-"
46.248.187.0 - - [08/Feb/2024:10:40:42 +0100] "GET //sitemap.xml HTTP/1.1" 301 - cronicareinodearagon.com "-" "GuzzleHttp/7" "-"
46.248.187.0 - - [08/Feb/2024:10:40:42 +0100] "GET /sitemap.xml HTTP/1.1" 301 - cronicareinodearagon.com "-" "GuzzleHttp/7" "-"
46.248.187.0 - - [08/Feb/2024:10:40:43 +0100] "GET /sitemap_index.xml HTTP/1.1" 200 693 cronicareinodearagon.com "-" "GuzzleHttp/7" "-"
46.248.187.0 - - [08/Feb/2024:10:40:43 +0100] "GET / HTTP/1.1" 200 258048 cronicareinodearagon.com "-" "GuzzleHttp/7" "-"
5.253.112.0 - - [08/Feb/2024:10:40:43 +0100] "GET /category/politica/ HTTP/1.1" 200 147363 cronicareinodearagon.com "-" "Anthill" "-"
91.108.182.0 - - [08/Feb/2024:10:40:44 +0100] "GET /category/aragon/huesca/ HTTP/1.1" 200 147255 cronicareinodearagon.com "-" "Anthill" "-"
104.232.197.0 - - [08/Feb/2024:10:40:46 +0100] "GET /category/politica/ HTTP/1.1" 200 147363 cronicareinodearagon.com "-" "Anthill" "-"
134.73.20.0 - - [08/Feb/2024:10:40:48 +0100] "GET /category/aragon/huesca/ HTTP/1.1" 200 147255 cronicareinodearagon.com "-" "Anthill" "-"
166.88.139.0 - - [08/Feb/2024:10:41:10 +0100] "GET /aragon/aragon-vacunacion-neumococo-junio/ HTTP/1.1" 200 161597 cronicareinodearagon.com "-" "Anthill" "-"
166.88.139.0 - - [08/Feb/2024:10:41:13 +0100] "GET /aragon/fima-digital-jornada-maquinaria-agricola/ HTTP/1.1" 200 161978 cronicareinodearagon.com "-" "Anthill" "-"
91.108.182.0 - - [08/Feb/2024:10:41:19 +0100] "GET /sociedad/planta-transferencia-residuos-quinto-ecoprovincia-zaragoza/ HTTP/1.1" 200 168365 cronicareinodearagon.com "-" "Anthill" "-"
82.165.88.0 - - [08/Feb/2024:10:41:21 +0100] "POST /wp-cron.php?doing_wp_cron=1707385281.5560529232025146484375 HTTP/1.1" 200 - cronicareinodearagon.com "-" "WordPress/6.2.2; https://cronicareinodearagon.com" "-"
5.253.113.0 - - [08/Feb/2024:10:41:21 +0100] "GET /author/redaccion/ HTTP/1.1" 301 - cronicareinodearagon.com "-" "Anthill" "-"
5.253.113.0 - - [08/Feb/2024:10:41:22 +0100] "GET / HTTP/1.1" 200 258048 cronicareinodearagon.com "-" "Anthill" "-"
166.88.139.0 - - [08/Feb/2024:10:41:23 +0100] "GET /aragon/avance-participacion-elecciones-aragon/ HTTP/1.1" 200 166811 cronicareinodearagon.com "-" "Anthill" "-"
134.73.20.0 - - [08/Feb/2024:10:41:25 +0100] "GET /aragon/resultados-elecciones-autonomicas-municipales-aragon/ HTTP/1.1" 200 169152 cronicareinodearagon.com "-" "Anthill" "-"
91.108.182.0 - - [08/Feb/2024:10:41:26 +0100] "GET /aragon/segundo-avance-participacion-elecciones-aragon/ HTTP/1.1" 200 166437 cronicareinodearagon.com "-" "Anthill" "-"
37.72.187.0 - - [08/Feb/2024:10:41:27 +0100] "GET /aragon/avance-participacion-elecciones-aragon/ HTTP/1.1" 200 166811 cronicareinodearagon.com "-" "Anthill" "-"
104.232.197.0 - - [08/Feb/2024:10:41:28 +0100] "GET /aragon/guitarte-teruel-existe-cierre-campana/ HTTP/1.1" 200 177242 cronicareinodearagon.com "-" "Anthill" "-"
23.92.126.0 - - [08/Feb/2024:10:41:35 +0100] "GET /category/america/ HTTP/1.1" 200 138278 cronicareinodearagon.com "-" "Anthill" "-"
91.108.182.0 - - [08/Feb/2024:10:41:42 +0100] "GET /category/america/ HTTP/1.1" 200 138278 cronicareinodearagon.com "-" "Anthill" "-"
134.73.20.0 - - [08/Feb/2024:10:41:45 +0100] "GET /aragon/astic-reconocimiento-carreras-grupo/ HTTP/1.1" 200 158291 cronicareinodearagon.com "-" "Anthill" "-"
82.165.88.0 - - [08/Feb/2024:10:41:51 +0100] "POST /wp-cron.php?doing_wp_cron=1707385311.3428769111633300781250 HTTP/1.1" 200 - cronicareinodearagon.com "-" "WordPress/6.2.2; https://cronicareinodearagon.com" "-"
5.253.112.0 - - [08/Feb/2024:10:41:51 +0100] "GET /author/redaccion/ HTTP/1.1" 301 - cronicareinodearagon.com "-" "Anthill" "-"
5.253.112.0 - - [08/Feb/2024:10:41:51 +0100] "GET / HTTP/1.1" 200 258048 cronicareinodearagon.com "-" "Anthill" "-"
104.238.52.0 - - [08/Feb/2024:10:41:53 +0100] "GET /aragon/nuevo-programa-de-aceleracion-gratuito-para-empresas-innovadoras/ HTTP/1.1" 200 164859 cronicareinodearagon.com "-" "Anthill" "-"
37.72.189.0 - - [08/Feb/2024:10:41:54 +0100] "GET /author/redaccion/ HTTP/1.1" 301 - cronicareinodearagon.com "-" "Anthill" "-"
37.72.189.0 - - [08/Feb/2024:10:41:55 +0100] "GET / HTTP/1.1" 200 258048 cronicareinodearagon.com "-" "Anthill" "-"
166.88.139.0 - - [08/Feb/2024:10:41:57 +0100] "GET /aragon/el-gobierno-de-aragon-impulsa-nueve-proyectos-empresariales-de-id-en-sector-farmaceutico-y-movilidad-sostenible/ HTTP/1.1" 200 168326 cronicareinodearagon.com "-" "Anthill" "-"
5.153.237.0 - - [08/Feb/2024:10:41:58 +0100] "GET /author/redaccion/ HTTP/1.1" 301 - cronicareinodearagon.com "-" "Anthill" "-"
5.153.237.0 - - [08/Feb/2024:10:41:58 +0100] "GET / HTTP/1.1" 200 258048 cronicareinodearagon.com "-" "Anthill" "-"
104.232.196.0 - - [08/Feb/2024:10:41:59 +0100] "GET /category/opinion/ HTTP/1.1" 200 145009 cronicareinodearagon.com "-" "Anthill" "-"
5.253.112.0 - - [08/Feb/2024:10:42:01 +0100] "GET /author/redaccion/ HTTP/1.1" 301 - cronicareinodearagon.com "-" "Anthill" "-"
5.253.112.0 - - [08/Feb/2024:10:42:01 +0100] "GET / HTTP/1.1" 200 258048 cronicareinodearagon.com "-" "Anthill" "-"
5.157.35.0 - - [08/Feb/2024:10:42:02 +0100] "GET /author/redaccion/ HTTP/1.1" 301 - cronicareinodearagon.com "-" "Anthill" "-"
5.157.35.0 - - [08/Feb/2024:10:42:02 +0100] "GET / HTTP/1.1" 200 258048 cronicareinodearagon.com "-" "Anthill" "-"
5.253.112.0 - - [08/Feb/2024:10:42:03 +0100] "GET /aragon/educacion-sexual-edades-tempranas-aragon/ HTTP/1.1" 200 161580 cronicareinodearagon.com "-" "Anthill" "-"
91.108.182.0 - - [08/Feb/2024:10:42:03 +0100] "GET /author/redaccion/ HTTP/1.1" 301 - cronicareinodearagon.com "-" "Anthill" "-"
91.108.182.0 - - [08/Feb/2024:10:42:04 +0100] "GET / HTTP/1.1" 200 258048 cronicareinodearagon.com "-" "Anthill" "-"
74.125.209.0 - - [08/Feb/2024:10:42:11 +0100] "GET /category/politica/feed/ HTTP/1.1" 200 18273 cronicareinodearagon.com "-" "FeedFetcher-Google; (+http://www.google.com/feedfetcher.html)" "-"
82.165.88.0 - - [08/Feb/2024:10:46:09 +0100] "POST /wp-cron.php?doing_wp_cron=1707385569.3743669986724853515625 HTTP/1.1" 200 - cronicareinodearagon.com "-" "WordPress/6.2.2; https://cronicareinodearagon.com" "-"
185.191.171.0 - - [08/Feb/2024:10:46:09 +0100] "GET /economia/fiesta-primer-aceite-jaen-baeza-jordi-cruz/ HTTP/1.1" 200 177711 cronicareinodearagon.com "-" "Mozilla/5.0 (compatible; SemrushBot/7~bl; +http://www.semrush.com/bot.html)" "-"
82.165.88.0 - - [08/Feb/2024:10:47:22 +0100] "POST /wp-cron.php?doing_wp_cron=1707385642.2936398983001708984375 HTTP/1.1" 200 - cronicareinodearagon.com "-" "WordPress/6.2.2; https://cronicareinodearagon.com" "-"
17.241.75.0 - - [08/Feb/2024:10:47:22 +0100] "GET /aragon/turismo-internacional-cifras-prepandemia/ HTTP/1.1" 200 161135 cronicareinodearagon.com "-" "Mozilla/5.0 (Macintosh; Intel Mac OS X 10_15_5) AppleWebKit/605.1.15 (KHTML, like Gecko) Version/13.1.1 Safari/605.1.15 (Applebot/0.1; +http://www.apple.com/go/applebot)" "-"
17.22.253.0 - - [08/Feb/2024:10:51:48 +0100] "GET /wp-includes/css/dist/block-library/style.min.css?ver=6.2.2 HTTP/1.1" 200 16406 cronicareinodearagon.com "https://cronicareinodearagon.com/aragon/turismo-internacional-cifras-prepandemia/" "Mozilla/5.0 (Macintosh; Intel Mac OS X 10_15_5) AppleWebKit/605.1.15 (KHTML, like Gecko) Version/13.1.1 Safari/605.1.15 (Applebot/0.1; +http://www.apple.com/go/applebot)" "-"
17.22.237.0 - - [08/Feb/2024:10:51:49 +0100] "GET /wp-includes/css/classic-themes.min.css?ver=6.2.2 HTTP/1.1" 200 211 cronicareinodearagon.com "https://cronicareinodearagon.com/aragon/turismo-internacional-cifras-prepandemia/" "Mozilla/5.0 (Macintosh; Intel Mac OS X 10_15_5) AppleWebKit/605.1.15 (KHTML, like Gecko) Version/13.1.1 Safari/605.1.15 (Applebot/0.1; +http://www.apple.com/go/applebot)" "-"
17.22.237.0 - - [08/Feb/2024:10:51:49 +0100] "GET /wp-content/plugins/metronet-profile-picture/dist/blocks.style.build.css?ver=2.6.0 HTTP/1.1" 200 4040 cronicareinodearagon.com "https://cronicareinodearagon.com/aragon/turismo-internacional-cifras-prepandemia/" "Mozilla/5.0 (Macintosh; Intel Mac OS X 10_15_5) AppleWebKit/605.1.15 (KHTML, like Gecko) Version/13.1.1 Safari/605.1.15 (Applebot/0.1; +http://www.apple.com/go/applebot)" "-"
17.22.253.0 - - [08/Feb/2024:10:51:50 +0100] "GET /wp-content/plugins/complianz-gdpr/assets/css/cookieblocker.min.css?ver=6.4.4 HTTP/1.1" 200 754 cronicareinodearagon.com "https://cronicareinodearagon.com/aragon/turismo-internacional-cifras-prepandemia/" "Mozilla/5.0 (Macintosh; Intel Mac OS X 10_15_5) AppleWebKit/605.1.15 (KHTML, like Gecko) Version/13.1.1 Safari/605.1.15 (Applebot/0.1; +http://www.apple.com/go/applebot)" "-"
17.22.245.0 - - [08/Feb/2024:10:51:50 +0100] "GET /wp-content/plugins/elementor/assets/css/frontend-lite.min.css?ver=3.15.2 HTTP/1.1" 200 17137 cronicareinodearagon.com "https://cronicareinodearagon.com/aragon/turismo-internacional-cifras-prepandemia/" "Mozilla/5.0 (Macintosh; Intel Mac OS X 10_15_5) AppleWebKit/605.1.15 (KHTML, like Gecko) Version/13.1.1 Safari/605.1.15 (Applebot/0.1; +http://www.apple.com/go/applebot)" "-"
17.22.245.0 - - [08/Feb/2024:10:51:51 +0100] "GET /wp-content/themes/jnews/assets/dist/frontend.min.css?ver=10.7.9 HTTP/1.1" 200 126484 cronicareinodearagon.com "https://cronicareinodearagon.com/aragon/turismo-internacional-cifras-prepandemia/" "Mozilla/5.0 (Macintosh; Intel Mac OS X 10_15_5) AppleWebKit/605.1.15 (KHTML, like Gecko) Version/13.1.1 Safari/605.1.15 (Applebot/0.1; +http://www.apple.com/go/applebot)" "-"
17.22.253.0 - - [08/Feb/2024:10:51:51 +0100] "GET /wp-content/themes/jnews/assets/css/elementor-frontend.css?ver=10.7.9 HTTP/1.1" 200 215 cronicareinodearagon.com "https://cronicareinodearagon.com/aragon/turismo-internacional-cifras-prepandemia/" "Mozilla/5.0 (Macintosh; Intel Mac OS X 10_15_5) AppleWebKit/605.1.15 (KHTML, like Gecko) Version/13.1.1 Safari/605.1.15 (Applebot/0.1; +http://www.apple.com/go/applebot)" "-"
17.22.237.0 - - [08/Feb/2024:10:51:51 +0100] "GET /wp-content/themes/jnews/style.css?ver=10.7.9 HTTP/1.1" 200 297 cronicareinodearagon.com "https://cronicareinodearagon.com/aragon/turismo-internacional-cifras-prepandemia/" "Mozilla/5.0 (Macintosh; Intel Mac OS X 10_15_5) AppleWebKit/605.1.15 (KHTML, like Gecko) Version/13.1.1 Safari/605.1.15 (Applebot/0.1; +http://www.apple.com/go/applebot)" "-"
17.22.237.0 - - [08/Feb/2024:10:51:52 +0100] "GET /wp-content/themes/jnews/assets/css/darkmode.css?ver=10.7.9 HTTP/1.1" 200 9055 cronicareinodearagon.com "https://cronicareinodearagon.com/aragon/turismo-internacional-cifras-prepandemia/" "Mozilla/5.0 (Macintosh; Intel Mac OS X 10_15_5) AppleWebKit/605.1.15 (KHTML, like Gecko) Version/13.1.1 Safari/605.1.15 (Applebot/0.1; +http://www.apple.com/go/applebot)" "-"
17.22.253.0 - - [08/Feb/2024:10:51:52 +0100] "GET /wp-content/themes/jnews/data/import/newspaper/scheme.css?ver=10.7.9 HTTP/1.1" 200 1687 cronicareinodearagon.com "https://cronicareinodearagon.com/aragon/turismo-internacional-cifras-prepandemia/" "Mozilla/5.0 (Macintosh; Intel Mac OS X 10_15_5) AppleWebKit/605.1.15 (KHTML, like Gecko) Version/13.1.1 Safari/605.1.15 (Applebot/0.1; +http://www.apple.com/go/applebot)" "-"
17.22.245.0 - - [08/Feb/2024:10:51:53 +0100] "GET /wp-includes/js/jquery/jquery.min.js?ver=3.6.4 HTTP/1.1" 200 36269 cronicareinodearagon.com "https://cronicareinodearagon.com/aragon/turismo-internacional-cifras-prepandemia/" "Mozilla/5.0 (Macintosh; Intel Mac OS X 10_15_5) AppleWebKit/605.1.15 (KHTML, like Gecko) Version/13.1.1 Safari/605.1.15 (Applebot/0.1; +http://www.apple.com/go/applebot)" "-"
17.22.253.0 - - [08/Feb/2024:10:51:53 +0100] "GET /wp-includes/js/jquery/jquery-migrate.min.js?ver=3.4.0 HTTP/1.1" 200 5257 cronicareinodearagon.com "https://cronicareinodearagon.com/aragon/turismo-internacional-cifras-prepandemia/" "Mozilla/5.0 (Macintosh; Intel Mac OS X 10_15_5) AppleWebKit/605.1.15 (KHTML, like Gecko) Version/13.1.1 Safari/605.1.15 (Applebot/0.1; +http://www.apple.com/go/applebot)" "-"
17.22.245.0 - - [08/Feb/2024:10:51:54 +0100] "GET /wp-content/plugins/elementor/assets/lib/eicons/css/elementor-icons.min.css?ver=5.21.0 HTTP/1.1" 200 4358 cronicareinodearagon.com "https://cronicareinodearagon.com/aragon/turismo-internacional-cifras-prepandemia/" "Mozilla/5.0 (Macintosh; Intel Mac OS X 10_15_5) AppleWebKit/605.1.15 (KHTML, like Gecko) Version/13.1.1 Safari/605.1.15 (Applebot/0.1; +http://www.apple.com/go/applebot)" "-"
17.22.237.0 - - [08/Feb/2024:10:51:54 +0100] "GET /wp-content/plugins/elementor/assets/lib/swiper/css/swiper.min.css?ver=5.3.6 HTTP/1.1" 200 2779 cronicareinodearagon.com "https://cronicareinodearagon.com/aragon/turismo-internacional-cifras-prepandemia/" "Mozilla/5.0 (Macintosh; Intel Mac OS X 10_15_5) AppleWebKit/605.1.15 (KHTML, like Gecko) Version/13.1.1 Safari/605.1.15 (Applebot/0.1; +http://www.apple.com/go/applebot)" "-"
17.22.237.0 - - [08/Feb/2024:10:51:55 +0100] "GET /wp-content/plugins/metronet-profile-picture/js/mpp-frontend.js?ver=2.6.0 HTTP/1.1" 200 201 cronicareinodearagon.com "https://cronicareinodearagon.com/aragon/turismo-internacional-cifras-prepandemia/" "Mozilla/5.0 (Macintosh; Intel Mac OS X 10_15_5) AppleWebKit/605.1.15 (KHTML, like Gecko) Version/13.1.1 Safari/605.1.15 (Applebot/0.1; +http://www.apple.com/go/applebot)" "-"
17.22.253.0 - - [08/Feb/2024:10:51:55 +0100] "GET /wp-includes/js/hoverIntent.min.js?ver=1.10.2 HTTP/1.1" 200 721 cronicareinodearagon.com "https://cronicareinodearagon.com/aragon/turismo-internacional-cifras-prepandemia/" "Mozilla/5.0 (Macintosh; Intel Mac OS X 10_15_5) AppleWebKit/605.1.15 (KHTML, like Gecko) Version/13.1.1 Safari/605.1.15 (Applebot/0.1; +http://www.apple.com/go/applebot)" "-"
17.22.245.0 - - [08/Feb/2024:10:51:56 +0100] "GET /wp-includes/js/imagesloaded.min.js?ver=4.1.4 HTTP/1.1" 200 2010 cronicareinodearagon.com "https://cronicareinodearagon.com/aragon/turismo-internacional-cifras-prepandemia/" "Mozilla/5.0 (Macintosh; Intel Mac OS X 10_15_5) AppleWebKit/605.1.15 (KHTML, like Gecko) Version/13.1.1 Safari/605.1.15 (Applebot/0.1; +http://www.apple.com/go/applebot)" "-"
17.22.253.0 - - [08/Feb/2024:10:51:56 +0100] "GET /wp-content/themes/jnews/assets/dist/frontend.min.js?ver=10.7.9 HTTP/1.1" 200 103509 cronicareinodearagon.com "https://cronicareinodearagon.com/aragon/turismo-internacional-cifras-prepandemia/" "Mozilla/5.0 (Macintosh; Intel Mac OS X 10_15_5) AppleWebKit/605.1.15 (KHTML, like Gecko) Version/13.1.1 Safari/605.1.15 (Applebot/0.1; +http://www.apple.com/go/applebot)" "-"
17.22.245.0 - - [08/Feb/2024:10:51:57 +0100] "GET /wp-content/plugins/complianz-gdpr/cookiebanner/js/complianz.min.js?ver=6.4.4 HTTP/1.1" 200 12688 cronicareinodearagon.com "https://cronicareinodearagon.com/aragon/turismo-internacional-cifras-prepandemia/" "Mozilla/5.0 (Macintosh; Intel Mac OS X 10_15_5) AppleWebKit/605.1.15 (KHTML, like Gecko) Version/13.1.1 Safari/605.1.15 (Applebot/0.1; +http://www.apple.com/go/applebot)" "-"
17.22.237.0 - - [08/Feb/2024:10:51:57 +0100] "GET /wp-content/plugins/elementor/assets/js/webpack.runtime.min.js?ver=3.15.2 HTTP/1.1" 200 2279 cronicareinodearagon.com "https://cronicareinodearagon.com/aragon/turismo-internacional-cifras-prepandemia/" "Mozilla/5.0 (Macintosh; Intel Mac OS X 10_15_5) AppleWebKit/605.1.15 (KHTML, like Gecko) Version/13.1.1 Safari/605.1.15 (Applebot/0.1; +http://www.apple.com/go/applebot)" "-"
17.22.237.0 - - [08/Feb/2024:10:51:58 +0100] "GET /wp-content/plugins/elementor/assets/js/frontend-modules.min.js?ver=3.15.2 HTTP/1.1" 200 19256 cronicareinodearagon.com "https://cronicareinodearagon.com/aragon/turismo-internacional-cifras-prepandemia/" "Mozilla/5.0 (Macintosh; Intel Mac OS X 10_15_5) AppleWebKit/605.1.15 (KHTML, like Gecko) Version/13.1.1 Safari/605.1.15 (Applebot/0.1; +http://www.apple.com/go/applebot)" "-"
17.22.253.0 - - [08/Feb/2024:10:51:58 +0100] "GET /wp-content/plugins/elementor/assets/lib/waypoints/waypoints.min.js?ver=4.0.2 HTTP/1.1" 200 3501 cronicareinodearagon.com "https://cronicareinodearagon.com/aragon/turismo-internacional-cifras-prepandemia/" "Mozilla/5.0 (Macintosh; Intel Mac OS X 10_15_5) AppleWebKit/605.1.15 (KHTML, like Gecko) Version/13.1.1 Safari/605.1.15 (Applebot/0.1; +http://www.apple.com/go/applebot)" "-"
17.22.245.0 - - [08/Feb/2024:10:51:59 +0100] "GET /wp-includes/js/jquery/ui/core.min.js?ver=1.13.2 HTTP/1.1" 200 7937 cronicareinodearagon.com "https://cronicareinodearagon.com/aragon/turismo-internacional-cifras-prepandemia/" "Mozilla/5.0 (Macintosh; Intel Mac OS X 10_15_5) AppleWebKit/605.1.15 (KHTML, like Gecko) Version/13.1.1 Safari/605.1.15 (Applebot/0.1; +http://www.apple.com/go/applebot)" "-"
17.22.253.0 - - [08/Feb/2024:10:51:59 +0100] "GET /wp-content/plugins/elementor/assets/js/frontend.min.js?ver=3.15.2 HTTP/1.1" 200 14219 cronicareinodearagon.com "https://cronicareinodearagon.com/aragon/turismo-internacional-cifras-prepandemia/" "Mozilla/5.0 (Macintosh; Intel Mac OS X 10_15_5) AppleWebKit/605.1.15 (KHTML, like Gecko) Version/13.1.1 Safari/605.1.15 (Applebot/0.1; +http://www.apple.com/go/applebot)" "-"
17.22.253.0 - - [08/Feb/2024:10:52:00 +0100] "GET /wp-content/uploads/complianz/css/banner-1-optin.css?v=41 HTTP/1.1" 200 3432 cronicareinodearagon.com "https://cronicareinodearagon.com/aragon/turismo-internacional-cifras-prepandemia/" "Mozilla/5.0 (Macintosh; Intel Mac OS X 10_15_5) AppleWebKit/605.1.15 (KHTML, like Gecko) Version/13.1.1 Safari/605.1.15 (Applebot/0.1; +http://www.apple.com/go/applebot)" "-"
17.22.253.0 - - [08/Feb/2024:10:52:02 +0100] "GET /wp-content/plugins/elementor/assets/js/text-editor.2c35aafbe5bf0e127950.bundle.min.js HTTP/1.1" 200 688 cronicareinodearagon.com "https://cronicareinodearagon.com/aragon/turismo-internacional-cifras-prepandemia/" "Mozilla/5.0 (Macintosh; Intel Mac OS X 10_15_5) AppleWebKit/605.1.15 (KHTML, like Gecko) Version/13.1.1 Safari/605.1.15 (Applebot/0.1; +http://www.apple.com/go/applebot)" "-"
74.125.216.0 - - [08/Feb/2024:10:53:05 +0100] "GET /category/economia/feed/ HTTP/1.1" 200 12913 cronicareinodearagon.com "-" "FeedFetcher-Google; (+http://www.google.com/feedfetcher.html)" "-"
85.208.96.0 - - [08/Feb/2024:10:54:36 +0100] "GET /sociedad/aulas-muel-diputacion-zaragoza/ HTTP/1.1" 200 160948 cronicareinodearagon.com "-" "Mozilla/5.0 (compatible; SemrushBot/7~bl; +http://www.semrush.com/bot.html)" "-"
82.165.88.0 - - [08/Feb/2024:10:54:37 +0100] "POST /wp-cron.php?doing_wp_cron=1707386077.2274780273437500000000 HTTP/1.1" 200 - cronicareinodearagon.com "-" "WordPress/6.2.2; https://cronicareinodearagon.com" "-"
185.191.171.0 - - [08/Feb/2024:10:56:22 +0100] "GET /aragon/imputacion-carmen-crespo-almeria/ HTTP/1.1" 200 167077 cronicareinodearagon.com "-" "Mozilla/5.0 (compatible; SemrushBot/7~bl; +http://www.semrush.com/bot.html)" "-"
82.165.88.0 - - [08/Feb/2024:10:56:23 +0100] "POST /wp-cron.php?doing_wp_cron=1707386183.1801550388336181640625 HTTP/1.1" 200 - cronicareinodearagon.com "-" "WordPress/6.2.2; https://cronicareinodearagon.com" "-"
40.77.167.0 - - [08/Feb/2024:10:57:12 +0100] "GET /opinion/derecho-propia-imagen-sociedad-digital/ HTTP/1.1" 200 172254 cronicareinodearagon.com "-" "Mozilla/5.0 AppleWebKit/537.36 (KHTML, like Gecko; compatible; bingbot/2.0; +http://www.bing.com/bingbot.htm) Chrome/116.0.1938.76 Safari/537.36" "-"
82.165.88.0 - - [08/Feb/2024:10:57:13 +0100] "POST /wp-cron.php?doing_wp_cron=1707386233.2012639045715332031250 HTTP/1.1" 200 - cronicareinodearagon.com "-" "WordPress/6.2.2; https://cronicareinodearagon.com" "-"
82.165.88.0 - - [08/Feb/2024:10:59:46 +0100] "POST /wp-cron.php?doing_wp_cron=1707386386.8843989372253417968750 HTTP/1.1" 200 - cronicareinodearagon.com "-" "WordPress/6.2.2; https://cronicareinodearagon.com" "-"
54.36.149.0 - - [08/Feb/2024:10:59:46 +0100] "GET /aragon/mascarillas-andalucia-espana-aguirre-darias-sanidad-covid-coronavirus/ HTTP/1.1" 200 164341 cronicareinodearagon.com "-" "Mozilla/5.0 (compatible; AhrefsBot/7.0; +http://ahrefs.com/robot/)" "-"
188.130.221.0 - - [08/Feb/2024:11:03:13 +0100] "GET / HTTP/1.1" 200 336 cronicadecordoba.com "-" "Mozilla/5.0 (Windows NT 10.0; Win64; x64) AppleWebKit/537.36 (KHTML, like Gecko) Chrome/120.0.0.0 Safari/537.36" "-"
45.90.196.0 - - [08/Feb/2024:11:03:13 +0100] "GET / HTTP/1.1" 200 336 cronicadealmeria.com "-" "Mozilla/5.0 (Windows NT 10.0; Win64; x64) AppleWebKit/537.36 (KHTML, like Gecko) Chrome/120.0.0.0 Safari/537.36" "-"
46.8.222.0 - - [08/Feb/2024:11:03:13 +0100] "GET / HTTP/1.1" 200 336 cronicadegranada.com "-" "Mozilla/5.0 (Windows NT 10.0; Win64; x64) AppleWebKit/537.36 (KHTML, like Gecko) Chrome/120.0.0.0 Safari/537.36" "-"
109.248.13.0 - - [08/Feb/2024:11:03:14 +0100] "GET / HTTP/1.1" 200 336 cronicadejaen.com "-" "Mozilla/5.0 (Windows NT 10.0; Win64; x64) AppleWebKit/537.36 (KHTML, like Gecko) Chrome/120.0.0.0 Safari/537.36" "-"
109.248.143.0 - - [08/Feb/2024:11:03:14 +0100] "GET / HTTP/1.1" 200 336 cronicademalaga.com "-" "Mozilla/5.0 (Windows NT 10.0; Win64; x64) AppleWebKit/537.36 (KHTML, like Gecko) Chrome/120.0.0.0 Safari/537.36" "-"
188.130.129.0 - - [08/Feb/2024:11:03:14 +0100] "GET / HTTP/1.1" 200 336 cronicadelpaisvalenciano.com "-" "Mozilla/5.0 (Windows NT 10.0; Win64; x64) AppleWebKit/537.36 (KHTML, like Gecko) Chrome/120.0.0.0 Safari/537.36" "-"
46.8.157.0 - - [08/Feb/2024:11:03:14 +0100] "GET / HTTP/1.1" 200 336 cronicadesevilla.com "-" "Mozilla/5.0 (Windows NT 10.0; Win64; x64) AppleWebKit/537.36 (KHTML, like Gecko) Chrome/120.0.0.0 Safari/537.36" "-"
46.8.23.0 - - [08/Feb/2024:11:03:14 +0100] "GET / HTTP/1.1" 301 241 cronicareinodearagon.com "-" "Mozilla/5.0 (Windows NT 10.0; Win64; x64) AppleWebKit/537.36 (KHTML, like Gecko) Chrome/120.0.0.0 Safari/537.36" "-"
46.8.23.0 - - [08/Feb/2024:11:03:14 +0100] "GET / HTTP/1.1" 200 258048 cronicareinodearagon.com "http://cronicareinodearagon.com" "Mozilla/5.0 (Windows NT 10.0; Win64; x64) AppleWebKit/537.36 (KHTML, like Gecko) Chrome/120.0.0.0 Safari/537.36" "-"
109.248.54.0 - - [08/Feb/2024:11:03:14 +0100] "GET / HTTP/1.1" 200 336 cronicadearagon.com "-" "Mozilla/5.0 (Windows NT 10.0; Win64; x64) AppleWebKit/537.36 (KHTML, like Gecko) Chrome/120.0.0.0 Safari/537.36" "-"
2.59.50.0 - - [08/Feb/2024:11:03:14 +0100] "GET / HTTP/1.1" 200 336 cronicadeextremadura.com "-" "Mozilla/5.0 (Windows NT 10.0; Win64; x64) AppleWebKit/537.36 (KHTML, like Gecko) Chrome/120.0.0.0 Safari/537.36" "-"
213.226.101.0 - - [08/Feb/2024:11:03:15 +0100] "GET / HTTP/1.1" 200 336 cronicadehuelva.com "-" "Mozilla/5.0 (Windows NT 10.0; Win64; x64) AppleWebKit/537.36 (KHTML, like Gecko) Chrome/120.0.0.0 Safari/537.36" "-"
46.8.23.0 - - [08/Feb/2024:11:03:15 +0100] "GET / HTTP/1.1" 200 336 cronicadevalencia.com "-" "Mozilla/5.0 (Windows NT 10.0; Win64; x64) AppleWebKit/537.36 (KHTML, like Gecko) Chrome/120.0.0.0 Safari/537.36" "-"
46.8.23.0 - - [08/Feb/2024:11:03:15 +0100] "GET / HTTP/1.1" 200 336 cronicadecadiz.com "-" "Mozilla/5.0 (Windows NT 10.0; Win64; x64) AppleWebKit/537.36 (KHTML, like Gecko) Chrome/120.0.0.0 Safari/537.36" "-"
46.8.154.0 - - [08/Feb/2024:11:03:16 +0100] "GET / HTTP/1.1" 200 336 cronicadeasturias.com "-" "Mozilla/5.0 (Windows NT 10.0; Win64; x64) AppleWebKit/537.36 (KHTML, like Gecko) Chrome/120.0.0.0 Safari/537.36" "-"
185.191.171.0 - - [08/Feb/2024:11:06:11 +0100] "GET /category/economia/page/13/ HTTP/1.1" 200 147337 cronicareinodearagon.com "-" "Mozilla/5.0 (compatible; SemrushBot/7~bl; +http://www.semrush.com/bot.html)" "-"
82.165.88.0 - - [08/Feb/2024:11:06:11 +0100] "POST /wp-cron.php?doing_wp_cron=1707386771.8509619235992431640625 HTTP/1.1" 200 - cronicareinodearagon.com "-" "WordPress/6.2.2; https://cronicareinodearagon.com" "-"
40.77.167.0 - - [08/Feb/2024:11:07:01 +0100] "GET /wp-json/wp/v2/posts/7852 HTTP/1.1" 200 4824 cronicareinodearagon.com "-" "Mozilla/5.0 AppleWebKit/537.36 (KHTML, like Gecko; compatible; bingbot/2.0; +http://www.bing.com/bingbot.htm) Chrome/116.0.1938.76 Safari/537.36" "-"
82.165.88.0 - - [08/Feb/2024:11:07:02 +0100] "POST /wp-cron.php?doing_wp_cron=1707386822.0576810836791992187500 HTTP/1.1" 200 - cronicareinodearagon.com "-" "WordPress/6.2.2; https://cronicareinodearagon.com" "-"
74.125.209.0 - - [08/Feb/2024:11:09:30 +0100] "GET /category/politica/feed/ HTTP/1.1" 200 18273 cronicareinodearagon.com "-" "FeedFetcher-Google; (+http://www.google.com/feedfetcher.html)" "-"
74.125.209.0 - - [08/Feb/2024:11:13:58 +0100] "GET /category/educacion/feed/ HTTP/1.1" 200 16487 cronicareinodearagon.com "-" "FeedFetcher-Google; (+http://www.google.com/feedfetcher.html)" "-"
82.165.88.0 - - [08/Feb/2024:11:18:40 +0100] "POST /wp-cron.php?doing_wp_cron=1707387520.5462241172790527343750 HTTP/1.1" 200 - cronicareinodearagon.com "-" "WordPress/6.2.2; https://cronicareinodearagon.com" "-"
85.208.96.0 - - [08/Feb/2024:11:18:40 +0100] "GET /sociedad/detenidos-cuatro-ucranianos-extorsionaban-compatriotas/ HTTP/1.1" 200 167316 cronicareinodearagon.com "-" "Mozilla/5.0 (compatible; SemrushBot/7~bl; +http://www.semrush.com/bot.html)" "-"
82.165.88.0 - - [08/Feb/2024:11:22:18 +0100] "POST /wp-cron.php?doing_wp_cron=1707387738.5198121070861816406250 HTTP/1.1" 200 - cronicareinodearagon.com "-" "WordPress/6.2.2; https://cronicareinodearagon.com" "-"
54.36.148.0 - - [08/Feb/2024:11:22:18 +0100] "GET /economia/margarita-robles-base-militar/ HTTP/1.1" 200 160169 cronicareinodearagon.com "-" "Mozilla/5.0 (compatible; AhrefsBot/7.0; +http://ahrefs.com/robot/)" "-"
54.36.148.0 - - [08/Feb/2024:11:22:21 +0100] "GET /wp-content/uploads/2022/09/047_bri_x_guzman_bueno.jpg HTTP/1.1" 200 69056 cronicareinodearagon.com "-" "Mozilla/5.0 (compatible; AhrefsBot/7.0; +http://ahrefs.com/robot/)" "-"
74.125.212.0 - - [08/Feb/2024:11:23:01 +0100] "GET /category/economia/feed/ HTTP/1.1" 200 12913 cronicareinodearagon.com "-" "FeedFetcher-Google; (+http://www.google.com/feedfetcher.html)" "-"
35.161.3.0 - - [08/Feb/2024:11:23:42 +0100] "GET / HTTP/1.1" 200 336 cronicadealmeria.com "-" "Mozilla/5.0 (X11; Linux x86_64) AppleWebKit/537.36 (KHTML, like Gecko) Chrome/83.0.4103.97 Safari/537.36" "-"
85.208.96.0 - - [08/Feb/2024:11:25:09 +0100] "GET /robots.txt HTTP/1.1" 200 202 cronicareinodearagon.com "-" "Mozilla/5.0 (compatible; SemrushBot/7~bl; +http://www.semrush.com/bot.html)" "-"
82.165.88.0 - - [08/Feb/2024:11:25:10 +0100] "POST /wp-cron.php?doing_wp_cron=1707387909.9717938899993896484375 HTTP/1.1" 200 - cronicareinodearagon.com "-" "WordPress/6.2.2; https://cronicareinodearagon.com" "-"
185.191.171.0 - - [08/Feb/2024:11:25:12 +0100] "GET /aragon/datos-covid-andalucia-septima-ola/ HTTP/1.1" 200 171652 cronicareinodearagon.com "-" "Mozilla/5.0 (compatible; SemrushBot/7~bl; +http://www.semrush.com/bot.html)" "-"
82.165.88.0 - - [08/Feb/2024:11:27:42 +0100] "POST /wp-cron.php?doing_wp_cron=1707388062.4675300121307373046875 HTTP/1.1" 200 - cronicareinodearagon.com "-" "WordPress/6.2.2; https://cronicareinodearagon.com" "-"
185.191.171.0 - - [08/Feb/2024:11:27:42 +0100] "GET /category/sociedad/page/4/ HTTP/1.1" 200 146445 cronicareinodearagon.com "-" "Mozilla/5.0 (compatible; SemrushBot/7~bl; +http://www.semrush.com/bot.html)" "-"
82.165.88.0 - - [08/Feb/2024:11:29:57 +0100] "POST /wp-cron.php?doing_wp_cron=1707388197.9669120311737060546875 HTTP/1.1" 200 - cronicareinodearagon.com "-" "WordPress/6.2.2; https://cronicareinodearagon.com" "-"
85.208.96.0 - - [08/Feb/2024:11:29:57 +0100] "GET /economia/corredor-mediterraneo-almeria-ministra-transportes/ HTTP/1.1" 200 169433 cronicareinodearagon.com "-" "Mozilla/5.0 (compatible; SemrushBot/7~bl; +http://www.semrush.com/bot.html)" "-"
52.167.144.0 - - [08/Feb/2024:11:31:05 +0100] "GET /wp-content/uploads/2021/11/esperanza-gomez-mas-pais-750x375.jpg HTTP/1.1" 200 33774 cronicareinodearagon.com "-" "Mozilla/5.0 AppleWebKit/537.36 (KHTML, like Gecko; compatible; bingbot/2.0; +http://www.bing.com/bingbot.htm) Chrome/116.0.1938.76 Safari/537.36" "-"
85.208.96.0 - - [08/Feb/2024:11:31:39 +0100] "GET /sociedad/hospitales-pinchazos-sumision-quimica/ HTTP/1.1" 200 168164 cronicareinodearagon.com "-" "Mozilla/5.0 (compatible; SemrushBot/7~bl; +http://www.semrush.com/bot.html)" "-"
82.165.88.0 - - [08/Feb/2024:11:31:40 +0100] "POST /wp-cron.php?doing_wp_cron=1707388300.1000199317932128906250 HTTP/1.1" 200 - cronicareinodearagon.com "-" "WordPress/6.2.2; https://cronicareinodearagon.com" "-"
85.208.96.0 - - [08/Feb/2024:11:40:15 +0100] "GET /aragon/debate-elecciones-aragon-tv/ HTTP/1.1" 200 169765 cronicareinodearagon.com "-" "Mozilla/5.0 (compatible; SemrushBot/7~bl; +http://www.semrush.com/bot.html)" "-"
82.165.88.0 - - [08/Feb/2024:11:40:16 +0100] "POST /wp-cron.php?doing_wp_cron=1707388816.0840919017791748046875 HTTP/1.1" 200 - cronicareinodearagon.com "-" "WordPress/6.2.2; https://cronicareinodearagon.com" "-"
82.165.88.0 - - [08/Feb/2024:11:43:51 +0100] "POST /wp-cron.php?doing_wp_cron=1707389031.8760480880737304687500 HTTP/1.1" 200 - cronicareinodearagon.com "-" "WordPress/6.2.2; https://cronicareinodearagon.com" "-"
54.36.148.0 - - [08/Feb/2024:11:43:51 +0100] "GET /politica/rota-hija-predilecta-almundena-grandes/ HTTP/1.1" 200 167007 cronicareinodearagon.com "-" "Mozilla/5.0 (compatible; AhrefsBot/7.0; +http://ahrefs.com/robot/)" "-"
54.36.149.0 - - [08/Feb/2024:11:43:55 +0100] "GET /wp-content/uploads/2022/08/Almudena-Grandes.jpg HTTP/1.1" 200 27735 cronicareinodearagon.com "-" "Mozilla/5.0 (compatible; AhrefsBot/7.0; +http://ahrefs.com/robot/)" "-"
85.208.96.0 - - [08/Feb/2024:11:44:53 +0100] "GET /category/aragon/page/20/ HTTP/1.1" 200 147871 cronicareinodearagon.com "-" "Mozilla/5.0 (compatible; SemrushBot/7~bl; +http://www.semrush.com/bot.html)" "-"
82.165.88.0 - - [08/Feb/2024:11:44:54 +0100] "POST /wp-cron.php?doing_wp_cron=1707389094.1132469177246093750000 HTTP/1.1" 200 - cronicareinodearagon.com "-" "WordPress/6.2.2; https://cronicareinodearagon.com" "-"
82.165.88.0 - - [08/Feb/2024:11:46:19 +0100] "POST /wp-cron.php?doing_wp_cron=1707389179.6984109878540039062500 HTTP/1.1" 200 - cronicareinodearagon.com "-" "WordPress/6.2.2; https://cronicareinodearagon.com" "-"
132.148.123.0 - - [08/Feb/2024:11:46:19 +0100] "POST /xmlrpc.php HTTP/1.1" 200 416 cronicareinodearagon.com "-" "Mozilla/5.0 (Windows NT 10.0; Win64; x64) AppleWebKit/537.36 (KHTML, like Gecko) Chrome/80.0.3987.163 Safari/537.36" "-"
155.133.138.0 - - [08/Feb/2024:11:46:24 +0100] "POST /xmlrpc.php HTTP/1.1" 200 416 cronicareinodearagon.com "-" "Mozilla/5.0 (Windows NT 10.0; Win64; x64) AppleWebKit/537.36 (KHTML, like Gecko) Chrome/74.0.3729.157 Safari/537.36" "-"
97.74.204.0 - - [08/Feb/2024:11:46:31 +0100] "POST /xmlrpc.php HTTP/1.1" 200 416 cronicareinodearagon.com "-" "Mozilla/5.0 (Linux; Android 10; SM-G960U) AppleWebKit/537.36 (KHTML, like Gecko) Chrome/91.0.4472.114 Mobile Safari/537.36" "-"
2a03:6f00:: - - [08/Feb/2024:11:46:33 +0100] "POST /xmlrpc.php HTTP/1.1" 200 416 cronicareinodearagon.com "-" "Mozilla/5.0 (Windows NT 10.0; Win64; x64) AppleWebKit/537.36 (KHTML, like Gecko) Chrome/64.0.3282.186 Safari/537.36" "-"
162.213.255.0 - - [08/Feb/2024:11:46:35 +0100] "POST /xmlrpc.php HTTP/1.1" 200 416 cronicareinodearagon.com "-" "Mozilla/5.0 (Linux; Android 10; SM-A205U) AppleWebKit/537.36 (KHTML, like Gecko) Chrome/91.0.4472.114 Mobile Safari/537.36" "-"
82.165.88.0 - - [08/Feb/2024:11:46:45 +0100] "POST /wp-cron.php?doing_wp_cron=1707389205.8489270210266113281250 HTTP/1.1" 200 - cronicareinodearagon.com "-" "WordPress/6.2.2; https://cronicareinodearagon.com" "-"
2a09:bac1:7600:: - - [08/Feb/2024:11:46:45 +0100] "POST /xmlrpc.php HTTP/1.1" 200 416 cronicareinodearagon.com "-" "Mozilla/5.0 (Windows NT 10.0; WOW64; rv:54.0) Gecko/20100101 Firefox/54.0" "-"
165.227.200.0 - - [08/Feb/2024:11:46:59 +0100] "POST /xmlrpc.php HTTP/1.1" 200 416 cronicareinodearagon.com "-" "Mozilla/5.0 (Windows NT 10.0; Win64; x64; rv:88.0) Gecko/20100101 Firefox/88.0" "-"
185.191.171.0 - - [08/Feb/2024:11:47:59 +0100] "GET /aragon/aprobado-conservatorio-danza-huelva/ HTTP/1.1" 200 170430 cronicareinodearagon.com "-" "Mozilla/5.0 (compatible; SemrushBot/7~bl; +http://www.semrush.com/bot.html)" "-"
82.165.88.0 - - [08/Feb/2024:11:48:00 +0100] "POST /wp-cron.php?doing_wp_cron=1707389280.0293738842010498046875 HTTP/1.1" 200 - cronicareinodearagon.com "-" "WordPress/6.2.2; https://cronicareinodearagon.com" "-"
114.119.151.0 - - [08/Feb/2024:11:48:11 +0100] "GET /robots.txt HTTP/1.1" 200 202 cronicareinodearagon.com "-" "Mozilla/5.0 (compatible;PetalBot;+https://webmaster.petalsearch.com/site/petalbot)" "-"
162.55.97.0 - - [08/Feb/2024:11:50:54 +0100] "GET / HTTP/1.1" 200 336 cronicadevalencia.com "-" "Mozilla/5.0 (Windows NT 10.0; Win64; x64; rv:84.0) Gecko/20100101 Firefox/84.0" "-"
162.55.97.0 - - [08/Feb/2024:11:50:54 +0100] "GET /defaultsite HTTP/1.1" 200 18994 cronicadevalencia.com "-" "Mozilla/5.0 (Windows NT 6.1; Win64; x64) AppleWebKit/537.36 (KHTML, like Gecko) Chrome/87.0.4280.88 Safari/537.36" "-"
162.55.97.0 - - [08/Feb/2024:11:51:01 +0100] "GET /robots.txt HTTP/1.1" 200 188 cronicadevalencia.com "-" "parser" "-"
162.55.97.0 - - [08/Feb/2024:11:51:06 +0100] "GET /robots.txt HTTP/1.1" 200 188 www.cronicadevalencia.com "-" "parser" "-"
162.55.97.0 - - [08/Feb/2024:11:51:09 +0100] "GET /defaultsite HTTP/1.1" 200 18994 cronicadevalencia.com "-" "Mozilla/5.0 (X11; Linux x86_64) AppleWebKit/537.36 (KHTML, like Gecko) Chrome/86.0.4240.111 Safari/537.36" "-"
162.55.97.0 - - [08/Feb/2024:11:51:10 +0100] "GET / HTTP/1.1" 200 336 cronicadevalencia.com "-" "Mozilla/5.0 (Macintosh; Intel Mac OS X 10_15_7) AppleWebKit/537.36 (KHTML, like Gecko) Chrome/86.0.4240.183 Safari/537.36" "-"
162.55.97.0 - - [08/Feb/2024:11:51:10 +0100] "GET / HTTP/1.1" 200 336 cronicadevalencia.com "-" "Mozilla/5.0 (Windows NT 10.0; Win64; x64) AppleWebKit/537.36 (KHTML, like Gecko) Chrome/86.0.4240.198 Safari/537.36 OPR/72.0.3815.400" "-"
162.55.97.0 - - [08/Feb/2024:11:51:11 +0100] "GET / HTTP/1.1" 200 336 cronicadevalencia.com "-" "Mozilla/5.0 (Windows NT 10.0; Win64; x64) AppleWebKit/537.36 (KHTML, like Gecko) Chrome/70.0.3538.110 Safari/537.36" "-"
162.55.97.0 - - [08/Feb/2024:11:51:11 +0100] "GET /defaultsite HTTP/1.1" 200 18994 cronicadevalencia.com "http://cronicadevalencia.com/" "Mozilla/5.0 (Windows NT 10.0; Win64; x64) AppleWebKit/537.36 (KHTML, like Gecko) Chrome/70.0.3538.110 Safari/537.36" "-"
162.55.97.0 - - [08/Feb/2024:11:51:11 +0100] "GET /spicons/templates/defaultsite/es-ES/images/domain_transfer.svg HTTP/1.1" 200 1201 cronicadevalencia.com "http://cronicadevalencia.com/defaultsite" "Mozilla/5.0 (Windows NT 10.0; Win64; x64) AppleWebKit/537.36 (KHTML, like Gecko) Chrome/70.0.3538.110 Safari/537.36" "-"
162.55.97.0 - - [08/Feb/2024:11:51:11 +0100] "GET /spicons/templates/defaultsite/es-ES/images/ic-world.svg HTTP/1.1" 200 1248 cronicadevalencia.com "http://cronicadevalencia.com/defaultsite" "Mozilla/5.0 (Windows NT 10.0; Win64; x64) AppleWebKit/537.36 (KHTML, like Gecko) Chrome/70.0.3538.110 Safari/537.36" "-"
162.55.97.0 - - [08/Feb/2024:11:51:11 +0100] "GET /spicons/templates/defaultsite/es-ES/images/domain.svg HTTP/1.1" 200 2095 cronicadevalencia.com "http://cronicadevalencia.com/defaultsite" "Mozilla/5.0 (Windows NT 10.0; Win64; x64) AppleWebKit/537.36 (KHTML, like Gecko) Chrome/70.0.3538.110 Safari/537.36" "-"
74.125.212.0 - - [08/Feb/2024:11:52:33 +0100] "GET /category/economia/feed/ HTTP/1.1" 200 12913 cronicareinodearagon.com "-" "FeedFetcher-Google; (+http://www.google.com/feedfetcher.html)" "-"
162.55.97.0 - - [08/Feb/2024:11:53:07 +0100] "GET / HTTP/1.1" 200 336 cronicadevalencia.com "-" "Mozilla/5.0 (Macintosh; Intel Mac OS X 10_15_7) AppleWebKit/605.1.15 (KHTML, like Gecko) Version/14.0 Safari/605.1.15" "-"
162.55.97.0 - - [08/Feb/2024:11:53:07 +0100] "GET / HTTP/1.1" 200 336 cronicadevalencia.com "-" "Mozilla/5.0 (Windows NT 10.0; Win64; x64) AppleWebKit/537.36 (KHTML, like Gecko) Chrome/70.0.3538.102 Safari/537.36" "-"
162.55.97.0 - - [08/Feb/2024:11:53:07 +0100] "GET /defaultsite HTTP/1.1" 200 18994 cronicadevalencia.com "http://cronicadevalencia.com/" "Mozilla/5.0 (Windows NT 10.0; Win64; x64) AppleWebKit/537.36 (KHTML, like Gecko) Chrome/70.0.3538.102 Safari/537.36" "-"
162.55.97.0 - - [08/Feb/2024:11:53:07 +0100] "GET /spicons/templates/defaultsite/es-ES/images/domain_transfer.svg HTTP/1.1" 200 1201 cronicadevalencia.com "http://cronicadevalencia.com/defaultsite" "Mozilla/5.0 (Windows NT 10.0; Win64; x64) AppleWebKit/537.36 (KHTML, like Gecko) Chrome/70.0.3538.102 Safari/537.36" "-"
162.55.97.0 - - [08/Feb/2024:11:53:07 +0100] "GET /spicons/templates/defaultsite/es-ES/images/domain.svg HTTP/1.1" 200 2095 cronicadevalencia.com "http://cronicadevalencia.com/defaultsite" "Mozilla/5.0 (Windows NT 10.0; Win64; x64) AppleWebKit/537.36 (KHTML, like Gecko) Chrome/70.0.3538.102 Safari/537.36" "-"
162.55.97.0 - - [08/Feb/2024:11:53:08 +0100] "GET /spicons/templates/defaultsite/es-ES/images/ic-world.svg HTTP/1.1" 200 1248 cronicadevalencia.com "http://cronicadevalencia.com/defaultsite" "Mozilla/5.0 (Windows NT 10.0; Win64; x64) AppleWebKit/537.36 (KHTML, like Gecko) Chrome/70.0.3538.102 Safari/537.36" "-"
34.216.5.0 - - [08/Feb/2024:11:54:45 +0100] "GET / HTTP/1.1" 200 336 cronicadecordoba.com "-" "Mozilla/5.0 (X11; Linux x86_64) AppleWebKit/537.36 (KHTML, like Gecko) Chrome/83.0.4103.97 Safari/537.36" "-"
74.125.209.0 - - [08/Feb/2024:11:57:56 +0100] "GET /category/politica/feed/ HTTP/1.1" 200 18273 cronicareinodearagon.com "-" "FeedFetcher-Google; (+http://www.google.com/feedfetcher.html)" "-"
82.165.88.0 - - [08/Feb/2024:11:58:11 +0100] "POST /wp-cron.php?doing_wp_cron=1707389891.6129419803619384765625 HTTP/1.1" 200 - cronicareinodearagon.com "-" "WordPress/6.2.2; https://cronicareinodearagon.com" "-"
185.191.171.0 - - [08/Feb/2024:11:58:11 +0100] "GET /politica/juanma-moreno-recibe-ministro-escriva-san-telmo/ HTTP/1.1" 200 34109 cronicareinodearagon.com "-" "Mozilla/5.0 (compatible; SemrushBot/7~bl; +http://www.semrush.com/bot.html)" "-"
185.191.171.0 - - [08/Feb/2024:11:58:46 +0100] "GET /opinion/plata-y-plomo-esa-es-la-campana-de-la-triada-pp-cs-vox/ HTTP/1.1" 200 36310 cronicareinodearagon.com "-" "Mozilla/5.0 (compatible; SemrushBot/7~bl; +http://www.semrush.com/bot.html)" "-"
82.165.88.0 - - [08/Feb/2024:11:58:47 +0100] "POST /wp-cron.php?doing_wp_cron=1707389927.0480740070343017578125 HTTP/1.1" 200 - cronicareinodearagon.com "-" "WordPress/6.2.2; https://cronicareinodearagon.com" "-"
185.191.171.0 - - [08/Feb/2024:11:59:41 +0100] "GET /aragon/estreno-documental-larissa-swirski-queen-of-hearts/ HTTP/1.1" 200 34481 cronicareinodearagon.com "-" "Mozilla/5.0 (compatible; SemrushBot/7~bl; +http://www.semrush.com/bot.html)" "-"
82.165.88.0 - - [08/Feb/2024:11:59:42 +0100] "POST /wp-cron.php?doing_wp_cron=1707389982.1891999244689941406250 HTTP/1.1" 200 - cronicareinodearagon.com "-" "WordPress/6.2.2; https://cronicareinodearagon.com" "-"
82.165.88.0 - - [08/Feb/2024:12:03:13 +0100] "POST /wp-cron.php?doing_wp_cron=1707390193.6572160720825195312500 HTTP/1.1" 200 - cronicareinodearagon.com "-" "WordPress/6.2.2; https://cronicareinodearagon.com" "-"
54.36.148.0 - - [08/Feb/2024:12:03:13 +0100] "GET /aragon/metro-sevilla-andalucia-montero-ministra-gobierno-presupuestos/ HTTP/1.1" 200 34463 cronicareinodearagon.com "-" "Mozilla/5.0 (compatible; AhrefsBot/7.0; +http://ahrefs.com/robot/)" "-"
54.36.148.0 - - [08/Feb/2024:12:03:16 +0100] "GET /wp-content/uploads/2022/09/Montero-Sevilla-Metro.jpg HTTP/1.1" 200 94182 cronicareinodearagon.com "-" "Mozilla/5.0 (compatible; AhrefsBot/7.0; +http://ahrefs.com/robot/)" "-"
39.165.157.0 - - [08/Feb/2024:12:07:06 +0100] "GET / HTTP/1.1" 200 41729 cronicareinodearagon.com "-" "Mozilla/5.0 (Windows NT 6.1; WOW64) AppleWebKit/537.36 (KHTML, like Gecko) Chrome/64.0.3282.0 Safari/537.36" "-"
82.165.88.0 - - [08/Feb/2024:12:07:07 +0100] "POST /wp-cron.php?doing_wp_cron=1707390427.4710640907287597656250 HTTP/1.1" 200 - cronicareinodearagon.com "-" "WordPress/6.2.2; https://cronicareinodearagon.com" "-"
39.165.157.0 - - [08/Feb/2024:12:07:07 +0100] "GET /category/aragon/huesca/ HTTP/1.1" 200 147155 cronicareinodearagon.com "-" "Go-http-client/1.1" "-"
39.165.157.0 - - [08/Feb/2024:12:07:13 +0100] "GET /sociedad/planta-transferencia-residuos-quinto-ecoprovincia-zaragoza/ HTTP/1.1" 200 168266 cronicareinodearagon.com "-" "Go-http-client/1.1" "-"
39.165.157.0 - - [08/Feb/2024:12:07:14 +0100] "GET /wp-content/plugins/metronet-profile-picture/js/mpp-frontend.js?ver=2.6.0 HTTP/1.1" 200 331 cronicareinodearagon.com "-" "Go-http-client/1.1" "-"
