82.165.88.0 - - [08/Feb/2024:13:26:26 +0100] "POST /wp-cron.php?doing_wp_cron=1707395186.7661349773406982421875 HTTP/1.1" 200 - cronicareinodearagon.com "-" "WordPress/6.2.2; https://cronicareinodearagon.com" "-"
85.208.96.0 - - [08/Feb/2024:13:26:26 +0100] "GET /politica/vox-papa-francisco/ HTTP/1.1" 200 157739 cronicareinodearagon.com "-" "Mozilla/5.0 (compatible; SemrushBot/7~bl; +http://www.semrush.com/bot.html)" "-"
82.165.88.0 - - [08/Feb/2024:13:26:42 +0100] "POST /wp-cron.php?doing_wp_cron=1707395202.7325680255889892578125 HTTP/1.1" 200 - cronicareinodearagon.com "-" "WordPress/6.2.2; https://cronicareinodearagon.com" "-"
85.208.96.0 - - [08/Feb/2024:13:26:42 +0100] "GET /educacion/almeria-educacion-liga-educate-deporte/ HTTP/1.1" 200 162469 cronicareinodearagon.com "-" "Mozilla/5.0 (compatible; SemrushBot/7~bl; +http://www.semrush.com/bot.html)" "-"
82.165.88.0 - - [08/Feb/2024:13:28:19 +0100] "POST /wp-cron.php?doing_wp_cron=1707395299.7987709045410156250000 HTTP/1.1" 200 - cronicareinodearagon.com "-" "WordPress/6.2.2; https://cronicareinodearagon.com" "-"
17.241.227.0 - - [08/Feb/2024:13:28:19 +0100] "GET /sociedad/talibanes-kabul-eeuu/ HTTP/1.1" 200 173126 cronicareinodearagon.com "-" "Mozilla/5.0 (Macintosh; Intel Mac OS X 10_15_5) AppleWebKit/605.1.15 (KHTML, like Gecko) Version/13.1.1 Safari/605.1.15 (Applebot/0.1; +http://www.apple.com/go/applebot)" "-"
82.165.88.0 - - [08/Feb/2024:13:31:37 +0100] "POST /wp-cron.php?doing_wp_cron=1707395497.6859090328216552734375 HTTP/1.1" 200 - cronicareinodearagon.com "-" "WordPress/6.2.2; https://cronicareinodearagon.com" "-"
54.36.149.0 - - [08/Feb/2024:13:31:37 +0100] "GET /category/sociedad/page/7/ HTTP/1.1" 200 146883 cronicareinodearagon.com "-" "Mozilla/5.0 (compatible; AhrefsBot/7.0; +http://ahrefs.com/robot/)" "-"
82.165.88.0 - - [08/Feb/2024:13:33:52 +0100] "POST /wp-cron.php?doing_wp_cron=1707395632.4386699199676513671875 HTTP/1.1" 200 - cronicareinodearagon.com "-" "WordPress/6.2.2; https://cronicareinodearagon.com" "-"
89.40.227.0 - - [08/Feb/2024:13:33:52 +0100] "POST /xmlrpc.php HTTP/1.1" 200 416 cronicareinodearagon.com "-" "Mozilla/5.0 (Windows NT 6.1; WOW64; rv:41.0) Gecko/20100101 Firefox/41.0" "-"
2a03:6f00:: - - [08/Feb/2024:13:34:03 +0100] "POST /xmlrpc.php HTTP/1.1" 200 416 cronicareinodearagon.com "-" "Mozilla/5.0 (Linux; Android 10; SM-N960U) AppleWebKit/537.36 (KHTML, like Gecko) Chrome/91.0.4472.114 Mobile Safari/537.36" "-"
139.59.78.0 - - [08/Feb/2024:13:34:05 +0100] "POST /xmlrpc.php HTTP/1.1" 503 299 cronicareinodearagon.com "-" "Mozilla/5.0 (Windows NT 10.0; Win64; x64) AppleWebKit/537.36 (KHTML, like Gecko) Chrome/61.0.3163.100 Safari/537.36" "-"
91.238.163.0 - - [08/Feb/2024:13:34:18 +0100] "POST /xmlrpc.php HTTP/1.1" 200 416 cronicareinodearagon.com "-" "Mozilla/5.0 (Windows NT 10.0; Win64; x64) AppleWebKit/537.36 (KHTML, like Gecko) Chrome/79.0.3945.117 Safari/537.36" "-"
137.184.164.0 - - [08/Feb/2024:13:35:25 +0100] "GET / HTTP/1.1" 200 336 cronicadevalencia.com "-" "Mozilla/5.0 (X11; Linux x86_64) AppleWebKit/537.36 (KHTML, like Gecko) Chrome/108.0.0.0 Safari/537.36" "-"
209.127.106.0 - - [08/Feb/2024:13:39:20 +0100] "HEAD / HTTP/1.1" 200 - cronicadeextremadura.com "-" "Mozilla/5.0 (Macintosh; Intel Mac OS X 10_15_7) AppleWebKit/537.36 (KHTML, like Gecko) Chrome/107.0.0.0 Safari/537.36" "-"
193.34.72.0 - - [08/Feb/2024:13:39:20 +0100] "GET / HTTP/1.1" 200 336 cronicadeextremadura.com "-" "Mozilla/5.0 (Macintosh; Intel Mac OS X 10_15_7) AppleWebKit/537.36 (KHTML, like Gecko) Chrome/107.0.0.0 Safari/537.36" "-"
34.224.56.0 - - [08/Feb/2024:13:39:21 +0100] "GET /favicon.ico HTTP/1.1" 404 596 cronicadeextremadura.com "-" "Mozilla/5.0 (Macintosh; Intel Mac OS X 10_15_7) AppleWebKit/537.36 (KHTML, like Gecko) Chrome/107.0.0.0 Safari/537.36" "-"
54.91.154.0 - - [08/Feb/2024:13:39:21 +0100] "GET /favicon.ico HTTP/1.1" 404 596 cronicadeextremadura.com "-" "Mozilla/5.0 (Macintosh; Intel Mac OS X 10_15_7) AppleWebKit/537.36 (KHTML, like Gecko) Chrome/107.0.0.0 Safari/537.36" "-"
54.197.146.0 - - [08/Feb/2024:13:39:37 +0100] "GET /favicon.png HTTP/1.1" 404 596 cronicadeextremadura.com "-" "Mozilla/5.0 (Macintosh; Intel Mac OS X 10_15_7) AppleWebKit/537.36 (KHTML, like Gecko) Chrome/107.0.0.0 Safari/537.36" "-"
54.91.154.0 - - [08/Feb/2024:13:39:37 +0100] "GET /favicon.png HTTP/1.1" 404 596 cronicadeextremadura.com "-" "Mozilla/5.0 (Macintosh; Intel Mac OS X 10_15_7) AppleWebKit/537.36 (KHTML, like Gecko) Chrome/107.0.0.0 Safari/537.36" "-"
82.165.88.0 - - [08/Feb/2024:13:43:57 +0100] "POST /wp-cron.php?doing_wp_cron=1707396237.5018649101257324218750 HTTP/1.1" 200 - cronicareinodearagon.com "-" "WordPress/6.2.2; https://cronicareinodearagon.com" "-"
85.208.96.0 - - [08/Feb/2024:13:43:57 +0100] "GET /robots.txt HTTP/1.1" 200 202 cronicareinodearagon.com "-" "Mozilla/5.0 (compatible; SemrushBot/7~bl; +http://www.semrush.com/bot.html)" "-"
85.208.96.0 - - [08/Feb/2024:13:43:58 +0100] "GET /aragon/presupuestos-andalucia-no-saldran-adelante-elecciones-primavera/ HTTP/1.1" 200 169400 cronicareinodearagon.com "-" "Mozilla/5.0 (compatible; SemrushBot/7~bl; +http://www.semrush.com/bot.html)" "-"
82.165.88.0 - - [08/Feb/2024:13:45:01 +0100] "POST /wp-cron.php?doing_wp_cron=1707396301.3237779140472412109375 HTTP/1.1" 200 - cronicareinodearagon.com "-" "WordPress/6.2.2; https://cronicareinodearagon.com" "-"
85.208.96.0 - - [08/Feb/2024:13:45:01 +0100] "GET /category/educacion/page/7/ HTTP/1.1" 200 148737 cronicareinodearagon.com "-" "Mozilla/5.0 (compatible; SemrushBot/7~bl; +http://www.semrush.com/bot.html)" "-"
82.165.88.0 - - [08/Feb/2024:13:47:46 +0100] "POST /wp-cron.php?doing_wp_cron=1707396466.4876339435577392578125 HTTP/1.1" 200 - cronicareinodearagon.com "-" "WordPress/6.2.2; https://cronicareinodearagon.com" "-"
54.36.149.0 - - [08/Feb/2024:13:47:46 +0100] "GET /aragon/presupuestos-andalucia-no-saldran-adelante-elecciones-primavera/ HTTP/1.1" 200 169401 cronicareinodearagon.com "-" "Mozilla/5.0 (compatible; AhrefsBot/7.0; +http://ahrefs.com/robot/)" "-"
54.36.148.0 - - [08/Feb/2024:13:47:48 +0100] "GET /wp-content/uploads/2021/11/presupuestos.jpg HTTP/1.1" 200 100112 cronicareinodearagon.com "-" "Mozilla/5.0 (compatible; AhrefsBot/7.0; +http://ahrefs.com/robot/)" "-"
74.125.209.0 - - [08/Feb/2024:13:51:11 +0100] "GET /category/sociedad/feed/ HTTP/1.1" 200 51420 cronicareinodearagon.com "-" "FeedFetcher-Google; (+http://www.google.com/feedfetcher.html)" "-"
82.165.88.0 - - [08/Feb/2024:13:51:12 +0100] "POST /wp-cron.php?doing_wp_cron=1707396672.1891291141510009765625 HTTP/1.1" 200 - cronicareinodearagon.com "-" "WordPress/6.2.2; https://cronicareinodearagon.com" "-"
185.191.171.0 - - [08/Feb/2024:13:53:21 +0100] "GET /category/sociedad/page/25/ HTTP/1.1" 200 146888 cronicareinodearagon.com "-" "Mozilla/5.0 (compatible; SemrushBot/7~bl; +http://www.semrush.com/bot.html)" "-"
82.165.88.0 - - [08/Feb/2024:13:53:22 +0100] "POST /wp-cron.php?doing_wp_cron=1707396802.2704889774322509765625 HTTP/1.1" 200 - cronicareinodearagon.com "-" "WordPress/6.2.2; https://cronicareinodearagon.com" "-"
85.208.96.0 - - [08/Feb/2024:13:55:18 +0100] "GET /aragon/ola-calor-andalucia-temperaturas-aviso-amarillo/ HTTP/1.1" 200 159624 cronicareinodearagon.com "-" "Mozilla/5.0 (compatible; SemrushBot/7~bl; +http://www.semrush.com/bot.html)" "-"
82.165.88.0 - - [08/Feb/2024:13:55:19 +0100] "POST /wp-cron.php?doing_wp_cron=1707396919.0611350536346435546875 HTTP/1.1" 200 - cronicareinodearagon.com "-" "WordPress/6.2.2; https://cronicareinodearagon.com" "-"
82.165.88.0 - - [08/Feb/2024:13:58:09 +0100] "POST /wp-cron.php?doing_wp_cron=1707397089.8074491024017333984375 HTTP/1.1" 200 - cronicareinodearagon.com "-" "WordPress/6.2.2; https://cronicareinodearagon.com" "-"
185.191.171.0 - - [08/Feb/2024:13:58:09 +0100] "GET /sociedad/fallecimiento-carlos-amigo-vallejo-sevilla/ HTTP/1.1" 200 170836 cronicareinodearagon.com "-" "Mozilla/5.0 (compatible; SemrushBot/7~bl; +http://www.semrush.com/bot.html)" "-"
185.191.171.0 - - [08/Feb/2024:13:59:31 +0100] "GET /category/politica/page/2/ HTTP/1.1" 200 147454 cronicareinodearagon.com "-" "Mozilla/5.0 (compatible; SemrushBot/7~bl; +http://www.semrush.com/bot.html)" "-"
82.165.88.0 - - [08/Feb/2024:13:59:32 +0100] "POST /wp-cron.php?doing_wp_cron=1707397172.1833209991455078125000 HTTP/1.1" 200 - cronicareinodearagon.com "-" "WordPress/6.2.2; https://cronicareinodearagon.com" "-"
82.165.88.0 - - [08/Feb/2024:14:00:54 +0100] "POST /wp-cron.php?doing_wp_cron=1707397254.5757689476013183593750 HTTP/1.1" 200 - cronicareinodearagon.com "-" "WordPress/6.2.2; https://cronicareinodearagon.com" "-"
185.191.171.0 - - [08/Feb/2024:14:00:54 +0100] "GET /category/politica/page/4/ HTTP/1.1" 200 147674 cronicareinodearagon.com "-" "Mozilla/5.0 (compatible; SemrushBot/7~bl; +http://www.semrush.com/bot.html)" "-"
82.165.88.0 - - [08/Feb/2024:14:03:13 +0100] "POST /wp-cron.php?doing_wp_cron=1707397393.4773859977722167968750 HTTP/1.1" 200 - cronicareinodearagon.com "-" "WordPress/6.2.2; https://cronicareinodearagon.com" "-"
51.222.253.0 - - [08/Feb/2024:14:03:13 +0100] "GET /robots.txt HTTP/1.1" 200 202 cronicareinodearagon.com "-" "Mozilla/5.0 (compatible; AhrefsBot/7.0; +http://ahrefs.com/robot/)" "-"
54.36.148.0 - - [08/Feb/2024:14:03:15 +0100] "GET /aragon/fernandez-anima-andaluces-solicitar-abonos-tren/ HTTP/1.1" 200 165156 cronicareinodearagon.com "-" "Mozilla/5.0 (compatible; AhrefsBot/7.0; +http://ahrefs.com/robot/)" "-"
185.191.171.0 - - [08/Feb/2024:14:04:29 +0100] "GET /aragon/cantantes-andaluces-benidormfest-eurovision/ HTTP/1.1" 200 173096 cronicareinodearagon.com "-" "Mozilla/5.0 (compatible; SemrushBot/7~bl; +http://www.semrush.com/bot.html)" "-"
82.165.88.0 - - [08/Feb/2024:14:04:30 +0100] "POST /wp-cron.php?doing_wp_cron=1707397470.2847249507904052734375 HTTP/1.1" 200 - cronicareinodearagon.com "-" "WordPress/6.2.2; https://cronicareinodearagon.com" "-"
82.165.88.0 - - [08/Feb/2024:14:08:27 +0100] "POST /wp-cron.php?doing_wp_cron=1707397707.5428419113159179687500 HTTP/1.1" 200 - cronicareinodearagon.com "-" "WordPress/6.2.2; https://cronicareinodearagon.com" "-"
40.77.167.0 - - [08/Feb/2024:14:08:27 +0100] "GET /aragon/tasa-incidencia-covid-andalucia-pandemia/ HTTP/1.1" 200 162113 cronicareinodearagon.com "-" "Mozilla/5.0 AppleWebKit/537.36 (KHTML, like Gecko; compatible; bingbot/2.0; +http://www.bing.com/bingbot.htm) Chrome/116.0.1938.76 Safari/537.36" "-"
82.165.88.0 - - [08/Feb/2024:14:09:02 +0100] "POST /wp-cron.php?doing_wp_cron=1707397742.6443810462951660156250 HTTP/1.1" 200 - cronicareinodearagon.com "-" "WordPress/6.2.2; https://cronicareinodearagon.com" "-"
85.208.96.0 - - [08/Feb/2024:14:09:02 +0100] "GET /sociedad/bernardo-montoya-laura-luelmo-asesinato-culpable/ HTTP/1.1" 200 164646 cronicareinodearagon.com "-" "Mozilla/5.0 (compatible; SemrushBot/7~bl; +http://www.semrush.com/bot.html)" "-"
85.208.96.0 - - [08/Feb/2024:14:09:47 +0100] "GET /category/educacion/ HTTP/1.1" 200 29368 cronicareinodearagon.com "-" "Mozilla/5.0 (compatible; SemrushBot/7~bl; +http://www.semrush.com/bot.html)" "-"
34.221.131.0 - - [08/Feb/2024:14:10:11 +0100] "GET / HTTP/1.1" 200 336 cronicadesevilla.com "-" "Mozilla/5.0 (X11; Linux x86_64) AppleWebKit/537.36 (KHTML, like Gecko) Chrome/83.0.4103.97 Safari/537.36" "-"
35.92.171.0 - - [08/Feb/2024:14:10:12 +0100] "GET / HTTP/1.1" 200 336 cronicadesevilla.com "-" "Mozilla/5.0 (X11; Linux x86_64) AppleWebKit/537.36 (KHTML, like Gecko) Chrome/83.0.4103.97 Safari/537.36" "-"
164.90.182.0 - - [08/Feb/2024:14:16:10 +0100] "GET / HTTP/1.1" 200 336 cronicadeextremadura.com "-" "Mozilla/5.0 (X11; Linux x86_64) AppleWebKit/537.36 (KHTML, like Gecko) Chrome/108.0.0.0 Safari/537.36" "-"
82.165.88.0 - - [08/Feb/2024:14:16:22 +0100] "POST /wp-cron.php?doing_wp_cron=1707398182.7281649112701416015625 HTTP/1.1" 200 - cronicareinodearagon.com "-" "WordPress/6.2.2; https://cronicareinodearagon.com" "-"
74.125.209.0 - - [08/Feb/2024:14:16:22 +0100] "GET /category/sociedad/feed/ HTTP/1.1" 200 51420 cronicareinodearagon.com "-" "FeedFetcher-Google; (+http://www.google.com/feedfetcher.html)" "-"
82.165.88.0 - - [08/Feb/2024:14:17:20 +0100] "POST /wp-cron.php?doing_wp_cron=1707398240.7800719738006591796875 HTTP/1.1" 200 - cronicareinodearagon.com "-" "WordPress/6.2.2; https://cronicareinodearagon.com" "-"
54.36.148.0 - - [08/Feb/2024:14:17:20 +0100] "GET /aragon/feminismo-espadas-psoe-andalucia-campoamor-premios/ HTTP/1.1" 200 167935 cronicareinodearagon.com "-" "Mozilla/5.0 (compatible; AhrefsBot/7.0; +http://ahrefs.com/robot/)" "-"
74.125.209.0 - - [08/Feb/2024:14:17:28 +0100] "GET /category/sociedad/feed/ HTTP/1.1" 200 51420 cronicareinodearagon.com "-" "FeedFetcher-Google; (+http://www.google.com/feedfetcher.html)" "-"
82.165.88.0 - - [08/Feb/2024:14:22:17 +0100] "POST /wp-cron.php?doing_wp_cron=1707398537.5598590373992919921875 HTTP/1.1" 200 - cronicareinodearagon.com "-" "WordPress/6.2.2; https://cronicareinodearagon.com" "-"
85.208.96.0 - - [08/Feb/2024:14:22:17 +0100] "GET /category/aragon/page/29/ HTTP/1.1" 200 147655 cronicareinodearagon.com "-" "Mozilla/5.0 (compatible; SemrushBot/7~bl; +http://www.semrush.com/bot.html)" "-"
74.125.212.0 - - [08/Feb/2024:14:23:30 +0100] "GET /category/economia/feed/ HTTP/1.1" 200 42774 cronicareinodearagon.com "-" "FeedFetcher-Google; (+http://www.google.com/feedfetcher.html)" "-"
82.165.88.0 - - [08/Feb/2024:14:23:31 +0100] "POST /wp-cron.php?doing_wp_cron=1707398610.9950981140136718750000 HTTP/1.1" 200 - cronicareinodearagon.com "-" "WordPress/6.2.2; https://cronicareinodearagon.com" "-"
52.167.144.0 - - [08/Feb/2024:14:25:00 +0100] "GET /wp-json/wp/v2/posts/7808 HTTP/1.1" 200 9235 cronicareinodearagon.com "-" "Mozilla/5.0 AppleWebKit/537.36 (KHTML, like Gecko; compatible; bingbot/2.0; +http://www.bing.com/bingbot.htm) Chrome/116.0.1938.76 Safari/537.36" "-"
82.165.88.0 - - [08/Feb/2024:14:25:01 +0100] "POST /wp-cron.php?doing_wp_cron=1707398700.9991168975830078125000 HTTP/1.1" 200 - cronicareinodearagon.com "-" "WordPress/6.2.2; https://cronicareinodearagon.com" "-"
143.198.63.0 - - [08/Feb/2024:14:29:25 +0100] "GET / HTTP/1.1" 200 336 cronicadecadiz.com "-" "Mozilla/5.0 (X11; Linux x86_64) AppleWebKit/537.36 (KHTML, like Gecko) Chrome/108.0.0.0 Safari/537.36" "-"
82.165.88.0 - - [08/Feb/2024:14:29:28 +0100] "POST /wp-cron.php?doing_wp_cron=1707398968.4414019584655761718750 HTTP/1.1" 200 - cronicareinodearagon.com "-" "WordPress/6.2.2; https://cronicareinodearagon.com" "-"
54.36.149.0 - - [08/Feb/2024:14:29:28 +0100] "GET /aragon/enfermeria-solape-jornada-satse/ HTTP/1.1" 200 166676 cronicareinodearagon.com "-" "Mozilla/5.0 (compatible; AhrefsBot/7.0; +http://ahrefs.com/robot/)" "-"
82.165.88.0 - - [08/Feb/2024:14:30:44 +0100] "POST /wp-cron.php?doing_wp_cron=1707399044.5967919826507568359375 HTTP/1.1" 200 - cronicareinodearagon.com "-" "WordPress/6.2.2; https://cronicareinodearagon.com" "-"
85.208.96.0 - - [08/Feb/2024:14:30:44 +0100] "GET /aragon/juanma-moreno-vox-presupuestos-andalucia/ HTTP/1.1" 200 165402 cronicareinodearagon.com "-" "Mozilla/5.0 (compatible; SemrushBot/7~bl; +http://www.semrush.com/bot.html)" "-"
82.165.88.0 - - [08/Feb/2024:14:32:11 +0100] "POST /wp-cron.php?doing_wp_cron=1707399131.9040629863739013671875 HTTP/1.1" 200 - cronicareinodearagon.com "-" "WordPress/6.2.2; https://cronicareinodearagon.com" "-"
185.191.171.0 - - [08/Feb/2024:14:32:11 +0100] "GET /sociedad/granja-criptomonedas-almeria/ HTTP/1.1" 200 162422 cronicareinodearagon.com "-" "Mozilla/5.0 (compatible; SemrushBot/7~bl; +http://www.semrush.com/bot.html)" "-"
185.191.171.0 - - [08/Feb/2024:14:41:58 +0100] "GET /opinion/baltasar-garzon-patrioteros/ HTTP/1.1" 200 177239 cronicareinodearagon.com "-" "Mozilla/5.0 (compatible; SemrushBot/7~bl; +http://www.semrush.com/bot.html)" "-"
82.165.88.0 - - [08/Feb/2024:14:41:59 +0100] "POST /wp-cron.php?doing_wp_cron=1707399719.1274049282073974609375 HTTP/1.1" 200 - cronicareinodearagon.com "-" "WordPress/6.2.2; https://cronicareinodearagon.com" "-"
54.36.148.0 - - [08/Feb/2024:14:42:40 +0100] "GET /aragon/psoe-parlamento-pp-sequia-medidas-andalucia/ HTTP/1.1" 200 164786 cronicareinodearagon.com "-" "Mozilla/5.0 (compatible; AhrefsBot/7.0; +http://ahrefs.com/robot/)" "-"
54.36.149.0 - - [08/Feb/2024:14:42:45 +0100] "GET /wp-content/uploads/2022/09/Ana-Maria-Romero-PSOE.jpg HTTP/1.1" 200 85638 cronicareinodearagon.com "-" "Mozilla/5.0 (compatible; AhrefsBot/7.0; +http://ahrefs.com/robot/)" "-"
82.165.88.0 - - [08/Feb/2024:14:45:09 +0100] "POST /wp-cron.php?doing_wp_cron=1707399909.3294448852539062500000 HTTP/1.1" 200 - cronicareinodearagon.com "-" "WordPress/6.2.2; https://cronicareinodearagon.com" "-"
185.191.171.0 - - [08/Feb/2024:14:45:09 +0100] "GET /robots.txt HTTP/1.1" 200 202 cronicareinodearagon.com "-" "Mozilla/5.0 (compatible; SemrushBot/7~bl; +http://www.semrush.com/bot.html)" "-"
85.208.96.0 - - [08/Feb/2024:14:45:10 +0100] "GET /sociedad/inversion-mejora-carreras-diputacion-cordoba/ HTTP/1.1" 200 167684 cronicareinodearagon.com "-" "Mozilla/5.0 (compatible; SemrushBot/7~bl; +http://www.semrush.com/bot.html)" "-"
82.165.88.0 - - [08/Feb/2024:14:47:46 +0100] "POST /wp-cron.php?doing_wp_cron=1707400066.5085470676422119140625 HTTP/1.1" 200 - cronicareinodearagon.com "-" "WordPress/6.2.2; https://cronicareinodearagon.com" "-"
185.191.171.0 - - [08/Feb/2024:14:47:46 +0100] "GET /aragon/bonilla-perfil-crisis-partido-popular/ HTTP/1.1" 200 171301 cronicareinodearagon.com "-" "Mozilla/5.0 (compatible; SemrushBot/7~bl; +http://www.semrush.com/bot.html)" "-"
5.188.62.0 - - [08/Feb/2024:14:47:48 +0100] "GET / HTTP/1.1" 301 241 cronicareinodearagon.com "-" "Mozilla/5.0 (Windows NT 6.1; WOW64) AppleWebKit/537.36 (KHTML, like Gecko) Chrome/100.0.4896.127 Safari/537.36" "-"
5.188.62.0 - - [08/Feb/2024:14:47:48 +0100] "GET / HTTP/1.1" 200 41729 cronicareinodearagon.com "-" "Mozilla/5.0 (Windows NT 6.1; WOW64) AppleWebKit/537.36 (KHTML, like Gecko) Chrome/100.0.4896.127 Safari/537.36" "-"
5.188.62.0 - - [08/Feb/2024:14:47:53 +0100] "GET / HTTP/1.1" 200 41729 cronicareinodearagon.com "-" "Mozilla/5.0 (Windows NT 6.1; WOW64) AppleWebKit/537.36 (KHTML, like Gecko) Chrome/100.0.4895.86 Safari/537.36" "-"
5.188.62.0 - - [08/Feb/2024:14:47:57 +0100] "GET /Admin/ HTTP/1.1" 404 144819 cronicareinodearagon.com "-" "Mozilla/5.0 (Windows NT 6.1; WOW64) AppleWebKit/537.36 (KHTML, like Gecko) Chrome/100.0.4895.86 Safari/537.36" "-"
74.125.209.0 - - [08/Feb/2024:14:54:28 +0100] "GET /category/educacion/feed/ HTTP/1.1" 200 56994 cronicareinodearagon.com "-" "FeedFetcher-Google; (+http://www.google.com/feedfetcher.html)" "-"
82.165.88.0 - - [08/Feb/2024:14:54:29 +0100] "POST /wp-cron.php?doing_wp_cron=1707400469.0210399627685546875000 HTTP/1.1" 200 - cronicareinodearagon.com "-" "WordPress/6.2.2; https://cronicareinodearagon.com" "-"
185.191.171.0 - - [08/Feb/2024:14:54:35 +0100] "GET /sociedad/accidentes-cortes-trafico-a-49-huelva/ HTTP/1.1" 200 156389 cronicareinodearagon.com "-" "Mozilla/5.0 (compatible; SemrushBot/7~bl; +http://www.semrush.com/bot.html)" "-"
82.165.88.0 - - [08/Feb/2024:14:55:29 +0100] "POST /wp-cron.php?doing_wp_cron=1707400529.2848510742187500000000 HTTP/1.1" 200 - cronicareinodearagon.com "-" "WordPress/6.2.2; https://cronicareinodearagon.com" "-"
85.208.96.0 - - [08/Feb/2024:14:55:29 +0100] "GET /aragon/turismo-andaluz-crisis-ucrania-recuperacion/ HTTP/1.1" 200 167845 cronicareinodearagon.com "-" "Mozilla/5.0 (compatible; SemrushBot/7~bl; +http://www.semrush.com/bot.html)" "-"
159.203.5.0 - - [08/Feb/2024:14:55:36 +0100] "GET / HTTP/1.1" 200 336 cronicademalaga.com "-" "Mozilla/5.0 (X11; Linux x86_64) AppleWebKit/537.36 (KHTML, like Gecko) Chrome/108.0.0.0 Safari/537.36" "-"
74.125.209.0 - - [08/Feb/2024:14:58:03 +0100] "GET /category/educacion/feed/ HTTP/1.1" 200 56994 cronicareinodearagon.com "-" "FeedFetcher-Google; (+http://www.google.com/feedfetcher.html)" "-"
82.165.88.0 - - [08/Feb/2024:14:58:04 +0100] "POST /wp-cron.php?doing_wp_cron=1707400684.1163740158081054687500 HTTP/1.1" 200 - cronicareinodearagon.com "-" "WordPress/6.2.2; https://cronicareinodearagon.com" "-"
185.191.171.0 - - [08/Feb/2024:14:58:09 +0100] "GET /category/sociedad/page/21/ HTTP/1.1" 200 147707 cronicareinodearagon.com "-" "Mozilla/5.0 (compatible; SemrushBot/7~bl; +http://www.semrush.com/bot.html)" "-"
82.165.88.0 - - [08/Feb/2024:14:58:48 +0100] "POST /wp-cron.php?doing_wp_cron=1707400728.2971251010894775390625 HTTP/1.1" 200 - cronicareinodearagon.com "-" "WordPress/6.2.2; https://cronicareinodearagon.com" "-"
54.36.148.0 - - [08/Feb/2024:14:58:48 +0100] "GET /aragon/csif-educacion-protesta-labor-docente/ HTTP/1.1" 200 172580 cronicareinodearagon.com "-" "Mozilla/5.0 (compatible; AhrefsBot/7.0; +http://ahrefs.com/robot/)" "-"
54.36.149.0 - - [08/Feb/2024:14:58:50 +0100] "GET /wp-content/uploads/2022/02/concentracion-csif-educacion-jaen.jpg HTTP/1.1" 200 122486 cronicareinodearagon.com "-" "Mozilla/5.0 (compatible; AhrefsBot/7.0; +http://ahrefs.com/robot/)" "-"
85.208.96.0 - - [08/Feb/2024:14:59:38 +0100] "GET /economia/protesta-trabajadores-santa-barbara-sevilla/ HTTP/1.1" 200 178612 cronicareinodearagon.com "-" "Mozilla/5.0 (compatible; SemrushBot/7~bl; +http://www.semrush.com/bot.html)" "-"
85.208.96.0 - - [08/Feb/2024:15:01:22 +0100] "GET /category/aragon/zaragoza/ HTTP/1.1" 200 29669 cronicareinodearagon.com "-" "Mozilla/5.0 (compatible; SemrushBot/7~bl; +http://www.semrush.com/bot.html)" "-"
184.154.76.0 - - [08/Feb/2024:15:02:08 +0100] "GET / HTTP/1.1" 200 336 www.cronicadeasturias.com "http://www.google.com/url?url=www.cronicadeasturias.com&yahoo.com" "Mozilla/5.0 (compatible; MSIE 9.0; Windows NT 6.1; WOW64; Trident/6.0)" "-"
184.154.76.0 - - [08/Feb/2024:15:02:09 +0100] "GET /th1s_1s_a_4o4.html HTTP/1.1" 404 596 www.cronicadeasturias.com "http://www.google.com/url?url=www.cronicadeasturias.com&yahoo.com" "Mozilla/5.0 (compatible; MSIE 9.0; Windows NT 6.1; WOW64; Trident/6.0)" "-"
184.154.76.0 - - [08/Feb/2024:15:02:10 +0100] "GET /domaincheckresult?__SBMT:d359e110d15:=1&__SYNT:d359e110d15:__CMD(domaincheckresult):RETWRP=domainselect&__SYNT:d359e110d15:__CMD(domaincheckresult):SELWRP=multicheck&__SYNT:d359e110d15:__forcestop=true&__pageflow=Order&__sendingdata=1&linkId=ct.btn.check.default-page-check&multicheck.Domain=1 HTTP/1.1" 404 596 www.cronicadeasturias.com "-" "SiteLockSpider [en] (WinNT; I ;Nav)" "-"
184.154.76.0 - - [08/Feb/2024:15:02:10 +0100] "GET /spicons/templates/defaultsite/es-ES/images/css/main.css HTTP/1.1" 200 486180 www.cronicadeasturias.com "http://www.google.com/url?url=www.cronicadeasturias.com&yahoo.com" "Mozilla/5.0 (compatible; MSIE 9.0; Windows NT 6.1; WOW64; Trident/6.0)" "-"
184.154.76.0 - - [08/Feb/2024:15:02:12 +0100] "GET /spicons/templates/defaultsite/es-ES/images/domain_transfer.svg HTTP/1.1" 200 1201 www.cronicadeasturias.com "http://www.google.com/url?url=www.cronicadeasturias.com&yahoo.com" "Mozilla/5.0 (compatible; MSIE 9.0; Windows NT 6.1; WOW64; Trident/6.0)" "-"
184.154.76.0 - - [08/Feb/2024:15:02:13 +0100] "GET /spicons/templates/defaultsite/es-ES/images/domain.svg HTTP/1.1" 200 2095 www.cronicadeasturias.com "-" "SiteLockSpider [en] (WinNT; I ;Nav)" "-"
184.154.76.0 - - [08/Feb/2024:15:02:13 +0100] "GET /defaultsite HTTP/1.1" 200 18994 www.cronicadeasturias.com "-" "SiteLockSpider [en] (WinNT; I ;Nav)" "-"
184.154.76.0 - - [08/Feb/2024:15:02:16 +0100] "GET /spicons/templates/defaultsite/es-ES/images/ic-world.svg HTTP/1.1" 200 1248 www.cronicadeasturias.com "-" "SiteLockSpider [en] (WinNT; I ;Nav)" "-"
184.154.76.0 - - [08/Feb/2024:15:02:16 +0100] "GET /domaincheckresult?__SBMT:d359e110d15:=1&__SYNT:d359e110d15:__CMD(domaincheckresult):RETWRP=domainselect&__SYNT:d359e110d15:__CMD(domaincheckresult):SELWRP=multicheck&__SYNT:d359e110d15:__forcestop=true&__pageflow=Order&__sendingdata=1&linkId=ct.btn.check.default-page-check&multicheck.Domain=1 HTTP/1.1" 404 596 www.cronicadeasturias.com "-" "SiteLockSpider [en] (WinNT; I ;Nav)" "-"
82.165.88.0 - - [08/Feb/2024:15:02:48 +0100] "POST /wp-cron.php?doing_wp_cron=1707400968.9545760154724121093750 HTTP/1.1" 200 - cronicareinodearagon.com "-" "WordPress/6.2.2; https://cronicareinodearagon.com" "-"
185.191.171.0 - - [08/Feb/2024:15:02:48 +0100] "GET /category/aragon/page/61/ HTTP/1.1" 200 147720 cronicareinodearagon.com "-" "Mozilla/5.0 (compatible; SemrushBot/7~bl; +http://www.semrush.com/bot.html)" "-"
82.165.88.0 - - [08/Feb/2024:15:03:24 +0100] "POST /wp-cron.php?doing_wp_cron=1707401004.4987540245056152343750 HTTP/1.1" 200 - cronicareinodearagon.com "-" "WordPress/6.2.2; https://cronicareinodearagon.com" "-"
74.125.212.0 - - [08/Feb/2024:15:03:24 +0100] "GET /category/economia/feed/ HTTP/1.1" 200 42774 cronicareinodearagon.com "-" "FeedFetcher-Google; (+http://www.google.com/feedfetcher.html)" "-"
82.165.88.0 - - [08/Feb/2024:15:05:34 +0100] "POST /wp-cron.php?doing_wp_cron=1707401134.3946430683135986328125 HTTP/1.1" 200 - cronicareinodearagon.com "-" "WordPress/6.2.2; https://cronicareinodearagon.com" "-"
185.191.171.0 - - [08/Feb/2024:15:05:34 +0100] "GET /aragon/cientos-de-enfermeras-y-fisioterapeutas-de-andalucia-exigen-a-la-junta-acabar-con-el-deterioro-y-precariedad-en-atencion-primaria/ HTTP/1.1" 200 35531 cronicareinodearagon.com "-" "Mozilla/5.0 (compatible; SemrushBot/7~bl; +http://www.semrush.com/bot.html)" "-"
82.165.88.0 - - [08/Feb/2024:15:08:12 +0100] "POST /wp-cron.php?doing_wp_cron=1707401292.5990140438079833984375 HTTP/1.1" 200 - cronicareinodearagon.com "-" "WordPress/6.2.2; https://cronicareinodearagon.com" "-"
85.208.96.0 - - [08/Feb/2024:15:08:12 +0100] "GET /aragon/nuevo-gerente-sas-sindicatos/ HTTP/1.1" 200 162663 cronicareinodearagon.com "-" "Mozilla/5.0 (compatible; SemrushBot/7~bl; +http://www.semrush.com/bot.html)" "-"
82.165.88.0 - - [08/Feb/2024:15:09:43 +0100] "POST /wp-cron.php?doing_wp_cron=1707401383.8186950683593750000000 HTTP/1.1" 200 - cronicareinodearagon.com "-" "WordPress/6.2.2; https://cronicareinodearagon.com" "-"
85.208.96.0 - - [08/Feb/2024:15:09:43 +0100] "GET /sociedad/regeneracion-playas-almeria-temporal/ HTTP/1.1" 200 169171 cronicareinodearagon.com "-" "Mozilla/5.0 (compatible; SemrushBot/7~bl; +http://www.semrush.com/bot.html)" "-"
82.165.88.0 - - [08/Feb/2024:15:10:44 +0100] "POST /wp-cron.php?doing_wp_cron=1707401444.3680119514465332031250 HTTP/1.1" 200 - cronicareinodearagon.com "-" "WordPress/6.2.2; https://cronicareinodearagon.com" "-"
85.208.96.0 - - [08/Feb/2024:15:10:44 +0100] "GET /aragon/smith-insta-juanma-elecciones/ HTTP/1.1" 200 162087 cronicareinodearagon.com "-" "Mozilla/5.0 (compatible; SemrushBot/7~bl; +http://www.semrush.com/bot.html)" "-"
82.165.88.0 - - [08/Feb/2024:15:13:21 +0100] "POST /wp-cron.php?doing_wp_cron=1707401601.7582778930664062500000 HTTP/1.1" 200 - cronicareinodearagon.com "-" "WordPress/6.2.2; https://cronicareinodearagon.com" "-"
74.125.212.0 - - [08/Feb/2024:15:13:21 +0100] "GET /category/economia/feed/ HTTP/1.1" 200 42774 cronicareinodearagon.com "-" "FeedFetcher-Google; (+http://www.google.com/feedfetcher.html)" "-"
54.36.148.0 - - [08/Feb/2024:15:13:39 +0100] "GET /aragon/facua-movilizaciones-defensa-sanidad-publica/ HTTP/1.1" 200 164822 cronicareinodearagon.com "-" "Mozilla/5.0 (compatible; AhrefsBot/7.0; +http://ahrefs.com/robot/)" "-"
82.165.88.0 - - [08/Feb/2024:15:13:44 +0100] "POST /wp-cron.php?doing_wp_cron=1707401624.9411389827728271484375 HTTP/1.1" 200 - cronicareinodearagon.com "-" "WordPress/6.2.2; https://cronicareinodearagon.com" "-"
144.172.73.0 - - [08/Feb/2024:15:13:44 +0100] "POST /xmlrpc.php HTTP/1.1" 200 416 cronicareinodearagon.com "-" "Mozilla/5.0 (X11; Linux x86_64) AppleWebKit/537.36 (KHTML, like Gecko) Chrome/72.0.3626.121 Safari/537.36" "-"
144.172.73.0 - - [08/Feb/2024:15:13:45 +0100] "POST /xmlrpc.php HTTP/1.1" 200 416 cronicareinodearagon.com "-" "Mozilla/5.0 (X11; Linux x86_64) AppleWebKit/537.36 (KHTML, like Gecko) Chrome/72.0.3626.121 Safari/537.36" "-"
144.172.73.0 - - [08/Feb/2024:15:13:46 +0100] "POST /xmlrpc.php HTTP/1.1" 403 775 cronicareinodearagon.com "-" "Mozilla/5.0 (X11; Linux x86_64) AppleWebKit/537.36 (KHTML, like Gecko) Chrome/72.0.3626.121 Safari/537.36" "-"
144.172.73.0 - - [08/Feb/2024:15:13:47 +0100] "POST /xmlrpc.php HTTP/1.1" 403 775 cronicareinodearagon.com "-" "Mozilla/5.0 (X11; Linux x86_64) AppleWebKit/537.36 (KHTML, like Gecko) Chrome/72.0.3626.121 Safari/537.36" "-"
144.172.73.0 - - [08/Feb/2024:15:13:48 +0100] "POST /xmlrpc.php HTTP/1.1" 403 775 cronicareinodearagon.com "-" "Mozilla/5.0 (X11; Linux x86_64) AppleWebKit/537.36 (KHTML, like Gecko) Chrome/72.0.3626.121 Safari/537.36" "-"
74.125.209.0 - - [08/Feb/2024:15:15:44 +0100] "GET /category/sociedad/feed/ HTTP/1.1" 200 51420 cronicareinodearagon.com "-" "FeedFetcher-Google; (+http://www.google.com/feedfetcher.html)" "-"
82.165.88.0 - - [08/Feb/2024:15:15:45 +0100] "POST /wp-cron.php?doing_wp_cron=1707401744.9708518981933593750000 HTTP/1.1" 200 - cronicareinodearagon.com "-" "WordPress/6.2.2; https://cronicareinodearagon.com" "-"
82.165.88.0 - - [08/Feb/2024:15:17:36 +0100] "POST /wp-cron.php?doing_wp_cron=1707401856.7854640483856201171875 HTTP/1.1" 200 - cronicareinodearagon.com "-" "WordPress/6.2.2; https://cronicareinodearagon.com" "-"
74.125.209.0 - - [08/Feb/2024:15:17:36 +0100] "GET /category/sociedad/feed/ HTTP/1.1" 200 51420 cronicareinodearagon.com "-" "FeedFetcher-Google; (+http://www.google.com/feedfetcher.html)" "-"
82.165.88.0 - - [08/Feb/2024:15:18:56 +0100] "POST /wp-cron.php?doing_wp_cron=1707401936.6808550357818603515625 HTTP/1.1" 200 - cronicareinodearagon.com "-" "WordPress/6.2.2; https://cronicareinodearagon.com" "-"
85.208.96.0 - - [08/Feb/2024:15:18:56 +0100] "GET /politica/uso-partidista-bonilla-junta-andalucia/ HTTP/1.1" 200 168409 cronicareinodearagon.com "-" "Mozilla/5.0 (compatible; SemrushBot/7~bl; +http://www.semrush.com/bot.html)" "-"
82.165.88.0 - - [08/Feb/2024:15:29:43 +0100] "POST /wp-cron.php?doing_wp_cron=1707402583.8260269165039062500000 HTTP/1.1" 200 - cronicareinodearagon.com "-" "WordPress/6.2.2; https://cronicareinodearagon.com" "-"
85.208.96.0 - - [08/Feb/2024:15:29:43 +0100] "GET /aragon/espadas-moreno-psoe-inflacion-economia-andalucia/ HTTP/1.1" 200 161837 cronicareinodearagon.com "-" "Mozilla/5.0 (compatible; SemrushBot/7~bl; +http://www.semrush.com/bot.html)" "-"
185.191.171.0 - - [08/Feb/2024:15:31:11 +0100] "GET /aragon/violencia-genero-machismo-andalucia-viogen-ayuntamientos/ HTTP/1.1" 200 166983 cronicareinodearagon.com "-" "Mozilla/5.0 (compatible; SemrushBot/7~bl; +http://www.semrush.com/bot.html)" "-"
82.165.88.0 - - [08/Feb/2024:15:31:12 +0100] "POST /wp-cron.php?doing_wp_cron=1707402672.0644030570983886718750 HTTP/1.1" 200 - cronicareinodearagon.com "-" "WordPress/6.2.2; https://cronicareinodearagon.com" "-"
185.191.171.0 - - [08/Feb/2024:15:31:33 +0100] "GET /politica/estudio-elplural-com-elecciones-victoria-psoe/ HTTP/1.1" 200 162352 cronicareinodearagon.com "-" "Mozilla/5.0 (compatible; SemrushBot/7~bl; +http://www.semrush.com/bot.html)" "-"
82.165.88.0 - - [08/Feb/2024:15:32:55 +0100] "POST /wp-cron.php?doing_wp_cron=1707402775.9396469593048095703125 HTTP/1.1" 200 - cronicareinodearagon.com "-" "WordPress/6.2.2; https://cronicareinodearagon.com" "-"
185.191.171.0 - - [08/Feb/2024:15:32:55 +0100] "GET /aragon/gobierno-junta-rebaja-transporte-publico/ HTTP/1.1" 200 166373 cronicareinodearagon.com "-" "Mozilla/5.0 (compatible; SemrushBot/7~bl; +http://www.semrush.com/bot.html)" "-"
82.165.88.0 - - [08/Feb/2024:15:36:39 +0100] "POST /wp-cron.php?doing_wp_cron=1707402999.8130600452423095703125 HTTP/1.1" 200 - cronicareinodearagon.com "-" "WordPress/6.2.2; https://cronicareinodearagon.com" "-"
85.208.96.0 - - [08/Feb/2024:15:36:39 +0100] "GET /sociedad/vuelve-la-feria-de-sevilla/ HTTP/1.1" 200 164516 cronicareinodearagon.com "-" "Mozilla/5.0 (compatible; SemrushBot/7~bl; +http://www.semrush.com/bot.html)" "-"
185.191.171.0 - - [08/Feb/2024:15:37:34 +0100] "GET /aragon/csif-andalucia-dignificacion-profesorado/ HTTP/1.1" 200 167446 cronicareinodearagon.com "-" "Mozilla/5.0 (compatible; SemrushBot/7~bl; +http://www.semrush.com/bot.html)" "-"
82.165.88.0 - - [08/Feb/2024:15:37:35 +0100] "POST /wp-cron.php?doing_wp_cron=1707403055.0469520092010498046875 HTTP/1.1" 200 - cronicareinodearagon.com "-" "WordPress/6.2.2; https://cronicareinodearagon.com" "-"
3.253.79.0 - - [08/Feb/2024:15:37:46 +0100] "GET /robots.txt HTTP/1.1" 200 188 cronicadearagon.com "-" "Pandalytics/1.0 (https://domainsbot.com/pandalytics/)" "-"
3.253.79.0 - - [08/Feb/2024:15:37:46 +0100] "GET / HTTP/1.1" 200 336 cronicadearagon.com "-" "Pandalytics/1.0 (https://domainsbot.com/pandalytics/)" "-"
185.191.171.0 - - [08/Feb/2024:15:39:13 +0100] "GET /aragon/juanma-moreno-andalucia-elecciones-pp-vox-psoe-podemos/ HTTP/1.1" 200 36224 cronicareinodearagon.com "-" "Mozilla/5.0 (compatible; SemrushBot/7~bl; +http://www.semrush.com/bot.html)" "-"
82.165.88.0 - - [08/Feb/2024:15:39:14 +0100] "POST /wp-cron.php?doing_wp_cron=1707403154.0467948913574218750000 HTTP/1.1" 200 - cronicareinodearagon.com "-" "WordPress/6.2.2; https://cronicareinodearagon.com" "-"
82.165.88.0 - - [08/Feb/2024:15:41:21 +0100] "POST /wp-cron.php?doing_wp_cron=1707403281.7471649646759033203125 HTTP/1.1" 200 - cronicareinodearagon.com "-" "WordPress/6.2.2; https://cronicareinodearagon.com" "-"
185.191.171.0 - - [08/Feb/2024:15:41:21 +0100] "GET /aragon/policia-nacional-detiene-profesor-secundaria-pederasta/ HTTP/1.1" 200 160790 cronicareinodearagon.com "-" "Mozilla/5.0 (compatible; SemrushBot/7~bl; +http://www.semrush.com/bot.html)" "-"
185.191.171.0 - - [08/Feb/2024:15:41:28 +0100] "GET /aragon/csif-pide-junta-andalucia-purificadores-ffp2-test/ HTTP/1.1" 200 169455 cronicareinodearagon.com "-" "Mozilla/5.0 (compatible; SemrushBot/7~bl; +http://www.semrush.com/bot.html)" "-"
82.165.88.0 - - [08/Feb/2024:15:43:13 +0100] "POST /wp-cron.php?doing_wp_cron=1707403393.8834059238433837890625 HTTP/1.1" 200 - cronicareinodearagon.com "-" "WordPress/6.2.2; https://cronicareinodearagon.com" "-"
185.191.171.0 - - [08/Feb/2024:15:43:13 +0100] "GET /aragon/sanchez-sevilla-campana-psoe-andalucia-gobierno-gente/ HTTP/1.1" 200 165067 cronicareinodearagon.com "-" "Mozilla/5.0 (compatible; SemrushBot/7~bl; +http://www.semrush.com/bot.html)" "-"
82.165.88.0 - - [08/Feb/2024:15:46:52 +0100] "POST /wp-cron.php?doing_wp_cron=1707403612.5447959899902343750000 HTTP/1.1" 200 - cronicareinodearagon.com "-" "WordPress/6.2.2; https://cronicareinodearagon.com" "-"
165.227.200.0 - - [08/Feb/2024:15:46:52 +0100] "POST /xmlrpc.php HTTP/1.1" 200 416 cronicareinodearagon.com "-" "Mozilla/5.0 (Windows NT 6.1; Win64; x64) AppleWebKit/537.36 (KHTML, like Gecko) Chrome/63.0.3239.132 Safari/537.36" "-"
211.72.207.0 - - [08/Feb/2024:15:46:53 +0100] "POST /xmlrpc.php HTTP/1.1" 200 416 cronicareinodearagon.com "-" "Mozilla/5.0 (Windows NT 6.0; rv:34.0) Gecko/20100101 Firefox/34.0" "-"
72.167.253.0 - - [08/Feb/2024:15:46:56 +0100] "POST /xmlrpc.php HTTP/1.1" 200 416 cronicareinodearagon.com "-" "Mozilla/5.0 (Linux; Android 10) AppleWebKit/537.36 (KHTML, like Gecko) Chrome/91.0.4472.114 Mobile Safari/537.36" "-"
165.227.200.0 - - [08/Feb/2024:15:47:01 +0100] "POST /xmlrpc.php HTTP/1.1" 200 416 cronicareinodearagon.com "-" "Mozilla/5.0 (X11; Linux x86_64) AppleWebKit/537.36 (KHTML, like Gecko) Chrome/44.0.2403.157 Safari/537.36" "-"
97.74.204.0 - - [08/Feb/2024:15:47:01 +0100] "POST /xmlrpc.php HTTP/1.1" 200 416 cronicareinodearagon.com "-" "Mozilla/5.0 (iPad; CPU OS 14_6 like Mac OS X) AppleWebKit/605.1.15 (KHTML, like Gecko) CriOS/91.0.4472.80 Mobile/15E148 Safari/604.1" "-"
188.166.0.0 - - [08/Feb/2024:15:47:01 +0100] "POST /xmlrpc.php HTTP/1.1" 200 416 cronicareinodearagon.com "-" "Mozilla/5.0 (Windows NT 6.1; Win64; x64) AppleWebKit/537.36 (KHTML, like Gecko) Chrome/74.0.3729.169 Safari/537.36" "-"
62.221.197.0 - - [08/Feb/2024:15:47:05 +0100] "POST /xmlrpc.php HTTP/1.1" 200 416 cronicareinodearagon.com "-" "Mozilla/5.0 (Windows; U; Windows NT 5.1; en-US; rv:1.7.12) Gecko/20050915 Firefox/1.0.7" "-"
2a03:4000:: - - [08/Feb/2024:15:47:15 +0100] "POST /xmlrpc.php HTTP/1.1" 200 416 cronicareinodearagon.com "-" "Mozilla/5.0 (Windows NT 5.1; Win64; x64) AppleWebKit/537.36 (KHTML, like Gecko) Chrome/60.0.3112.90 Safari/537.36" "-"
176.9.7.0 - - [08/Feb/2024:15:47:16 +0100] "POST /xmlrpc.php HTTP/1.1" 200 416 cronicareinodearagon.com "-" "Mozilla/5.0 (Windows NT 10.0; WOW64; rv:52.0) Gecko/20100101 Firefox/52.0" "-"
213.230.127.0 - - [08/Feb/2024:15:47:18 +0100] "POST /xmlrpc.php HTTP/1.1" 200 416 cronicareinodearagon.com "-" "Mozilla/5.0 (Windows; U; Windows NT 5.1; en-US; rv:1.7.10) Gecko/20050716 Firefox/1.0.6" "-"
2a01:7c8:aa00:: - - [08/Feb/2024:15:47:28 +0100] "POST /xmlrpc.php HTTP/1.1" 200 416 cronicareinodearagon.com "-" "Mozilla/5.0 (Linux; Android 10; SM-A102U) AppleWebKit/537.36 (KHTML, like Gecko) Chrome/91.0.4472.114 Mobile Safari/537.36" "-"
91.134.248.0 - - [08/Feb/2024:15:47:36 +0100] "POST /xmlrpc.php HTTP/1.1" 200 416 cronicareinodearagon.com "-" "Mozilla/5.0 (Windows NT 10.0; Win64; x64) AppleWebKit/537.36 (KHTML, like Gecko) Chrome/74.0.3729.131 Safari/537.36" "-"
82.165.88.0 - - [08/Feb/2024:15:49:35 +0100] "POST /wp-cron.php?doing_wp_cron=1707403775.8529410362243652343750 HTTP/1.1" 200 - cronicareinodearagon.com "-" "WordPress/6.2.2; https://cronicareinodearagon.com" "-"
185.191.171.0 - - [08/Feb/2024:15:49:35 +0100] "GET /robots.txt HTTP/1.1" 200 202 cronicareinodearagon.com "-" "Mozilla/5.0 (compatible; SemrushBot/7~bl; +http://www.semrush.com/bot.html)" "-"
85.208.96.0 - - [08/Feb/2024:15:49:38 +0100] "GET /politica/putin-amenaza-a-la-ue-y-dice-que-ahora-son-parte-del-conflicto-por-entrenar-a-militares-ucranianos/ HTTP/1.1" 200 159746 cronicareinodearagon.com "-" "Mozilla/5.0 (compatible; SemrushBot/7~bl; +http://www.semrush.com/bot.html)" "-"
74.125.212.0 - - [08/Feb/2024:15:49:44 +0100] "GET /category/economia/feed/ HTTP/1.1" 200 42774 cronicareinodearagon.com "-" "FeedFetcher-Google; (+http://www.google.com/feedfetcher.html)" "-"
82.165.88.0 - - [08/Feb/2024:15:49:45 +0100] "POST /wp-cron.php?doing_wp_cron=1707403785.1422719955444335937500 HTTP/1.1" 200 - cronicareinodearagon.com "-" "WordPress/6.2.2; https://cronicareinodearagon.com" "-"
51.254.213.0 - - [08/Feb/2024:15:53:04 +0100] "GET /index.php?t3 HTTP/1.1" 300 534 cronicadesevilla.com "cronicadesevilla.com" "Mozilla/5.0 (Windows NT 6.1; Win64; x64) AppleWebKit/537.36 (KHTML, like Gecko) Chrome/242.02.8301.120 Safari/537.36" "-"
82.165.88.0 - - [08/Feb/2024:15:53:28 +0100] "POST /wp-cron.php?doing_wp_cron=1707404008.7637219429016113281250 HTTP/1.1" 200 - cronicareinodearagon.com "-" "WordPress/6.2.2; https://cronicareinodearagon.com" "-"
185.191.171.0 - - [08/Feb/2024:15:53:28 +0100] "GET /economia/rebaja-iva-luz-10-5/ HTTP/1.1" 200 163194 cronicareinodearagon.com "-" "Mozilla/5.0 (compatible; SemrushBot/7~bl; +http://www.semrush.com/bot.html)" "-"
51.254.213.0 - - [08/Feb/2024:15:53:29 +0100] "GET /index.php?t2 HTTP/1.1" 300 534 cronicadesevilla.com "cronicadesevilla.com" "Mozilla/5.0 (Windows NT 6.1; Win64; x64) AppleWebKit/537.36 (KHTML, like Gecko) Chrome/242.02.8301.120 Safari/537.36" "-"
51.254.213.0 - - [08/Feb/2024:15:53:47 +0100] "GET /index.php?t1 HTTP/1.1" 300 534 cronicadesevilla.com "cronicadesevilla.com" "Mozilla/5.0 (Windows NT 6.1; Win64; x64) AppleWebKit/537.36 (KHTML, like Gecko) Chrome/242.02.8301.120 Safari/537.36" "-"
85.208.96.0 - - [08/Feb/2024:15:54:24 +0100] "GET /aragon/sevilla-grita-auge-sanidad-privada-andalucia/ HTTP/1.1" 200 167562 cronicareinodearagon.com "-" "Mozilla/5.0 (compatible; SemrushBot/7~bl; +http://www.semrush.com/bot.html)" "-"
82.165.88.0 - - [08/Feb/2024:15:54:25 +0100] "POST /wp-cron.php?doing_wp_cron=1707404064.9959869384765625000000 HTTP/1.1" 200 - cronicareinodearagon.com "-" "WordPress/6.2.2; https://cronicareinodearagon.com" "-"
185.191.171.0 - - [08/Feb/2024:15:58:11 +0100] "GET /sociedad/cordoba-mayo-festivo-cruces/ HTTP/1.1" 200 159175 cronicareinodearagon.com "-" "Mozilla/5.0 (compatible; SemrushBot/7~bl; +http://www.semrush.com/bot.html)" "-"
82.165.88.0 - - [08/Feb/2024:15:58:12 +0100] "POST /wp-cron.php?doing_wp_cron=1707404291.9862940311431884765625 HTTP/1.1" 200 - cronicareinodearagon.com "-" "WordPress/6.2.2; https://cronicareinodearagon.com" "-"
185.191.171.0 - - [08/Feb/2024:16:02:26 +0100] "GET /aragon/asaja-coag-cooperativas-agrolimentarias-manifestacion-sevilla/ HTTP/1.1" 200 169362 cronicareinodearagon.com "-" "Mozilla/5.0 (compatible; SemrushBot/7~bl; +http://www.semrush.com/bot.html)" "-"
82.165.88.0 - - [08/Feb/2024:16:02:27 +0100] "POST /wp-cron.php?doing_wp_cron=1707404547.0408549308776855468750 HTTP/1.1" 200 - cronicareinodearagon.com "-" "WordPress/6.2.2; https://cronicareinodearagon.com" "-"
82.165.88.0 - - [08/Feb/2024:16:04:30 +0100] "POST /wp-cron.php?doing_wp_cron=1707404670.8350200653076171875000 HTTP/1.1" 200 - cronicareinodearagon.com "-" "WordPress/6.2.2; https://cronicareinodearagon.com" "-"
185.191.171.0 - - [08/Feb/2024:16:04:30 +0100] "GET /aragon/cerdan-afirma-psoea-preparado-elecciones-andaluzas/ HTTP/1.1" 200 159862 cronicareinodearagon.com "-" "Mozilla/5.0 (compatible; SemrushBot/7~bl; +http://www.semrush.com/bot.html)" "-"
40.77.167.0 - - [08/Feb/2024:16:12:49 +0100] "GET /sociedad/fallece-atropello-bebe-elpuerto/ HTTP/1.1" 200 157432 cronicareinodearagon.com "-" "Mozilla/5.0 AppleWebKit/537.36 (KHTML, like Gecko; compatible; bingbot/2.0; +http://www.bing.com/bingbot.htm) Chrome/116.0.1938.76 Safari/537.36" "-"
82.165.88.0 - - [08/Feb/2024:16:12:50 +0100] "POST /wp-cron.php?doing_wp_cron=1707405170.3318879604339599609375 HTTP/1.1" 200 - cronicareinodearagon.com "-" "WordPress/6.2.2; https://cronicareinodearagon.com" "-"
185.191.171.0 - - [08/Feb/2024:16:13:16 +0100] "GET /wp-comments-post.php HTTP/1.1" 405 - cronicareinodearagon.com "-" "Mozilla/5.0 (compatible; SemrushBot/7~bl; +http://www.semrush.com/bot.html)" "-"
82.165.88.0 - - [08/Feb/2024:16:15:56 +0100] "POST /wp-cron.php?doing_wp_cron=1707405356.3139119148254394531250 HTTP/1.1" 200 - cronicareinodearagon.com "-" "WordPress/6.2.2; https://cronicareinodearagon.com" "-"
183.199.120.0 - - [08/Feb/2024:16:15:56 +0100] "GET / HTTP/1.1" 200 41661 cronicareinodearagon.com "-" "Mozilla/5.0 (X11; Linux x86_64; rv:48.0) Gecko/20100101 Firefox/48.0" "-"
183.199.120.0 - - [08/Feb/2024:16:15:58 +0100] "GET /wp-content/uploads/2022/10/CABECERA-CrAra_MOVIL.png HTTP/1.1" 200 3014 cronicareinodearagon.com "-" "Go-http-client/1.1" "-"
183.199.120.0 - - [08/Feb/2024:16:15:58 +0100] "GET /wp-content/themes/jnews/assets/css/elementor-frontend.css?ver=10.7.9 HTTP/1.1" 200 681 cronicareinodearagon.com "-" "Go-http-client/1.1" "-"
183.199.120.0 - - [08/Feb/2024:16:15:58 +0100] "GET /wp-includes/js/jquery/jquery.min.js?ver=3.6.4 HTTP/1.1" 200 89815 cronicareinodearagon.com "-" "Go-http-client/1.1" "-"
183.199.120.0 - - [08/Feb/2024:16:15:59 +0100] "GET /category/economia/ HTTP/1.1" 200 146955 cronicareinodearagon.com "-" "Go-http-client/1.1" "-"
183.199.120.0 - - [08/Feb/2024:16:16:02 +0100] "GET /aragon/astic-reconocimiento-carreras-grupo/ HTTP/1.1" 200 158291 cronicareinodearagon.com "-" "Go-http-client/1.1" "-"
183.199.120.0 - - [08/Feb/2024:16:16:03 +0100] "GET / HTTP/1.1" 200 319420 cronicareinodearagon.com "-" "Go-http-client/1.1" "-"
183.199.120.0 - - [08/Feb/2024:16:16:03 +0100] "GET /aragon/avance-participacion-elecciones-aragon/ HTTP/1.1" 200 166811 cronicareinodearagon.com "-" "Go-http-client/1.1" "-"
183.199.120.0 - - [08/Feb/2024:16:16:04 +0100] "GET /wp-content/themes/jnews/assets/img/jeg-empty.png HTTP/1.1" 200 70 cronicareinodearagon.com "-" "Go-http-client/1.1" "-"
183.199.120.0 - - [08/Feb/2024:16:16:04 +0100] "GET /wp-content/plugins/complianz-gdpr/cookiebanner/js/complianz.min.js?ver=6.4.4 HTTP/1.1" 200 40180 cronicareinodearagon.com "-" "Go-http-client/1.1" "-"
183.199.120.0 - - [08/Feb/2024:16:16:05 +0100] "GET /wp-includes/css/dist/block-library/style.min.css?ver=6.2.2 HTTP/1.1" 200 97517 cronicareinodearagon.com "-" "Go-http-client/1.1" "-"
183.199.120.0 - - [08/Feb/2024:16:16:05 +0100] "GET /wp-content/plugins/elementor/assets/lib/eicons/css/elementor-icons.min.css?ver=5.21.0 HTTP/1.1" 200 19488 cronicareinodearagon.com "-" "Go-http-client/1.1" "-"
183.199.120.0 - - [08/Feb/2024:16:16:06 +0100] "GET /category/educacion/ HTTP/1.1" 200 146946 cronicareinodearagon.com "-" "Go-http-client/1.1" "-"
183.199.120.0 - - [08/Feb/2024:16:16:07 +0100] "GET /america/el-templo-de-los-mercaderes/ HTTP/1.1" 200 179284 cronicareinodearagon.com "-" "Go-http-client/1.1" "-"
183.199.120.0 - - [08/Feb/2024:16:16:08 +0100] "GET /wp-content/plugins/elementor/assets/js/frontend.min.js?ver=3.15.2 HTTP/1.1" 200 40746 cronicareinodearagon.com "-" "Go-http-client/1.1" "-"
183.199.120.0 - - [08/Feb/2024:16:16:09 +0100] "GET /wp-content/plugins/complianz-gdpr/assets/css/cookieblocker.min.css?ver=6.4.4 HTTP/1.1" 200 2741 cronicareinodearagon.com "-" "Go-http-client/1.1" "-"
183.199.120.0 - - [08/Feb/2024:16:16:09 +0100] "GET /wp-content/themes/jnews/data/import/newspaper/scheme.css?ver=10.7.9 HTTP/1.1" 200 5700 cronicareinodearagon.com "-" "Go-http-client/1.1" "-"
183.199.120.0 - - [08/Feb/2024:16:16:09 +0100] "GET /category/aragon/zaragoza/ HTTP/1.1" 200 148386 cronicareinodearagon.com "-" "Go-http-client/1.1" "-"
183.199.120.0 - - [08/Feb/2024:16:16:11 +0100] "GET /wp-includes/js/jquery/ui/core.min.js?ver=1.13.2 HTTP/1.1" 200 21438 cronicareinodearagon.com "-" "Go-http-client/1.1" "-"
183.199.120.0 - - [08/Feb/2024:16:16:11 +0100] "GET /category/aragon/huesca/ HTTP/1.1" 200 147255 cronicareinodearagon.com "-" "Go-http-client/1.1" "-"
183.199.120.0 - - [08/Feb/2024:16:16:14 +0100] "GET /america/lula-da-silva-apoyo-vinicius-ataques-racistas/ HTTP/1.1" 200 162437 cronicareinodearagon.com "-" "Go-http-client/1.1" "-"
183.199.120.0 - - [08/Feb/2024:16:16:17 +0100] "GET /aragon/fima-digital-jornada-maquinaria-agricola/ HTTP/1.1" 200 161979 cronicareinodearagon.com "-" "Go-http-client/1.1" "-"
183.199.120.0 - - [08/Feb/2024:16:16:19 +0100] "GET /aviso-legal/ HTTP/1.1" 200 141212 cronicareinodearagon.com "-" "Go-http-client/1.1" "-"
183.199.120.0 - - [08/Feb/2024:16:16:20 +0100] "GET /wp-content/plugins/elementor/assets/js/webpack.runtime.min.js?ver=3.15.2 HTTP/1.1" 200 4958 cronicareinodearagon.com "-" "Go-http-client/1.1" "-"
183.199.120.0 - - [08/Feb/2024:16:16:22 +0100] "GET /wp-content/uploads/2022/10/CABECERA-CrAra_MOVIL-1.png HTTP/1.1" 200 3014 cronicareinodearagon.com "-" "Go-http-client/1.1" "-"
183.199.120.0 - - [08/Feb/2024:16:16:23 +0100] "GET /wp-content/uploads/2023/05/resultados-autonomicas-aragon-750x375.jpg HTTP/1.1" 200 19010 cronicareinodearagon.com "-" "Go-http-client/1.1" "-"
183.199.120.0 - - [08/Feb/2024:16:16:23 +0100] "GET /educacion/practicas-estudiantes-internacionales-medio-rural/ HTTP/1.1" 200 163088 cronicareinodearagon.com "-" "Go-http-client/1.1" "-"
183.199.120.0 - - [08/Feb/2024:16:16:24 +0100] "GET /aragon/aragon-vacunacion-neumococo-junio/ HTTP/1.1" 200 161597 cronicareinodearagon.com "-" "Go-http-client/1.1" "-"
183.199.120.0 - - [08/Feb/2024:16:16:25 +0100] "GET /wp-content/plugins/elementor/assets/js/frontend-modules.min.js?ver=3.15.2 HTTP/1.1" 200 56154 cronicareinodearagon.com "-" "Go-http-client/1.1" "-"
183.199.120.0 - - [08/Feb/2024:16:16:26 +0100] "GET /politica-de-cookies-ue/ HTTP/1.1" 200 155993 cronicareinodearagon.com "-" "Go-http-client/1.1" "-"
183.199.120.0 - - [08/Feb/2024:16:16:28 +0100] "GET /aragon/nuevo-programa-de-aceleracion-gratuito-para-empresas-innovadoras/ HTTP/1.1" 200 164859 cronicareinodearagon.com "-" "Go-http-client/1.1" "-"
183.199.120.0 - - [08/Feb/2024:16:16:29 +0100] "GET /aragon/el-gobierno-de-aragon-impulsa-nueve-proyectos-empresariales-de-id-en-sector-farmaceutico-y-movilidad-sostenible/ HTTP/1.1" 200 168326 cronicareinodearagon.com "-" "Go-http-client/1.1" "-"
183.199.120.0 - - [08/Feb/2024:16:16:30 +0100] "GET /wp-content/plugins/elementor/assets/lib/swiper/css/swiper.min.css?ver=5.3.6 HTTP/1.1" 200 12876 cronicareinodearagon.com "-" "Go-http-client/1.1" "-"
183.199.120.0 - - [08/Feb/2024:16:16:30 +0100] "GET /aragon/segundo-avance-participacion-elecciones-aragon/ HTTP/1.1" 200 166437 cronicareinodearagon.com "-" "Go-http-client/1.1" "-"
183.199.120.0 - - [08/Feb/2024:16:16:31 +0100] "GET /sociedad/planta-transferencia-residuos-quinto-ecoprovincia-zaragoza/ HTTP/1.1" 200 168366 cronicareinodearagon.com "-" "Go-http-client/1.1" "-"
183.199.120.0 - - [08/Feb/2024:16:16:32 +0100] "GET /wp-content/plugins/elementor/assets/lib/waypoints/waypoints.min.js?ver=4.0.2 HTTP/1.1" 200 12198 cronicareinodearagon.com "-" "Go-http-client/1.1" "-"
183.199.120.0 - - [08/Feb/2024:16:16:32 +0100] "GET /wp-content/themes/jnews/assets/css/darkmode.css?ver=10.7.9 HTTP/1.1" 200 46766 cronicareinodearagon.com "-" "Go-http-client/1.1" "-"
183.199.120.0 - - [08/Feb/2024:16:16:33 +0100] "GET /category/america/ HTTP/1.1" 200 138278 cronicareinodearagon.com "-" "Go-http-client/1.1" "-"
183.199.120.0 - - [08/Feb/2024:16:16:33 +0100] "GET /wp-includes/js/hoverIntent.min.js?ver=1.10.2 HTTP/1.1" 200 1499 cronicareinodearagon.com "-" "Go-http-client/1.1" "-"
183.199.120.0 - - [08/Feb/2024:16:16:34 +0100] "GET /wp-includes/js/imagesloaded.min.js?ver=4.1.4 HTTP/1.1" 200 5629 cronicareinodearagon.com "-" "Go-http-client/1.1" "-"
183.199.120.0 - - [08/Feb/2024:16:16:38 +0100] "GET /wp-includes/js/comment-reply.min.js?ver=6.2.2 HTTP/1.1" 200 2981 cronicareinodearagon.com "-" "Go-http-client/1.1" "-"
183.199.120.0 - - [08/Feb/2024:16:16:39 +0100] "GET /wp-content/plugins/metronet-profile-picture/dist/blocks.style.build.css?ver=2.6.0 HTTP/1.1" 200 27760 cronicareinodearagon.com "-" "Go-http-client/1.1" "-"
183.199.120.0 - - [08/Feb/2024:16:16:39 +0100] "GET /wp-content/plugins/elementor/assets/css/frontend-lite.min.css?ver=3.15.2 HTTP/1.1" 200 111754 cronicareinodearagon.com "-" "Go-http-client/1.1" "-"
