74.80.182.0 - - [08/Feb/2024:16:58:42 +0100] "GET /M1.php HTTP/1.1" 404 596 cronicadevalencia.com "-" "Mozilla/5.0 (Windows NT 10.0; Win64; x64; rv:79.0) Gecko/20100101 Firefox/79.0" "-"
74.80.182.0 - - [08/Feb/2024:16:58:53 +0100] "GET /.well-known/ HTTP/1.1" 300 506 cronicadevalencia.com "-" "Mozilla/5.0 (Windows NT 6.3; Win64; x64; rv:73.0) Gecko/20100101 Firefox/73.0" "-"
185.191.171.0 - - [08/Feb/2024:16:59:36 +0100] "GET /category/politica/page/30/ HTTP/1.1" 200 147588 cronicareinodearagon.com "-" "Mozilla/5.0 (compatible; SemrushBot/7~bl; +http://www.semrush.com/bot.html)" "-"
82.165.88.0 - - [08/Feb/2024:16:59:37 +0100] "POST /wp-cron.php?doing_wp_cron=1707407977.1177799701690673828125 HTTP/1.1" 200 - cronicareinodearagon.com "-" "WordPress/6.2.2; https://cronicareinodearagon.com" "-"
74.125.212.0 - - [08/Feb/2024:16:59:54 +0100] "GET /category/economia/feed/ HTTP/1.1" 200 42774 cronicareinodearagon.com "-" "FeedFetcher-Google; (+http://www.google.com/feedfetcher.html)" "-"
82.165.88.0 - - [08/Feb/2024:16:59:55 +0100] "POST /wp-cron.php?doing_wp_cron=1707407995.1282219886779785156250 HTTP/1.1" 200 - cronicareinodearagon.com "-" "WordPress/6.2.2; https://cronicareinodearagon.com" "-"
74.125.212.0 - - [08/Feb/2024:17:04:21 +0100] "GET /category/economia/feed/ HTTP/1.1" 200 42774 cronicareinodearagon.com "-" "FeedFetcher-Google; (+http://www.google.com/feedfetcher.html)" "-"
82.165.88.0 - - [08/Feb/2024:17:04:22 +0100] "POST /wp-cron.php?doing_wp_cron=1707408262.2055890560150146484375 HTTP/1.1" 200 - cronicareinodearagon.com "-" "WordPress/6.2.2; https://cronicareinodearagon.com" "-"
82.165.88.0 - - [08/Feb/2024:17:05:12 +0100] "POST /wp-cron.php?doing_wp_cron=1707408312.4043700695037841796875 HTTP/1.1" 200 - cronicareinodearagon.com "-" "WordPress/6.2.2; https://cronicareinodearagon.com" "-"
185.191.171.0 - - [08/Feb/2024:17:05:12 +0100] "GET /category/economia/page/11/ HTTP/1.1" 200 147140 cronicareinodearagon.com "-" "Mozilla/5.0 (compatible; SemrushBot/7~bl; +http://www.semrush.com/bot.html)" "-"
82.165.88.0 - - [08/Feb/2024:17:06:35 +0100] "POST /wp-cron.php?doing_wp_cron=1707408395.7449231147766113281250 HTTP/1.1" 200 - cronicareinodearagon.com "-" "WordPress/6.2.2; https://cronicareinodearagon.com" "-"
185.191.171.0 - - [08/Feb/2024:17:06:35 +0100] "GET /aragon/balance-centro-mujer-andalucia-primer-semestre/ HTTP/1.1" 200 167576 cronicareinodearagon.com "-" "Mozilla/5.0 (compatible; SemrushBot/7~bl; +http://www.semrush.com/bot.html)" "-"
82.165.88.0 - - [08/Feb/2024:17:06:49 +0100] "POST /wp-cron.php?doing_wp_cron=1707408409.4378249645233154296875 HTTP/1.1" 200 - cronicareinodearagon.com "-" "WordPress/6.2.2; https://cronicareinodearagon.com" "-"
185.191.171.0 - - [08/Feb/2024:17:06:49 +0100] "GET /sociedad/ecoprovincia-reciclaje-zaragoza/ HTTP/1.1" 200 168484 cronicareinodearagon.com "-" "Mozilla/5.0 (compatible; SemrushBot/7~bl; +http://www.semrush.com/bot.html)" "-"
82.165.88.0 - - [08/Feb/2024:17:09:36 +0100] "POST /wp-cron.php?doing_wp_cron=1707408576.6773691177368164062500 HTTP/1.1" 200 - cronicareinodearagon.com "-" "WordPress/6.2.2; https://cronicareinodearagon.com" "-"
85.208.96.0 - - [08/Feb/2024:17:09:36 +0100] "GET /politica/psoe-huesca-bus-gratuito-vecinos/ HTTP/1.1" 200 159810 cronicareinodearagon.com "-" "Mozilla/5.0 (compatible; SemrushBot/7~bl; +http://www.semrush.com/bot.html)" "-"
82.165.88.0 - - [08/Feb/2024:17:09:57 +0100] "POST /wp-cron.php?doing_wp_cron=1707408597.6616539955139160156250 HTTP/1.1" 200 - cronicareinodearagon.com "-" "WordPress/6.2.2; https://cronicareinodearagon.com" "-"
85.208.96.0 - - [08/Feb/2024:17:09:57 +0100] "GET /aragon/entrevista-carmen-calvo-dia-de-la-mujer/ HTTP/1.1" 200 37976 cronicareinodearagon.com "-" "Mozilla/5.0 (compatible; SemrushBot/7~bl; +http://www.semrush.com/bot.html)" "-"
82.165.88.0 - - [08/Feb/2024:17:13:05 +0100] "POST /wp-cron.php?doing_wp_cron=1707408785.5569329261779785156250 HTTP/1.1" 200 - cronicareinodearagon.com "-" "WordPress/6.2.2; https://cronicareinodearagon.com" "-"
74.125.209.0 - - [08/Feb/2024:17:13:05 +0100] "GET /category/politica/feed/ HTTP/1.1" 200 59109 cronicareinodearagon.com "-" "FeedFetcher-Google; (+http://www.google.com/feedfetcher.html)" "-"
82.165.88.0 - - [08/Feb/2024:17:13:56 +0100] "POST /wp-cron.php?doing_wp_cron=1707408836.4758720397949218750000 HTTP/1.1" 200 - cronicareinodearagon.com "-" "WordPress/6.2.2; https://cronicareinodearagon.com" "-"
185.191.171.0 - - [08/Feb/2024:17:13:56 +0100] "GET /aragon/programa-fenix-educacion-sindicato-ustea/ HTTP/1.1" 200 35557 cronicareinodearagon.com "-" "Mozilla/5.0 (compatible; SemrushBot/7~bl; +http://www.semrush.com/bot.html)" "-"
82.165.88.0 - - [08/Feb/2024:17:16:58 +0100] "POST /wp-cron.php?doing_wp_cron=1707409018.7365059852600097656250 HTTP/1.1" 200 - cronicareinodearagon.com "-" "WordPress/6.2.2; https://cronicareinodearagon.com" "-"
40.77.167.0 - - [08/Feb/2024:17:16:58 +0100] "GET /uncategorized/el-psoe-de-malaga-pide-a-la-junta-que-apueste-por-las-unidades-de-referencia-para-tratar-la-endometriosis-formando-a-los-sanitarios-y-ponen-en-marcha-campanas-de-sensibilizacion/ HTTP/1.1" 301 - www.cronicareinodearagon.com "-" "Mozilla/5.0 AppleWebKit/537.36 (KHTML, like Gecko; compatible; bingbot/2.0; +http://www.bing.com/bingbot.htm) Chrome/116.0.1938.76 Safari/537.36" "-"
2400:8d60:: - - [08/Feb/2024:17:17:05 +0100] "GET /.env HTTP/1.1" 300 492 cronicadearagon.com "-" "Mozilla/5.0 (Linux; U; Android 4.4.2; en-US; HM NOTE 1W Build/KOT49H) AppleWebKit/534.30 (KHTML, like Gecko) Version/4.0 UCBrowser/11.0.5.850 U3/0.8.0 Mobile Safari/534.30" "-"
2400:8d60:: - - [08/Feb/2024:17:17:05 +0100] "GET /.env HTTP/1.1" 300 492 cronicadealmeria.com "-" "Mozilla/5.0 (Linux; U; Android 4.4.2; en-US; HM NOTE 1W Build/KOT49H) AppleWebKit/534.30 (KHTML, like Gecko) Version/4.0 UCBrowser/11.0.5.850 U3/0.8.0 Mobile Safari/534.30" "-"
2400:8d60:: - - [08/Feb/2024:17:17:05 +0100] "POST / HTTP/1.1" 200 336 cronicadealmeria.com "-" "Mozilla/5.0 (Linux; U; Android 4.4.2; en-US; HM NOTE 1W Build/KOT49H) AppleWebKit/534.30 (KHTML, like Gecko) Version/4.0 UCBrowser/11.0.5.850 U3/0.8.0 Mobile Safari/534.30" "-"
2400:8d60:: - - [08/Feb/2024:17:17:06 +0100] "POST / HTTP/1.1" 200 336 cronicadearagon.com "-" "Mozilla/5.0 (Linux; U; Android 4.4.2; en-US; HM NOTE 1W Build/KOT49H) AppleWebKit/534.30 (KHTML, like Gecko) Version/4.0 UCBrowser/11.0.5.850 U3/0.8.0 Mobile Safari/534.30" "-"
2400:8d60:: - - [08/Feb/2024:17:17:06 +0100] "GET /.env HTTP/1.1" 300 492 cronicadearagon.com "-" "Mozilla/5.0 (Linux; U; Android 4.4.2; en-US; HM NOTE 1W Build/KOT49H) AppleWebKit/534.30 (KHTML, like Gecko) Version/4.0 UCBrowser/11.0.5.850 U3/0.8.0 Mobile Safari/534.30" "-"
2400:8d60:: - - [08/Feb/2024:17:17:06 +0100] "POST / HTTP/1.1" 200 336 cronicadearagon.com "-" "Mozilla/5.0 (Linux; U; Android 4.4.2; en-US; HM NOTE 1W Build/KOT49H) AppleWebKit/534.30 (KHTML, like Gecko) Version/4.0 UCBrowser/11.0.5.850 U3/0.8.0 Mobile Safari/534.30" "-"
2400:8d60:: - - [08/Feb/2024:17:17:06 +0100] "GET /vendor/phpunit/phpunit/src/Util/PHP/eval-stdin.php HTTP/1.1" 404 596 cronicadearagon.com "-" "python-requests/2.26.0" "-"
2400:8d60:: - - [08/Feb/2024:17:17:07 +0100] "GET /.env HTTP/1.1" 300 492 cronicadeasturias.com "-" "Mozilla/5.0 (Linux; U; Android 4.4.2; en-US; HM NOTE 1W Build/KOT49H) AppleWebKit/534.30 (KHTML, like Gecko) Version/4.0 UCBrowser/11.0.5.850 U3/0.8.0 Mobile Safari/534.30" "-"
2400:8d60:: - - [08/Feb/2024:17:17:07 +0100] "POST / HTTP/1.1" 200 336 cronicadeasturias.com "-" "Mozilla/5.0 (Linux; U; Android 4.4.2; en-US; HM NOTE 1W Build/KOT49H) AppleWebKit/534.30 (KHTML, like Gecko) Version/4.0 UCBrowser/11.0.5.850 U3/0.8.0 Mobile Safari/534.30" "-"
2400:8d60:: - - [08/Feb/2024:17:17:08 +0100] "GET /.env HTTP/1.1" 300 492 cronicadecadiz.com "-" "Mozilla/5.0 (Linux; U; Android 4.4.2; en-US; HM NOTE 1W Build/KOT49H) AppleWebKit/534.30 (KHTML, like Gecko) Version/4.0 UCBrowser/11.0.5.850 U3/0.8.0 Mobile Safari/534.30" "-"
2400:8d60:: - - [08/Feb/2024:17:17:08 +0100] "POST / HTTP/1.1" 200 336 cronicadecadiz.com "-" "Mozilla/5.0 (Linux; U; Android 4.4.2; en-US; HM NOTE 1W Build/KOT49H) AppleWebKit/534.30 (KHTML, like Gecko) Version/4.0 UCBrowser/11.0.5.850 U3/0.8.0 Mobile Safari/534.30" "-"
2400:8d60:: - - [08/Feb/2024:17:17:10 +0100] "GET /.env HTTP/1.1" 300 492 cronicadecordoba.com "-" "Mozilla/5.0 (Linux; U; Android 4.4.2; en-US; HM NOTE 1W Build/KOT49H) AppleWebKit/534.30 (KHTML, like Gecko) Version/4.0 UCBrowser/11.0.5.850 U3/0.8.0 Mobile Safari/534.30" "-"
2400:8d60:: - - [08/Feb/2024:17:17:10 +0100] "POST / HTTP/1.1" 200 336 cronicadecordoba.com "-" "Mozilla/5.0 (Linux; U; Android 4.4.2; en-US; HM NOTE 1W Build/KOT49H) AppleWebKit/534.30 (KHTML, like Gecko) Version/4.0 UCBrowser/11.0.5.850 U3/0.8.0 Mobile Safari/534.30" "-"
2400:8d60:: - - [08/Feb/2024:17:17:11 +0100] "GET /.env HTTP/1.1" 300 492 cronicadeextremadura.com "-" "Mozilla/5.0 (Linux; U; Android 4.4.2; en-US; HM NOTE 1W Build/KOT49H) AppleWebKit/534.30 (KHTML, like Gecko) Version/4.0 UCBrowser/11.0.5.850 U3/0.8.0 Mobile Safari/534.30" "-"
2400:8d60:: - - [08/Feb/2024:17:17:11 +0100] "POST / HTTP/1.1" 200 336 cronicadeextremadura.com "-" "Mozilla/5.0 (Linux; U; Android 4.4.2; en-US; HM NOTE 1W Build/KOT49H) AppleWebKit/534.30 (KHTML, like Gecko) Version/4.0 UCBrowser/11.0.5.850 U3/0.8.0 Mobile Safari/534.30" "-"
2400:8d60:: - - [08/Feb/2024:17:17:12 +0100] "GET /.env HTTP/1.1" 300 492 cronicadegranada.com "-" "Mozilla/5.0 (Linux; U; Android 4.4.2; en-US; HM NOTE 1W Build/KOT49H) AppleWebKit/534.30 (KHTML, like Gecko) Version/4.0 UCBrowser/11.0.5.850 U3/0.8.0 Mobile Safari/534.30" "-"
2400:8d60:: - - [08/Feb/2024:17:17:13 +0100] "GET /.env HTTP/1.1" 300 492 cronicadehuelva.com "-" "Mozilla/5.0 (Linux; U; Android 4.4.2; en-US; HM NOTE 1W Build/KOT49H) AppleWebKit/534.30 (KHTML, like Gecko) Version/4.0 UCBrowser/11.0.5.850 U3/0.8.0 Mobile Safari/534.30" "-"
2400:8d60:: - - [08/Feb/2024:17:17:13 +0100] "POST / HTTP/1.1" 200 336 cronicadehuelva.com "-" "Mozilla/5.0 (Linux; U; Android 4.4.2; en-US; HM NOTE 1W Build/KOT49H) AppleWebKit/534.30 (KHTML, like Gecko) Version/4.0 UCBrowser/11.0.5.850 U3/0.8.0 Mobile Safari/534.30" "-"
2400:8d60:: - - [08/Feb/2024:17:17:13 +0100] "POST / HTTP/1.1" 200 336 cronicadegranada.com "-" "Mozilla/5.0 (Linux; U; Android 4.4.2; en-US; HM NOTE 1W Build/KOT49H) AppleWebKit/534.30 (KHTML, like Gecko) Version/4.0 UCBrowser/11.0.5.850 U3/0.8.0 Mobile Safari/534.30" "-"
2400:8d60:: - - [08/Feb/2024:17:17:14 +0100] "GET /.env HTTP/1.1" 300 492 cronicadejaen.com "-" "Mozilla/5.0 (Linux; U; Android 4.4.2; en-US; HM NOTE 1W Build/KOT49H) AppleWebKit/534.30 (KHTML, like Gecko) Version/4.0 UCBrowser/11.0.5.850 U3/0.8.0 Mobile Safari/534.30" "-"
2400:8d60:: - - [08/Feb/2024:17:17:14 +0100] "POST / HTTP/1.1" 200 336 cronicadejaen.com "-" "Mozilla/5.0 (Linux; U; Android 4.4.2; en-US; HM NOTE 1W Build/KOT49H) AppleWebKit/534.30 (KHTML, like Gecko) Version/4.0 UCBrowser/11.0.5.850 U3/0.8.0 Mobile Safari/534.30" "-"
2400:8d60:: - - [08/Feb/2024:17:17:15 +0100] "GET /.env HTTP/1.1" 300 492 cronicadelpaisvalenciano.com "-" "Mozilla/5.0 (Linux; U; Android 4.4.2; en-US; HM NOTE 1W Build/KOT49H) AppleWebKit/534.30 (KHTML, like Gecko) Version/4.0 UCBrowser/11.0.5.850 U3/0.8.0 Mobile Safari/534.30" "-"
2400:8d60:: - - [08/Feb/2024:17:17:15 +0100] "POST / HTTP/1.1" 200 336 cronicadelpaisvalenciano.com "-" "Mozilla/5.0 (Linux; U; Android 4.4.2; en-US; HM NOTE 1W Build/KOT49H) AppleWebKit/534.30 (KHTML, like Gecko) Version/4.0 UCBrowser/11.0.5.850 U3/0.8.0 Mobile Safari/534.30" "-"
2400:8d60:: - - [08/Feb/2024:17:17:16 +0100] "GET /.env HTTP/1.1" 300 492 cronicademalaga.com "-" "Mozilla/5.0 (Linux; U; Android 4.4.2; en-US; HM NOTE 1W Build/KOT49H) AppleWebKit/534.30 (KHTML, like Gecko) Version/4.0 UCBrowser/11.0.5.850 U3/0.8.0 Mobile Safari/534.30" "-"
2400:8d60:: - - [08/Feb/2024:17:17:17 +0100] "POST / HTTP/1.1" 200 336 cronicademalaga.com "-" "Mozilla/5.0 (Linux; U; Android 4.4.2; en-US; HM NOTE 1W Build/KOT49H) AppleWebKit/534.30 (KHTML, like Gecko) Version/4.0 UCBrowser/11.0.5.850 U3/0.8.0 Mobile Safari/534.30" "-"
2400:8d60:: - - [08/Feb/2024:17:17:18 +0100] "GET /.env HTTP/1.1" 300 492 cronicadesevilla.com "-" "Mozilla/5.0 (Linux; U; Android 4.4.2; en-US; HM NOTE 1W Build/KOT49H) AppleWebKit/534.30 (KHTML, like Gecko) Version/4.0 UCBrowser/11.0.5.850 U3/0.8.0 Mobile Safari/534.30" "-"
2400:8d60:: - - [08/Feb/2024:17:17:18 +0100] "POST / HTTP/1.1" 200 336 cronicadesevilla.com "-" "Mozilla/5.0 (Linux; U; Android 4.4.2; en-US; HM NOTE 1W Build/KOT49H) AppleWebKit/534.30 (KHTML, like Gecko) Version/4.0 UCBrowser/11.0.5.850 U3/0.8.0 Mobile Safari/534.30" "-"
2400:8d60:: - - [08/Feb/2024:17:17:18 +0100] "GET /.env HTTP/1.1" 300 492 cronicadesevilla.com "-" "Mozilla/5.0 (Linux; U; Android 4.4.2; en-US; HM NOTE 1W Build/KOT49H) AppleWebKit/534.30 (KHTML, like Gecko) Version/4.0 UCBrowser/11.0.5.850 U3/0.8.0 Mobile Safari/534.30" "-"
2400:8d60:: - - [08/Feb/2024:17:17:18 +0100] "POST / HTTP/1.1" 200 336 cronicadesevilla.com "-" "Mozilla/5.0 (Linux; U; Android 4.4.2; en-US; HM NOTE 1W Build/KOT49H) AppleWebKit/534.30 (KHTML, like Gecko) Version/4.0 UCBrowser/11.0.5.850 U3/0.8.0 Mobile Safari/534.30" "-"
2400:8d60:: - - [08/Feb/2024:17:17:18 +0100] "GET /vendor/phpunit/phpunit/src/Util/PHP/eval-stdin.php HTTP/1.1" 404 596 cronicadesevilla.com "-" "python-requests/2.26.0" "-"
2400:8d60:: - - [08/Feb/2024:17:17:20 +0100] "GET /.env HTTP/1.1" 301 245 cronicareinodearagon.com "-" "Mozilla/5.0 (Linux; U; Android 4.4.2; en-US; HM NOTE 1W Build/KOT49H) AppleWebKit/534.30 (KHTML, like Gecko) Version/4.0 UCBrowser/11.0.5.850 U3/0.8.0 Mobile Safari/534.30" "-"
2400:8d60:: - - [08/Feb/2024:17:17:20 +0100] "POST / HTTP/1.1" 301 241 cronicareinodearagon.com "-" "Mozilla/5.0 (Linux; U; Android 4.4.2; en-US; HM NOTE 1W Build/KOT49H) AppleWebKit/534.30 (KHTML, like Gecko) Version/4.0 UCBrowser/11.0.5.850 U3/0.8.0 Mobile Safari/534.30" "-"
2400:8d60:: - - [08/Feb/2024:17:17:20 +0100] "GET /.env HTTP/1.1" 404 144850 cronicareinodearagon.com "-" "Mozilla/5.0 (Linux; U; Android 4.4.2; en-US; HM NOTE 1W Build/KOT49H) AppleWebKit/534.30 (KHTML, like Gecko) Version/4.0 UCBrowser/11.0.5.850 U3/0.8.0 Mobile Safari/534.30" "-"
2400:8d60:: - - [08/Feb/2024:17:17:20 +0100] "GET /.env HTTP/1.1" 300 492 cronicadevalencia.com "-" "Mozilla/5.0 (Linux; U; Android 4.4.2; en-US; HM NOTE 1W Build/KOT49H) AppleWebKit/534.30 (KHTML, like Gecko) Version/4.0 UCBrowser/11.0.5.850 U3/0.8.0 Mobile Safari/534.30" "-"
2400:8d60:: - - [08/Feb/2024:17:17:20 +0100] "POST / HTTP/1.1" 200 336 cronicadevalencia.com "-" "Mozilla/5.0 (Linux; U; Android 4.4.2; en-US; HM NOTE 1W Build/KOT49H) AppleWebKit/534.30 (KHTML, like Gecko) Version/4.0 UCBrowser/11.0.5.850 U3/0.8.0 Mobile Safari/534.30" "-"
2400:8d60:: - - [08/Feb/2024:17:17:21 +0100] "POST / HTTP/1.1" 200 319354 cronicareinodearagon.com "-" "Mozilla/5.0 (Linux; U; Android 4.4.2; en-US; HM NOTE 1W Build/KOT49H) AppleWebKit/534.30 (KHTML, like Gecko) Version/4.0 UCBrowser/11.0.5.850 U3/0.8.0 Mobile Safari/534.30" "-"
2400:8d60:: - - [08/Feb/2024:17:17:24 +0100] "GET /vendor/phpunit/phpunit/src/Util/PHP/eval-stdin.php HTTP/1.1" 301 291 cronicareinodearagon.com "-" "python-requests/2.26.0" "-"
2400:8d60:: - - [08/Feb/2024:17:17:24 +0100] "GET /vendor/phpunit/phpunit/src/Util/PHP/eval-stdin.php HTTP/1.1" 404 144960 cronicareinodearagon.com "-" "python-requests/2.26.0" "-"
78.153.140.0 - - [08/Feb/2024:17:18:11 +0100] "GET /.env HTTP/1.1" 300 492 cronicadecadiz.com "-" "Mozilla/5.0 (X11; Linux x86_64) AppleWebKit/537.36 (KHTML, like Gecko) Chrome/81.0.4044.129 Safari/537.36" "-"
78.153.140.0 - - [08/Feb/2024:17:18:12 +0100] "POST /.env HTTP/1.1" 404 596 cronicadecadiz.com "-" "Mozilla/5.0 (X11; Linux x86_64) AppleWebKit/537.36 (KHTML, like Gecko) Chrome/81.0.4044.129 Safari/537.36" "-"
82.165.88.0 - - [08/Feb/2024:17:20:09 +0100] "POST /wp-cron.php?doing_wp_cron=1707409209.8548750877380371093750 HTTP/1.1" 200 - cronicareinodearagon.com "-" "WordPress/6.2.2; https://cronicareinodearagon.com" "-"
85.208.96.0 - - [08/Feb/2024:17:20:09 +0100] "GET /economia/aprobacion-agenda-urbana-sevilla/ HTTP/1.1" 200 165295 cronicareinodearagon.com "-" "Mozilla/5.0 (compatible; SemrushBot/7~bl; +http://www.semrush.com/bot.html)" "-"
82.165.88.0 - - [08/Feb/2024:17:23:11 +0100] "POST /wp-cron.php?doing_wp_cron=1707409391.6736249923706054687500 HTTP/1.1" 200 - cronicareinodearagon.com "-" "WordPress/6.2.2; https://cronicareinodearagon.com" "-"
185.191.171.0 - - [08/Feb/2024:17:23:11 +0100] "GET /aragon/andalucia-tasa-contagios-coronavirus-alta-agosto/ HTTP/1.1" 200 168561 cronicareinodearagon.com "-" "Mozilla/5.0 (compatible; SemrushBot/7~bl; +http://www.semrush.com/bot.html)" "-"
74.125.209.0 - - [08/Feb/2024:17:23:57 +0100] "GET /category/sociedad/feed/ HTTP/1.1" 200 51420 cronicareinodearagon.com "-" "FeedFetcher-Google; (+http://www.google.com/feedfetcher.html)" "-"
82.165.88.0 - - [08/Feb/2024:17:23:58 +0100] "POST /wp-cron.php?doing_wp_cron=1707409437.9648458957672119140625 HTTP/1.1" 200 - cronicareinodearagon.com "-" "WordPress/6.2.2; https://cronicareinodearagon.com" "-"
2400:8901:: - - [08/Feb/2024:17:26:24 +0100] "GET /.env HTTP/1.1" 300 492 cronicadelpaisvalenciano.com "-" "Go-http-client/1.1" "-"
2400:8901:: - - [08/Feb/2024:17:26:24 +0100] "GET /.env HTTP/1.1" 300 492 cronicadehuelva.com "-" "Go-http-client/1.1" "-"
2400:8901:: - - [08/Feb/2024:17:26:24 +0100] "GET /.env HTTP/1.1" 300 492 cronicademalaga.com "-" "Go-http-client/1.1" "-"
2400:8901:: - - [08/Feb/2024:17:26:24 +0100] "GET /.env HTTP/1.1" 300 492 cronicadejaen.com "-" "Go-http-client/1.1" "-"
2400:8901:: - - [08/Feb/2024:17:26:24 +0100] "GET /.env HTTP/1.1" 300 492 cronicadecordoba.com "-" "Go-http-client/1.1" "-"
2400:8901:: - - [08/Feb/2024:17:26:24 +0100] "GET /.env HTTP/1.1" 300 492 cronicadeasturias.com "-" "Go-http-client/1.1" "-"
2400:8901:: - - [08/Feb/2024:17:26:24 +0100] "GET /.env HTTP/1.1" 300 492 cronicadesevilla.com "-" "Go-http-client/1.1" "-"
2400:8901:: - - [08/Feb/2024:17:26:24 +0100] "GET /.env HTTP/1.1" 300 492 cronicadevalencia.com "-" "Go-http-client/1.1" "-"
2400:8901:: - - [08/Feb/2024:17:26:24 +0100] "GET /.env HTTP/1.1" 300 492 cronicadealmeria.com "-" "Go-http-client/1.1" "-"
2400:8901:: - - [08/Feb/2024:17:26:24 +0100] "GET /.env HTTP/1.1" 300 492 cronicadearagon.com "-" "Go-http-client/1.1" "-"
2400:8901:: - - [08/Feb/2024:17:26:24 +0100] "GET /.env HTTP/1.1" 300 492 cronicadeextremadura.com "-" "Go-http-client/1.1" "-"
2400:8901:: - - [08/Feb/2024:17:26:24 +0100] "GET /.env HTTP/1.1" 300 492 cronicadegranada.com "-" "Go-http-client/1.1" "-"
2400:8901:: - - [08/Feb/2024:17:26:24 +0100] "GET /.env HTTP/1.1" 300 492 cronicadecadiz.com "-" "Go-http-client/1.1" "-"
2400:8901:: - - [08/Feb/2024:17:26:25 +0100] "GET /.env HTTP/1.1" 301 245 cronicareinodearagon.com "-" "Go-http-client/1.1" "-"
82.165.88.0 - - [08/Feb/2024:17:26:26 +0100] "POST /wp-cron.php?doing_wp_cron=1707409586.8945469856262207031250 HTTP/1.1" 200 - cronicareinodearagon.com "-" "WordPress/6.2.2; https://cronicareinodearagon.com" "-"
2400:8901:: - - [08/Feb/2024:17:26:26 +0100] "GET /.env HTTP/1.1" 404 144816 cronicareinodearagon.com "http://cronicareinodearagon.com/.env" "Go-http-client/1.1" "-"
85.208.96.0 - - [08/Feb/2024:17:37:46 +0100] "GET /economia/kichi-meterle-fuego-madrid-escuchen/ HTTP/1.1" 200 166777 cronicareinodearagon.com "-" "Mozilla/5.0 (compatible; SemrushBot/7~bl; +http://www.semrush.com/bot.html)" "-"
82.165.88.0 - - [08/Feb/2024:17:37:47 +0100] "POST /wp-cron.php?doing_wp_cron=1707410267.4473540782928466796875 HTTP/1.1" 200 - cronicareinodearagon.com "-" "WordPress/6.2.2; https://cronicareinodearagon.com" "-"
82.165.88.0 - - [08/Feb/2024:17:41:00 +0100] "POST /wp-cron.php?doing_wp_cron=1707410460.5694599151611328125000 HTTP/1.1" 200 - cronicareinodearagon.com "-" "WordPress/6.2.2; https://cronicareinodearagon.com" "-"
185.191.171.0 - - [08/Feb/2024:17:41:00 +0100] "GET /aragon/andalucia-cifras-paro-junio/ HTTP/1.1" 200 166653 cronicareinodearagon.com "-" "Mozilla/5.0 (compatible; SemrushBot/7~bl; +http://www.semrush.com/bot.html)" "-"
185.191.171.0 - - [08/Feb/2024:17:41:11 +0100] "GET /aragon/adelanto-elecciones-andalucia-juanma-moreno-juan-marin/ HTTP/1.1" 200 162963 cronicareinodearagon.com "-" "Mozilla/5.0 (compatible; SemrushBot/7~bl; +http://www.semrush.com/bot.html)" "-"
82.165.88.0 - - [08/Feb/2024:17:45:23 +0100] "POST /wp-cron.php?doing_wp_cron=1707410723.8957641124725341796875 HTTP/1.1" 200 - cronicareinodearagon.com "-" "WordPress/6.2.2; https://cronicareinodearagon.com" "-"
85.208.96.0 - - [08/Feb/2024:17:45:23 +0100] "GET /category/aragon/page/38/ HTTP/1.1" 200 147209 cronicareinodearagon.com "-" "Mozilla/5.0 (compatible; SemrushBot/7~bl; +http://www.semrush.com/bot.html)" "-"
74.125.209.0 - - [08/Feb/2024:17:46:30 +0100] "GET /category/politica/feed/ HTTP/1.1" 200 59109 cronicareinodearagon.com "-" "FeedFetcher-Google; (+http://www.google.com/feedfetcher.html)" "-"
82.165.88.0 - - [08/Feb/2024:17:46:31 +0100] "POST /wp-cron.php?doing_wp_cron=1707410791.1585350036621093750000 HTTP/1.1" 200 - cronicareinodearagon.com "-" "WordPress/6.2.2; https://cronicareinodearagon.com" "-"
74.125.212.0 - - [08/Feb/2024:17:46:39 +0100] "GET /category/economia/feed/ HTTP/1.1" 200 42774 cronicareinodearagon.com "-" "FeedFetcher-Google; (+http://www.google.com/feedfetcher.html)" "-"
82.165.88.0 - - [08/Feb/2024:17:47:29 +0100] "POST /wp-cron.php?doing_wp_cron=1707410849.3666779994964599609375 HTTP/1.1" 200 - cronicareinodearagon.com "-" "WordPress/6.2.2; https://cronicareinodearagon.com" "-"
110.42.217.0 - - [08/Feb/2024:17:47:29 +0100] "GET /wp-login.php HTTP/1.1" 200 9152 cronicareinodearagon.com "-" "Mozilla/5.0 (X11; Fedora; Linux x86_64; rv:94.0) Gecko/20100101 Firefox/95.0" "-"
110.42.217.0 - - [08/Feb/2024:17:47:41 +0100] "POST /wp-login.php HTTP/1.1" 200 9604 cronicareinodearagon.com "-" "Mozilla/5.0 (X11; Fedora; Linux x86_64; rv:94.0) Gecko/20100101 Firefox/95.0" "-"
82.165.88.0 - - [08/Feb/2024:17:48:24 +0100] "POST /wp-cron.php?doing_wp_cron=1707410904.4153950214385986328125 HTTP/1.1" 200 - cronicareinodearagon.com "-" "WordPress/6.2.2; https://cronicareinodearagon.com" "-"
68.178.149.0 - - [08/Feb/2024:17:48:24 +0100] "POST /xmlrpc.php HTTP/1.1" 200 416 cronicareinodearagon.com "-" "Mozilla/5.0 (X11; Ubuntu; Linux i686; rv:24.0) Gecko/20100101 Firefox/24.0" "-"
49.232.122.0 - - [08/Feb/2024:17:48:27 +0100] "POST /xmlrpc.php HTTP/1.1" 200 416 cronicareinodearagon.com "-" "Mozilla/5.0 (Windows; U; Windows NT 5.1; en-US; rv:1.7.12) Gecko/20050915 Firefox/1.0.7" "-"
97.74.191.0 - - [08/Feb/2024:17:48:33 +0100] "POST /xmlrpc.php HTTP/1.1" 503 299 cronicareinodearagon.com "-" "Mozilla/5.0 (Windows NT 6.1; WOW64; rv:18.0) Gecko/20100101 Firefox/18.0" "-"
2a01:4f8:100:: - - [08/Feb/2024:17:48:35 +0100] "POST /xmlrpc.php HTTP/1.1" 200 416 cronicareinodearagon.com "-" "Mozilla/5.0 (Linux; Android 10; SM-N960U) AppleWebKit/537.36 (KHTML, like Gecko) Chrome/91.0.4472.114 Mobile Safari/537.36" "-"
2a02:c206:2100:: - - [08/Feb/2024:17:48:39 +0100] "POST /xmlrpc.php HTTP/1.1" 200 416 cronicareinodearagon.com "-" "Mozilla/5.0 (Linux; Android 10; LM-Q720) AppleWebKit/537.36 (KHTML, like Gecko) Chrome/91.0.4472.114 Mobile Safari/537.36" "-"
82.165.88.0 - - [08/Feb/2024:17:48:45 +0100] "POST /wp-cron.php?doing_wp_cron=1707410925.6288759708404541015625 HTTP/1.1" 200 - cronicareinodearagon.com "-" "WordPress/6.2.2; https://cronicareinodearagon.com" "-"
68.178.149.0 - - [08/Feb/2024:17:48:45 +0100] "POST /xmlrpc.php HTTP/1.1" 200 416 cronicareinodearagon.com "-" "Mozilla/5.0 (iPad; CPU OS 14_6 like Mac OS X) AppleWebKit/605.1.15 (KHTML, like Gecko) CriOS/91.0.4472.80 Mobile/15E148 Safari/604.1" "-"
198.12.210.0 - - [08/Feb/2024:17:48:50 +0100] "POST /xmlrpc.php HTTP/1.1" 200 416 cronicareinodearagon.com "-" "Mozilla/5.0 (Windows NT 10.0; Win64; x64) AppleWebKit/537.36 (KHTML, like Gecko) Chrome/85.0.4183.121 Safari/537.36" "-"
104.234.134.0 - - [08/Feb/2024:17:48:51 +0100] "POST /xmlrpc.php HTTP/1.1" 200 416 cronicareinodearagon.com "-" "Mozilla/5.0 (Windows NT 10.0; Win64; x64) AppleWebKit/537.36 (KHTML, like Gecko) Chrome/87.0.4280.141 Safari/537.36" "-"
91.134.248.0 - - [08/Feb/2024:17:49:03 +0100] "POST /xmlrpc.php HTTP/1.1" 200 416 cronicareinodearagon.com "-" "Mozilla/5.0 (Windows NT 10.0; Win64; x64; rv:79.0) Gecko/20100101 Firefox/79.0" "-"
47.243.48.0 - - [08/Feb/2024:17:49:10 +0100] "POST /xmlrpc.php HTTP/1.1" 200 416 cronicareinodearagon.com "-" "Mozilla/5.0 (Windows NT 10.0; Win64; x64; rv:58.0) Gecko/20100101 Firefox/58.0" "-"
143.110.234.0 - - [08/Feb/2024:17:49:21 +0100] "POST /xmlrpc.php HTTP/1.1" 200 416 cronicareinodearagon.com "-" "Mozilla/5.0 (Windows NT 5.1; rv:33.0) Gecko/20100101 Firefox/33.0" "-"
34.42.225.0 - - [08/Feb/2024:17:49:42 +0100] "GET /wp-content/uploads/2023/05/chunta-aragonesista-mitin-central-1.jpg HTTP/1.1" 200 69894 cronicareinodearagon.com "-" "Mozilla/5.0 (Windows NT 10.0; Win64; x64) AppleWebKit/537.36 (KHTML, like Gecko) Chrome/97.0.4692.71 Safari/537.36" "-"
34.42.225.0 - - [08/Feb/2024:17:49:42 +0100] "GET /wp-content/uploads/2023/05/chunta-aragonesista-juventud.jpg HTTP/1.1" 200 64176 cronicareinodearagon.com "-" "Mozilla/5.0 (Windows NT 10.0; Win64; x64) AppleWebKit/537.36 (KHTML, like Gecko) Chrome/97.0.4692.71 Safari/537.36" "-"
34.42.225.0 - - [08/Feb/2024:17:49:44 +0100] "GET /wp-content/uploads/2023/05/chunta-aragonesista-mitin-teruel.jpg HTTP/1.1" 200 51710 cronicareinodearagon.com "-" "Mozilla/5.0 (Windows NT 10.0; Win64; x64) AppleWebKit/537.36 (KHTML, like Gecko) Chrome/97.0.4692.71 Safari/537.36" "-"
34.42.225.0 - - [08/Feb/2024:17:49:45 +0100] "GET /wp-content/uploads/2023/05/chunta-aragonesista-mitin-central.jpg HTTP/1.1" 200 47105 cronicareinodearagon.com "-" "Mozilla/5.0 (Windows NT 10.0; Win64; x64) AppleWebKit/537.36 (KHTML, like Gecko) Chrome/97.0.4692.71 Safari/537.36" "-"
82.165.88.0 - - [08/Feb/2024:17:50:26 +0100] "POST /wp-cron.php?doing_wp_cron=1707411026.4098970890045166015625 HTTP/1.1" 200 - cronicareinodearagon.com "-" "WordPress/6.2.2; https://cronicareinodearagon.com" "-"
54.36.148.0 - - [08/Feb/2024:17:50:26 +0100] "GET /aragon/protestas-taxi-parlamento-andalucia/ HTTP/1.1" 200 168492 cronicareinodearagon.com "-" "Mozilla/5.0 (compatible; AhrefsBot/7.0; +http://ahrefs.com/robot/)" "-"
54.36.148.0 - - [08/Feb/2024:17:50:28 +0100] "GET /wp-content/uploads/2022/09/taxi_.jpg HTTP/1.1" 200 94714 cronicareinodearagon.com "-" "Mozilla/5.0 (compatible; AhrefsBot/7.0; +http://ahrefs.com/robot/)" "-"
212.30.36.0 - - [08/Feb/2024:17:55:51 +0100] "GET /admin/index.php HTTP/1.1" 404 596 cronicadegranada.com "-" "Mozilla/5.0 (Windows NT 6.1) AppleWebKit/537.36 (KHTML, like Gecko) Chrome/45.0.2454.85 Safari/537.36 OPR/32.0.1948.45" "-"
212.30.36.0 - - [08/Feb/2024:17:55:54 +0100] "GET /admin/index.php HTTP/1.1" 404 596 cronicadegranada.com "-" "Mozilla/5.0 (Windows NT 6.1) AppleWebKit/537.36 (KHTML, like Gecko) Chrome/45.0.2454.85 Safari/537.36 OPR/32.0.1948.45" "-"
212.30.36.0 - - [08/Feb/2024:17:55:58 +0100] "GET /admin/index.php HTTP/1.1" 404 596 cronicadegranada.com "-" "Mozilla/5.0 (Windows NT 6.1) AppleWebKit/537.36 (KHTML, like Gecko) Chrome/45.0.2454.85 Safari/537.36 OPR/32.0.1948.45" "-"
170.231.251.0 - - [08/Feb/2024:17:58:05 +0100] "GET / HTTP/1.1" 200 336 cronicadelpaisvalenciano.com "-" "Mozilla/5.0 (X11; Linux x86_64) AppleWebKit/537.36 (KHTML, like Gecko) Chrome/108.0.0.0 Safari/537.36" "-"
82.165.88.0 - - [08/Feb/2024:17:59:07 +0100] "POST /wp-cron.php?doing_wp_cron=1707411547.5312349796295166015625 HTTP/1.1" 200 - cronicareinodearagon.com "-" "WordPress/6.2.2; https://cronicareinodearagon.com" "-"
74.125.209.0 - - [08/Feb/2024:17:59:07 +0100] "GET /category/educacion/feed/ HTTP/1.1" 200 56994 cronicareinodearagon.com "-" "FeedFetcher-Google; (+http://www.google.com/feedfetcher.html)" "-"
82.165.88.0 - - [08/Feb/2024:18:00:19 +0100] "POST /wp-cron.php?doing_wp_cron=1707411619.4402511119842529296875 HTTP/1.1" 200 - cronicareinodearagon.com "-" "WordPress/6.2.2; https://cronicareinodearagon.com" "-"
185.191.171.0 - - [08/Feb/2024:18:00:19 +0100] "GET /robots.txt HTTP/1.1" 200 202 cronicareinodearagon.com "-" "Mozilla/5.0 (compatible; SemrushBot/7~bl; +http://www.semrush.com/bot.html)" "-"
85.208.96.0 - - [08/Feb/2024:18:00:20 +0100] "GET /aragon/recurso-apleacion-alcalde-burguillos/ HTTP/1.1" 200 170383 cronicareinodearagon.com "-" "Mozilla/5.0 (compatible; SemrushBot/7~bl; +http://www.semrush.com/bot.html)" "-"
185.191.171.0 - - [08/Feb/2024:18:04:31 +0100] "GET /aragon/chg-falta-lealtad-institucional-donana/ HTTP/1.1" 200 168194 cronicareinodearagon.com "-" "Mozilla/5.0 (compatible; SemrushBot/7~bl; +http://www.semrush.com/bot.html)" "-"
82.165.88.0 - - [08/Feb/2024:18:04:33 +0100] "POST /wp-cron.php?doing_wp_cron=1707411873.0575330257415771484375 HTTP/1.1" 200 - cronicareinodearagon.com "-" "WordPress/6.2.2; https://cronicareinodearagon.com" "-"
82.165.88.0 - - [08/Feb/2024:18:07:51 +0100] "POST /wp-cron.php?doing_wp_cron=1707412071.7274289131164550781250 HTTP/1.1" 200 - cronicareinodearagon.com "-" "WordPress/6.2.2; https://cronicareinodearagon.com" "-"
54.36.149.0 - - [08/Feb/2024:18:07:51 +0100] "GET /aragon/cuenca-guadalquivir-sequia-extraordinaria-lluvias-escasas-2021/ HTTP/1.1" 200 165262 cronicareinodearagon.com "-" "Mozilla/5.0 (compatible; AhrefsBot/7.0; +http://ahrefs.com/robot/)" "-"
82.165.88.0 - - [08/Feb/2024:18:09:33 +0100] "POST /wp-cron.php?doing_wp_cron=1707412173.6579780578613281250000 HTTP/1.1" 200 - cronicareinodearagon.com "-" "WordPress/6.2.2; https://cronicareinodearagon.com" "-"
85.208.96.0 - - [08/Feb/2024:18:09:33 +0100] "GET /aragon/manifestaciones-sistema-universitario-publico-andaluz/ HTTP/1.1" 200 167698 cronicareinodearagon.com "-" "Mozilla/5.0 (compatible; SemrushBot/7~bl; +http://www.semrush.com/bot.html)" "-"
82.165.88.0 - - [08/Feb/2024:18:12:31 +0100] "POST /wp-cron.php?doing_wp_cron=1707412351.6338400840759277343750 HTTP/1.1" 200 - cronicareinodearagon.com "-" "WordPress/6.2.2; https://cronicareinodearagon.com" "-"
40.77.167.0 - - [08/Feb/2024:18:12:31 +0100] "GET /?s=2024 HTTP/1.1" 200 156322 cronicareinodearagon.com "-" "Mozilla/5.0 AppleWebKit/537.36 (KHTML, like Gecko; compatible; bingbot/2.0; +http://www.bing.com/bingbot.htm) Chrome/116.0.1938.76 Safari/537.36" "-"
85.208.96.0 - - [08/Feb/2024:18:12:36 +0100] "GET /aragon/mesa-parlamento-pp-vox-ilp-bajada-ratio/ HTTP/1.1" 200 162703 cronicareinodearagon.com "-" "Mozilla/5.0 (compatible; SemrushBot/7~bl; +http://www.semrush.com/bot.html)" "-"
82.165.88.0 - - [08/Feb/2024:18:16:35 +0100] "POST /wp-cron.php?doing_wp_cron=1707412595.5943040847778320312500 HTTP/1.1" 200 - cronicareinodearagon.com "-" "WordPress/6.2.2; https://cronicareinodearagon.com" "-"
85.208.96.0 - - [08/Feb/2024:18:16:35 +0100] "GET /category/aragon/page/22/ HTTP/1.1" 200 147338 cronicareinodearagon.com "-" "Mozilla/5.0 (compatible; SemrushBot/7~bl; +http://www.semrush.com/bot.html)" "-"
82.165.88.0 - - [08/Feb/2024:18:18:56 +0100] "POST /wp-cron.php?doing_wp_cron=1707412736.8162670135498046875000 HTTP/1.1" 200 - cronicareinodearagon.com "-" "WordPress/6.2.2; https://cronicareinodearagon.com" "-"
66.249.72.0 - - [08/Feb/2024:18:18:56 +0100] "GET /robots.txt HTTP/1.1" 200 202 cronicareinodearagon.com "-" "Mozilla/5.0 (compatible; Googlebot/2.1; +http://www.google.com/bot.html)" "-"
185.191.171.0 - - [08/Feb/2024:18:19:02 +0100] "GET /category/aragon/page/46/ HTTP/1.1" 200 147318 cronicareinodearagon.com "-" "Mozilla/5.0 (compatible; SemrushBot/7~bl; +http://www.semrush.com/bot.html)" "-"
54.36.148.0 - - [08/Feb/2024:18:21:28 +0100] "GET /aragon/andaluces-ingreso-minimo-vital-pensiones/ HTTP/1.1" 200 164240 cronicareinodearagon.com "-" "Mozilla/5.0 (compatible; AhrefsBot/7.0; +http://ahrefs.com/robot/)" "-"
82.165.88.0 - - [08/Feb/2024:18:21:29 +0100] "POST /wp-cron.php?doing_wp_cron=1707412888.8594079017639160156250 HTTP/1.1" 200 - cronicareinodearagon.com "-" "WordPress/6.2.2; https://cronicareinodearagon.com" "-"
54.36.148.0 - - [08/Feb/2024:18:21:31 +0100] "GET /wp-content/uploads/2022/08/pensionista.jpg HTTP/1.1" 200 110296 cronicareinodearagon.com "-" "Mozilla/5.0 (compatible; AhrefsBot/7.0; +http://ahrefs.com/robot/)" "-"
82.165.88.0 - - [08/Feb/2024:18:22:56 +0100] "POST /wp-cron.php?doing_wp_cron=1707412976.6512069702148437500000 HTTP/1.1" 200 - cronicareinodearagon.com "-" "WordPress/6.2.2; https://cronicareinodearagon.com" "-"
66.249.72.0 - - [08/Feb/2024:18:22:56 +0100] "GET /aragon/avance-participacion-elecciones-aragon/feed/ HTTP/1.1" 200 6590 cronicareinodearagon.com "-" "Mozilla/5.0 (Linux; Android 6.0.1; Nexus 5X Build/MMB29P) AppleWebKit/537.36 (KHTML, like Gecko) Chrome/121.0.6167.85 Mobile Safari/537.36 (compatible; GoogleOther)" "-"
82.165.88.0 - - [08/Feb/2024:18:23:44 +0100] "POST /wp-cron.php?doing_wp_cron=1707413024.7695710659027099609375 HTTP/1.1" 200 - cronicareinodearagon.com "-" "WordPress/6.2.2; https://cronicareinodearagon.com" "-"
85.208.96.0 - - [08/Feb/2024:18:23:44 +0100] "GET /aragon/montero-pide-junta-deje-confrontar/ HTTP/1.1" 200 164874 cronicareinodearagon.com "-" "Mozilla/5.0 (compatible; SemrushBot/7~bl; +http://www.semrush.com/bot.html)" "-"
82.165.88.0 - - [08/Feb/2024:18:30:30 +0100] "POST /wp-cron.php?doing_wp_cron=1707413430.7305901050567626953125 HTTP/1.1" 200 - cronicareinodearagon.com "-" "WordPress/6.2.2; https://cronicareinodearagon.com" "-"
163.172.110.0 - - [08/Feb/2024:18:30:30 +0100] "GET /wp-login.php HTTP/1.1" 200 9152 cronicareinodearagon.com "-" "Mozilla/5.0 (X11; Fedora; Linux x86_64; rv:94.0) Gecko/20100101 Firefox/95.0" "-"
82.165.88.0 - - [08/Feb/2024:18:30:42 +0100] "POST /wp-cron.php?doing_wp_cron=1707413442.6594018936157226562500 HTTP/1.1" 200 - cronicareinodearagon.com "-" "WordPress/6.2.2; https://cronicareinodearagon.com" "-"
163.172.110.0 - - [08/Feb/2024:18:30:42 +0100] "POST /wp-login.php HTTP/1.1" 200 9604 cronicareinodearagon.com "-" "Mozilla/5.0 (X11; Fedora; Linux x86_64; rv:94.0) Gecko/20100101 Firefox/95.0" "-"
82.165.88.0 - - [08/Feb/2024:18:35:25 +0100] "POST /wp-cron.php?doing_wp_cron=1707413725.9068729877471923828125 HTTP/1.1" 200 - cronicareinodearagon.com "-" "WordPress/6.2.2; https://cronicareinodearagon.com" "-"
40.77.167.0 - - [08/Feb/2024:18:35:25 +0100] "GET /aragon/violencia-genero-machismo-andalucia-viogen-ayuntamientos/ HTTP/1.1" 200 166982 cronicareinodearagon.com "-" "Mozilla/5.0 AppleWebKit/537.36 (KHTML, like Gecko; compatible; bingbot/2.0; +http://www.bing.com/bingbot.htm) Chrome/116.0.1938.76 Safari/537.36" "-"
82.165.88.0 - - [08/Feb/2024:18:36:55 +0100] "POST /wp-cron.php?doing_wp_cron=1707413815.4760921001434326171875 HTTP/1.1" 200 - cronicareinodearagon.com "-" "WordPress/6.2.2; https://cronicareinodearagon.com" "-"
40.77.167.0 - - [08/Feb/2024:18:36:55 +0100] "GET /politica/exhumaciones-valle-de-los-caidos-permisos-gobierno/ HTTP/1.1" 404 144982 cronicareinodearagon.com "-" "Mozilla/5.0 AppleWebKit/537.36 (KHTML, like Gecko; compatible; bingbot/2.0; +http://www.bing.com/bingbot.htm) Chrome/116.0.1938.76 Safari/537.36" "-"
54.36.148.0 - - [08/Feb/2024:18:37:29 +0100] "GET /category/aragon/page/46/ HTTP/1.1" 200 147318 cronicareinodearagon.com "-" "Mozilla/5.0 (compatible; AhrefsBot/7.0; +http://ahrefs.com/robot/)" "-"
52.167.144.0 - - [08/Feb/2024:18:38:55 +0100] "GET /?s=2023 HTTP/1.1" 200 155745 cronicareinodearagon.com "-" "Mozilla/5.0 AppleWebKit/537.36 (KHTML, like Gecko; compatible; bingbot/2.0; +http://www.bing.com/bingbot.htm) Chrome/116.0.1938.76 Safari/537.36" "-"
82.165.88.0 - - [08/Feb/2024:18:38:56 +0100] "POST /wp-cron.php?doing_wp_cron=1707413936.0215969085693359375000 HTTP/1.1" 200 - cronicareinodearagon.com "-" "WordPress/6.2.2; https://cronicareinodearagon.com" "-"
82.165.88.0 - - [08/Feb/2024:18:41:00 +0100] "POST /wp-cron.php?doing_wp_cron=1707414060.5985770225524902343750 HTTP/1.1" 200 - cronicareinodearagon.com "-" "WordPress/6.2.2; https://cronicareinodearagon.com" "-"
74.125.209.0 - - [08/Feb/2024:18:41:00 +0100] "GET /category/educacion/feed/ HTTP/1.1" 200 56994 cronicareinodearagon.com "-" "FeedFetcher-Google; (+http://www.google.com/feedfetcher.html)" "-"
82.165.88.0 - - [08/Feb/2024:18:49:53 +0100] "POST /wp-cron.php?doing_wp_cron=1707414593.8545539379119873046875 HTTP/1.1" 200 - cronicareinodearagon.com "-" "WordPress/6.2.2; https://cronicareinodearagon.com" "-"
85.208.96.0 - - [08/Feb/2024:18:49:53 +0100] "GET /category/politica/page/14/ HTTP/1.1" 200 147306 cronicareinodearagon.com "-" "Mozilla/5.0 (compatible; SemrushBot/7~bl; +http://www.semrush.com/bot.html)" "-"
216.73.160.0 - - [08/Feb/2024:18:52:51 +0100] "GET / HTTP/1.1" 200 336 cronicadealmeria.com "-" "Go-http-client/1.1" "-"
216.73.160.0 - - [08/Feb/2024:18:52:52 +0100] "GET //wp-includes/css/buttons.css HTTP/1.1" 404 596 cronicadealmeria.com "-" "Go-http-client/1.1" "-"
216.73.160.0 - - [08/Feb/2024:18:52:53 +0100] "GET // HTTP/1.1" 200 336 cronicadealmeria.com "-" "Go-http-client/1.1" "-"
45.8.19.0 - - [08/Feb/2024:18:52:55 +0100] "GET // HTTP/1.1" 200 336 cronicadealmeria.com "-" "Go-http-client/1.1" "-"
85.208.96.0 - - [08/Feb/2024:18:54:07 +0100] "GET /politica/psoe-candidaturas-alcaldia-los-monegros/ HTTP/1.1" 200 164041 cronicareinodearagon.com "-" "Mozilla/5.0 (compatible; SemrushBot/7~bl; +http://www.semrush.com/bot.html)" "-"
82.165.88.0 - - [08/Feb/2024:18:54:08 +0100] "POST /wp-cron.php?doing_wp_cron=1707414847.9869511127471923828125 HTTP/1.1" 200 - cronicareinodearagon.com "-" "WordPress/6.2.2; https://cronicareinodearagon.com" "-"
82.165.88.0 - - [08/Feb/2024:18:55:56 +0100] "POST /wp-cron.php?doing_wp_cron=1707414956.6175870895385742187500 HTTP/1.1" 200 - cronicareinodearagon.com "-" "WordPress/6.2.2; https://cronicareinodearagon.com" "-"
54.36.149.0 - - [08/Feb/2024:18:55:56 +0100] "GET /aragon/consume-andalucia-economia-andaluces-levantaos/ HTTP/1.1" 200 162864 cronicareinodearagon.com "-" "Mozilla/5.0 (compatible; AhrefsBot/7.0; +http://ahrefs.com/robot/)" "-"
54.36.148.0 - - [08/Feb/2024:18:55:58 +0100] "GET /wp-content/uploads/2021/12/Consume-Andalucia.jpg HTTP/1.1" 200 262624 cronicareinodearagon.com "-" "Mozilla/5.0 (compatible; AhrefsBot/7.0; +http://ahrefs.com/robot/)" "-"
74.125.209.0 - - [08/Feb/2024:18:59:07 +0100] "GET /category/educacion/feed/ HTTP/1.1" 200 56994 cronicareinodearagon.com "-" "FeedFetcher-Google; (+http://www.google.com/feedfetcher.html)" "-"
82.165.88.0 - - [08/Feb/2024:18:59:08 +0100] "POST /wp-cron.php?doing_wp_cron=1707415148.1860809326171875000000 HTTP/1.1" 200 - cronicareinodearagon.com "-" "WordPress/6.2.2; https://cronicareinodearagon.com" "-"
82.165.88.0 - - [08/Feb/2024:19:05:26 +0100] "POST /wp-cron.php?doing_wp_cron=1707415526.4324960708618164062500 HTTP/1.1" 200 - cronicareinodearagon.com "-" "WordPress/6.2.2; https://cronicareinodearagon.com" "-"
198.71.235.0 - - [08/Feb/2024:19:05:26 +0100] "POST /wp-login.php HTTP/1.1" 200 9485 cronicareinodearagon.com "-" "Mozilla/5.0 (X11; Fedora; Linux x86_64; rv:94.0) Gecko/20100101 Firefox/95.0" "-"
54.36.149.0 - - [08/Feb/2024:19:12:34 +0100] "GET /aragon/juan-espadas-consejo-gobierno-junta/ HTTP/1.1" 200 172763 cronicareinodearagon.com "-" "Mozilla/5.0 (compatible; AhrefsBot/7.0; +http://ahrefs.com/robot/)" "-"
82.165.88.0 - - [08/Feb/2024:19:12:35 +0100] "POST /wp-cron.php?doing_wp_cron=1707415955.1490459442138671875000 HTTP/1.1" 200 - cronicareinodearagon.com "-" "WordPress/6.2.2; https://cronicareinodearagon.com" "-"
185.191.171.0 - - [08/Feb/2024:19:14:35 +0100] "GET /robots.txt HTTP/1.1" 200 202 cronicareinodearagon.com "-" "Mozilla/5.0 (compatible; SemrushBot/7~bl; +http://www.semrush.com/bot.html)" "-"
82.165.88.0 - - [08/Feb/2024:19:14:36 +0100] "POST /wp-cron.php?doing_wp_cron=1707416076.2776010036468505859375 HTTP/1.1" 200 - cronicareinodearagon.com "-" "WordPress/6.2.2; https://cronicareinodearagon.com" "-"
85.208.96.0 - - [08/Feb/2024:19:14:37 +0100] "GET /category/sociedad/page/18/ HTTP/1.1" 200 147518 cronicareinodearagon.com "-" "Mozilla/5.0 (compatible; SemrushBot/7~bl; +http://www.semrush.com/bot.html)" "-"
161.35.8.0 - - [08/Feb/2024:19:19:45 +0100] "GET / HTTP/1.1" 200 336 cronicadehuelva.com "-" "Mozilla/5.0 (X11; Linux x86_64) AppleWebKit/537.36 (KHTML, like Gecko) Chrome/108.0.0.0 Safari/537.36" "-"
82.165.88.0 - - [08/Feb/2024:19:22:33 +0100] "POST /wp-cron.php?doing_wp_cron=1707416553.6092109680175781250000 HTTP/1.1" 200 - cronicareinodearagon.com "-" "WordPress/6.2.2; https://cronicareinodearagon.com" "-"
68.178.145.0 - - [08/Feb/2024:19:22:33 +0100] "GET /wp-login.php HTTP/1.1" 200 9152 cronicareinodearagon.com "-" "Mozilla/5.0 (X11; Fedora; Linux x86_64; rv:94.0) Gecko/20100101 Firefox/95.0" "-"
82.165.88.0 - - [08/Feb/2024:19:22:45 +0100] "POST /wp-cron.php?doing_wp_cron=1707416565.6552700996398925781250 HTTP/1.1" 200 - cronicareinodearagon.com "-" "WordPress/6.2.2; https://cronicareinodearagon.com" "-"
68.178.145.0 - - [08/Feb/2024:19:22:45 +0100] "POST /wp-login.php HTTP/1.1" 200 9604 cronicareinodearagon.com "-" "Mozilla/5.0 (X11; Fedora; Linux x86_64; rv:94.0) Gecko/20100101 Firefox/95.0" "-"
82.165.88.0 - - [08/Feb/2024:19:24:51 +0100] "POST /wp-cron.php?doing_wp_cron=1707416691.8287460803985595703125 HTTP/1.1" 200 - cronicareinodearagon.com "-" "WordPress/6.2.2; https://cronicareinodearagon.com" "-"
138.246.253.0 - - [08/Feb/2024:19:24:51 +0100] "GET /robots.txt HTTP/1.1" 200 202 cronicareinodearagon.com "-" "Mozilla/5.0 (Windows NT 10.0; Win64; x64) AppleWebKit/537.36 (KHTML, like Gecko) Chrome/103.0.5060.134 Safari/537.36" "-"
143.198.116.0 - - [08/Feb/2024:19:29:02 +0100] "GET / HTTP/1.1" 200 336 cronicadealmeria.com "-" "Mozilla/5.0 (X11; Linux x86_64) AppleWebKit/537.36 (KHTML, like Gecko) Chrome/108.0.0.0 Safari/537.36" "-"
54.36.148.0 - - [08/Feb/2024:19:31:27 +0100] "GET /economia/el-sicab-recoge-una-subida-de-asistentes-en-su-primera-edicion-postpandemia/ HTTP/1.1" 200 165058 cronicareinodearagon.com "-" "Mozilla/5.0 (compatible; AhrefsBot/7.0; +http://ahrefs.com/robot/)" "-"
82.165.88.0 - - [08/Feb/2024:19:31:28 +0100] "POST /wp-cron.php?doing_wp_cron=1707417088.5918910503387451171875 HTTP/1.1" 200 - cronicareinodearagon.com "-" "WordPress/6.2.2; https://cronicareinodearagon.com" "-"
54.36.148.0 - - [08/Feb/2024:19:31:31 +0100] "GET /wp-content/uploads/2021/11/2.-Campeon-de-la-Copa-ANCCE-Doma-Clasica-Grupo-Eulen-Nivel-San-Jorge-QUINCALLO-DE-INDALO-II-propiedad-y-criado-por-Yeguada-Indalo-y-montado-por-Alejandro-Sanchez-del-Barco.-.jpg HTTP/1.1" 200 669973 cronicareinodearagon.com "-" "Mozilla/5.0 (compatible; AhrefsBot/7.0; +http://ahrefs.com/robot/)" "-"
2a03:6f00:: - - [08/Feb/2024:19:49:25 +0100] "POST /xmlrpc.php HTTP/1.1" 200 416 cronicareinodearagon.com "-" "Mozilla/5.0 (Windows NT 5.1) AppleWebKit/537.36 (KHTML, like Gecko) Chrome/46.0.2490.71 Safari/537.36" "-"
82.165.88.0 - - [08/Feb/2024:19:49:27 +0100] "POST /wp-cron.php?doing_wp_cron=1707418166.9894680976867675781250 HTTP/1.1" 200 - cronicareinodearagon.com "-" "WordPress/6.2.2; https://cronicareinodearagon.com" "-"
68.178.145.0 - - [08/Feb/2024:19:49:37 +0100] "POST /xmlrpc.php HTTP/1.1" 200 416 cronicareinodearagon.com "-" "Mozilla/5.0 (Windows NT 6.1; Win64; x64) AppleWebKit/537.36 (KHTML, like Gecko) Chrome/74.0.3729.169 Safari/537.36" "-"
74.125.209.0 - - [08/Feb/2024:19:49:39 +0100] "GET /category/educacion/feed/ HTTP/1.1" 200 56994 cronicareinodearagon.com "-" "FeedFetcher-Google; (+http://www.google.com/feedfetcher.html)" "-"
82.165.88.0 - - [08/Feb/2024:19:49:55 +0100] "POST /wp-cron.php?doing_wp_cron=1707418195.3885910511016845703125 HTTP/1.1" 200 - cronicareinodearagon.com "-" "WordPress/6.2.2; https://cronicareinodearagon.com" "-"
2a03:4000:: - - [08/Feb/2024:19:49:55 +0100] "POST /xmlrpc.php HTTP/1.1" 200 416 cronicareinodearagon.com "-" "Mozilla/5.0 (X11; Linux x86_64) AppleWebKit/537.36 (KHTML, like Gecko) Chrome/44.0.2403.157 Safari/537.36" "-"
198.12.221.0 - - [08/Feb/2024:19:50:01 +0100] "POST /xmlrpc.php HTTP/1.1" 200 416 cronicareinodearagon.com "-" "Mozilla/5.0 (Windows NT 6.1; rv:17.0) Gecko/20100101 Firefox/20.6.14" "-"
82.165.88.0 - - [08/Feb/2024:19:50:08 +0100] "POST /wp-cron.php?doing_wp_cron=1707418208.6284461021423339843750 HTTP/1.1" 200 - cronicareinodearagon.com "-" "WordPress/6.2.2; https://cronicareinodearagon.com" "-"
2a03:6f00:: - - [08/Feb/2024:19:50:08 +0100] "POST /xmlrpc.php HTTP/1.1" 200 416 cronicareinodearagon.com "-" "Mozilla/5.0 (Windows NT 10.0; Win64; x64) AppleWebKit/537.36 (KHTML, like Gecko) Chrome/88.0.4324.104 Safari/537.36" "-"
113.23.132.0 - - [08/Feb/2024:19:50:20 +0100] "POST /xmlrpc.php HTTP/1.1" 200 416 cronicareinodearagon.com "-" "Mozilla/5.0 (Windows NT 6.1; Win64; x64) AppleWebKit/537.36 (KHTML, like Gecko) Chrome/79.0.3945.88 Safari/537.36" "-"
132.148.123.0 - - [08/Feb/2024:19:50:21 +0100] "POST /xmlrpc.php HTTP/1.1" 200 416 cronicareinodearagon.com "-" "Mozilla/5.0 (iPad; CPU OS 14_6 like Mac OS X) AppleWebKit/605.1.15 (KHTML, like Gecko) CriOS/91.0.4472.80 Mobile/15E148 Safari/604.1" "-"
74.125.209.0 - - [08/Feb/2024:19:53:43 +0100] "GET /category/politica/feed/ HTTP/1.1" 200 59109 cronicareinodearagon.com "-" "FeedFetcher-Google; (+http://www.google.com/feedfetcher.html)" "-"
82.165.88.0 - - [08/Feb/2024:19:53:44 +0100] "POST /wp-cron.php?doing_wp_cron=1707418424.1884460449218750000000 HTTP/1.1" 200 - cronicareinodearagon.com "-" "WordPress/6.2.2; https://cronicareinodearagon.com" "-"
74.125.212.0 - - [08/Feb/2024:20:05:28 +0100] "GET /category/economia/feed/ HTTP/1.1" 200 42774 cronicareinodearagon.com "-" "FeedFetcher-Google; (+http://www.google.com/feedfetcher.html)" "-"
82.165.88.0 - - [08/Feb/2024:20:05:29 +0100] "GET / HTTP/1.1" 200 319420 cronicareinodearagon.com "-" "WordPress/6.2.2; https://cronicareinodearagon.com" "-"
82.165.88.0 - - [08/Feb/2024:20:05:29 +0100] "POST /wp-cron.php?doing_wp_cron=1707419129.3788769245147705078125 HTTP/1.1" 200 - cronicareinodearagon.com "-" "WordPress/6.2.2; https://cronicareinodearagon.com" "-"
109.248.138.0 - - [08/Feb/2024:20:05:42 +0100] "POST /wp-comments-post.php HTTP/1.1" 302 - cronicareinodearagon.com "https://cronicareinodearagon.com/aragon/resultados-elecciones-autonomicas-municipales-aragon/" "Mozilla/5.0 (Windows NT 10.0; Win64; x64) AppleWebKit/537.36 (KHTML, like Gecko) Chrome/120.0.0.0 Safari/537.36" "-"
82.165.88.0 - - [08/Feb/2024:20:05:43 +0100] "POST /wp-cron.php?doing_wp_cron=1707419143.0490860939025878906250 HTTP/1.1" 200 - cronicareinodearagon.com "-" "WordPress/6.2.2; https://cronicareinodearagon.com" "-"
109.248.138.0 - - [08/Feb/2024:20:05:44 +0100] "GET /aragon/resultados-elecciones-autonomicas-municipales-aragon/ HTTP/1.1" 200 169152 cronicareinodearagon.com "https://cronicareinodearagon.com/wp-comments-post.php" "Mozilla/5.0 (Windows NT 10.0; Win64; x64) AppleWebKit/537.36 (KHTML, like Gecko) Chrome/120.0.0.0 Safari/537.36" "-"
74.125.209.0 - - [08/Feb/2024:20:16:48 +0100] "GET /category/politica/feed/ HTTP/1.1" 200 59109 cronicareinodearagon.com "-" "FeedFetcher-Google; (+http://www.google.com/feedfetcher.html)" "-"
82.165.88.0 - - [08/Feb/2024:20:16:49 +0100] "POST /wp-cron.php?doing_wp_cron=1707419809.6081171035766601562500 HTTP/1.1" 200 - cronicareinodearagon.com "-" "WordPress/6.2.2; https://cronicareinodearagon.com" "-"
74.125.216.0 - - [08/Feb/2024:20:19:33 +0100] "GET /category/sociedad/feed/ HTTP/1.1" 200 51420 cronicareinodearagon.com "-" "FeedFetcher-Google; (+http://www.google.com/feedfetcher.html)" "-"
82.165.88.0 - - [08/Feb/2024:20:19:34 +0100] "POST /wp-cron.php?doing_wp_cron=1707419974.1547999382019042968750 HTTP/1.1" 200 - cronicareinodearagon.com "-" "WordPress/6.2.2; https://cronicareinodearagon.com" "-"
82.165.88.0 - - [08/Feb/2024:20:26:40 +0100] "POST /wp-cron.php?doing_wp_cron=1707420400.8385798931121826171875 HTTP/1.1" 200 - cronicareinodearagon.com "-" "WordPress/6.2.2; https://cronicareinodearagon.com" "-"
193.151.129.0 - - [08/Feb/2024:20:26:40 +0100] "GET /wp-login.php HTTP/1.1" 200 9152 cronicareinodearagon.com "-" "Mozilla/5.0 (X11; Fedora; Linux x86_64; rv:94.0) Gecko/20100101 Firefox/95.0" "-"
193.151.129.0 - - [08/Feb/2024:20:26:42 +0100] "POST /wp-login.php HTTP/1.1" 200 9604 cronicareinodearagon.com "-" "Mozilla/5.0 (X11; Fedora; Linux x86_64; rv:94.0) Gecko/20100101 Firefox/95.0" "-"
82.165.88.0 - - [08/Feb/2024:20:26:43 +0100] "POST /wp-cron.php?doing_wp_cron=1707420403.0572340488433837890625 HTTP/1.1" 200 - cronicareinodearagon.com "-" "WordPress/6.2.2; https://cronicareinodearagon.com" "-"
54.36.148.0 - - [08/Feb/2024:20:42:28 +0100] "GET /aragon/lamban-psoe-aragon-reconocimiento-funcionarios/ HTTP/1.1" 200 173360 cronicareinodearagon.com "-" "Mozilla/5.0 (compatible; AhrefsBot/7.0; +http://ahrefs.com/robot/)" "-"
82.165.88.0 - - [08/Feb/2024:20:42:29 +0100] "POST /wp-cron.php?doing_wp_cron=1707421349.4612410068511962890625 HTTP/1.1" 200 - cronicareinodearagon.com "-" "WordPress/6.2.2; https://cronicareinodearagon.com" "-"
54.36.148.0 - - [08/Feb/2024:20:42:31 +0100] "GET /wp-content/uploads/2022/10/lamban.webp HTTP/1.1" 200 33582 cronicareinodearagon.com "-" "Mozilla/5.0 (compatible; AhrefsBot/7.0; +http://ahrefs.com/robot/)" "-"
74.125.209.0 - - [08/Feb/2024:20:43:46 +0100] "GET /category/sociedad/feed/ HTTP/1.1" 200 51420 cronicareinodearagon.com "-" "FeedFetcher-Google; (+http://www.google.com/feedfetcher.html)" "-"
82.165.88.0 - - [08/Feb/2024:20:43:47 +0100] "POST /wp-cron.php?doing_wp_cron=1707421426.9769868850708007812500 HTTP/1.1" 200 - cronicareinodearagon.com "-" "WordPress/6.2.2; https://cronicareinodearagon.com" "-"
218.21.89.0 - - [08/Feb/2024:20:48:57 +0100] "POST /wp-comments-post.php HTTP/1.1" 302 - cronicareinodearagon.com "-" "Mozilla/5.0 (Windows NT 10.0; Win64; x64) AppleWebKit/537.36 (KHTML, like Gecko) Chrome/108.0.0.0 Safari/537.36 Edg/108.0.1462.46" "-"
