82.165.88.0 - - [08/Feb/2024:03:42:14 +0100] "POST /wp-cron.php?doing_wp_cron=1707360134.8115220069885253906250 HTTP/1.1" 200 - cronicareinodearagon.com "-" "WordPress/6.2.2; https://cronicareinodearagon.com" "-"
185.220.101.0 - - [08/Feb/2024:03:42:14 +0100] "POST /xmlrpc.php HTTP/1.1" 200 416 cronicareinodearagon.com "-" "Mozilla/5.0 (Windows NT 10.0; Win64; x64) AppleWebKit/537.36 (KHTML, like Gecko) Chrome/88.0.4324.182 Safari/537.36 Edg/88.0.705.81" "-"
185.220.101.0 - - [08/Feb/2024:03:42:15 +0100] "POST /xmlrpc.php HTTP/1.1" 200 416 cronicareinodearagon.com "-" "Mozilla/5.0 (Windows NT 10.0; Win64; x64) AppleWebKit/537.36 (KHTML, like Gecko) Chrome/88.0.4324.182 Safari/537.36 Edg/88.0.705.81" "-"
185.220.101.0 - - [08/Feb/2024:03:42:16 +0100] "POST /xmlrpc.php HTTP/1.1" 403 775 cronicareinodearagon.com "-" "Mozilla/5.0 (Windows NT 10.0; Win64; x64) AppleWebKit/537.36 (KHTML, like Gecko) Chrome/88.0.4324.182 Safari/537.36 Edg/88.0.705.81" "-"
185.220.101.0 - - [08/Feb/2024:03:42:17 +0100] "POST /xmlrpc.php HTTP/1.1" 403 775 cronicareinodearagon.com "-" "Mozilla/5.0 (Windows NT 10.0; Win64; x64) AppleWebKit/537.36 (KHTML, like Gecko) Chrome/88.0.4324.182 Safari/537.36 Edg/88.0.705.81" "-"
185.220.101.0 - - [08/Feb/2024:03:42:18 +0100] "POST /xmlrpc.php HTTP/1.1" 403 775 cronicareinodearagon.com "-" "Mozilla/5.0 (Windows NT 10.0; Win64; x64) AppleWebKit/537.36 (KHTML, like Gecko) Chrome/88.0.4324.182 Safari/537.36 Edg/88.0.705.81" "-"
85.208.96.0 - - [08/Feb/2024:03:44:49 +0100] "GET /robots.txt HTTP/1.1" 200 202 cronicareinodearagon.com "-" "Mozilla/5.0 (compatible; SemrushBot/7~bl; +http://www.semrush.com/bot.html)" "-"
82.165.88.0 - - [08/Feb/2024:03:44:50 +0100] "POST /wp-cron.php?doing_wp_cron=1707360290.2145841121673583984375 HTTP/1.1" 200 - cronicareinodearagon.com "-" "WordPress/6.2.2; https://cronicareinodearagon.com" "-"
85.208.96.0 - - [08/Feb/2024:03:44:51 +0100] "GET /category/aragon/page/74/ HTTP/1.1" 200 147830 cronicareinodearagon.com "-" "Mozilla/5.0 (compatible; SemrushBot/7~bl; +http://www.semrush.com/bot.html)" "-"
74.125.209.0 - - [08/Feb/2024:03:46:17 +0100] "GET /category/sociedad/feed/ HTTP/1.1" 200 16233 cronicareinodearagon.com "-" "FeedFetcher-Google; (+http://www.google.com/feedfetcher.html)" "-"
66.249.88.0 - - [08/Feb/2024:03:47:50 +0100] "GET /.well-known/traffic-advice HTTP/1.1" 404 144883 cronicareinodearagon.com "-" "Chrome Privacy Preserving Prefetch Proxy" "-"
82.165.88.0 - - [08/Feb/2024:03:47:51 +0100] "POST /wp-cron.php?doing_wp_cron=1707360471.3049359321594238281250 HTTP/1.1" 200 - cronicareinodearagon.com "-" "WordPress/6.2.2; https://cronicareinodearagon.com" "-"
2001:4860:: - - [08/Feb/2024:03:47:51 +0100] "GET /aragon/andalucia-65-casos-sumision/ HTTP/1.1" 200 160993 cronicareinodearagon.com "https://www.google.com/" "Mozilla/5.0 (Linux; Android 10; K) AppleWebKit/537.36 (KHTML, like Gecko) Chrome/121.0.0.0 Mobile Safari/537.36" "-"
82.165.88.0 - - [08/Feb/2024:03:48:49 +0100] "POST /wp-cron.php?doing_wp_cron=1707360529.6846790313720703125000 HTTP/1.1" 200 - cronicareinodearagon.com "-" "WordPress/6.2.2; https://cronicareinodearagon.com" "-"
185.191.171.0 - - [08/Feb/2024:03:48:49 +0100] "GET /aragon/juanma-moreno-bendodo-denuncia-prevaricacion/ HTTP/1.1" 200 166011 cronicareinodearagon.com "-" "Mozilla/5.0 (compatible; SemrushBot/7~bl; +http://www.semrush.com/bot.html)" "-"
85.208.96.0 - - [08/Feb/2024:03:49:06 +0100] "GET /aragon/ola-calor-domingo-42-grados/ HTTP/1.1" 200 159998 cronicareinodearagon.com "-" "Mozilla/5.0 (compatible; SemrushBot/7~bl; +http://www.semrush.com/bot.html)" "-"
74.125.209.0 - - [08/Feb/2024:03:52:42 +0100] "GET /category/politica/feed/ HTTP/1.1" 200 18273 cronicareinodearagon.com "-" "FeedFetcher-Google; (+http://www.google.com/feedfetcher.html)" "-"
74.125.212.0 - - [08/Feb/2024:03:52:42 +0100] "GET /category/economia/feed/ HTTP/1.1" 200 12913 cronicareinodearagon.com "-" "FeedFetcher-Google; (+http://www.google.com/feedfetcher.html)" "-"
82.165.88.0 - - [08/Feb/2024:03:53:34 +0100] "POST /wp-cron.php?doing_wp_cron=1707360814.4218180179595947265625 HTTP/1.1" 200 - cronicareinodearagon.com "-" "WordPress/6.2.2; https://cronicareinodearagon.com" "-"
17.241.75.0 - - [08/Feb/2024:03:53:34 +0100] "GET /aragon/sexta-ola-salvese-quien-pueda-andalucia/ HTTP/1.1" 200 172720 cronicareinodearagon.com "-" "Mozilla/5.0 (Macintosh; Intel Mac OS X 10_15_5) AppleWebKit/605.1.15 (KHTML, like Gecko) Version/13.1.1 Safari/605.1.15 (Applebot/0.1; +http://www.apple.com/go/applebot)" "-"
199.244.88.0 - - [08/Feb/2024:03:58:28 +0100] "GET / HTTP/1.1" 200 336 cronicadeasturias.com "-" "Mozilla/5.0 (X11; Linux x86_64) AppleWebKit/537.36 (KHTML, like Gecko) Chrome/105.0.0.0 Safari/537.36" "-"
68.183.122.0 - - [08/Feb/2024:04:08:49 +0100] "GET / HTTP/1.1" 200 41729 cronicareinodearagon.com "-" "Mozilla/5.0 (X11; Linux x86_64) AppleWebKit/537.36 (KHTML, like Gecko) Chrome/120.0.0.0 Safari/537.36 Edg/120.0.2210.150" "-"
85.208.96.0 - - [08/Feb/2024:04:10:35 +0100] "GET /educacion/cordoba-huelva-y-sevilla-se-suman-al-programa-unidiversidad-de-la-once/ HTTP/1.1" 200 162480 cronicareinodearagon.com "-" "Mozilla/5.0 (compatible; SemrushBot/7~bl; +http://www.semrush.com/bot.html)" "-"
82.165.88.0 - - [08/Feb/2024:04:10:36 +0100] "POST /wp-cron.php?doing_wp_cron=1707361836.0971019268035888671875 HTTP/1.1" 200 - cronicareinodearagon.com "-" "WordPress/6.2.2; https://cronicareinodearagon.com" "-"
82.165.88.0 - - [08/Feb/2024:04:15:49 +0100] "POST /wp-cron.php?doing_wp_cron=1707362149.4113628864288330078125 HTTP/1.1" 200 - cronicareinodearagon.com "-" "WordPress/6.2.2; https://cronicareinodearagon.com" "-"
185.191.171.0 - - [08/Feb/2024:04:15:49 +0100] "GET /aragon/juan-espadas-agencia-aeroespacial-sevilla/ HTTP/1.1" 200 161731 cronicareinodearagon.com "-" "Mozilla/5.0 (compatible; SemrushBot/7~bl; +http://www.semrush.com/bot.html)" "-"
43.131.243.0 - - [08/Feb/2024:04:16:36 +0100] "GET / HTTP/1.1" 200 336 cronicadearagon.com "-" "Mozilla/5.0 (iPhone; CPU iPhone OS 13_2_3 like Mac OS X) AppleWebKit/605.1.15 (KHTML, like Gecko) Version/13.0.3 Mobile/15E148 Safari/604.1" "-"
43.131.243.0 - - [08/Feb/2024:04:16:37 +0100] "GET / HTTP/1.1" 200 336 cronicadehuelva.com "-" "Mozilla/5.0 (iPhone; CPU iPhone OS 13_2_3 like Mac OS X) AppleWebKit/605.1.15 (KHTML, like Gecko) Version/13.0.3 Mobile/15E148 Safari/604.1" "-"
43.131.243.0 - - [08/Feb/2024:04:16:37 +0100] "GET / HTTP/1.1" 200 336 cronicademalaga.com "-" "Mozilla/5.0 (iPhone; CPU iPhone OS 13_2_3 like Mac OS X) AppleWebKit/605.1.15 (KHTML, like Gecko) Version/13.0.3 Mobile/15E148 Safari/604.1" "-"
142.93.240.0 - - [08/Feb/2024:04:24:16 +0100] "GET / HTTP/1.1" 200 336 cronicadearagon.com "-" "Mozilla/5.0 (X11; Linux x86_64) AppleWebKit/537.36 (KHTML, like Gecko) Chrome/112.0.0.0 Safari/537.36" "-"
82.165.88.0 - - [08/Feb/2024:04:25:08 +0100] "POST /wp-cron.php?doing_wp_cron=1707362708.4389839172363281250000 HTTP/1.1" 200 - cronicareinodearagon.com "-" "WordPress/6.2.2; https://cronicareinodearagon.com" "-"
54.36.148.0 - - [08/Feb/2024:04:25:08 +0100] "GET /category/aragon/page/7/ HTTP/1.1" 200 147580 cronicareinodearagon.com "-" "Mozilla/5.0 (compatible; AhrefsBot/7.0; +http://ahrefs.com/robot/)" "-"
74.125.212.0 - - [08/Feb/2024:04:29:18 +0100] "GET /category/economia/feed/ HTTP/1.1" 200 12913 cronicareinodearagon.com "-" "FeedFetcher-Google; (+http://www.google.com/feedfetcher.html)" "-"
74.125.209.0 - - [08/Feb/2024:04:31:00 +0100] "GET /category/politica/feed/ HTTP/1.1" 200 18273 cronicareinodearagon.com "-" "FeedFetcher-Google; (+http://www.google.com/feedfetcher.html)" "-"
74.125.212.0 - - [08/Feb/2024:04:32:56 +0100] "GET /category/economia/feed/ HTTP/1.1" 200 12913 cronicareinodearagon.com "-" "FeedFetcher-Google; (+http://www.google.com/feedfetcher.html)" "-"
191.102.155.0 - - [08/Feb/2024:04:35:32 +0100] "HEAD / HTTP/1.1" 200 - cronicademalaga.com "-" "Mozilla/5.0 (Macintosh; Intel Mac OS X 10_15_7) AppleWebKit/537.36 (KHTML, like Gecko) Chrome/107.0.0.0 Safari/537.36" "-"
95.164.158.0 - - [08/Feb/2024:04:35:32 +0100] "GET / HTTP/1.1" 200 336 cronicademalaga.com "-" "Mozilla/5.0 (Macintosh; Intel Mac OS X 10_15_7) AppleWebKit/537.36 (KHTML, like Gecko) Chrome/107.0.0.0 Safari/537.36" "-"
3.89.129.0 - - [08/Feb/2024:04:35:32 +0100] "GET /favicon.ico HTTP/1.1" 404 596 cronicademalaga.com "-" "Mozilla/5.0 (Macintosh; Intel Mac OS X 10_15_7) AppleWebKit/537.36 (KHTML, like Gecko) Chrome/107.0.0.0 Safari/537.36" "-"
44.203.194.0 - - [08/Feb/2024:04:35:32 +0100] "GET /favicon.ico HTTP/1.1" 404 596 cronicademalaga.com "-" "Mozilla/5.0 (Macintosh; Intel Mac OS X 10_15_7) AppleWebKit/537.36 (KHTML, like Gecko) Chrome/107.0.0.0 Safari/537.36" "-"
132.255.133.0 - - [08/Feb/2024:04:35:33 +0100] "GET /favicon.png HTTP/1.1" 404 596 cronicademalaga.com "-" "Mozilla/5.0 (Macintosh; Intel Mac OS X 10_15_7) AppleWebKit/537.36 (KHTML, like Gecko) Chrome/107.0.0.0 Safari/537.36" "-"
44.203.194.0 - - [08/Feb/2024:04:35:33 +0100] "GET /favicon.png HTTP/1.1" 404 596 cronicademalaga.com "-" "Mozilla/5.0 (Macintosh; Intel Mac OS X 10_15_7) AppleWebKit/537.36 (KHTML, like Gecko) Chrome/107.0.0.0 Safari/537.36" "-"
82.165.88.0 - - [08/Feb/2024:04:41:20 +0100] "POST /wp-cron.php?doing_wp_cron=1707363680.4957170486450195312500 HTTP/1.1" 200 - cronicareinodearagon.com "-" "WordPress/6.2.2; https://cronicareinodearagon.com" "-"
185.191.171.0 - - [08/Feb/2024:04:41:20 +0100] "GET /aragon/andalucia-ayuda-refugiados-ucrania/ HTTP/1.1" 200 179871 cronicareinodearagon.com "-" "Mozilla/5.0 (compatible; SemrushBot/7~bl; +http://www.semrush.com/bot.html)" "-"
17.241.75.0 - - [08/Feb/2024:04:42:18 +0100] "GET /sociedad/detenido-trasladar-inmigrantes-ilegales/ HTTP/1.1" 200 160541 cronicareinodearagon.com "-" "Mozilla/5.0 (Macintosh; Intel Mac OS X 10_15_5) AppleWebKit/605.1.15 (KHTML, like Gecko) Version/13.1.1 Safari/605.1.15 (Applebot/0.1; +http://www.apple.com/go/applebot)" "-"
82.165.88.0 - - [08/Feb/2024:04:42:19 +0100] "POST /wp-cron.php?doing_wp_cron=1707363739.0760960578918457031250 HTTP/1.1" 200 - cronicareinodearagon.com "-" "WordPress/6.2.2; https://cronicareinodearagon.com" "-"
85.208.96.0 - - [08/Feb/2024:04:42:33 +0100] "GET /aragon/andalucia-covid-ola-contagios-vacunas-pandemia-coronavirus/ HTTP/1.1" 200 164136 cronicareinodearagon.com "-" "Mozilla/5.0 (compatible; SemrushBot/7~bl; +http://www.semrush.com/bot.html)" "-"
82.165.88.0 - - [08/Feb/2024:04:44:07 +0100] "POST /wp-cron.php?doing_wp_cron=1707363847.3106410503387451171875 HTTP/1.1" 200 - cronicareinodearagon.com "-" "WordPress/6.2.2; https://cronicareinodearagon.com" "-"
185.191.171.0 - - [08/Feb/2024:04:44:07 +0100] "GET /aragon/acuerdo-gobierno-aragon-aje-zaragoza/ HTTP/1.1" 200 168352 cronicareinodearagon.com "-" "Mozilla/5.0 (compatible; SemrushBot/7~bl; +http://www.semrush.com/bot.html)" "-"
52.167.144.0 - - [08/Feb/2024:04:44:08 +0100] "GET /aragon/el-biogas-como-aliado-en-la-descarbonizacion-tematica-de-jornada-de-itainnova-circe-y-clenar/ HTTP/1.1" 200 34283 cronicareinodearagon.com "-" "Mozilla/5.0 AppleWebKit/537.36 (KHTML, like Gecko; compatible; bingbot/2.0; +http://www.bing.com/bingbot.htm) Chrome/116.0.1938.76 Safari/537.36" "-"
150.109.253.0 - - [08/Feb/2024:04:46:12 +0100] "GET / HTTP/1.1" 200 336 cronicadecordoba.com "-" "Mozilla/5.0 (iPhone; CPU iPhone OS 13_2_3 like Mac OS X) AppleWebKit/605.1.15 (KHTML, like Gecko) Version/13.0.3 Mobile/15E148 Safari/604.1" "-"
150.109.253.0 - - [08/Feb/2024:04:46:12 +0100] "GET / HTTP/1.1" 200 336 cronicadesevilla.com "-" "Mozilla/5.0 (iPhone; CPU iPhone OS 13_2_3 like Mac OS X) AppleWebKit/605.1.15 (KHTML, like Gecko) Version/13.0.3 Mobile/15E148 Safari/604.1" "-"
150.109.253.0 - - [08/Feb/2024:04:46:12 +0100] "GET / HTTP/1.1" 200 336 cronicadealmeria.com "-" "Mozilla/5.0 (iPhone; CPU iPhone OS 13_2_3 like Mac OS X) AppleWebKit/605.1.15 (KHTML, like Gecko) Version/13.0.3 Mobile/15E148 Safari/604.1" "-"
150.109.253.0 - - [08/Feb/2024:04:46:12 +0100] "GET / HTTP/1.1" 200 336 cronicadegranada.com "-" "Mozilla/5.0 (iPhone; CPU iPhone OS 13_2_3 like Mac OS X) AppleWebKit/605.1.15 (KHTML, like Gecko) Version/13.0.3 Mobile/15E148 Safari/604.1" "-"
17.241.219.0 - - [08/Feb/2024:04:50:01 +0100] "GET /wp-content/uploads/2022/07/protesta-tractores-jaen-750x375.jpg HTTP/1.1" 200 61329 cronicareinodearagon.com "-" "Mozilla/5.0 (Macintosh; Intel Mac OS X 10_15_5) AppleWebKit/605.1.15 (KHTML, like Gecko) Version/13.1.1 Safari/605.1.15 (Applebot/0.1; +http://www.apple.com/go/applebot)" "-"
17.246.15.0 - - [08/Feb/2024:04:50:14 +0100] "GET /wp-content/plugins/jnews-social-share/assets/css/plugin.css HTTP/1.1" 200 506 cronicareinodearagon.com "https://cronicareinodearagon.com/sociedad/detenido-trasladar-inmigrantes-ilegales/" "Mozilla/5.0 (Macintosh; Intel Mac OS X 10_15_5) AppleWebKit/605.1.15 (KHTML, like Gecko) Version/13.1.1 Safari/605.1.15 (Applebot/0.1; +http://www.apple.com/go/applebot)" "-"
17.246.19.0 - - [08/Feb/2024:04:50:15 +0100] "GET /wp-includes/js/comment-reply.min.js?ver=6.2.2 HTTP/1.1" 200 1399 cronicareinodearagon.com "https://cronicareinodearagon.com/sociedad/detenido-trasladar-inmigrantes-ilegales/" "Mozilla/5.0 (Macintosh; Intel Mac OS X 10_15_5) AppleWebKit/605.1.15 (KHTML, like Gecko) Version/13.1.1 Safari/605.1.15 (Applebot/0.1; +http://www.apple.com/go/applebot)" "-"
17.246.15.0 - - [08/Feb/2024:04:50:15 +0100] "GET /wp-content/plugins/jnews-social-share/assets/js/plugin.js HTTP/1.1" 200 1411 cronicareinodearagon.com "https://cronicareinodearagon.com/sociedad/detenido-trasladar-inmigrantes-ilegales/" "Mozilla/5.0 (Macintosh; Intel Mac OS X 10_15_5) AppleWebKit/605.1.15 (KHTML, like Gecko) Version/13.1.1 Safari/605.1.15 (Applebot/0.1; +http://www.apple.com/go/applebot)" "-"
17.246.15.0 - - [08/Feb/2024:04:50:16 +0100] "GET /wp-content/plugins/akismet/_inc/akismet-frontend.js?ver=1683388628 HTTP/1.1" 200 3528 cronicareinodearagon.com "https://cronicareinodearagon.com/sociedad/detenido-trasladar-inmigrantes-ilegales/" "Mozilla/5.0 (Macintosh; Intel Mac OS X 10_15_5) AppleWebKit/605.1.15 (KHTML, like Gecko) Version/13.1.1 Safari/605.1.15 (Applebot/0.1; +http://www.apple.com/go/applebot)" "-"
17.246.15.0 - - [08/Feb/2024:04:50:30 +0100] "GET /wp-content/plugins/elementor/assets/lib/share-link/share-link.min.js?ver=3.15.2 HTTP/1.1" 200 1185 cronicareinodearagon.com "https://cronicareinodearagon.com/sociedad/detenido-trasladar-inmigrantes-ilegales/" "Mozilla/5.0 (Macintosh; Intel Mac OS X 10_15_5) AppleWebKit/605.1.15 (KHTML, like Gecko) Version/13.1.1 Safari/605.1.15 (Applebot/0.1; +http://www.apple.com/go/applebot)" "-"
17.246.15.0 - - [08/Feb/2024:04:50:30 +0100] "GET /wp-content/plugins/elementor/assets/js/lightbox.1b6e05e0607040eb8929.bundle.min.js HTTP/1.1" 200 11140 cronicareinodearagon.com "https://cronicareinodearagon.com/sociedad/detenido-trasladar-inmigrantes-ilegales/" "Mozilla/5.0 (Macintosh; Intel Mac OS X 10_15_5) AppleWebKit/605.1.15 (KHTML, like Gecko) Version/13.1.1 Safari/605.1.15 (Applebot/0.1; +http://www.apple.com/go/applebot)" "-"
17.246.15.0 - - [08/Feb/2024:04:50:31 +0100] "GET /wp-content/plugins/elementor/assets/lib/dialog/dialog.min.js?ver=4.9.0 HTTP/1.1" 200 3897 cronicareinodearagon.com "https://cronicareinodearagon.com/sociedad/detenido-trasladar-inmigrantes-ilegales/" "Mozilla/5.0 (Macintosh; Intel Mac OS X 10_15_5) AppleWebKit/605.1.15 (KHTML, like Gecko) Version/13.1.1 Safari/605.1.15 (Applebot/0.1; +http://www.apple.com/go/applebot)" "-"
82.165.88.0 - - [08/Feb/2024:04:51:41 +0100] "POST /wp-cron.php?doing_wp_cron=1707364301.5019528865814208984375 HTTP/1.1" 200 - cronicareinodearagon.com "-" "WordPress/6.2.2; https://cronicareinodearagon.com" "-"
54.36.149.0 - - [08/Feb/2024:04:51:41 +0100] "GET /politica/rivares-mientras-unos-pocos-se-reparten-zaragoza-podemos-es-garantia-de-resolver-los-problemas-del-dia-a-dia/ HTTP/1.1" 200 166455 cronicareinodearagon.com "-" "Mozilla/5.0 (compatible; AhrefsBot/7.0; +http://ahrefs.com/robot/)" "-"
54.36.148.0 - - [08/Feb/2024:04:51:44 +0100] "GET /wp-content/uploads/2023/05/fernando-rivares-podemos-zaragoza.jpg HTTP/1.1" 200 59111 cronicareinodearagon.com "-" "Mozilla/5.0 (compatible; AhrefsBot/7.0; +http://ahrefs.com/robot/)" "-"
185.191.171.0 - - [08/Feb/2024:04:57:15 +0100] "GET /robots.txt HTTP/1.1" 200 202 cronicareinodearagon.com "-" "Mozilla/5.0 (compatible; SemrushBot/7~bl; +http://www.semrush.com/bot.html)" "-"
82.165.88.0 - - [08/Feb/2024:04:57:16 +0100] "POST /wp-cron.php?doing_wp_cron=1707364636.0523800849914550781250 HTTP/1.1" 200 - cronicareinodearagon.com "-" "WordPress/6.2.2; https://cronicareinodearagon.com" "-"
85.208.96.0 - - [08/Feb/2024:04:57:16 +0100] "GET /aragon/forestalia-invertira-640-millones-en-renovables-hasta-llegar-a-los-800-mw/ HTTP/1.1" 200 160693 cronicareinodearagon.com "-" "Mozilla/5.0 (compatible; SemrushBot/7~bl; +http://www.semrush.com/bot.html)" "-"
82.165.88.0 - - [08/Feb/2024:04:59:06 +0100] "POST /wp-cron.php?doing_wp_cron=1707364746.9264829158782958984375 HTTP/1.1" 200 - cronicareinodearagon.com "-" "WordPress/6.2.2; https://cronicareinodearagon.com" "-"
85.208.96.0 - - [08/Feb/2024:04:59:06 +0100] "GET /aragon/incendio-andalucia-temperaturas-calor-infoca-junta/ HTTP/1.1" 200 166571 cronicareinodearagon.com "-" "Mozilla/5.0 (compatible; SemrushBot/7~bl; +http://www.semrush.com/bot.html)" "-"
85.208.96.0 - - [08/Feb/2024:04:59:18 +0100] "GET /economia/andalucia-granada-frutas-hortalizas-economia-espana/ HTTP/1.1" 200 162426 cronicareinodearagon.com "-" "Mozilla/5.0 (compatible; SemrushBot/7~bl; +http://www.semrush.com/bot.html)" "-"
185.191.171.0 - - [08/Feb/2024:05:00:15 +0100] "GET /aragon/lamban-opciones-conservadora-o-mayoria-progresista/ HTTP/1.1" 200 187455 cronicareinodearagon.com "-" "Mozilla/5.0 (compatible; SemrushBot/7~bl; +http://www.semrush.com/bot.html)" "-"
82.165.88.0 - - [08/Feb/2024:05:00:16 +0100] "POST /wp-cron.php?doing_wp_cron=1707364816.2998909950256347656250 HTTP/1.1" 200 - cronicareinodearagon.com "-" "WordPress/6.2.2; https://cronicareinodearagon.com" "-"
85.208.96.0 - - [08/Feb/2024:05:00:35 +0100] "GET /category/sociedad/page/16/ HTTP/1.1" 200 147506 cronicareinodearagon.com "-" "Mozilla/5.0 (compatible; SemrushBot/7~bl; +http://www.semrush.com/bot.html)" "-"
82.165.88.0 - - [08/Feb/2024:05:02:50 +0100] "POST /wp-cron.php?doing_wp_cron=1707364970.7737250328063964843750 HTTP/1.1" 200 - cronicareinodearagon.com "-" "WordPress/6.2.2; https://cronicareinodearagon.com" "-"
185.191.171.0 - - [08/Feb/2024:05:02:50 +0100] "GET /aragon/programa-impulsa-consejeria-educacion-especial/ HTTP/1.1" 200 169562 cronicareinodearagon.com "-" "Mozilla/5.0 (compatible; SemrushBot/7~bl; +http://www.semrush.com/bot.html)" "-"
74.125.212.0 - - [08/Feb/2024:05:08:03 +0100] "GET /category/economia/feed/ HTTP/1.1" 200 12913 cronicareinodearagon.com "-" "FeedFetcher-Google; (+http://www.google.com/feedfetcher.html)" "-"
45.131.193.0 - - [08/Feb/2024:05:09:19 +0100] "GET / HTTP/1.1" 200 336 cronicadegranada.com "-" "Go-http-client/1.1" "-"
45.131.193.0 - - [08/Feb/2024:05:09:19 +0100] "GET //wp-includes/css/buttons.css HTTP/1.1" 404 596 cronicadegranada.com "-" "Go-http-client/1.1" "-"
45.131.193.0 - - [08/Feb/2024:05:09:19 +0100] "GET // HTTP/1.1" 200 336 cronicadegranada.com "-" "Go-http-client/1.1" "-"
45.131.193.0 - - [08/Feb/2024:05:09:20 +0100] "GET // HTTP/1.1" 200 336 cronicadegranada.com "-" "Go-http-client/1.1" "-"
82.165.88.0 - - [08/Feb/2024:05:10:56 +0100] "POST /wp-cron.php?doing_wp_cron=1707365456.4226698875427246093750 HTTP/1.1" 200 - cronicareinodearagon.com "-" "WordPress/6.2.2; https://cronicareinodearagon.com" "-"
185.191.171.0 - - [08/Feb/2024:05:10:56 +0100] "GET /aragon/gripe-aviar-andalucia-casos/ HTTP/1.1" 200 165325 cronicareinodearagon.com "-" "Mozilla/5.0 (compatible; SemrushBot/7~bl; +http://www.semrush.com/bot.html)" "-"
82.165.88.0 - - [08/Feb/2024:05:11:45 +0100] "POST /wp-cron.php?doing_wp_cron=1707365505.8103458881378173828125 HTTP/1.1" 200 - cronicareinodearagon.com "-" "WordPress/6.2.2; https://cronicareinodearagon.com" "-"
54.74.17.0 - - [08/Feb/2024:05:11:45 +0100] "GET / HTTP/1.1" 301 - www.cronicareinodearagon.com "-" "Mozilla/5.0 (compatible; NetcraftSurveyAgent/1.0; +info@netcraft.com)" "-"
193.26.115.0 - - [08/Feb/2024:05:11:48 +0100] "GET / HTTP/1.1" 200 336 grupocronicaenlibertad.com "-" "Go-http-client/1.1" "-"
193.26.115.0 - - [08/Feb/2024:05:11:48 +0100] "GET //wp-includes/css/buttons.css HTTP/1.1" 404 596 grupocronicaenlibertad.com "-" "Go-http-client/1.1" "-"
193.26.115.0 - - [08/Feb/2024:05:11:48 +0100] "GET // HTTP/1.1" 200 336 grupocronicaenlibertad.com "-" "Go-http-client/1.1" "-"
193.26.115.0 - - [08/Feb/2024:05:11:49 +0100] "GET // HTTP/1.1" 200 336 grupocronicaenlibertad.com "-" "Go-http-client/1.1" "-"
82.165.88.0 - - [08/Feb/2024:05:16:32 +0100] "POST /wp-cron.php?doing_wp_cron=1707365792.4672551155090332031250 HTTP/1.1" 200 - cronicareinodearagon.com "-" "WordPress/6.2.2; https://cronicareinodearagon.com" "-"
185.191.171.0 - - [08/Feb/2024:05:16:32 +0100] "GET /politica/psoe-jaen-diputacion-presa-siles/ HTTP/1.1" 200 163543 cronicareinodearagon.com "-" "Mozilla/5.0 (compatible; SemrushBot/7~bl; +http://www.semrush.com/bot.html)" "-"
43.155.169.0 - - [08/Feb/2024:05:17:11 +0100] "GET / HTTP/1.1" 200 336 cronicadeasturias.com "-" "Mozilla/5.0 (iPhone; CPU iPhone OS 13_2_3 like Mac OS X) AppleWebKit/605.1.15 (KHTML, like Gecko) Version/13.0.3 Mobile/15E148 Safari/604.1" "-"
43.155.169.0 - - [08/Feb/2024:05:17:11 +0100] "GET / HTTP/1.1" 200 336 cronicadevalencia.com "-" "Mozilla/5.0 (iPhone; CPU iPhone OS 13_2_3 like Mac OS X) AppleWebKit/605.1.15 (KHTML, like Gecko) Version/13.0.3 Mobile/15E148 Safari/604.1" "-"
74.125.216.0 - - [08/Feb/2024:05:18:49 +0100] "GET /category/educacion/feed/ HTTP/1.1" 200 16487 cronicareinodearagon.com "-" "FeedFetcher-Google; (+http://www.google.com/feedfetcher.html)" "-"
82.165.88.0 - - [08/Feb/2024:05:19:02 +0100] "POST /wp-cron.php?doing_wp_cron=1707365942.4980800151824951171875 HTTP/1.1" 200 - cronicareinodearagon.com "-" "WordPress/6.2.2; https://cronicareinodearagon.com" "-"
185.191.171.0 - - [08/Feb/2024:05:19:02 +0100] "GET /aragon/juanma-moreno-alcanza-mayoria-absoluta/ HTTP/1.1" 200 165409 cronicareinodearagon.com "-" "Mozilla/5.0 (compatible; SemrushBot/7~bl; +http://www.semrush.com/bot.html)" "-"
85.208.96.0 - - [08/Feb/2024:05:19:52 +0100] "GET /aragon/juanma-moreno-sesion-parlamentaria/ HTTP/1.1" 200 165732 cronicareinodearagon.com "-" "Mozilla/5.0 (compatible; SemrushBot/7~bl; +http://www.semrush.com/bot.html)" "-"
82.165.88.0 - - [08/Feb/2024:05:19:53 +0100] "POST /wp-cron.php?doing_wp_cron=1707365993.0850100517272949218750 HTTP/1.1" 200 - cronicareinodearagon.com "-" "WordPress/6.2.2; https://cronicareinodearagon.com" "-"
54.36.148.0 - - [08/Feb/2024:05:20:20 +0100] "GET /aragon/psoe-a-medidas-apoyo-familias/ HTTP/1.1" 200 167060 cronicareinodearagon.com "-" "Mozilla/5.0 (compatible; AhrefsBot/7.0; +http://ahrefs.com/robot/)" "-"
185.191.171.0 - - [08/Feb/2024:05:20:30 +0100] "GET /category/sociedad/page/9/ HTTP/1.1" 200 148069 cronicareinodearagon.com "-" "Mozilla/5.0 (compatible; SemrushBot/7~bl; +http://www.semrush.com/bot.html)" "-"
85.208.96.0 - - [08/Feb/2024:05:20:42 +0100] "GET /aragon/angeles-ferriz-psoe-a-moreno-bonilla-vacaciones/ HTTP/1.1" 200 178638 cronicareinodearagon.com "-" "Mozilla/5.0 (compatible; SemrushBot/7~bl; +http://www.semrush.com/bot.html)" "-"
82.165.88.0 - - [08/Feb/2024:05:20:43 +0100] "POST /wp-cron.php?doing_wp_cron=1707366043.1653978824615478515625 HTTP/1.1" 200 - cronicareinodearagon.com "-" "WordPress/6.2.2; https://cronicareinodearagon.com" "-"
74.125.209.0 - - [08/Feb/2024:05:21:24 +0100] "GET /category/sociedad/feed/ HTTP/1.1" 200 16233 cronicareinodearagon.com "-" "FeedFetcher-Google; (+http://www.google.com/feedfetcher.html)" "-"
85.208.96.0 - - [08/Feb/2024:05:31:08 +0100] "GET /category/politica/page/20/ HTTP/1.1" 200 147508 cronicareinodearagon.com "-" "Mozilla/5.0 (compatible; SemrushBot/7~bl; +http://www.semrush.com/bot.html)" "-"
82.165.88.0 - - [08/Feb/2024:05:31:09 +0100] "POST /wp-cron.php?doing_wp_cron=1707366669.0400269031524658203125 HTTP/1.1" 200 - cronicareinodearagon.com "-" "WordPress/6.2.2; https://cronicareinodearagon.com" "-"
74.125.209.0 - - [08/Feb/2024:05:32:00 +0100] "GET /category/sociedad/feed/ HTTP/1.1" 200 16233 cronicareinodearagon.com "-" "FeedFetcher-Google; (+http://www.google.com/feedfetcher.html)" "-"
82.165.88.0 - - [08/Feb/2024:05:35:11 +0100] "POST /wp-cron.php?doing_wp_cron=1707366911.8613970279693603515625 HTTP/1.1" 200 - cronicareinodearagon.com "-" "WordPress/6.2.2; https://cronicareinodearagon.com" "-"
185.191.171.0 - - [08/Feb/2024:05:35:11 +0100] "GET /aragon/pasaporte-covid-certificado-hospitales/ HTTP/1.1" 200 167580 cronicareinodearagon.com "-" "Mozilla/5.0 (compatible; SemrushBot/7~bl; +http://www.semrush.com/bot.html)" "-"
191.101.174.0 - - [08/Feb/2024:05:35:39 +0100] "GET / HTTP/1.1" 200 336 cronicadelpaisvalenciano.com "-" "Go-http-client/1.1" "-"
191.101.174.0 - - [08/Feb/2024:05:35:39 +0100] "GET //wp-includes/css/buttons.css HTTP/1.1" 404 596 cronicadelpaisvalenciano.com "-" "Go-http-client/1.1" "-"
191.101.174.0 - - [08/Feb/2024:05:35:39 +0100] "GET // HTTP/1.1" 200 336 cronicadelpaisvalenciano.com "-" "Go-http-client/1.1" "-"
191.101.174.0 - - [08/Feb/2024:05:35:40 +0100] "GET // HTTP/1.1" 200 336 cronicadelpaisvalenciano.com "-" "Go-http-client/1.1" "-"
82.165.88.0 - - [08/Feb/2024:05:40:09 +0100] "POST /wp-cron.php?doing_wp_cron=1707367209.8425989151000976562500 HTTP/1.1" 200 - cronicareinodearagon.com "-" "WordPress/6.2.2; https://cronicareinodearagon.com" "-"
185.191.171.0 - - [08/Feb/2024:05:40:09 +0100] "GET /aragon/encuesta-cis-desaparicion-ciudadanos/ HTTP/1.1" 200 162768 cronicareinodearagon.com "-" "Mozilla/5.0 (compatible; SemrushBot/7~bl; +http://www.semrush.com/bot.html)" "-"
85.208.96.0 - - [08/Feb/2024:05:44:36 +0100] "GET /aragon/renfe-tren-andalucia-galicia-xacobeo/ HTTP/1.1" 200 34572 cronicareinodearagon.com "-" "Mozilla/5.0 (compatible; SemrushBot/7~bl; +http://www.semrush.com/bot.html)" "-"
82.165.88.0 - - [08/Feb/2024:05:44:40 +0100] "POST /wp-cron.php?doing_wp_cron=1707367480.4355289936065673828125 HTTP/1.1" 200 - cronicareinodearagon.com "-" "WordPress/6.2.2; https://cronicareinodearagon.com" "-"
85.208.96.0 - - [08/Feb/2024:05:44:40 +0100] "GET /aragon/juanma-moreno-resiste-aplicar-restricciones-covid19/ HTTP/1.1" 200 165211 cronicareinodearagon.com "-" "Mozilla/5.0 (compatible; SemrushBot/7~bl; +http://www.semrush.com/bot.html)" "-"
17.241.219.0 - - [08/Feb/2024:05:44:56 +0100] "GET /robots.txt HTTP/1.1" 200 202 cronicareinodearagon.com "-" "Mozilla/5.0 (Macintosh; Intel Mac OS X 10_15_5) AppleWebKit/605.1.15 (KHTML, like Gecko) Version/13.1.1 Safari/605.1.15 (Applebot/0.1; +http://www.apple.com/go/applebot)" "-"
82.165.88.0 - - [08/Feb/2024:05:44:57 +0100] "POST /wp-cron.php?doing_wp_cron=1707367497.0865559577941894531250 HTTP/1.1" 200 - cronicareinodearagon.com "-" "WordPress/6.2.2; https://cronicareinodearagon.com" "-"
17.241.219.0 - - [08/Feb/2024:05:44:57 +0100] "GET /wp-content/uploads/2021/12/Huelva._Manifestacixn_4_diciembre_1977._AHPH._F-241_000096-750x375.jpg HTTP/1.1" 200 71272 cronicareinodearagon.com "-" "Mozilla/5.0 (Macintosh; Intel Mac OS X 10_15_5) AppleWebKit/605.1.15 (KHTML, like Gecko) Version/13.1.1 Safari/605.1.15 (Applebot/0.1; +http://www.apple.com/go/applebot)" "-"
185.191.171.0 - - [08/Feb/2024:05:46:03 +0100] "GET /category/america/ HTTP/1.1" 200 28321 cronicareinodearagon.com "-" "Mozilla/5.0 (compatible; SemrushBot/7~bl; +http://www.semrush.com/bot.html)" "-"
118.123.4.0 - - [08/Feb/2024:05:47:12 +0100] "POST /xmlrpc.php HTTP/1.1" 200 416 cronicareinodearagon.com "-" "Mozilla/5.0 (Windows NT 10.0; Win64; x64) AppleWebKit/537.36 (KHTML, like Gecko) Chrome/74.0.3729.157 Safari/537.36" "-"
82.165.88.0 - - [08/Feb/2024:05:47:13 +0100] "POST /wp-cron.php?doing_wp_cron=1707367633.0507919788360595703125 HTTP/1.1" 200 - cronicareinodearagon.com "-" "WordPress/6.2.2; https://cronicareinodearagon.com" "-"
2a01:8740:ff00:: - - [08/Feb/2024:05:47:13 +0100] "POST /xmlrpc.php HTTP/1.1" 200 416 cronicareinodearagon.com "-" "Mozilla/5.0 (Windows NT 10.0; Win64; x64) AppleWebKit/537.36 (KHTML, like Gecko) Chrome/91.0.4472.114 Safari/537.36" "-"
61.221.35.0 - - [08/Feb/2024:05:47:20 +0100] "POST /xmlrpc.php HTTP/1.1" 200 416 cronicareinodearagon.com "-" "Mozilla/5.0 (Windows NT 10.0; Win64; x64) AppleWebKit/537.36 (KHTML, like Gecko) Chrome/89.0.4389.90 Safari/537.36" "-"
113.23.132.0 - - [08/Feb/2024:05:47:26 +0100] "POST /xmlrpc.php HTTP/1.1" 200 416 cronicareinodearagon.com "-" "Mozilla/5.0 (Windows NT 10.0; Win64; x64) AppleWebKit/537.36 (KHTML, like Gecko) Chrome/86.0.4240.198 Safari/537.36" "-"
2a09:bac5:6300:: - - [08/Feb/2024:05:47:32 +0100] "POST /xmlrpc.php HTTP/1.1" 200 416 cronicareinodearagon.com "-" "Mozilla/5.0 (Windows NT 10.0; Win64; x64) AppleWebKit/537.36 (KHTML, like Gecko) Chrome/85.0.4183.102 Safari/537.36" "-"
62.221.197.0 - - [08/Feb/2024:05:47:34 +0100] "POST /xmlrpc.php HTTP/1.1" 200 416 cronicareinodearagon.com "-" "Mozilla/5.0 (iPad; CPU OS 14_6 like Mac OS X) AppleWebKit/605.1.15 (KHTML, like Gecko) CriOS/91.0.4472.80 Mobile/15E148 Safari/604.1" "-"
198.12.210.0 - - [08/Feb/2024:05:47:35 +0100] "POST /xmlrpc.php HTTP/1.1" 200 416 cronicareinodearagon.com "-" "Mozilla/5.0 (Windows NT 6.1; Win64; x64) AppleWebKit/537.36 (KHTML, like Gecko) Chrome/79.0.3945.88 Safari/537.36" "-"
82.165.88.0 - - [08/Feb/2024:05:47:42 +0100] "POST /wp-cron.php?doing_wp_cron=1707367662.4397161006927490234375 HTTP/1.1" 200 - cronicareinodearagon.com "-" "WordPress/6.2.2; https://cronicareinodearagon.com" "-"
2a03:6f00:: - - [08/Feb/2024:05:47:42 +0100] "POST /xmlrpc.php HTTP/1.1" 200 416 cronicareinodearagon.com "-" "Mozilla/5.0 (Windows NT 10.0; Win64; x64; rv:84.0) Gecko/20100101 Firefox/84.0" "-"
2a01:4f8:100:: - - [08/Feb/2024:05:47:45 +0100] "POST /xmlrpc.php HTTP/1.1" 200 416 cronicareinodearagon.com "-" "Mozilla/5.0 (Windows NT 5.1; rv:30.0) Gecko/20100101 Firefox/30.0" "-"
193.106.249.0 - - [08/Feb/2024:05:47:56 +0100] "POST /xmlrpc.php HTTP/1.1" 200 416 cronicareinodearagon.com "-" "Mozilla/5.0 (Windows NT 5.1; Win64; x64) AppleWebKit/537.36 (KHTML, like Gecko) Chrome/60.0.3112.90 Safari/537.36" "-"
82.165.88.0 - - [08/Feb/2024:05:48:58 +0100] "POST /wp-cron.php?doing_wp_cron=1707367738.6494729518890380859375 HTTP/1.1" 200 - cronicareinodearagon.com "-" "WordPress/6.2.2; https://cronicareinodearagon.com" "-"
54.36.148.0 - - [08/Feb/2024:05:48:58 +0100] "GET /aragon/portugal-elecciones-reflejo-andalucia-antonio-costa/ HTTP/1.1" 200 160591 cronicareinodearagon.com "-" "Mozilla/5.0 (compatible; AhrefsBot/7.0; +http://ahrefs.com/robot/)" "-"
54.36.148.0 - - [08/Feb/2024:05:49:02 +0100] "GET /wp-content/uploads/2022/01/FKaqNpyXIAEuTmz.jpg HTTP/1.1" 200 85775 cronicareinodearagon.com "-" "Mozilla/5.0 (compatible; AhrefsBot/7.0; +http://ahrefs.com/robot/)" "-"
82.165.88.0 - - [08/Feb/2024:05:50:06 +0100] "POST /wp-cron.php?doing_wp_cron=1707367806.3739728927612304687500 HTTP/1.1" 200 - cronicareinodearagon.com "-" "WordPress/6.2.2; https://cronicareinodearagon.com" "-"
85.208.96.0 - - [08/Feb/2024:05:50:06 +0100] "GET /aragon/fin-obligatoriedad-mascarilla-centros-educativos/ HTTP/1.1" 200 34762 cronicareinodearagon.com "-" "Mozilla/5.0 (compatible; SemrushBot/7~bl; +http://www.semrush.com/bot.html)" "-"
82.165.88.0 - - [08/Feb/2024:05:51:57 +0100] "POST /wp-cron.php?doing_wp_cron=1707367917.4890949726104736328125 HTTP/1.1" 200 - cronicareinodearagon.com "-" "WordPress/6.2.2; https://cronicareinodearagon.com" "-"
185.191.171.0 - - [08/Feb/2024:05:51:57 +0100] "GET /sociedad/fallecimiento-concejal-iu-cerro-andevalo-huelva/ HTTP/1.1" 200 169439 cronicareinodearagon.com "-" "Mozilla/5.0 (compatible; SemrushBot/7~bl; +http://www.semrush.com/bot.html)" "-"
74.125.212.0 - - [08/Feb/2024:05:56:02 +0100] "GET /category/economia/feed/ HTTP/1.1" 200 12913 cronicareinodearagon.com "-" "FeedFetcher-Google; (+http://www.google.com/feedfetcher.html)" "-"
82.165.88.0 - - [08/Feb/2024:05:58:56 +0100] "POST /wp-cron.php?doing_wp_cron=1707368336.9446070194244384765625 HTTP/1.1" 200 - cronicareinodearagon.com "-" "WordPress/6.2.2; https://cronicareinodearagon.com" "-"
85.208.96.0 - - [08/Feb/2024:05:58:56 +0100] "GET /robots.txt HTTP/1.1" 200 202 cronicareinodearagon.com "-" "Mozilla/5.0 (compatible; SemrushBot/7~bl; +http://www.semrush.com/bot.html)" "-"
85.208.96.0 - - [08/Feb/2024:05:58:57 +0100] "GET /aragon/gobierno-lamban-ayudas-sequia/ HTTP/1.1" 200 36272 cronicareinodearagon.com "-" "Mozilla/5.0 (compatible; SemrushBot/7~bl; +http://www.semrush.com/bot.html)" "-"
82.165.88.0 - - [08/Feb/2024:06:00:22 +0100] "POST /wp-cron.php?doing_wp_cron=1707368422.6102700233459472656250 HTTP/1.1" 200 - cronicareinodearagon.com "-" "WordPress/6.2.2; https://cronicareinodearagon.com" "-"
85.208.96.0 - - [08/Feb/2024:06:00:22 +0100] "GET /sociedad/sas-indemnizacion-paciente-cancer-mama/ HTTP/1.1" 200 167630 cronicareinodearagon.com "-" "Mozilla/5.0 (compatible; SemrushBot/7~bl; +http://www.semrush.com/bot.html)" "-"
82.165.88.0 - - [08/Feb/2024:06:02:17 +0100] "POST /wp-cron.php?doing_wp_cron=1707368537.5961821079254150390625 HTTP/1.1" 200 - cronicareinodearagon.com "-" "WordPress/6.2.2; https://cronicareinodearagon.com" "-"
85.208.96.0 - - [08/Feb/2024:06:02:17 +0100] "GET /sociedad/sentencia-tsja-plaza-vieja-almeria/ HTTP/1.1" 200 169797 cronicareinodearagon.com "-" "Mozilla/5.0 (compatible; SemrushBot/7~bl; +http://www.semrush.com/bot.html)" "-"
184.154.139.0 - - [08/Feb/2024:06:04:23 +0100] "GET / HTTP/1.1" 200 336 www.cronicadearagon.com "http://www.google.com/url?url=www.cronicadearagon.com&yahoo.com" "Mozilla/5.0 (compatible; MSIE 9.0; Windows NT 6.1; WOW64; Trident/6.0)" "-"
184.154.139.0 - - [08/Feb/2024:06:04:23 +0100] "GET /th1s_1s_a_4o4.html HTTP/1.1" 404 596 www.cronicadearagon.com "http://www.google.com/url?url=www.cronicadearagon.com&yahoo.com" "Mozilla/5.0 (compatible; MSIE 9.0; Windows NT 6.1; WOW64; Trident/6.0)" "-"
184.154.139.0 - - [08/Feb/2024:06:04:23 +0100] "GET /spicons/templates/defaultsite/es-ES/images/domain.svg HTTP/1.1" 200 2095 www.cronicadearagon.com "http://www.google.com/url?url=www.cronicadearagon.com&yahoo.com" "Mozilla/5.0 (compatible; MSIE 9.0; Windows NT 6.1; WOW64; Trident/6.0)" "-"
184.154.139.0 - - [08/Feb/2024:06:04:24 +0100] "GET /spicons/templates/defaultsite/es-ES/images/domain_transfer.svg HTTP/1.1" 200 1201 www.cronicadearagon.com "-" "SiteLockSpider [en] (WinNT; I ;Nav)" "-"
184.154.139.0 - - [08/Feb/2024:06:04:24 +0100] "GET /spicons/templates/defaultsite/es-ES/images/css/main.css HTTP/1.1" 200 486180 www.cronicadearagon.com "http://www.google.com/url?url=www.cronicadearagon.com&yahoo.com" "Mozilla/5.0 (compatible; MSIE 9.0; Windows NT 6.1; WOW64; Trident/6.0)" "-"
184.154.139.0 - - [08/Feb/2024:06:04:25 +0100] "GET /defaultsite HTTP/1.1" 200 18994 www.cronicadearagon.com "-" "SiteLockSpider [en] (WinNT; I ;Nav)" "-"
184.154.139.0 - - [08/Feb/2024:06:04:26 +0100] "GET /spicons/templates/defaultsite/es-ES/images/ic-world.svg HTTP/1.1" 200 1248 www.cronicadearagon.com "-" "SiteLockSpider [en] (WinNT; I ;Nav)" "-"
184.154.139.0 - - [08/Feb/2024:06:04:26 +0100] "GET /domaincheckresult?__SBMT:d359e110d15:=1&__SYNT:d359e110d15:__CMD(domaincheckresult):RETWRP=domainselect&__SYNT:d359e110d15:__CMD(domaincheckresult):SELWRP=multicheck&__SYNT:d359e110d15:__forcestop=true&__pageflow=Order&__sendingdata=1&linkId=ct.btn.check.default-page-check&multicheck.Domain=1 HTTP/1.1" 404 596 www.cronicadearagon.com "-" "SiteLockSpider [en] (WinNT; I ;Nav)" "-"
82.165.88.0 - - [08/Feb/2024:06:07:06 +0100] "POST /wp-cron.php?doing_wp_cron=1707368826.7915840148925781250000 HTTP/1.1" 200 - cronicareinodearagon.com "-" "WordPress/6.2.2; https://cronicareinodearagon.com" "-"
185.191.171.0 - - [08/Feb/2024:06:07:06 +0100] "GET /sociedad/51-detenidos-sevilla-cadiz/ HTTP/1.1" 200 172426 cronicareinodearagon.com "-" "Mozilla/5.0 (compatible; SemrushBot/7~bl; +http://www.semrush.com/bot.html)" "-"
43.134.190.0 - - [08/Feb/2024:06:12:55 +0100] "GET / HTTP/1.1" 200 336 cronicadeextremadura.com "-" "Mozilla/5.0 (iPhone; CPU iPhone OS 13_2_3 like Mac OS X) AppleWebKit/605.1.15 (KHTML, like Gecko) Version/13.0.3 Mobile/15E148 Safari/604.1" "-"
43.134.190.0 - - [08/Feb/2024:06:12:55 +0100] "GET / HTTP/1.1" 301 241 cronicareinodearagon.com "-" "Mozilla/5.0 (iPhone; CPU iPhone OS 13_2_3 like Mac OS X) AppleWebKit/605.1.15 (KHTML, like Gecko) Version/13.0.3 Mobile/15E148 Safari/604.1" "-"
82.165.88.0 - - [08/Feb/2024:06:13:00 +0100] "POST /wp-cron.php?doing_wp_cron=1707369180.8176200389862060546875 HTTP/1.1" 200 - cronicareinodearagon.com "-" "WordPress/6.2.2; https://cronicareinodearagon.com" "-"
43.134.190.0 - - [08/Feb/2024:06:13:00 +0100] "GET / HTTP/1.1" 200 41655 cronicareinodearagon.com "http://cronicareinodearagon.com" "Mozilla/5.0 (iPhone; CPU iPhone OS 13_2_3 like Mac OS X) AppleWebKit/605.1.15 (KHTML, like Gecko) Version/13.0.3 Mobile/15E148 Safari/604.1" "-"
82.165.88.0 - - [08/Feb/2024:06:14:45 +0100] "POST /wp-cron.php?doing_wp_cron=1707369285.7793719768524169921875 HTTP/1.1" 200 - cronicareinodearagon.com "-" "WordPress/6.2.2; https://cronicareinodearagon.com" "-"
185.191.171.0 - - [08/Feb/2024:06:14:45 +0100] "GET /politica/lamban-psoe-aragon/ HTTP/1.1" 200 160297 cronicareinodearagon.com "-" "Mozilla/5.0 (compatible; SemrushBot/7~bl; +http://www.semrush.com/bot.html)" "-"
82.165.88.0 - - [08/Feb/2024:06:16:05 +0100] "POST /wp-cron.php?doing_wp_cron=1707369365.8908720016479492187500 HTTP/1.1" 200 - cronicareinodearagon.com "-" "WordPress/6.2.2; https://cronicareinodearagon.com" "-"
188.130.129.0 - - [08/Feb/2024:06:16:05 +0100] "POST /wp-comments-post.php HTTP/1.1" 302 - cronicareinodearagon.com "https://cronicareinodearagon.com/aragon/resultados-elecciones-autonomicas-municipales-aragon/" "Mozilla/5.0 (Windows NT 10.0; Win64; x64) AppleWebKit/537.36 (KHTML, like Gecko) Chrome/120.0.0.0 Safari/537.36" "-"
188.130.129.0 - - [08/Feb/2024:06:16:07 +0100] "GET /aragon/resultados-elecciones-autonomicas-municipales-aragon/ HTTP/1.1" 200 169152 cronicareinodearagon.com "https://cronicareinodearagon.com/wp-comments-post.php" "Mozilla/5.0 (Windows NT 10.0; Win64; x64) AppleWebKit/537.36 (KHTML, like Gecko) Chrome/120.0.0.0 Safari/537.36" "-"
82.165.88.0 - - [08/Feb/2024:06:18:37 +0100] "POST /wp-cron.php?doing_wp_cron=1707369517.7125990390777587890625 HTTP/1.1" 200 - cronicareinodearagon.com "-" "WordPress/6.2.2; https://cronicareinodearagon.com" "-"
54.36.148.0 - - [08/Feb/2024:06:18:37 +0100] "GET /sociedad/protesta-submarina-algeciras-biodiesel/ HTTP/1.1" 200 168683 cronicareinodearagon.com "-" "Mozilla/5.0 (compatible; AhrefsBot/7.0; +http://ahrefs.com/robot/)" "-"
54.36.148.0 - - [08/Feb/2024:06:18:40 +0100] "GET /wp-content/uploads/2021/12/protesta-submarina-biodiesel.jpg HTTP/1.1" 200 49313 cronicareinodearagon.com "-" "Mozilla/5.0 (compatible; AhrefsBot/7.0; +http://ahrefs.com/robot/)" "-"
82.165.88.0 - - [08/Feb/2024:06:20:40 +0100] "POST /wp-cron.php?doing_wp_cron=1707369640.8309109210968017578125 HTTP/1.1" 200 - cronicareinodearagon.com "-" "WordPress/6.2.2; https://cronicareinodearagon.com" "-"
185.191.171.0 - - [08/Feb/2024:06:20:40 +0100] "GET /economia/protestas-trabajadores-sector-metal-cadiz/ HTTP/1.1" 200 170230 cronicareinodearagon.com "-" "Mozilla/5.0 (compatible; SemrushBot/7~bl; +http://www.semrush.com/bot.html)" "-"
74.125.209.0 - - [08/Feb/2024:06:20:50 +0100] "GET /category/sociedad/feed/ HTTP/1.1" 200 16233 cronicareinodearagon.com "-" "FeedFetcher-Google; (+http://www.google.com/feedfetcher.html)" "-"
82.165.88.0 - - [08/Feb/2024:06:21:42 +0100] "POST /wp-cron.php?doing_wp_cron=1707369702.2832129001617431640625 HTTP/1.1" 200 - cronicareinodearagon.com "-" "WordPress/6.2.2; https://cronicareinodearagon.com" "-"
17.241.227.0 - - [08/Feb/2024:06:21:42 +0100] "GET /sociedad/macael-recreacion-historia-canteras/ HTTP/1.1" 200 166990 cronicareinodearagon.com "-" "Mozilla/5.0 (Macintosh; Intel Mac OS X 10_15_5) AppleWebKit/605.1.15 (KHTML, like Gecko) Version/13.1.1 Safari/605.1.15 (Applebot/0.1; +http://www.apple.com/go/applebot)" "-"
74.125.212.0 - - [08/Feb/2024:06:23:37 +0100] "GET /category/economia/feed/ HTTP/1.1" 200 12913 cronicareinodearagon.com "-" "FeedFetcher-Google; (+http://www.google.com/feedfetcher.html)" "-"
85.208.96.0 - - [08/Feb/2024:06:25:33 +0100] "GET /aragon/andalucia-sanidad-ccoo-ugt-manifestacion/ HTTP/1.1" 200 166839 cronicareinodearagon.com "-" "Mozilla/5.0 (compatible; SemrushBot/7~bl; +http://www.semrush.com/bot.html)" "-"
82.165.88.0 - - [08/Feb/2024:06:25:34 +0100] "POST /wp-cron.php?doing_wp_cron=1707369934.0251770019531250000000 HTTP/1.1" 200 - cronicareinodearagon.com "-" "WordPress/6.2.2; https://cronicareinodearagon.com" "-"
185.191.171.0 - - [08/Feb/2024:06:26:01 +0100] "GET /aragon/psoe-andalucia-critica-juanma-moreno/ HTTP/1.1" 200 160753 cronicareinodearagon.com "-" "Mozilla/5.0 (compatible; SemrushBot/7~bl; +http://www.semrush.com/bot.html)" "-"
82.165.88.0 - - [08/Feb/2024:06:26:02 +0100] "POST /wp-cron.php?doing_wp_cron=1707369962.2508170604705810546875 HTTP/1.1" 200 - cronicareinodearagon.com "-" "WordPress/6.2.2; https://cronicareinodearagon.com" "-"
185.191.171.0 - - [08/Feb/2024:06:26:53 +0100] "GET /politica/psoe-alcaldia-lora-rio/ HTTP/1.1" 200 160623 cronicareinodearagon.com "-" "Mozilla/5.0 (compatible; SemrushBot/7~bl; +http://www.semrush.com/bot.html)" "-"
82.165.88.0 - - [08/Feb/2024:06:26:54 +0100] "POST /wp-cron.php?doing_wp_cron=1707370014.3189098834991455078125 HTTP/1.1" 200 - cronicareinodearagon.com "-" "WordPress/6.2.2; https://cronicareinodearagon.com" "-"
82.165.88.0 - - [08/Feb/2024:06:34:54 +0100] "POST /wp-cron.php?doing_wp_cron=1707370494.4574520587921142578125 HTTP/1.1" 200 - cronicareinodearagon.com "-" "WordPress/6.2.2; https://cronicareinodearagon.com" "-"
85.208.96.0 - - [08/Feb/2024:06:34:54 +0100] "GET /sociedad/tribunales-supremo-palomares-radioactividad-nuclear/ HTTP/1.1" 200 172491 cronicareinodearagon.com "-" "Mozilla/5.0 (compatible; SemrushBot/7~bl; +http://www.semrush.com/bot.html)" "-"
82.165.88.0 - - [08/Feb/2024:06:39:06 +0100] "POST /wp-cron.php?doing_wp_cron=1707370746.4921920299530029296875 HTTP/1.1" 200 - cronicareinodearagon.com "-" "WordPress/6.2.2; https://cronicareinodearagon.com" "-"
85.208.96.0 - - [08/Feb/2024:06:39:06 +0100] "GET /sociedad/los-canticos-contra-el-zaragoza-y-aragon-se-repiten-en-el-partido-contra-real-sociedad/ HTTP/1.1" 200 161550 cronicareinodearagon.com "-" "Mozilla/5.0 (compatible; SemrushBot/7~bl; +http://www.semrush.com/bot.html)" "-"
82.165.88.0 - - [08/Feb/2024:06:40:33 +0100] "POST /wp-cron.php?doing_wp_cron=1707370833.8311579227447509765625 HTTP/1.1" 200 - cronicareinodearagon.com "-" "WordPress/6.2.2; https://cronicareinodearagon.com" "-"
185.191.171.0 - - [08/Feb/2024:06:40:33 +0100] "GET /aragon/moreno-bonilla-enchufa-a-sergio-romero-rival-de-juan-marin/ HTTP/1.1" 200 160665 cronicareinodearagon.com "-" "Mozilla/5.0 (compatible; SemrushBot/7~bl; +http://www.semrush.com/bot.html)" "-"
82.165.88.0 - - [08/Feb/2024:06:40:55 +0100] "POST /wp-cron.php?doing_wp_cron=1707370855.6892340183258056640625 HTTP/1.1" 200 - cronicareinodearagon.com "-" "WordPress/6.2.2; https://cronicareinodearagon.com" "-"
185.191.171.0 - - [08/Feb/2024:06:40:55 +0100] "GET /aragon/ataque-vivienda-concejal-linares/ HTTP/1.1" 200 164092 cronicareinodearagon.com "-" "Mozilla/5.0 (compatible; SemrushBot/7~bl; +http://www.semrush.com/bot.html)" "-"
185.191.171.0 - - [08/Feb/2024:06:46:56 +0100] "GET /category/aragon/page/68/ HTTP/1.1" 200 147900 cronicareinodearagon.com "-" "Mozilla/5.0 (compatible; SemrushBot/7~bl; +http://www.semrush.com/bot.html)" "-"
82.165.88.0 - - [08/Feb/2024:06:46:57 +0100] "POST /wp-cron.php?doing_wp_cron=1707371217.1020219326019287109375 HTTP/1.1" 200 - cronicareinodearagon.com "-" "WordPress/6.2.2; https://cronicareinodearagon.com" "-"
85.208.96.0 - - [08/Feb/2024:06:47:22 +0100] "GET /sociedad/policia-nacional-sanlucar-barrameda-drogas/ HTTP/1.1" 200 166800 cronicareinodearagon.com "-" "Mozilla/5.0 (compatible; SemrushBot/7~bl; +http://www.semrush.com/bot.html)" "-"
184.154.139.0 - - [08/Feb/2024:06:50:41 +0100] "GET / HTTP/1.1" 200 336 www.cronicadejaen.com "http://www.google.com/url?url=www.cronicadejaen.com&yahoo.com" "Mozilla/5.0 (compatible; MSIE 9.0; Windows NT 6.1; WOW64; Trident/6.0)" "-"
184.154.139.0 - - [08/Feb/2024:06:50:42 +0100] "GET /th1s_1s_a_4o4.html HTTP/1.1" 404 596 www.cronicadejaen.com "http://www.google.com/url?url=www.cronicadejaen.com&yahoo.com" "Mozilla/5.0 (compatible; MSIE 9.0; Windows NT 6.1; WOW64; Trident/6.0)" "-"
184.154.139.0 - - [08/Feb/2024:06:50:42 +0100] "GET /spicons/templates/defaultsite/es-ES/images/css/main.css HTTP/1.1" 200 486180 www.cronicadejaen.com "http://www.google.com/url?url=www.cronicadejaen.com&yahoo.com" "Mozilla/5.0 (compatible; MSIE 9.0; Windows NT 6.1; WOW64; Trident/6.0)" "-"
184.154.139.0 - - [08/Feb/2024:06:50:43 +0100] "GET /spicons/templates/defaultsite/es-ES/images/ic-world.svg HTTP/1.1" 200 1248 www.cronicadejaen.com "http://www.google.com/url?url=www.cronicadejaen.com&yahoo.com" "Mozilla/5.0 (compatible; MSIE 9.0; Windows NT 6.1; WOW64; Trident/6.0)" "-"
184.154.139.0 - - [08/Feb/2024:06:50:43 +0100] "GET /spicons/templates/defaultsite/es-ES/images/domain.svg HTTP/1.1" 200 2095 www.cronicadejaen.com "-" "SiteLockSpider [en] (WinNT; I ;Nav)" "-"
184.154.139.0 - - [08/Feb/2024:06:50:43 +0100] "GET /spicons/templates/defaultsite/es-ES/images/domain_transfer.svg HTTP/1.1" 200 1201 www.cronicadejaen.com "-" "SiteLockSpider [en] (WinNT; I ;Nav)" "-"
184.154.139.0 - - [08/Feb/2024:06:50:44 +0100] "GET /defaultsite HTTP/1.1" 200 18994 www.cronicadejaen.com "-" "SiteLockSpider [en] (WinNT; I ;Nav)" "-"
184.154.139.0 - - [08/Feb/2024:06:50:44 +0100] "GET /domaincheckresult?__SBMT:d359e110d15:=1&__SYNT:d359e110d15:__CMD(domaincheckresult):RETWRP=domainselect&__SYNT:d359e110d15:__CMD(domaincheckresult):SELWRP=multicheck&__SYNT:d359e110d15:__forcestop=true&__pageflow=Order&__sendingdata=1&linkId=ct.btn.check.default-page-check&multicheck.Domain=1 HTTP/1.1" 404 596 www.cronicadejaen.com "-" "SiteLockSpider [en] (WinNT; I ;Nav)" "-"
74.125.209.0 - - [08/Feb/2024:06:58:11 +0100] "GET /category/sociedad/feed/ HTTP/1.1" 200 16233 cronicareinodearagon.com "-" "FeedFetcher-Google; (+http://www.google.com/feedfetcher.html)" "-"
82.165.88.0 - - [08/Feb/2024:06:58:28 +0100] "POST /wp-cron.php?doing_wp_cron=1707371908.8464260101318359375000 HTTP/1.1" 200 - cronicareinodearagon.com "-" "WordPress/6.2.2; https://cronicareinodearagon.com" "-"
85.208.96.0 - - [08/Feb/2024:06:58:28 +0100] "GET /politica/aragon-existe-aeropuerto-huesca/ HTTP/1.1" 200 161091 cronicareinodearagon.com "-" "Mozilla/5.0 (compatible; SemrushBot/7~bl; +http://www.semrush.com/bot.html)" "-"
199.244.88.0 - - [08/Feb/2024:07:01:43 +0100] "GET / HTTP/1.1" 200 336 cronicadealmeria.com "-" "Mozilla/5.0 (X11; Linux x86_64) AppleWebKit/537.36 (KHTML, like Gecko) Chrome/105.0.0.0 Safari/537.36" "-"
77.74.177.0 - - [08/Feb/2024:07:02:07 +0100] "GET / HTTP/1.1" 200 336 cronicadegranada.com "-" "Mozilla/5.0 (Linux; arm_64; Android 12; CPH2205) AppleWebKit/537.36 (KHTML, like Gecko) Chrome/110.0.0.0 YaBrowser/23.3.3.86.00 SA/3 Mobile Safari/537.36" "-"
82.165.88.0 - - [08/Feb/2024:07:06:00 +0100] "POST /wp-cron.php?doing_wp_cron=1707372360.7472651004791259765625 HTTP/1.1" 200 - cronicareinodearagon.com "-" "WordPress/6.2.2; https://cronicareinodearagon.com" "-"
54.36.149.0 - - [08/Feb/2024:07:06:00 +0100] "GET /aragon/andalucia-lidera-creacion-autonomos/ HTTP/1.1" 200 164331 cronicareinodearagon.com "-" "Mozilla/5.0 (compatible; AhrefsBot/7.0; +http://ahrefs.com/robot/)" "-"
54.36.148.0 - - [08/Feb/2024:07:06:02 +0100] "GET /wp-content/uploads/2022/06/enfermeria-sas.jpg HTTP/1.1" 200 70348 cronicareinodearagon.com "-" "Mozilla/5.0 (compatible; AhrefsBot/7.0; +http://ahrefs.com/robot/)" "-"
185.191.171.0 - - [08/Feb/2024:07:07:20 +0100] "GET /robots.txt HTTP/1.1" 200 202 cronicareinodearagon.com "-" "Mozilla/5.0 (compatible; SemrushBot/7~bl; +http://www.semrush.com/bot.html)" "-"
82.165.88.0 - - [08/Feb/2024:07:07:21 +0100] "POST /wp-cron.php?doing_wp_cron=1707372441.2083671092987060546875 HTTP/1.1" 200 - cronicareinodearagon.com "-" "WordPress/6.2.2; https://cronicareinodearagon.com" "-"
185.191.171.0 - - [08/Feb/2024:07:07:25 +0100] "GET /aragon/psoe-activa-maquinaria-elecciones-junio/ HTTP/1.1" 200 172995 cronicareinodearagon.com "-" "Mozilla/5.0 (compatible; SemrushBot/7~bl; +http://www.semrush.com/bot.html)" "-"
185.191.171.0 - - [08/Feb/2024:07:11:02 +0100] "GET /aragon/olona-andalucia-vox-parlamento-moreno-lastra-marin/ HTTP/1.1" 200 34752 cronicareinodearagon.com "-" "Mozilla/5.0 (compatible; SemrushBot/7~bl; +http://www.semrush.com/bot.html)" "-"
82.165.88.0 - - [08/Feb/2024:07:11:05 +0100] "POST /wp-cron.php?doing_wp_cron=1707372665.3787999153137207031250 HTTP/1.1" 200 - cronicareinodearagon.com "-" "WordPress/6.2.2; https://cronicareinodearagon.com" "-"
185.191.171.0 - - [08/Feb/2024:07:11:36 +0100] "GET /opinion/poesia-y-espada/ HTTP/1.1" 200 162919 cronicareinodearagon.com "-" "Mozilla/5.0 (compatible; SemrushBot/7~bl; +http://www.semrush.com/bot.html)" "-"
74.125.209.0 - - [08/Feb/2024:07:12:45 +0100] "GET /category/sociedad/feed/ HTTP/1.1" 200 16233 cronicareinodearagon.com "-" "FeedFetcher-Google; (+http://www.google.com/feedfetcher.html)" "-"
85.208.96.0 - - [08/Feb/2024:07:17:47 +0100] "GET /politica/rosa-lopez-palacio-exposiciones-teruel-cultura/ HTTP/1.1" 200 163410 cronicareinodearagon.com "-" "Mozilla/5.0 (compatible; SemrushBot/7~bl; +http://www.semrush.com/bot.html)" "-"
