82.165.88.0 - - [13/Feb/2024:17:11:44 +0100] "POST /wp-cron.php?doing_wp_cron=1707840704.0514171123504638671875 HTTP/1.1" 200 - cronicareinodearagon.com "-" "WordPress/6.2.2; https://cronicareinodearagon.com" "-"
137.184.120.0 - - [13/Feb/2024:17:11:47 +0100] "POST /xmlrpc.php HTTP/1.1" 403 775 cronicareinodearagon.com "-" "Mozilla/5.0 (Windows; U; Windows NT 5.1; en-US; rv:1.7.12) Gecko/20050915 Firefox/1.0.7" "-"
92.205.3.0 - - [13/Feb/2024:17:11:49 +0100] "POST /xmlrpc.php HTTP/1.1" 200 416 cronicareinodearagon.com "-" "Mozilla/5.0 (iPhone; CPU iPhone OS 14_6 like Mac OS X) AppleWebKit/605.1.15 (KHTML, like Gecko) CriOS/91.0.4472.80 Mobile/15E148 Safari/604.1" "-"
74.125.209.0 - - [13/Feb/2024:17:31:29 +0100] "GET /category/sociedad/feed/ HTTP/1.1" 200 16233 cronicareinodearagon.com "-" "FeedFetcher-Google; (+http://www.google.com/feedfetcher.html)" "-"
54.36.148.0 - - [13/Feb/2024:17:36:27 +0100] "GET /category/economia/page/23/ HTTP/1.1" 200 28150 cronicareinodearagon.com "-" "Mozilla/5.0 (compatible; AhrefsBot/7.0; +http://ahrefs.com/robot/)" "-"
82.165.88.0 - - [13/Feb/2024:17:36:29 +0100] "POST /wp-cron.php?doing_wp_cron=1707842189.1338059902191162109375 HTTP/1.1" 200 - cronicareinodearagon.com "-" "WordPress/6.2.2; https://cronicareinodearagon.com" "-"
93.158.90.0 - - [13/Feb/2024:17:38:26 +0100] "GET /robots.txt HTTP/1.1" 200 188 cronicadealmeria.com "-" "Mozilla/5.0 (Linux; Android 9; BDL8051C Build/BDL3552T; wv) AppleWebKit/537.36 (KHTML, like Gecko) Version/4.0 Chrome/66.0.3359.158 Safari/537.36" "-"
82.165.88.0 - - [13/Feb/2024:17:38:28 +0100] "POST /wp-cron.php?doing_wp_cron=1707842308.5375189781188964843750 HTTP/1.1" 200 - cronicareinodearagon.com "-" "WordPress/6.2.2; https://cronicareinodearagon.com" "-"
93.158.90.0 - - [13/Feb/2024:17:38:28 +0100] "GET /sitemap_index.xml HTTP/1.1" 200 317 cronicareinodearagon.com "-" "Mozilla/5.0 (Linux; Android 9; BDL8051C Build/BDL3552T; wv) AppleWebKit/537.36 (KHTML, like Gecko) Version/4.0 Chrome/66.0.3359.158 Safari/537.36" "-"
93.158.90.0 - - [13/Feb/2024:17:38:29 +0100] "GET /humans.txt HTTP/1.1" 404 596 cronicadealmeria.com "-" "Mozilla/5.0 (Linux; Android 9; BDL8051C Build/BDL3552T; wv) AppleWebKit/537.36 (KHTML, like Gecko) Version/4.0 Chrome/66.0.3359.158 Safari/537.36" "-"
93.158.90.0 - - [13/Feb/2024:17:38:29 +0100] "GET /ads.txt HTTP/1.1" 404 596 cronicadealmeria.com "-" "Mozilla/5.0 (Linux; Android 9; BDL8051C Build/BDL3552T; wv) AppleWebKit/537.36 (KHTML, like Gecko) Version/4.0 Chrome/66.0.3359.158 Safari/537.36" "-"
93.158.90.0 - - [13/Feb/2024:17:38:29 +0100] "GET / HTTP/1.1" 200 336 cronicadealmeria.com "-" "Mozilla/5.0 (Linux; Android 9; BDL8051C Build/BDL3552T; wv) AppleWebKit/537.36 (KHTML, like Gecko) Version/4.0 Chrome/66.0.3359.158 Safari/537.36" "-"
74.125.209.0 - - [13/Feb/2024:17:39:02 +0100] "GET /category/politica/feed/ HTTP/1.1" 200 59109 cronicareinodearagon.com "-" "FeedFetcher-Google; (+http://www.google.com/feedfetcher.html)" "-"
54.36.148.0 - - [13/Feb/2024:17:49:05 +0100] "GET /aragon/teruel/mairena-aljarafe-sevilla-delincuencia-datos-indice/ HTTP/1.1" 301 - cronicareinodearagon.com "-" "Mozilla/5.0 (compatible; AhrefsBot/7.0; +http://ahrefs.com/robot/)" "-"
82.165.88.0 - - [13/Feb/2024:17:49:06 +0100] "POST /wp-cron.php?doing_wp_cron=1707842946.0508069992065429687500 HTTP/1.1" 200 - cronicareinodearagon.com "-" "WordPress/6.2.2; https://cronicareinodearagon.com" "-"
74.125.209.0 - - [13/Feb/2024:17:52:15 +0100] "GET /category/educacion/feed/ HTTP/1.1" 200 16487 cronicareinodearagon.com "-" "FeedFetcher-Google; (+http://www.google.com/feedfetcher.html)" "-"
123.201.125.0 - - [13/Feb/2024:17:54:48 +0100] "GET / HTTP/1.1" 200 336 grupocronicaenlibertad.com "-" "Mozilla/5.0 (Windows NT 10.0; Win64; x64) AppleWebKit/537.36 (KHTML, like Gecko) Chrome/120.0.0.0 Safari/537.36" "-"
82.165.88.0 - - [13/Feb/2024:17:58:37 +0100] "POST /wp-cron.php?doing_wp_cron=1707843517.7590360641479492187500 HTTP/1.1" 200 - cronicareinodearagon.com "-" "WordPress/6.2.2; https://cronicareinodearagon.com" "-"
66.249.68.0 - - [13/Feb/2024:17:58:37 +0100] "GET /robots.txt HTTP/1.1" 200 202 cronicareinodearagon.com "-" "Mozilla/5.0 (compatible; Googlebot/2.1; +http://www.google.com/bot.html)" "-"
82.165.88.0 - - [13/Feb/2024:17:58:46 +0100] "POST /wp-cron.php?doing_wp_cron=1707843526.3532679080963134765625 HTTP/1.1" 200 - cronicareinodearagon.com "-" "WordPress/6.2.2; https://cronicareinodearagon.com" "-"
66.249.78.0 - - [13/Feb/2024:17:58:46 +0100] "GET /politica/diputacion-tereuel-modificacion-credito-presupuesto/ HTTP/1.1" 200 37166 cronicareinodearagon.com "-" "Mozilla/5.0 (Linux; Android 6.0.1; Nexus 5X Build/MMB29P) AppleWebKit/537.36 (KHTML, like Gecko) Chrome/121.0.6167.139 Mobile Safari/537.36 (compatible; Googlebot/2.1; +http://www.google.com/bot.html)" "-"
91.199.118.0 - - [13/Feb/2024:17:59:06 +0100] "GET /themes.php HTTP/1.1" 404 596 cronicadearagon.com "-" "Mozilla/5.0 (Windows NT 10.0) AppleWebKit/537.36 (KHTML, like Gecko) Chrome/72.0.3626.121 Safari/537.36" "-"
91.199.118.0 - - [13/Feb/2024:17:59:14 +0100] "GET /.well-known/ HTTP/1.1" 300 506 cronicadearagon.com "-" "Mozilla/5.0 (Windows NT 10.0; WOW64) AppleWebKit/537.36 (KHTML, like Gecko) Chrome/72.0.3626.121 Safari/537.36" "-"
91.199.118.0 - - [13/Feb/2024:17:59:18 +0100] "GET /vendor/phpunit/phpunit/src/Util/PHP/ HTTP/1.1" 404 596 cronicadearagon.com "-" "Mozilla/5.0 (Windows NT 10.0; Win64; x64) AppleWebKit/537.36 (KHTML, like Gecko) Chrome/84.0.4147.105 Safari/537.36 OPR/70.0.3728.95" "-"
91.199.118.0 - - [13/Feb/2024:17:59:19 +0100] "GET /wp-content/uploads/ HTTP/1.1" 404 596 cronicadearagon.com "-" "Mozilla/5.0 (Windows NT 10.0; WOW64; x64) AppleWebKit/537.36 (KHTML, like Gecko) Chrome/84.0.4147.105 Safari/537.36 OPR/70.0.3728.95" "-"
91.199.118.0 - - [13/Feb/2024:17:59:19 +0100] "GET /wp-content/themes/tflow/ HTTP/1.1" 404 596 cronicadearagon.com "-" "Mozilla/5.0 (Windows NT 10.0; Win64; x64) AppleWebKit/537.36 (KHTML, like Gecko) Chrome/70.0.3538.77 Safari/537.36" "-"
91.199.118.0 - - [13/Feb/2024:17:59:20 +0100] "GET /wp-admin/ HTTP/1.1" 404 596 cronicadearagon.com "-" "Mozilla/5.0 (Windows NT 6.1; Win64; x64) AppleWebKit/537.36 (KHTML, like Gecko) Chrome/78.0.3904.108 Safari/537.36" "-"
91.199.118.0 - - [13/Feb/2024:17:59:21 +0100] "GET /wordpress/wp-admin/includes HTTP/1.1" 404 596 cronicadearagon.com "-" "Mozilla/5.0 (Windows NT 10.0; Win64; x64) AppleWebKit/537.36 (KHTML, like Gecko) Chrome/79.0.3945.88 Safari/537.36" "-"
91.199.118.0 - - [13/Feb/2024:17:59:21 +0100] "GET /wp-admin/js/ HTTP/1.1" 404 596 cronicadearagon.com "-" "Mozilla/5.0 (Windows NT 10.0; Win64; x64) AppleWebKit/537.36 (KHTML, like Gecko) Chrome/69.0.3497.100 Safari/537.36" "-"
91.199.118.0 - - [13/Feb/2024:17:59:22 +0100] "GET /ALFA_DATA/ HTTP/1.1" 404 596 cronicadearagon.com "-" "Mozilla/5.0 (X11; Fedora; Linux x86_64; rv:79.0) Gecko/20100101 Firefox/79.0" "-"
91.199.118.0 - - [13/Feb/2024:17:59:23 +0100] "GET /wp-content/upgrade/ HTTP/1.1" 404 596 cronicadearagon.com "-" "Mozilla/5.0 (Windows NT 10.0; Win64; x64; rv:71.0) Gecko/20100101 Firefox/71.0" "-"
91.199.118.0 - - [13/Feb/2024:17:59:24 +0100] "GET /wp-admin/css/colors/ HTTP/1.1" 404 596 cronicadearagon.com "-" "Mozilla/5.0 (Windows NT 10.0; Win64; x64) AppleWebKit/537.36 (KHTML, like Gecko) Chrome/58.0.3029.110 Safari/537.3" "-"
91.199.118.0 - - [13/Feb/2024:17:59:24 +0100] "GET /wp-includes/ HTTP/1.1" 404 596 cronicadearagon.com "-" "Mozilla/5.0 (Windows NT 10.0; Win64; x64; rv:66.0) Gecko/20100101 Firefox/66.0" "-"
91.199.118.0 - - [13/Feb/2024:17:59:26 +0100] "GET /wp-includes/css/ HTTP/1.1" 404 596 cronicadearagon.com "-" "Mozilla/5.0 (Windows NT 10.0; Win64; x64) AppleWebKit/537.36 (KHTML, like Gecko) Chrome/58.0.3029.110 Safari/537.3" "-"
91.199.118.0 - - [13/Feb/2024:17:59:27 +0100] "GET /wp-includes/ID3 HTTP/1.1" 404 596 cronicadearagon.com "-" "Mozilla/5.0 (Windows NT 10.0; Win64; x64) AppleWebKit/537.36 (KHTML, like Gecko) Chrome/74.0.3729.169 Safari/537.36" "-"
91.199.118.0 - - [13/Feb/2024:17:59:29 +0100] "GET /wp-includes/IXR/ HTTP/1.1" 404 596 cronicadearagon.com "-" "Mozilla/5.0 (Macintosh; Intel Mac OS X 10_15_6) AppleWebKit/537.36 (KHTML, like Gecko) Chrome/84.0.4147.105 Safari/537.36" "-"
91.199.118.0 - - [13/Feb/2024:17:59:30 +0100] "GET /wp-includes/Requests/ HTTP/1.1" 404 596 cronicadearagon.com "-" "Mozilla/5.0 (X11; Ubuntu; Linux x86_64; rv:79.0) Gecko/20100101 Firefox/79.0" "-"
91.199.118.0 - - [13/Feb/2024:17:59:31 +0100] "GET /wp-includes/SimplePie/ HTTP/1.1" 404 596 cronicadearagon.com "-" "Mozilla/5.0 (Windows NT 10.0; Win64; x64) AppleWebKit/537.36 (KHTML, like Gecko) Chrome/83.0.4103.61 Safari/537.36" "-"
91.199.118.0 - - [13/Feb/2024:17:59:32 +0100] "GET /wp-includes/Text/ HTTP/1.1" 404 596 cronicadearagon.com "-" "Mozilla/5.0 (Macintosh; Intel Mac OS X 10_12_6) AppleWebKit/537.36 (KHTML, like Gecko) Chrome/58.0.3029.110 Safari/537.3" "-"
91.199.118.0 - - [13/Feb/2024:17:59:33 +0100] "GET /wp-includes/Text/Diff/Renderer/ HTTP/1.1" 404 596 cronicadearagon.com "-" "Mozilla/5.0 (Windows NT 6.1; Win64; x64) AppleWebKit/537.36 (KHTML, like Gecko) Chrome/58.0.3029.110 Safari/537.3" "-"
91.199.118.0 - - [13/Feb/2024:17:59:34 +0100] "GET /wp-includes/blocks/ HTTP/1.1" 404 596 cronicadearagon.com "-" "Mozilla/5.0 (Windows NT 10.0; Win64; x64; rv:71.0) Gecko/20100101 Firefox/71.0" "-"
91.199.118.0 - - [13/Feb/2024:17:59:39 +0100] "GET /wp-includes/certificates/ HTTP/1.1" 404 596 cronicadearagon.com "-" "Mozilla/5.0 (Macintosh; Intel Mac OS X 10_10_1) AppleWebKit/537.36 (KHTML, like Gecko) Chrome/39.0.2171.95 Safari/537.36" "-"
91.199.118.0 - - [13/Feb/2024:17:59:40 +0100] "GET /wp-includes/customize/ HTTP/1.1" 404 596 cronicadearagon.com "-" "Mozilla/5.0 (Windows NT 6.1; Win64; x64) AppleWebKit/537.36 (KHTML, like Gecko) Chrome/58.0.3029.110 Safari/537.3" "-"
91.199.118.0 - - [13/Feb/2024:17:59:40 +0100] "GET /wp-includes/fonts/ HTTP/1.1" 404 596 cronicadearagon.com "-" "Mozilla/5.0 (Windows NT 10.0) AppleWebKit/537.36 (KHTML, like Gecko) Chrome/72.0.3626.121 Safari/537.36" "-"
91.199.118.0 - - [13/Feb/2024:17:59:41 +0100] "GET /wp-includes/images/ HTTP/1.1" 404 596 cronicadearagon.com "-" "Mozilla/5.0 (Windows NT 10.0; Win64; x64) AppleWebKit/537.36 (KHTML, like Gecko) Chrome/70.0.3538.77 Safari/537.36" "-"
91.199.118.0 - - [13/Feb/2024:17:59:42 +0100] "GET /wp-includes/pomo/ HTTP/1.1" 404 596 cronicadearagon.com "-" "Mozilla/5.0 (Macintosh; Intel Mac OS X 10_12_6) AppleWebKit/537.36 (KHTML, like Gecko) Chrome/58.0.3029.110 Safari/537.3" "-"
91.199.118.0 - - [13/Feb/2024:17:59:43 +0100] "GET /wp-includes/rest-api/ HTTP/1.1" 404 596 cronicadearagon.com "-" "Mozilla/5.0 (Windows NT 10.0; WOW64; Trident/7.0; .NET4.0C; .NET4.0E; .NET CLR 2.0.50727; .NET CLR 3.0.30729; .NET CLR 3.5.30729; rv:11.0) like Gecko" "-"
91.199.118.0 - - [13/Feb/2024:17:59:43 +0100] "GET /wp-includes/widgets/ HTTP/1.1" 404 596 cronicadearagon.com "-" "Mozilla/5.0 (Windows NT 10.0; Win64; x64) AppleWebKit/537.36 (KHTML, like Gecko) Chrome/75.0.3770.100 Safari/537.36" "-"
91.199.118.0 - - [13/Feb/2024:17:59:44 +0100] "GET /wp-admin/images/ HTTP/1.1" 404 596 cronicadearagon.com "-" "Mozilla/5.0 (Windows NT 10.0; Win64; x64; rv:71.0) Gecko/20100101 Firefox/71.0" "-"
91.199.118.0 - - [13/Feb/2024:17:59:48 +0100] "GET /wp-admin/maint/ HTTP/1.1" 404 596 cronicadearagon.com "-" "Mozilla/5.0 (Macintosh; Intel Mac OS X 10_15_6) AppleWebKit/537.36 (KHTML, like Gecko) Chrome/84.0.4147.105 Safari/537.36 OPR/70.0.3728.95" "-"
91.199.118.0 - - [13/Feb/2024:17:59:48 +0100] "GET /wp-admin/meta/ HTTP/1.1" 404 596 cronicadearagon.com "-" "Mozilla/5.0 (Windows NT 10.0; Win64; x64; rv:73.0) Gecko/20100101 Firefox/73.0" "-"
91.199.118.0 - - [13/Feb/2024:17:59:49 +0100] "GET /wp-admin/network/ HTTP/1.1" 404 596 cronicadearagon.com "-" "Mozilla/5.0 (Windows NT 10.0; Win64; x64) AppleWebKit/537.36 (KHTML, like Gecko) Chrome/79.0.3945.79 Safari/537.36" "-"
91.199.118.0 - - [13/Feb/2024:17:59:50 +0100] "GET /wp-admin/user/ HTTP/1.1" 404 596 cronicadearagon.com "-" "Mozilla/5.0 (Windows NT 10.0; Win64; x64) AppleWebKit/537.36 (KHTML, like Gecko) Chrome/70.0.3538.77 Safari/537.36" "-"
91.199.118.0 - - [13/Feb/2024:17:59:50 +0100] "GET /wp-content/uploads/ao_ccss/ HTTP/1.1" 404 596 cronicadearagon.com "-" "Mozilla/5.0 (Windows NT 10.0; Win64; x64) AppleWebKit/537.36 (KHTML, like Gecko) Chrome/79.0.3945.79 Safari/537.36" "-"
91.199.118.0 - - [13/Feb/2024:17:59:51 +0100] "GET /wp-content/uploads/2021/ HTTP/1.1" 404 596 cronicadearagon.com "-" "Mozilla/5.0 (Macintosh; Intel Mac OS X 10.15; rv:79.0) Gecko/20100101 Firefox/79.0" "-"
91.199.118.0 - - [13/Feb/2024:17:59:52 +0100] "GET /wp-content/plugins/elementor/ HTTP/1.1" 404 596 cronicadearagon.com "-" "Mozilla/5.0 (Windows NT 10.0; Win64; x64; rv:74.0) Gecko/20100101 Firefox/74.0" "-"
91.199.118.0 - - [13/Feb/2024:17:59:53 +0100] "GET /wp-content/mu-plugins/ HTTP/1.1" 404 596 cronicadearagon.com "-" "Mozilla/5.0 (Windows NT 6.1; Win64; x64) AppleWebKit/537.36 (KHTML, like Gecko) Chrome/74.0.3729.169 Safari/537.36" "-"
91.199.118.0 - - [13/Feb/2024:17:59:54 +0100] "GET /upload/image/ HTTP/1.1" 404 596 cronicadearagon.com "-" "Mozilla/5.0 (X11; Linux i686; rv:79.0) Gecko/20100101 Firefox/79.0" "-"
91.199.118.0 - - [13/Feb/2024:17:59:55 +0100] "GET /wordpress/wp-content/uploads/ HTTP/1.1" 404 596 cronicadearagon.com "-" "Mozilla/5.0 (Windows NT 6.1; Win64; x64) AppleWebKit/537.36 (KHTML, like Gecko) Chrome/79.0.3945.130 Safari/537.36" "-"
91.199.118.0 - - [13/Feb/2024:17:59:56 +0100] "GET /wordpress/wp-includes/ HTTP/1.1" 404 596 cronicadearagon.com "-" "Mozilla/5.0 (Windows NT 6.1; Win64; x64) AppleWebKit/537.36 (KHTML, like Gecko) Chrome/80.0.3987.149 Safari/537.36" "-"
91.199.118.0 - - [13/Feb/2024:18:00:00 +0100] "GET /blog/wp-includes/ HTTP/1.1" 404 596 cronicadearagon.com "-" "Mozilla/5.0 (Windows NT 10.0; Win64; x64; rv:74.0) Gecko/20100101 Firefox/74.0" "-"
91.199.118.0 - - [13/Feb/2024:18:00:00 +0100] "GET /sites/default/files/ HTTP/1.1" 404 596 cronicadearagon.com "-" "Mozilla/5.0 (Windows NT 10.0; Win64; x64) AppleWebKit/537.36 (KHTML, like Gecko) Chrome/79.0.3945.88 Safari/537.36" "-"
91.199.118.0 - - [13/Feb/2024:18:00:01 +0100] "GET /admin/controller/extension/extension/ HTTP/1.1" 404 596 cronicadearagon.com "-" "Mozilla/5.0 (Windows NT 10.0; Win64; x64) AppleWebKit/537.36 (KHTML, like Gecko) Chrome/75.0.3770.100 Safari/537.36" "-"
91.199.118.0 - - [13/Feb/2024:18:00:02 +0100] "GET /admin/editor/ HTTP/1.1" 404 596 cronicadearagon.com "-" "Mozilla/5.0 (Windows NT 10.0; Win64; x64; rv:76.0) Gecko/20100101 Firefox/76.0" "-"
91.199.118.0 - - [13/Feb/2024:18:00:04 +0100] "GET /admin/images/slider/ HTTP/1.1" 404 596 cronicadearagon.com "-" "Mozilla/5.0 (X11; Ubuntu; Linux i686; rv:79.0) Gecko/20100101 Firefox/79.0" "-"
91.199.118.0 - - [13/Feb/2024:18:00:07 +0100] "GET /admin/tmp/ HTTP/1.1" 404 596 cronicadearagon.com "-" "Mozilla/5.0 (Windows NT 10.0; Win64; x64; rv:71.0) Gecko/20100101 Firefox/71.0" "-"
91.199.118.0 - - [13/Feb/2024:18:00:07 +0100] "GET /admin/uploads/ HTTP/1.1" 404 596 cronicadearagon.com "-" "Mozilla/5.0 (X11; Fedora; Linux x86_64; rv:79.0) Gecko/20100101 Firefox/79.0" "-"
91.199.118.0 - - [13/Feb/2024:18:00:08 +0100] "GET /Admin/uploads/ HTTP/1.1" 404 596 cronicadearagon.com "-" "Mozilla/5.0 (Windows NT 10.0; WOW64) AppleWebKit/537.36 (KHTML, like Gecko) Chrome/84.0.4147.105 Safari/537.36" "-"
91.199.118.0 - - [13/Feb/2024:18:00:09 +0100] "GET /admin/uploads/images/ HTTP/1.1" 404 596 cronicadearagon.com "-" "Mozilla/5.0 (Windows NT 10.0; Win64; x64; rv:79.0) Gecko/20100101 Firefox/79.0" "-"
91.199.118.0 - - [13/Feb/2024:18:00:09 +0100] "GET /administrator/ HTTP/1.1" 404 596 cronicadearagon.com "-" "Mozilla/5.0 (Windows NT 6.1; Win64; x64) AppleWebKit/537.36 (KHTML, like Gecko) Chrome/79.0.3945.130 Safari/537.36" "-"
91.199.118.0 - - [13/Feb/2024:18:00:10 +0100] "GET /ALFA_DATA/alfacgiapi/ HTTP/1.1" 503 299 cronicadearagon.com "-" "Mozilla/5.0 (Macintosh; Intel Mac OS X 10.15; rv:79.0) Gecko/20100101 Firefox/79.0" "-"
91.199.118.0 - - [13/Feb/2024:18:00:11 +0100] "GET /assets/ HTTP/1.1" 404 596 cronicadearagon.com "-" "Mozilla/5.0 (Windows NT 10.0; WOW64; Trident/7.0; .NET4.0C; .NET4.0E; .NET CLR 2.0.50727; .NET CLR 3.0.30729; .NET CLR 3.5.30729; rv:11.0) like Gecko" "-"
91.199.118.0 - - [13/Feb/2024:18:00:11 +0100] "GET /cgi-bin/ HTTP/1.1" 404 596 cronicadearagon.com "-" "Mozilla/5.0 (Macintosh; Intel Mac OS X 10_15_6) AppleWebKit/537.36 (KHTML, like Gecko) Chrome/84.0.4147.105 Safari/537.36" "-"
91.199.118.0 - - [13/Feb/2024:18:00:12 +0100] "GET /components/ HTTP/1.1" 404 596 cronicadearagon.com "-" "Mozilla/5.0 (Windows NT 10.0; Win64; x64; rv:66.0) Gecko/20100101 Firefox/66.0" "-"
91.199.118.0 - - [13/Feb/2024:18:00:13 +0100] "GET /home/ HTTP/1.1" 404 596 cronicadearagon.com "-" "Mozilla/5.0 (Windows NT 10.0; Win64; x64; rv:66.0) Gecko/20100101 Firefox/66.0" "-"
91.199.118.0 - - [13/Feb/2024:18:00:13 +0100] "GET /include/ HTTP/1.1" 404 596 cronicadearagon.com "-" "Mozilla/5.0 (Windows NT 10.0; Win64; x64; rv:76.0) Gecko/20100101 Firefox/76.0" "-"
91.199.118.0 - - [13/Feb/2024:18:00:14 +0100] "GET /modules/ HTTP/1.1" 404 596 cronicadearagon.com "-" "Mozilla/5.0 (Windows NT 10.0; Win64; x64) AppleWebKit/537.36 (KHTML, like Gecko) Chrome/75.0.3770.100 Safari/537.36" "-"
91.199.118.0 - - [13/Feb/2024:18:00:15 +0100] "GET /modules/mod_simplefileuploadv1.3/elements/ HTTP/1.1" 404 596 cronicadearagon.com "-" "Mozilla/5.0 (Windows NT 10.0; Win64; x64; rv:66.0) Gecko/20100101 Firefox/66.0" "-"
91.199.118.0 - - [13/Feb/2024:18:00:16 +0100] "GET /mt/ HTTP/1.1" 404 596 cronicadearagon.com "-" "Mozilla/5.0 (X11; Ubuntu; Linux i686; rv:79.0) Gecko/20100101 Firefox/79.0" "-"
91.199.118.0 - - [13/Feb/2024:18:00:16 +0100] "GET /site/wp-includes/ HTTP/1.1" 404 596 cronicadearagon.com "-" "Mozilla/5.0 (Macintosh; Intel Mac OS X 10_12_6) AppleWebKit/537.36 (KHTML, like Gecko) Chrome/58.0.3029.110 Safari/537.3" "-"
91.199.118.0 - - [13/Feb/2024:18:00:18 +0100] "GET /tmps/ HTTP/1.1" 404 596 cronicadearagon.com "-" "Mozilla/5.0 (Linux x86_64; rv:79.0) Gecko/20100101 Firefox/79.0" "-"
91.199.118.0 - - [13/Feb/2024:18:00:18 +0100] "GET /wordpress/wp-admin/includes/wp-admin/js/ HTTP/1.1" 404 596 cronicadearagon.com "-" "Mozilla/5.0 (Windows NT 10.0; Win64; x64) AppleWebKit/537.36 (KHTML, like Gecko) Chrome/58.0.3029.110 Safari/537.3" "-"
91.199.118.0 - - [13/Feb/2024:18:00:19 +0100] "GET /wp-admin/css/colors/coffee/ HTTP/1.1" 404 596 cronicadearagon.com "-" "Mozilla/5.0 (Windows NT 10.0; Win64; x64) AppleWebKit/537.36 (KHTML, like Gecko) Chrome/81.0.4044.129 Safari/537.36" "-"
91.199.118.0 - - [13/Feb/2024:18:00:20 +0100] "GET /wp-admin/css/colors/ectoplasm/ HTTP/1.1" 404 596 cronicadearagon.com "-" "Mozilla/5.0 (Macintosh; Intel Mac OS X 10_12_6) AppleWebKit/537.36 (KHTML, like Gecko) Chrome/58.0.3029.110 Safari/537.3" "-"
91.199.118.0 - - [13/Feb/2024:18:00:20 +0100] "GET /wp-admin/css/colors/light/ HTTP/1.1" 404 596 cronicadearagon.com "-" "Mozilla/5.0 (Windows NT 10.0; Win64; x64; rv:74.0) Gecko/20100101 Firefox/74.0" "-"
91.199.118.0 - - [13/Feb/2024:18:00:21 +0100] "GET /wp-admin/css/colors/midnight/ HTTP/1.1" 404 596 cronicadearagon.com "-" "Mozilla/5.0 (Windows NT 10.0; Win64; x64) AppleWebKit/537.36 (KHTML, like Gecko) Chrome/84.0.4147.105 Safari/537.36" "-"
91.199.118.0 - - [13/Feb/2024:18:00:22 +0100] "GET /wp-admin/css/colors/modern/ HTTP/1.1" 404 596 cronicadearagon.com "-" "Mozilla/5.0 (Windows NT 10.0; Win64; x64) AppleWebKit/537.36 (KHTML, like Gecko) Chrome/69.0.3497.100 Safari/537.36" "-"
91.199.118.0 - - [13/Feb/2024:18:00:22 +0100] "GET /wp-admin/css/colors/ocean/ HTTP/1.1" 404 596 cronicadearagon.com "-" "Mozilla/5.0 (Windows NT 10.0; Win64; x64) AppleWebKit/537.36 (KHTML, like Gecko) Chrome/74.0.3729.157 Safari/537.36" "-"
91.199.118.0 - - [13/Feb/2024:18:00:26 +0100] "GET /wp-admin/css/colors/sunrise/ HTTP/1.1" 404 596 cronicadearagon.com "-" "Mozilla/5.0 (Macintosh; Intel Mac OS X 10_15_6) AppleWebKit/537.36 (KHTML, like Gecko) Chrome/84.0.4147.105 Safari/537.36" "-"
91.199.118.0 - - [13/Feb/2024:18:00:26 +0100] "GET /wp-admin/js/widgets/ HTTP/1.1" 404 596 cronicadearagon.com "-" "Mozilla/5.0 (Windows NT 10.0; Win64; x64) AppleWebKit/537.36 (KHTML, like Gecko) Chrome/79.0.3945.79 Safari/537.36" "-"
91.199.118.0 - - [13/Feb/2024:18:00:27 +0100] "GET /wp-content/languages/ HTTP/1.1" 404 596 cronicadearagon.com "-" "Mozilla/5.0 (Windows NT 10.0; Win64; x64; rv:66.0) Gecko/20100101 Firefox/66.0" "-"
91.199.118.0 - - [13/Feb/2024:18:00:28 +0100] "GET /wp-content/uploads/2022/ HTTP/1.1" 404 596 cronicadearagon.com "-" "Mozilla/5.0 (Windows NT 10.0; Win64; x64) AppleWebKit/537.36 (KHTML, like Gecko) Chrome/84.0.4147.105 Safari/537.36" "-"
91.199.118.0 - - [13/Feb/2024:18:00:28 +0100] "GET /wp-content/uploads/2023/ HTTP/1.1" 404 596 cronicadearagon.com "-" "Mozilla/5.0 (Windows NT 10.0; WOW64; x64) AppleWebKit/537.36 (KHTML, like Gecko) Chrome/84.0.4147.105 Safari/537.36 OPR/70.0.3728.95" "-"
91.199.118.0 - - [13/Feb/2024:18:00:30 +0100] "GET /wp-includes/wp-includes/ HTTP/1.1" 404 596 cronicadearagon.com "-" "Mozilla/5.0 (Windows NT 10.0; Win64; x64) AppleWebKit/537.36 (KHTML, like Gecko) Chrome/79.0.3945.79 Safari/537.36" "-"
91.199.118.0 - - [13/Feb/2024:18:00:31 +0100] "GET /wp-includes/css/dist/ HTTP/1.1" 404 596 cronicadearagon.com "-" "Mozilla/5.0 (Windows NT 10.0; Win64; x64) AppleWebKit/537.36 (KHTML, like Gecko) Chrome/77.0.3865.90 Safari/537.36" "-"
91.199.118.0 - - [13/Feb/2024:18:00:32 +0100] "GET /wp-includes/ID3/ HTTP/1.1" 404 596 cronicadearagon.com "-" "Mozilla/5.0 (Windows NT 6.1; Win64; x64) AppleWebKit/537.36 (KHTML, like Gecko) Chrome/74.0.3729.169 Safari/537.36" "-"
91.199.118.0 - - [13/Feb/2024:18:00:32 +0100] "GET /wp-includes/ID3/wp-includes/IXR/ HTTP/1.1" 404 596 cronicadearagon.com "-" "Mozilla/5.0 (Macintosh; Intel Mac OS X 10.15; rv:79.0) Gecko/20100101 Firefox/79.0" "-"
91.199.118.0 - - [13/Feb/2024:18:00:33 +0100] "GET /wp-includes/images/crystal/ HTTP/1.1" 404 596 cronicadearagon.com "-" "Mozilla/5.0 (Windows NT 10.0; Win64; x64) AppleWebKit/537.36 (KHTML, like Gecko) Chrome/81.0.4044.129 Safari/537.36" "-"
91.199.118.0 - - [13/Feb/2024:18:00:37 +0100] "GET /wp-includes/images/media/ HTTP/1.1" 404 596 cronicadearagon.com "-" "Mozilla/5.0 (Windows NT 10.0; Win64; x64) AppleWebKit/537.36 (KHTML, like Gecko) Chrome/74.0.3729.157 Safari/537.36" "-"
91.199.118.0 - - [13/Feb/2024:18:00:38 +0100] "GET /wp-includes/images/smilies/ HTTP/1.1" 404 596 cronicadearagon.com "-" "Mozilla/5.0 (Windows NT 10.0; Win64; x64) AppleWebKit/537.36 (KHTML, like Gecko) Chrome/74.0.3729.169 Safari/537.36" "-"
91.199.118.0 - - [13/Feb/2024:18:00:39 +0100] "GET /wp-includes/images/wlw/ HTTP/1.1" 404 596 cronicadearagon.com "-" "Mozilla/5.0 (Windows NT 10.0; Win64; x64) AppleWebKit/537.36 (KHTML, like Gecko) Chrome/70.0.3538.77 Safari/537.36" "-"
91.199.118.0 - - [13/Feb/2024:18:00:40 +0100] "GET /wp-includes/js/codemirror/ HTTP/1.1" 404 596 cronicadearagon.com "-" "Mozilla/5.0 (Macintosh; Intel Mac OS X 10_15_6) AppleWebKit/537.36 (KHTML, like Gecko) Chrome/84.0.4147.105 Safari/537.36" "-"
91.199.118.0 - - [13/Feb/2024:18:00:41 +0100] "GET /wp-includes/js/plupload/ HTTP/1.1" 404 596 cronicadearagon.com "-" "Mozilla/5.0 (Windows NT 10.0; Win64; x64) AppleWebKit/537.36 (KHTML, like Gecko) Chrome/79.0.3945.79 Safari/537.36" "-"
91.199.118.0 - - [13/Feb/2024:18:00:41 +0100] "GET /wp-includes/PHPMailer/ HTTP/1.1" 404 596 cronicadearagon.com "-" "Mozilla/5.0 (Windows NT 10.0; Win64; x64) AppleWebKit/537.36 (KHTML, like Gecko) Chrome/79.0.3945.79 Safari/537.36" "-"
91.199.118.0 - - [13/Feb/2024:18:00:42 +0100] "GET /wp-includes/sitemaps/ HTTP/1.1" 404 596 cronicadearagon.com "-" "Mozilla/5.0 (Windows NT 10.0; Win64; x64) AppleWebKit/537.36 (KHTML, like Gecko) Chrome/77.0.3865.90 Safari/537.36" "-"
91.199.118.0 - - [13/Feb/2024:18:00:43 +0100] "GET /wp-includes/sitemaps/providers/ HTTP/1.1" 404 596 cronicadearagon.com "-" "Mozilla/5.0 (Windows NT 10.0; WOW64) AppleWebKit/537.36 (KHTML, like Gecko) Chrome/72.0.3626.121 Safari/537.36" "-"
91.199.118.0 - - [13/Feb/2024:18:00:44 +0100] "GET /cache-wordpress/ HTTP/1.1" 404 596 cronicadearagon.com "-" "Mozilla/5.0 (Windows NT 6.1; Win64; x64) AppleWebKit/537.36 (KHTML, like Gecko) Chrome/74.0.3729.169 Safari/537.36" "-"
91.199.118.0 - - [13/Feb/2024:18:00:44 +0100] "GET /cakil/ HTTP/1.1" 404 596 cronicadearagon.com "-" "Mozilla/5.0 (Windows NT 10.0; Win64; x64) AppleWebKit/537.36 (KHTML, like Gecko) Chrome/79.0.3945.88 Safari/537.36" "-"
91.199.118.0 - - [13/Feb/2024:18:00:45 +0100] "GET /cekidot/ HTTP/1.1" 404 596 cronicadearagon.com "-" "Mozilla/5.0 (Windows NT 6.1; Win64; x64) AppleWebKit/537.36 (KHTML, like Gecko) Chrome/74.0.3729.169 Safari/537.36" "-"
91.199.118.0 - - [13/Feb/2024:18:00:45 +0100] "GET /ubh/ HTTP/1.1" 404 596 cronicadearagon.com "-" "Mozilla/5.0 (Macintosh; Intel Mac OS X 10_12_6) AppleWebKit/537.36 (KHTML, like Gecko) Chrome/58.0.3029.110 Safari/537.3" "-"
91.199.118.0 - - [13/Feb/2024:18:00:46 +0100] "GET /wp-content/ALFA_DATA/alfacgiapi/ HTTP/1.1" 503 299 cronicadearagon.com "-" "Mozilla/5.0 (Macintosh; Intel Mac OS X 10_15_6) AppleWebKit/537.36 (KHTML, like Gecko) Chrome/84.0.4147.105 Safari/537.36 OPR/70.0.3728.95" "-"
91.199.118.0 - - [13/Feb/2024:18:00:47 +0100] "GET /wp-content/plugins/linkpreview/ HTTP/1.1" 404 596 cronicadearagon.com "-" "Mozilla/5.0 (Windows NT 10.0; Win64; x64) AppleWebKit/537.36 (KHTML, like Gecko) Chrome/74.0.3729.169 Safari/537.36" "-"
91.199.118.0 - - [13/Feb/2024:18:00:48 +0100] "GET /wp-content/plugins/aryabot/ HTTP/1.1" 404 596 cronicadearagon.com "-" "Mozilla/5.0 (Macintosh; Intel Mac OS X 10_15_6) AppleWebKit/537.36 (KHTML, like Gecko) Chrome/84.0.4147.105 Safari/537.36 OPR/70.0.3728.95" "-"
91.199.118.0 - - [13/Feb/2024:18:00:50 +0100] "GET /wp-content/plugins/BrutalShell/ HTTP/1.1" 404 596 cronicadearagon.com "-" "Mozilla/5.0 (Windows NT 6.1; Win64; x64) AppleWebKit/537.36 (KHTML, like Gecko) Chrome/58.0.3029.110 Safari/537.3" "-"
91.199.118.0 - - [13/Feb/2024:18:00:51 +0100] "GET /wp-content/plugins/cache-wordpress/ HTTP/1.1" 404 596 cronicadearagon.com "-" "Mozilla/5.0 (Windows NT 6.1; Win64; x64) AppleWebKit/537.36 (KHTML, like Gecko) Chrome/58.0.3029.110 Safari/537.3" "-"
91.199.118.0 - - [13/Feb/2024:18:00:52 +0100] "GET /wp-content/plugins/cakil/ HTTP/1.1" 404 596 cronicadearagon.com "-" "Mozilla/5.0 (X11; Linux x86_64) AppleWebKit/537.36 (KHTML, like Gecko) Chrome/84.0.4147.105 Safari/537.36 OPR/70.0.3728.95" "-"
91.199.118.0 - - [13/Feb/2024:18:00:52 +0100] "GET /wp-content/plugins/cekidot/ HTTP/1.1" 404 596 cronicadearagon.com "-" "Mozilla/5.0 (Windows NT 10.0; Win64; x64) AppleWebKit/537.36 (KHTML, like Gecko) Chrome/74.0.3729.169 Safari/537.36" "-"
91.199.118.0 - - [13/Feb/2024:18:00:53 +0100] "GET /wp-content/plugins/db/ HTTP/1.1" 404 596 cronicadearagon.com "-" "Mozilla/5.0 (Windows NT 10.0; WOW64; Trident/7.0; .NET4.0C; .NET4.0E; .NET CLR 2.0.50727; .NET CLR 3.0.30729; .NET CLR 3.5.30729; rv:11.0) like Gecko" "-"
91.199.118.0 - - [13/Feb/2024:18:00:54 +0100] "GET /wp-content/plugins/home/ HTTP/1.1" 404 596 cronicadearagon.com "-" "Mozilla/5.0 (Windows NT 10.0; Win64; x64) AppleWebKit/537.36 (KHTML, like Gecko) Chrome/79.0.3945.79 Safari/537.36" "-"
91.199.118.0 - - [13/Feb/2024:18:00:55 +0100] "GET /wp-content/plugins/limit/ HTTP/1.1" 404 596 cronicadearagon.com "-" "Mozilla/5.0 (Macintosh; Intel Mac OS X 10.15; rv:79.0) Gecko/20100101 Firefox/79.0" "-"
91.199.118.0 - - [13/Feb/2024:18:00:56 +0100] "GET /wp-content/plugins/owfsmac/ HTTP/1.1" 404 596 cronicadearagon.com "-" "Mozilla/5.0 (Windows NT 10.0; Win64; x64) AppleWebKit/537.36 (KHTML, like Gecko) Chrome/58.0.3029.110 Safari/537.3" "-"
91.199.118.0 - - [13/Feb/2024:18:00:57 +0100] "GET /wp-content/plugins/prenota/ HTTP/1.1" 404 596 cronicadearagon.com "-" "Mozilla/5.0 (Windows NT 10.0; Win64; x64) AppleWebKit/537.36 (KHTML, like Gecko) Chrome/69.0.3497.100 Safari/537.36" "-"
91.199.118.0 - - [13/Feb/2024:18:00:57 +0100] "GET /wp-content/plugins/random/ HTTP/1.1" 404 596 cronicadearagon.com "-" "Mozilla/5.0 (Windows NT 10.0; Win64; x64; rv:72.0) Gecko/20100101 Firefox/72.0" "-"
91.199.118.0 - - [13/Feb/2024:18:00:58 +0100] "GET /wp-content/plugins/ubh/ HTTP/1.1" 404 596 cronicadearagon.com "-" "Mozilla/5.0 (Macintosh; Intel Mac OS X 10.15; rv:79.0) Gecko/20100101 Firefox/79.0" "-"
91.199.118.0 - - [13/Feb/2024:18:00:59 +0100] "GET /wp-content/plugins/Uwogh-Segs/ HTTP/1.1" 404 596 cronicadearagon.com "-" "Mozilla/5.0 (Windows NT 10.0; Win64; x64) AppleWebKit/537.36 (KHTML, like Gecko) Chrome/74.0.3729.169 Safari/537.36" "-"
91.199.118.0 - - [13/Feb/2024:18:01:00 +0100] "GET /wp-content/plugins/wp-diambar/includes/ HTTP/1.1" 404 596 cronicadearagon.com "-" "Mozilla/5.0 (Windows NT 10.0; Win64; x64) AppleWebKit/537.36 (KHTML, like Gecko) Chrome/79.0.3945.79 Safari/537.36" "-"
91.199.118.0 - - [13/Feb/2024:18:01:00 +0100] "GET /wp-content/plugins/wp-freeform/ HTTP/1.1" 404 596 cronicadearagon.com "-" "Mozilla/5.0 (Windows NT 10.0; Win64; x64) AppleWebKit/537.36 (KHTML, like Gecko) Chrome/74.0.3729.169 Safari/537.36" "-"
91.199.118.0 - - [13/Feb/2024:18:01:01 +0100] "GET /wp-content/plugins/wp-hps/sh/ HTTP/1.1" 404 596 cronicadearagon.com "-" "Mozilla/5.0 (Windows NT 10.0; Win64; x64; rv:71.0) Gecko/20100101 Firefox/71.0" "-"
91.199.118.0 - - [13/Feb/2024:18:01:03 +0100] "GET /wp-content/plugins/wpeazvp/ HTTP/1.1" 404 596 cronicadearagon.com "-" "Mozilla/5.0 (Windows NT 10.0; WOW64) AppleWebKit/537.36 (KHTML, like Gecko) Chrome/72.0.3626.121 Safari/537.36" "-"
91.199.118.0 - - [13/Feb/2024:18:01:04 +0100] "GET /wp-content/plugins/zaen/includes/ HTTP/1.1" 404 596 cronicadearagon.com "-" "Mozilla/5.0 (Windows NT 10.0; Win64; x64) AppleWebKit/537.36 (KHTML, like Gecko) Chrome/74.0.3729.169 Safari/537.36" "-"
91.199.118.0 - - [13/Feb/2024:18:01:04 +0100] "GET /wp-content/plugins/core-stab/ HTTP/1.1" 404 596 cronicadearagon.com "-" "Mozilla/5.0 (Windows NT 10.0; Win64; x64) AppleWebKit/537.36 (KHTML, like Gecko) Chrome/81.0.4044.129 Safari/537.36" "-"
91.199.118.0 - - [13/Feb/2024:18:01:05 +0100] "GET /wp-content/themes/alera/ HTTP/1.1" 404 596 cronicadearagon.com "-" "Mozilla/5.0 (Windows NT 6.1; Win64; x64) AppleWebKit/537.36 (KHTML, like Gecko) Chrome/79.0.3945.130 Safari/537.36" "-"
91.199.118.0 - - [13/Feb/2024:18:01:06 +0100] "GET /wp-content/themes/rishi/ HTTP/1.1" 404 596 cronicadearagon.com "-" "Mozilla/5.0 (Windows NT 10.0; Win64; x64; rv:67.0) Gecko/20100101 Firefox/67.0" "-"
91.199.118.0 - - [13/Feb/2024:18:01:07 +0100] "GET /wp-content/themes/sketch/ HTTP/1.1" 404 596 cronicadearagon.com "-" "Mozilla/5.0 (Windows NT 10.0; Win64; x64; rv:66.0) Gecko/20100101 Firefox/66.0" "-"
91.199.118.0 - - [13/Feb/2024:18:01:07 +0100] "GET /wp-content/themes/thuoc-nam/ HTTP/1.1" 404 596 cronicadearagon.com "-" "Mozilla/5.0 (Windows NT 6.1; Win64; x64) AppleWebKit/537.36 (KHTML, like Gecko) Chrome/78.0.3904.108 Safari/537.36" "-"
91.199.118.0 - - [13/Feb/2024:18:01:08 +0100] "GET /wp-content/themes/twentyfive/ HTTP/1.1" 404 596 cronicadearagon.com "-" "Mozilla/5.0 (Linux x86_64; rv:79.0) Gecko/20100101 Firefox/79.0" "-"
91.199.118.0 - - [13/Feb/2024:18:01:09 +0100] "GET /wp-content/themes/wp-pridmag/ HTTP/1.1" 404 596 cronicadearagon.com "-" "Mozilla/5.0 (Windows NT 10.0; Win64; x64; rv:79.0) Gecko/20100101 Firefox/79.0" "-"
91.199.118.0 - - [13/Feb/2024:18:01:09 +0100] "GET /wp-content/themes/pridmag/ HTTP/1.1" 404 596 cronicadearagon.com "-" "Mozilla/5.0 (Windows NT 10.0; Win64; x64) AppleWebKit/537.36 (KHTML, like Gecko) Chrome/83.0.4103.61 Safari/537.36" "-"
91.199.118.0 - - [13/Feb/2024:18:01:10 +0100] "GET /wp-content/themes/zakra/ HTTP/1.1" 404 596 cronicadearagon.com "-" "Mozilla/5.0 (Windows NT 10.0; Win64; x64) AppleWebKit/537.36 (KHTML, like Gecko) Chrome/79.0.3945.79 Safari/537.36" "-"
91.199.118.0 - - [13/Feb/2024:18:01:11 +0100] "GET /wp-content/uploads/simple-file-list/ HTTP/1.1" 404 596 cronicadearagon.com "-" "Mozilla/5.0 (X11; Linux i686; rv:79.0) Gecko/20100101 Firefox/79.0" "-"
91.199.118.0 - - [13/Feb/2024:18:01:13 +0100] "GET /admin/upload/ HTTP/1.1" 404 596 cronicadearagon.com "-" "Mozilla/5.0 (Windows NT 10.0; WOW64) AppleWebKit/537.36 (KHTML, like Gecko) Chrome/72.0.3626.121 Safari/537.36" "-"
91.199.118.0 - - [13/Feb/2024:18:01:14 +0100] "GET /wp-admin/css/colors/blue/ HTTP/1.1" 404 596 cronicadearagon.com "-" "Mozilla/5.0 (Windows NT 10.0) AppleWebKit/537.36 (KHTML, like Gecko) Chrome/72.0.3626.121 Safari/537.36" "-"
91.199.118.0 - - [13/Feb/2024:18:01:15 +0100] "GET /up/.well-known/ HTTP/1.1" 404 596 cronicadearagon.com "-" "Mozilla/5.0 (Macintosh; Intel Mac OS X 10_15_6) AppleWebKit/537.36 (KHTML, like Gecko) Chrome/84.0.4147.105 Safari/537.36 OPR/70.0.3728.95" "-"
91.199.118.0 - - [13/Feb/2024:18:01:15 +0100] "GET /wp-content/plugins/apikey/ HTTP/1.1" 404 596 cronicadearagon.com "-" "Mozilla/5.0 (Windows NT 10.0; WOW64; x64) AppleWebKit/537.36 (KHTML, like Gecko) Chrome/84.0.4147.105 Safari/537.36 OPR/70.0.3728.95" "-"
82.165.88.0 - - [13/Feb/2024:18:05:39 +0100] "POST /wp-cron.php?doing_wp_cron=1707843939.6179220676422119140625 HTTP/1.1" 200 - cronicareinodearagon.com "-" "WordPress/6.2.2; https://cronicareinodearagon.com" "-"
54.36.148.0 - - [13/Feb/2024:18:05:39 +0100] "GET /educacion/practicas-estudiantes-internacionales-medio-rural/ HTTP/1.1" 200 34300 cronicareinodearagon.com "-" "Mozilla/5.0 (compatible; AhrefsBot/7.0; +http://ahrefs.com/robot/)" "-"
82.165.88.0 - - [13/Feb/2024:18:05:54 +0100] "POST /wp-cron.php?doing_wp_cron=1707843954.8409268856048583984375 HTTP/1.1" 200 - cronicareinodearagon.com "-" "WordPress/6.2.2; https://cronicareinodearagon.com" "-"
66.249.68.0 - - [13/Feb/2024:18:05:54 +0100] "GET /aragon/psoe-critica-pp-embarrar-campana-elecciones/ HTTP/1.1" 200 34228 cronicareinodearagon.com "-" "Mozilla/5.0 (Linux; Android 6.0.1; Nexus 5X Build/MMB29P) AppleWebKit/537.36 (KHTML, like Gecko) Chrome/121.0.6167.139 Mobile Safari/537.36 (compatible; Googlebot/2.1; +http://www.google.com/bot.html)" "-"
74.125.212.0 - - [13/Feb/2024:18:06:40 +0100] "GET /category/economia/feed/ HTTP/1.1" 200 12913 cronicareinodearagon.com "-" "FeedFetcher-Google; (+http://www.google.com/feedfetcher.html)" "-"
17.241.227.0 - - [13/Feb/2024:18:09:35 +0100] "GET /robots.txt HTTP/1.1" 200 202 cronicareinodearagon.com "-" "Mozilla/5.0 (Macintosh; Intel Mac OS X 10_15_5) AppleWebKit/605.1.15 (KHTML, like Gecko) Version/13.1.1 Safari/605.1.15 (Applebot/0.1; +http://www.apple.com/go/applebot)" "-"
82.165.88.0 - - [13/Feb/2024:18:09:36 +0100] "POST /wp-cron.php?doing_wp_cron=1707844176.1683259010314941406250 HTTP/1.1" 200 - cronicareinodearagon.com "-" "WordPress/6.2.2; https://cronicareinodearagon.com" "-"
17.241.227.0 - - [13/Feb/2024:18:09:37 +0100] "GET /wp-content/uploads/2022/06/foto-debate-rtva-750x375.jpg HTTP/1.1" 200 55517 cronicareinodearagon.com "-" "Mozilla/5.0 (Macintosh; Intel Mac OS X 10_15_5) AppleWebKit/605.1.15 (KHTML, like Gecko) Version/13.1.1 Safari/605.1.15 (Applebot/0.1; +http://www.apple.com/go/applebot)" "-"
2001:41d0:200:: - - [13/Feb/2024:18:13:46 +0100] "GET /wp-content/uploads/2023/05/psoe-aragon-mitin-teruel.jpg HTTP/1.1" 200 48177 cronicareinodearagon.com "-" "Mozilla/5.0 (compatible; MJ12bot/v1.4.8; http://mj12bot.com/)" "-"
2001:41d0:200:: - - [13/Feb/2024:18:13:48 +0100] "GET /wp-content/uploads/2023/05/reduccion-contaminacion-purines.jpg HTTP/1.1" 200 35131 cronicareinodearagon.com "-" "Mozilla/5.0 (compatible; MJ12bot/v1.4.8; http://mj12bot.com/)" "-"
2001:41d0:200:: - - [13/Feb/2024:18:13:57 +0100] "GET /wp-content/uploads/2023/05/teltronic-moysest.jpg HTTP/1.1" 200 55004 cronicareinodearagon.com "-" "Mozilla/5.0 (compatible; MJ12bot/v1.4.8; http://mj12bot.com/)" "-"
82.165.88.0 - - [13/Feb/2024:18:16:07 +0100] "POST /wp-cron.php?doing_wp_cron=1707844567.3988780975341796875000 HTTP/1.1" 200 - cronicareinodearagon.com "-" "WordPress/6.2.2; https://cronicareinodearagon.com" "-"
66.249.78.0 - - [13/Feb/2024:18:16:07 +0100] "GET /category/aragon/teruel/ HTTP/1.1" 200 29619 cronicareinodearagon.com "-" "Mozilla/5.0 (Linux; Android 6.0.1; Nexus 5X Build/MMB29P) AppleWebKit/537.36 (KHTML, like Gecko) Chrome/121.0.6167.139 Mobile Safari/537.36 (compatible; Googlebot/2.1; +http://www.google.com/bot.html)" "-"
74.125.150.0 - - [13/Feb/2024:18:20:41 +0100] "GET /category/economia/feed/ HTTP/1.1" 200 12913 cronicareinodearagon.com "-" "FeedFetcher-Google; (+http://www.google.com/feedfetcher.html)" "-"
82.165.88.0 - - [13/Feb/2024:18:23:17 +0100] "POST /wp-cron.php?doing_wp_cron=1707844997.3403639793395996093750 HTTP/1.1" 200 - cronicareinodearagon.com "-" "WordPress/6.2.2; https://cronicareinodearagon.com" "-"
185.207.251.0 - - [13/Feb/2024:18:23:17 +0100] "POST /xmlrpc.php HTTP/1.1" 200 416 cronicareinodearagon.com "-" "Mozilla/5.0 (Windows NT 10.0; Win64; x64; rv:71.0) Gecko/20100101 Firefox/71.0" "-"
54.36.148.0 - - [13/Feb/2024:18:36:25 +0100] "GET /aragon/el-gobierno-de-aragon-impulsa-nueve-proyectos-empresariales-de-id-en-sector-farmaceutico-y-movilidad-sostenible/ HTTP/1.1" 200 35486 cronicareinodearagon.com "-" "Mozilla/5.0 (compatible; AhrefsBot/7.0; +http://ahrefs.com/robot/)" "-"
82.165.88.0 - - [13/Feb/2024:18:36:26 +0100] "POST /wp-cron.php?doing_wp_cron=1707845786.1955618858337402343750 HTTP/1.1" 200 - cronicareinodearagon.com "-" "WordPress/6.2.2; https://cronicareinodearagon.com" "-"
130.255.166.0 - - [13/Feb/2024:18:45:10 +0100] "GET /robots.txt HTTP/1.1" 200 188 cronicadeasturias.com "-" "Mozilla/5.0 (Linux; Android 7.1.2; 17MB150WB Build/NZH54D; wv) AppleWebKit/537.36 (KHTML, like Gecko) Version/4.0 Chrome/72.0.3626.121 Safari/537.36" "-"
141.138.211.0 - - [13/Feb/2024:18:45:10 +0100] "GET /sitemap_index.xml HTTP/1.1" 200 317 cronicareinodearagon.com "-" "Mozilla/5.0 (Linux; Android 7.1.2; 17MB150WB Build/NZH54D; wv) AppleWebKit/537.36 (KHTML, like Gecko) Version/4.0 Chrome/72.0.3626.121 Safari/537.36" "-"
141.138.213.0 - - [13/Feb/2024:18:45:11 +0100] "GET /humans.txt HTTP/1.1" 404 596 cronicadeasturias.com "-" "Mozilla/5.0 (Linux; Android 7.1.2; 17MB150WB Build/NZH54D; wv) AppleWebKit/537.36 (KHTML, like Gecko) Version/4.0 Chrome/72.0.3626.121 Safari/537.36" "-"
141.138.213.0 - - [13/Feb/2024:18:45:11 +0100] "GET /ads.txt HTTP/1.1" 404 596 cronicadeasturias.com "-" "Mozilla/5.0 (Linux; Android 7.1.2; 17MB150WB Build/NZH54D; wv) AppleWebKit/537.36 (KHTML, like Gecko) Version/4.0 Chrome/72.0.3626.121 Safari/537.36" "-"
93.158.95.0 - - [13/Feb/2024:18:45:11 +0100] "GET / HTTP/1.1" 200 336 cronicadeasturias.com "-" "Mozilla/5.0 (Linux; Android 7.1.2; 17MB150WB Build/NZH54D; wv) AppleWebKit/537.36 (KHTML, like Gecko) Version/4.0 Chrome/72.0.3626.121 Safari/537.36" "-"
74.125.209.0 - - [13/Feb/2024:18:50:13 +0100] "GET /category/sociedad/feed/ HTTP/1.1" 200 16233 cronicareinodearagon.com "-" "FeedFetcher-Google; (+http://www.google.com/feedfetcher.html)" "-"
2001:41d0:: - - [13/Feb/2024:18:58:22 +0100] "POST /xmlrpc.php HTTP/1.1" 200 416 cronicareinodearagon.com "-" "Mozilla/5.0 (Linux; Android 10) AppleWebKit/537.36 (KHTML, like Gecko) Chrome/91.0.4472.114 Mobile Safari/537.36" "-"
185.191.171.0 - - [13/Feb/2024:18:58:22 +0100] "GET /robots.txt HTTP/1.1" 200 202 cronicareinodearagon.com "-" "Mozilla/5.0 (compatible; SemrushBot/7~bl; +http://www.semrush.com/bot.html)" "-"
82.165.88.0 - - [13/Feb/2024:18:58:23 +0100] "POST /wp-cron.php?doing_wp_cron=1707847103.2872180938720703125000 HTTP/1.1" 200 - cronicareinodearagon.com "-" "WordPress/6.2.2; https://cronicareinodearagon.com" "-"
82.165.88.0 - - [13/Feb/2024:18:58:23 +0100] "POST /wp-cron.php?doing_wp_cron=1707847103.2873289585113525390625 HTTP/1.1" 200 - cronicareinodearagon.com "-" "WordPress/6.2.2; https://cronicareinodearagon.com" "-"
185.191.171.0 - - [13/Feb/2024:18:58:25 +0100] "GET /sociedad/diputacion-de-huesca-y-cruz-roja-unen-esfuerzos-para-impulsar-caminando-acompanados/ HTTP/1.1" 200 34012 cronicareinodearagon.com "-" "Mozilla/5.0 (compatible; SemrushBot/7~bl; +http://www.semrush.com/bot.html)" "-"
124.221.139.0 - - [13/Feb/2024:18:58:30 +0100] "POST /xmlrpc.php HTTP/1.1" 200 416 cronicareinodearagon.com "-" "Mozilla/5.0 (Linux; Android 10; SM-A102U) AppleWebKit/537.36 (KHTML, like Gecko) Chrome/91.0.4472.114 Mobile Safari/537.36" "-"
94.46.167.0 - - [13/Feb/2024:18:58:33 +0100] "POST /xmlrpc.php HTTP/1.1" 200 416 cronicareinodearagon.com "-" "Mozilla/5.0 (Windows NT 6.1; rv:17.0) Gecko/20100101 Firefox/20.6.14" "-"
37.97.201.0 - - [13/Feb/2024:18:58:37 +0100] "POST /xmlrpc.php HTTP/1.1" 200 416 cronicareinodearagon.com "-" "Mozilla/5.0 (Windows NT 10.0; Win64; x64) AppleWebKit/537.36 (KHTML, like Gecko) Chrome/80.0.3987.132 Safari/537.36" "-"
35.195.199.0 - - [13/Feb/2024:18:58:37 +0100] "GET /feed/ HTTP/1.1" 304 - cronicareinodearagon.com "-" "okhttp/4.9.3" "-"
35.195.199.0 - - [13/Feb/2024:18:58:37 +0100] "GET /sitemap_index.xml HTTP/1.1" 200 317 cronicareinodearagon.com "-" "okhttp/4.9.3" "-"
93.125.18.0 - - [13/Feb/2024:18:58:40 +0100] "POST /xmlrpc.php HTTP/1.1" 200 416 cronicareinodearagon.com "-" "Mozilla/5.0 (Windows NT 5.1; rv:7.0.1) Gecko/20100101 Firefox/7.0.1" "-"
2a0b:7280:100:: - - [13/Feb/2024:18:58:42 +0100] "POST /xmlrpc.php HTTP/1.1" 200 416 cronicareinodearagon.com "-" "Mozilla/5.0 (Windows NT 10.0; Win64; x64) AppleWebKit/537.36 (KHTML, like Gecko) Chrome/74.0.3729.131 Safari/537.36" "-"
82.165.88.0 - - [13/Feb/2024:18:58:43 +0100] "POST /wp-cron.php?doing_wp_cron=1707847123.1621000766754150390625 HTTP/1.1" 200 - cronicareinodearagon.com "-" "WordPress/6.2.2; https://cronicareinodearagon.com" "-"
51.178.146.0 - - [13/Feb/2024:18:58:43 +0100] "POST /xmlrpc.php HTTP/1.1" 200 416 cronicareinodearagon.com "-" "Mozilla/5.0 (X11; Linux x86_64) AppleWebKit/537.36 (KHTML, like Gecko) Chrome/91.0.4472.114 Safari/537.36" "-"
68.178.225.0 - - [13/Feb/2024:18:58:50 +0100] "POST /xmlrpc.php HTTP/1.1" 200 416 cronicareinodearagon.com "-" "Mozilla/5.0 (Windows NT 10.0) AppleWebKit/537.36 (KHTML, like Gecko) Chrome/72.0.3626.121 Safari/537.36" "-"
159.89.120.0 - - [13/Feb/2024:18:58:52 +0100] "POST /xmlrpc.php HTTP/1.1" 200 416 cronicareinodearagon.com "-" "Mozilla/5.0 (Windows NT 6.1; WOW64; rv:54.0) Gecko/20100101 Firefox/54.0" "-"
2001:41d0:: - - [13/Feb/2024:18:58:53 +0100] "POST /xmlrpc.php HTTP/1.1" 200 416 cronicareinodearagon.com "-" "Mozilla/5.0 (Windows NT 10.0; Win64; x64) AppleWebKit/537.36 (KHTML, like Gecko) Chrome/67.0.3396.99 Safari/537.36" "-"
92.205.145.0 - - [13/Feb/2024:18:58:57 +0100] "POST /xmlrpc.php HTTP/1.1" 200 416 cronicareinodearagon.com "-" "Mozilla/5.0 (Windows NT 5.1; rv:52.0) Gecko/20100101 Firefox/52.0" "-"
204.93.193.0 - - [13/Feb/2024:18:58:59 +0100] "POST /xmlrpc.php HTTP/1.1" 200 416 cronicareinodearagon.com "-" "Mozilla/5.0 (Windows NT 10.0) AppleWebKit/537.36 (KHTML, like Gecko) Chrome/72.0.3626.121 Safari/537.36" "-"
92.205.9.0 - - [13/Feb/2024:18:59:01 +0100] "POST /xmlrpc.php HTTP/1.1" 200 416 cronicareinodearagon.com "-" "Mozilla/5.0 (Windows NT 10.0; Win64; x64; rv:79.0) Gecko/20100101 Firefox/79.0" "-"
2a02:4780:: - - [13/Feb/2024:18:59:04 +0100] "POST /xmlrpc.php HTTP/1.1" 200 416 cronicareinodearagon.com "-" "Mozilla/5.0 (Windows NT 6.3; Win64; x64; rv:73.0) Gecko/20100101 Firefox/73.0" "-"
94.46.167.0 - - [13/Feb/2024:18:59:12 +0100] "POST /xmlrpc.php HTTP/1.1" 200 416 cronicareinodearagon.com "-" "Mozilla/5.0 (Windows NT 10.0; Win64; x64) AppleWebKit/537.36 (KHTML, like Gecko) Chrome/84.0.4147.105 Safari/537.36" "-"
82.165.88.0 - - [13/Feb/2024:19:03:03 +0100] "POST /wp-cron.php?doing_wp_cron=1707847383.5451519489288330078125 HTTP/1.1" 200 - cronicareinodearagon.com "-" "WordPress/6.2.2; https://cronicareinodearagon.com" "-"
185.191.171.0 - - [13/Feb/2024:19:03:03 +0100] "GET /sociedad/talibanes-mujeres/ HTTP/1.1" 200 34812 cronicareinodearagon.com "-" "Mozilla/5.0 (compatible; SemrushBot/7~bl; +http://www.semrush.com/bot.html)" "-"
82.165.88.0 - - [13/Feb/2024:19:08:52 +0100] "POST /wp-cron.php?doing_wp_cron=1707847732.5632300376892089843750 HTTP/1.1" 200 - cronicareinodearagon.com "-" "WordPress/6.2.2; https://cronicareinodearagon.com" "-"
54.36.148.0 - - [13/Feb/2024:19:08:52 +0100] "GET /category/politica/page/37/ HTTP/1.1" 200 29581 cronicareinodearagon.com "-" "Mozilla/5.0 (compatible; AhrefsBot/7.0; +http://ahrefs.com/robot/)" "-"
17.241.75.0 - - [13/Feb/2024:19:11:18 +0100] "GET /wp-content/uploads/2022/05/juan-espadas-750x375.jpg HTTP/1.1" 200 64080 cronicareinodearagon.com "-" "Mozilla/5.0 (Macintosh; Intel Mac OS X 10_15_5) AppleWebKit/605.1.15 (KHTML, like Gecko) Version/13.1.1 Safari/605.1.15 (Applebot/0.1; +http://www.apple.com/go/applebot)" "-"
185.191.171.0 - - [13/Feb/2024:19:14:16 +0100] "GET /category/sociedad/page/39/ HTTP/1.1" 200 29595 cronicareinodearagon.com "-" "Mozilla/5.0 (compatible; SemrushBot/7~bl; +http://www.semrush.com/bot.html)" "-"
82.165.88.0 - - [13/Feb/2024:19:14:17 +0100] "POST /wp-cron.php?doing_wp_cron=1707848057.1395530700683593750000 HTTP/1.1" 200 - cronicareinodearagon.com "-" "WordPress/6.2.2; https://cronicareinodearagon.com" "-"
74.125.212.0 - - [13/Feb/2024:19:17:33 +0100] "GET /category/economia/feed/ HTTP/1.1" 200 12913 cronicareinodearagon.com "-" "FeedFetcher-Google; (+http://www.google.com/feedfetcher.html)" "-"
85.208.96.0 - - [13/Feb/2024:19:26:20 +0100] "GET /sociedad/especies-amenazadas-crea-pinos-genil/ HTTP/1.1" 200 36442 cronicareinodearagon.com "-" "Mozilla/5.0 (compatible; SemrushBot/7~bl; +http://www.semrush.com/bot.html)" "-"
82.165.88.0 - - [13/Feb/2024:19:26:21 +0100] "POST /wp-cron.php?doing_wp_cron=1707848781.1774458885192871093750 HTTP/1.1" 200 - cronicareinodearagon.com "-" "WordPress/6.2.2; https://cronicareinodearagon.com" "-"
82.165.88.0 - - [13/Feb/2024:19:30:18 +0100] "POST /wp-cron.php?doing_wp_cron=1707849018.2855689525604248046875 HTTP/1.1" 200 - cronicareinodearagon.com "-" "WordPress/6.2.2; https://cronicareinodearagon.com" "-"
185.191.171.0 - - [13/Feb/2024:19:30:18 +0100] "GET /sociedad/mar-jurasico-dinopolis/ HTTP/1.1" 200 37641 cronicareinodearagon.com "-" "Mozilla/5.0 (compatible; SemrushBot/7~bl; +http://www.semrush.com/bot.html)" "-"
82.165.88.0 - - [13/Feb/2024:19:32:00 +0100] "POST /wp-cron.php?doing_wp_cron=1707849120.4015190601348876953125 HTTP/1.1" 200 - cronicareinodearagon.com "-" "WordPress/6.2.2; https://cronicareinodearagon.com" "-"
85.208.96.0 - - [13/Feb/2024:19:32:00 +0100] "GET /sociedad/accidente-moraleda-zafayona-granada-autobuses/ HTTP/1.1" 200 33603 cronicareinodearagon.com "-" "Mozilla/5.0 (compatible; SemrushBot/7~bl; +http://www.semrush.com/bot.html)" "-"
185.191.171.0 - - [13/Feb/2024:19:34:02 +0100] "GET /politica/89-alcaldes-sevilla-plataforma-deterioro-sanidad-publica/ HTTP/1.1" 200 35280 cronicareinodearagon.com "-" "Mozilla/5.0 (compatible; SemrushBot/7~bl; +http://www.semrush.com/bot.html)" "-"
82.165.88.0 - - [13/Feb/2024:19:34:03 +0100] "POST /wp-cron.php?doing_wp_cron=1707849243.2370710372924804687500 HTTP/1.1" 200 - cronicareinodearagon.com "-" "WordPress/6.2.2; https://cronicareinodearagon.com" "-"
85.208.96.0 - - [13/Feb/2024:19:35:16 +0100] "GET /aragon/aguirre-andalucia-coronavirus-omicron-pandemia/ HTTP/1.1" 200 35515 cronicareinodearagon.com "-" "Mozilla/5.0 (compatible; SemrushBot/7~bl; +http://www.semrush.com/bot.html)" "-"
82.165.88.0 - - [13/Feb/2024:19:35:17 +0100] "POST /wp-cron.php?doing_wp_cron=1707849317.1859951019287109375000 HTTP/1.1" 200 - cronicareinodearagon.com "-" "WordPress/6.2.2; https://cronicareinodearagon.com" "-"
82.165.88.0 - - [13/Feb/2024:19:37:45 +0100] "POST /wp-cron.php?doing_wp_cron=1707849465.3477299213409423828125 HTTP/1.1" 200 - cronicareinodearagon.com "-" "WordPress/6.2.2; https://cronicareinodearagon.com" "-"
185.191.171.0 - - [13/Feb/2024:19:37:45 +0100] "GET /aragon/enmiendas-totalidad-presupuesto/ HTTP/1.1" 200 37003 cronicareinodearagon.com "-" "Mozilla/5.0 (compatible; SemrushBot/7~bl; +http://www.semrush.com/bot.html)" "-"
82.165.88.0 - - [13/Feb/2024:19:39:00 +0100] "POST /wp-cron.php?doing_wp_cron=1707849540.7107560634613037109375 HTTP/1.1" 200 - cronicareinodearagon.com "-" "WordPress/6.2.2; https://cronicareinodearagon.com" "-"
185.191.171.0 - - [13/Feb/2024:19:39:00 +0100] "GET /economia/el-diesel-se-dispara-un-5-en-pocos-dias-y-la-gasolina-sube-otro-3/ HTTP/1.1" 200 33438 cronicareinodearagon.com "-" "Mozilla/5.0 (compatible; SemrushBot/7~bl; +http://www.semrush.com/bot.html)" "-"
2a02:c206:2000:: - - [13/Feb/2024:19:46:41 +0100] "POST /xmlrpc.php HTTP/1.1" 200 416 cronicareinodearagon.com "-" "Mozilla/5.0 (Windows NT 10.0; Win64; x64; rv:81.0) Gecko/20100101 Firefox/81.0" "-"
82.165.88.0 - - [13/Feb/2024:19:46:42 +0100] "POST /wp-cron.php?doing_wp_cron=1707850002.0798790454864501953125 HTTP/1.1" 200 - cronicareinodearagon.com "-" "WordPress/6.2.2; https://cronicareinodearagon.com" "-"
74.125.209.0 - - [13/Feb/2024:19:47:43 +0100] "GET /category/educacion/feed/ HTTP/1.1" 200 16487 cronicareinodearagon.com "-" "FeedFetcher-Google; (+http://www.google.com/feedfetcher.html)" "-"
85.208.96.0 - - [13/Feb/2024:19:51:16 +0100] "GET /aragon/incremento-contagios-covid19-andalucia/ HTTP/1.1" 200 35073 cronicareinodearagon.com "-" "Mozilla/5.0 (compatible; SemrushBot/7~bl; +http://www.semrush.com/bot.html)" "-"
82.165.88.0 - - [13/Feb/2024:19:51:17 +0100] "POST /wp-cron.php?doing_wp_cron=1707850277.0171360969543457031250 HTTP/1.1" 200 - cronicareinodearagon.com "-" "WordPress/6.2.2; https://cronicareinodearagon.com" "-"
82.165.88.0 - - [13/Feb/2024:19:52:54 +0100] "POST /wp-cron.php?doing_wp_cron=1707850374.9269979000091552734375 HTTP/1.1" 200 - cronicareinodearagon.com "-" "WordPress/6.2.2; https://cronicareinodearagon.com" "-"
185.191.171.0 - - [13/Feb/2024:19:52:54 +0100] "GET /politica/fosas-comunes-cordoba-exhumacion-diputacion/ HTTP/1.1" 200 36336 cronicareinodearagon.com "-" "Mozilla/5.0 (compatible; SemrushBot/7~bl; +http://www.semrush.com/bot.html)" "-"
