1.69.140.0 - - [13/Feb/2024:21:41:26 +0100] "GET /wp-content/themes/jnews/assets/dist/frontend.min.css?ver=10.7.9 HTTP/1.1" 200 598038 cronicareinodearagon.com "-" "Go-http-client/1.1" "-"
1.69.140.0 - - [13/Feb/2024:21:41:27 +0100] "GET /wp-content/themes/jnews/assets/dist/frontend.min.css?ver=10.7.9 HTTP/1.1" 200 598038 cronicareinodearagon.com "-" "Go-http-client/1.1" "-"
1.69.140.0 - - [13/Feb/2024:21:41:28 +0100] "GET /wp-content/themes/jnews/assets/dist/frontend.min.css?ver=10.7.9 HTTP/1.1" 200 598038 cronicareinodearagon.com "-" "Go-http-client/1.1" "-"
1.69.140.0 - - [13/Feb/2024:21:41:29 +0100] "GET /wp-content/themes/jnews/assets/dist/frontend.min.css?ver=10.7.9 HTTP/1.1" 200 598038 cronicareinodearagon.com "-" "Go-http-client/1.1" "-"
1.69.140.0 - - [13/Feb/2024:21:41:29 +0100] "GET /wp-content/themes/jnews/assets/dist/frontend.min.css?ver=10.7.9 HTTP/1.1" 200 598038 cronicareinodearagon.com "-" "Go-http-client/1.1" "-"
1.69.140.0 - - [13/Feb/2024:21:41:30 +0100] "GET /wp-content/themes/jnews/assets/dist/frontend.min.css?ver=10.7.9 HTTP/1.1" 200 598038 cronicareinodearagon.com "-" "Go-http-client/1.1" "-"
1.69.140.0 - - [13/Feb/2024:21:41:30 +0100] "GET /wp-content/themes/jnews/assets/dist/frontend.min.css?ver=10.7.9 HTTP/1.1" 200 598038 cronicareinodearagon.com "-" "Go-http-client/1.1" "-"
1.69.140.0 - - [13/Feb/2024:21:41:39 +0100] "GET /wp-content/themes/jnews/assets/dist/frontend.min.css?ver=10.7.9 HTTP/1.1" 200 598038 cronicareinodearagon.com "-" "Go-http-client/1.1" "-"
1.69.140.0 - - [13/Feb/2024:21:41:40 +0100] "GET /wp-content/themes/jnews/assets/dist/frontend.min.css?ver=10.7.9 HTTP/1.1" 200 598038 cronicareinodearagon.com "-" "Go-http-client/1.1" "-"
1.69.140.0 - - [13/Feb/2024:21:41:40 +0100] "GET /wp-content/themes/jnews/assets/dist/frontend.min.css?ver=10.7.9 HTTP/1.1" 200 598038 cronicareinodearagon.com "-" "Go-http-client/1.1" "-"
1.69.140.0 - - [13/Feb/2024:21:41:41 +0100] "GET /wp-content/themes/jnews/assets/dist/frontend.min.css?ver=10.7.9 HTTP/1.1" 200 598038 cronicareinodearagon.com "-" "Go-http-client/1.1" "-"
1.69.140.0 - - [13/Feb/2024:21:41:41 +0100] "GET /wp-content/themes/jnews/assets/dist/frontend.min.css?ver=10.7.9 HTTP/1.1" 200 598038 cronicareinodearagon.com "-" "Go-http-client/1.1" "-"
1.69.140.0 - - [13/Feb/2024:21:41:41 +0100] "GET /wp-content/themes/jnews/assets/dist/frontend.min.css?ver=10.7.9 HTTP/1.1" 200 598038 cronicareinodearagon.com "-" "Go-http-client/1.1" "-"
40.77.167.0 - - [13/Feb/2024:21:44:55 +0100] "GET /robots.txt HTTP/1.1" 200 188 www.cronicadearagon.com "-" "Mozilla/5.0 AppleWebKit/537.36 (KHTML, like Gecko; compatible; bingbot/2.0; +http://www.bing.com/bingbot.htm) Chrome/116.0.1938.76 Safari/537.36" "-"
207.46.13.0 - - [13/Feb/2024:21:45:00 +0100] "GET / HTTP/1.1" 200 336 www.cronicadearagon.com "-" "Mozilla/5.0 AppleWebKit/537.36 (KHTML, like Gecko; compatible; bingbot/2.0; +http://www.bing.com/bingbot.htm) Chrome/116.0.1938.76 Safari/537.36" "-"
77.246.105.0 - - [13/Feb/2024:21:46:09 +0100] "GET /aragon/resultados-elecciones-autonomicas-municipales-aragon/ HTTP/1.1" 200 169152 cronicareinodearagon.com "https://cronicareinodearagon.com/aragon/resultados-elecciones-autonomicas-municipales-aragon/" "Mozilla/5.0 (Windows NT 10.0; Win64; x64) AppleWebKit/537.36 (KHTML, like Gecko) Chrome/120.0.6099.71 Safari/537.36" "-"
77.246.105.0 - - [13/Feb/2024:21:46:09 +0100] "POST /wp-comments-post.php HTTP/1.1" 302 - cronicareinodearagon.com "https://cronicareinodearagon.com/aragon/resultados-elecciones-autonomicas-municipales-aragon/" "Mozilla/5.0 (Windows NT 10.0; Win64; x64) AppleWebKit/537.36 (KHTML, like Gecko) Chrome/120.0.6099.71 Safari/537.36" "-"
82.165.88.0 - - [13/Feb/2024:21:46:10 +0100] "POST /wp-cron.php?doing_wp_cron=1707857170.0807609558105468750000 HTTP/1.1" 200 - cronicareinodearagon.com "-" "WordPress/6.2.2; https://cronicareinodearagon.com" "-"
77.246.105.0 - - [13/Feb/2024:21:46:10 +0100] "GET /aragon/resultados-elecciones-autonomicas-municipales-aragon/ HTTP/1.1" 200 169053 cronicareinodearagon.com "https://cronicareinodearagon.com/aragon/resultados-elecciones-autonomicas-municipales-aragon/#comment-2923" "Mozilla/5.0 (Windows NT 10.0; Win64; x64) AppleWebKit/537.36 (KHTML, like Gecko) Chrome/120.0.6099.71 Safari/537.36" "-"
101.68.211.0 - - [13/Feb/2024:21:47:21 +0100] "GET / HTTP/1.1" 200 336 cronicadegranada.com "-" "Mozilla/5.0 (Windows NT 6.1) AppleWebKit/537.36 (KHTML, like Gecko) Chrome/71.0.2623.112 Safari/537.36" "-"
82.165.88.0 - - [13/Feb/2024:21:49:57 +0100] "POST /wp-cron.php?doing_wp_cron=1707857397.4200661182403564453125 HTTP/1.1" 200 - cronicareinodearagon.com "-" "WordPress/6.2.2; https://cronicareinodearagon.com" "-"
85.208.96.0 - - [13/Feb/2024:21:49:57 +0100] "GET /category/aragon/page/67/ HTTP/1.1" 200 147411 cronicareinodearagon.com "-" "Mozilla/5.0 (compatible; SemrushBot/7~bl; +http://www.semrush.com/bot.html)" "-"
54.36.148.0 - - [13/Feb/2024:21:50:22 +0100] "GET /andalucia/malaga/rojos-no-gracias/ HTTP/1.1" 301 - cronicareinodearagon.com "-" "Mozilla/5.0 (compatible; AhrefsBot/7.0; +http://ahrefs.com/robot/)" "-"
101.68.211.0 - - [13/Feb/2024:21:54:26 +0100] "GET / HTTP/1.1" 200 336 cronicadegranada.com "-" "Mozilla/5.0 (Windows NT 6.1; WOW64) AppleWebKit/537.36 (KHTML, like Gecko) Chrome/63.0.3239.132 Safari/537.36 QIHU 360SE" "-"
101.68.211.0 - - [13/Feb/2024:21:54:27 +0100] "GET /favicon.ico HTTP/1.1" 404 596 cronicadegranada.com "-" "Mozilla/5.0 (Windows NT 6.1; WOW64) AppleWebKit/537.36 (KHTML, like Gecko) Chrome/63.0.3239.132 Safari/537.36 QIHU 360SE" "-"
101.68.211.0 - - [13/Feb/2024:21:54:27 +0100] "GET /defaultsite%22%20/ HTTP/1.1" 404 596 cronicadegranada.com "-" "Mozilla/5.0 (Windows NT 6.1; WOW64) AppleWebKit/537.36 (KHTML, like Gecko) Chrome/63.0.3239.132 Safari/537.36 QIHU 360SE" "-"
101.68.211.0 - - [13/Feb/2024:21:54:28 +0100] "GET /robots.txt HTTP/1.1" 200 188 cronicadegranada.com "-" "Mozilla/5.0 (Windows NT 6.1; WOW64) AppleWebKit/537.36 (KHTML, like Gecko) Chrome/63.0.3239.132 Safari/537.36 QIHU 360SE" "-"
185.191.171.0 - - [13/Feb/2024:21:57:58 +0100] "GET /politica/aragon-existe-candidatura-zaragoza/ HTTP/1.1" 200 161305 cronicareinodearagon.com "-" "Mozilla/5.0 (compatible; SemrushBot/7~bl; +http://www.semrush.com/bot.html)" "-"
82.165.88.0 - - [13/Feb/2024:21:57:59 +0100] "POST /wp-cron.php?doing_wp_cron=1707857879.2766039371490478515625 HTTP/1.1" 200 - cronicareinodearagon.com "-" "WordPress/6.2.2; https://cronicareinodearagon.com" "-"
213.202.233.0 - - [13/Feb/2024:22:03:25 +0100] "GET /cgi-bin/wp-login.php HTTP/1.1" 404 596 cronicadealmeria.com "-" "Mozlila/5.0 (Linux; Android 7.0; SM-G892A Bulid/NRD90M; wv) AppleWebKit/537.36 (KHTML, like Gecko) Version/4.0 Chrome/60.0.3112.107 Moblie Safari/537.36" "-"
213.202.233.0 - - [13/Feb/2024:22:03:33 +0100] "GET /wp-admin/includes/wp-login.php HTTP/1.1" 404 596 cronicadealmeria.com "-" "Mozlila/5.0 (Linux; Android 7.0; SM-G892A Bulid/NRD90M; wv) AppleWebKit/537.36 (KHTML, like Gecko) Version/4.0 Chrome/60.0.3112.107 Moblie Safari/537.36" "-"
213.202.233.0 - - [13/Feb/2024:22:04:03 +0100] "GET /wp-admin/user/wp-login.php HTTP/1.1" 404 596 cronicadealmeria.com "-" "Mozlila/5.0 (Linux; Android 7.0; SM-G892A Bulid/NRD90M; wv) AppleWebKit/537.36 (KHTML, like Gecko) Version/4.0 Chrome/60.0.3112.107 Moblie Safari/537.36" "-"
213.202.233.0 - - [13/Feb/2024:22:04:23 +0100] "GET /wp-content/admin.php HTTP/1.1" 404 596 cronicadealmeria.com "-" "Mozlila/5.0 (Linux; Android 7.0; SM-G892A Bulid/NRD90M; wv) AppleWebKit/537.36 (KHTML, like Gecko) Version/4.0 Chrome/60.0.3112.107 Moblie Safari/537.36" "-"
185.191.171.0 - - [13/Feb/2024:22:05:09 +0100] "GET /opinion/la-conjura-de-los-necios/ HTTP/1.1" 200 177593 cronicareinodearagon.com "-" "Mozilla/5.0 (compatible; SemrushBot/7~bl; +http://www.semrush.com/bot.html)" "-"
82.165.88.0 - - [13/Feb/2024:22:05:10 +0100] "POST /wp-cron.php?doing_wp_cron=1707858310.0083620548248291015625 HTTP/1.1" 200 - cronicareinodearagon.com "-" "WordPress/6.2.2; https://cronicareinodearagon.com" "-"
17.241.219.0 - - [13/Feb/2024:22:06:20 +0100] "GET /robots.txt HTTP/1.1" 200 188 cronicadevalencia.com "-" "Mozilla/5.0 (Macintosh; Intel Mac OS X 10_15_5) AppleWebKit/605.1.15 (KHTML, like Gecko) Version/13.1.1 Safari/605.1.15 (Applebot/0.1; +http://www.apple.com/go/applebot)" "-"
17.241.219.0 - - [13/Feb/2024:22:06:20 +0100] "GET /defaultsite HTTP/1.1" 200 18994 cronicadevalencia.com "-" "Mozilla/5.0 (Macintosh; Intel Mac OS X 10_15_5) AppleWebKit/605.1.15 (KHTML, like Gecko) Version/13.1.1 Safari/605.1.15 (Applebot/0.1; +http://www.apple.com/go/applebot)" "-"
82.165.88.0 - - [13/Feb/2024:22:06:35 +0100] "POST /wp-cron.php?doing_wp_cron=1707858395.5735499858856201171875 HTTP/1.1" 200 - cronicareinodearagon.com "-" "WordPress/6.2.2; https://cronicareinodearagon.com" "-"
51.222.253.0 - - [13/Feb/2024:22:06:35 +0100] "GET /robots.txt HTTP/1.1" 200 202 cronicareinodearagon.com "-" "Mozilla/5.0 (compatible; AhrefsBot/7.0; +http://ahrefs.com/robot/)" "-"
54.36.149.0 - - [13/Feb/2024:22:06:36 +0100] "GET /aragon/resultados-cis-elecciones-aragon/ HTTP/1.1" 200 160573 cronicareinodearagon.com "-" "Mozilla/5.0 (compatible; AhrefsBot/7.0; +http://ahrefs.com/robot/)" "-"
193.189.100.0 - - [13/Feb/2024:22:08:52 +0100] "GET / HTTP/1.1" 200 336 cronicadeasturias.com "cronicadeasturias.com" "Mozilla/5.0 (Windows NT 6.1; rv:109.0) Gecko/20100101 Firefox/113." "-"
92.205.145.0 - - [13/Feb/2024:22:13:55 +0100] "POST /xmlrpc.php HTTP/1.1" 200 416 cronicareinodearagon.com "-" "Mozilla/5.0 (Windows NT 6.1) AppleWebKit/537.36 (KHTML, like Gecko) Chrome/56.0.2924.76 Safari/537.36" "-"
82.165.88.0 - - [13/Feb/2024:22:13:56 +0100] "POST /wp-cron.php?doing_wp_cron=1707858836.2619819641113281250000 HTTP/1.1" 200 - cronicareinodearagon.com "-" "WordPress/6.2.2; https://cronicareinodearagon.com" "-"
2800:6c0:: - - [13/Feb/2024:22:13:57 +0100] "POST /xmlrpc.php HTTP/1.1" 200 416 cronicareinodearagon.com "-" "Mozilla/5.0 (Windows NT 10.0; Win64; x64; rv:62.0) Gecko/20100101 Firefox/62.0" "-"
37.97.201.0 - - [13/Feb/2024:22:13:57 +0100] "POST /xmlrpc.php HTTP/1.1" 200 416 cronicareinodearagon.com "-" "Mozilla/5.0 (Windows NT 5.1; rv:30.0) Gecko/20100101 Firefox/30.0" "-"
2001:41d0:: - - [13/Feb/2024:22:14:09 +0100] "POST /xmlrpc.php HTTP/1.1" 200 416 cronicareinodearagon.com "-" "Mozilla/5.0 (Windows NT 6.1; WOW64; rv:42.0) Gecko/20100101 Firefox/42.0" "-"
92.205.9.0 - - [13/Feb/2024:22:14:10 +0100] "POST /xmlrpc.php HTTP/1.1" 200 416 cronicareinodearagon.com "-" "Mozilla/5.0 (Windows NT 10.0; Win64; x64) AppleWebKit/537.36 (KHTML, like Gecko) Chrome/88.0.4324.190 Safari/537.36" "-"
152.136.173.0 - - [13/Feb/2024:22:14:11 +0100] "POST /xmlrpc.php HTTP/1.1" 200 416 cronicareinodearagon.com "-" "Mozilla/5.0 (Windows NT 10.0; Win64; x64) AppleWebKit/537.36 (KHTML, like Gecko) Chrome/70.0.3538.102 Safari/537.36" "-"
2001:41d0:: - - [13/Feb/2024:22:14:14 +0100] "POST /xmlrpc.php HTTP/1.1" 200 416 cronicareinodearagon.com "-" "Mozilla/5.0 (Macintosh; Intel Mac OS X 10_10; rv:33.0) Gecko/20100101 Firefox/33.0" "-"
2a0b:7280:100:: - - [13/Feb/2024:22:14:16 +0100] "POST /xmlrpc.php HTTP/1.1" 200 416 cronicareinodearagon.com "-" "Mozilla/5.0 (Windows NT 10.0) AppleWebKit/537.36 (KHTML, like Gecko) Chrome/72.0.3626.121 Safari/537.36" "-"
193.168.3.0 - - [13/Feb/2024:22:14:18 +0100] "POST /xmlrpc.php HTTP/1.1" 200 416 cronicareinodearagon.com "-" "Mozilla/5.0 (Windows NT 6.3; Win64; x64; rv:73.0) Gecko/20100101 Firefox/73.0" "-"
2001:1640:: - - [13/Feb/2024:22:14:19 +0100] "POST /xmlrpc.php HTTP/1.1" 200 416 cronicareinodearagon.com "-" "Mozilla/5.0 (Windows NT 5.1; rv:33.0) Gecko/20100101 Firefox/33.0" "-"
94.73.148.0 - - [13/Feb/2024:22:14:23 +0100] "POST /xmlrpc.php HTTP/1.1" 200 416 cronicareinodearagon.com "-" "Mozilla/5.0 (Windows NT 10.0; Win64; x64) AppleWebKit/537.36 (KHTML, like Gecko) Chrome/74.0.3729.169 Safari/537.36" "-"
149.129.190.0 - - [13/Feb/2024:22:14:24 +0100] "POST /xmlrpc.php HTTP/1.1" 503 299 cronicareinodearagon.com "-" "Mozilla/5.0 (Windows NT 6.1; WOW64; rv:18.0) Gecko/20100101 Firefox/18.0" "-"
137.184.120.0 - - [13/Feb/2024:22:14:28 +0100] "POST /xmlrpc.php HTTP/1.1" 200 416 cronicareinodearagon.com "-" "Mozilla/5.0 (Windows NT 10.0; Win64; x64) AppleWebKit/537.36 (KHTML, like Gecko) Chrome/68.0.3440.106 Safari/537.36" "-"
74.125.212.0 - - [13/Feb/2024:22:20:06 +0100] "GET /category/economia/feed/ HTTP/1.1" 200 12913 cronicareinodearagon.com "-" "FeedFetcher-Google; (+http://www.google.com/feedfetcher.html)" "-"
74.125.212.0 - - [13/Feb/2024:22:25:36 +0100] "GET /category/economia/feed/ HTTP/1.1" 200 12913 cronicareinodearagon.com "-" "FeedFetcher-Google; (+http://www.google.com/feedfetcher.html)" "-"
85.208.96.0 - - [13/Feb/2024:22:28:23 +0100] "GET /robots.txt HTTP/1.1" 200 202 cronicareinodearagon.com "-" "Mozilla/5.0 (compatible; SemrushBot/7~bl; +http://www.semrush.com/bot.html)" "-"
82.165.88.0 - - [13/Feb/2024:22:28:24 +0100] "POST /wp-cron.php?doing_wp_cron=1707859704.0256419181823730468750 HTTP/1.1" 200 - cronicareinodearagon.com "-" "WordPress/6.2.2; https://cronicareinodearagon.com" "-"
85.208.96.0 - - [13/Feb/2024:22:28:24 +0100] "GET /aragon/salobrena-expulsion-macarena-olona-padron-municipal-elecciones-andaluzas/ HTTP/1.1" 200 171331 cronicareinodearagon.com "-" "Mozilla/5.0 (compatible; SemrushBot/7~bl; +http://www.semrush.com/bot.html)" "-"
82.165.88.0 - - [13/Feb/2024:22:31:16 +0100] "POST /wp-cron.php?doing_wp_cron=1707859876.4206929206848144531250 HTTP/1.1" 200 - cronicareinodearagon.com "-" "WordPress/6.2.2; https://cronicareinodearagon.com" "-"
85.208.96.0 - - [13/Feb/2024:22:31:16 +0100] "GET /aragon/prueba-madurez-selectividad-septiembre/ HTTP/1.1" 200 164565 cronicareinodearagon.com "-" "Mozilla/5.0 (compatible; SemrushBot/7~bl; +http://www.semrush.com/bot.html)" "-"
185.191.171.0 - - [13/Feb/2024:22:34:58 +0100] "GET /aragon/espadas-elecciones-municipales/ HTTP/1.1" 200 170611 cronicareinodearagon.com "-" "Mozilla/5.0 (compatible; SemrushBot/7~bl; +http://www.semrush.com/bot.html)" "-"
82.165.88.0 - - [13/Feb/2024:22:34:59 +0100] "POST /wp-cron.php?doing_wp_cron=1707860099.2794539928436279296875 HTTP/1.1" 200 - cronicareinodearagon.com "-" "WordPress/6.2.2; https://cronicareinodearagon.com" "-"
85.208.96.0 - - [13/Feb/2024:22:37:39 +0100] "GET /politica/irene-garcia-no-seguira-psoe-cadiz/ HTTP/1.1" 200 168654 cronicareinodearagon.com "-" "Mozilla/5.0 (compatible; SemrushBot/7~bl; +http://www.semrush.com/bot.html)" "-"
82.165.88.0 - - [13/Feb/2024:22:37:40 +0100] "POST /wp-cron.php?doing_wp_cron=1707860260.2548079490661621093750 HTTP/1.1" 200 - cronicareinodearagon.com "-" "WordPress/6.2.2; https://cronicareinodearagon.com" "-"
185.191.171.0 - - [13/Feb/2024:22:38:31 +0100] "GET /aragon/lamban-andorra-industrializacion/ HTTP/1.1" 200 163669 cronicareinodearagon.com "-" "Mozilla/5.0 (compatible; SemrushBot/7~bl; +http://www.semrush.com/bot.html)" "-"
82.165.88.0 - - [13/Feb/2024:22:38:32 +0100] "POST /wp-cron.php?doing_wp_cron=1707860312.2554559707641601562500 HTTP/1.1" 200 - cronicareinodearagon.com "-" "WordPress/6.2.2; https://cronicareinodearagon.com" "-"
74.125.209.0 - - [13/Feb/2024:22:40:59 +0100] "GET /category/educacion/feed/ HTTP/1.1" 200 16487 cronicareinodearagon.com "-" "FeedFetcher-Google; (+http://www.google.com/feedfetcher.html)" "-"
2001:19f0:b000:: - - [13/Feb/2024:22:41:46 +0100] "POST /xmlrpc.php HTTP/1.1" 200 416 cronicareinodearagon.com "-" "Mozilla/5.0 (Windows NT 10.0; Win64; x64; rv:63.0) Gecko/20100101 Firefox/63.0" "-"
82.165.88.0 - - [13/Feb/2024:22:41:47 +0100] "POST /wp-cron.php?doing_wp_cron=1707860507.2986280918121337890625 HTTP/1.1" 200 - cronicareinodearagon.com "-" "WordPress/6.2.2; https://cronicareinodearagon.com" "-"
62.3.6.0 - - [13/Feb/2024:22:44:10 +0100] "GET / HTTP/1.1" 200 336 cronicadearagon.com "" "Mozilla/5.0 (Macintosh; Intel Mac OS X 10.15; rv:109.0) Gecko/20100101 Firefox/117.0" "-"
62.3.6.0 - - [13/Feb/2024:22:44:12 +0100] "GET / HTTP/1.1" 200 274432 cronicareinodearagon.com "" "Mozilla/5.0 (Macintosh; Intel Mac OS X 10_15_7) AppleWebKit/605.1.15 (KHTML, like Gecko) Version/16.6 Safari/605.1.15" "-"
82.165.88.0 - - [13/Feb/2024:22:48:06 +0100] "POST /wp-cron.php?doing_wp_cron=1707860886.8502008914947509765625 HTTP/1.1" 200 - cronicareinodearagon.com "-" "WordPress/6.2.2; https://cronicareinodearagon.com" "-"
185.191.171.0 - - [13/Feb/2024:22:48:06 +0100] "GET /sociedad/el-espacio-de-mujeres-escenario-en-almeria-para-la-celebracion-de-los-actos-del-dia-internacional-de-la-mujer-y-la-nina-en-la-ciencia/ HTTP/1.1" 200 164981 cronicareinodearagon.com "-" "Mozilla/5.0 (compatible; SemrushBot/7~bl; +http://www.semrush.com/bot.html)" "-"
185.191.171.0 - - [13/Feb/2024:22:48:37 +0100] "GET /educacion/sociedad-jiennense-pulso-moreno-bonilla-uja/ HTTP/1.1" 200 172113 cronicareinodearagon.com "-" "Mozilla/5.0 (compatible; SemrushBot/7~bl; +http://www.semrush.com/bot.html)" "-"
82.165.88.0 - - [13/Feb/2024:22:51:17 +0100] "POST /wp-cron.php?doing_wp_cron=1707861077.4789919853210449218750 HTTP/1.1" 200 - cronicareinodearagon.com "-" "WordPress/6.2.2; https://cronicareinodearagon.com" "-"
185.191.171.0 - - [13/Feb/2024:22:51:17 +0100] "GET /aragon/descenso-trabajadores-erte-andalucia-septiembre/ HTTP/1.1" 200 161803 cronicareinodearagon.com "-" "Mozilla/5.0 (compatible; SemrushBot/7~bl; +http://www.semrush.com/bot.html)" "-"
82.165.88.0 - - [13/Feb/2024:22:52:46 +0100] "POST /wp-cron.php?doing_wp_cron=1707861166.9108529090881347656250 HTTP/1.1" 200 - cronicareinodearagon.com "-" "WordPress/6.2.2; https://cronicareinodearagon.com" "-"
85.208.96.0 - - [13/Feb/2024:22:52:46 +0100] "GET /aragon/programa-economia-eoi-mujeres-talento/ HTTP/1.1" 200 166752 cronicareinodearagon.com "-" "Mozilla/5.0 (compatible; SemrushBot/7~bl; +http://www.semrush.com/bot.html)" "-"
82.165.88.0 - - [13/Feb/2024:22:54:50 +0100] "POST /wp-cron.php?doing_wp_cron=1707861290.4191288948059082031250 HTTP/1.1" 200 - cronicareinodearagon.com "-" "WordPress/6.2.2; https://cronicareinodearagon.com" "-"
40.77.167.0 - - [13/Feb/2024:22:54:50 +0100] "GET /?s=2025 HTTP/1.1" 200 155813 cronicareinodearagon.com "-" "Mozilla/5.0 AppleWebKit/537.36 (KHTML, like Gecko; compatible; bingbot/2.0; +http://www.bing.com/bingbot.htm) Chrome/116.0.1938.76 Safari/537.36" "-"
74.125.209.0 - - [13/Feb/2024:23:02:01 +0100] "GET /category/politica/feed/ HTTP/1.1" 200 59109 cronicareinodearagon.com "-" "FeedFetcher-Google; (+http://www.google.com/feedfetcher.html)" "-"
43.163.6.0 - - [13/Feb/2024:23:04:09 +0100] "GET / HTTP/1.1" 200 336 cronicadejaen.com "-" "Mozilla/5.0 (iPhone; CPU iPhone OS 13_2_3 like Mac OS X) AppleWebKit/605.1.15 (KHTML, like Gecko) Version/13.0.3 Mobile/15E148 Safari/604.1" "-"
184.154.76.0 - - [13/Feb/2024:23:04:34 +0100] "GET / HTTP/1.1" 200 336 www.cronicadesevilla.com "http://www.google.com/url?url=www.cronicadesevilla.com&yahoo.com" "Mozilla/5.0 (compatible; MSIE 9.0; Windows NT 6.1; WOW64; Trident/6.0)" "-"
184.154.76.0 - - [13/Feb/2024:23:04:34 +0100] "GET /th1s_1s_a_4o4.html HTTP/1.1" 404 596 www.cronicadesevilla.com "http://www.google.com/url?url=www.cronicadesevilla.com&yahoo.com" "Mozilla/5.0 (compatible; MSIE 9.0; Windows NT 6.1; WOW64; Trident/6.0)" "-"
184.154.76.0 - - [13/Feb/2024:23:04:34 +0100] "GET /spicons/templates/defaultsite/es-ES/images/domain_transfer.svg HTTP/1.1" 200 1201 www.cronicadesevilla.com "http://www.google.com/url?url=www.cronicadesevilla.com&yahoo.com" "Mozilla/5.0 (compatible; MSIE 9.0; Windows NT 6.1; WOW64; Trident/6.0)" "-"
184.154.76.0 - - [13/Feb/2024:23:04:35 +0100] "GET /?=1&s=1 HTTP/1.1" 200 336 cronicadesevilla.com "http://www.google.com/url?url=www.cronicadesevilla.com&yahoo.com" "Mozilla/5.0 (compatible; MSIE 9.0; Windows NT 6.1; WOW64; Trident/6.0)" "-"
184.154.76.0 - - [13/Feb/2024:23:04:35 +0100] "GET /spicons/templates/defaultsite/es-ES/images/css/main.css HTTP/1.1" 200 486180 www.cronicadesevilla.com "http://www.google.com/url?url=www.cronicadesevilla.com&yahoo.com" "Mozilla/5.0 (compatible; MSIE 9.0; Windows NT 6.1; WOW64; Trident/6.0)" "-"
184.154.76.0 - - [13/Feb/2024:23:04:37 +0100] "GET /spicons/templates/defaultsite/es-ES/images/domain.svg HTTP/1.1" 200 2095 www.cronicadesevilla.com "http://www.google.com/url?url=www.cronicadesevilla.com&yahoo.com" "Mozilla/5.0 (compatible; MSIE 9.0; Windows NT 6.1; WOW64; Trident/6.0)" "-"
184.154.76.0 - - [13/Feb/2024:23:04:37 +0100] "GET /defaultsite HTTP/1.1" 200 18994 www.cronicadesevilla.com "-" "SiteLockSpider [en] (WinNT; I ;Nav)" "-"
184.154.76.0 - - [13/Feb/2024:23:04:38 +0100] "GET /defaultsite HTTP/1.1" 200 18994 www.cronicadesevilla.com "http://www.google.com/url?url=www.cronicadesevilla.com&yahoo.com" "Mozilla/5.0 (compatible; MSIE 9.0; Windows NT 6.1; WOW64; Trident/6.0)" "-"
184.154.76.0 - - [13/Feb/2024:23:04:38 +0100] "GET / HTTP/1.1" 200 336 cronicadesevilla.com "http://www.google.com/url?url=www.cronicadesevilla.com&yahoo.com" "Mozilla/5.0 (compatible; MSIE 9.0; Windows NT 6.1; WOW64; Trident/6.0)" "-"
184.154.76.0 - - [13/Feb/2024:23:04:39 +0100] "GET /spicons/templates/defaultsite/es-ES/images/domain.svg HTTP/1.1" 200 2095 www.cronicadesevilla.com "-" "SiteLockSpider [en] (WinNT; I ;Nav)" "-"
184.154.76.0 - - [13/Feb/2024:23:04:39 +0100] "GET /spicons/templates/defaultsite/es-ES/images/domain_transfer.svg HTTP/1.1" 200 1201 www.cronicadesevilla.com "-" "SiteLockSpider [en] (WinNT; I ;Nav)" "-"
184.154.76.0 - - [13/Feb/2024:23:04:40 +0100] "GET / HTTP/1.1" 200 336 cronicadesevilla.com "-" "SiteLockSpider [en] (WinNT; I ;Nav)" "-"
184.154.76.0 - - [13/Feb/2024:23:04:40 +0100] "GET /spicons/templates/defaultsite/es-ES/images/ic-world.svg HTTP/1.1" 200 1248 www.cronicadesevilla.com "-" "SiteLockSpider [en] (WinNT; I ;Nav)" "-"
184.154.76.0 - - [13/Feb/2024:23:04:40 +0100] "GET /domaincheckresult?__SBMT:d359e110d15:=1&__SYNT:d359e110d15:__CMD(domaincheckresult):RETWRP=domainselect&__SYNT:d359e110d15:__CMD(domaincheckresult):SELWRP=multicheck&__SYNT:d359e110d15:__forcestop=true&__pageflow=Order&__sendingdata=1&linkId=ct.btn.check.default-page-check&multicheck.Domain=1 HTTP/1.1" 404 596 www.cronicadesevilla.com "-" "SiteLockSpider [en] (WinNT; I ;Nav)" "-"
184.154.76.0 - - [13/Feb/2024:23:04:41 +0100] "GET /spicons/templates/defaultsite/es-ES/images/css/main.css HTTP/1.1" 200 486180 www.cronicadesevilla.com "http://www.google.com/url?url=www.cronicadesevilla.com&yahoo.com" "Mozilla/5.0 (compatible; MSIE 9.0; Windows NT 6.1; WOW64; Trident/6.0)" "-"
184.154.76.0 - - [13/Feb/2024:23:04:42 +0100] "GET /domaincheckresult?__SBMT:d359e110d15:=1&__SYNT:d359e110d15:__CMD(domaincheckresult):RETWRP=domainselect&__SYNT:d359e110d15:__CMD(domaincheckresult):SELWRP=multicheck&__SYNT:d359e110d15:__forcestop=true&__pageflow=Order&__sendingdata=1&linkId=ct.btn.check.default-page-check&multicheck.Domain=1 HTTP/1.1" 404 596 www.cronicadesevilla.com "-" "SiteLockSpider [en] (WinNT; I ;Nav)" "-"
184.154.76.0 - - [13/Feb/2024:23:04:42 +0100] "GET /spicons/templates/defaultsite/es-ES/images/ic-world.svg HTTP/1.1" 200 1248 www.cronicadesevilla.com "-" "SiteLockSpider [en] (WinNT; I ;Nav)" "-"
85.208.96.0 - - [13/Feb/2024:23:06:22 +0100] "GET /educacion/jornadas-educacion-memoria-democratica-uhu/ HTTP/1.1" 200 167215 cronicareinodearagon.com "-" "Mozilla/5.0 (compatible; SemrushBot/7~bl; +http://www.semrush.com/bot.html)" "-"
82.165.88.0 - - [13/Feb/2024:23:06:22 +0100] "POST /wp-cron.php?doing_wp_cron=1707861982.6755199432373046875000 HTTP/1.1" 200 - cronicareinodearagon.com "-" "WordPress/6.2.2; https://cronicareinodearagon.com" "-"
64.23.170.0 - - [13/Feb/2024:23:12:50 +0100] "GET / HTTP/1.1" 200 336 cronicadealmeria.com "-" "Mozilla/5.0 (Windows NT 10.0; Win64; x64; rv:115.0) Gecko/20100101 Firefox/115.0" "-"
64.23.170.0 - - [13/Feb/2024:23:12:50 +0100] "GET / HTTP/1.1" 200 336 cronicadearagon.com "-" "Mozilla/5.0 (Windows NT 10.0; Win64; x64; rv:115.0) Gecko/20100101 Firefox/115.0" "-"
64.23.170.0 - - [13/Feb/2024:23:12:50 +0100] "GET /.env HTTP/1.1" 300 492 cronicadearagon.com "-" "python-requests/2.31.0" "-"
64.23.170.0 - - [13/Feb/2024:23:12:50 +0100] "GET / HTTP/1.1" 200 336 cronicadegranada.com "-" "Mozilla/5.0 (Windows NT 10.0; Win64; x64; rv:115.0) Gecko/20100101 Firefox/115.0" "-"
64.23.170.0 - - [13/Feb/2024:23:12:50 +0100] "GET / HTTP/1.1" 200 336 cronicadeextremadura.com "-" "Mozilla/5.0 (Windows NT 10.0; Win64; x64; rv:115.0) Gecko/20100101 Firefox/115.0" "-"
64.23.170.0 - - [13/Feb/2024:23:12:50 +0100] "GET / HTTP/1.1" 200 336 cronicadejaen.com "-" "Mozilla/5.0 (Windows NT 10.0; Win64; x64; rv:115.0) Gecko/20100101 Firefox/115.0" "-"
64.23.170.0 - - [13/Feb/2024:23:12:50 +0100] "GET / HTTP/1.1" 200 336 cronicadecadiz.com "-" "Mozilla/5.0 (Windows NT 10.0; Win64; x64; rv:115.0) Gecko/20100101 Firefox/115.0" "-"
64.23.170.0 - - [13/Feb/2024:23:12:50 +0100] "GET / HTTP/1.1" 200 336 cronicadeasturias.com "-" "Mozilla/5.0 (Windows NT 10.0; Win64; x64; rv:115.0) Gecko/20100101 Firefox/115.0" "-"
64.23.170.0 - - [13/Feb/2024:23:12:50 +0100] "GET / HTTP/1.1" 200 336 cronicadecordoba.com "-" "Mozilla/5.0 (Windows NT 10.0; Win64; x64; rv:115.0) Gecko/20100101 Firefox/115.0" "-"
64.23.170.0 - - [13/Feb/2024:23:12:50 +0100] "GET / HTTP/1.1" 200 336 cronicadehuelva.com "-" "Mozilla/5.0 (Windows NT 10.0; Win64; x64; rv:115.0) Gecko/20100101 Firefox/115.0" "-"
64.23.170.0 - - [13/Feb/2024:23:12:51 +0100] "GET / HTTP/1.1" 200 336 cronicadevalencia.com "-" "Mozilla/5.0 (Windows NT 10.0; Win64; x64; rv:115.0) Gecko/20100101 Firefox/115.0" "-"
64.23.170.0 - - [13/Feb/2024:23:12:51 +0100] "GET / HTTP/1.1" 200 336 cronicadesevilla.com "-" "Mozilla/5.0 (Windows NT 10.0; Win64; x64; rv:115.0) Gecko/20100101 Firefox/115.0" "-"
64.23.170.0 - - [13/Feb/2024:23:12:51 +0100] "GET /.env HTTP/1.1" 300 492 cronicadealmeria.com "-" "python-requests/2.31.0" "-"
64.23.170.0 - - [13/Feb/2024:23:12:51 +0100] "GET / HTTP/1.1" 301 241 cronicareinodearagon.com "-" "Mozilla/5.0 (Windows NT 10.0; Win64; x64; rv:115.0) Gecko/20100101 Firefox/115.0" "-"
64.23.170.0 - - [13/Feb/2024:23:12:51 +0100] "GET /.env HTTP/1.1" 300 492 cronicadegranada.com "-" "python-requests/2.31.0" "-"
64.23.170.0 - - [13/Feb/2024:23:12:51 +0100] "GET /.env HTTP/1.1" 300 492 cronicadeextremadura.com "-" "python-requests/2.31.0" "-"
64.23.170.0 - - [13/Feb/2024:23:12:51 +0100] "GET /.env HTTP/1.1" 300 492 cronicadejaen.com "-" "python-requests/2.31.0" "-"
64.23.170.0 - - [13/Feb/2024:23:12:51 +0100] "GET /.env HTTP/1.1" 300 492 cronicadecadiz.com "-" "python-requests/2.31.0" "-"
64.23.170.0 - - [13/Feb/2024:23:12:51 +0100] "GET / HTTP/1.1" 200 336 cronicademalaga.com "-" "Mozilla/5.0 (Windows NT 10.0; Win64; x64; rv:115.0) Gecko/20100101 Firefox/115.0" "-"
64.23.170.0 - - [13/Feb/2024:23:12:51 +0100] "GET /.env HTTP/1.1" 300 492 cronicadeasturias.com "-" "python-requests/2.31.0" "-"
64.23.170.0 - - [13/Feb/2024:23:12:51 +0100] "GET / HTTP/1.1" 200 336 cronicadelpaisvalenciano.com "-" "Mozilla/5.0 (Windows NT 10.0; Win64; x64; rv:115.0) Gecko/20100101 Firefox/115.0" "-"
64.23.170.0 - - [13/Feb/2024:23:12:51 +0100] "GET /.env HTTP/1.1" 300 492 cronicadecordoba.com "-" "python-requests/2.31.0" "-"
64.23.170.0 - - [13/Feb/2024:23:12:51 +0100] "GET /.env HTTP/1.1" 300 492 cronicadehuelva.com "-" "python-requests/2.31.0" "-"
64.23.170.0 - - [13/Feb/2024:23:12:52 +0100] "GET /.env HTTP/1.1" 300 492 cronicadevalencia.com "-" "python-requests/2.31.0" "-"
64.23.170.0 - - [13/Feb/2024:23:12:52 +0100] "GET /.env HTTP/1.1" 300 492 cronicadesevilla.com "-" "python-requests/2.31.0" "-"
64.23.170.0 - - [13/Feb/2024:23:12:52 +0100] "GET / HTTP/1.1" 200 41720 cronicareinodearagon.com "-" "Mozilla/5.0 (Windows NT 10.0; Win64; x64; rv:115.0) Gecko/20100101 Firefox/115.0" "-"
64.23.170.0 - - [13/Feb/2024:23:12:52 +0100] "GET /.env HTTP/1.1" 300 492 cronicademalaga.com "-" "python-requests/2.31.0" "-"
64.23.170.0 - - [13/Feb/2024:23:13:27 +0100] "GET /.env HTTP/1.1" 301 245 cronicareinodearagon.com "-" "python-requests/2.31.0" "-"
82.165.88.0 - - [13/Feb/2024:23:14:04 +0100] "POST /wp-cron.php?doing_wp_cron=1707862444.6225569248199462890625 HTTP/1.1" 200 - cronicareinodearagon.com "-" "WordPress/6.2.2; https://cronicareinodearagon.com" "-"
85.208.96.0 - - [13/Feb/2024:23:14:04 +0100] "GET /politica/espadas-garantizara-primer-trabajo-jovenes/ HTTP/1.1" 200 166400 cronicareinodearagon.com "-" "Mozilla/5.0 (compatible; SemrushBot/7~bl; +http://www.semrush.com/bot.html)" "-"
64.23.170.0 - - [13/Feb/2024:23:17:55 +0100] "GET / HTTP/1.1" 200 336 grupocronicaenlibertad.com "-" "Mozilla/5.0 (Windows NT 10.0; Win64; x64; rv:115.0) Gecko/20100101 Firefox/115.0" "-"
64.23.170.0 - - [13/Feb/2024:23:17:56 +0100] "GET /.env HTTP/1.1" 300 492 grupocronicaenlibertad.com "-" "python-requests/2.31.0" "-"
185.191.171.0 - - [13/Feb/2024:23:25:54 +0100] "GET /sociedad/baltasar-garzon-jaen-ensayo-encrucijada/ HTTP/1.1" 200 165703 cronicareinodearagon.com "-" "Mozilla/5.0 (compatible; SemrushBot/7~bl; +http://www.semrush.com/bot.html)" "-"
82.165.88.0 - - [13/Feb/2024:23:25:55 +0100] "POST /wp-cron.php?doing_wp_cron=1707863155.3506278991699218750000 HTTP/1.1" 200 - cronicareinodearagon.com "-" "WordPress/6.2.2; https://cronicareinodearagon.com" "-"
74.125.209.0 - - [13/Feb/2024:23:26:51 +0100] "GET /category/sociedad/feed/ HTTP/1.1" 200 16233 cronicareinodearagon.com "-" "FeedFetcher-Google; (+http://www.google.com/feedfetcher.html)" "-"
82.165.88.0 - - [13/Feb/2024:23:30:10 +0100] "POST /wp-cron.php?doing_wp_cron=1707863410.7417860031127929687500 HTTP/1.1" 200 - cronicareinodearagon.com "-" "WordPress/6.2.2; https://cronicareinodearagon.com" "-"
85.208.96.0 - - [13/Feb/2024:23:30:10 +0100] "GET /robots.txt HTTP/1.1" 200 202 cronicareinodearagon.com "-" "Mozilla/5.0 (compatible; SemrushBot/7~bl; +http://www.semrush.com/bot.html)" "-"
85.208.96.0 - - [13/Feb/2024:23:30:11 +0100] "GET /aragon/productos-andaluces-foodex-2022/ HTTP/1.1" 200 173150 cronicareinodearagon.com "-" "Mozilla/5.0 (compatible; SemrushBot/7~bl; +http://www.semrush.com/bot.html)" "-"
85.208.96.0 - - [13/Feb/2024:23:30:26 +0100] "GET /politica/marea-blanca-exige-junta-desmantele-sanidad-publica/ HTTP/1.1" 200 171005 cronicareinodearagon.com "-" "Mozilla/5.0 (compatible; SemrushBot/7~bl; +http://www.semrush.com/bot.html)" "-"
74.125.209.0 - - [13/Feb/2024:23:33:52 +0100] "GET /category/politica/feed/ HTTP/1.1" 200 59109 cronicareinodearagon.com "-" "FeedFetcher-Google; (+http://www.google.com/feedfetcher.html)" "-"
74.125.209.0 - - [13/Feb/2024:23:35:42 +0100] "GET /category/politica/feed/ HTTP/1.1" 200 59109 cronicareinodearagon.com "-" "FeedFetcher-Google; (+http://www.google.com/feedfetcher.html)" "-"
85.208.96.0 - - [13/Feb/2024:23:40:53 +0100] "GET /sociedad/alerta-amarilla-sevilla-huelva-malaga-lluvia/ HTTP/1.1" 200 160880 cronicareinodearagon.com "-" "Mozilla/5.0 (compatible; SemrushBot/7~bl; +http://www.semrush.com/bot.html)" "-"
82.165.88.0 - - [13/Feb/2024:23:40:54 +0100] "POST /wp-cron.php?doing_wp_cron=1707864054.2721180915832519531250 HTTP/1.1" 200 - cronicareinodearagon.com "-" "WordPress/6.2.2; https://cronicareinodearagon.com" "-"
43.134.66.0 - - [13/Feb/2024:23:41:02 +0100] "GET / HTTP/1.1" 200 336 cronicadecadiz.com "-" "Mozilla/5.0 (iPhone; CPU iPhone OS 13_2_3 like Mac OS X) AppleWebKit/605.1.15 (KHTML, like Gecko) Version/13.0.3 Mobile/15E148 Safari/604.1" "-"
185.197.74.0 - - [13/Feb/2024:23:47:49 +0100] "GET /aragon/resultados-elecciones-autonomicas-municipales-aragon/ HTTP/1.1" 200 169152 cronicareinodearagon.com "https://cronicareinodearagon.com/aragon/resultados-elecciones-autonomicas-municipales-aragon/" "Mozilla/5.0 (Windows NT 10.0; Win64; x64) AppleWebKit/537.36 (KHTML, like Gecko) Chrome/121.0.0.0 Safari/537.36" "-"
82.165.88.0 - - [13/Feb/2024:23:47:49 +0100] "POST /wp-cron.php?doing_wp_cron=1707864469.8911790847778320312500 HTTP/1.1" 200 - cronicareinodearagon.com "-" "WordPress/6.2.2; https://cronicareinodearagon.com" "-"
185.197.74.0 - - [13/Feb/2024:23:47:49 +0100] "POST /wp-comments-post.php HTTP/1.1" 302 - cronicareinodearagon.com "https://cronicareinodearagon.com/aragon/resultados-elecciones-autonomicas-municipales-aragon/" "Mozilla/5.0 (Windows NT 10.0; Win64; x64) AppleWebKit/537.36 (KHTML, like Gecko) Chrome/121.0.0.0 Safari/537.36" "-"
185.197.74.0 - - [13/Feb/2024:23:47:50 +0100] "GET /aragon/resultados-elecciones-autonomicas-municipales-aragon/ HTTP/1.1" 200 169053 cronicareinodearagon.com "https://cronicareinodearagon.com/aragon/resultados-elecciones-autonomicas-municipales-aragon/#comment-2924" "Mozilla/5.0 (Windows NT 10.0; Win64; x64) AppleWebKit/537.36 (KHTML, like Gecko) Chrome/121.0.0.0 Safari/537.36" "-"
82.165.88.0 - - [13/Feb/2024:23:49:40 +0100] "POST /wp-cron.php?doing_wp_cron=1707864580.4104061126708984375000 HTTP/1.1" 200 - cronicareinodearagon.com "-" "WordPress/6.2.2; https://cronicareinodearagon.com" "-"
185.191.171.0 - - [13/Feb/2024:23:49:40 +0100] "GET /aragon/huelga-basura-el-puerto/ HTTP/1.1" 200 165805 cronicareinodearagon.com "-" "Mozilla/5.0 (compatible; SemrushBot/7~bl; +http://www.semrush.com/bot.html)" "-"
82.165.88.0 - - [13/Feb/2024:23:50:30 +0100] "POST /wp-cron.php?doing_wp_cron=1707864630.8955340385437011718750 HTTP/1.1" 200 - cronicareinodearagon.com "-" "WordPress/6.2.2; https://cronicareinodearagon.com" "-"
85.208.96.0 - - [13/Feb/2024:23:50:30 +0100] "GET /aragon/mitin-central-psoe-aragon-lamban-pedro-sanchez/ HTTP/1.1" 200 172119 cronicareinodearagon.com "-" "Mozilla/5.0 (compatible; SemrushBot/7~bl; +http://www.semrush.com/bot.html)" "-"
82.165.88.0 - - [13/Feb/2024:23:52:47 +0100] "POST /wp-cron.php?doing_wp_cron=1707864767.4671859741210937500000 HTTP/1.1" 200 - cronicareinodearagon.com "-" "WordPress/6.2.2; https://cronicareinodearagon.com" "-"
185.191.171.0 - - [13/Feb/2024:23:52:47 +0100] "GET /aragon/ustea-alerta-falta-personal-centros-educativos-andalucia/ HTTP/1.1" 200 163362 cronicareinodearagon.com "-" "Mozilla/5.0 (compatible; SemrushBot/7~bl; +http://www.semrush.com/bot.html)" "-"
54.36.148.0 - - [13/Feb/2024:23:53:52 +0100] "GET /sociedad/diputacion-zaragoza-ayudas-ayuntamientos-autoconsumo/ HTTP/1.1" 200 168294 cronicareinodearagon.com "-" "Mozilla/5.0 (compatible; AhrefsBot/7.0; +http://ahrefs.com/robot/)" "-"
82.165.88.0 - - [13/Feb/2024:23:53:53 +0100] "POST /wp-cron.php?doing_wp_cron=1707864833.1773810386657714843750 HTTP/1.1" 200 - cronicareinodearagon.com "-" "WordPress/6.2.2; https://cronicareinodearagon.com" "-"
54.36.148.0 - - [13/Feb/2024:23:53:57 +0100] "GET /wp-content/uploads/2023/05/autoconsumo-diputacion-zaragoza.jpg HTTP/1.1" 200 87331 cronicareinodearagon.com "-" "Mozilla/5.0 (compatible; AhrefsBot/7.0; +http://ahrefs.com/robot/)" "-"
74.125.212.0 - - [13/Feb/2024:23:55:59 +0100] "GET /category/economia/feed/ HTTP/1.1" 200 12913 cronicareinodearagon.com "-" "FeedFetcher-Google; (+http://www.google.com/feedfetcher.html)" "-"
82.165.88.0 - - [13/Feb/2024:23:59:45 +0100] "POST /wp-cron.php?doing_wp_cron=1707865185.7857379913330078125000 HTTP/1.1" 200 - cronicareinodearagon.com "-" "WordPress/6.2.2; https://cronicareinodearagon.com" "-"
85.208.96.0 - - [13/Feb/2024:23:59:45 +0100] "GET /aragon/ibercaja-beneficios-primer-trimestre-2023/ HTTP/1.1" 200 189268 cronicareinodearagon.com "-" "Mozilla/5.0 (compatible; SemrushBot/7~bl; +http://www.semrush.com/bot.html)" "-"