195.57.114.0 - - [14/Feb/2024:10:21:27 +0100] "GET /wp-content/uploads/2023/05/ccoo-instalaciones-deprotivas-zaragoza-750x375.jpg HTTP/1.1" 200 58665 cronicareinodearagon.com "https://cronicareinodearagon.com/sociedad/ccco-denuncia-ayuntamiento-zaragoza-incumple-acuerdo-instalaciones-deportivas/" "Mozilla/5.0 (X11; Ubuntu; Linux x86_64; rv:97.0) Gecko/20100101 Firefox/97.0" "-"
195.57.114.0 - - [14/Feb/2024:10:21:27 +0100] "GET /wp-content/plugins/elementor/assets/js/lightbox.1b6e05e0607040eb8929.bundle.min.js HTTP/1.1" 200 11140 cronicareinodearagon.com "https://cronicareinodearagon.com/sociedad/ccco-denuncia-ayuntamiento-zaragoza-incumple-acuerdo-instalaciones-deportivas/" "Mozilla/5.0 (X11; Ubuntu; Linux x86_64; rv:97.0) Gecko/20100101 Firefox/97.0" "-"
195.57.114.0 - - [14/Feb/2024:10:21:27 +0100] "GET /wp-content/plugins/elementor/assets/lib/dialog/dialog.min.js?ver=4.9.0 HTTP/1.1" 200 3897 cronicareinodearagon.com "https://cronicareinodearagon.com/sociedad/ccco-denuncia-ayuntamiento-zaragoza-incumple-acuerdo-instalaciones-deportivas/" "Mozilla/5.0 (X11; Ubuntu; Linux x86_64; rv:97.0) Gecko/20100101 Firefox/97.0" "-"
195.57.114.0 - - [14/Feb/2024:10:21:27 +0100] "GET /wp-content/plugins/elementor/assets/lib/share-link/share-link.min.js?ver=3.15.2 HTTP/1.1" 200 1185 cronicareinodearagon.com "https://cronicareinodearagon.com/sociedad/ccco-denuncia-ayuntamiento-zaragoza-incumple-acuerdo-instalaciones-deportivas/" "Mozilla/5.0 (X11; Ubuntu; Linux x86_64; rv:97.0) Gecko/20100101 Firefox/97.0" "-"
195.57.114.0 - - [14/Feb/2024:10:21:27 +0100] "GET /wp-content/plugins/elementor/assets/js/text-editor.2c35aafbe5bf0e127950.bundle.min.js HTTP/1.1" 200 688 cronicareinodearagon.com "https://cronicareinodearagon.com/sociedad/ccco-denuncia-ayuntamiento-zaragoza-incumple-acuerdo-instalaciones-deportivas/" "Mozilla/5.0 (X11; Ubuntu; Linux x86_64; rv:97.0) Gecko/20100101 Firefox/97.0" "-"
195.57.114.0 - - [14/Feb/2024:10:21:27 +0100] "GET /wp-content/uploads/2022/10/cropped-Favicon_CrAra-32x32.png HTTP/1.1" 200 1079 cronicareinodearagon.com "https://cronicareinodearagon.com/sociedad/ccco-denuncia-ayuntamiento-zaragoza-incumple-acuerdo-instalaciones-deportivas/" "Mozilla/5.0 (X11; Ubuntu; Linux x86_64; rv:97.0) Gecko/20100101 Firefox/97.0" "-"
195.57.114.0 - - [14/Feb/2024:10:21:27 +0100] "GET /wp-content/uploads/2022/10/cropped-Favicon_CrAra-192x192.png HTTP/1.1" 200 11953 cronicareinodearagon.com "https://cronicareinodearagon.com/sociedad/ccco-denuncia-ayuntamiento-zaragoza-incumple-acuerdo-instalaciones-deportivas/" "Mozilla/5.0 (X11; Ubuntu; Linux x86_64; rv:97.0) Gecko/20100101 Firefox/97.0" "-"
195.57.114.0 - - [14/Feb/2024:10:21:36 +0100] "GET /wp-content/uploads/2023/05/centro-salud-aragon-350x250.jpg HTTP/1.1" 200 16140 cronicareinodearagon.com "https://cronicareinodearagon.com/sociedad/ccco-denuncia-ayuntamiento-zaragoza-incumple-acuerdo-instalaciones-deportivas/" "Mozilla/5.0 (X11; Ubuntu; Linux x86_64; rv:97.0) Gecko/20100101 Firefox/97.0" "-"
195.57.114.0 - - [14/Feb/2024:10:21:36 +0100] "GET /wp-content/uploads/2023/05/jornada-biogas-aragon-350x250.jpg HTTP/1.1" 200 10089 cronicareinodearagon.com "https://cronicareinodearagon.com/sociedad/ccco-denuncia-ayuntamiento-zaragoza-incumple-acuerdo-instalaciones-deportivas/" "Mozilla/5.0 (X11; Ubuntu; Linux x86_64; rv:97.0) Gecko/20100101 Firefox/97.0" "-"
195.57.114.0 - - [14/Feb/2024:10:21:36 +0100] "GET /wp-content/uploads/2023/05/resultados-autonomicas-aragon-350x250.jpg HTTP/1.1" 200 8462 cronicareinodearagon.com "https://cronicareinodearagon.com/sociedad/ccco-denuncia-ayuntamiento-zaragoza-incumple-acuerdo-instalaciones-deportivas/" "Mozilla/5.0 (X11; Ubuntu; Linux x86_64; rv:97.0) Gecko/20100101 Firefox/97.0" "-"
195.57.114.0 - - [14/Feb/2024:10:21:41 +0100] "GET /wp-content/uploads/2022/10/CABECERA-CrAra_MOVIL.png HTTP/1.1" 200 3014 cronicareinodearagon.com "https://cronicareinodearagon.com/sociedad/ccco-denuncia-ayuntamiento-zaragoza-incumple-acuerdo-instalaciones-deportivas/" "Mozilla/5.0 (X11; Ubuntu; Linux x86_64; rv:97.0) Gecko/20100101 Firefox/97.0" "-"
65.154.226.0 - - [14/Feb/2024:10:21:50 +0100] "GET / HTTP/1.1" 301 241 cronicareinodearagon.com "-" "Mozilla/5.0 (Windows NT 10.0) AppleWebKit/537.36 (KHTML, like Gecko) Chrome/106.0.0.0 Safari/537.36" "-"
65.154.226.0 - - [14/Feb/2024:10:21:50 +0100] "GET / HTTP/1.1" 200 41724 cronicareinodearagon.com "http://cronicareinodearagon.com" "Mozilla/5.0 (Windows NT 10.0) AppleWebKit/537.36 (KHTML, like Gecko) Chrome/106.0.0.0 Safari/537.36" "-"
82.165.88.0 - - [14/Feb/2024:10:22:44 +0100] "POST /wp-cron.php?doing_wp_cron=1707902564.3616468906402587890625 HTTP/1.1" 200 - cronicareinodearagon.com "-" "WordPress/6.2.2; https://cronicareinodearagon.com" "-"
192.169.89.0 - - [14/Feb/2024:10:22:44 +0100] "POST /wp-login.php HTTP/1.1" 200 9614 cronicareinodearagon.com "-" "Mozilla/5.0 (Windows NT 6.1) AppleWebKit/537.36 (KHTML, like Gecko) Chrome/62.0.3202.94 Safari/537.36" "-"
74.125.209.0 - - [14/Feb/2024:10:24:15 +0100] "GET /category/educacion/feed/ HTTP/1.1" 200 16487 cronicareinodearagon.com "-" "FeedFetcher-Google; (+http://www.google.com/feedfetcher.html)" "-"
178.128.127.0 - - [14/Feb/2024:10:26:44 +0100] "POST /wp-login.php HTTP/1.1" 200 9580 cronicareinodearagon.com "-" "Mozilla/5.0 (Windows NT 6.3; Win64; x64) AppleWebKit/537.36 (KHTML, like Gecko) Chrome/68.0.3440.106 Safari/537.36" "-"
82.165.88.0 - - [14/Feb/2024:10:26:45 +0100] "POST /wp-cron.php?doing_wp_cron=1707902805.0904860496520996093750 HTTP/1.1" 200 - cronicareinodearagon.com "-" "WordPress/6.2.2; https://cronicareinodearagon.com" "-"
82.165.88.0 - - [14/Feb/2024:10:29:01 +0100] "POST /wp-cron.php?doing_wp_cron=1707902941.5701079368591308593750 HTTP/1.1" 200 - cronicareinodearagon.com "-" "WordPress/6.2.2; https://cronicareinodearagon.com" "-"
137.184.120.0 - - [14/Feb/2024:10:29:01 +0100] "POST /xmlrpc.php HTTP/1.1" 200 416 cronicareinodearagon.com "-" "Mozilla/5.0 (Windows NT 10.0; Win64; x64) AppleWebKit/537.36 (KHTML, like Gecko) Chrome/79.0.3945.88 Safari/537.36" "-"
46.242.238.0 - - [14/Feb/2024:10:29:01 +0100] "POST /xmlrpc.php HTTP/1.1" 200 416 cronicareinodearagon.com "-" "Mozilla/5.0 (Windows NT 10.0; Win64; x64) AppleWebKit/537.36 (KHTML, like Gecko) Chrome/70.0.3538.102 Safari/537.36" "-"
37.97.201.0 - - [14/Feb/2024:10:29:03 +0100] "POST /xmlrpc.php HTTP/1.1" 200 416 cronicareinodearagon.com "-" "Mozilla/5.0 (Windows NT 10.0; Win64; x64) AppleWebKit/537.36 (KHTML, like Gecko) Chrome/80.0.3987.132 Safari/537.36" "-"
52.173.94.0 - - [14/Feb/2024:10:29:04 +0100] "POST /xmlrpc.php HTTP/1.1" 200 416 cronicareinodearagon.com "-" "Mozilla/5.0 (Linux; Android 10; SM-G960U) AppleWebKit/537.36 (KHTML, like Gecko) Chrome/91.0.4472.114 Mobile Safari/537.36" "-"
193.168.3.0 - - [14/Feb/2024:10:29:09 +0100] "POST /xmlrpc.php HTTP/1.1" 200 416 cronicareinodearagon.com "-" "Mozilla/5.0 (Windows NT 10.0) AppleWebKit/537.36 (KHTML, like Gecko) Chrome/72.0.3626.121 Safari/537.36" "-"
43.156.227.0 - - [14/Feb/2024:10:29:16 +0100] "POST /xmlrpc.php HTTP/1.1" 200 416 cronicareinodearagon.com "-" "Mozilla/5.0 (iPad; CPU OS 14_6 like Mac OS X) AppleWebKit/605.1.15 (KHTML, like Gecko) CriOS/91.0.4472.80 Mobile/15E148 Safari/604.1" "-"
145.239.30.0 - - [14/Feb/2024:10:29:17 +0100] "POST /xmlrpc.php HTTP/1.1" 200 416 cronicareinodearagon.com "-" "Mozilla/5.0 (Windows NT 10.0; Win64; x64; rv:79.0) Gecko/20100101 Firefox/79.0" "-"
46.242.238.0 - - [14/Feb/2024:10:29:22 +0100] "POST /xmlrpc.php HTTP/1.1" 200 416 cronicareinodearagon.com "-" "Mozilla/5.0 (Windows NT 6.1; WOW64) AppleWebKit/537.1 (KHTML, like Gecko) Chrome/21.0.1180.83 Safari/537.1" "-"
204.93.193.0 - - [14/Feb/2024:10:29:25 +0100] "POST /xmlrpc.php HTTP/1.1" 200 416 cronicareinodearagon.com "-" "Mozilla/5.0 (Macintosh; Intel Mac OS X 11_4) AppleWebKit/537.36 (KHTML, like Gecko) Chrome/91.0.4472.114 Safari/537.36" "-"
159.89.120.0 - - [14/Feb/2024:10:29:32 +0100] "POST /xmlrpc.php HTTP/1.1" 200 416 cronicareinodearagon.com "-" "Mozilla/5.0 (Windows NT 10.0; Win64; x64) AppleWebKit/537.36 (KHTML, like Gecko) Chrome/90.0.4430.93 Safari/537.36" "-"
206.189.24.0 - - [14/Feb/2024:10:29:36 +0100] "POST /xmlrpc.php HTTP/1.1" 200 416 cronicareinodearagon.com "-" "Mozilla/5.0 (Linux; Android 6.0.1; RedMi Note 5 Build/RB3N5C; wv) AppleWebKit/537.36 (KHTML, like Gecko) Version/4.0 Chrome/68.0.3440.91 Mobile Safari/537.36" "-"
147.182.202.0 - - [14/Feb/2024:10:29:42 +0100] "POST /xmlrpc.php HTTP/1.1" 200 416 cronicareinodearagon.com "-" "Mozilla/5.0 (Windows NT 6.1; Win64; x64) AppleWebKit/537.36 (KHTML, like Gecko) Chrome/60.0.3112.90 Safari/537.36" "-"
82.165.88.0 - - [14/Feb/2024:10:29:43 +0100] "POST /wp-cron.php?doing_wp_cron=1707902983.1706569194793701171875 HTTP/1.1" 200 - cronicareinodearagon.com "-" "WordPress/6.2.2; https://cronicareinodearagon.com" "-"
92.205.3.0 - - [14/Feb/2024:10:29:46 +0100] "POST /xmlrpc.php HTTP/1.1" 200 416 cronicareinodearagon.com "-" "Mozilla/5.0 (X11; Linux x86_64) AppleWebKit/537.36 (KHTML, like Gecko) Chrome/44.0.2403.157 Safari/537.36" "-"
149.129.190.0 - - [14/Feb/2024:10:29:52 +0100] "POST /xmlrpc.php HTTP/1.1" 200 416 cronicareinodearagon.com "-" "Mozilla/5.0 (Windows NT 10.0; Win64; x64; rv:85.0) Gecko/20100101 Firefox/85.0" "-"
74.125.209.0 - - [14/Feb/2024:10:30:24 +0100] "GET /category/educacion/feed/ HTTP/1.1" 200 16487 cronicareinodearagon.com "-" "FeedFetcher-Google; (+http://www.google.com/feedfetcher.html)" "-"
74.125.209.0 - - [14/Feb/2024:10:30:34 +0100] "GET /category/sociedad/feed/ HTTP/1.1" 200 16233 cronicareinodearagon.com "-" "FeedFetcher-Google; (+http://www.google.com/feedfetcher.html)" "-"
82.165.88.0 - - [14/Feb/2024:10:32:26 +0100] "POST /wp-cron.php?doing_wp_cron=1707903146.6709818840026855468750 HTTP/1.1" 200 - cronicareinodearagon.com "-" "WordPress/6.2.2; https://cronicareinodearagon.com" "-"
185.191.171.0 - - [14/Feb/2024:10:32:26 +0100] "GET /sociedad/riada-setenil-de-las-bodegas/ HTTP/1.1" 200 166899 cronicareinodearagon.com "-" "Mozilla/5.0 (compatible; SemrushBot/7~bl; +http://www.semrush.com/bot.html)" "-"
82.165.88.0 - - [14/Feb/2024:10:38:51 +0100] "POST /wp-cron.php?doing_wp_cron=1707903531.8168199062347412109375 HTTP/1.1" 200 - cronicareinodearagon.com "-" "WordPress/6.2.2; https://cronicareinodearagon.com" "-"
42.96.59.0 - - [14/Feb/2024:10:38:51 +0100] "POST /wp-login.php HTTP/1.1" 200 9580 cronicareinodearagon.com "-" "Mozilla/5.0 (Windows NT 6.1; Win64; x64) AppleWebKit/537.36 (KHTML, like Gecko) Chrome/55.0.2883.87 Safari/537.36" "-"
82.165.88.0 - - [14/Feb/2024:10:40:46 +0100] "POST /wp-cron.php?doing_wp_cron=1707903646.5988121032714843750000 HTTP/1.1" 200 - cronicareinodearagon.com "-" "WordPress/6.2.2; https://cronicareinodearagon.com" "-"
85.208.96.0 - - [14/Feb/2024:10:40:46 +0100] "GET /robots.txt HTTP/1.1" 200 202 cronicareinodearagon.com "-" "Mozilla/5.0 (compatible; SemrushBot/7~bl; +http://www.semrush.com/bot.html)" "-"
185.191.171.0 - - [14/Feb/2024:10:40:48 +0100] "GET /aragon/moreno-bonilla-ausente-pleno-verguenza/ HTTP/1.1" 200 169799 cronicareinodearagon.com "-" "Mozilla/5.0 (compatible; SemrushBot/7~bl; +http://www.semrush.com/bot.html)" "-"
82.165.88.0 - - [14/Feb/2024:10:46:21 +0100] "POST /wp-cron.php?doing_wp_cron=1707903981.6608860492706298828125 HTTP/1.1" 200 - cronicareinodearagon.com "-" "WordPress/6.2.2; https://cronicareinodearagon.com" "-"
145.239.35.0 - - [14/Feb/2024:10:46:21 +0100] "POST /xmlrpc.php HTTP/1.1" 200 416 cronicareinodearagon.com "-" "Mozilla/5.0 (Windows NT 10.0; Win64; x64; rv:74.0) Gecko/20100101 Firefox/74.0" "-"
2001:41d0:400:: - - [14/Feb/2024:10:47:01 +0100] "POST /wp-login.php HTTP/1.1" 200 9591 cronicareinodearagon.com "-" "Mozilla/5.0 (Windows NT 6.1; Win64; x64) AppleWebKit/537.36 (KHTML, like Gecko) Chrome/78.0.3904.97 Safari/537.36" "-"
82.165.88.0 - - [14/Feb/2024:10:47:02 +0100] "POST /wp-cron.php?doing_wp_cron=1707904022.0028269290924072265625 HTTP/1.1" 200 - cronicareinodearagon.com "-" "WordPress/6.2.2; https://cronicareinodearagon.com" "-"
74.125.212.0 - - [14/Feb/2024:10:47:06 +0100] "GET /category/economia/feed/ HTTP/1.1" 200 12913 cronicareinodearagon.com "-" "FeedFetcher-Google; (+http://www.google.com/feedfetcher.html)" "-"
192.185.130.0 - - [14/Feb/2024:10:47:07 +0100] "POST /wp-login.php HTTP/1.1" 200 9604 cronicareinodearagon.com "-" "Mozilla/5.0 (Windows NT 6.1; Win64; x64) AppleWebKit/537.36 (KHTML, like Gecko) Chrome/80.0.3987.106 Safari/537.36" "-"
74.125.209.0 - - [14/Feb/2024:10:48:57 +0100] "GET /category/sociedad/feed/ HTTP/1.1" 200 16233 cronicareinodearagon.com "-" "FeedFetcher-Google; (+http://www.google.com/feedfetcher.html)" "-"
82.165.88.0 - - [14/Feb/2024:10:49:43 +0100] "POST /wp-cron.php?doing_wp_cron=1707904183.4347860813140869140625 HTTP/1.1" 200 - cronicareinodearagon.com "-" "WordPress/6.2.2; https://cronicareinodearagon.com" "-"
185.191.171.0 - - [14/Feb/2024:10:49:43 +0100] "GET /sociedad/granada-cultura-casa-musicas/ HTTP/1.1" 200 167565 cronicareinodearagon.com "-" "Mozilla/5.0 (compatible; SemrushBot/7~bl; +http://www.semrush.com/bot.html)" "-"
159.89.194.0 - - [14/Feb/2024:10:50:43 +0100] "POST /wp-login.php HTTP/1.1" 200 9580 cronicareinodearagon.com "-" "Mozilla/5.0 (Windows NT 6.1) AppleWebKit/537.36 (KHTML, like Gecko) Chrome/59.0.3071.115 Safari/537.36" "-"
82.165.88.0 - - [14/Feb/2024:10:50:44 +0100] "POST /wp-cron.php?doing_wp_cron=1707904244.0331830978393554687500 HTTP/1.1" 200 - cronicareinodearagon.com "-" "WordPress/6.2.2; https://cronicareinodearagon.com" "-"
82.165.88.0 - - [14/Feb/2024:10:51:54 +0100] "POST /wp-cron.php?doing_wp_cron=1707904314.3274068832397460937500 HTTP/1.1" 200 - cronicareinodearagon.com "-" "WordPress/6.2.2; https://cronicareinodearagon.com" "-"
85.208.96.0 - - [14/Feb/2024:10:51:54 +0100] "GET /aragon/psoe-pide-junta-bono-alquiler-joven/ HTTP/1.1" 200 159441 cronicareinodearagon.com "-" "Mozilla/5.0 (compatible; SemrushBot/7~bl; +http://www.semrush.com/bot.html)" "-"
82.165.88.0 - - [14/Feb/2024:10:58:09 +0100] "POST /wp-cron.php?doing_wp_cron=1707904689.9344220161437988281250 HTTP/1.1" 200 - cronicareinodearagon.com "-" "WordPress/6.2.2; https://cronicareinodearagon.com" "-"
35.219.66.0 - - [14/Feb/2024:10:58:09 +0100] "POST /wp-login.php HTTP/1.1" 200 9608 cronicareinodearagon.com "-" "Mozilla/5.0 (Windows NT 6.1) AppleWebKit/537.36 (KHTML, like Gecko) Chrome/70.0.3538.102 Safari/537.36" "-"
51.75.91.0 - - [14/Feb/2024:10:58:40 +0100] "POST /wp-login.php HTTP/1.1" 200 9614 cronicareinodearagon.com "-" "Mozilla/5.0 (Windows NT 6.1; Win64; x64) AppleWebKit/537.36 (KHTML, like Gecko) Chrome/66.0.3359.117 Safari/537.36" "-"
82.165.88.0 - - [14/Feb/2024:10:58:59 +0100] "POST /wp-cron.php?doing_wp_cron=1707904739.9300260543823242187500 HTTP/1.1" 200 - cronicareinodearagon.com "-" "WordPress/6.2.2; https://cronicareinodearagon.com" "-"
182.75.112.0 - - [14/Feb/2024:10:58:59 +0100] "POST /wp-login.php HTTP/1.1" 200 9591 cronicareinodearagon.com "-" "Mozilla/5.0 (Windows NT 6.1; Win64; x64) AppleWebKit/537.36 (KHTML, like Gecko) Chrome/55.0.2883.87 Safari/537.36" "-"
195.158.4.0 - - [14/Feb/2024:10:59:11 +0100] "POST /wp-login.php HTTP/1.1" 200 9604 cronicareinodearagon.com "-" "Mozilla/5.0 (Windows NT 6.1; Win64; x64) AppleWebKit/537.36 (KHTML, like Gecko) Chrome/66.0.3359.117 Safari/537.36" "-"
54.37.156.0 - - [14/Feb/2024:10:59:20 +0100] "POST /wp-login.php HTTP/1.1" 200 9585 cronicareinodearagon.com "-" "Mozilla/5.0 (Windows NT 6.3; Win64; x64) AppleWebKit/537.36 (KHTML, like Gecko) Chrome/65.0.3325.181 Safari/537.36" "-"
5.133.192.0 - - [14/Feb/2024:11:08:56 +0100] "GET /sitemap_index.xml HTTP/1.1" 200 317 cronicareinodearagon.com "-" "Mozilla/5.0 (iPhone; CPU iPhone OS 15_5 like Mac OS X) AppleWebKit/605.1.15 (KHTML, like Gecko) Version/15.5 Mobile/15E148 Safari/604.1" "-"
5.133.192.0 - - [14/Feb/2024:11:08:56 +0100] "GET /robots.txt HTTP/1.1" 200 188 cronicadecadiz.com "-" "Mozilla/5.0 (iPhone; CPU iPhone OS 15_5 like Mac OS X) AppleWebKit/605.1.15 (KHTML, like Gecko) Version/15.5 Mobile/15E148 Safari/604.1" "-"
185.6.10.0 - - [14/Feb/2024:11:08:56 +0100] "GET /humans.txt HTTP/1.1" 404 596 cronicadecadiz.com "-" "Mozilla/5.0 (iPhone; CPU iPhone OS 15_5 like Mac OS X) AppleWebKit/605.1.15 (KHTML, like Gecko) Version/15.5 Mobile/15E148 Safari/604.1" "-"
185.12.151.0 - - [14/Feb/2024:11:08:56 +0100] "GET /ads.txt HTTP/1.1" 404 596 cronicadecadiz.com "-" "Mozilla/5.0 (iPhone; CPU iPhone OS 15_5 like Mac OS X) AppleWebKit/605.1.15 (KHTML, like Gecko) Version/15.5 Mobile/15E148 Safari/604.1" "-"
185.6.9.0 - - [14/Feb/2024:11:08:57 +0100] "GET / HTTP/1.1" 200 336 cronicadecadiz.com "-" "Mozilla/5.0 (iPhone; CPU iPhone OS 15_5 like Mac OS X) AppleWebKit/605.1.15 (KHTML, like Gecko) Version/15.5 Mobile/15E148 Safari/604.1" "-"
101.68.211.0 - - [14/Feb/2024:11:09:57 +0100] "GET / HTTP/1.1" 200 336 cronicadehuelva.com "-" "Mozilla/5.0 (Windows NT 6.1) AppleWebKit/537.36 (KHTML, like Gecko) Chrome/71.0.2623.112 Safari/537.36" "-"
217.76.55.0 - - [14/Feb/2024:11:11:00 +0100] "POST /wp-login.php HTTP/1.1" 200 9591 cronicareinodearagon.com "-" "Mozilla/5.0 (Windows NT 6.1) AppleWebKit/537.36 (KHTML, like Gecko) Chrome/70.0.3538.102 Safari/537.36" "-"
82.165.88.0 - - [14/Feb/2024:11:11:01 +0100] "POST /wp-cron.php?doing_wp_cron=1707905461.3519868850708007812500 HTTP/1.1" 200 - cronicareinodearagon.com "-" "WordPress/6.2.2; https://cronicareinodearagon.com" "-"
82.165.88.0 - - [14/Feb/2024:11:11:04 +0100] "POST /wp-cron.php HTTP/1.1" 200 - cronicareinodearagon.com "-" "WordPress/6.2.2; https://cronicareinodearagon.com" "-"
82.165.88.0 - - [14/Feb/2024:11:11:04 +0100] "GET / HTTP/1.1" 200 41724 cronicareinodearagon.com "-" "WordPress/6.2.2; https://cronicareinodearagon.com" "-"
82.165.88.0 - - [14/Feb/2024:11:11:04 +0100] "GET / HTTP/1.1" 200 41724 cronicareinodearagon.com "-" "WordPress/6.2.2; https://cronicareinodearagon.com" "-"
82.165.88.0 - - [14/Feb/2024:11:11:04 +0100] "GET / HTTP/1.1" 200 41724 cronicareinodearagon.com "-" "WordPress/6.2.2; https://cronicareinodearagon.com" "-"
82.165.88.0 - - [14/Feb/2024:11:11:04 +0100] "GET / HTTP/1.1" 200 41724 cronicareinodearagon.com "-" "WordPress/6.2.2; https://cronicareinodearagon.com" "-"
2405:201:2000:: - - [14/Feb/2024:11:11:10 +0100] "POST /wp-login.php HTTP/1.1" 200 9604 cronicareinodearagon.com "-" "Mozilla/5.0 (Windows NT 6.1; Win64; x64) AppleWebKit/537.36 (KHTML, like Gecko) Chrome/79.0.3945.117 Safari/537.36" "-"
128.199.16.0 - - [14/Feb/2024:11:11:28 +0100] "POST /wp-login.php HTTP/1.1" 200 9585 cronicareinodearagon.com "-" "Mozilla/5.0 (Windows NT 6.1) AppleWebKit/537.36 (KHTML, like Gecko) Chrome/56.0.2924.87 Safari/537.36" "-"
74.125.209.0 - - [14/Feb/2024:11:12:10 +0100] "GET /category/sociedad/feed/ HTTP/1.1" 200 16233 cronicareinodearagon.com "-" "FeedFetcher-Google; (+http://www.google.com/feedfetcher.html)" "-"
101.68.211.0 - - [14/Feb/2024:11:16:18 +0100] "GET / HTTP/1.1" 200 336 cronicadehuelva.com "-" "Mozilla/5.0 (Windows NT 6.1; WOW64) AppleWebKit/537.36 (KHTML, like Gecko) Chrome/63.0.3239.132 Safari/537.36 QIHU 360SE" "-"
101.68.211.0 - - [14/Feb/2024:11:16:18 +0100] "GET /favicon.ico HTTP/1.1" 404 596 cronicadehuelva.com "-" "Mozilla/5.0 (Windows NT 6.1; WOW64) AppleWebKit/537.36 (KHTML, like Gecko) Chrome/63.0.3239.132 Safari/537.36 QIHU 360SE" "-"
101.68.211.0 - - [14/Feb/2024:11:16:19 +0100] "GET /defaultsite%22%20/ HTTP/1.1" 404 596 cronicadehuelva.com "-" "Mozilla/5.0 (Windows NT 6.1; WOW64) AppleWebKit/537.36 (KHTML, like Gecko) Chrome/63.0.3239.132 Safari/537.36 QIHU 360SE" "-"
101.68.211.0 - - [14/Feb/2024:11:16:19 +0100] "GET /robots.txt HTTP/1.1" 200 188 cronicadehuelva.com "-" "Mozilla/5.0 (Windows NT 6.1; WOW64) AppleWebKit/537.36 (KHTML, like Gecko) Chrome/63.0.3239.132 Safari/537.36 QIHU 360SE" "-"
74.125.209.0 - - [14/Feb/2024:11:16:54 +0100] "GET /category/politica/feed/ HTTP/1.1" 200 18273 cronicareinodearagon.com "-" "FeedFetcher-Google; (+http://www.google.com/feedfetcher.html)" "-"
82.165.88.0 - - [14/Feb/2024:11:16:55 +0100] "POST /wp-cron.php?doing_wp_cron=1707905814.9808020591735839843750 HTTP/1.1" 200 - cronicareinodearagon.com "-" "WordPress/6.2.2; https://cronicareinodearagon.com" "-"
82.165.88.0 - - [14/Feb/2024:11:18:18 +0100] "POST /wp-cron.php?doing_wp_cron=1707905898.5643029212951660156250 HTTP/1.1" 200 - cronicareinodearagon.com "-" "WordPress/6.2.2; https://cronicareinodearagon.com" "-"
185.191.171.0 - - [14/Feb/2024:11:18:18 +0100] "GET /aragon/futbol-rfef-gibraltar-policia-sevilla-cadiz-almeria/ HTTP/1.1" 200 163465 cronicareinodearagon.com "-" "Mozilla/5.0 (compatible; SemrushBot/7~bl; +http://www.semrush.com/bot.html)" "-"
82.165.88.0 - - [14/Feb/2024:11:19:00 +0100] "POST /wp-cron.php?doing_wp_cron=1707905940.8540480136871337890625 HTTP/1.1" 200 - cronicareinodearagon.com "-" "WordPress/6.2.2; https://cronicareinodearagon.com" "-"
185.191.171.0 - - [14/Feb/2024:11:19:00 +0100] "GET /category/aragon/page/19/ HTTP/1.1" 200 147017 cronicareinodearagon.com "-" "Mozilla/5.0 (compatible; SemrushBot/7~bl; +http://www.semrush.com/bot.html)" "-"
185.191.171.0 - - [14/Feb/2024:11:19:16 +0100] "GET /aragon/lamban-psoe-aragon-reconocimiento-funcionarios/ HTTP/1.1" 200 37984 cronicareinodearagon.com "-" "Mozilla/5.0 (compatible; SemrushBot/7~bl; +http://www.semrush.com/bot.html)" "-"
54.36.148.0 - - [14/Feb/2024:11:19:35 +0100] "GET /robots.txt HTTP/1.1" 200 202 cronicareinodearagon.com "-" "Mozilla/5.0 (compatible; AhrefsBot/7.0; +http://ahrefs.com/robot/)" "-"
54.36.148.0 - - [14/Feb/2024:11:19:36 +0100] "GET /aragon/inaem-programas-experienciales-empleo-formacion/ HTTP/1.1" 200 169424 cronicareinodearagon.com "-" "Mozilla/5.0 (compatible; AhrefsBot/7.0; +http://ahrefs.com/robot/)" "-"
74.125.209.0 - - [14/Feb/2024:11:24:35 +0100] "GET /category/sociedad/feed/ HTTP/1.1" 200 16233 cronicareinodearagon.com "-" "FeedFetcher-Google; (+http://www.google.com/feedfetcher.html)" "-"
128.199.163.0 - - [14/Feb/2024:11:25:50 +0100] "GET /wp-content/themes/twentyfive/include.php HTTP/1.1" 301 281 cronicareinodearagon.com "-" "Mozlila/5.0 (Linux; Android 7.0; SM-G892A Bulid/NRD90M; wv) AppleWebKit/537.36 (KHTML, like Gecko) Version/4.0 Chrome/60.0.3112.107 Moblie Safari/537.36" "-"
82.165.88.0 - - [14/Feb/2024:11:25:53 +0100] "POST /wp-cron.php?doing_wp_cron=1707906353.4531359672546386718750 HTTP/1.1" 200 - cronicareinodearagon.com "-" "WordPress/6.2.2; https://cronicareinodearagon.com" "-"
128.199.163.0 - - [14/Feb/2024:11:25:53 +0100] "GET /wp-content/themes/twentyfive/include.php HTTP/1.1" 404 144962 cronicareinodearagon.com "-" "Mozlila/5.0 (Linux; Android 7.0; SM-G892A Bulid/NRD90M; wv) AppleWebKit/537.36 (KHTML, like Gecko) Version/4.0 Chrome/60.0.3112.107 Moblie Safari/537.36" "-"
82.165.88.0 - - [14/Feb/2024:11:27:22 +0100] "POST /wp-cron.php?doing_wp_cron=1707906442.8362851142883300781250 HTTP/1.1" 200 - cronicareinodearagon.com "-" "WordPress/6.2.2; https://cronicareinodearagon.com" "-"
85.208.96.0 - - [14/Feb/2024:11:27:22 +0100] "GET /aragon/estudio-bacteria-aguacate-malaga/ HTTP/1.1" 200 167037 cronicareinodearagon.com "-" "Mozilla/5.0 (compatible; SemrushBot/7~bl; +http://www.semrush.com/bot.html)" "-"
85.208.96.0 - - [14/Feb/2024:11:29:41 +0100] "GET /politica/lola-ranera-abandono-barrios-zaragoza-pp/ HTTP/1.1" 200 169968 cronicareinodearagon.com "-" "Mozilla/5.0 (compatible; SemrushBot/7~bl; +http://www.semrush.com/bot.html)" "-"
82.165.88.0 - - [14/Feb/2024:11:29:42 +0100] "POST /wp-cron.php?doing_wp_cron=1707906582.1410040855407714843750 HTTP/1.1" 200 - cronicareinodearagon.com "-" "WordPress/6.2.2; https://cronicareinodearagon.com" "-"
74.125.209.0 - - [14/Feb/2024:11:31:42 +0100] "GET /category/educacion/feed/ HTTP/1.1" 200 16487 cronicareinodearagon.com "-" "FeedFetcher-Google; (+http://www.google.com/feedfetcher.html)" "-"
82.165.88.0 - - [14/Feb/2024:11:32:00 +0100] "POST /wp-cron.php?doing_wp_cron=1707906720.4687368869781494140625 HTTP/1.1" 200 - cronicareinodearagon.com "-" "WordPress/6.2.2; https://cronicareinodearagon.com" "-"
184.168.126.0 - - [14/Feb/2024:11:32:00 +0100] "POST /wp-login.php HTTP/1.1" 200 9612 cronicareinodearagon.com "-" "Mozilla/5.0 (Windows NT 6.1) AppleWebKit/537.36 (KHTML, like Gecko) Chrome/56.0.2924.87 Safari/537.36" "-"
85.208.96.0 - - [14/Feb/2024:11:33:41 +0100] "GET /aragon/teltronic-viaja-al-ccw-donde-mostrara-sus-soluciones-banda-ancha-y-mcx/ HTTP/1.1" 200 163555 cronicareinodearagon.com "-" "Mozilla/5.0 (compatible; SemrushBot/7~bl; +http://www.semrush.com/bot.html)" "-"
82.165.88.0 - - [14/Feb/2024:11:33:42 +0100] "POST /wp-cron.php?doing_wp_cron=1707906822.2413969039916992187500 HTTP/1.1" 200 - cronicareinodearagon.com "-" "WordPress/6.2.2; https://cronicareinodearagon.com" "-"
54.37.156.0 - - [14/Feb/2024:11:34:09 +0100] "POST /wp-login.php HTTP/1.1" 200 9608 cronicareinodearagon.com "-" "Mozilla/5.0 (Windows NT 6.1) AppleWebKit/537.36 (KHTML, like Gecko) Chrome/62.0.3202.94 Safari/537.36" "-"
82.165.88.0 - - [14/Feb/2024:11:34:10 +0100] "POST /wp-cron.php?doing_wp_cron=1707906850.1362619400024414062500 HTTP/1.1" 200 - cronicareinodearagon.com "-" "WordPress/6.2.2; https://cronicareinodearagon.com" "-"
82.165.88.0 - - [14/Feb/2024:11:34:49 +0100] "POST /wp-cron.php?doing_wp_cron=1707906889.6987509727478027343750 HTTP/1.1" 200 - cronicareinodearagon.com "-" "WordPress/6.2.2; https://cronicareinodearagon.com" "-"
202.172.26.0 - - [14/Feb/2024:11:34:49 +0100] "POST /wp-login.php HTTP/1.1" 200 9614 cronicareinodearagon.com "-" "Mozilla/5.0 (Windows NT 6.1) AppleWebKit/537.36 (KHTML, like Gecko) Chrome/65.0.3325.181 Safari/537.36" "-"
82.165.88.0 - - [14/Feb/2024:11:38:43 +0100] "POST /wp-cron.php?doing_wp_cron=1707907123.8872089385986328125000 HTTP/1.1" 200 - cronicareinodearagon.com "-" "WordPress/6.2.2; https://cronicareinodearagon.com" "-"
35.208.17.0 - - [14/Feb/2024:11:38:43 +0100] "POST /wp-login.php HTTP/1.1" 200 9580 cronicareinodearagon.com "-" "Mozilla/5.0 (Windows NT 6.1; WOW64) AppleWebKit/537.36 (KHTML, like Gecko) Chrome/48.0.2564.116 Safari/537.36" "-"
111.230.202.0 - - [14/Feb/2024:11:39:13 +0100] "POST /wp-login.php HTTP/1.1" 200 9620 cronicareinodearagon.com "-" "Mozilla/5.0 (Windows NT 6.3; Win64; x64) AppleWebKit/537.36 (KHTML, like Gecko) Chrome/62.0.3202.94 Safari/537.36" "-"
93.100.145.0 - - [14/Feb/2024:11:39:26 +0100] "GET / HTTP/1.1" 200 336 cronicadeextremadura.com "http://cronicadeextremadura.com/" "Mozilla/5.0 (Windows NT 6.3; Win64; x64) AppleWebKit/537.36 (KHTML, like Gecko) Chrome/113.0.0.0 Safari/537.36" "-"
93.100.145.0 - - [14/Feb/2024:11:39:26 +0100] "GET /defaultsite HTTP/1.1" 200 18994 cronicadeextremadura.com "http://cronicadeextremadura.com/defaultsite" "Mozilla/5.0 (Windows NT 6.3; Win64; x64) AppleWebKit/537.36 (KHTML, like Gecko) Chrome/113.0.0.0 Safari/537.36" "-"
82.165.88.0 - - [14/Feb/2024:11:39:54 +0100] "POST /wp-cron.php?doing_wp_cron=1707907194.7877950668334960937500 HTTP/1.1" 200 - cronicareinodearagon.com "-" "WordPress/6.2.2; https://cronicareinodearagon.com" "-"
185.191.171.0 - - [14/Feb/2024:11:39:54 +0100] "GET /category/aragon/page/8/ HTTP/1.1" 200 147593 cronicareinodearagon.com "-" "Mozilla/5.0 (compatible; SemrushBot/7~bl; +http://www.semrush.com/bot.html)" "-"
5.188.62.0 - - [14/Feb/2024:11:41:01 +0100] "GET /xmlrpc.php HTTP/1.1" 405 42 cronicareinodearagon.com "-" "Mozilla/5.0 (Windows NT 6.1; WOW64) AppleWebKit/537.36 (KHTML, like Gecko) Chrome/99.0.4844.84 Safari/537.36" "-"
82.165.88.0 - - [14/Feb/2024:11:41:02 +0100] "POST /wp-cron.php?doing_wp_cron=1707907262.2051360607147216796875 HTTP/1.1" 200 - cronicareinodearagon.com "-" "WordPress/6.2.2; https://cronicareinodearagon.com" "-"
5.188.62.0 - - [14/Feb/2024:11:41:05 +0100] "GET /xmlrpc.php HTTP/1.1" 405 42 cronicareinodearagon.com "-" "Mozilla/5.0 (Windows NT 10.0; Win64; x64) AppleWebKit/537.36 (KHTML, like Gecko) Chrome/100.0.4758.11 Safari/537.36" "-"
5.188.62.0 - - [14/Feb/2024:11:41:06 +0100] "GET /xmlrpc.php HTTP/1.1" 405 42 cronicareinodearagon.com "-" "Mozilla/5.0 (Windows NT 6.1; WOW64) AppleWebKit/537.36 (KHTML, like Gecko) Chrome/99.0.4844.84 Safari/537.36" "-"
5.188.62.0 - - [14/Feb/2024:11:41:07 +0100] "GET /xmlrpc.php HTTP/1.1" 405 42 cronicareinodearagon.com "-" "Mozilla/5.0 (Windows NT 6.1; WOW64) AppleWebKit/537.36 (KHTML, like Gecko) Chrome/100.0.4896.127 Safari/537.36" "-"
5.188.62.0 - - [14/Feb/2024:11:41:08 +0100] "GET /xmlrpc.php HTTP/1.1" 405 42 cronicareinodearagon.com "-" "Mozilla/5.0 (Windows NT 10.0; Win64; x64) AppleWebKit/537.36 (KHTML, like Gecko) Chrome/101.0.4951.67 Safari/537.36" "-"
5.188.62.0 - - [14/Feb/2024:11:41:09 +0100] "GET /xmlrpc.php HTTP/1.1" 405 42 cronicareinodearagon.com "-" "Mozilla/5.0 (Windows NT 10.0; Win64; x64) AppleWebKit/537.36 (KHTML, like Gecko) Chrome/100.0.4895.86 Safari/537.36" "-"
5.188.62.0 - - [14/Feb/2024:11:41:11 +0100] "GET /xmlrpc.php HTTP/1.1" 403 775 cronicareinodearagon.com "-" "Mozilla/5.0 (Windows NT 10.0; Win64; x64) AppleWebKit/537.36 (KHTML, like Gecko) Chrome/100.0.4896.127 Safari/537.36" "-"
5.188.62.0 - - [14/Feb/2024:11:41:13 +0100] "GET /xmlrpc.php HTTP/1.1" 403 775 cronicareinodearagon.com "-" "Mozilla/5.0 (Windows NT 6.1; WOW64) AppleWebKit/537.36 (KHTML, like Gecko) Chrome/101.0.4951.67 Safari/537.36" "-"
5.188.62.0 - - [14/Feb/2024:11:41:16 +0100] "POST /xmlrpc.php HTTP/1.1" 403 775 cronicareinodearagon.com "-" "Mozilla/5.0 (Windows NT 6.1; WOW64) AppleWebKit/537.36 (KHTML, like Gecko) Chrome/100.0.4896.127 Safari/537.36" "-"
5.188.62.0 - - [14/Feb/2024:11:41:17 +0100] "POST /xmlrpc.php HTTP/1.1" 403 775 cronicareinodearagon.com "-" "Mozilla/5.0 (Windows NT 10.0; Win64; x64) AppleWebKit/537.36 (KHTML, like Gecko) Chrome/101.0.4951.67 Safari/537.36" "-"
5.188.62.0 - - [14/Feb/2024:11:41:25 +0100] "GET /xmlrpc.php HTTP/1.1" 403 775 cronicareinodearagon.com "-" "Mozilla/5.0 (Windows NT 10.0; Win64; x64) AppleWebKit/537.36 (KHTML, like Gecko) Chrome/100.0.4895.86 Safari/537.36" "-"
82.165.88.0 - - [14/Feb/2024:11:42:40 +0100] "POST /wp-cron.php?doing_wp_cron=1707907360.8477590084075927734375 HTTP/1.1" 200 - cronicareinodearagon.com "-" "WordPress/6.2.2; https://cronicareinodearagon.com" "-"
85.208.96.0 - - [14/Feb/2024:11:42:40 +0100] "GET /robots.txt HTTP/1.1" 200 202 cronicareinodearagon.com "-" "Mozilla/5.0 (compatible; SemrushBot/7~bl; +http://www.semrush.com/bot.html)" "-"
85.208.96.0 - - [14/Feb/2024:11:42:41 +0100] "GET /sociedad/fin-obras-carretera-mara-orera/ HTTP/1.1" 200 159032 cronicareinodearagon.com "-" "Mozilla/5.0 (compatible; SemrushBot/7~bl; +http://www.semrush.com/bot.html)" "-"
82.165.88.0 - - [14/Feb/2024:11:42:42 +0100] "POST /wp-cron.php?doing_wp_cron=1707907362.2276790142059326171875 HTTP/1.1" 200 - cronicareinodearagon.com "-" "WordPress/6.2.2; https://cronicareinodearagon.com" "-"
82.165.88.0 - - [14/Feb/2024:11:43:53 +0100] "POST /wp-cron.php?doing_wp_cron=1707907433.5041089057922363281250 HTTP/1.1" 200 - cronicareinodearagon.com "-" "WordPress/6.2.2; https://cronicareinodearagon.com" "-"
167.71.210.0 - - [14/Feb/2024:11:43:53 +0100] "POST /wp-login.php HTTP/1.1" 200 9612 cronicareinodearagon.com "-" "Mozilla/5.0 (Windows NT 6.1) AppleWebKit/537.36 (KHTML, like Gecko) Chrome/61.0.3163.100 Safari/537.36" "-"
82.165.88.0 - - [14/Feb/2024:11:46:12 +0100] "POST /wp-cron.php?doing_wp_cron=1707907572.5024549961090087890625 HTTP/1.1" 200 - cronicareinodearagon.com "-" "WordPress/6.2.2; https://cronicareinodearagon.com" "-"
207.180.246.0 - - [14/Feb/2024:11:46:12 +0100] "POST /wp-login.php HTTP/1.1" 200 180 cronicareinodearagon.com "-" "Mozilla/5.0 (Windows NT 6.1; Win64; x64) AppleWebKit/537.36 (KHTML, like Gecko) Chrome/80.0.3987.106 Safari/537.36" "-"
51.89.153.0 - - [14/Feb/2024:11:46:34 +0100] "POST /wp-login.php HTTP/1.1" 200 9614 cronicareinodearagon.com "-" "Mozilla/5.0 (Windows NT 6.1) AppleWebKit/537.36 (KHTML, like Gecko) Chrome/63.0.3239.84 Safari/537.36" "-"
82.165.88.0 - - [14/Feb/2024:11:46:58 +0100] "POST /wp-cron.php?doing_wp_cron=1707907618.8722839355468750000000 HTTP/1.1" 200 - cronicareinodearagon.com "-" "WordPress/6.2.2; https://cronicareinodearagon.com" "-"
139.180.140.0 - - [14/Feb/2024:11:46:58 +0100] "POST /wp-login.php HTTP/1.1" 200 9604 cronicareinodearagon.com "-" "Mozilla/5.0 (Windows NT 6.1; Win64; x64) AppleWebKit/537.36 (KHTML, like Gecko) Chrome/60.0.3112.113 Safari/537.36" "-"
85.208.96.0 - - [14/Feb/2024:11:50:04 +0100] "GET /aragon/andalucia-voto-estadisticas-votantes-elecciones-junio/ HTTP/1.1" 200 160001 cronicareinodearagon.com "-" "Mozilla/5.0 (compatible; SemrushBot/7~bl; +http://www.semrush.com/bot.html)" "-"
82.165.88.0 - - [14/Feb/2024:11:50:05 +0100] "POST /wp-cron.php?doing_wp_cron=1707907805.1769890785217285156250 HTTP/1.1" 200 - cronicareinodearagon.com "-" "WordPress/6.2.2; https://cronicareinodearagon.com" "-"
82.165.88.0 - - [14/Feb/2024:11:51:04 +0100] "POST /wp-cron.php?doing_wp_cron=1707907864.8012080192565917968750 HTTP/1.1" 200 - cronicareinodearagon.com "-" "WordPress/6.2.2; https://cronicareinodearagon.com" "-"
101.33.210.0 - - [14/Feb/2024:11:51:04 +0100] "POST /wp-login.php HTTP/1.1" 200 9620 cronicareinodearagon.com "-" "Mozilla/5.0 (Windows NT 10.0; WOW64) AppleWebKit/537.36 (KHTML, like Gecko) Chrome/56.0.2924.87 Safari/537.36" "-"
185.191.171.0 - - [14/Feb/2024:11:54:14 +0100] "GET /aragon/renfe-andalucia-madrid-puente-diciembre/ HTTP/1.1" 200 33367 cronicareinodearagon.com "-" "Mozilla/5.0 (compatible; SemrushBot/7~bl; +http://www.semrush.com/bot.html)" "-"
82.165.88.0 - - [14/Feb/2024:11:54:15 +0100] "POST /wp-cron.php?doing_wp_cron=1707908055.0853829383850097656250 HTTP/1.1" 200 - cronicareinodearagon.com "-" "WordPress/6.2.2; https://cronicareinodearagon.com" "-"
185.191.171.0 - - [14/Feb/2024:11:54:36 +0100] "GET /aragon/tasa-inflacion-abril-aragon/ HTTP/1.1" 200 36096 cronicareinodearagon.com "-" "Mozilla/5.0 (compatible; SemrushBot/7~bl; +http://www.semrush.com/bot.html)" "-"
99.192.222.0 - - [14/Feb/2024:11:54:46 +0100] "GET /wp-content/themes/bricks/style.css HTTP/1.1" 301 275 cronicareinodearagon.com "cronicareinodearagon.com" "Mozilla/5.0 (Windows NT 6.1; Win64; x64) AppleWebKit/537.36 (KHTML, like Gecko) Chrome/242.02.8301.120 Safari/537.36" "-"
82.165.88.0 - - [14/Feb/2024:11:54:47 +0100] "POST /wp-cron.php?doing_wp_cron=1707908087.3543169498443603515625 HTTP/1.1" 200 - cronicareinodearagon.com "-" "WordPress/6.2.2; https://cronicareinodearagon.com" "-"
99.192.222.0 - - [14/Feb/2024:11:54:47 +0100] "GET /wp-content/themes/bricks/style.css HTTP/1.1" 404 144910 cronicareinodearagon.com "cronicareinodearagon.com" "Mozilla/5.0 (Windows NT 6.1; Win64; x64) AppleWebKit/537.36 (KHTML, like Gecko) Chrome/242.02.8301.120 Safari/537.36" "-"
92.63.206.0 - - [14/Feb/2024:11:55:35 +0100] "POST /wp-login.php HTTP/1.1" 200 9612 cronicareinodearagon.com "-" "Mozilla/5.0 (Windows NT 5.1) AppleWebKit/537.36 (KHTML, like Gecko) Chrome/47.0.2526.106 Safari/537.36" "-"
82.165.88.0 - - [14/Feb/2024:11:59:48 +0100] "POST /wp-cron.php?doing_wp_cron=1707908388.7958939075469970703125 HTTP/1.1" 200 - cronicareinodearagon.com "-" "WordPress/6.2.2; https://cronicareinodearagon.com" "-"
74.125.209.0 - - [14/Feb/2024:11:59:48 +0100] "GET /category/sociedad/feed/ HTTP/1.1" 200 16233 cronicareinodearagon.com "-" "FeedFetcher-Google; (+http://www.google.com/feedfetcher.html)" "-"
54.36.149.0 - - [14/Feb/2024:12:00:02 +0100] "GET /aragon/grupo-jorge-ampliacion-produccion-pienso/ HTTP/1.1" 200 33464 cronicareinodearagon.com "-" "Mozilla/5.0 (compatible; AhrefsBot/7.0; +http://ahrefs.com/robot/)" "-"
54.36.148.0 - - [14/Feb/2024:12:00:04 +0100] "GET /wp-content/uploads/2023/05/grupo-jorge.jpg HTTP/1.1" 200 40206 cronicareinodearagon.com "-" "Mozilla/5.0 (compatible; AhrefsBot/7.0; +http://ahrefs.com/robot/)" "-"
2001:4ba0:ca00:: - - [14/Feb/2024:12:02:37 +0100] "GET / HTTP/1.1" 200 336 cronicadehuelva.com "-" "Mozilla/5.0 (Windows NT 10.0; Win64; x64) AppleWebKit/537.36 (KHTML, like Gecko) Chrome/91.0.4472.114 Safari/537.36 Edg/91.0.864.54" "-"
82.165.88.0 - - [14/Feb/2024:12:03:06 +0100] "POST /wp-cron.php?doing_wp_cron=1707908586.3299520015716552734375 HTTP/1.1" 200 - cronicareinodearagon.com "-" "WordPress/6.2.2; https://cronicareinodearagon.com" "-"
85.208.96.0 - - [14/Feb/2024:12:03:06 +0100] "GET /aragon/psoe-aragon-mentiras-azcon/ HTTP/1.1" 200 36432 cronicareinodearagon.com "-" "Mozilla/5.0 (compatible; SemrushBot/7~bl; +http://www.semrush.com/bot.html)" "-"
14.99.153.0 - - [14/Feb/2024:12:03:09 +0100] "POST /wp-login.php HTTP/1.1" 200 9620 cronicareinodearagon.com "-" "Mozilla/5.0 (Windows NT 10.0; Win64; x64) AppleWebKit/537.36 (KHTML, like Gecko) Chrome/78.0.3904.70 Safari/537.36" "-"
82.165.88.0 - - [14/Feb/2024:12:04:16 +0100] "POST /wp-cron.php?doing_wp_cron=1707908656.6534268856048583984375 HTTP/1.1" 200 - cronicareinodearagon.com "-" "WordPress/6.2.2; https://cronicareinodearagon.com" "-"
54.36.148.0 - - [14/Feb/2024:12:04:16 +0100] "GET /andalucia/sevilla/agencia-espanola-espacio-sede/ HTTP/1.1" 301 - cronicareinodearagon.com "-" "Mozilla/5.0 (compatible; AhrefsBot/7.0; +http://ahrefs.com/robot/)" "-"
82.165.88.0 - - [14/Feb/2024:12:07:42 +0100] "POST /wp-cron.php?doing_wp_cron=1707908862.3066871166229248046875 HTTP/1.1" 200 - cronicareinodearagon.com "-" "WordPress/6.2.2; https://cronicareinodearagon.com" "-"
121.122.87.0 - - [14/Feb/2024:12:07:42 +0100] "POST /wp-login.php HTTP/1.1" 200 9612 cronicareinodearagon.com "-" "Mozilla/5.0 (Windows NT 6.1; WOW64) AppleWebKit/537.36 (KHTML, like Gecko) Chrome/41.0.2272.101 Safari/537.36" "-"
185.191.171.0 - - [14/Feb/2024:12:08:04 +0100] "GET /aragon/sexta-ola-salvese-quien-pueda-andalucia/ HTTP/1.1" 200 37516 cronicareinodearagon.com "-" "Mozilla/5.0 (compatible; SemrushBot/7~bl; +http://www.semrush.com/bot.html)" "-"
82.165.88.0 - - [14/Feb/2024:12:09:53 +0100] "POST /wp-cron.php?doing_wp_cron=1707908993.9174818992614746093750 HTTP/1.1" 200 - cronicareinodearagon.com "-" "WordPress/6.2.2; https://cronicareinodearagon.com" "-"
146.190.217.0 - - [14/Feb/2024:12:09:53 +0100] "POST /wp-login.php HTTP/1.1" 200 9608 cronicareinodearagon.com "-" "Mozilla/5.0 (Windows NT 10.0; Win64; x64) AppleWebKit/537.36 (KHTML, like Gecko) Chrome/60.0.3112.101 Safari/537.36" "-"
82.165.88.0 - - [14/Feb/2024:12:10:49 +0100] "POST /wp-cron.php?doing_wp_cron=1707909049.6408050060272216796875 HTTP/1.1" 200 - cronicareinodearagon.com "-" "WordPress/6.2.2; https://cronicareinodearagon.com" "-"
35.204.172.0 - - [14/Feb/2024:12:10:49 +0100] "POST /wp-login.php HTTP/1.1" 200 9604 cronicareinodearagon.com "-" "Mozilla/5.0 (Windows NT 6.1; Win64; x64) AppleWebKit/537.36 (KHTML, like Gecko) Chrome/55.0.2883.87 Safari/537.36" "-"
82.165.88.0 - - [14/Feb/2024:12:11:41 +0100] "POST /wp-cron.php?doing_wp_cron=1707909101.4015541076660156250000 HTTP/1.1" 200 - cronicareinodearagon.com "-" "WordPress/6.2.2; https://cronicareinodearagon.com" "-"
185.191.171.0 - - [14/Feb/2024:12:11:41 +0100] "GET /aragon/las-obras-de-la-nueva-residencia-de-mayores-en-agon-encaran-su-recta-final/ HTTP/1.1" 200 35036 cronicareinodearagon.com "-" "Mozilla/5.0 (compatible; SemrushBot/7~bl; +http://www.semrush.com/bot.html)" "-"
173.249.52.0 - - [14/Feb/2024:12:12:05 +0100] "GET /wp-content/themes/seotheme/db.php?u HTTP/1.1" 301 276 cronicareinodearagon.com "-" "Mozlila/5.0 (Linux; Android 7.0; SM-G892A Bulid/NRD90M; wv) AppleWebKit/537.36 (KHTML, like Gecko) Version/4.0 Chrome/60.0.3112.107 Moblie Safari/537.36" "-"
82.165.88.0 - - [14/Feb/2024:12:12:07 +0100] "POST /wp-cron.php?doing_wp_cron=1707909127.6030499935150146484375 HTTP/1.1" 200 - cronicareinodearagon.com "-" "WordPress/6.2.2; https://cronicareinodearagon.com" "-"
173.249.52.0 - - [14/Feb/2024:12:12:07 +0100] "GET /wp-content/themes/seotheme/db.php?u HTTP/1.1" 404 144941 cronicareinodearagon.com "-" "Mozlila/5.0 (Linux; Android 7.0; SM-G892A Bulid/NRD90M; wv) AppleWebKit/537.36 (KHTML, like Gecko) Version/4.0 Chrome/60.0.3112.107 Moblie Safari/537.36" "-"
173.249.52.0 - - [14/Feb/2024:12:12:26 +0100] "GET /wp-content/themes/pridmag/db.php?u HTTP/1.1" 301 275 cronicareinodearagon.com "-" "Mozlila/5.0 (Linux; Android 7.0; SM-G892A Bulid/NRD90M; wv) AppleWebKit/537.36 (KHTML, like Gecko) Version/4.0 Chrome/60.0.3112.107 Moblie Safari/537.36" "-"
173.249.52.0 - - [14/Feb/2024:12:12:28 +0100] "GET /wp-content/themes/pridmag/db.php?u HTTP/1.1" 404 144938 cronicareinodearagon.com "-" "Mozlila/5.0 (Linux; Android 7.0; SM-G892A Bulid/NRD90M; wv) AppleWebKit/537.36 (KHTML, like Gecko) Version/4.0 Chrome/60.0.3112.107 Moblie Safari/537.36" "-"
173.249.52.0 - - [14/Feb/2024:12:12:45 +0100] "GET /wp-content/plugins/linkpreview/db.php?u HTTP/1.1" 301 280 cronicareinodearagon.com "-" "Mozlila/5.0 (Linux; Android 7.0; SM-G892A Bulid/NRD90M; wv) AppleWebKit/537.36 (KHTML, like Gecko) Version/4.0 Chrome/60.0.3112.107 Moblie Safari/537.36" "-"
82.165.88.0 - - [14/Feb/2024:12:12:48 +0100] "POST /wp-cron.php?doing_wp_cron=1707909168.3370618820190429687500 HTTP/1.1" 200 - cronicareinodearagon.com "-" "WordPress/6.2.2; https://cronicareinodearagon.com" "-"
173.249.52.0 - - [14/Feb/2024:12:12:48 +0100] "GET /wp-content/plugins/linkpreview/db.php?u HTTP/1.1" 404 144953 cronicareinodearagon.com "-" "Mozlila/5.0 (Linux; Android 7.0; SM-G892A Bulid/NRD90M; wv) AppleWebKit/537.36 (KHTML, like Gecko) Version/4.0 Chrome/60.0.3112.107 Moblie Safari/537.36" "-"
173.249.52.0 - - [14/Feb/2024:12:13:13 +0100] "GET /wp-content/themes/gaukingo/db.php?u HTTP/1.1" 301 276 cronicareinodearagon.com "-" "Mozlila/5.0 (Linux; Android 7.0; SM-G892A Bulid/NRD90M; wv) AppleWebKit/537.36 (KHTML, like Gecko) Version/4.0 Chrome/60.0.3112.107 Moblie Safari/537.36" "-"
173.249.52.0 - - [14/Feb/2024:12:13:16 +0100] "GET /wp-content/themes/gaukingo/db.php?u HTTP/1.1" 404 144941 cronicareinodearagon.com "-" "Mozlila/5.0 (Linux; Android 7.0; SM-G892A Bulid/NRD90M; wv) AppleWebKit/537.36 (KHTML, like Gecko) Version/4.0 Chrome/60.0.3112.107 Moblie Safari/537.36" "-"
173.249.52.0 - - [14/Feb/2024:12:13:32 +0100] "GET /wp-content/plugins/seoplugins/db.php?u HTTP/1.1" 301 279 cronicareinodearagon.com "-" "Mozlila/5.0 (Linux; Android 7.0; SM-G892A Bulid/NRD90M; wv) AppleWebKit/537.36 (KHTML, like Gecko) Version/4.0 Chrome/60.0.3112.107 Moblie Safari/537.36" "-"
173.249.52.0 - - [14/Feb/2024:12:13:34 +0100] "GET /wp-content/plugins/seoplugins/db.php?u HTTP/1.1" 404 144950 cronicareinodearagon.com "-" "Mozlila/5.0 (Linux; Android 7.0; SM-G892A Bulid/NRD90M; wv) AppleWebKit/537.36 (KHTML, like Gecko) Version/4.0 Chrome/60.0.3112.107 Moblie Safari/537.36" "-"
185.191.171.0 - - [14/Feb/2024:12:14:53 +0100] "GET /aragon/agresion-trabajadores-hospital-valme/ HTTP/1.1" 200 37193 cronicareinodearagon.com "-" "Mozilla/5.0 (compatible; SemrushBot/7~bl; +http://www.semrush.com/bot.html)" "-"
82.165.88.0 - - [14/Feb/2024:12:14:54 +0100] "POST /wp-cron.php?doing_wp_cron=1707909294.0561149120330810546875 HTTP/1.1" 200 - cronicareinodearagon.com "-" "WordPress/6.2.2; https://cronicareinodearagon.com" "-"
39.105.205.0 - - [14/Feb/2024:12:15:05 +0100] "POST /wp-login.php HTTP/1.1" 200 9620 cronicareinodearagon.com "-" "Mozilla/5.0 (Windows NT 10.0; Win64; x64) AppleWebKit/537.36 (KHTML, like Gecko) Chrome/86.0.4240.193 Safari/537.36" "-"
78.153.140.0 - - [14/Feb/2024:12:17:15 +0100] "GET /.env HTTP/1.1" 300 492 cronicadesevilla.com "-" "Mozilla/5.0 (X11; Linux x86_64) AppleWebKit/537.36 (KHTML, like Gecko) Chrome/81.0.4044.129 Safari/537.36" "-"
78.153.140.0 - - [14/Feb/2024:12:17:15 +0100] "GET /.env HTTP/1.1" 300 492 cronicadesevilla.com "-" "Mozilla/5.0 (X11; Linux x86_64) AppleWebKit/537.36 (KHTML, like Gecko) Chrome/81.0.4044.129 Safari/537.36" "-"
78.153.140.0 - - [14/Feb/2024:12:17:15 +0100] "GET /.env HTTP/1.1" 300 492 www.cronicadesevilla.com "-" "Mozilla/5.0 (X11; Linux x86_64) AppleWebKit/537.36 (KHTML, like Gecko) Chrome/81.0.4044.129 Safari/537.36" "-"
78.153.140.0 - - [14/Feb/2024:12:17:18 +0100] "GET /.env HTTP/1.1" 300 492 www.cronicadesevilla.com "-" "Mozilla/5.0 (X11; Linux x86_64) AppleWebKit/537.36 (KHTML, like Gecko) Chrome/81.0.4044.129 Safari/537.36" "-"
78.153.140.0 - - [14/Feb/2024:12:17:18 +0100] "POST /.env HTTP/1.1" 404 596 www.cronicadesevilla.com "-" "Mozilla/5.0 (X11; Linux x86_64) AppleWebKit/537.36 (KHTML, like Gecko) Chrome/81.0.4044.129 Safari/537.36" "-"
78.153.140.0 - - [14/Feb/2024:12:17:21 +0100] "POST /.env HTTP/1.1" 404 596 cronicadesevilla.com "-" "Mozilla/5.0 (X11; Linux x86_64) AppleWebKit/537.36 (KHTML, like Gecko) Chrome/81.0.4044.129 Safari/537.36" "-"
78.153.140.0 - - [14/Feb/2024:12:17:27 +0100] "POST /.env HTTP/1.1" 404 596 www.cronicadesevilla.com "-" "Mozilla/5.0 (X11; Linux x86_64) AppleWebKit/537.36 (KHTML, like Gecko) Chrome/81.0.4044.129 Safari/537.36" "-"
82.165.88.0 - - [14/Feb/2024:12:19:35 +0100] "POST /wp-cron.php?doing_wp_cron=1707909575.3924770355224609375000 HTTP/1.1" 200 - cronicareinodearagon.com "-" "WordPress/6.2.2; https://cronicareinodearagon.com" "-"
128.199.16.0 - - [14/Feb/2024:12:19:35 +0100] "POST /wp-login.php HTTP/1.1" 200 9612 cronicareinodearagon.com "-" "Mozilla/5.0 (Windows NT 6.3; Win64; x64) AppleWebKit/537.36 (KHTML, like Gecko) Chrome/68.0.3440.106 Safari/537.36" "-"
185.191.171.0 - - [14/Feb/2024:12:19:36 +0100] "GET /politica/lamban-psoe-aragon-vivienda-alquiler-asequible/ HTTP/1.1" 200 36720 cronicareinodearagon.com "-" "Mozilla/5.0 (compatible; SemrushBot/7~bl; +http://www.semrush.com/bot.html)" "-"
54.38.85.0 - - [14/Feb/2024:12:21:08 +0100] "POST /xmlrpc.php HTTP/1.1" 200 416 cronicareinodearagon.com "-" "Mozilla/5.0 (Windows NT 10.0; Win64; x64; rv:50.0) Gecko/20100101 Firefox/50.0" "-"
82.165.88.0 - - [14/Feb/2024:12:21:09 +0100] "POST /wp-cron.php?doing_wp_cron=1707909669.1065680980682373046875 HTTP/1.1" 200 - cronicareinodearagon.com "-" "WordPress/6.2.2; https://cronicareinodearagon.com" "-"
82.165.88.0 - - [14/Feb/2024:12:22:24 +0100] "POST /wp-cron.php?doing_wp_cron=1707909744.7717161178588867187500 HTTP/1.1" 200 - cronicareinodearagon.com "-" "WordPress/6.2.2; https://cronicareinodearagon.com" "-"
2a02:214d:: - - [14/Feb/2024:12:22:24 +0100] "POST /wp-login.php HTTP/1.1" 200 9614 cronicareinodearagon.com "-" "Mozilla/5.0 (Windows NT 6.1; WOW64) AppleWebKit/537.36 (KHTML, like Gecko) Chrome/51.0.2704.106 Safari/537.36" "-"
82.165.88.0 - - [14/Feb/2024:12:24:41 +0100] "POST /wp-cron.php?doing_wp_cron=1707909881.8827691078186035156250 HTTP/1.1" 200 - cronicareinodearagon.com "-" "WordPress/6.2.2; https://cronicareinodearagon.com" "-"
185.191.171.0 - - [14/Feb/2024:12:24:41 +0100] "GET /politica/psoe-alto-aragon-enfermeria/ HTTP/1.1" 200 34174 cronicareinodearagon.com "-" "Mozilla/5.0 (compatible; SemrushBot/7~bl; +http://www.semrush.com/bot.html)" "-"
82.165.88.0 - - [14/Feb/2024:12:25:43 +0100] "POST /wp-cron.php?doing_wp_cron=1707909943.6530680656433105468750 HTTP/1.1" 200 - cronicareinodearagon.com "-" "WordPress/6.2.2; https://cronicareinodearagon.com" "-"
54.36.148.0 - - [14/Feb/2024:12:25:43 +0100] "GET /opinion/analisis-juridico-voto-discrepante-absolucion-grinan/ HTTP/1.1" 200 47406 cronicareinodearagon.com "-" "Mozilla/5.0 (compatible; AhrefsBot/7.0; +http://ahrefs.com/robot/)" "-"
178.32.110.0 - - [14/Feb/2024:12:26:22 +0100] "POST /wp-login.php HTTP/1.1" 200 9580 cronicareinodearagon.com "-" "Mozilla/5.0 (Windows NT 6.1) AppleWebKit/537.36 (KHTML, like Gecko) Chrome/70.0.3538.77 Safari/537.36" "-"
82.165.88.0 - - [14/Feb/2024:12:26:23 +0100] "POST /wp-cron.php?doing_wp_cron=1707909983.2613239288330078125000 HTTP/1.1" 200 - cronicareinodearagon.com "-" "WordPress/6.2.2; https://cronicareinodearagon.com" "-"
82.165.88.0 - - [14/Feb/2024:12:26:55 +0100] "POST /wp-cron.php?doing_wp_cron=1707910015.6391639709472656250000 HTTP/1.1" 200 - cronicareinodearagon.com "-" "WordPress/6.2.2; https://cronicareinodearagon.com" "-"
80.77.24.0 - - [14/Feb/2024:12:26:55 +0100] "POST /wp-login.php HTTP/1.1" 200 9620 cronicareinodearagon.com "-" "Mozilla/5.0 (Windows NT 6.1; WOW64) AppleWebKit/537.36 (KHTML, like Gecko) Chrome/36.0.1985.125 Safari/537.36" "-"
185.191.171.0 - - [14/Feb/2024:12:31:29 +0100] "GET /aragon/medicos-baja-covid/ HTTP/1.1" 200 36811 cronicareinodearagon.com "-" "Mozilla/5.0 (compatible; SemrushBot/7~bl; +http://www.semrush.com/bot.html)" "-"
82.165.88.0 - - [14/Feb/2024:12:31:37 +0100] "POST /wp-cron.php?doing_wp_cron=1707910297.8424119949340820312500 HTTP/1.1" 200 - cronicareinodearagon.com "-" "WordPress/6.2.2; https://cronicareinodearagon.com" "-"
103.219.70.0 - - [14/Feb/2024:12:31:37 +0100] "POST /wp-login.php HTTP/1.1" 200 9612 cronicareinodearagon.com "-" "Mozilla/5.0 (Windows NT 10.0; WOW64) AppleWebKit/537.36 (KHTML, like Gecko) Chrome/79.0.3945.130 Safari/537.36" "-"
82.165.88.0 - - [14/Feb/2024:12:31:48 +0100] "POST /wp-cron.php?doing_wp_cron=1707910308.8527441024780273437500 HTTP/1.1" 200 - cronicareinodearagon.com "-" "WordPress/6.2.2; https://cronicareinodearagon.com" "-"
185.191.171.0 - - [14/Feb/2024:12:31:48 +0100] "GET /aragon/chunta-aragonesista-empesa-publica-energia/ HTTP/1.1" 200 33960 cronicareinodearagon.com "-" "Mozilla/5.0 (compatible; SemrushBot/7~bl; +http://www.semrush.com/bot.html)" "-"
82.165.88.0 - - [14/Feb/2024:12:32:44 +0100] "POST /wp-cron.php?doing_wp_cron=1707910364.3565170764923095703125 HTTP/1.1" 200 - cronicareinodearagon.com "-" "WordPress/6.2.2; https://cronicareinodearagon.com" "-"
185.191.171.0 - - [14/Feb/2024:12:32:44 +0100] "GET /aragon/ccoo-propuestas-partidos-politicos-aragon/ HTTP/1.1" 200 35302 cronicareinodearagon.com "-" "Mozilla/5.0 (compatible; SemrushBot/7~bl; +http://www.semrush.com/bot.html)" "-"
39.105.205.0 - - [14/Feb/2024:12:33:40 +0100] "POST /wp-login.php HTTP/1.1" 200 9608 cronicareinodearagon.com "-" "Mozilla/5.0 (Windows NT 6.1; WOW64) AppleWebKit/537.36 (KHTML, like Gecko) Chrome/41.0.2272.101 Safari/537.36" "-"
185.191.171.0 - - [14/Feb/2024:12:33:59 +0100] "GET /aragon/19-de-febrero-sanidad-andalucia/ HTTP/1.1" 200 176626 cronicareinodearagon.com "-" "Mozilla/5.0 (compatible; SemrushBot/7~bl; +http://www.semrush.com/bot.html)" "-"
