82.165.88.0 - - [14/Feb/2024:12:34:00 +0100] "POST /wp-cron.php?doing_wp_cron=1707910440.0138890743255615234375 HTTP/1.1" 200 - cronicareinodearagon.com "-" "WordPress/6.2.2; https://cronicareinodearagon.com" "-"
82.165.88.0 - - [14/Feb/2024:12:35:00 +0100] "POST /wp-cron.php?doing_wp_cron=1707910500.8285479545593261718750 HTTP/1.1" 200 - cronicareinodearagon.com "-" "WordPress/6.2.2; https://cronicareinodearagon.com" "-"
185.252.234.0 - - [14/Feb/2024:12:35:00 +0100] "POST /wp-login.php HTTP/1.1" 200 9585 cronicareinodearagon.com "-" "Mozilla/5.0 (Windows NT 6.1; WOW64) AppleWebKit/537.36 (KHTML, like Gecko) Chrome/36.0.1985.125 Safari/537.36" "-"
82.165.88.0 - - [14/Feb/2024:12:36:35 +0100] "POST /wp-cron.php?doing_wp_cron=1707910595.7952139377593994140625 HTTP/1.1" 200 - cronicareinodearagon.com "-" "WordPress/6.2.2; https://cronicareinodearagon.com" "-"
185.191.171.0 - - [14/Feb/2024:12:36:35 +0100] "GET /economia/gobierno-aragon-subvenciones-agroalimentarias-teruel/ HTTP/1.1" 200 167114 cronicareinodearagon.com "-" "Mozilla/5.0 (compatible; SemrushBot/7~bl; +http://www.semrush.com/bot.html)" "-"
82.165.88.0 - - [14/Feb/2024:12:38:50 +0100] "POST /wp-cron.php?doing_wp_cron=1707910730.4223890304565429687500 HTTP/1.1" 200 - cronicareinodearagon.com "-" "WordPress/6.2.2; https://cronicareinodearagon.com" "-"
68.178.165.0 - - [14/Feb/2024:12:38:50 +0100] "POST /wp-login.php HTTP/1.1" 200 9620 cronicareinodearagon.com "-" "Mozilla/5.0 (Windows NT 6.1; Win64; x64) AppleWebKit/537.36 (KHTML, like Gecko) Chrome/81.0.4044.122 Safari/537.36" "-"
185.191.171.0 - - [14/Feb/2024:12:40:37 +0100] "GET /sociedad/homenaje-fotografo-carlos-perez-siquier-almeria/ HTTP/1.1" 200 166273 cronicareinodearagon.com "-" "Mozilla/5.0 (compatible; SemrushBot/7~bl; +http://www.semrush.com/bot.html)" "-"
82.165.88.0 - - [14/Feb/2024:12:40:38 +0100] "POST /wp-cron.php?doing_wp_cron=1707910838.2139599323272705078125 HTTP/1.1" 200 - cronicareinodearagon.com "-" "WordPress/6.2.2; https://cronicareinodearagon.com" "-"
85.208.96.0 - - [14/Feb/2024:12:41:01 +0100] "GET /aragon/andalucia-world-travel-market-londres/ HTTP/1.1" 200 167542 cronicareinodearagon.com "-" "Mozilla/5.0 (compatible; SemrushBot/7~bl; +http://www.semrush.com/bot.html)" "-"
82.165.88.0 - - [14/Feb/2024:12:41:02 +0100] "POST /wp-cron.php?doing_wp_cron=1707910862.2326009273529052734375 HTTP/1.1" 200 - cronicareinodearagon.com "-" "WordPress/6.2.2; https://cronicareinodearagon.com" "-"
74.125.209.0 - - [14/Feb/2024:12:43:13 +0100] "GET /category/educacion/feed/ HTTP/1.1" 200 56994 cronicareinodearagon.com "-" "FeedFetcher-Google; (+http://www.google.com/feedfetcher.html)" "-"
82.165.88.0 - - [14/Feb/2024:12:43:14 +0100] "POST /wp-cron.php?doing_wp_cron=1707910994.1780259609222412109375 HTTP/1.1" 200 - cronicareinodearagon.com "-" "WordPress/6.2.2; https://cronicareinodearagon.com" "-"
185.191.171.0 - - [14/Feb/2024:12:43:35 +0100] "GET /robots.txt HTTP/1.1" 200 202 cronicareinodearagon.com "-" "Mozilla/5.0 (compatible; SemrushBot/7~bl; +http://www.semrush.com/bot.html)" "-"
85.208.96.0 - - [14/Feb/2024:12:43:36 +0100] "GET /aragon/nueva-especie-animal-almeria/ HTTP/1.1" 200 167673 cronicareinodearagon.com "-" "Mozilla/5.0 (compatible; SemrushBot/7~bl; +http://www.semrush.com/bot.html)" "-"
82.165.88.0 - - [14/Feb/2024:12:44:26 +0100] "POST /wp-cron.php?doing_wp_cron=1707911066.4693028926849365234375 HTTP/1.1" 200 - cronicareinodearagon.com "-" "WordPress/6.2.2; https://cronicareinodearagon.com" "-"
85.208.96.0 - - [14/Feb/2024:12:44:26 +0100] "GET /sociedad/la-39a-feria-del-libro-de-huesca-reune-a-cerca-de-60-autores/ HTTP/1.1" 200 159947 cronicareinodearagon.com "-" "Mozilla/5.0 (compatible; SemrushBot/7~bl; +http://www.semrush.com/bot.html)" "-"
51.178.134.0 - - [14/Feb/2024:12:45:36 +0100] "POST /wp-login.php HTTP/1.1" 200 9608 cronicareinodearagon.com "-" "Mozilla/5.0 (Windows NT 6.3; WOW64) AppleWebKit/537.36 (KHTML, like Gecko) Chrome/47.0.2526.106 Safari/537.36" "-"
82.165.88.0 - - [14/Feb/2024:12:45:37 +0100] "POST /wp-cron.php?doing_wp_cron=1707911136.9936590194702148437500 HTTP/1.1" 200 - cronicareinodearagon.com "-" "WordPress/6.2.2; https://cronicareinodearagon.com" "-"
165.22.70.0 - - [14/Feb/2024:12:46:13 +0100] "POST /wp-login.php HTTP/1.1" 200 9614 cronicareinodearagon.com "-" "Mozilla/5.0 (Windows NT 10.0; Win64; x64) AppleWebKit/537.36 (KHTML, like Gecko) Chrome/64.0.3282.140 Safari/537.36" "-"
82.165.88.0 - - [14/Feb/2024:12:46:14 +0100] "POST /wp-cron.php?doing_wp_cron=1707911174.1960539817810058593750 HTTP/1.1" 200 - cronicareinodearagon.com "-" "WordPress/6.2.2; https://cronicareinodearagon.com" "-"
67.205.41.0 - - [14/Feb/2024:12:46:32 +0100] "POST /wp-login.php HTTP/1.1" 200 9591 cronicareinodearagon.com "-" "Mozilla/5.0 (Windows NT 10.0; WOW64) AppleWebKit/537.36 (KHTML, like Gecko) Chrome/57.0.2987.133 Safari/537.36" "-"
82.165.88.0 - - [14/Feb/2024:12:46:43 +0100] "POST /wp-cron.php?doing_wp_cron=1707911203.6902170181274414062500 HTTP/1.1" 200 - cronicareinodearagon.com "-" "WordPress/6.2.2; https://cronicareinodearagon.com" "-"
144.217.181.0 - - [14/Feb/2024:12:46:43 +0100] "POST /wp-login.php HTTP/1.1" 200 9604 cronicareinodearagon.com "-" "Mozilla/5.0 (Windows NT 6.1; Win64; x64) AppleWebKit/537.36 (KHTML, like Gecko) Chrome/66.0.3359.117 Safari/537.36" "-"
82.165.88.0 - - [14/Feb/2024:12:48:20 +0100] "POST /wp-cron.php?doing_wp_cron=1707911300.4840710163116455078125 HTTP/1.1" 200 - cronicareinodearagon.com "-" "WordPress/6.2.2; https://cronicareinodearagon.com" "-"
185.191.171.0 - - [14/Feb/2024:12:48:20 +0100] "GET /politica/javier-lamban-psoe-teruel-empleo/ HTTP/1.1" 200 169580 cronicareinodearagon.com "-" "Mozilla/5.0 (compatible; SemrushBot/7~bl; +http://www.semrush.com/bot.html)" "-"
2a00:6800:: - - [14/Feb/2024:12:49:09 +0100] "GET / HTTP/1.1" 200 336 cronicadeasturias.com "-" "Mozilla/5.0 (Windows NT 10.0; Win64; x64) AppleWebKit/537.36 (KHTML, like Gecko) Chrome/91.0.4472.114 Safari/537.36 Edg/91.0.864.54" "-"
82.165.88.0 - - [14/Feb/2024:12:50:32 +0100] "POST /wp-cron.php?doing_wp_cron=1707911432.7644720077514648437500 HTTP/1.1" 200 - cronicareinodearagon.com "-" "WordPress/6.2.2; https://cronicareinodearagon.com" "-"
54.36.148.0 - - [14/Feb/2024:12:50:32 +0100] "GET /category/economia/page/2/ HTTP/1.1" 200 148403 cronicareinodearagon.com "-" "Mozilla/5.0 (compatible; AhrefsBot/7.0; +http://ahrefs.com/robot/)" "-"
82.165.88.0 - - [14/Feb/2024:12:50:49 +0100] "POST /wp-cron.php?doing_wp_cron=1707911449.4172019958496093750000 HTTP/1.1" 200 - cronicareinodearagon.com "-" "WordPress/6.2.2; https://cronicareinodearagon.com" "-"
116.90.226.0 - - [14/Feb/2024:12:50:49 +0100] "POST /wp-login.php HTTP/1.1" 200 9620 cronicareinodearagon.com "-" "Mozilla/5.0 (Windows NT 10.0; Win64; x64) AppleWebKit/537.36 (KHTML, like Gecko) Chrome/64.0.3282.167 Safari/537.36" "-"
74.125.209.0 - - [14/Feb/2024:12:53:16 +0100] "GET /category/sociedad/feed/ HTTP/1.1" 200 16233 cronicareinodearagon.com "-" "FeedFetcher-Google; (+http://www.google.com/feedfetcher.html)" "-"
85.208.96.0 - - [14/Feb/2024:12:53:51 +0100] "GET /aragon/pobreza-energetica-luz-andalucia-factura/ HTTP/1.1" 200 165259 cronicareinodearagon.com "-" "Mozilla/5.0 (compatible; SemrushBot/7~bl; +http://www.semrush.com/bot.html)" "-"
82.165.88.0 - - [14/Feb/2024:12:53:52 +0100] "POST /wp-cron.php?doing_wp_cron=1707911631.9710369110107421875000 HTTP/1.1" 200 - cronicareinodearagon.com "-" "WordPress/6.2.2; https://cronicareinodearagon.com" "-"
82.165.88.0 - - [14/Feb/2024:12:57:43 +0100] "POST /wp-cron.php?doing_wp_cron=1707911863.6263799667358398437500 HTTP/1.1" 200 - cronicareinodearagon.com "-" "WordPress/6.2.2; https://cronicareinodearagon.com" "-"
2001:41d0:300:: - - [14/Feb/2024:12:57:43 +0100] "POST /wp-login.php HTTP/1.1" 200 9608 cronicareinodearagon.com "-" "Mozilla/5.0 (Windows NT 10.0; Win64; x64) AppleWebKit/537.36 (KHTML, like Gecko) Chrome/60.0.3112.101 Safari/537.36" "-"
128.199.16.0 - - [14/Feb/2024:12:58:15 +0100] "POST /wp-login.php HTTP/1.1" 200 9614 cronicareinodearagon.com "-" "Mozilla/5.0 (Windows NT 6.1; Win64; x64) AppleWebKit/537.36 (KHTML, like Gecko) Chrome/80.0.3987.106 Safari/537.36" "-"
178.62.66.0 - - [14/Feb/2024:12:58:33 +0100] "POST /wp-login.php HTTP/1.1" 200 9591 cronicareinodearagon.com "-" "Mozilla/5.0 (Windows NT 10.0; Win64; x64) AppleWebKit/537.36 (KHTML, like Gecko) Chrome/87.0.4280.88 Safari/537.36" "-"
82.165.88.0 - - [14/Feb/2024:12:59:43 +0100] "POST /wp-cron.php?doing_wp_cron=1707911983.4701910018920898437500 HTTP/1.1" 200 - cronicareinodearagon.com "-" "WordPress/6.2.2; https://cronicareinodearagon.com" "-"
2401:c080:1400:: - - [14/Feb/2024:12:59:43 +0100] "POST /xmlrpc.php HTTP/1.1" 200 416 cronicareinodearagon.com "-" "Mozilla/5.0 (Windows NT 10.0; Win64; x64) AppleWebKit/537.36 (KHTML, like Gecko) Chrome/89.0.4389.90 Safari/537.36" "-"
192.241.130.0 - - [14/Feb/2024:12:59:45 +0100] "POST /xmlrpc.php HTTP/1.1" 200 416 cronicareinodearagon.com "-" "Mozilla/5.0 (Windows NT 6.1; WOW64; rv:50.0) Gecko/20100101 Firefox/50.0" "-"
129.213.33.0 - - [14/Feb/2024:12:59:52 +0100] "POST /xmlrpc.php HTTP/1.1" 200 416 cronicareinodearagon.com "-" "Mozilla/5.0 (Windows NT 10.0; Win64; x64) AppleWebKit/537.36 (KHTML, like Gecko) Chrome/88.0.4324.104 Safari/537.36" "-"
103.27.200.0 - - [14/Feb/2024:12:59:57 +0100] "POST /xmlrpc.php HTTP/1.1" 200 416 cronicareinodearagon.com "-" "Mozilla/5.0 (Windows NT 6.1; WOW64; rv:45.0) Gecko/20100101 Firefox/45.0" "-"
2a01:4f9:c000:: - - [14/Feb/2024:13:00:05 +0100] "POST /xmlrpc.php HTTP/1.1" 200 416 cronicareinodearagon.com "-" "Mozilla/5.0 (Linux; Android 10; LM-Q720) AppleWebKit/537.36 (KHTML, like Gecko) Chrome/91.0.4472.114 Mobile Safari/537.36" "-"
43.156.227.0 - - [14/Feb/2024:13:00:08 +0100] "POST /xmlrpc.php HTTP/1.1" 200 416 cronicareinodearagon.com "-" "Mozilla/5.0 (Windows NT 10.0; Win64; x64; rv:58.0) Gecko/20100101 Firefox/58.0" "-"
2406:da14:a00:: - - [14/Feb/2024:13:00:11 +0100] "POST /xmlrpc.php HTTP/1.1" 200 416 cronicareinodearagon.com "-" "Mozilla/5.0 (Windows NT 5.1; rv:40.0) Gecko/20100101 Firefox/40.0" "-"
20.87.211.0 - - [14/Feb/2024:13:00:14 +0100] "POST /xmlrpc.php HTTP/1.1" 200 416 cronicareinodearagon.com "-" "Mozilla/5.0 (Windows NT 10.0; Win64; x64; rv:58.0) Gecko/20100101 Firefox/58.0" "-"
8.219.54.0 - - [14/Feb/2024:13:00:18 +0100] "POST /xmlrpc.php HTTP/1.1" 200 416 cronicareinodearagon.com "-" "Mozilla/5.0 (Windows NT 10.0; Win64; x64; rv:62.0) Gecko/20100101 Firefox/62.0" "-"
68.178.150.0 - - [14/Feb/2024:13:00:20 +0100] "POST /xmlrpc.php HTTP/1.1" 200 416 cronicareinodearagon.com "-" "Mozilla/5.0 (Windows NT 10.0; Win64; x64) AppleWebKit/537.36 (KHTML, like Gecko) Chrome/88.0.4324.104 Safari/537.36" "-"
82.165.88.0 - - [14/Feb/2024:13:01:09 +0100] "POST /wp-cron.php?doing_wp_cron=1707912069.7494308948516845703125 HTTP/1.1" 200 - cronicareinodearagon.com "-" "WordPress/6.2.2; https://cronicareinodearagon.com" "-"
74.125.212.0 - - [14/Feb/2024:13:01:09 +0100] "GET /category/economia/feed/ HTTP/1.1" 200 42774 cronicareinodearagon.com "-" "FeedFetcher-Google; (+http://www.google.com/feedfetcher.html)" "-"
82.165.88.0 - - [14/Feb/2024:13:02:28 +0100] "POST /wp-cron.php?doing_wp_cron=1707912148.7858519554138183593750 HTTP/1.1" 200 - cronicareinodearagon.com "-" "WordPress/6.2.2; https://cronicareinodearagon.com" "-"
142.4.12.0 - - [14/Feb/2024:13:02:28 +0100] "POST /wp-login.php HTTP/1.1" 200 9580 cronicareinodearagon.com "-" "Mozilla/5.0 (Windows NT 10.0; WOW64) AppleWebKit/537.36 (KHTML, like Gecko) Chrome/57.0.2987.133 Safari/537.36" "-"
185.191.171.0 - - [14/Feb/2024:13:02:40 +0100] "GET /category/sociedad/page/17/ HTTP/1.1" 200 147627 cronicareinodearagon.com "-" "Mozilla/5.0 (compatible; SemrushBot/7~bl; +http://www.semrush.com/bot.html)" "-"
74.125.209.0 - - [14/Feb/2024:13:02:50 +0100] "GET /category/educacion/feed/ HTTP/1.1" 200 56994 cronicareinodearagon.com "-" "FeedFetcher-Google; (+http://www.google.com/feedfetcher.html)" "-"
82.165.88.0 - - [14/Feb/2024:13:02:51 +0100] "POST /wp-cron.php?doing_wp_cron=1707912171.0209209918975830078125 HTTP/1.1" 200 - cronicareinodearagon.com "-" "WordPress/6.2.2; https://cronicareinodearagon.com" "-"
101.68.211.0 - - [14/Feb/2024:13:04:31 +0100] "GET / HTTP/1.1" 200 336 cronicadealmeria.com "-" "Mozilla/5.0 (Windows NT 6.1) AppleWebKit/537.36 (KHTML, like Gecko) Chrome/71.0.2623.112 Safari/537.36" "-"
185.191.171.0 - - [14/Feb/2024:13:08:58 +0100] "GET /aragon/astic-reconocimiento-carreras-grupo/ HTTP/1.1" 200 158193 cronicareinodearagon.com "-" "Mozilla/5.0 (compatible; SemrushBot/7~bl; +http://www.semrush.com/bot.html)" "-"
82.165.88.0 - - [14/Feb/2024:13:08:59 +0100] "POST /wp-cron.php?doing_wp_cron=1707912539.5609700679779052734375 HTTP/1.1" 200 - cronicareinodearagon.com "-" "WordPress/6.2.2; https://cronicareinodearagon.com" "-"
185.191.171.0 - - [14/Feb/2024:13:09:12 +0100] "GET /aragon/javier-imbroda-educacion-especial-andalucia/ HTTP/1.1" 200 166112 cronicareinodearagon.com "-" "Mozilla/5.0 (compatible; SemrushBot/7~bl; +http://www.semrush.com/bot.html)" "-"
103.142.26.0 - - [14/Feb/2024:13:09:54 +0100] "POST /wp-login.php HTTP/1.1" 200 9608 cronicareinodearagon.com "-" "Mozilla/5.0 (Windows NT 6.1; Win64; x64) AppleWebKit/537.36 (KHTML, like Gecko) Chrome/80.0.3987.106 Safari/537.36" "-"
82.165.88.0 - - [14/Feb/2024:13:09:55 +0100] "POST /wp-cron.php?doing_wp_cron=1707912594.9837450981140136718750 HTTP/1.1" 200 - cronicareinodearagon.com "-" "WordPress/6.2.2; https://cronicareinodearagon.com" "-"
101.68.211.0 - - [14/Feb/2024:13:10:54 +0100] "GET / HTTP/1.1" 200 336 cronicadealmeria.com "-" "Mozilla/5.0 (Windows NT 6.1; WOW64) AppleWebKit/537.36 (KHTML, like Gecko) Chrome/63.0.3239.132 Safari/537.36 QIHU 360SE" "-"
101.68.211.0 - - [14/Feb/2024:13:10:54 +0100] "GET /favicon.ico HTTP/1.1" 404 596 cronicadealmeria.com "-" "Mozilla/5.0 (Windows NT 6.1; WOW64) AppleWebKit/537.36 (KHTML, like Gecko) Chrome/63.0.3239.132 Safari/537.36 QIHU 360SE" "-"
101.68.211.0 - - [14/Feb/2024:13:10:55 +0100] "GET /defaultsite%22%20/ HTTP/1.1" 404 596 cronicadealmeria.com "-" "Mozilla/5.0 (Windows NT 6.1; WOW64) AppleWebKit/537.36 (KHTML, like Gecko) Chrome/63.0.3239.132 Safari/537.36 QIHU 360SE" "-"
101.68.211.0 - - [14/Feb/2024:13:10:56 +0100] "GET /robots.txt HTTP/1.1" 200 188 cronicadealmeria.com "-" "Mozilla/5.0 (Windows NT 6.1; WOW64) AppleWebKit/537.36 (KHTML, like Gecko) Chrome/63.0.3239.132 Safari/537.36 QIHU 360SE" "-"
82.165.88.0 - - [14/Feb/2024:13:17:12 +0100] "POST /wp-cron.php?doing_wp_cron=1707913032.9070029258728027343750 HTTP/1.1" 200 - cronicareinodearagon.com "-" "WordPress/6.2.2; https://cronicareinodearagon.com" "-"
54.36.148.0 - - [14/Feb/2024:13:17:12 +0100] "GET /politica/psoe-huesca-bus-gratuito-vecinos/ HTTP/1.1" 200 159810 cronicareinodearagon.com "-" "Mozilla/5.0 (compatible; AhrefsBot/7.0; +http://ahrefs.com/robot/)" "-"
5.133.192.0 - - [14/Feb/2024:13:17:22 +0100] "GET / HTTP/1.1" 200 336 cronicadearagon.com "-" "Mozilla/5.0 (Windows NT 10.0; Win64; x64) AppleWebKit/537.36 (KHTML, like Gecko) Chrome/105.0.0.0 Safari/537.36" "-"
5.133.192.0 - - [14/Feb/2024:13:17:22 +0100] "GET /favicon.ico HTTP/1.1" 404 596 cronicadearagon.com "-" "Mozilla/5.0 (Windows NT 10.0; Win64; x64) AppleWebKit/537.36 (KHTML, like Gecko) Chrome/105.0.0.0 Safari/537.36" "-"
82.165.88.0 - - [14/Feb/2024:13:19:36 +0100] "POST /wp-cron.php?doing_wp_cron=1707913176.4068889617919921875000 HTTP/1.1" 200 - cronicareinodearagon.com "-" "WordPress/6.2.2; https://cronicareinodearagon.com" "-"
111.230.202.0 - - [14/Feb/2024:13:19:36 +0100] "POST /wp-login.php HTTP/1.1" 200 9612 cronicareinodearagon.com "-" "Mozilla/5.0 (Windows NT 6.1; Win64; x64) AppleWebKit/537.36 (KHTML, like Gecko) Chrome/60.0.3112.113 Safari/537.36" "-"
82.165.88.0 - - [14/Feb/2024:13:21:49 +0100] "POST /wp-cron.php?doing_wp_cron=1707913309.7272479534149169921875 HTTP/1.1" 200 - cronicareinodearagon.com "-" "WordPress/6.2.2; https://cronicareinodearagon.com" "-"
199.247.18.0 - - [14/Feb/2024:13:21:49 +0100] "POST /wp-login.php HTTP/1.1" 200 9608 cronicareinodearagon.com "-" "Mozilla/5.0 (Windows NT 6.1; Win64; x64) AppleWebKit/537.36 (KHTML, like Gecko) Chrome/78.0.3904.97 Safari/537.36" "-"
150.158.28.0 - - [14/Feb/2024:13:22:32 +0100] "POST /wp-login.php HTTP/1.1" 200 9614 cronicareinodearagon.com "-" "Mozilla/5.0 (Windows NT 6.3; Win64; x64) AppleWebKit/537.36 (KHTML, like Gecko) Chrome/79.0.3945.130 Safari/537.36" "-"
82.165.88.0 - - [14/Feb/2024:13:22:49 +0100] "POST /wp-cron.php?doing_wp_cron=1707913369.8988349437713623046875 HTTP/1.1" 200 - cronicareinodearagon.com "-" "WordPress/6.2.2; https://cronicareinodearagon.com" "-"
62.171.162.0 - - [14/Feb/2024:13:22:49 +0100] "POST /wp-login.php HTTP/1.1" 200 9604 cronicareinodearagon.com "-" "Mozilla/5.0 (Windows NT 6.1; WOW64) AppleWebKit/537.36 (KHTML, like Gecko) Chrome/46.0.2490.86 Safari/537.36" "-"
178.236.246.0 - - [14/Feb/2024:13:23:09 +0100] "POST /wp-login.php HTTP/1.1" 200 9585 cronicareinodearagon.com "-" "Mozilla/5.0 (Windows NT 6.1; Win64; x64) AppleWebKit/537.36 (KHTML, like Gecko) Chrome/60.0.3112.113 Safari/537.36" "-"
82.165.88.0 - - [14/Feb/2024:13:25:03 +0100] "POST /wp-cron.php?doing_wp_cron=1707913503.7913410663604736328125 HTTP/1.1" 200 - cronicareinodearagon.com "-" "WordPress/6.2.2; https://cronicareinodearagon.com" "-"
85.208.96.0 - - [14/Feb/2024:13:25:03 +0100] "GET /aragon/psoe-exige-atencion-sanidad-publica/ HTTP/1.1" 200 163113 cronicareinodearagon.com "-" "Mozilla/5.0 (compatible; SemrushBot/7~bl; +http://www.semrush.com/bot.html)" "-"
82.165.88.0 - - [14/Feb/2024:13:26:31 +0100] "POST /wp-cron.php?doing_wp_cron=1707913591.4393401145935058593750 HTTP/1.1" 200 - cronicareinodearagon.com "-" "WordPress/6.2.2; https://cronicareinodearagon.com" "-"
66.249.66.0 - - [14/Feb/2024:13:26:31 +0100] "GET /robots.txt HTTP/1.1" 200 202 cronicareinodearagon.com "-" "Mozilla/5.0 (compatible; Googlebot/2.1; +http://www.google.com/bot.html)" "-"
66.249.66.0 - - [14/Feb/2024:13:26:32 +0100] "GET /category/educacion/ HTTP/1.1" 200 146881 cronicareinodearagon.com "-" "Mozilla/5.0 (Linux; Android 6.0.1; Nexus 5X Build/MMB29P) AppleWebKit/537.36 (KHTML, like Gecko) Chrome/121.0.6167.139 Mobile Safari/537.36 (compatible; Googlebot/2.1; +http://www.google.com/bot.html)" "-"
66.249.66.0 - - [14/Feb/2024:13:26:36 +0100] "GET /wp-content/themes/jnews/assets/css/darkmode.css?ver=10.7.9 HTTP/1.1" 200 9055 cronicareinodearagon.com "https://cronicareinodearagon.com/category/educacion/" "Mozilla/5.0 (Linux; Android 6.0.1; Nexus 5X Build/MMB29P) AppleWebKit/537.36 (KHTML, like Gecko) Chrome/121.0.6167.85 Mobile Safari/537.36 (compatible; Googlebot/2.1; +http://www.google.com/bot.html)" "-"
66.249.78.0 - - [14/Feb/2024:13:26:36 +0100] "GET /wp-content/themes/jnews/style.css?ver=10.7.9 HTTP/1.1" 200 297 cronicareinodearagon.com "https://cronicareinodearagon.com/category/educacion/" "Mozilla/5.0 (Linux; Android 6.0.1; Nexus 5X Build/MMB29P) AppleWebKit/537.36 (KHTML, like Gecko) Chrome/121.0.6167.85 Mobile Safari/537.36 (compatible; Googlebot/2.1; +http://www.google.com/bot.html)" "-"
66.249.78.0 - - [14/Feb/2024:13:26:36 +0100] "GET /wp-content/plugins/elementor/assets/lib/eicons/css/elementor-icons.min.css?ver=5.21.0 HTTP/1.1" 200 4358 cronicareinodearagon.com "https://cronicareinodearagon.com/category/educacion/" "Mozilla/5.0 (Linux; Android 6.0.1; Nexus 5X Build/MMB29P) AppleWebKit/537.36 (KHTML, like Gecko) Chrome/121.0.6167.85 Mobile Safari/537.36 (compatible; Googlebot/2.1; +http://www.google.com/bot.html)" "-"
66.249.78.0 - - [14/Feb/2024:13:26:36 +0100] "GET /wp-includes/js/imagesloaded.min.js?ver=4.1.4 HTTP/1.1" 200 2010 cronicareinodearagon.com "https://cronicareinodearagon.com/category/educacion/" "Mozilla/5.0 (Linux; Android 6.0.1; Nexus 5X Build/MMB29P) AppleWebKit/537.36 (KHTML, like Gecko) Chrome/121.0.6167.85 Mobile Safari/537.36 (compatible; Googlebot/2.1; +http://www.google.com/bot.html)" "-"
66.249.66.0 - - [14/Feb/2024:13:26:36 +0100] "GET /wp-includes/js/jquery/jquery.min.js?ver=3.6.4 HTTP/1.1" 200 36269 cronicareinodearagon.com "https://cronicareinodearagon.com/category/educacion/" "Mozilla/5.0 (Linux; Android 6.0.1; Nexus 5X Build/MMB29P) AppleWebKit/537.36 (KHTML, like Gecko) Chrome/121.0.6167.85 Mobile Safari/537.36 (compatible; Googlebot/2.1; +http://www.google.com/bot.html)" "-"
66.249.78.0 - - [14/Feb/2024:13:26:36 +0100] "GET /wp-content/plugins/elementor/assets/js/frontend-modules.min.js?ver=3.15.2 HTTP/1.1" 200 19256 cronicareinodearagon.com "https://cronicareinodearagon.com/category/educacion/" "Mozilla/5.0 (Linux; Android 6.0.1; Nexus 5X Build/MMB29P) AppleWebKit/537.36 (KHTML, like Gecko) Chrome/121.0.6167.85 Mobile Safari/537.36 (compatible; Googlebot/2.1; +http://www.google.com/bot.html)" "-"
82.165.88.0 - - [14/Feb/2024:13:31:45 +0100] "POST /wp-cron.php?doing_wp_cron=1707913905.9524860382080078125000 HTTP/1.1" 200 - cronicareinodearagon.com "-" "WordPress/6.2.2; https://cronicareinodearagon.com" "-"
143.110.177.0 - - [14/Feb/2024:13:31:45 +0100] "POST /wp-login.php HTTP/1.1" 200 9612 cronicareinodearagon.com "-" "Mozilla/5.0 (Windows NT 10.0; Win64; x64) AppleWebKit/537.36 (KHTML, like Gecko) Chrome/72.0.3626.109 Safari/537.36" "-"
82.165.88.0 - - [14/Feb/2024:13:34:52 +0100] "POST /wp-cron.php?doing_wp_cron=1707914092.8381640911102294921875 HTTP/1.1" 200 - cronicareinodearagon.com "-" "WordPress/6.2.2; https://cronicareinodearagon.com" "-"
149.202.42.0 - - [14/Feb/2024:13:34:52 +0100] "POST /wp-login.php HTTP/1.1" 200 9591 cronicareinodearagon.com "-" "Mozilla/5.0 (Windows NT 6.0) AppleWebKit/537.36 (KHTML, like Gecko) Chrome/49.0.2623.112 Safari/537.36" "-"
66.249.66.0 - - [14/Feb/2024:13:38:27 +0100] "GET /wp-content/uploads/2023/05/chunta-aragonesista-juventud-750x375.jpg HTTP/1.1" 200 49400 cronicareinodearagon.com "-" "Googlebot-Image/1.0" "-"
82.165.88.0 - - [14/Feb/2024:13:38:33 +0100] "POST /wp-cron.php?doing_wp_cron=1707914313.4470300674438476562500 HTTP/1.1" 200 - cronicareinodearagon.com "-" "WordPress/6.2.2; https://cronicareinodearagon.com" "-"
185.191.171.0 - - [14/Feb/2024:13:38:33 +0100] "GET /economia/gobierno-autoriza-actuaciones-emergencia-sierra-bermeja/ HTTP/1.1" 200 167968 cronicareinodearagon.com "-" "Mozilla/5.0 (compatible; SemrushBot/7~bl; +http://www.semrush.com/bot.html)" "-"
23.97.205.0 - - [14/Feb/2024:13:39:12 +0100] "POST /wp-login.php HTTP/1.1" 200 9620 cronicareinodearagon.com "-" "Mozilla/5.0 (Windows NT 6.1; WOW64) AppleWebKit/537.36 (KHTML, like Gecko) Chrome/32.0.1700.107 Safari/537.36" "-"
82.165.88.0 - - [14/Feb/2024:13:39:13 +0100] "POST /wp-cron.php?doing_wp_cron=1707914353.1526861190795898437500 HTTP/1.1" 200 - cronicareinodearagon.com "-" "WordPress/6.2.2; https://cronicareinodearagon.com" "-"
81.70.248.0 - - [14/Feb/2024:13:43:52 +0100] "POST /wp-login.php HTTP/1.1" 200 9612 cronicareinodearagon.com "-" "Mozilla/5.0 (Windows NT 6.1; WOW64) AppleWebKit/537.36 (KHTML, like Gecko) Chrome/47.0.2526.111 Safari/537.36 MVisionPlayer/1.0.0.0" "-"
82.165.88.0 - - [14/Feb/2024:13:43:53 +0100] "POST /wp-cron.php?doing_wp_cron=1707914633.2043108940124511718750 HTTP/1.1" 200 - cronicareinodearagon.com "-" "WordPress/6.2.2; https://cronicareinodearagon.com" "-"
82.165.88.0 - - [14/Feb/2024:13:46:06 +0100] "POST /wp-cron.php?doing_wp_cron=1707914766.7644200325012207031250 HTTP/1.1" 200 - cronicareinodearagon.com "-" "WordPress/6.2.2; https://cronicareinodearagon.com" "-"
120.25.104.0 - - [14/Feb/2024:13:46:06 +0100] "POST /wp-login.php HTTP/1.1" 200 9608 cronicareinodearagon.com "-" "Mozilla/5.0 (Windows NT 10.0; Win64; x64) AppleWebKit/537.36 (KHTML, like Gecko) Chrome/64.0.3282.140 Safari/537.36" "-"
82.165.88.0 - - [14/Feb/2024:13:49:23 +0100] "POST /wp-cron.php?doing_wp_cron=1707914963.8613400459289550781250 HTTP/1.1" 200 - cronicareinodearagon.com "-" "WordPress/6.2.2; https://cronicareinodearagon.com" "-"
185.191.171.0 - - [14/Feb/2024:13:49:23 +0100] "GET /robots.txt HTTP/1.1" 200 202 cronicareinodearagon.com "-" "Mozilla/5.0 (compatible; SemrushBot/7~bl; +http://www.semrush.com/bot.html)" "-"
85.208.96.0 - - [14/Feb/2024:13:49:24 +0100] "GET /aragon/psoe-elecciones-municipales-alcaldes/ HTTP/1.1" 200 175867 cronicareinodearagon.com "-" "Mozilla/5.0 (compatible; SemrushBot/7~bl; +http://www.semrush.com/bot.html)" "-"
52.167.144.0 - - [14/Feb/2024:13:52:09 +0100] "GET /aragon/guitarte-teruel-existe-cierre-campana/ HTTP/1.1" 200 177143 cronicareinodearagon.com "-" "Mozilla/5.0 AppleWebKit/537.36 (KHTML, like Gecko; compatible; bingbot/2.0; +http://www.bing.com/bingbot.htm) Chrome/116.0.1938.76 Safari/537.36" "-"
82.165.88.0 - - [14/Feb/2024:13:52:10 +0100] "POST /wp-cron.php?doing_wp_cron=1707915130.1164779663085937500000 HTTP/1.1" 200 - cronicareinodearagon.com "-" "WordPress/6.2.2; https://cronicareinodearagon.com" "-"
185.191.171.0 - - [14/Feb/2024:13:52:16 +0100] "GET /sociedad/menores-condenados-abuso-sexual-companera/ HTTP/1.1" 200 163761 cronicareinodearagon.com "-" "Mozilla/5.0 (compatible; SemrushBot/7~bl; +http://www.semrush.com/bot.html)" "-"
85.208.96.0 - - [14/Feb/2024:13:54:27 +0100] "GET /category/aragon/page/47/ HTTP/1.1" 200 147275 cronicareinodearagon.com "-" "Mozilla/5.0 (compatible; SemrushBot/7~bl; +http://www.semrush.com/bot.html)" "-"
82.165.88.0 - - [14/Feb/2024:13:54:28 +0100] "POST /wp-cron.php?doing_wp_cron=1707915268.2896709442138671875000 HTTP/1.1" 200 - cronicareinodearagon.com "-" "WordPress/6.2.2; https://cronicareinodearagon.com" "-"
82.165.88.0 - - [14/Feb/2024:13:55:02 +0100] "POST /wp-cron.php?doing_wp_cron=1707915302.6011929512023925781250 HTTP/1.1" 200 - cronicareinodearagon.com "-" "WordPress/6.2.2; https://cronicareinodearagon.com" "-"
54.36.148.0 - - [14/Feb/2024:13:55:02 +0100] "GET /aragon/segunda-fase-campana-lamban-psoe-aragon/ HTTP/1.1" 200 162291 cronicareinodearagon.com "-" "Mozilla/5.0 (compatible; AhrefsBot/7.0; +http://ahrefs.com/robot/)" "-"
82.165.88.0 - - [14/Feb/2024:13:55:46 +0100] "POST /wp-cron.php?doing_wp_cron=1707915346.8752479553222656250000 HTTP/1.1" 200 - cronicareinodearagon.com "-" "WordPress/6.2.2; https://cronicareinodearagon.com" "-"
49.235.81.0 - - [14/Feb/2024:13:55:46 +0100] "POST /wp-login.php HTTP/1.1" 200 9612 cronicareinodearagon.com "-" "Mozilla/5.0 (Windows NT 10.0; WOW64) AppleWebKit/537.36 (KHTML, like Gecko) Chrome/46.0.2490.80 Safari/537.36" "-"
82.165.88.0 - - [14/Feb/2024:13:58:00 +0100] "POST /wp-cron.php?doing_wp_cron=1707915480.9188580513000488281250 HTTP/1.1" 200 - cronicareinodearagon.com "-" "WordPress/6.2.2; https://cronicareinodearagon.com" "-"
185.191.171.0 - - [14/Feb/2024:13:58:00 +0100] "GET /aragon/tribunal-supremo-grinan-caso-ere/ HTTP/1.1" 200 172957 cronicareinodearagon.com "-" "Mozilla/5.0 (compatible; SemrushBot/7~bl; +http://www.semrush.com/bot.html)" "-"
185.191.171.0 - - [14/Feb/2024:14:01:59 +0100] "GET /aragon/pacto-pp-vox-andalucia/ HTTP/1.1" 200 173069 cronicareinodearagon.com "-" "Mozilla/5.0 (compatible; SemrushBot/7~bl; +http://www.semrush.com/bot.html)" "-"
82.165.88.0 - - [14/Feb/2024:14:02:00 +0100] "POST /wp-cron.php?doing_wp_cron=1707915720.6279420852661132812500 HTTP/1.1" 200 - cronicareinodearagon.com "-" "WordPress/6.2.2; https://cronicareinodearagon.com" "-"
82.165.88.0 - - [14/Feb/2024:14:04:11 +0100] "POST /wp-cron.php?doing_wp_cron=1707915851.7637970447540283203125 HTTP/1.1" 200 - cronicareinodearagon.com "-" "WordPress/6.2.2; https://cronicareinodearagon.com" "-"
185.191.171.0 - - [14/Feb/2024:14:04:11 +0100] "GET /aragon/espadas-recuerda-feijoo-pp-no-dejo-gobernar-psoe-2018/ HTTP/1.1" 200 175243 cronicareinodearagon.com "-" "Mozilla/5.0 (compatible; SemrushBot/7~bl; +http://www.semrush.com/bot.html)" "-"
184.154.156.0 - - [14/Feb/2024:14:08:10 +0100] "POST /wp-login.php HTTP/1.1" 200 9612 cronicareinodearagon.com "-" "Mozilla/5.0 (Windows NT 6.1; WOW64) AppleWebKit/537.36 (KHTML, like Gecko) Chrome/51.0.2704.106 Safari/537.36" "-"
82.165.88.0 - - [14/Feb/2024:14:08:11 +0100] "POST /wp-cron.php?doing_wp_cron=1707916091.2463600635528564453125 HTTP/1.1" 200 - cronicareinodearagon.com "-" "WordPress/6.2.2; https://cronicareinodearagon.com" "-"
118.190.88.0 - - [14/Feb/2024:14:11:27 +0100] "POST /wp-login.php HTTP/1.1" 200 9604 cronicareinodearagon.com "-" "Mozilla/5.0 (Windows NT 10.0; Win64; x64) AppleWebKit/537.36 (KHTML, like Gecko) Chrome/87.0.4280.88 Safari/537.36" "-"
82.165.88.0 - - [14/Feb/2024:14:11:28 +0100] "POST /wp-cron.php?doing_wp_cron=1707916288.0949509143829345703125 HTTP/1.1" 200 - cronicareinodearagon.com "-" "WordPress/6.2.2; https://cronicareinodearagon.com" "-"
128.199.163.0 - - [14/Feb/2024:14:11:37 +0100] "GET /wp-admin/install.php HTTP/1.1" 301 261 cronicareinodearagon.com "-" "Mozilla/5.0 (Macintosh; Intel Mac OS X 10_10_1) AppleWebKit/537.36 (KHTML, like Gecko) Chrome/39.0.2171.95 Safari/537.36" "-"
128.199.163.0 - - [14/Feb/2024:14:11:38 +0100] "GET /wp-admin/install.php HTTP/1.1" 200 1366 cronicareinodearagon.com "-" "Mozilla/5.0 (Macintosh; Intel Mac OS X 10_10_1) AppleWebKit/537.36 (KHTML, like Gecko) Chrome/39.0.2171.95 Safari/537.36" "-"
128.199.163.0 - - [14/Feb/2024:14:11:40 +0100] "GET /wp/wp-admin/install.php HTTP/1.1" 301 264 cronicareinodearagon.com "-" "Mozilla/5.0 (Macintosh; Intel Mac OS X 10_10_1) AppleWebKit/537.36 (KHTML, like Gecko) Chrome/39.0.2171.95 Safari/537.36" "-"
128.199.163.0 - - [14/Feb/2024:14:11:41 +0100] "GET /wp/wp-admin/install.php HTTP/1.1" 404 144876 cronicareinodearagon.com "-" "Mozilla/5.0 (Macintosh; Intel Mac OS X 10_10_1) AppleWebKit/537.36 (KHTML, like Gecko) Chrome/39.0.2171.95 Safari/537.36" "-"
128.199.163.0 - - [14/Feb/2024:14:11:42 +0100] "GET /new/wp-admin/install.php HTTP/1.1" 301 265 cronicareinodearagon.com "-" "Mozilla/5.0 (Macintosh; Intel Mac OS X 10_10_1) AppleWebKit/537.36 (KHTML, like Gecko) Chrome/39.0.2171.95 Safari/537.36" "-"
82.165.88.0 - - [14/Feb/2024:14:11:43 +0100] "POST /wp-cron.php?doing_wp_cron=1707916303.5825240612030029296875 HTTP/1.1" 200 - cronicareinodearagon.com "-" "WordPress/6.2.2; https://cronicareinodearagon.com" "-"
128.199.163.0 - - [14/Feb/2024:14:11:43 +0100] "GET /new/wp-admin/install.php HTTP/1.1" 404 144879 cronicareinodearagon.com "-" "Mozilla/5.0 (Macintosh; Intel Mac OS X 10_10_1) AppleWebKit/537.36 (KHTML, like Gecko) Chrome/39.0.2171.95 Safari/537.36" "-"
128.199.163.0 - - [14/Feb/2024:14:11:44 +0100] "GET /old/wp-admin/install.php HTTP/1.1" 301 265 cronicareinodearagon.com "-" "Mozilla/5.0 (Macintosh; Intel Mac OS X 10_10_1) AppleWebKit/537.36 (KHTML, like Gecko) Chrome/39.0.2171.95 Safari/537.36" "-"
128.199.163.0 - - [14/Feb/2024:14:11:45 +0100] "GET /old/wp-admin/install.php HTTP/1.1" 404 144879 cronicareinodearagon.com "-" "Mozilla/5.0 (Macintosh; Intel Mac OS X 10_10_1) AppleWebKit/537.36 (KHTML, like Gecko) Chrome/39.0.2171.95 Safari/537.36" "-"
128.199.163.0 - - [14/Feb/2024:14:11:46 +0100] "GET /wordpress/wp-admin/install.php HTTP/1.1" 301 271 cronicareinodearagon.com "-" "Mozilla/5.0 (Macintosh; Intel Mac OS X 10_10_1) AppleWebKit/537.36 (KHTML, like Gecko) Chrome/39.0.2171.95 Safari/537.36" "-"
128.199.163.0 - - [14/Feb/2024:14:11:47 +0100] "GET /wordpress/wp-admin/install.php HTTP/1.1" 404 144897 cronicareinodearagon.com "-" "Mozilla/5.0 (Macintosh; Intel Mac OS X 10_10_1) AppleWebKit/537.36 (KHTML, like Gecko) Chrome/39.0.2171.95 Safari/537.36" "-"
128.199.163.0 - - [14/Feb/2024:14:11:49 +0100] "GET /test/wp-admin/install.php HTTP/1.1" 301 266 cronicareinodearagon.com "-" "Mozilla/5.0 (Macintosh; Intel Mac OS X 10_10_1) AppleWebKit/537.36 (KHTML, like Gecko) Chrome/39.0.2171.95 Safari/537.36" "-"
128.199.163.0 - - [14/Feb/2024:14:11:49 +0100] "GET /test/wp-admin/install.php HTTP/1.1" 404 144882 cronicareinodearagon.com "-" "Mozilla/5.0 (Macintosh; Intel Mac OS X 10_10_1) AppleWebKit/537.36 (KHTML, like Gecko) Chrome/39.0.2171.95 Safari/537.36" "-"
128.199.163.0 - - [14/Feb/2024:14:11:51 +0100] "GET /blog/wp-admin/install.php HTTP/1.1" 301 266 cronicareinodearagon.com "-" "Mozilla/5.0 (Macintosh; Intel Mac OS X 10_10_1) AppleWebKit/537.36 (KHTML, like Gecko) Chrome/39.0.2171.95 Safari/537.36" "-"
128.199.163.0 - - [14/Feb/2024:14:11:52 +0100] "GET /blog/wp-admin/install.php HTTP/1.1" 404 144882 cronicareinodearagon.com "-" "Mozilla/5.0 (Macintosh; Intel Mac OS X 10_10_1) AppleWebKit/537.36 (KHTML, like Gecko) Chrome/39.0.2171.95 Safari/537.36" "-"
128.199.163.0 - - [14/Feb/2024:14:11:53 +0100] "GET /cms/wp-admin/install.php HTTP/1.1" 301 265 cronicareinodearagon.com "-" "Mozilla/5.0 (Macintosh; Intel Mac OS X 10_10_1) AppleWebKit/537.36 (KHTML, like Gecko) Chrome/39.0.2171.95 Safari/537.36" "-"
128.199.163.0 - - [14/Feb/2024:14:11:54 +0100] "GET /cms/wp-admin/install.php HTTP/1.1" 404 144879 cronicareinodearagon.com "-" "Mozilla/5.0 (Macintosh; Intel Mac OS X 10_10_1) AppleWebKit/537.36 (KHTML, like Gecko) Chrome/39.0.2171.95 Safari/537.36" "-"
128.199.163.0 - - [14/Feb/2024:14:11:55 +0100] "GET /web/wp-admin/install.php HTTP/1.1" 301 265 cronicareinodearagon.com "-" "Mozilla/5.0 (Macintosh; Intel Mac OS X 10_10_1) AppleWebKit/537.36 (KHTML, like Gecko) Chrome/39.0.2171.95 Safari/537.36" "-"
128.199.163.0 - - [14/Feb/2024:14:11:56 +0100] "GET /web/wp-admin/install.php HTTP/1.1" 404 144879 cronicareinodearagon.com "-" "Mozilla/5.0 (Macintosh; Intel Mac OS X 10_10_1) AppleWebKit/537.36 (KHTML, like Gecko) Chrome/39.0.2171.95 Safari/537.36" "-"
128.199.163.0 - - [14/Feb/2024:14:11:57 +0100] "GET /backup/wp-admin/install.php HTTP/1.1" 301 268 cronicareinodearagon.com "-" "Mozilla/5.0 (Macintosh; Intel Mac OS X 10_10_1) AppleWebKit/537.36 (KHTML, like Gecko) Chrome/39.0.2171.95 Safari/537.36" "-"
128.199.163.0 - - [14/Feb/2024:14:11:58 +0100] "GET /backup/wp-admin/install.php HTTP/1.1" 404 144888 cronicareinodearagon.com "-" "Mozilla/5.0 (Macintosh; Intel Mac OS X 10_10_1) AppleWebKit/537.36 (KHTML, like Gecko) Chrome/39.0.2171.95 Safari/537.36" "-"
128.199.163.0 - - [14/Feb/2024:14:11:59 +0100] "GET /site/wp-admin/install.php HTTP/1.1" 301 266 cronicareinodearagon.com "-" "Mozilla/5.0 (Macintosh; Intel Mac OS X 10_10_1) AppleWebKit/537.36 (KHTML, like Gecko) Chrome/39.0.2171.95 Safari/537.36" "-"
128.199.163.0 - - [14/Feb/2024:14:12:00 +0100] "GET /site/wp-admin/install.php HTTP/1.1" 404 144882 cronicareinodearagon.com "-" "Mozilla/5.0 (Macintosh; Intel Mac OS X 10_10_1) AppleWebKit/537.36 (KHTML, like Gecko) Chrome/39.0.2171.95 Safari/537.36" "-"
128.199.163.0 - - [14/Feb/2024:14:12:01 +0100] "GET /oldsite/wp-admin/install.php HTTP/1.1" 301 269 cronicareinodearagon.com "-" "Mozilla/5.0 (Macintosh; Intel Mac OS X 10_10_1) AppleWebKit/537.36 (KHTML, like Gecko) Chrome/39.0.2171.95 Safari/537.36" "-"
128.199.163.0 - - [14/Feb/2024:14:12:02 +0100] "GET /oldsite/wp-admin/install.php HTTP/1.1" 404 144891 cronicareinodearagon.com "-" "Mozilla/5.0 (Macintosh; Intel Mac OS X 10_10_1) AppleWebKit/537.36 (KHTML, like Gecko) Chrome/39.0.2171.95 Safari/537.36" "-"
143.244.133.0 - - [14/Feb/2024:14:12:39 +0100] "GET / HTTP/1.1" 200 336 cronicademalaga.com "-" "Mozilla/5.0 (X11; Linux x86_64) AppleWebKit/537.36 (KHTML, like Gecko) Chrome/108.0.0.0 Safari/537.36" "-"
185.191.171.0 - - [14/Feb/2024:14:15:20 +0100] "GET /politica/aragon-existe-cooperacion-desarrollo-zaragoza/ HTTP/1.1" 200 160872 cronicareinodearagon.com "-" "Mozilla/5.0 (compatible; SemrushBot/7~bl; +http://www.semrush.com/bot.html)" "-"
82.165.88.0 - - [14/Feb/2024:14:15:21 +0100] "POST /wp-cron.php?doing_wp_cron=1707916521.5260500907897949218750 HTTP/1.1" 200 - cronicareinodearagon.com "-" "WordPress/6.2.2; https://cronicareinodearagon.com" "-"
82.165.88.0 - - [14/Feb/2024:14:15:52 +0100] "POST /wp-cron.php?doing_wp_cron=1707916552.6498970985412597656250 HTTP/1.1" 200 - cronicareinodearagon.com "-" "WordPress/6.2.2; https://cronicareinodearagon.com" "-"
85.208.96.0 - - [14/Feb/2024:14:15:52 +0100] "GET /sociedad/empleadas-hogar-mejora-prestaciones/ HTTP/1.1" 200 164000 cronicareinodearagon.com "-" "Mozilla/5.0 (compatible; SemrushBot/7~bl; +http://www.semrush.com/bot.html)" "-"
68.183.65.0 - - [14/Feb/2024:14:17:47 +0100] "GET / HTTP/1.1" 200 336 cronicadevalencia.com "-" "Mozilla/5.0 (X11; Linux x86_64) AppleWebKit/537.36 (KHTML, like Gecko) Chrome/108.0.0.0 Safari/537.36" "-"
82.165.88.0 - - [14/Feb/2024:14:18:35 +0100] "POST /wp-cron.php?doing_wp_cron=1707916715.4975988864898681640625 HTTP/1.1" 200 - cronicareinodearagon.com "-" "WordPress/6.2.2; https://cronicareinodearagon.com" "-"
185.191.171.0 - - [14/Feb/2024:14:18:35 +0100] "GET /aragon/citas-vacunacion-menores-andalucia/ HTTP/1.1" 200 165583 cronicareinodearagon.com "-" "Mozilla/5.0 (compatible; SemrushBot/7~bl; +http://www.semrush.com/bot.html)" "-"
85.208.98.0 - - [14/Feb/2024:14:19:21 +0100] "GET /robots.txt HTTP/1.1" 301 251 cronicareinodearagon.com "-" "Mozilla/5.0 (compatible; SemrushBot-BA; +http://www.semrush.com/bot.html)" "-"
82.165.88.0 - - [14/Feb/2024:14:19:21 +0100] "POST /wp-cron.php?doing_wp_cron=1707916761.4420299530029296875000 HTTP/1.1" 200 - cronicareinodearagon.com "-" "WordPress/6.2.2; https://cronicareinodearagon.com" "-"
185.191.171.0 - - [14/Feb/2024:14:19:21 +0100] "GET /category/politica/page/40/ HTTP/1.1" 200 148807 cronicareinodearagon.com "-" "Mozilla/5.0 (compatible; SemrushBot/7~bl; +http://www.semrush.com/bot.html)" "-"
85.208.98.0 - - [14/Feb/2024:14:19:22 +0100] "GET /robots.txt HTTP/1.1" 200 202 cronicareinodearagon.com "http://cronicareinodearagon.com/robots.txt" "Mozilla/5.0 (compatible; SemrushBot-BA; +http://www.semrush.com/bot.html)" "-"
82.165.88.0 - - [14/Feb/2024:14:19:48 +0100] "POST /wp-cron.php?doing_wp_cron=1707916788.7680890560150146484375 HTTP/1.1" 200 - cronicareinodearagon.com "-" "WordPress/6.2.2; https://cronicareinodearagon.com" "-"
85.208.98.0 - - [14/Feb/2024:14:19:48 +0100] "GET /aragon/andalucia-world-travel-market-londres/ HTTP/1.1" 200 167542 cronicareinodearagon.com "-" "Mozilla/5.0 (compatible; SemrushBot-BA; +http://www.semrush.com/bot.html)" "-"
74.125.209.0 - - [14/Feb/2024:14:20:01 +0100] "GET /category/educacion/feed/ HTTP/1.1" 200 56994 cronicareinodearagon.com "-" "FeedFetcher-Google; (+http://www.google.com/feedfetcher.html)" "-"
134.209.212.0 - - [14/Feb/2024:14:22:42 +0100] "POST /wp-login.php HTTP/1.1" 200 9608 cronicareinodearagon.com "-" "Mozilla/5.0 (Windows NT 6.1) AppleWebKit/537.36 (KHTML, like Gecko) Chrome/80.0.3987.132 Safari/537.36" "-"
82.165.88.0 - - [14/Feb/2024:14:22:43 +0100] "POST /wp-cron.php?doing_wp_cron=1707916962.9851250648498535156250 HTTP/1.1" 200 - cronicareinodearagon.com "-" "WordPress/6.2.2; https://cronicareinodearagon.com" "-"
188.130.218.0 - - [14/Feb/2024:14:23:26 +0100] "POST /wp-comments-post.php HTTP/1.1" 302 - cronicareinodearagon.com "https://cronicareinodearagon.com/aragon/resultados-elecciones-autonomicas-municipales-aragon/" "Mozilla/5.0 (Windows NT 10.0; Win64; x64) AppleWebKit/537.36 (KHTML, like Gecko) Chrome/120.0.0.0 Safari/537.36" "-"
188.130.218.0 - - [14/Feb/2024:14:23:27 +0100] "GET /aragon/resultados-elecciones-autonomicas-municipales-aragon/ HTTP/1.1" 200 169152 cronicareinodearagon.com "https://cronicareinodearagon.com/wp-comments-post.php" "Mozilla/5.0 (Windows NT 10.0; Win64; x64) AppleWebKit/537.36 (KHTML, like Gecko) Chrome/120.0.0.0 Safari/537.36" "-"
39.105.205.0 - - [14/Feb/2024:14:23:38 +0100] "POST /wp-login.php HTTP/1.1" 200 9591 cronicareinodearagon.com "-" "Mozilla/5.0 (Windows NT 6.1; WOW64) AppleWebKit/537.36 (KHTML, like Gecko) Chrome/51.0.2704.106 Safari/537.36" "-"
135.125.1.0 - - [14/Feb/2024:14:23:39 +0100] "POST /wp-login.php HTTP/1.1" 200 9604 cronicareinodearagon.com "-" "Mozilla/5.0 (Windows NT 6.1) AppleWebKit/537.36 (KHTML, like Gecko) Chrome/65.0.3325.181 Safari/537.36" "-"
185.191.171.0 - - [14/Feb/2024:14:24:01 +0100] "GET /aragon/guitarte-hemos-aprendido-que-tener-una-formacion-politica-propia-es-el-unico-camino/ HTTP/1.1" 200 166019 cronicareinodearagon.com "-" "Mozilla/5.0 (compatible; SemrushBot/7~bl; +http://www.semrush.com/bot.html)" "-"
82.165.88.0 - - [14/Feb/2024:14:24:02 +0100] "POST /wp-cron.php?doing_wp_cron=1707917041.9960689544677734375000 HTTP/1.1" 200 - cronicareinodearagon.com "-" "WordPress/6.2.2; https://cronicareinodearagon.com" "-"
74.125.209.0 - - [14/Feb/2024:14:25:14 +0100] "GET /category/politica/feed/ HTTP/1.1" 200 59109 cronicareinodearagon.com "-" "FeedFetcher-Google; (+http://www.google.com/feedfetcher.html)" "-"
82.165.88.0 - - [14/Feb/2024:14:25:15 +0100] "POST /wp-cron.php?doing_wp_cron=1707917114.9785499572753906250000 HTTP/1.1" 200 - cronicareinodearagon.com "-" "WordPress/6.2.2; https://cronicareinodearagon.com" "-"
82.165.88.0 - - [14/Feb/2024:14:26:02 +0100] "POST /wp-cron.php?doing_wp_cron=1707917162.6558549404144287109375 HTTP/1.1" 200 - cronicareinodearagon.com "-" "WordPress/6.2.2; https://cronicareinodearagon.com" "-"
185.191.171.0 - - [14/Feb/2024:14:26:02 +0100] "GET /category/aragon/page/56/ HTTP/1.1" 200 147353 cronicareinodearagon.com "-" "Mozilla/5.0 (compatible; SemrushBot/7~bl; +http://www.semrush.com/bot.html)" "-"
82.165.88.0 - - [14/Feb/2024:14:27:04 +0100] "POST /wp-cron.php?doing_wp_cron=1707917224.4923100471496582031250 HTTP/1.1" 200 - cronicareinodearagon.com "-" "WordPress/6.2.2; https://cronicareinodearagon.com" "-"
85.208.96.0 - - [14/Feb/2024:14:27:04 +0100] "GET /aragon/queipo-de-llano-macarena-sevilla-hermandad-exhumacion-memoria-democratica/ HTTP/1.1" 200 163002 cronicareinodearagon.com "-" "Mozilla/5.0 (compatible; SemrushBot/7~bl; +http://www.semrush.com/bot.html)" "-"
185.191.171.0 - - [14/Feb/2024:14:27:15 +0100] "GET /aragon/alerta-sanitaria-hepatitis-aguda-ninos/ HTTP/1.1" 200 161955 cronicareinodearagon.com "-" "Mozilla/5.0 (compatible; SemrushBot/7~bl; +http://www.semrush.com/bot.html)" "-"
213.202.233.0 - - [14/Feb/2024:14:27:17 +0100] "GET /cgi-bin/wp-login.php HTTP/1.1" 404 596 cronicadearagon.com "-" "Mozlila/5.0 (Linux; Android 7.0; SM-G892A Bulid/NRD90M; wv) AppleWebKit/537.36 (KHTML, like Gecko) Version/4.0 Chrome/60.0.3112.107 Moblie Safari/537.36" "-"
213.202.233.0 - - [14/Feb/2024:14:27:44 +0100] "GET /wp-admin/includes/wp-login.php HTTP/1.1" 404 596 cronicadearagon.com "-" "Mozlila/5.0 (Linux; Android 7.0; SM-G892A Bulid/NRD90M; wv) AppleWebKit/537.36 (KHTML, like Gecko) Version/4.0 Chrome/60.0.3112.107 Moblie Safari/537.36" "-"
82.165.88.0 - - [14/Feb/2024:14:27:48 +0100] "POST /wp-cron.php?doing_wp_cron=1707917268.7243928909301757812500 HTTP/1.1" 200 - cronicareinodearagon.com "-" "WordPress/6.2.2; https://cronicareinodearagon.com" "-"
141.94.247.0 - - [14/Feb/2024:14:27:48 +0100] "POST /wp-login.php HTTP/1.1" 200 9620 cronicareinodearagon.com "-" "Mozilla/5.0 (Windows NT 10.0; Win64; x64) AppleWebKit/537.36 (KHTML, like Gecko) Chrome/87.0.4280.88 Safari/537.36" "-"
213.202.233.0 - - [14/Feb/2024:14:28:00 +0100] "GET /wp-admin/user/wp-login.php HTTP/1.1" 404 596 cronicadearagon.com "-" "Mozlila/5.0 (Linux; Android 7.0; SM-G892A Bulid/NRD90M; wv) AppleWebKit/537.36 (KHTML, like Gecko) Version/4.0 Chrome/60.0.3112.107 Moblie Safari/537.36" "-"
213.202.233.0 - - [14/Feb/2024:14:28:18 +0100] "GET /wp-content/admin.php HTTP/1.1" 404 596 cronicadearagon.com "-" "Mozlila/5.0 (Linux; Android 7.0; SM-G892A Bulid/NRD90M; wv) AppleWebKit/537.36 (KHTML, like Gecko) Version/4.0 Chrome/60.0.3112.107 Moblie Safari/537.36" "-"
213.202.233.0 - - [14/Feb/2024:14:28:35 +0100] "GET /wp-admin/css/wp-login.php HTTP/1.1" 404 596 cronicadearagon.com "-" "Mozlila/5.0 (Linux; Android 7.0; SM-G892A Bulid/NRD90M; wv) AppleWebKit/537.36 (KHTML, like Gecko) Version/4.0 Chrome/60.0.3112.107 Moblie Safari/537.36" "-"
213.202.233.0 - - [14/Feb/2024:14:28:58 +0100] "GET /.tmb/wp-login.php HTTP/1.1" 300 583 cronicadearagon.com "-" "Mozlila/5.0 (Linux; Android 7.0; SM-G892A Bulid/NRD90M; wv) AppleWebKit/537.36 (KHTML, like Gecko) Version/4.0 Chrome/60.0.3112.107 Moblie Safari/537.36" "-"
213.202.233.0 - - [14/Feb/2024:14:30:10 +0100] "GET /wp-content/plugins/classic-editor/wp-login.php HTTP/1.1" 404 596 cronicadearagon.com "-" "Mozlila/5.0 (Linux; Android 7.0; SM-G892A Bulid/NRD90M; wv) AppleWebKit/537.36 (KHTML, like Gecko) Version/4.0 Chrome/60.0.3112.107 Moblie Safari/537.36" "-"
213.202.233.0 - - [14/Feb/2024:14:30:38 +0100] "GET /wp-includes/pomo/wp-login.php HTTP/1.1" 404 596 cronicadearagon.com "-" "Mozlila/5.0 (Linux; Android 7.0; SM-G892A Bulid/NRD90M; wv) AppleWebKit/537.36 (KHTML, like Gecko) Version/4.0 Chrome/60.0.3112.107 Moblie Safari/537.36" "-"
213.202.233.0 - - [14/Feb/2024:14:31:01 +0100] "GET /wp-includes/customize/wp-login.php HTTP/1.1" 404 596 cronicadearagon.com "-" "Mozlila/5.0 (Linux; Android 7.0; SM-G892A Bulid/NRD90M; wv) AppleWebKit/537.36 (KHTML, like Gecko) Version/4.0 Chrome/60.0.3112.107 Moblie Safari/537.36" "-"
213.202.233.0 - - [14/Feb/2024:14:31:06 +0100] "GET /wp-admin/network/wp-login.php HTTP/1.1" 404 596 cronicadearagon.com "-" "Mozlila/5.0 (Linux; Android 7.0; SM-G892A Bulid/NRD90M; wv) AppleWebKit/537.36 (KHTML, like Gecko) Version/4.0 Chrome/60.0.3112.107 Moblie Safari/537.36" "-"
82.165.88.0 - - [14/Feb/2024:14:31:16 +0100] "POST /wp-cron.php?doing_wp_cron=1707917476.5660619735717773437500 HTTP/1.1" 200 - cronicareinodearagon.com "-" "WordPress/6.2.2; https://cronicareinodearagon.com" "-"
85.208.96.0 - - [14/Feb/2024:14:31:16 +0100] "GET /politica/liz-truss-dimite-como-primera-ministra-de-reino-unido-tras-45-dias-en-el-cargo/ HTTP/1.1" 200 161590 cronicareinodearagon.com "-" "Mozilla/5.0 (compatible; SemrushBot/7~bl; +http://www.semrush.com/bot.html)" "-"
213.202.233.0 - - [14/Feb/2024:14:31:30 +0100] "GET /wp-admin/maint/wp-login.php HTTP/1.1" 404 596 cronicadearagon.com "-" "Mozlila/5.0 (Linux; Android 7.0; SM-G892A Bulid/NRD90M; wv) AppleWebKit/537.36 (KHTML, like Gecko) Version/4.0 Chrome/60.0.3112.107 Moblie Safari/537.36" "-"
213.202.233.0 - - [14/Feb/2024:14:31:40 +0100] "GET /wp-includes/fonts/wp-login.php HTTP/1.1" 404 596 cronicadearagon.com "-" "Mozlila/5.0 (Linux; Android 7.0; SM-G892A Bulid/NRD90M; wv) AppleWebKit/537.36 (KHTML, like Gecko) Version/4.0 Chrome/60.0.3112.107 Moblie Safari/537.36" "-"
213.202.233.0 - - [14/Feb/2024:14:31:57 +0100] "GET /wp-admin/images/wp-login.php HTTP/1.1" 404 596 cronicadearagon.com "-" "Mozlila/5.0 (Linux; Android 7.0; SM-G892A Bulid/NRD90M; wv) AppleWebKit/537.36 (KHTML, like Gecko) Version/4.0 Chrome/60.0.3112.107 Moblie Safari/537.36" "-"
213.202.233.0 - - [14/Feb/2024:14:32:08 +0100] "GET /ms.php HTTP/1.1" 404 596 cronicadearagon.com "-" "Mozlila/5.0 (Linux; Android 7.0; SM-G892A Bulid/NRD90M; wv) AppleWebKit/537.36 (KHTML, like Gecko) Version/4.0 Chrome/60.0.3112.107 Moblie Safari/537.36" "-"
178.128.26.0 - - [14/Feb/2024:14:32:26 +0100] "POST /wp-login.php HTTP/1.1" 200 9612 cronicareinodearagon.com "-" "Mozilla/5.0 (Windows NT 6.1; WOW64) AppleWebKit/537.36 (KHTML, like Gecko) Chrome/52.0.2743.116 Safari/537.36" "-"
82.165.88.0 - - [14/Feb/2024:14:32:27 +0100] "POST /wp-cron.php?doing_wp_cron=1707917547.1121408939361572265625 HTTP/1.1" 200 - cronicareinodearagon.com "-" "WordPress/6.2.2; https://cronicareinodearagon.com" "-"
213.202.233.0 - - [14/Feb/2024:14:32:42 +0100] "GET /wp-admin/user/wp-login.php HTTP/1.1" 404 596 cronicadearagon.com "-" "Mozlila/5.0 (Linux; Android 7.0; SM-G892A Bulid/NRD90M; wv) AppleWebKit/537.36 (KHTML, like Gecko) Version/4.0 Chrome/60.0.3112.107 Moblie Safari/537.36" "-"
213.202.233.0 - - [14/Feb/2024:14:32:49 +0100] "GET /wp-admin/about.php HTTP/1.1" 404 596 cronicadearagon.com "-" "Mozlila/5.0 (Linux; Android 7.0; SM-G892A Bulid/NRD90M; wv) AppleWebKit/537.36 (KHTML, like Gecko) Version/4.0 Chrome/60.0.3112.107 Moblie Safari/537.36" "-"
213.202.233.0 - - [14/Feb/2024:14:33:00 +0100] "GET /wp-admin/options.php HTTP/1.1" 404 596 cronicadearagon.com "-" "Mozlila/5.0 (Linux; Android 7.0; SM-G892A Bulid/NRD90M; wv) AppleWebKit/537.36 (KHTML, like Gecko) Version/4.0 Chrome/60.0.3112.107 Moblie Safari/537.36" "-"
213.202.233.0 - - [14/Feb/2024:14:33:17 +0100] "GET /bala.php HTTP/1.1" 404 596 cronicadearagon.com "-" "Mozlila/5.0 (Linux; Android 7.0; SM-G892A Bulid/NRD90M; wv) AppleWebKit/537.36 (KHTML, like Gecko) Version/4.0 Chrome/60.0.3112.107 Moblie Safari/537.36" "-"
213.202.233.0 - - [14/Feb/2024:14:33:51 +0100] "GET /alfanew.php HTTP/1.1" 404 596 cronicadearagon.com "-" "Mozlila/5.0 (Linux; Android 7.0; SM-G892A Bulid/NRD90M; wv) AppleWebKit/537.36 (KHTML, like Gecko) Version/4.0 Chrome/60.0.3112.107 Moblie Safari/537.36" "-"
213.202.233.0 - - [14/Feb/2024:14:34:01 +0100] "GET /wp-content/plugins/core/include.php HTTP/1.1" 404 596 cronicadearagon.com "-" "Mozlila/5.0 (Linux; Android 7.0; SM-G892A Bulid/NRD90M; wv) AppleWebKit/537.36 (KHTML, like Gecko) Version/4.0 Chrome/60.0.3112.107 Moblie Safari/537.36" "-"
159.89.127.0 - - [14/Feb/2024:14:34:07 +0100] "GET / HTTP/1.1" 200 336 cronicadecadiz.com "-" "Mozilla/5.0 (X11; Linux x86_64) AppleWebKit/537.36 (KHTML, like Gecko) Chrome/108.0.0.0 Safari/537.36" "-"
213.202.233.0 - - [14/Feb/2024:14:34:24 +0100] "GET /bb.php HTTP/1.1" 404 596 cronicadearagon.com "-" "Mozlila/5.0 (Linux; Android 7.0; SM-G892A Bulid/NRD90M; wv) AppleWebKit/537.36 (KHTML, like Gecko) Version/4.0 Chrome/60.0.3112.107 Moblie Safari/537.36" "-"
213.202.233.0 - - [14/Feb/2024:14:34:45 +0100] "GET /ms.php HTTP/1.1" 404 596 cronicadearagon.com "-" "Mozlila/5.0 (Linux; Android 7.0; SM-G892A Bulid/NRD90M; wv) AppleWebKit/537.36 (KHTML, like Gecko) Version/4.0 Chrome/60.0.3112.107 Moblie Safari/537.36" "-"
213.202.233.0 - - [14/Feb/2024:14:35:16 +0100] "GET /wp-admin/user/wp-login.php HTTP/1.1" 404 596 cronicadearagon.com "-" "Mozlila/5.0 (Linux; Android 7.0; SM-G892A Bulid/NRD90M; wv) AppleWebKit/537.36 (KHTML, like Gecko) Version/4.0 Chrome/60.0.3112.107 Moblie Safari/537.36" "-"
213.202.233.0 - - [14/Feb/2024:14:35:32 +0100] "GET /wp-admin/about.php HTTP/1.1" 404 596 cronicadearagon.com "-" "Mozlila/5.0 (Linux; Android 7.0; SM-G892A Bulid/NRD90M; wv) AppleWebKit/537.36 (KHTML, like Gecko) Version/4.0 Chrome/60.0.3112.107 Moblie Safari/537.36" "-"
