File: /homepages/20/d917057205/htdocs/_ProviderRestore/logs/access.log.07.3
82.165.88.0 - - [14/Feb/2024:00:03:15 +0100] "POST /wp-cron.php?doing_wp_cron=1707865395.8123109340667724609375 HTTP/1.1" 200 - cronicareinodearagon.com "-" "WordPress/6.2.2; https://cronicareinodearagon.com" "-"
185.191.171.0 - - [14/Feb/2024:00:03:15 +0100] "GET /aragon/feminismo-espadas-psoe-andalucia-campoamor-premios/ HTTP/1.1" 200 167936 cronicareinodearagon.com "-" "Mozilla/5.0 (compatible; SemrushBot/7~bl; +http://www.semrush.com/bot.html)" "-"
185.191.171.0 - - [14/Feb/2024:00:06:50 +0100] "GET /aragon/consumo-responde-planificar-vuelta-cole/ HTTP/1.1" 200 35272 cronicareinodearagon.com "-" "Mozilla/5.0 (compatible; SemrushBot/7~bl; +http://www.semrush.com/bot.html)" "-"
82.165.88.0 - - [14/Feb/2024:00:06:51 +0100] "POST /wp-cron.php?doing_wp_cron=1707865611.0869369506835937500000 HTTP/1.1" 200 - cronicareinodearagon.com "-" "WordPress/6.2.2; https://cronicareinodearagon.com" "-"
185.191.171.0 - - [14/Feb/2024:00:07:25 +0100] "GET /sociedad/estudio-universidad-granada-contanimantes-escolares/ HTTP/1.1" 200 167771 cronicareinodearagon.com "-" "Mozilla/5.0 (compatible; SemrushBot/7~bl; +http://www.semrush.com/bot.html)" "-"
101.68.211.0 - - [14/Feb/2024:00:07:42 +0100] "GET / HTTP/1.1" 200 336 cronicadesevilla.com "-" "Mozilla/5.0 (Windows NT 6.1) AppleWebKit/537.36 (KHTML, like Gecko) Chrome/71.0.2623.112 Safari/537.36" "-"
185.191.171.0 - - [14/Feb/2024:00:08:24 +0100] "GET /aragon/junta-de-andalucia-incendios-forestales/ HTTP/1.1" 200 158928 cronicareinodearagon.com "-" "Mozilla/5.0 (compatible; SemrushBot/7~bl; +http://www.semrush.com/bot.html)" "-"
82.165.88.0 - - [14/Feb/2024:00:08:25 +0100] "POST /wp-cron.php?doing_wp_cron=1707865705.0079751014709472656250 HTTP/1.1" 200 - cronicareinodearagon.com "-" "WordPress/6.2.2; https://cronicareinodearagon.com" "-"
85.215.218.0 - - [14/Feb/2024:00:08:51 +0100] "POST /xmlrpc.php HTTP/1.1" 200 416 cronicareinodearagon.com "-" "Mozilla/5.0 (Windows NT 10.0; Win64; x64; rv:76.0) Gecko/20100101 Firefox/76.0" "-"
82.165.88.0 - - [14/Feb/2024:00:08:52 +0100] "POST /wp-cron.php?doing_wp_cron=1707865732.4124729633331298828125 HTTP/1.1" 200 - cronicareinodearagon.com "-" "WordPress/6.2.2; https://cronicareinodearagon.com" "-"
101.68.211.0 - - [14/Feb/2024:00:10:14 +0100] "GET /defaultsite%22%20/ HTTP/1.1" 404 596 cronicadesevilla.com "-" "Mozilla/5.0 (Windows NT 6.1; WOW64) AppleWebKit/537.36 (KHTML, like Gecko) Chrome/63.0.3239.132 Safari/537.36 QIHU 360SE" "-"
101.68.211.0 - - [14/Feb/2024:00:10:16 +0100] "GET /robots.txt HTTP/1.1" 200 188 cronicadesevilla.com "-" "Mozilla/5.0 (Windows NT 6.1; WOW64) AppleWebKit/537.36 (KHTML, like Gecko) Chrome/63.0.3239.132 Safari/537.36 QIHU 360SE" "-"
82.165.88.0 - - [14/Feb/2024:00:11:35 +0100] "POST /wp-cron.php?doing_wp_cron=1707865895.6043529510498046875000 HTTP/1.1" 200 - cronicareinodearagon.com "-" "WordPress/6.2.2; https://cronicareinodearagon.com" "-"
185.191.171.0 - - [14/Feb/2024:00:11:35 +0100] "GET /aragon/facua-movilizaciones-defensa-sanidad-publica/ HTTP/1.1" 200 164824 cronicareinodearagon.com "-" "Mozilla/5.0 (compatible; SemrushBot/7~bl; +http://www.semrush.com/bot.html)" "-"
101.68.211.0 - - [14/Feb/2024:00:12:54 +0100] "GET / HTTP/1.1" 200 336 cronicadesevilla.com "-" "Mozilla/5.0 (Windows NT 6.1) AppleWebKit/537.36 (KHTML, like Gecko) Chrome/71.0.2623.112 Safari/537.36" "-"
43.153.216.0 - - [14/Feb/2024:00:13:17 +0100] "GET / HTTP/1.1" 200 336 cronicademalaga.com "-" "Mozilla/5.0 (iPhone; CPU iPhone OS 13_2_3 like Mac OS X) AppleWebKit/605.1.15 (KHTML, like Gecko) Version/13.0.3 Mobile/15E148 Safari/604.1" "-"
43.153.216.0 - - [14/Feb/2024:00:13:17 +0100] "GET / HTTP/1.1" 200 336 cronicadehuelva.com "-" "Mozilla/5.0 (iPhone; CPU iPhone OS 13_2_3 like Mac OS X) AppleWebKit/605.1.15 (KHTML, like Gecko) Version/13.0.3 Mobile/15E148 Safari/604.1" "-"
43.153.216.0 - - [14/Feb/2024:00:13:18 +0100] "GET / HTTP/1.1" 200 336 cronicadearagon.com "-" "Mozilla/5.0 (iPhone; CPU iPhone OS 13_2_3 like Mac OS X) AppleWebKit/605.1.15 (KHTML, like Gecko) Version/13.0.3 Mobile/15E148 Safari/604.1" "-"
84.77.72.0 - - [14/Feb/2024:00:14:30 +0100] "GET /wp-content/uploads/2023/05/jornada-fima-digital.jpg HTTP/1.1" 200 32719 cronicareinodearagon.com "https://www.google.com/" "Mozilla/5.0 (Linux; Android 11; LM-K510 Build/RKQ1.210420.001; wv) AppleWebKit/537.36 (KHTML, like Gecko) Version/4.0 Chrome/121.0.6167.143 Mobile Safari/537.36 GoogleApp/15.4.35.28.arm" "-"
74.125.209.0 - - [14/Feb/2024:00:15:27 +0100] "GET /category/sociedad/feed/ HTTP/1.1" 200 16233 cronicareinodearagon.com "-" "FeedFetcher-Google; (+http://www.google.com/feedfetcher.html)" "-"
101.68.211.0 - - [14/Feb/2024:00:17:00 +0100] "GET / HTTP/1.1" 200 336 cronicadesevilla.com "-" "Mozilla/5.0 (Windows NT 6.1; WOW64) AppleWebKit/537.36 (KHTML, like Gecko) Chrome/63.0.3239.132 Safari/537.36 QIHU 360SE" "-"
101.68.211.0 - - [14/Feb/2024:00:17:00 +0100] "GET /favicon.ico HTTP/1.1" 404 596 cronicadesevilla.com "-" "Mozilla/5.0 (Windows NT 6.1; WOW64) AppleWebKit/537.36 (KHTML, like Gecko) Chrome/63.0.3239.132 Safari/537.36 QIHU 360SE" "-"
101.68.211.0 - - [14/Feb/2024:00:17:01 +0100] "GET /defaultsite%22%20/ HTTP/1.1" 404 596 cronicadesevilla.com "-" "Mozilla/5.0 (Windows NT 6.1; WOW64) AppleWebKit/537.36 (KHTML, like Gecko) Chrome/63.0.3239.132 Safari/537.36 QIHU 360SE" "-"
101.68.211.0 - - [14/Feb/2024:00:17:02 +0100] "GET /robots.txt HTTP/1.1" 200 188 cronicadesevilla.com "-" "Mozilla/5.0 (Windows NT 6.1; WOW64) AppleWebKit/537.36 (KHTML, like Gecko) Chrome/63.0.3239.132 Safari/537.36 QIHU 360SE" "-"
124.227.133.0 - - [14/Feb/2024:00:20:07 +0100] "POST /wp-comments-post.php HTTP/1.1" 302 - cronicareinodearagon.com "-" "Mozilla/5.0 (Windows NT 10.0; Win64; x64) AppleWebKit/537.36 (KHTML, like Gecko) Chrome/108.0.0.0 Safari/537.36 Edg/108.0.1462.46" "-"
82.165.88.0 - - [14/Feb/2024:00:20:08 +0100] "POST /wp-cron.php?doing_wp_cron=1707866408.6644830703735351562500 HTTP/1.1" 200 - cronicareinodearagon.com "-" "WordPress/6.2.2; https://cronicareinodearagon.com" "-"
124.227.133.0 - - [14/Feb/2024:00:20:09 +0100] "GET /sociedad/desativado-nivel-1-incendio-guajares/ HTTP/1.1" 200 164018 cronicareinodearagon.com "-" "Mozilla/5.0 (Windows NT 10.0; Win64; x64) AppleWebKit/537.36 (KHTML, like Gecko) Chrome/108.0.0.0 Safari/537.36 Edg/108.0.1462.46" "-"
3.95.23.0 - - [14/Feb/2024:00:20:24 +0100] "GET / HTTP/1.1" 200 336 grupocronicaenlibertad.com "-" "Mozilla/5.0 (Macintosh; Intel Mac OS X 10_15_5) AppleWebKit/537.36 (KHTML, like Gecko) Chrome/95.0.4638.54 Safari/537.36" "-"
3.95.23.0 - - [14/Feb/2024:00:20:24 +0100] "GET /defaultsite HTTP/1.1" 200 18994 grupocronicaenlibertad.com "-" "Mozilla/5.0 (Macintosh; Intel Mac OS X 10_15_5) AppleWebKit/537.36 (KHTML, like Gecko) Chrome/95.0.4638.54 Safari/537.36" "-"
82.165.88.0 - - [14/Feb/2024:00:24:13 +0100] "POST /wp-cron.php?doing_wp_cron=1707866653.7642590999603271484375 HTTP/1.1" 200 - cronicareinodearagon.com "-" "WordPress/6.2.2; https://cronicareinodearagon.com" "-"
185.191.171.0 - - [14/Feb/2024:00:24:13 +0100] "GET /aragon/forestalia-consumo-electrico-gratuito-aragon/ HTTP/1.1" 200 163287 cronicareinodearagon.com "-" "Mozilla/5.0 (compatible; SemrushBot/7~bl; +http://www.semrush.com/bot.html)" "-"
85.208.96.0 - - [14/Feb/2024:00:29:31 +0100] "GET /aragon/dilatan-listas-espera-sanidad-publica-andaluza-junta/ HTTP/1.1" 200 169389 cronicareinodearagon.com "-" "Mozilla/5.0 (compatible; SemrushBot/7~bl; +http://www.semrush.com/bot.html)" "-"
82.165.88.0 - - [14/Feb/2024:00:29:32 +0100] "POST /wp-cron.php?doing_wp_cron=1707866972.1456699371337890625000 HTTP/1.1" 200 - cronicareinodearagon.com "-" "WordPress/6.2.2; https://cronicareinodearagon.com" "-"
82.165.88.0 - - [14/Feb/2024:00:30:49 +0100] "POST /wp-cron.php?doing_wp_cron=1707867049.5986359119415283203125 HTTP/1.1" 200 - cronicareinodearagon.com "-" "WordPress/6.2.2; https://cronicareinodearagon.com" "-"
89.32.45.0 - - [14/Feb/2024:00:30:49 +0100] "POST /xmlrpc.php HTTP/1.1" 200 416 cronicareinodearagon.com "-" "Mozilla/5.0 (X11; Ubuntu; Linux i686; rv:24.0) Gecko/20100101 Firefox/24.0" "-"
54.88.37.0 - - [14/Feb/2024:00:30:53 +0100] "POST /xmlrpc.php HTTP/1.1" 200 416 cronicareinodearagon.com "-" "Mozilla/5.0 (Windows NT 10.0; Win64; x64) AppleWebKit/537.36 (KHTML, like Gecko) Chrome/64.0.3282.186 Safari/537.36" "-"
2a02:4780:: - - [14/Feb/2024:00:31:06 +0100] "POST /xmlrpc.php HTTP/1.1" 200 416 cronicareinodearagon.com "-" "Mozilla/5.0 (Windows NT 10.0; Win64; x64) AppleWebKit/537.36 (KHTML, like Gecko) Chrome/91.0.4472.114 Safari/537.36" "-"
103.201.130.0 - - [14/Feb/2024:00:31:07 +0100] "POST /xmlrpc.php HTTP/1.1" 200 416 cronicareinodearagon.com "-" "Mozilla/5.0 (Windows NT 10.0; Win64; x64) AppleWebKit/537.36 (KHTML, like Gecko) Chrome/72.0.3626.121 Safari/537.36" "-"
103.201.130.0 - - [14/Feb/2024:00:31:15 +0100] "POST /xmlrpc.php HTTP/1.1" 200 416 cronicareinodearagon.com "-" "Mozilla/5.0 (Windows NT 10.0; Win64; x64; rv:61.0) Gecko/20100101 Firefox/61.0" "-"
68.178.150.0 - - [14/Feb/2024:00:31:16 +0100] "POST /xmlrpc.php HTTP/1.1" 503 299 cronicareinodearagon.com "-" "Mozilla/5.0 (Windows NT 10.0; Win64; x64) AppleWebKit/537.36 (KHTML, like Gecko) Chrome/63.0.3239.132 Safari/537.36" "-"
46.105.97.0 - - [14/Feb/2024:00:31:18 +0100] "POST /xmlrpc.php HTTP/1.1" 200 416 cronicareinodearagon.com "-" "Mozilla/5.0 (Windows; U; Windows NT 5.1; en-US; rv:1.7.5) Gecko/20041107 Firefox/1.0" "-"
45.87.253.0 - - [14/Feb/2024:00:31:40 +0100] "POST /wp-comments-post.php HTTP/1.1" 302 - cronicareinodearagon.com "https://cronicareinodearagon.com/aragon/resultados-elecciones-autonomicas-municipales-aragon/" "Mozilla/5.0 (Windows NT 10.0; Win64; x64) AppleWebKit/537.36 (KHTML, like Gecko) Chrome/120.0.0.0 Safari/537.36" "-"
45.87.253.0 - - [14/Feb/2024:00:31:41 +0100] "GET /aragon/resultados-elecciones-autonomicas-municipales-aragon/ HTTP/1.1" 200 169152 cronicareinodearagon.com "https://cronicareinodearagon.com/wp-comments-post.php" "Mozilla/5.0 (Windows NT 10.0; Win64; x64) AppleWebKit/537.36 (KHTML, like Gecko) Chrome/120.0.0.0 Safari/537.36" "-"
82.165.88.0 - - [14/Feb/2024:00:31:42 +0100] "POST /wp-cron.php?doing_wp_cron=1707867102.4819400310516357421875 HTTP/1.1" 200 - cronicareinodearagon.com "-" "WordPress/6.2.2; https://cronicareinodearagon.com" "-"
185.191.171.0 - - [14/Feb/2024:00:31:42 +0100] "GET /robots.txt HTTP/1.1" 200 202 cronicareinodearagon.com "-" "Mozilla/5.0 (compatible; SemrushBot/7~bl; +http://www.semrush.com/bot.html)" "-"
185.191.171.0 - - [14/Feb/2024:00:31:44 +0100] "GET /aragon/bonarea-afrontara-la-tercera-de-sus-cuatro-fases-tras-una-inversion-de-170-me/ HTTP/1.1" 200 166142 cronicareinodearagon.com "-" "Mozilla/5.0 (compatible; SemrushBot/7~bl; +http://www.semrush.com/bot.html)" "-"
82.165.88.0 - - [14/Feb/2024:00:36:51 +0100] "POST /wp-cron.php?doing_wp_cron=1707867411.4030880928039550781250 HTTP/1.1" 200 - cronicareinodearagon.com "-" "WordPress/6.2.2; https://cronicareinodearagon.com" "-"
54.36.148.0 - - [14/Feb/2024:00:36:51 +0100] "GET /category/aragon/page/2/ HTTP/1.1" 200 148160 cronicareinodearagon.com "-" "Mozilla/5.0 (compatible; AhrefsBot/7.0; +http://ahrefs.com/robot/)" "-"
74.125.209.0 - - [14/Feb/2024:00:37:41 +0100] "GET /category/educacion/feed/ HTTP/1.1" 200 16487 cronicareinodearagon.com "-" "FeedFetcher-Google; (+http://www.google.com/feedfetcher.html)" "-"
74.125.209.0 - - [14/Feb/2024:00:40:32 +0100] "GET /category/sociedad/feed/ HTTP/1.1" 200 16233 cronicareinodearagon.com "-" "FeedFetcher-Google; (+http://www.google.com/feedfetcher.html)" "-"
52.167.144.0 - - [14/Feb/2024:00:43:23 +0100] "GET /robots.txt HTTP/1.1" 200 188 cronicadelpaisvalenciano.com "-" "Mozilla/5.0 AppleWebKit/537.36 (KHTML, like Gecko; compatible; bingbot/2.0; +http://www.bing.com/bingbot.htm) Chrome/116.0.1938.76 Safari/537.36" "-"
52.167.144.0 - - [14/Feb/2024:00:43:29 +0100] "GET / HTTP/1.1" 304 - cronicadelpaisvalenciano.com "-" "Mozilla/5.0 AppleWebKit/537.36 (KHTML, like Gecko; compatible; bingbot/2.0; +http://www.bing.com/bingbot.htm) Chrome/116.0.1938.76 Safari/537.36" "-"
85.208.96.0 - - [14/Feb/2024:00:43:39 +0100] "GET /economia/paso-gobierno-junta-ayuntamiento-sevilla-metro/ HTTP/1.1" 200 165479 cronicareinodearagon.com "-" "Mozilla/5.0 (compatible; SemrushBot/7~bl; +http://www.semrush.com/bot.html)" "-"
82.165.88.0 - - [14/Feb/2024:00:43:40 +0100] "POST /wp-cron.php?doing_wp_cron=1707867820.2101049423217773437500 HTTP/1.1" 200 - cronicareinodearagon.com "-" "WordPress/6.2.2; https://cronicareinodearagon.com" "-"
85.208.96.0 - - [14/Feb/2024:00:43:54 +0100] "GET /educacion/vox-dos-hermanas-censura-taller-educacion-afectivo-sexual/ HTTP/1.1" 200 163162 cronicareinodearagon.com "-" "Mozilla/5.0 (compatible; SemrushBot/7~bl; +http://www.semrush.com/bot.html)" "-"
82.165.88.0 - - [14/Feb/2024:00:43:55 +0100] "POST /wp-cron.php?doing_wp_cron=1707867835.1673951148986816406250 HTTP/1.1" 200 - cronicareinodearagon.com "-" "WordPress/6.2.2; https://cronicareinodearagon.com" "-"
85.208.96.0 - - [14/Feb/2024:00:44:26 +0100] "GET /educacion/graduacion-escuela-universitaria-enfermeria/ HTTP/1.1" 200 168649 cronicareinodearagon.com "-" "Mozilla/5.0 (compatible; SemrushBot/7~bl; +http://www.semrush.com/bot.html)" "-"
82.165.88.0 - - [14/Feb/2024:00:46:45 +0100] "POST /wp-cron.php?doing_wp_cron=1707868005.8415479660034179687500 HTTP/1.1" 200 - cronicareinodearagon.com "-" "WordPress/6.2.2; https://cronicareinodearagon.com" "-"
85.208.96.0 - - [14/Feb/2024:00:46:45 +0100] "GET /aragon/marin-niega-listas-conjuntas-pp-elecciones/ HTTP/1.1" 200 164581 cronicareinodearagon.com "-" "Mozilla/5.0 (compatible; SemrushBot/7~bl; +http://www.semrush.com/bot.html)" "-"
43.134.170.0 - - [14/Feb/2024:00:46:53 +0100] "GET / HTTP/1.1" 200 336 cronicadesevilla.com "-" "Mozilla/5.0 (iPhone; CPU iPhone OS 13_2_3 like Mac OS X) AppleWebKit/605.1.15 (KHTML, like Gecko) Version/13.0.3 Mobile/15E148 Safari/604.1" "-"
43.134.170.0 - - [14/Feb/2024:00:46:53 +0100] "GET / HTTP/1.1" 200 336 cronicadegranada.com "-" "Mozilla/5.0 (iPhone; CPU iPhone OS 13_2_3 like Mac OS X) AppleWebKit/605.1.15 (KHTML, like Gecko) Version/13.0.3 Mobile/15E148 Safari/604.1" "-"
43.134.170.0 - - [14/Feb/2024:00:46:54 +0100] "GET / HTTP/1.1" 200 336 cronicadealmeria.com "-" "Mozilla/5.0 (iPhone; CPU iPhone OS 13_2_3 like Mac OS X) AppleWebKit/605.1.15 (KHTML, like Gecko) Version/13.0.3 Mobile/15E148 Safari/604.1" "-"
43.134.170.0 - - [14/Feb/2024:00:46:54 +0100] "GET / HTTP/1.1" 200 336 cronicadecordoba.com "-" "Mozilla/5.0 (iPhone; CPU iPhone OS 13_2_3 like Mac OS X) AppleWebKit/605.1.15 (KHTML, like Gecko) Version/13.0.3 Mobile/15E148 Safari/604.1" "-"
74.125.209.0 - - [14/Feb/2024:00:48:52 +0100] "GET /category/politica/feed/ HTTP/1.1" 200 59109 cronicareinodearagon.com "-" "FeedFetcher-Google; (+http://www.google.com/feedfetcher.html)" "-"
184.154.76.0 - - [14/Feb/2024:00:49:06 +0100] "GET / HTTP/1.1" 200 336 www.cronicademalaga.com "http://www.google.com/url?url=www.cronicademalaga.com&yahoo.com" "Mozilla/5.0 (compatible; MSIE 9.0; Windows NT 6.1; WOW64; Trident/6.0)" "-"
184.154.76.0 - - [14/Feb/2024:00:49:06 +0100] "GET /th1s_1s_a_4o4.html HTTP/1.1" 404 596 www.cronicademalaga.com "http://www.google.com/url?url=www.cronicademalaga.com&yahoo.com" "Mozilla/5.0 (compatible; MSIE 9.0; Windows NT 6.1; WOW64; Trident/6.0)" "-"
184.154.76.0 - - [14/Feb/2024:00:49:06 +0100] "GET /spicons/templates/defaultsite/es-ES/images/domain.svg HTTP/1.1" 200 2095 www.cronicademalaga.com "http://www.google.com/url?url=www.cronicademalaga.com&yahoo.com" "Mozilla/5.0 (compatible; MSIE 9.0; Windows NT 6.1; WOW64; Trident/6.0)" "-"
184.154.76.0 - - [14/Feb/2024:00:49:06 +0100] "GET /spicons/templates/defaultsite/es-ES/images/domain_transfer.svg HTTP/1.1" 200 1201 www.cronicademalaga.com "-" "SiteLockSpider [en] (WinNT; I ;Nav)" "-"
184.154.76.0 - - [14/Feb/2024:00:49:07 +0100] "GET /defaultsite HTTP/1.1" 200 18994 www.cronicademalaga.com "-" "SiteLockSpider [en] (WinNT; I ;Nav)" "-"
184.154.76.0 - - [14/Feb/2024:00:49:07 +0100] "GET /spicons/templates/defaultsite/es-ES/images/css/main.css HTTP/1.1" 200 486180 www.cronicademalaga.com "http://www.google.com/url?url=www.cronicademalaga.com&yahoo.com" "Mozilla/5.0 (compatible; MSIE 9.0; Windows NT 6.1; WOW64; Trident/6.0)" "-"
184.154.76.0 - - [14/Feb/2024:00:49:09 +0100] "GET /domaincheckresult?__SBMT:d359e110d15:=1&__SYNT:d359e110d15:__CMD(domaincheckresult):RETWRP=domainselect&__SYNT:d359e110d15:__CMD(domaincheckresult):SELWRP=multicheck&__SYNT:d359e110d15:__forcestop=true&__pageflow=Order&__sendingdata=1&linkId=ct.btn.check.default-page-check&multicheck.Domain=1 HTTP/1.1" 404 596 www.cronicademalaga.com "-" "SiteLockSpider [en] (WinNT; I ;Nav)" "-"
74.125.209.0 - - [14/Feb/2024:00:49:10 +0100] "GET /category/educacion/feed/ HTTP/1.1" 200 16487 cronicareinodearagon.com "-" "FeedFetcher-Google; (+http://www.google.com/feedfetcher.html)" "-"
82.165.88.0 - - [14/Feb/2024:00:55:34 +0100] "POST /wp-cron.php?doing_wp_cron=1707868534.9669721126556396484375 HTTP/1.1" 200 - cronicareinodearagon.com "-" "WordPress/6.2.2; https://cronicareinodearagon.com" "-"
185.191.171.0 - - [14/Feb/2024:00:55:34 +0100] "GET /aragon/acuerdo-gobierno-aragon-famcp-financiacion/ HTTP/1.1" 200 167925 cronicareinodearagon.com "-" "Mozilla/5.0 (compatible; SemrushBot/7~bl; +http://www.semrush.com/bot.html)" "-"
45.131.193.0 - - [14/Feb/2024:00:56:51 +0100] "GET / HTTP/1.1" 200 336 cronicadeextremadura.com "-" "Go-http-client/1.1" "-"
45.131.193.0 - - [14/Feb/2024:00:56:52 +0100] "GET //wp-includes/css/buttons.css HTTP/1.1" 404 596 cronicadeextremadura.com "-" "Go-http-client/1.1" "-"
45.131.193.0 - - [14/Feb/2024:00:56:52 +0100] "GET // HTTP/1.1" 200 336 cronicadeextremadura.com "-" "Go-http-client/1.1" "-"
45.131.193.0 - - [14/Feb/2024:00:56:52 +0100] "GET // HTTP/1.1" 200 336 cronicadeextremadura.com "-" "Go-http-client/1.1" "-"
84.17.42.0 - - [14/Feb/2024:00:58:04 +0100] "GET /wp-config.php-old HTTP/1.1" 503 299 cronicareinodearagon.com "-" "Mozilla/5.0 (Windows NT 6.3; Win64; x64) AppleWebKit/537.36 (KHTML, like Gecko) Chrome/75.0.3770.100 Safari/537.36" "-"
82.165.88.0 - - [14/Feb/2024:01:02:48 +0100] "POST /wp-cron.php?doing_wp_cron=1707868968.9320371150970458984375 HTTP/1.1" 200 - cronicareinodearagon.com "-" "WordPress/6.2.2; https://cronicareinodearagon.com" "-"
85.208.96.0 - - [14/Feb/2024:01:02:48 +0100] "GET /aragon/revista-science-juanma-moreno-amenaza-donana/ HTTP/1.1" 200 173705 cronicareinodearagon.com "-" "Mozilla/5.0 (compatible; SemrushBot/7~bl; +http://www.semrush.com/bot.html)" "-"
85.208.96.0 - - [14/Feb/2024:01:04:50 +0100] "GET /aragon/javier-lamban-plan-pirineo-montana-aragon/ HTTP/1.1" 200 167374 cronicareinodearagon.com "-" "Mozilla/5.0 (compatible; SemrushBot/7~bl; +http://www.semrush.com/bot.html)" "-"
82.165.88.0 - - [14/Feb/2024:01:04:51 +0100] "POST /wp-cron.php?doing_wp_cron=1707869091.0274710655212402343750 HTTP/1.1" 200 - cronicareinodearagon.com "-" "WordPress/6.2.2; https://cronicareinodearagon.com" "-"
82.165.88.0 - - [14/Feb/2024:01:10:15 +0100] "POST /wp-cron.php?doing_wp_cron=1707869415.5293869972229003906250 HTTP/1.1" 200 - cronicareinodearagon.com "-" "WordPress/6.2.2; https://cronicareinodearagon.com" "-"
185.191.171.0 - - [14/Feb/2024:01:10:15 +0100] "GET /economia/diputacion-hosturjaen-potenciar-gastronomia-jaen/ HTTP/1.1" 200 164665 cronicareinodearagon.com "-" "Mozilla/5.0 (compatible; SemrushBot/7~bl; +http://www.semrush.com/bot.html)" "-"
82.165.88.0 - - [14/Feb/2024:01:11:27 +0100] "POST /wp-cron.php?doing_wp_cron=1707869487.3654799461364746093750 HTTP/1.1" 200 - cronicareinodearagon.com "-" "WordPress/6.2.2; https://cronicareinodearagon.com" "-"
40.77.167.0 - - [14/Feb/2024:01:11:27 +0100] "GET /robots.txt HTTP/1.1" 200 202 cronicareinodearagon.com "-" "Mozilla/5.0 AppleWebKit/537.36 (KHTML, like Gecko; compatible; bingbot/2.0; +http://www.bing.com/bingbot.htm) Chrome/116.0.1938.76 Safari/537.36" "-"
52.167.144.0 - - [14/Feb/2024:01:11:30 +0100] "GET /uncategorized/la-epoca-dorada-de-marbella-y-por-que-se-volvera-a-repetir/ HTTP/1.1" 404 145022 cronicareinodearagon.com "-" "Mozilla/5.0 AppleWebKit/537.36 (KHTML, like Gecko; compatible; bingbot/2.0; +http://www.bing.com/bingbot.htm) Chrome/116.0.1938.76 Safari/537.36" "-"
54.36.148.0 - - [14/Feb/2024:01:11:54 +0100] "GET /aragon/taller-proyectos-europeos-itainnova/ HTTP/1.1" 200 34188 cronicareinodearagon.com "-" "Mozilla/5.0 (compatible; AhrefsBot/7.0; +http://ahrefs.com/robot/)" "-"
54.36.149.0 - - [14/Feb/2024:01:11:55 +0100] "GET /wp-content/uploads/2023/05/taller-fondos-europeos-itainnova.jpg HTTP/1.1" 200 36761 cronicareinodearagon.com "-" "Mozilla/5.0 (compatible; AhrefsBot/7.0; +http://ahrefs.com/robot/)" "-"
43.155.160.0 - - [14/Feb/2024:01:12:47 +0100] "GET / HTTP/1.1" 200 336 cronicadeasturias.com "-" "Mozilla/5.0 (iPhone; CPU iPhone OS 13_2_3 like Mac OS X) AppleWebKit/605.1.15 (KHTML, like Gecko) Version/13.0.3 Mobile/15E148 Safari/604.1" "-"
43.155.160.0 - - [14/Feb/2024:01:12:48 +0100] "GET / HTTP/1.1" 200 336 cronicadevalencia.com "-" "Mozilla/5.0 (iPhone; CPU iPhone OS 13_2_3 like Mac OS X) AppleWebKit/605.1.15 (KHTML, like Gecko) Version/13.0.3 Mobile/15E148 Safari/604.1" "-"
82.165.88.0 - - [14/Feb/2024:01:13:32 +0100] "POST /wp-cron.php?doing_wp_cron=1707869612.4548010826110839843750 HTTP/1.1" 200 - cronicareinodearagon.com "-" "WordPress/6.2.2; https://cronicareinodearagon.com" "-"
85.208.96.0 - - [14/Feb/2024:01:13:32 +0100] "GET /sociedad/festival-murmura-alpujarra-almeria/ HTTP/1.1" 200 170183 cronicareinodearagon.com "-" "Mozilla/5.0 (compatible; SemrushBot/7~bl; +http://www.semrush.com/bot.html)" "-"
82.165.88.0 - - [14/Feb/2024:01:15:45 +0100] "POST /wp-cron.php?doing_wp_cron=1707869745.5655069351196289062500 HTTP/1.1" 200 - cronicareinodearagon.com "-" "WordPress/6.2.2; https://cronicareinodearagon.com" "-"
185.191.171.0 - - [14/Feb/2024:01:15:45 +0100] "GET /economia/yolanda-diaz-kichi-protestas-metal/ HTTP/1.1" 200 162325 cronicareinodearagon.com "-" "Mozilla/5.0 (compatible; SemrushBot/7~bl; +http://www.semrush.com/bot.html)" "-"
85.208.96.0 - - [14/Feb/2024:01:15:51 +0100] "GET /aragon/gobierno-zona-catastrofica-andaluces-incendios/ HTTP/1.1" 200 172688 cronicareinodearagon.com "-" "Mozilla/5.0 (compatible; SemrushBot/7~bl; +http://www.semrush.com/bot.html)" "-"
185.191.171.0 - - [14/Feb/2024:01:18:26 +0100] "GET /category/aragon/huesca/page/2/ HTTP/1.1" 200 147402 cronicareinodearagon.com "-" "Mozilla/5.0 (compatible; SemrushBot/7~bl; +http://www.semrush.com/bot.html)" "-"
82.165.88.0 - - [14/Feb/2024:01:18:27 +0100] "POST /wp-cron.php?doing_wp_cron=1707869907.0252039432525634765625 HTTP/1.1" 200 - cronicareinodearagon.com "-" "WordPress/6.2.2; https://cronicareinodearagon.com" "-"
82.165.88.0 - - [14/Feb/2024:01:18:47 +0100] "POST /wp-cron.php?doing_wp_cron=1707869927.8195979595184326171875 HTTP/1.1" 200 - cronicareinodearagon.com "-" "WordPress/6.2.2; https://cronicareinodearagon.com" "-"
185.191.171.0 - - [14/Feb/2024:01:18:47 +0100] "GET /sociedad/festival-musica-ubeda-joaquin-achucarro/ HTTP/1.1" 200 168847 cronicareinodearagon.com "-" "Mozilla/5.0 (compatible; SemrushBot/7~bl; +http://www.semrush.com/bot.html)" "-"
85.208.96.0 - - [14/Feb/2024:01:35:36 +0100] "GET /robots.txt HTTP/1.1" 200 202 cronicareinodearagon.com "-" "Mozilla/5.0 (compatible; SemrushBot/7~bl; +http://www.semrush.com/bot.html)" "-"
82.165.88.0 - - [14/Feb/2024:01:35:37 +0100] "POST /wp-cron.php?doing_wp_cron=1707870937.1973140239715576171875 HTTP/1.1" 200 - cronicareinodearagon.com "-" "WordPress/6.2.2; https://cronicareinodearagon.com" "-"
85.208.96.0 - - [14/Feb/2024:01:35:38 +0100] "GET /aragon/cabify-suspende-servicio-sevilla/ HTTP/1.1" 200 159684 cronicareinodearagon.com "-" "Mozilla/5.0 (compatible; SemrushBot/7~bl; +http://www.semrush.com/bot.html)" "-"
23.23.100.0 - - [14/Feb/2024:01:36:29 +0100] "POST /xmlrpc.php HTTP/1.1" 200 416 cronicareinodearagon.com "-" "Mozilla/5.0 (Windows NT 10.0; Win64; x64; rv:81.0) Gecko/20100101 Firefox/81.0" "-"
82.165.88.0 - - [14/Feb/2024:01:36:30 +0100] "POST /wp-cron.php?doing_wp_cron=1707870990.1213181018829345703125 HTTP/1.1" 200 - cronicareinodearagon.com "-" "WordPress/6.2.2; https://cronicareinodearagon.com" "-"
66.249.79.0 - - [14/Feb/2024:01:37:57 +0100] "GET / HTTP/1.1" 200 336 cronicadearagon.com "-" "Mozilla/5.0 (compatible; Googlebot/2.1; +http://www.google.com/bot.html)" "-"
66.249.76.0 - - [14/Feb/2024:01:37:57 +0100] "GET /defaultsite HTTP/1.1" 200 18994 cronicadearagon.com "-" "Mozilla/5.0 (compatible; Googlebot/2.1; +http://www.google.com/bot.html)" "-"
74.125.209.0 - - [14/Feb/2024:01:48:07 +0100] "GET /category/educacion/feed/ HTTP/1.1" 200 16487 cronicareinodearagon.com "-" "FeedFetcher-Google; (+http://www.google.com/feedfetcher.html)" "-"
54.36.148.0 - - [14/Feb/2024:01:48:41 +0100] "GET /aragon/huesca-master-alta-cocina/ HTTP/1.1" 200 161213 cronicareinodearagon.com "-" "Mozilla/5.0 (compatible; AhrefsBot/7.0; +http://ahrefs.com/robot/)" "-"
82.165.88.0 - - [14/Feb/2024:01:48:42 +0100] "POST /wp-cron.php?doing_wp_cron=1707871722.1933169364929199218750 HTTP/1.1" 200 - cronicareinodearagon.com "-" "WordPress/6.2.2; https://cronicareinodearagon.com" "-"
85.208.96.0 - - [14/Feb/2024:01:50:32 +0100] "GET /aragon/dinopolis-fosiles-dia-museos/ HTTP/1.1" 200 164118 cronicareinodearagon.com "-" "Mozilla/5.0 (compatible; SemrushBot/7~bl; +http://www.semrush.com/bot.html)" "-"
82.165.88.0 - - [14/Feb/2024:01:50:33 +0100] "POST /wp-cron.php?doing_wp_cron=1707871833.0671811103820800781250 HTTP/1.1" 200 - cronicareinodearagon.com "-" "WordPress/6.2.2; https://cronicareinodearagon.com" "-"
82.165.88.0 - - [14/Feb/2024:01:51:30 +0100] "POST /wp-cron.php?doing_wp_cron=1707871890.6407508850097656250000 HTTP/1.1" 200 - cronicareinodearagon.com "-" "WordPress/6.2.2; https://cronicareinodearagon.com" "-"
185.191.171.0 - - [14/Feb/2024:01:51:30 +0100] "GET /aragon/respuesta21-simulacro-catastrofes/ HTTP/1.1" 200 159516 cronicareinodearagon.com "-" "Mozilla/5.0 (compatible; SemrushBot/7~bl; +http://www.semrush.com/bot.html)" "-"
2a00:6800:: - - [14/Feb/2024:01:53:13 +0100] "GET / HTTP/1.1" 200 336 cronicadecordoba.com "-" "Mozilla/5.0 (Windows NT 10.0; Win64; x64) AppleWebKit/537.36 (KHTML, like Gecko) Chrome/91.0.4472.114 Safari/537.36 Edg/91.0.864.54" "-"
185.191.171.0 - - [14/Feb/2024:01:57:24 +0100] "GET /aragon/air-linea-desmontaje-reciclado-aviones-teruel/ HTTP/1.1" 200 36023 cronicareinodearagon.com "-" "Mozilla/5.0 (compatible; SemrushBot/7~bl; +http://www.semrush.com/bot.html)" "-"
82.165.88.0 - - [14/Feb/2024:01:57:25 +0100] "POST /wp-cron.php?doing_wp_cron=1707872245.0705010890960693359375 HTTP/1.1" 200 - cronicareinodearagon.com "-" "WordPress/6.2.2; https://cronicareinodearagon.com" "-"
82.165.88.0 - - [14/Feb/2024:02:04:54 +0100] "POST /wp-cron.php?doing_wp_cron=1707872694.9165470600128173828125 HTTP/1.1" 200 - cronicareinodearagon.com "-" "WordPress/6.2.2; https://cronicareinodearagon.com" "-"
85.208.96.0 - - [14/Feb/2024:02:04:54 +0100] "GET /aragon/rectores-universidades-andalucia-presupuestos-junta/ HTTP/1.1" 200 164221 cronicareinodearagon.com "-" "Mozilla/5.0 (compatible; SemrushBot/7~bl; +http://www.semrush.com/bot.html)" "-"
101.68.211.0 - - [14/Feb/2024:02:06:29 +0100] "GET / HTTP/1.1" 301 241 cronicareinodearagon.com "-" "Mozilla/5.0 (Windows NT 6.1) AppleWebKit/537.36 (KHTML, like Gecko) Chrome/71.0.2623.112 Safari/537.36" "-"
82.165.88.0 - - [14/Feb/2024:02:07:50 +0100] "POST /wp-cron.php?doing_wp_cron=1707872870.3749020099639892578125 HTTP/1.1" 200 - cronicareinodearagon.com "-" "WordPress/6.2.2; https://cronicareinodearagon.com" "-"
85.208.96.0 - - [14/Feb/2024:02:07:50 +0100] "GET /aragon/juan-espadas-avisa-moreno-bonilla-ultraderecha/ HTTP/1.1" 200 165478 cronicareinodearagon.com "-" "Mozilla/5.0 (compatible; SemrushBot/7~bl; +http://www.semrush.com/bot.html)" "-"
43.155.169.0 - - [14/Feb/2024:02:08:18 +0100] "GET / HTTP/1.1" 301 241 cronicareinodearagon.com "-" "Mozilla/5.0 (iPhone; CPU iPhone OS 13_2_3 like Mac OS X) AppleWebKit/605.1.15 (KHTML, like Gecko) Version/13.0.3 Mobile/15E148 Safari/604.1" "-"
43.155.169.0 - - [14/Feb/2024:02:08:18 +0100] "GET / HTTP/1.1" 200 336 cronicadeextremadura.com "-" "Mozilla/5.0 (iPhone; CPU iPhone OS 13_2_3 like Mac OS X) AppleWebKit/605.1.15 (KHTML, like Gecko) Version/13.0.3 Mobile/15E148 Safari/604.1" "-"
43.155.169.0 - - [14/Feb/2024:02:08:22 +0100] "GET / HTTP/1.1" 200 41739 cronicareinodearagon.com "http://cronicareinodearagon.com" "Mozilla/5.0 (iPhone; CPU iPhone OS 13_2_3 like Mac OS X) AppleWebKit/605.1.15 (KHTML, like Gecko) Version/13.0.3 Mobile/15E148 Safari/604.1" "-"
82.165.88.0 - - [14/Feb/2024:02:09:56 +0100] "POST /wp-cron.php?doing_wp_cron=1707872996.5205309391021728515625 HTTP/1.1" 200 - cronicareinodearagon.com "-" "WordPress/6.2.2; https://cronicareinodearagon.com" "-"
101.68.211.0 - - [14/Feb/2024:02:09:56 +0100] "GET / HTTP/1.1" 200 319321 cronicareinodearagon.com "-" "Mozilla/5.0 (Windows NT 6.1) AppleWebKit/537.36 (KHTML, like Gecko) Chrome/71.0.2623.112 Safari/537.36" "-"
85.208.96.0 - - [14/Feb/2024:02:11:10 +0100] "GET /aragon/lamban-psoe-aragon-travase-pp/ HTTP/1.1" 200 168817 cronicareinodearagon.com "-" "Mozilla/5.0 (compatible; SemrushBot/7~bl; +http://www.semrush.com/bot.html)" "-"
82.165.88.0 - - [14/Feb/2024:02:11:11 +0100] "POST /wp-cron.php?doing_wp_cron=1707873071.1651360988616943359375 HTTP/1.1" 200 - cronicareinodearagon.com "-" "WordPress/6.2.2; https://cronicareinodearagon.com" "-"
82.165.88.0 - - [14/Feb/2024:02:13:10 +0100] "POST /wp-cron.php?doing_wp_cron=1707873190.8667500019073486328125 HTTP/1.1" 200 - cronicareinodearagon.com "-" "WordPress/6.2.2; https://cronicareinodearagon.com" "-"
185.191.171.0 - - [14/Feb/2024:02:13:10 +0100] "GET /aragon/psoe-andalucia-explica-adelanto-electoral/ HTTP/1.1" 200 176657 cronicareinodearagon.com "-" "Mozilla/5.0 (compatible; SemrushBot/7~bl; +http://www.semrush.com/bot.html)" "-"
85.208.96.0 - - [14/Feb/2024:02:13:39 +0100] "GET /aragon/sindicatos-rechazan-junta-sanitarios-jubilados/ HTTP/1.1" 200 165604 cronicareinodearagon.com "-" "Mozilla/5.0 (compatible; SemrushBot/7~bl; +http://www.semrush.com/bot.html)" "-"
101.68.211.0 - - [14/Feb/2024:02:14:07 +0100] "GET / HTTP/1.1" 301 241 cronicareinodearagon.com "-" "Mozilla/5.0 (Windows NT 6.1; WOW64) AppleWebKit/537.36 (KHTML, like Gecko) Chrome/63.0.3239.132 Safari/537.36 QIHU 360SE" "-"
101.68.211.0 - - [14/Feb/2024:02:14:09 +0100] "GET /favicon.ico HTTP/1.1" 301 252 cronicareinodearagon.com "-" "Mozilla/5.0 (Windows NT 6.1; WOW64) AppleWebKit/537.36 (KHTML, like Gecko) Chrome/63.0.3239.132 Safari/537.36 QIHU 360SE" "-"
101.68.211.0 - - [14/Feb/2024:02:14:11 +0100] "GET / HTTP/1.1" 200 41724 cronicareinodearagon.com "-" "Mozilla/5.0 (Windows NT 6.1; WOW64) AppleWebKit/537.36 (KHTML, like Gecko) Chrome/63.0.3239.132 Safari/537.36 QIHU 360SE" "-"
101.68.211.0 - - [14/Feb/2024:02:14:12 +0100] "GET /robots.txt HTTP/1.1" 301 251 cronicareinodearagon.com "-" "Mozilla/5.0 (Windows NT 6.1; WOW64) AppleWebKit/537.36 (KHTML, like Gecko) Chrome/63.0.3239.132 Safari/537.36 QIHU 360SE" "-"
101.68.211.0 - - [14/Feb/2024:02:15:35 +0100] "GET /robots.txt HTTP/1.1" 200 202 cronicareinodearagon.com "-" "Mozilla/5.0 (Windows NT 6.1; WOW64) AppleWebKit/537.36 (KHTML, like Gecko) Chrome/63.0.3239.132 Safari/537.36 QIHU 360SE" "-"
82.165.88.0 - - [14/Feb/2024:02:15:36 +0100] "POST /wp-cron.php?doing_wp_cron=1707873335.9781079292297363281250 HTTP/1.1" 200 - cronicareinodearagon.com "-" "WordPress/6.2.2; https://cronicareinodearagon.com" "-"
185.191.171.0 - - [14/Feb/2024:02:19:38 +0100] "GET /aragon/ccoo-ugt-aumento-salarios-precios/ HTTP/1.1" 200 173340 cronicareinodearagon.com "-" "Mozilla/5.0 (compatible; SemrushBot/7~bl; +http://www.semrush.com/bot.html)" "-"
82.165.88.0 - - [14/Feb/2024:02:19:39 +0100] "POST /wp-cron.php?doing_wp_cron=1707873579.1394329071044921875000 HTTP/1.1" 200 - cronicareinodearagon.com "-" "WordPress/6.2.2; https://cronicareinodearagon.com" "-"
138.197.92.0 - - [14/Feb/2024:02:24:08 +0100] "GET / HTTP/1.1" 200 336 grupocronicaenlibertad.com "-" "Mozilla/5.0 (X11; Linux x86_64) AppleWebKit/537.36 (KHTML, like Gecko) Chrome/108.0.0.0 Safari/537.36" "-"
82.165.88.0 - - [14/Feb/2024:02:25:54 +0100] "POST /wp-cron.php?doing_wp_cron=1707873954.5015261173248291015625 HTTP/1.1" 200 - cronicareinodearagon.com "-" "WordPress/6.2.2; https://cronicareinodearagon.com" "-"
54.36.148.0 - - [14/Feb/2024:02:25:54 +0100] "GET /aragon/gobierno-aragon-descarbonizar-verallia/ HTTP/1.1" 200 169954 cronicareinodearagon.com "-" "Mozilla/5.0 (compatible; AhrefsBot/7.0; +http://ahrefs.com/robot/)" "-"
188.166.92.0 - - [14/Feb/2024:02:26:21 +0100] "GET / HTTP/1.1" 200 336 cronicadesevilla.com "-" "Mozilla/5.0 (X11; Linux x86_64) AppleWebKit/537.36 (KHTML, like Gecko) Chrome/108.0.0.0 Safari/537.36" "-"
188.166.92.0 - - [14/Feb/2024:02:26:21 +0100] "GET / HTTP/1.1" 200 336 cronicadesevilla.com "-" "Mozilla/5.0 (X11; Linux x86_64) AppleWebKit/537.36 (KHTML, like Gecko) Chrome/108.0.0.0 Safari/537.36" "-"
82.165.88.0 - - [14/Feb/2024:02:28:15 +0100] "POST /wp-cron.php?doing_wp_cron=1707874095.4333689212799072265625 HTTP/1.1" 200 - cronicareinodearagon.com "-" "WordPress/6.2.2; https://cronicareinodearagon.com" "-"
185.191.171.0 - - [14/Feb/2024:02:28:15 +0100] "GET /aragon/altas-temperatuas-andalucia/ HTTP/1.1" 200 162123 cronicareinodearagon.com "-" "Mozilla/5.0 (compatible; SemrushBot/7~bl; +http://www.semrush.com/bot.html)" "-"
43.163.6.0 - - [14/Feb/2024:02:31:11 +0100] "GET / HTTP/1.1" 200 336 grupocronicaenlibertad.com "-" "Mozilla/5.0 (iPhone; CPU iPhone OS 13_2_3 like Mac OS X) AppleWebKit/605.1.15 (KHTML, like Gecko) Version/13.0.3 Mobile/15E148 Safari/604.1" "-"
74.125.209.0 - - [14/Feb/2024:02:36:21 +0100] "GET /category/politica/feed/ HTTP/1.1" 200 59109 cronicareinodearagon.com "-" "FeedFetcher-Google; (+http://www.google.com/feedfetcher.html)" "-"
82.165.88.0 - - [14/Feb/2024:02:39:56 +0100] "POST /wp-cron.php?doing_wp_cron=1707874796.7929248809814453125000 HTTP/1.1" 200 - cronicareinodearagon.com "-" "WordPress/6.2.2; https://cronicareinodearagon.com" "-"
185.191.171.0 - - [14/Feb/2024:02:39:56 +0100] "GET /robots.txt HTTP/1.1" 200 202 cronicareinodearagon.com "-" "Mozilla/5.0 (compatible; SemrushBot/7~bl; +http://www.semrush.com/bot.html)" "-"
85.208.96.0 - - [14/Feb/2024:02:39:58 +0100] "GET /sociedad/diputacion-huesca-uso-agua-sequia/ HTTP/1.1" 200 161829 cronicareinodearagon.com "-" "Mozilla/5.0 (compatible; SemrushBot/7~bl; +http://www.semrush.com/bot.html)" "-"
74.125.209.0 - - [14/Feb/2024:02:40:39 +0100] "GET /category/educacion/feed/ HTTP/1.1" 200 16487 cronicareinodearagon.com "-" "FeedFetcher-Google; (+http://www.google.com/feedfetcher.html)" "-"
43.163.8.0 - - [14/Feb/2024:02:41:49 +0100] "GET / HTTP/1.1" 200 336 cronicadelpaisvalenciano.com "-" "Mozilla/5.0 (iPhone; CPU iPhone OS 13_2_3 like Mac OS X) AppleWebKit/605.1.15 (KHTML, like Gecko) Version/13.0.3 Mobile/15E148 Safari/604.1" "-"
82.165.88.0 - - [14/Feb/2024:02:42:25 +0100] "POST /wp-cron.php?doing_wp_cron=1707874945.9431829452514648437500 HTTP/1.1" 200 - cronicareinodearagon.com "-" "WordPress/6.2.2; https://cronicareinodearagon.com" "-"
85.208.96.0 - - [14/Feb/2024:02:42:25 +0100] "GET /aragon/debilidad-moreno-bonilla-celos-marin/ HTTP/1.1" 200 172651 cronicareinodearagon.com "-" "Mozilla/5.0 (compatible; SemrushBot/7~bl; +http://www.semrush.com/bot.html)" "-"
82.165.88.0 - - [14/Feb/2024:02:47:01 +0100] "POST /wp-cron.php?doing_wp_cron=1707875221.9118759632110595703125 HTTP/1.1" 200 - cronicareinodearagon.com "-" "WordPress/6.2.2; https://cronicareinodearagon.com" "-"
85.208.96.0 - - [14/Feb/2024:02:47:01 +0100] "GET /aragon/csif-bajas-colegios-andaluces-covid/ HTTP/1.1" 200 166430 cronicareinodearagon.com "-" "Mozilla/5.0 (compatible; SemrushBot/7~bl; +http://www.semrush.com/bot.html)" "-"
82.165.88.0 - - [14/Feb/2024:02:47:58 +0100] "POST /wp-cron.php?doing_wp_cron=1707875278.7411370277404785156250 HTTP/1.1" 200 - cronicareinodearagon.com "-" "WordPress/6.2.2; https://cronicareinodearagon.com" "-"
185.191.171.0 - - [14/Feb/2024:02:47:58 +0100] "GET /aragon/gobierno-aragon-investigadores-predoctorales/ HTTP/1.1" 200 165025 cronicareinodearagon.com "-" "Mozilla/5.0 (compatible; SemrushBot/7~bl; +http://www.semrush.com/bot.html)" "-"
74.125.150.0 - - [14/Feb/2024:02:49:19 +0100] "GET /category/economia/feed/ HTTP/1.1" 200 12913 cronicareinodearagon.com "-" "FeedFetcher-Google; (+http://www.google.com/feedfetcher.html)" "-"
74.125.209.0 - - [14/Feb/2024:02:49:55 +0100] "GET /category/politica/feed/ HTTP/1.1" 200 59109 cronicareinodearagon.com "-" "FeedFetcher-Google; (+http://www.google.com/feedfetcher.html)" "-"
82.165.88.0 - - [14/Feb/2024:02:52:52 +0100] "POST /wp-cron.php?doing_wp_cron=1707875572.7906839847564697265625 HTTP/1.1" 200 - cronicareinodearagon.com "-" "WordPress/6.2.2; https://cronicareinodearagon.com" "-"
66.249.68.0 - - [14/Feb/2024:02:52:52 +0100] "GET /robots.txt HTTP/1.1" 200 202 cronicareinodearagon.com "-" "Mozilla/5.0 (compatible; Googlebot/2.1; +http://www.google.com/bot.html)" "-"
66.249.68.0 - - [14/Feb/2024:02:52:53 +0100] "GET /wp-content/uploads/2023/05/lamban-aragon-psoe.jpg HTTP/1.1" 200 31384 cronicareinodearagon.com "-" "Googlebot-Image/1.0" "-"
82.165.88.0 - - [14/Feb/2024:02:53:42 +0100] "POST /wp-cron.php?doing_wp_cron=1707875622.3186600208282470703125 HTTP/1.1" 200 - cronicareinodearagon.com "-" "WordPress/6.2.2; https://cronicareinodearagon.com" "-"
185.191.171.0 - - [14/Feb/2024:02:53:42 +0100] "GET /aragon/forestalia-empleos-instalaciones-renovables/ HTTP/1.1" 200 164073 cronicareinodearagon.com "-" "Mozilla/5.0 (compatible; SemrushBot/7~bl; +http://www.semrush.com/bot.html)" "-"
54.38.25.0 - - [14/Feb/2024:02:53:55 +0100] "POST /xmlrpc.php HTTP/1.1" 200 416 cronicareinodearagon.com "-" "Mozilla/5.0 (Windows NT 10.0; Win64; x64) AppleWebKit/537.36 (KHTML, like Gecko) Chrome/69.0.3497.100 Safari/537.36" "-"
74.125.212.0 - - [14/Feb/2024:02:53:56 +0100] "GET /category/economia/feed/ HTTP/1.1" 200 12913 cronicareinodearagon.com "-" "FeedFetcher-Google; (+http://www.google.com/feedfetcher.html)" "-"
200.55.240.0 - - [14/Feb/2024:02:53:58 +0100] "POST /xmlrpc.php HTTP/1.1" 200 416 cronicareinodearagon.com "-" "Mozilla/5.0 (X11; Linux x86_64) AppleWebKit/537.36 (KHTML, like Gecko) Chrome/91.0.4472.114 Safari/537.36" "-"
195.22.8.0 - - [14/Feb/2024:02:54:15 +0100] "POST /xmlrpc.php HTTP/1.1" 200 416 cronicareinodearagon.com "-" "Mozilla/5.0 (Linux; Android 10; SM-A205U) AppleWebKit/537.36 (KHTML, like Gecko) Chrome/91.0.4472.114 Mobile Safari/537.36" "-"
58.27.35.0 - - [14/Feb/2024:02:54:19 +0100] "POST /xmlrpc.php HTTP/1.1" 200 416 cronicareinodearagon.com "-" "Mozilla/5.0 (Windows NT 6.0; rv:34.0) Gecko/20100101 Firefox/34.0" "-"
2600:3c00:: - - [14/Feb/2024:02:54:22 +0100] "POST /xmlrpc.php HTTP/1.1" 200 416 cronicareinodearagon.com "-" "Mozilla/5.0 (Windows NT 10.0; WOW64; rv:52.0) Gecko/20100101 Firefox/52.0" "-"
14.232.214.0 - - [14/Feb/2024:02:54:29 +0100] "POST /xmlrpc.php HTTP/1.1" 200 416 cronicareinodearagon.com "-" "Mozilla/5.0 (Windows NT 5.1; rv:52.0) Gecko/20100101 Firefox/52.0" "-"
82.165.88.0 - - [14/Feb/2024:02:56:33 +0100] "POST /wp-cron.php?doing_wp_cron=1707875793.5201909542083740234375 HTTP/1.1" 200 - cronicareinodearagon.com "-" "WordPress/6.2.2; https://cronicareinodearagon.com" "-"
185.191.171.0 - - [14/Feb/2024:02:56:33 +0100] "GET /sociedad/guardia-civil-incauta-marihuana-loja-peligros/ HTTP/1.1" 200 163081 cronicareinodearagon.com "-" "Mozilla/5.0 (compatible; SemrushBot/7~bl; +http://www.semrush.com/bot.html)" "-"
54.36.148.0 - - [14/Feb/2024:03:00:38 +0100] "GET /aragon/javier-lamban-entrevista-psoe-aragon-elecciones/ HTTP/1.1" 200 181179 cronicareinodearagon.com "-" "Mozilla/5.0 (compatible; AhrefsBot/7.0; +http://ahrefs.com/robot/)" "-"
82.165.88.0 - - [14/Feb/2024:03:00:39 +0100] "POST /wp-cron.php?doing_wp_cron=1707876039.1655819416046142578125 HTTP/1.1" 200 - cronicareinodearagon.com "-" "WordPress/6.2.2; https://cronicareinodearagon.com" "-"
212.170.180.0 - - [14/Feb/2024:03:06:16 +0100] "POST /xmlrpc.php HTTP/1.1" 200 416 cronicareinodearagon.com "-" "Mozilla/5.0 (Windows NT 10.0; Win64; x64; rv:77.0) Gecko/20100101 Firefox/77.0" "-"
82.165.88.0 - - [14/Feb/2024:03:06:17 +0100] "POST /wp-cron.php?doing_wp_cron=1707876377.2398290634155273437500 HTTP/1.1" 200 - cronicareinodearagon.com "-" "WordPress/6.2.2; https://cronicareinodearagon.com" "-"
82.165.88.0 - - [14/Feb/2024:03:07:29 +0100] "POST /wp-cron.php?doing_wp_cron=1707876449.4167940616607666015625 HTTP/1.1" 200 - cronicareinodearagon.com "-" "WordPress/6.2.2; https://cronicareinodearagon.com" "-"
124.227.133.0 - - [14/Feb/2024:03:07:29 +0100] "POST /wp-comments-post.php HTTP/1.1" 302 - cronicareinodearagon.com "-" "Mozilla/5.0 (Windows NT 10.0; Win64; x64) AppleWebKit/537.36 (KHTML, like Gecko) Chrome/108.0.0.0 Safari/537.36 Edg/108.0.1462.46" "-"
124.227.133.0 - - [14/Feb/2024:03:07:30 +0100] "GET /sociedad/premio-piano-jaen-2022-abril/ HTTP/1.1" 200 172308 cronicareinodearagon.com "-" "Mozilla/5.0 (Windows NT 10.0; Win64; x64) AppleWebKit/537.36 (KHTML, like Gecko) Chrome/108.0.0.0 Safari/537.36 Edg/108.0.1462.46" "-"
82.165.88.0 - - [14/Feb/2024:03:11:29 +0100] "POST /wp-cron.php?doing_wp_cron=1707876689.6325750350952148437500 HTTP/1.1" 200 - cronicareinodearagon.com "-" "WordPress/6.2.2; https://cronicareinodearagon.com" "-"
185.191.171.0 - - [14/Feb/2024:03:11:29 +0100] "GET /sociedad/implantado-primer-corazon-artificial-malaga/ HTTP/1.1" 200 167949 cronicareinodearagon.com "-" "Mozilla/5.0 (compatible; SemrushBot/7~bl; +http://www.semrush.com/bot.html)" "-"
74.125.209.0 - - [14/Feb/2024:03:20:20 +0100] "GET /category/educacion/feed/ HTTP/1.1" 200 16487 cronicareinodearagon.com "-" "FeedFetcher-Google; (+http://www.google.com/feedfetcher.html)" "-"
82.165.88.0 - - [14/Feb/2024:03:21:45 +0100] "POST /wp-cron.php?doing_wp_cron=1707877305.9032740592956542968750 HTTP/1.1" 200 - cronicareinodearagon.com "-" "WordPress/6.2.2; https://cronicareinodearagon.com" "-"
35.240.119.0 - - [14/Feb/2024:03:21:45 +0100] "POST /xmlrpc.php HTTP/1.1" 200 416 cronicareinodearagon.com "-" "Mozilla/5.0 (Windows NT 10.0; Win64; x64; rv:86.0) Gecko/20100101 Firefox/86.0" "-"
185.191.171.0 - - [14/Feb/2024:03:24:42 +0100] "GET /sociedad/extremadura-nuevo-reclamo-turistico-gracias-al-financial-times/ HTTP/1.1" 200 158342 cronicareinodearagon.com "-" "Mozilla/5.0 (compatible; SemrushBot/7~bl; +http://www.semrush.com/bot.html)" "-"
82.165.88.0 - - [14/Feb/2024:03:24:43 +0100] "POST /wp-cron.php?doing_wp_cron=1707877483.2687768936157226562500 HTTP/1.1" 200 - cronicareinodearagon.com "-" "WordPress/6.2.2; https://cronicareinodearagon.com" "-"
74.125.209.0 - - [14/Feb/2024:03:25:25 +0100] "GET /category/educacion/feed/ HTTP/1.1" 200 16487 cronicareinodearagon.com "-" "FeedFetcher-Google; (+http://www.google.com/feedfetcher.html)" "-"
74.125.209.0 - - [14/Feb/2024:03:26:30 +0100] "GET /category/sociedad/feed/ HTTP/1.1" 200 16233 cronicareinodearagon.com "-" "FeedFetcher-Google; (+http://www.google.com/feedfetcher.html)" "-"
82.165.88.0 - - [14/Feb/2024:03:30:32 +0100] "POST /wp-cron.php?doing_wp_cron=1707877832.5699150562286376953125 HTTP/1.1" 200 - cronicareinodearagon.com "-" "WordPress/6.2.2; https://cronicareinodearagon.com" "-"
85.208.96.0 - - [14/Feb/2024:03:30:32 +0100] "GET /aragon/juanma-moreno-fecha-electoral/ HTTP/1.1" 200 165808 cronicareinodearagon.com "-" "Mozilla/5.0 (compatible; SemrushBot/7~bl; +http://www.semrush.com/bot.html)" "-"
82.165.88.0 - - [14/Feb/2024:03:34:39 +0100] "POST /wp-cron.php?doing_wp_cron=1707878079.6363580226898193359375 HTTP/1.1" 200 - cronicareinodearagon.com "-" "WordPress/6.2.2; https://cronicareinodearagon.com" "-"
185.191.171.0 - - [14/Feb/2024:03:34:39 +0100] "GET /politica/mocion-censura-linares-javier-perales-alcalde/ HTTP/1.1" 200 176589 cronicareinodearagon.com "-" "Mozilla/5.0 (compatible; SemrushBot/7~bl; +http://www.semrush.com/bot.html)" "-"
185.191.171.0 - - [14/Feb/2024:03:34:45 +0100] "GET /aragon/el-psoe-critica-a-moreno-bonilla-por-no-ampliar-las-bonificaciones-del-gobierno-central-al-transporte-publico/ HTTP/1.1" 200 164083 cronicareinodearagon.com "-" "Mozilla/5.0 (compatible; SemrushBot/7~bl; +http://www.semrush.com/bot.html)" "-"
82.165.88.0 - - [14/Feb/2024:03:34:46 +0100] "POST /wp-cron.php?doing_wp_cron=1707878086.1038339138031005859375 HTTP/1.1" 200 - cronicareinodearagon.com "-" "WordPress/6.2.2; https://cronicareinodearagon.com" "-"
148.72.208.0 - - [14/Feb/2024:03:35:32 +0100] "POST /wp-login.php HTTP/1.1" 200 9573 cronicareinodearagon.com "-" "Mozilla/5.0 (Windows NT 6.1; WOW64) AppleWebKit/537.36 (KHTML, like Gecko) Chrome/46.0.2490.86 Safari/537.36" "-"
199.247.18.0 - - [14/Feb/2024:03:35:53 +0100] "POST /wp-login.php HTTP/1.1" 200 9573 cronicareinodearagon.com "-" "Mozilla/5.0 (Windows NT 6.1) AppleWebKit/537.36 (KHTML, like Gecko) Chrome/58.0.3029.110 Safari/537.36" "-"
82.165.88.0 - - [14/Feb/2024:03:35:54 +0100] "POST /wp-cron.php?doing_wp_cron=1707878154.1620190143585205078125 HTTP/1.1" 200 - cronicareinodearagon.com "-" "WordPress/6.2.2; https://cronicareinodearagon.com" "-"
207.244.239.0 - - [14/Feb/2024:03:35:57 +0100] "POST /wp-login.php HTTP/1.1" 200 9573 cronicareinodearagon.com "-" "Mozilla/5.0 (Windows NT 10.0; Win64; x64) AppleWebKit/537.36 (KHTML, like Gecko) Chrome/60.0.3112.101 Safari/537.36" "-"
82.165.88.0 - - [14/Feb/2024:03:38:50 +0100] "POST /wp-cron.php?doing_wp_cron=1707878330.6800110340118408203125 HTTP/1.1" 200 - cronicareinodearagon.com "-" "WordPress/6.2.2; https://cronicareinodearagon.com" "-"
185.191.171.0 - - [14/Feb/2024:03:38:50 +0100] "GET /aragon/triquinuela-olona-salobrena/ HTTP/1.1" 200 175757 cronicareinodearagon.com "-" "Mozilla/5.0 (compatible; SemrushBot/7~bl; +http://www.semrush.com/bot.html)" "-"
35.204.172.0 - - [14/Feb/2024:03:39:26 +0100] "POST /wp-login.php HTTP/1.1" 200 9573 cronicareinodearagon.com "-" "Mozilla/5.0 (Windows NT 6.3; Win64; x64) AppleWebKit/537.36 (KHTML, like Gecko) Chrome/79.0.3945.88 Safari/537.36" "-"
82.165.88.0 - - [14/Feb/2024:03:40:07 +0100] "POST /wp-cron.php?doing_wp_cron=1707878407.7325661182403564453125 HTTP/1.1" 200 - cronicareinodearagon.com "-" "WordPress/6.2.2; https://cronicareinodearagon.com" "-"
194.233.73.0 - - [14/Feb/2024:03:40:07 +0100] "POST /wp-login.php HTTP/1.1" 200 9573 cronicareinodearagon.com "-" "Mozilla/5.0 (Windows NT 6.1) AppleWebKit/537.36 (KHTML, like Gecko) Chrome/58.0.3029.110 Safari/537.36" "-"
82.165.88.0 - - [14/Feb/2024:03:42:44 +0100] "POST /wp-cron.php?doing_wp_cron=1707878564.6263720989227294921875 HTTP/1.1" 200 - cronicareinodearagon.com "-" "WordPress/6.2.2; https://cronicareinodearagon.com" "-"
85.208.96.0 - - [14/Feb/2024:03:42:44 +0100] "GET /robots.txt HTTP/1.1" 200 202 cronicareinodearagon.com "-" "Mozilla/5.0 (compatible; SemrushBot/7~bl; +http://www.semrush.com/bot.html)" "-"
185.191.171.0 - - [14/Feb/2024:03:42:46 +0100] "GET /aragon/voto-por-correo-elecciones-andaluzas/ HTTP/1.1" 200 164422 cronicareinodearagon.com "-" "Mozilla/5.0 (compatible; SemrushBot/7~bl; +http://www.semrush.com/bot.html)" "-"
74.125.212.0 - - [14/Feb/2024:03:43:20 +0100] "GET /category/economia/feed/ HTTP/1.1" 200 12913 cronicareinodearagon.com "-" "FeedFetcher-Google; (+http://www.google.com/feedfetcher.html)" "-"
212.31.104.0 - - [14/Feb/2024:03:44:26 +0100] "POST /wp-login.php HTTP/1.1" 200 9573 cronicareinodearagon.com "-" "Mozilla/5.0 (Windows NT 10.0; Win64; x64) AppleWebKit/537.36 (KHTML, like Gecko) Chrome/86.0.4240.193 Safari/537.36" "-"
82.165.88.0 - - [14/Feb/2024:03:44:27 +0100] "POST /wp-cron.php?doing_wp_cron=1707878667.1184930801391601562500 HTTP/1.1" 200 - cronicareinodearagon.com "-" "WordPress/6.2.2; https://cronicareinodearagon.com" "-"
82.165.88.0 - - [14/Feb/2024:03:46:41 +0100] "POST /wp-cron.php?doing_wp_cron=1707878801.5326030254364013671875 HTTP/1.1" 200 - cronicareinodearagon.com "-" "WordPress/6.2.2; https://cronicareinodearagon.com" "-"
139.255.21.0 - - [14/Feb/2024:03:46:41 +0100] "POST /wp-login.php HTTP/1.1" 200 9573 cronicareinodearagon.com "-" "Mozilla/5.0 (Windows NT 6.1; WOW64) AppleWebKit/537.36 (KHTML, like Gecko) Chrome/47.0.2526.111 Safari/537.36 MVisionPlayer/1.0.0.0" "-"
85.208.96.0 - - [14/Feb/2024:03:47:19 +0100] "GET /aragon/sutus-marbella-andalucia-agencia-espacial-espanola-turismo/ HTTP/1.1" 200 163762 cronicareinodearagon.com "-" "Mozilla/5.0 (compatible; SemrushBot/7~bl; +http://www.semrush.com/bot.html)" "-"
82.165.88.0 - - [14/Feb/2024:03:47:20 +0100] "POST /wp-cron.php?doing_wp_cron=1707878840.1326189041137695312500 HTTP/1.1" 200 - cronicareinodearagon.com "-" "WordPress/6.2.2; https://cronicareinodearagon.com" "-"
82.165.88.0 - - [14/Feb/2024:03:47:51 +0100] "POST /wp-cron.php?doing_wp_cron=1707878871.8017458915710449218750 HTTP/1.1" 200 - cronicareinodearagon.com "-" "WordPress/6.2.2; https://cronicareinodearagon.com" "-"
95.91.109.0 - - [14/Feb/2024:03:47:51 +0100] "GET /robots.txt HTTP/1.1" 200 202 cronicareinodearagon.com "-" "Mozilla/5.0 (compatible; MJ12bot/v1.4.8; http://mj12bot.com/)" "-"
95.91.109.0 - - [14/Feb/2024:03:47:56 +0100] "GET /aragon/ayudas-gobierno-aragon-cooperativas/feed/ HTTP/1.1" 200 978 cronicareinodearagon.com "-" "Mozilla/5.0 (compatible; MJ12bot/v1.4.8; http://mj12bot.com/)" "-"
95.91.109.0 - - [14/Feb/2024:03:47:58 +0100] "GET /aragon/convenios-construccion-vivienda-rural-alquiler/feed/ HTTP/1.1" 200 992 cronicareinodearagon.com "-" "Mozilla/5.0 (compatible; MJ12bot/v1.4.8; http://mj12bot.com/)" "-"
95.91.109.0 - - [14/Feb/2024:03:48:00 +0100] "GET /aragon/hospital-miguel-servet-zaragoza-cirugia-robotica/feed/ HTTP/1.1" 200 1004 cronicareinodearagon.com "-" "Mozilla/5.0 (compatible; MJ12bot/v1.4.8; http://mj12bot.com/)" "-"
