167.172.90.0 - - [14/Feb/2024:17:13:55 +0100] "GET /wp-includes/wlwmanifest.xml HTTP/1.1" 404 596 cronicadeextremadura.com "-" "python-requests/2.21.0" "-"
167.172.90.0 - - [14/Feb/2024:17:13:55 +0100] "GET /administrator/index.php HTTP/1.1" 404 596 cronicadeextremadura.com "-" "python-requests/2.21.0" "-"
167.172.90.0 - - [14/Feb/2024:17:13:56 +0100] "GET /view-source: HTTP/1.1" 404 596 cronicadeextremadura.com "-" "python-requests/2.21.0" "-"
167.172.90.0 - - [14/Feb/2024:17:13:57 +0100] "GET /misc/ajax.js HTTP/1.1" 404 596 cronicadeextremadura.com "-" "python-requests/2.21.0" "-"
213.202.233.0 - - [14/Feb/2024:17:14:35 +0100] "GET /wp-content/plugins/classic-editor/wp-login.php HTTP/1.1" 404 596 cronicadevalencia.com "-" "Mozlila/5.0 (Linux; Android 7.0; SM-G892A Bulid/NRD90M; wv) AppleWebKit/537.36 (KHTML, like Gecko) Version/4.0 Chrome/60.0.3112.107 Moblie Safari/537.36" "-"
213.202.233.0 - - [14/Feb/2024:17:14:47 +0100] "GET /wp-includes/pomo/wp-login.php HTTP/1.1" 404 596 cronicadevalencia.com "-" "Mozlila/5.0 (Linux; Android 7.0; SM-G892A Bulid/NRD90M; wv) AppleWebKit/537.36 (KHTML, like Gecko) Version/4.0 Chrome/60.0.3112.107 Moblie Safari/537.36" "-"
167.172.90.0 - - [14/Feb/2024:17:14:57 +0100] "GET /wp-includes/wlwmanifest.xml HTTP/1.1" 404 596 cronicadegranada.com "-" "python-requests/2.21.0" "-"
167.172.90.0 - - [14/Feb/2024:17:14:57 +0100] "GET /administrator/index.php HTTP/1.1" 404 596 cronicadegranada.com "-" "python-requests/2.21.0" "-"
167.172.90.0 - - [14/Feb/2024:17:14:58 +0100] "GET /view-source: HTTP/1.1" 404 596 cronicadegranada.com "-" "python-requests/2.21.0" "-"
167.172.90.0 - - [14/Feb/2024:17:14:58 +0100] "GET /misc/ajax.js HTTP/1.1" 404 596 cronicadegranada.com "-" "python-requests/2.21.0" "-"
213.202.233.0 - - [14/Feb/2024:17:15:01 +0100] "GET /wp-includes/customize/wp-login.php HTTP/1.1" 404 596 cronicadevalencia.com "-" "Mozlila/5.0 (Linux; Android 7.0; SM-G892A Bulid/NRD90M; wv) AppleWebKit/537.36 (KHTML, like Gecko) Version/4.0 Chrome/60.0.3112.107 Moblie Safari/537.36" "-"
167.172.90.0 - - [14/Feb/2024:17:15:29 +0100] "GET /wp-includes/wlwmanifest.xml HTTP/1.1" 301 268 cronicareinodearagon.com "-" "python-requests/2.21.0" "-"
167.172.90.0 - - [14/Feb/2024:17:15:29 +0100] "GET /wp-includes/wlwmanifest.xml HTTP/1.1" 200 480 cronicareinodearagon.com "-" "python-requests/2.21.0" "-"
167.172.90.0 - - [14/Feb/2024:17:15:30 +0100] "GET /administrator/index.php HTTP/1.1" 301 264 cronicareinodearagon.com "-" "python-requests/2.21.0" "-"
167.172.90.0 - - [14/Feb/2024:17:15:31 +0100] "GET /administrator/index.php HTTP/1.1" 301 - cronicareinodearagon.com "-" "python-requests/2.21.0" "-"
82.165.88.0 - - [14/Feb/2024:17:15:32 +0100] "POST /wp-cron.php?doing_wp_cron=1707927332.2412910461425781250000 HTTP/1.1" 200 - cronicareinodearagon.com "-" "WordPress/6.2.2; https://cronicareinodearagon.com" "-"
167.172.90.0 - - [14/Feb/2024:17:15:32 +0100] "GET /administrator/ HTTP/1.1" 404 144844 cronicareinodearagon.com "-" "python-requests/2.21.0" "-"
167.172.90.0 - - [14/Feb/2024:17:15:34 +0100] "GET /view-source: HTTP/1.1" 301 253 cronicareinodearagon.com "-" "python-requests/2.21.0" "-"
167.172.90.0 - - [14/Feb/2024:17:15:35 +0100] "GET /view-source: HTTP/1.1" 404 144841 cronicareinodearagon.com "-" "python-requests/2.21.0" "-"
167.172.90.0 - - [14/Feb/2024:17:15:36 +0100] "GET /misc/ajax.js HTTP/1.1" 301 253 cronicareinodearagon.com "-" "python-requests/2.21.0" "-"
167.172.90.0 - - [14/Feb/2024:17:15:37 +0100] "GET /misc/ajax.js HTTP/1.1" 404 144842 cronicareinodearagon.com "-" "python-requests/2.21.0" "-"
213.202.233.0 - - [14/Feb/2024:17:15:38 +0100] "GET /wp-admin/network/wp-login.php HTTP/1.1" 404 596 cronicadevalencia.com "-" "Mozlila/5.0 (Linux; Android 7.0; SM-G892A Bulid/NRD90M; wv) AppleWebKit/537.36 (KHTML, like Gecko) Version/4.0 Chrome/60.0.3112.107 Moblie Safari/537.36" "-"
213.202.233.0 - - [14/Feb/2024:17:16:02 +0100] "GET /wp-admin/maint/wp-login.php HTTP/1.1" 404 596 cronicadevalencia.com "-" "Mozlila/5.0 (Linux; Android 7.0; SM-G892A Bulid/NRD90M; wv) AppleWebKit/537.36 (KHTML, like Gecko) Version/4.0 Chrome/60.0.3112.107 Moblie Safari/537.36" "-"
167.172.90.0 - - [14/Feb/2024:17:16:18 +0100] "GET /wp-includes/wlwmanifest.xml HTTP/1.1" 404 596 cronicadealmeria.com "-" "python-requests/2.21.0" "-"
167.172.90.0 - - [14/Feb/2024:17:16:19 +0100] "GET /administrator/index.php HTTP/1.1" 404 596 cronicadealmeria.com "-" "python-requests/2.21.0" "-"
167.172.90.0 - - [14/Feb/2024:17:16:20 +0100] "GET /view-source: HTTP/1.1" 404 596 cronicadealmeria.com "-" "python-requests/2.21.0" "-"
167.172.90.0 - - [14/Feb/2024:17:16:20 +0100] "GET /misc/ajax.js HTTP/1.1" 404 596 cronicadealmeria.com "-" "python-requests/2.21.0" "-"
185.220.100.0 - - [14/Feb/2024:17:16:45 +0100] "GET / HTTP/1.1" 200 336 cronicadecadiz.com "http://cronicadecadiz.com" "Mozilla/5.0 (Windows; U; Windows NT 5.1; en-US; rv:1.8.0.7) Gecko/20060909 Firefox/1.5.0.7" "-"
167.172.90.0 - - [14/Feb/2024:17:17:30 +0100] "GET /wp-includes/wlwmanifest.xml HTTP/1.1" 404 596 cronicadearagon.com "-" "python-requests/2.21.0" "-"
167.172.90.0 - - [14/Feb/2024:17:17:31 +0100] "GET /administrator/index.php HTTP/1.1" 404 596 cronicadearagon.com "-" "python-requests/2.21.0" "-"
167.172.90.0 - - [14/Feb/2024:17:17:32 +0100] "GET /view-source: HTTP/1.1" 404 596 cronicadearagon.com "-" "python-requests/2.21.0" "-"
167.172.90.0 - - [14/Feb/2024:17:17:32 +0100] "GET /misc/ajax.js HTTP/1.1" 404 596 cronicadearagon.com "-" "python-requests/2.21.0" "-"
82.165.88.0 - - [14/Feb/2024:17:17:47 +0100] "POST /wp-cron.php?doing_wp_cron=1707927467.4106140136718750000000 HTTP/1.1" 200 - cronicareinodearagon.com "-" "WordPress/6.2.2; https://cronicareinodearagon.com" "-"
85.208.96.0 - - [14/Feb/2024:17:17:47 +0100] "GET /politica/isabel-rodriguez-ministra-visita-huesca/ HTTP/1.1" 200 164878 cronicareinodearagon.com "-" "Mozilla/5.0 (compatible; SemrushBot/7~bl; +http://www.semrush.com/bot.html)" "-"
167.172.90.0 - - [14/Feb/2024:17:18:55 +0100] "GET /wp-includes/wlwmanifest.xml HTTP/1.1" 404 596 cronicadeasturias.com "-" "python-requests/2.21.0" "-"
167.172.90.0 - - [14/Feb/2024:17:18:55 +0100] "GET /administrator/index.php HTTP/1.1" 404 596 cronicadeasturias.com "-" "python-requests/2.21.0" "-"
167.172.90.0 - - [14/Feb/2024:17:18:56 +0100] "GET /view-source: HTTP/1.1" 404 596 cronicadeasturias.com "-" "python-requests/2.21.0" "-"
167.172.90.0 - - [14/Feb/2024:17:18:57 +0100] "GET /misc/ajax.js HTTP/1.1" 404 596 cronicadeasturias.com "-" "python-requests/2.21.0" "-"
82.165.88.0 - - [14/Feb/2024:17:19:56 +0100] "POST /wp-cron.php?doing_wp_cron=1707927596.4270420074462890625000 HTTP/1.1" 200 - cronicareinodearagon.com "-" "WordPress/6.2.2; https://cronicareinodearagon.com" "-"
17.241.75.0 - - [14/Feb/2024:17:19:56 +0100] "GET /aragon/festival-cine-huelva-autoridad-portuaria/ HTTP/1.1" 200 164240 cronicareinodearagon.com "-" "Mozilla/5.0 (Macintosh; Intel Mac OS X 10_15_5) AppleWebKit/605.1.15 (KHTML, like Gecko) Version/13.1.1 Safari/605.1.15 (Applebot/0.1; +http://www.apple.com/go/applebot)" "-"
199.45.154.0 - - [14/Feb/2024:17:20:03 +0100] "GET / HTTP/1.1" 200 336 cronicadearagon.com "-" "Mozilla/5.0 (compatible; CensysInspect/1.1; +https://about.censys.io/)" "-"
2602:80d:1000:: - - [14/Feb/2024:17:20:04 +0100] "GET /favicon.ico HTTP/1.1" 404 596 cronicadearagon.com "-" "Mozilla/5.0 (compatible; CensysInspect/1.1; +https://about.censys.io/)" "-"
167.172.90.0 - - [14/Feb/2024:17:20:16 +0100] "GET /wp-includes/wlwmanifest.xml HTTP/1.1" 404 596 cronicadecadiz.com "-" "python-requests/2.21.0" "-"
167.172.90.0 - - [14/Feb/2024:17:20:17 +0100] "GET /administrator/index.php HTTP/1.1" 404 596 cronicadecadiz.com "-" "python-requests/2.21.0" "-"
167.172.90.0 - - [14/Feb/2024:17:20:17 +0100] "GET /view-source: HTTP/1.1" 404 596 cronicadecadiz.com "-" "python-requests/2.21.0" "-"
167.172.90.0 - - [14/Feb/2024:17:20:18 +0100] "GET /misc/ajax.js HTTP/1.1" 404 596 cronicadecadiz.com "-" "python-requests/2.21.0" "-"
82.165.88.0 - - [14/Feb/2024:17:24:03 +0100] "POST /wp-cron.php?doing_wp_cron=1707927843.3609299659729003906250 HTTP/1.1" 200 - cronicareinodearagon.com "-" "WordPress/6.2.2; https://cronicareinodearagon.com" "-"
85.208.96.0 - - [14/Feb/2024:17:24:03 +0100] "GET /economia/belarra-muestra-apoyo-solidaridad-trabajadores-metal-cadiz/ HTTP/1.1" 200 168456 cronicareinodearagon.com "-" "Mozilla/5.0 (compatible; SemrushBot/7~bl; +http://www.semrush.com/bot.html)" "-"
167.172.90.0 - - [14/Feb/2024:17:26:22 +0100] "GET /wp-includes/wlwmanifest.xml HTTP/1.1" 404 596 cronicadejaen.com "-" "python-requests/2.21.0" "-"
167.172.90.0 - - [14/Feb/2024:17:26:23 +0100] "GET /administrator/index.php HTTP/1.1" 404 596 cronicadejaen.com "-" "python-requests/2.21.0" "-"
167.172.90.0 - - [14/Feb/2024:17:26:24 +0100] "GET /view-source: HTTP/1.1" 404 596 cronicadejaen.com "-" "python-requests/2.21.0" "-"
167.172.90.0 - - [14/Feb/2024:17:26:24 +0100] "GET /misc/ajax.js HTTP/1.1" 404 596 cronicadejaen.com "-" "python-requests/2.21.0" "-"
167.172.90.0 - - [14/Feb/2024:17:27:18 +0100] "GET /wp-includes/wlwmanifest.xml HTTP/1.1" 404 596 cronicadehuelva.com "-" "python-requests/2.21.0" "-"
167.172.90.0 - - [14/Feb/2024:17:27:20 +0100] "GET /administrator/index.php HTTP/1.1" 404 596 cronicadehuelva.com "-" "python-requests/2.21.0" "-"
167.172.90.0 - - [14/Feb/2024:17:27:20 +0100] "GET /view-source: HTTP/1.1" 404 596 cronicadehuelva.com "-" "python-requests/2.21.0" "-"
167.172.90.0 - - [14/Feb/2024:17:27:20 +0100] "GET /misc/ajax.js HTTP/1.1" 404 596 cronicadehuelva.com "-" "python-requests/2.21.0" "-"
82.165.88.0 - - [14/Feb/2024:17:31:49 +0100] "POST /wp-cron.php?doing_wp_cron=1707928309.7476079463958740234375 HTTP/1.1" 200 - cronicareinodearagon.com "-" "WordPress/6.2.2; https://cronicareinodearagon.com" "-"
54.36.148.0 - - [14/Feb/2024:17:31:49 +0100] "GET /aragon/hospital-miguel-servet-zaragoza-cirugia-robotica/ HTTP/1.1" 200 35366 cronicareinodearagon.com "-" "Mozilla/5.0 (compatible; AhrefsBot/7.0; +http://ahrefs.com/robot/)" "-"
167.172.90.0 - - [14/Feb/2024:17:34:00 +0100] "GET /wp-includes/wlwmanifest.xml HTTP/1.1" 404 596 cronicadecordoba.com "-" "python-requests/2.21.0" "-"
167.172.90.0 - - [14/Feb/2024:17:34:01 +0100] "GET /administrator/index.php HTTP/1.1" 404 596 cronicadecordoba.com "-" "python-requests/2.21.0" "-"
167.172.90.0 - - [14/Feb/2024:17:34:02 +0100] "GET /view-source: HTTP/1.1" 404 596 cronicadecordoba.com "-" "python-requests/2.21.0" "-"
167.172.90.0 - - [14/Feb/2024:17:34:02 +0100] "GET /misc/ajax.js HTTP/1.1" 404 596 cronicadecordoba.com "-" "python-requests/2.21.0" "-"
167.172.90.0 - - [14/Feb/2024:17:34:32 +0100] "GET /wp-includes/wlwmanifest.xml HTTP/1.1" 404 596 cronicadelpaisvalenciano.com "-" "python-requests/2.21.0" "-"
167.172.90.0 - - [14/Feb/2024:17:34:32 +0100] "GET /administrator/index.php HTTP/1.1" 404 596 cronicadelpaisvalenciano.com "-" "python-requests/2.21.0" "-"
167.172.90.0 - - [14/Feb/2024:17:34:33 +0100] "GET /view-source: HTTP/1.1" 404 596 cronicadelpaisvalenciano.com "-" "python-requests/2.21.0" "-"
167.172.90.0 - - [14/Feb/2024:17:34:33 +0100] "GET /misc/ajax.js HTTP/1.1" 404 596 cronicadelpaisvalenciano.com "-" "python-requests/2.21.0" "-"
82.165.88.0 - - [14/Feb/2024:17:36:03 +0100] "POST /wp-cron.php?doing_wp_cron=1707928563.4451620578765869140625 HTTP/1.1" 200 - cronicareinodearagon.com "-" "WordPress/6.2.2; https://cronicareinodearagon.com" "-"
185.191.171.0 - - [14/Feb/2024:17:36:03 +0100] "GET /aragon/el-comercio-aragones-recibe-18-me-para-su-modernizacion/ HTTP/1.1" 200 163956 cronicareinodearagon.com "-" "Mozilla/5.0 (compatible; SemrushBot/7~bl; +http://www.semrush.com/bot.html)" "-"
167.172.90.0 - - [14/Feb/2024:17:36:25 +0100] "GET /wp-includes/wlwmanifest.xml HTTP/1.1" 404 596 cronicadesevilla.com "-" "python-requests/2.21.0" "-"
167.172.90.0 - - [14/Feb/2024:17:36:26 +0100] "GET /administrator/index.php HTTP/1.1" 404 596 cronicadesevilla.com "-" "python-requests/2.21.0" "-"
167.172.90.0 - - [14/Feb/2024:17:36:27 +0100] "GET /view-source: HTTP/1.1" 404 596 cronicadesevilla.com "-" "python-requests/2.21.0" "-"
167.172.90.0 - - [14/Feb/2024:17:36:27 +0100] "GET /misc/ajax.js HTTP/1.1" 404 596 cronicadesevilla.com "-" "python-requests/2.21.0" "-"
167.172.90.0 - - [14/Feb/2024:17:37:04 +0100] "GET /wp-includes/wlwmanifest.xml HTTP/1.1" 404 596 cronicadevalencia.com "-" "python-requests/2.21.0" "-"
167.172.90.0 - - [14/Feb/2024:17:37:05 +0100] "GET /administrator/index.php HTTP/1.1" 404 596 cronicadevalencia.com "-" "python-requests/2.21.0" "-"
167.172.90.0 - - [14/Feb/2024:17:37:06 +0100] "GET /view-source: HTTP/1.1" 404 596 cronicadevalencia.com "-" "python-requests/2.21.0" "-"
167.172.90.0 - - [14/Feb/2024:17:37:06 +0100] "GET /misc/ajax.js HTTP/1.1" 404 596 cronicadevalencia.com "-" "python-requests/2.21.0" "-"
82.165.88.0 - - [14/Feb/2024:17:37:08 +0100] "POST /wp-cron.php?doing_wp_cron=1707928628.6928310394287109375000 HTTP/1.1" 200 - cronicareinodearagon.com "-" "WordPress/6.2.2; https://cronicareinodearagon.com" "-"
185.191.171.0 - - [14/Feb/2024:17:37:08 +0100] "GET /aragon/once-premios-cuponazo-andalucia-sevilla-cordoba-cadiz-granada/ HTTP/1.1" 200 159952 cronicareinodearagon.com "-" "Mozilla/5.0 (compatible; SemrushBot/7~bl; +http://www.semrush.com/bot.html)" "-"
167.172.90.0 - - [14/Feb/2024:17:39:39 +0100] "GET /wp-includes/wlwmanifest.xml HTTP/1.1" 404 596 cronicademalaga.com "-" "python-requests/2.21.0" "-"
167.172.90.0 - - [14/Feb/2024:17:39:40 +0100] "GET /administrator/index.php HTTP/1.1" 404 596 cronicademalaga.com "-" "python-requests/2.21.0" "-"
167.172.90.0 - - [14/Feb/2024:17:39:41 +0100] "GET /view-source: HTTP/1.1" 404 596 cronicademalaga.com "-" "python-requests/2.21.0" "-"
167.172.90.0 - - [14/Feb/2024:17:39:41 +0100] "GET /misc/ajax.js HTTP/1.1" 404 596 cronicademalaga.com "-" "python-requests/2.21.0" "-"
82.165.88.0 - - [14/Feb/2024:17:40:45 +0100] "POST /wp-cron.php?doing_wp_cron=1707928845.3631849288940429687500 HTTP/1.1" 200 - cronicareinodearagon.com "-" "WordPress/6.2.2; https://cronicareinodearagon.com" "-"
185.191.171.0 - - [14/Feb/2024:17:40:45 +0100] "GET /sociedad/resaca-final-uefa-sevilla/ HTTP/1.1" 200 174219 cronicareinodearagon.com "-" "Mozilla/5.0 (compatible; SemrushBot/7~bl; +http://www.semrush.com/bot.html)" "-"
50.62.177.0 - - [14/Feb/2024:17:47:01 +0100] "POST /wp-login.php HTTP/1.1" 404 596 cronicadesevilla.com "http://cronicadesevilla.com/wp-login.php" "Mozilla/5.0 (Windows NT 6.1; Win64; x64; rv:109.0) Gecko/20100101 Firefox/111.0" "-"
82.165.88.0 - - [14/Feb/2024:17:47:09 +0100] "POST /wp-cron.php?doing_wp_cron=1707929229.6942870616912841796875 HTTP/1.1" 200 - cronicareinodearagon.com "-" "WordPress/6.2.2; https://cronicareinodearagon.com" "-"
185.191.171.0 - - [14/Feb/2024:17:47:09 +0100] "GET /aragon/cccoo-incremento-precio-comedores-escolares/ HTTP/1.1" 200 162270 cronicareinodearagon.com "-" "Mozilla/5.0 (compatible; SemrushBot/7~bl; +http://www.semrush.com/bot.html)" "-"
50.62.177.0 - - [14/Feb/2024:17:47:13 +0100] "POST /wp-login.php HTTP/1.1" 404 596 cronicadesevilla.com "HTTP://CRONICADESEVILLA.COM/wp-login.php" "Mozilla/5.0 (Windows NT 6.1; Win64; x64; rv:109.0) Gecko/20100101 Firefox/111.0" "-"
139.59.22.0 - - [14/Feb/2024:17:47:41 +0100] "POST /wp-login.php HTTP/1.1" 404 596 cronicadesevilla.com "http://cronicadesevilla.com/wp-login.php" "Mozilla/5.0 (Windows NT 6.1; Win64; x64; rv:109.0) Gecko/20100101 Firefox/111.0" "-"
27.254.33.0 - - [14/Feb/2024:17:48:26 +0100] "POST /wp-login.php HTTP/1.1" 404 596 cronicadesevilla.com "http://cronicadesevilla.com/wp-login.php" "Mozilla/5.0 (Windows NT 6.1; Win64; x64; rv:109.0) Gecko/20100101 Firefox/111.0" "-"
27.254.33.0 - - [14/Feb/2024:17:48:26 +0100] "POST /wp-login.php HTTP/1.1" 503 299 cronicadesevilla.com "HTTP://CRONICADESEVILLA.COM/wp-login.php" "Mozilla/5.0 (Windows NT 6.1; Win64; x64; rv:109.0) Gecko/20100101 Firefox/111.0" "-"
68.178.221.0 - - [14/Feb/2024:17:49:14 +0100] "POST /wp-login.php HTTP/1.1" 404 596 cronicadesevilla.com "HTTP://CRONICADESEVILLA.COM/wp-login.php" "Mozilla/5.0 (Windows NT 6.1; Win64; x64; rv:109.0) Gecko/20100101 Firefox/111.0" "-"
68.178.221.0 - - [14/Feb/2024:17:49:27 +0100] "POST /wp-login.php HTTP/1.1" 404 596 cronicadesevilla.com "http://cronicadesevilla.com/wp-login.php" "Mozilla/5.0 (Windows NT 6.1; Win64; x64; rv:109.0) Gecko/20100101 Firefox/111.0" "-"
82.165.88.0 - - [14/Feb/2024:17:50:29 +0100] "POST /wp-cron.php?doing_wp_cron=1707929429.9446609020233154296875 HTTP/1.1" 200 - cronicareinodearagon.com "-" "WordPress/6.2.2; https://cronicareinodearagon.com" "-"
85.208.96.0 - - [14/Feb/2024:17:50:29 +0100] "GET /sociedad/granada-armas-robadas-ultima-generacion/ HTTP/1.1" 200 169154 cronicareinodearagon.com "-" "Mozilla/5.0 (compatible; SemrushBot/7~bl; +http://www.semrush.com/bot.html)" "-"
82.165.88.0 - - [14/Feb/2024:17:52:29 +0100] "POST /wp-cron.php?doing_wp_cron=1707929549.9361360073089599609375 HTTP/1.1" 200 - cronicareinodearagon.com "-" "WordPress/6.2.2; https://cronicareinodearagon.com" "-"
185.191.171.0 - - [14/Feb/2024:17:52:29 +0100] "GET /aragon/espadas-psoe-pp-ucrania-medidas-andalucia/ HTTP/1.1" 200 159330 cronicareinodearagon.com "-" "Mozilla/5.0 (compatible; SemrushBot/7~bl; +http://www.semrush.com/bot.html)" "-"
85.208.96.0 - - [14/Feb/2024:17:52:45 +0100] "GET /aragon/moreno-adelanta-elecciones-19-junio/ HTTP/1.1" 200 164370 cronicareinodearagon.com "-" "Mozilla/5.0 (compatible; SemrushBot/7~bl; +http://www.semrush.com/bot.html)" "-"
82.165.88.0 - - [14/Feb/2024:17:52:46 +0100] "POST /wp-cron.php?doing_wp_cron=1707929566.0580298900604248046875 HTTP/1.1" 200 - cronicareinodearagon.com "-" "WordPress/6.2.2; https://cronicareinodearagon.com" "-"
104.168.171.0 - - [14/Feb/2024:17:53:59 +0100] "GET /politica/javier-lamban-psoe-teruel-empleo/ HTTP/1.1" 200 169581 cronicareinodearagon.com "-" "Mozilla/5.0 (Windows NT 10.0; Win64; x64) AppleWebKit/537.36 (KHTML, like Gecko) Chrome/114.0.0.0 YaBrowser/22.7.0 Yowser/2.5 Safari/537.36" "-"
82.165.88.0 - - [14/Feb/2024:17:54:00 +0100] "POST /wp-cron.php?doing_wp_cron=1707929640.1895220279693603515625 HTTP/1.1" 200 - cronicareinodearagon.com "-" "WordPress/6.2.2; https://cronicareinodearagon.com" "-"
104.168.171.0 - - [14/Feb/2024:17:54:03 +0100] "POST /wp-comments-post.php HTTP/1.1" 302 - cronicareinodearagon.com "https://cronicareinodearagon.com/politica/javier-lamban-psoe-teruel-empleo/" "Mozilla/5.0 (Windows NT 10.0; Win64; x64) AppleWebKit/537.36 (KHTML, like Gecko) Chrome/114.0.0.0 YaBrowser/22.7.0 Yowser/2.5 Safari/537.36" "-"
104.168.171.0 - - [14/Feb/2024:17:54:04 +0100] "GET /politica/javier-lamban-psoe-teruel-empleo/ HTTP/1.1" 200 169581 cronicareinodearagon.com "https://cronicareinodearagon.com/wp-comments-post.php" "Mozilla/5.0 (Windows NT 10.0; Win64; x64) AppleWebKit/537.36 (KHTML, like Gecko) Chrome/114.0.0.0 YaBrowser/22.7.0 Yowser/2.5 Safari/537.36" "-"
185.191.171.0 - - [14/Feb/2024:17:54:28 +0100] "GET /aragon/el-gobierno-de-aragon-impulsa-nueve-proyectos-empresariales-de-id-en-sector-farmaceutico-y-movilidad-sostenible/ HTTP/1.1" 200 35561 cronicareinodearagon.com "-" "Mozilla/5.0 (compatible; SemrushBot/7~bl; +http://www.semrush.com/bot.html)" "-"
82.165.88.0 - - [14/Feb/2024:17:58:36 +0100] "POST /wp-cron.php?doing_wp_cron=1707929916.7266740798950195312500 HTTP/1.1" 200 - cronicareinodearagon.com "-" "WordPress/6.2.2; https://cronicareinodearagon.com" "-"
85.208.96.0 - - [14/Feb/2024:17:58:36 +0100] "GET /opinion/juan-carlos-cabrera-maria-jesus-montero/ HTTP/1.1" 200 161696 cronicareinodearagon.com "-" "Mozilla/5.0 (compatible; SemrushBot/7~bl; +http://www.semrush.com/bot.html)" "-"
199.45.155.0 - - [14/Feb/2024:18:02:30 +0100] "GET / HTTP/1.1" 200 336 cronicadearagon.com "-" "Mozilla/5.0 (compatible; CensysInspect/1.1; +https://about.censys.io/)" "-"
2602:80d:1000:: - - [14/Feb/2024:18:02:31 +0100] "GET /favicon.ico HTTP/1.1" 404 596 cronicadearagon.com "-" "Mozilla/5.0 (compatible; CensysInspect/1.1; +https://about.censys.io/)" "-"
185.191.171.0 - - [14/Feb/2024:18:02:56 +0100] "GET /sociedad/intervenidas-cuatro-toneladas-hachis-huelva/ HTTP/1.1" 200 162457 cronicareinodearagon.com "-" "Mozilla/5.0 (compatible; SemrushBot/7~bl; +http://www.semrush.com/bot.html)" "-"
82.165.88.0 - - [14/Feb/2024:18:02:57 +0100] "POST /wp-cron.php?doing_wp_cron=1707930177.1352379322052001953125 HTTP/1.1" 200 - cronicareinodearagon.com "-" "WordPress/6.2.2; https://cronicareinodearagon.com" "-"
85.208.96.0 - - [14/Feb/2024:18:05:25 +0100] "GET /aragon/mitines-fiesta-politica-musica-campana-28-febrero/ HTTP/1.1" 200 170981 cronicareinodearagon.com "-" "Mozilla/5.0 (compatible; SemrushBot/7~bl; +http://www.semrush.com/bot.html)" "-"
82.165.88.0 - - [14/Feb/2024:18:05:26 +0100] "POST /wp-cron.php?doing_wp_cron=1707930326.0575540065765380859375 HTTP/1.1" 200 - cronicareinodearagon.com "-" "WordPress/6.2.2; https://cronicareinodearagon.com" "-"
82.165.88.0 - - [14/Feb/2024:18:07:50 +0100] "POST /wp-cron.php?doing_wp_cron=1707930470.6740539073944091796875 HTTP/1.1" 200 - cronicareinodearagon.com "-" "WordPress/6.2.2; https://cronicareinodearagon.com" "-"
185.191.171.0 - - [14/Feb/2024:18:07:50 +0100] "GET /aragon/protesta-profesores-religion/ HTTP/1.1" 200 169045 cronicareinodearagon.com "-" "Mozilla/5.0 (compatible; SemrushBot/7~bl; +http://www.semrush.com/bot.html)" "-"
185.191.171.0 - - [14/Feb/2024:18:10:13 +0100] "GET /robots.txt HTTP/1.1" 200 202 cronicareinodearagon.com "-" "Mozilla/5.0 (compatible; SemrushBot/7~bl; +http://www.semrush.com/bot.html)" "-"
82.165.88.0 - - [14/Feb/2024:18:10:14 +0100] "POST /wp-cron.php?doing_wp_cron=1707930614.1982998847961425781250 HTTP/1.1" 200 - cronicareinodearagon.com "-" "WordPress/6.2.2; https://cronicareinodearagon.com" "-"
85.208.96.0 - - [14/Feb/2024:18:10:15 +0100] "GET /sociedad/cruz-roja-auxilia-personas-cordoba/ HTTP/1.1" 200 163919 cronicareinodearagon.com "-" "Mozilla/5.0 (compatible; SemrushBot/7~bl; +http://www.semrush.com/bot.html)" "-"
212.115.111.0 - - [14/Feb/2024:18:15:01 +0100] "GET /wp-login.php HTTP/1.1" 404 596 cronicadearagon.com "-" "Mozilla/5.0 (X11; Fedora; Linux x86_64; rv:94.0) Gecko/20100101 Firefox/95.0" "-"
37.97.201.0 - - [14/Feb/2024:18:17:27 +0100] "POST /xmlrpc.php HTTP/1.1" 200 416 cronicareinodearagon.com "-" "Mozilla/5.0 (Windows NT 10.0; Win64; x64) AppleWebKit/537.36 (KHTML, like Gecko) Chrome/79.0.3945.117 Safari/537.36" "-"
82.165.88.0 - - [14/Feb/2024:18:17:28 +0100] "POST /wp-cron.php?doing_wp_cron=1707931048.1630539894104003906250 HTTP/1.1" 200 - cronicareinodearagon.com "-" "WordPress/6.2.2; https://cronicareinodearagon.com" "-"
195.22.8.0 - - [14/Feb/2024:18:17:29 +0100] "POST /xmlrpc.php HTTP/1.1" 200 416 cronicareinodearagon.com "-" "Mozilla/5.0 (Windows NT 6.3; Win64; x64; rv:73.0) Gecko/20100101 Firefox/73.0" "-"
92.205.145.0 - - [14/Feb/2024:18:17:32 +0100] "POST /xmlrpc.php HTTP/1.1" 200 416 cronicareinodearagon.com "-" "Mozilla/5.0 (Windows NT 10.0; Win64; x64) AppleWebKit/537.36 (KHTML, like Gecko) Chrome/72.0.3626.121 Safari/537.36" "-"
34.194.215.0 - - [14/Feb/2024:18:17:36 +0100] "POST /xmlrpc.php HTTP/1.1" 200 416 cronicareinodearagon.com "-" "Mozilla/5.0 (Windows NT 10.0; Win64; x64; rv:65.0) Gecko/20100101 Firefox/65.0" "-"
2401:c080:1400:: - - [14/Feb/2024:18:17:37 +0100] "POST /xmlrpc.php HTTP/1.1" 200 416 cronicareinodearagon.com "-" "Mozilla/5.0 (Windows NT 10.0; WOW64; rv:50.0) Gecko/20100101 Firefox/50.0" "-"
47.251.36.0 - - [14/Feb/2024:18:17:37 +0100] "POST /xmlrpc.php HTTP/1.1" 200 416 cronicareinodearagon.com "-" "Mozilla/5.0 (Windows NT 5.1; rv:40.0) Gecko/20100101 Firefox/40.0" "-"
149.129.190.0 - - [14/Feb/2024:18:17:41 +0100] "POST /xmlrpc.php HTTP/1.1" 200 416 cronicareinodearagon.com "-" "Mozilla/5.0 (Windows NT 6.3; Win64; x64) AppleWebKit/537.36 (KHTML, like Gecko) Chrome/60.0.3112.113 Safari/537.36" "-"
82.165.88.0 - - [14/Feb/2024:18:17:47 +0100] "POST /wp-cron.php?doing_wp_cron=1707931067.7844860553741455078125 HTTP/1.1" 200 - cronicareinodearagon.com "-" "WordPress/6.2.2; https://cronicareinodearagon.com" "-"
206.189.24.0 - - [14/Feb/2024:18:17:47 +0100] "POST /xmlrpc.php HTTP/1.1" 200 416 cronicareinodearagon.com "-" "Mozilla/5.0 (Windows NT 10.0; Win64; x64) AppleWebKit/537.36 (KHTML, like Gecko) Chrome/86.0.4240.198 Safari/537.36" "-"
101.132.124.0 - - [14/Feb/2024:18:17:51 +0100] "POST /xmlrpc.php HTTP/1.1" 200 416 cronicareinodearagon.com "-" "Mozilla/5.0 (Windows NT 10.0; Win64; x64; rv:58.0) Gecko/20100101 Firefox/58.0" "-"
185.160.182.0 - - [14/Feb/2024:18:17:54 +0100] "POST /xmlrpc.php HTTP/1.1" 200 416 cronicareinodearagon.com "-" "Mozilla/5.0 (iPod; CPU iPhone OS 14_6 like Mac OS X) AppleWebKit/605.1.15 (KHTML, like Gecko) CriOS/91.0.4472.80 Mobile/15E148 Safari/604.1" "-"
209.250.224.0 - - [14/Feb/2024:18:17:56 +0100] "POST /xmlrpc.php HTTP/1.1" 200 416 cronicareinodearagon.com "-" "Mozilla/5.0 (X11; Linux x86_64) AppleWebKit/537.36 (KHTML, like Gecko) Chrome/91.0.4472.114 Safari/537.36" "-"
2001:1640:: - - [14/Feb/2024:18:17:56 +0100] "POST /xmlrpc.php HTTP/1.1" 200 416 cronicareinodearagon.com "-" "Mozilla/5.0 (Windows NT 10.0; Win64; x64) AppleWebKit/537.36 (KHTML, like Gecko) Chrome/84.0.4147.105 Safari/537.36" "-"
184.168.101.0 - - [14/Feb/2024:18:17:58 +0100] "POST /xmlrpc.php HTTP/1.1" 200 416 cronicareinodearagon.com "-" "Mozilla/5.0 (Windows NT 10.0; Win64; x64; rv:84.0) Gecko/20100101 Firefox/84.0" "-"
82.165.88.0 - - [14/Feb/2024:18:18:54 +0100] "POST /wp-cron.php?doing_wp_cron=1707931134.6475260257720947265625 HTTP/1.1" 200 - cronicareinodearagon.com "-" "WordPress/6.2.2; https://cronicareinodearagon.com" "-"
85.208.96.0 - - [14/Feb/2024:18:18:54 +0100] "GET /politica/rivares-pp-vendiendo-zaragoza-trozos-saldo/ HTTP/1.1" 200 162467 cronicareinodearagon.com "-" "Mozilla/5.0 (compatible; SemrushBot/7~bl; +http://www.semrush.com/bot.html)" "-"
82.165.88.0 - - [14/Feb/2024:18:21:51 +0100] "POST /wp-cron.php?doing_wp_cron=1707931311.3101260662078857421875 HTTP/1.1" 200 - cronicareinodearagon.com "-" "WordPress/6.2.2; https://cronicareinodearagon.com" "-"
54.36.148.0 - - [14/Feb/2024:18:21:51 +0100] "GET /category/aragon/page/3/ HTTP/1.1" 200 147438 cronicareinodearagon.com "-" "Mozilla/5.0 (compatible; AhrefsBot/7.0; +http://ahrefs.com/robot/)" "-"
82.165.88.0 - - [14/Feb/2024:18:22:55 +0100] "POST /wp-cron.php?doing_wp_cron=1707931375.9454538822174072265625 HTTP/1.1" 200 - cronicareinodearagon.com "-" "WordPress/6.2.2; https://cronicareinodearagon.com" "-"
85.208.96.0 - - [14/Feb/2024:18:22:55 +0100] "GET /aragon/16-casos-pinchazos-mujeres-andalucia/ HTTP/1.1" 200 162501 cronicareinodearagon.com "-" "Mozilla/5.0 (compatible; SemrushBot/7~bl; +http://www.semrush.com/bot.html)" "-"
85.208.96.0 - - [14/Feb/2024:18:23:34 +0100] "GET /aragon/violencia-machista-andalucia-parlamento-manifiesto/ HTTP/1.1" 200 170131 cronicareinodearagon.com "-" "Mozilla/5.0 (compatible; SemrushBot/7~bl; +http://www.semrush.com/bot.html)" "-"
82.165.88.0 - - [14/Feb/2024:18:26:30 +0100] "POST /wp-cron.php?doing_wp_cron=1707931590.4420890808105468750000 HTTP/1.1" 200 - cronicareinodearagon.com "-" "WordPress/6.2.2; https://cronicareinodearagon.com" "-"
85.208.96.0 - - [14/Feb/2024:18:26:30 +0100] "GET /aragon/empresas-aragon-expofranquicia/ HTTP/1.1" 200 160411 cronicareinodearagon.com "-" "Mozilla/5.0 (compatible; SemrushBot/7~bl; +http://www.semrush.com/bot.html)" "-"
82.165.224.0 - - [14/Feb/2024:18:26:31 +0100] "GET /robots.txt HTTP/1.1" 200 188 cronicadeextremadura.com "-" "IonCrawl (https://www.ionos.de/terms-gtc/faq-crawler-en/)" "-"
82.165.224.0 - - [14/Feb/2024:18:27:25 +0100] "GET /sitemap_index.xml HTTP/1.1" 200 317 cronicareinodearagon.com "-" "IonCrawl (https://www.ionos.de/terms-gtc/faq-crawler-en/)" "-"
82.165.224.0 - - [14/Feb/2024:18:29:18 +0100] "GET / HTTP/1.1" 200 336 cronicadeextremadura.com "-" "IonCrawl (https://www.ionos.de/terms-gtc/faq-crawler-en/)" "-"
82.165.224.0 - - [14/Feb/2024:18:29:20 +0100] "GET /wp-cron.php HTTP/1.1" 404 596 cronicadeextremadura.com "-" "IonCrawl (https://www.ionos.de/terms-gtc/faq-crawler-en/)" "-"
185.191.171.0 - - [14/Feb/2024:18:30:02 +0100] "GET /politica/aragon-existe-zonas-verdes-zaragoza/ HTTP/1.1" 200 167196 cronicareinodearagon.com "-" "Mozilla/5.0 (compatible; SemrushBot/7~bl; +http://www.semrush.com/bot.html)" "-"
82.165.88.0 - - [14/Feb/2024:18:30:03 +0100] "POST /wp-cron.php?doing_wp_cron=1707931803.1208219528198242187500 HTTP/1.1" 200 - cronicareinodearagon.com "-" "WordPress/6.2.2; https://cronicareinodearagon.com" "-"
85.208.96.0 - - [14/Feb/2024:18:30:34 +0100] "GET /aragon/covid19-medidas-andalucia-recomendaciones/ HTTP/1.1" 200 172281 cronicareinodearagon.com "-" "Mozilla/5.0 (compatible; SemrushBot/7~bl; +http://www.semrush.com/bot.html)" "-"
82.165.224.0 - - [14/Feb/2024:18:30:51 +0100] "GET /defaultsite HTTP/1.1" 200 18994 cronicadeextremadura.com "-" "IonCrawl (https://www.ionos.de/terms-gtc/faq-crawler-en/)" "-"
82.165.88.0 - - [14/Feb/2024:18:31:50 +0100] "POST /wp-cron.php?doing_wp_cron=1707931910.7758378982543945312500 HTTP/1.1" 200 - cronicareinodearagon.com "-" "WordPress/6.2.2; https://cronicareinodearagon.com" "-"
85.208.96.0 - - [14/Feb/2024:18:31:50 +0100] "GET /aragon/gobierno-aragon-industria-fondos-europeos/ HTTP/1.1" 200 173688 cronicareinodearagon.com "-" "Mozilla/5.0 (compatible; SemrushBot/7~bl; +http://www.semrush.com/bot.html)" "-"
85.208.96.0 - - [14/Feb/2024:18:32:33 +0100] "GET /aragon/el-proyecto-carbo4power-sigue-avanzando-de-la-mano-de-itainnova/ HTTP/1.1" 200 161336 cronicareinodearagon.com "-" "Mozilla/5.0 (compatible; SemrushBot/7~bl; +http://www.semrush.com/bot.html)" "-"
185.191.171.0 - - [14/Feb/2024:18:32:38 +0100] "GET /educacion/profesores-de-toda-espana-protestan-ante-el-ministerio-de-educacion-para-denunciar-su-situacion-laboral/ HTTP/1.1" 200 165200 cronicareinodearagon.com "-" "Mozilla/5.0 (compatible; SemrushBot/7~bl; +http://www.semrush.com/bot.html)" "-"
74.125.209.0 - - [14/Feb/2024:18:33:50 +0100] "GET /category/sociedad/feed/ HTTP/1.1" 200 16233 cronicareinodearagon.com "-" "FeedFetcher-Google; (+http://www.google.com/feedfetcher.html)" "-"
66.249.92.0 - - [14/Feb/2024:18:35:00 +0100] "GET /category/economia/feed/ HTTP/1.1" 200 42774 cronicareinodearagon.com "-" "FeedFetcher-Google; (+http://www.google.com/feedfetcher.html)" "-"
82.165.88.0 - - [14/Feb/2024:18:35:01 +0100] "POST /wp-cron.php?doing_wp_cron=1707932101.2809851169586181640625 HTTP/1.1" 200 - cronicareinodearagon.com "-" "WordPress/6.2.2; https://cronicareinodearagon.com" "-"
82.165.88.0 - - [14/Feb/2024:18:36:13 +0100] "POST /wp-cron.php?doing_wp_cron=1707932173.7142970561981201171875 HTTP/1.1" 200 - cronicareinodearagon.com "-" "WordPress/6.2.2; https://cronicareinodearagon.com" "-"
74.125.212.0 - - [14/Feb/2024:18:36:13 +0100] "GET /category/economia/feed/ HTTP/1.1" 200 42774 cronicareinodearagon.com "-" "FeedFetcher-Google; (+http://www.google.com/feedfetcher.html)" "-"
82.165.88.0 - - [14/Feb/2024:18:40:44 +0100] "POST /wp-cron.php?doing_wp_cron=1707932444.5672550201416015625000 HTTP/1.1" 200 - cronicareinodearagon.com "-" "WordPress/6.2.2; https://cronicareinodearagon.com" "-"
185.191.171.0 - - [14/Feb/2024:18:40:44 +0100] "GET /sociedad/erupcion-volcanica-en-la-palma/ HTTP/1.1" 200 164030 cronicareinodearagon.com "-" "Mozilla/5.0 (compatible; SemrushBot/7~bl; +http://www.semrush.com/bot.html)" "-"
82.165.88.0 - - [14/Feb/2024:18:43:41 +0100] "POST /wp-cron.php?doing_wp_cron=1707932621.5603420734405517578125 HTTP/1.1" 200 - cronicareinodearagon.com "-" "WordPress/6.2.2; https://cronicareinodearagon.com" "-"
153.19.105.0 - - [14/Feb/2024:18:43:41 +0100] "POST /xmlrpc.php HTTP/1.1" 200 416 cronicareinodearagon.com "-" "Mozilla/5.0 (Windows NT 10.0; Win64; x64; rv:67.0) Gecko/20100101 Firefox/67.0" "-"
185.191.171.0 - - [14/Feb/2024:18:46:23 +0100] "GET /aragon/fallece-antonio-lopez-periodista/ HTTP/1.1" 200 162926 cronicareinodearagon.com "-" "Mozilla/5.0 (compatible; SemrushBot/7~bl; +http://www.semrush.com/bot.html)" "-"
82.165.88.0 - - [14/Feb/2024:18:46:24 +0100] "POST /wp-cron.php?doing_wp_cron=1707932784.2319610118865966796875 HTTP/1.1" 200 - cronicareinodearagon.com "-" "WordPress/6.2.2; https://cronicareinodearagon.com" "-"
54.36.149.0 - - [14/Feb/2024:18:51:28 +0100] "GET /america/brasil-elecciones-lula-bolsonaro/ HTTP/1.1" 200 171833 cronicareinodearagon.com "-" "Mozilla/5.0 (compatible; AhrefsBot/7.0; +http://ahrefs.com/robot/)" "-"
82.165.88.0 - - [14/Feb/2024:18:51:29 +0100] "POST /wp-cron.php?doing_wp_cron=1707933089.3266379833221435546875 HTTP/1.1" 200 - cronicareinodearagon.com "-" "WordPress/6.2.2; https://cronicareinodearagon.com" "-"
85.208.96.0 - - [14/Feb/2024:18:51:30 +0100] "GET /aragon/chunta-aragonesista-subraya-la-necesidad-de-un-nuevo-plan-de-financiacion-local/ HTTP/1.1" 200 171121 cronicareinodearagon.com "-" "Mozilla/5.0 (compatible; SemrushBot/7~bl; +http://www.semrush.com/bot.html)" "-"
54.36.148.0 - - [14/Feb/2024:18:51:32 +0100] "GET /wp-content/uploads/2022/04/Lula.jpg HTTP/1.1" 200 60280 cronicareinodearagon.com "-" "Mozilla/5.0 (compatible; AhrefsBot/7.0; +http://ahrefs.com/robot/)" "-"
82.165.88.0 - - [14/Feb/2024:18:52:41 +0100] "POST /wp-cron.php?doing_wp_cron=1707933161.9048180580139160156250 HTTP/1.1" 200 - cronicareinodearagon.com "-" "WordPress/6.2.2; https://cronicareinodearagon.com" "-"
185.191.171.0 - - [14/Feb/2024:18:52:41 +0100] "GET /category/aragon/page/65/ HTTP/1.1" 200 147845 cronicareinodearagon.com "-" "Mozilla/5.0 (compatible; SemrushBot/7~bl; +http://www.semrush.com/bot.html)" "-"
2a01:4f8:: - - [14/Feb/2024:18:53:18 +0100] "POST /xmlrpc.php HTTP/1.1" 200 416 cronicareinodearagon.com "-" "Mozilla/5.0 (Windows NT 10.0; Win64; x64; rv:80.0) Gecko/20100101 Firefox/80.0" "-"
82.165.88.0 - - [14/Feb/2024:18:55:52 +0100] "POST /wp-cron.php?doing_wp_cron=1707933352.8204629421234130859375 HTTP/1.1" 200 - cronicareinodearagon.com "-" "WordPress/6.2.2; https://cronicareinodearagon.com" "-"
66.249.92.0 - - [14/Feb/2024:18:55:52 +0100] "GET /category/educacion/feed/ HTTP/1.1" 200 56994 cronicareinodearagon.com "-" "FeedFetcher-Google; (+http://www.google.com/feedfetcher.html)" "-"
66.249.92.0 - - [14/Feb/2024:18:55:53 +0100] "GET /category/politica/feed/ HTTP/1.1" 200 59109 cronicareinodearagon.com "-" "FeedFetcher-Google; (+http://www.google.com/feedfetcher.html)" "-"
185.220.100.0 - - [14/Feb/2024:18:57:26 +0100] "GET / HTTP/1.1" 200 336 cronicademalaga.com "http://cronicademalaga.com" "Mozilla/4.0 (compatible; MSIE 6.0; Windows NT 5.1; SV1; .NET CLR 2.0.50727)" "-"
185.191.171.0 - - [14/Feb/2024:19:10:57 +0100] "GET /robots.txt HTTP/1.1" 200 202 cronicareinodearagon.com "-" "Mozilla/5.0 (compatible; SemrushBot/7~bl; +http://www.semrush.com/bot.html)" "-"
82.165.88.0 - - [14/Feb/2024:19:10:58 +0100] "POST /wp-cron.php?doing_wp_cron=1707934258.6206779479980468750000 HTTP/1.1" 200 - cronicareinodearagon.com "-" "WordPress/6.2.2; https://cronicareinodearagon.com" "-"
185.191.171.0 - - [14/Feb/2024:19:10:59 +0100] "GET /aragon/ciudadanos-listas-conjuntas-pp-elecciones/ HTTP/1.1" 200 166201 cronicareinodearagon.com "-" "Mozilla/5.0 (compatible; SemrushBot/7~bl; +http://www.semrush.com/bot.html)" "-"
82.165.88.0 - - [14/Feb/2024:19:11:54 +0100] "POST /wp-cron.php?doing_wp_cron=1707934314.8205399513244628906250 HTTP/1.1" 200 - cronicareinodearagon.com "-" "WordPress/6.2.2; https://cronicareinodearagon.com" "-"
2001:4860:: - - [14/Feb/2024:19:11:54 +0100] "GET /aragon/aragon-programa-despoblacion-2023-2027/ HTTP/1.1" 200 173160 cronicareinodearagon.com "https://www.google.com/" "Mozilla/5.0 (Linux; Android 10; K) AppleWebKit/537.36 (KHTML, like Gecko) Chrome/121.0.0.0 Mobile Safari/537.36" "-"
142.250.32.0 - - [14/Feb/2024:19:11:54 +0100] "GET /.well-known/traffic-advice HTTP/1.1" 404 144884 cronicareinodearagon.com "-" "Chrome Privacy Preserving Prefetch Proxy" "-"
74.125.209.0 - - [14/Feb/2024:19:14:05 +0100] "GET /category/sociedad/feed/ HTTP/1.1" 200 16233 cronicareinodearagon.com "-" "FeedFetcher-Google; (+http://www.google.com/feedfetcher.html)" "-"
167.172.90.0 - - [14/Feb/2024:19:17:07 +0100] "GET /wp-includes/wlwmanifest.xml HTTP/1.1" 404 596 grupocronicaenlibertad.com "-" "python-requests/2.21.0" "-"
167.172.90.0 - - [14/Feb/2024:19:17:07 +0100] "GET /administrator/index.php HTTP/1.1" 404 596 grupocronicaenlibertad.com "-" "python-requests/2.21.0" "-"
167.172.90.0 - - [14/Feb/2024:19:17:08 +0100] "GET /view-source: HTTP/1.1" 404 596 grupocronicaenlibertad.com "-" "python-requests/2.21.0" "-"
167.172.90.0 - - [14/Feb/2024:19:17:09 +0100] "GET /misc/ajax.js HTTP/1.1" 404 596 grupocronicaenlibertad.com "-" "python-requests/2.21.0" "-"
174.138.59.0 - - [14/Feb/2024:19:18:35 +0100] "GET / HTTP/1.1" 200 336 cronicadehuelva.com "-" "Mozilla/5.0 (X11; Linux x86_64) AppleWebKit/537.36 (KHTML, like Gecko) Chrome/108.0.0.0 Safari/537.36" "-"
77.246.102.0 - - [14/Feb/2024:19:21:12 +0100] "GET /aragon/resultados-elecciones-autonomicas-municipales-aragon/ HTTP/1.1" 200 169152 cronicareinodearagon.com "https://cronicareinodearagon.com/aragon/resultados-elecciones-autonomicas-municipales-aragon/" "Mozilla/5.0 (Windows NT 10.0; Win64; x64) AppleWebKit/537.36 (KHTML, like Gecko) Chrome/122.0.0.0 Safari/537.36" "-"
77.246.102.0 - - [14/Feb/2024:19:21:12 +0100] "POST /wp-comments-post.php HTTP/1.1" 302 - cronicareinodearagon.com "https://cronicareinodearagon.com/aragon/resultados-elecciones-autonomicas-municipales-aragon/" "Mozilla/5.0 (Windows NT 10.0; Win64; x64) AppleWebKit/537.36 (KHTML, like Gecko) Chrome/122.0.0.0 Safari/537.36" "-"
82.165.88.0 - - [14/Feb/2024:19:21:13 +0100] "POST /wp-cron.php?doing_wp_cron=1707934873.5300719738006591796875 HTTP/1.1" 200 - cronicareinodearagon.com "-" "WordPress/6.2.2; https://cronicareinodearagon.com" "-"
77.246.102.0 - - [14/Feb/2024:19:21:14 +0100] "GET /aragon/resultados-elecciones-autonomicas-municipales-aragon/ HTTP/1.1" 200 169053 cronicareinodearagon.com "https://cronicareinodearagon.com/aragon/resultados-elecciones-autonomicas-municipales-aragon/#comment-2931" "Mozilla/5.0 (Windows NT 10.0; Win64; x64) AppleWebKit/537.36 (KHTML, like Gecko) Chrome/122.0.0.0 Safari/537.36" "-"
85.208.96.0 - - [14/Feb/2024:19:23:38 +0100] "GET /sociedad/incendio-almonte-donana/ HTTP/1.1" 200 174538 cronicareinodearagon.com "-" "Mozilla/5.0 (compatible; SemrushBot/7~bl; +http://www.semrush.com/bot.html)" "-"
82.165.88.0 - - [14/Feb/2024:19:23:39 +0100] "POST /wp-cron.php?doing_wp_cron=1707935019.7865059375762939453125 HTTP/1.1" 200 - cronicareinodearagon.com "-" "WordPress/6.2.2; https://cronicareinodearagon.com" "-"
74.125.212.0 - - [14/Feb/2024:19:38:17 +0100] "GET /category/economia/feed/ HTTP/1.1" 200 42774 cronicareinodearagon.com "-" "FeedFetcher-Google; (+http://www.google.com/feedfetcher.html)" "-"
82.165.88.0 - - [14/Feb/2024:19:38:18 +0100] "POST /wp-cron.php?doing_wp_cron=1707935898.0667068958282470703125 HTTP/1.1" 200 - cronicareinodearagon.com "-" "WordPress/6.2.2; https://cronicareinodearagon.com" "-"
185.191.171.0 - - [14/Feb/2024:19:39:21 +0100] "GET /aragon/psoe-critica-pp-embarrar-campana-elecciones/ HTTP/1.1" 200 34214 cronicareinodearagon.com "-" "Mozilla/5.0 (compatible; SemrushBot/7~bl; +http://www.semrush.com/bot.html)" "-"
82.165.88.0 - - [14/Feb/2024:19:39:22 +0100] "POST /wp-cron.php?doing_wp_cron=1707935962.1202940940856933593750 HTTP/1.1" 200 - cronicareinodearagon.com "-" "WordPress/6.2.2; https://cronicareinodearagon.com" "-"
82.165.88.0 - - [14/Feb/2024:19:43:34 +0100] "POST /wp-cron.php?doing_wp_cron=1707936214.4072329998016357421875 HTTP/1.1" 200 - cronicareinodearagon.com "-" "WordPress/6.2.2; https://cronicareinodearagon.com" "-"
218.21.88.0 - - [14/Feb/2024:19:43:34 +0100] "POST /wp-comments-post.php HTTP/1.1" 302 - cronicareinodearagon.com "-" "Mozilla/5.0 (Windows NT 10.0; Win64; x64) AppleWebKit/537.36 (KHTML, like Gecko) Chrome/108.0.0.0 Safari/537.36 Edg/108.0.1462.46" "-"
218.21.88.0 - - [14/Feb/2024:19:43:35 +0100] "GET /aragon/fondos-recuperacion-cea-empresarios-andalucia-gobierno/ HTTP/1.1" 200 160274 cronicareinodearagon.com "-" "Mozilla/5.0 (Windows NT 10.0; Win64; x64) AppleWebKit/537.36 (KHTML, like Gecko) Chrome/108.0.0.0 Safari/537.36 Edg/108.0.1462.46" "-"
213.202.233.0 - - [14/Feb/2024:19:43:39 +0100] "GET /inputs.php HTTP/1.1" 404 596 grupocronicaenlibertad.com "www.google.com" "Mozlila/5.0 (Linux; Android 7.0; SM-G892A Bulid/NRD90M; wv) AppleWebKit/537.36 (KHTML, like Gecko) Version/4.0 Chrome/60.0.3112.107 Moblie Safari/537.36" "-"
54.36.148.0 - - [14/Feb/2024:19:49:17 +0100] "GET /aragon/teltronic-digitalizacion-transporte-moysest/ HTTP/1.1" 200 165888 cronicareinodearagon.com "-" "Mozilla/5.0 (compatible; AhrefsBot/7.0; +http://ahrefs.com/robot/)" "-"
82.165.88.0 - - [14/Feb/2024:19:49:18 +0100] "POST /wp-cron.php?doing_wp_cron=1707936558.1628239154815673828125 HTTP/1.1" 200 - cronicareinodearagon.com "-" "WordPress/6.2.2; https://cronicareinodearagon.com" "-"
54.36.148.0 - - [14/Feb/2024:19:49:20 +0100] "GET /wp-content/uploads/2023/05/teltronic-moysest.jpg HTTP/1.1" 200 55004 cronicareinodearagon.com "-" "Mozilla/5.0 (compatible; AhrefsBot/7.0; +http://ahrefs.com/robot/)" "-"
54.36.148.0 - - [14/Feb/2024:20:10:15 +0100] "GET /aragon/teltronic-viaja-al-ccw-donde-mostrara-sus-soluciones-banda-ancha-y-mcx/ HTTP/1.1" 200 163555 cronicareinodearagon.com "-" "Mozilla/5.0 (compatible; AhrefsBot/7.0; +http://ahrefs.com/robot/)" "-"
82.165.88.0 - - [14/Feb/2024:20:10:16 +0100] "POST /wp-cron.php?doing_wp_cron=1707937816.9358489513397216796875 HTTP/1.1" 200 - cronicareinodearagon.com "-" "WordPress/6.2.2; https://cronicareinodearagon.com" "-"
82.165.88.0 - - [14/Feb/2024:20:10:17 +0100] "GET / HTTP/1.1" 200 41724 cronicareinodearagon.com "-" "WordPress/6.2.2; https://cronicareinodearagon.com" "-"
54.36.148.0 - - [14/Feb/2024:20:10:19 +0100] "GET /wp-content/uploads/2023/05/CCW-web.jpg.webp HTTP/1.1" 200 66418 cronicareinodearagon.com "-" "Mozilla/5.0 (compatible; AhrefsBot/7.0; +http://ahrefs.com/robot/)" "-"
20.25.130.0 - - [14/Feb/2024:20:14:04 +0100] "GET / HTTP/1.1" 200 336 cronicadesevilla.com "-" "Mozilla/5.0 (Windows NT 10.0; Win64; x64) AppleWebKit/537.36 (KHTML, like Gecko) Chrome/80.0.3987.149 Safari/537.36" "-"
20.25.130.0 - - [14/Feb/2024:20:14:04 +0100] "GET / HTTP/1.1" 200 336 cronicadesevilla.com "-" "Mozilla/5.0 (Windows NT 10.0; Win64; x64) AppleWebKit/537.36 (KHTML, like Gecko) Chrome/80.0.3987.149 Safari/537.36" "-"
20.25.130.0 - - [14/Feb/2024:20:14:05 +0100] "GET /wp-includes/wlwmanifest.xml HTTP/1.1" 404 596 cronicadesevilla.com "-" "Mozilla/5.0 (Windows NT 10.0; Win64; x64) AppleWebKit/537.36 (KHTML, like Gecko) Chrome/80.0.3987.149 Safari/537.36" "-"
20.25.130.0 - - [14/Feb/2024:20:14:05 +0100] "GET /xmlrpc.php?rsd HTTP/1.1" 404 596 cronicadesevilla.com "-" "Mozilla/5.0 (Windows NT 10.0; Win64; x64) AppleWebKit/537.36 (KHTML, like Gecko) Chrome/80.0.3987.149 Safari/537.36" "-"
20.25.130.0 - - [14/Feb/2024:20:14:05 +0100] "GET / HTTP/1.1" 200 336 cronicadesevilla.com "-" "Mozilla/5.0 (Windows NT 10.0; Win64; x64) AppleWebKit/537.36 (KHTML, like Gecko) Chrome/80.0.3987.149 Safari/537.36" "-"
20.25.130.0 - - [14/Feb/2024:20:14:05 +0100] "GET /blog/wp-includes/wlwmanifest.xml HTTP/1.1" 404 596 cronicadesevilla.com "-" "Mozilla/5.0 (Windows NT 10.0; Win64; x64) AppleWebKit/537.36 (KHTML, like Gecko) Chrome/80.0.3987.149 Safari/537.36" "-"
20.25.130.0 - - [14/Feb/2024:20:14:05 +0100] "GET /web/wp-includes/wlwmanifest.xml HTTP/1.1" 404 596 cronicadesevilla.com "-" "Mozilla/5.0 (Windows NT 10.0; Win64; x64) AppleWebKit/537.36 (KHTML, like Gecko) Chrome/80.0.3987.149 Safari/537.36" "-"
20.25.130.0 - - [14/Feb/2024:20:14:05 +0100] "GET /wordpress/wp-includes/wlwmanifest.xml HTTP/1.1" 404 596 cronicadesevilla.com "-" "Mozilla/5.0 (Windows NT 10.0; Win64; x64) AppleWebKit/537.36 (KHTML, like Gecko) Chrome/80.0.3987.149 Safari/537.36" "-"
20.25.130.0 - - [14/Feb/2024:20:14:06 +0100] "GET /website/wp-includes/wlwmanifest.xml HTTP/1.1" 404 596 cronicadesevilla.com "-" "Mozilla/5.0 (Windows NT 10.0; Win64; x64) AppleWebKit/537.36 (KHTML, like Gecko) Chrome/80.0.3987.149 Safari/537.36" "-"
20.25.130.0 - - [14/Feb/2024:20:14:06 +0100] "GET /wp/wp-includes/wlwmanifest.xml HTTP/1.1" 404 596 cronicadesevilla.com "-" "Mozilla/5.0 (Windows NT 10.0; Win64; x64) AppleWebKit/537.36 (KHTML, like Gecko) Chrome/80.0.3987.149 Safari/537.36" "-"
20.25.130.0 - - [14/Feb/2024:20:14:06 +0100] "GET /news/wp-includes/wlwmanifest.xml HTTP/1.1" 404 596 cronicadesevilla.com "-" "Mozilla/5.0 (Windows NT 10.0; Win64; x64) AppleWebKit/537.36 (KHTML, like Gecko) Chrome/80.0.3987.149 Safari/537.36" "-"
20.25.130.0 - - [14/Feb/2024:20:14:06 +0100] "GET /2018/wp-includes/wlwmanifest.xml HTTP/1.1" 404 596 cronicadesevilla.com "-" "Mozilla/5.0 (Windows NT 10.0; Win64; x64) AppleWebKit/537.36 (KHTML, like Gecko) Chrome/80.0.3987.149 Safari/537.36" "-"
20.25.130.0 - - [14/Feb/2024:20:14:06 +0100] "GET /2019/wp-includes/wlwmanifest.xml HTTP/1.1" 404 596 cronicadesevilla.com "-" "Mozilla/5.0 (Windows NT 10.0; Win64; x64) AppleWebKit/537.36 (KHTML, like Gecko) Chrome/80.0.3987.149 Safari/537.36" "-"
20.25.130.0 - - [14/Feb/2024:20:14:06 +0100] "GET /shop/wp-includes/wlwmanifest.xml HTTP/1.1" 404 596 cronicadesevilla.com "-" "Mozilla/5.0 (Windows NT 10.0; Win64; x64) AppleWebKit/537.36 (KHTML, like Gecko) Chrome/80.0.3987.149 Safari/537.36" "-"
20.25.130.0 - - [14/Feb/2024:20:14:06 +0100] "GET /wp1/wp-includes/wlwmanifest.xml HTTP/1.1" 404 596 cronicadesevilla.com "-" "Mozilla/5.0 (Windows NT 10.0; Win64; x64) AppleWebKit/537.36 (KHTML, like Gecko) Chrome/80.0.3987.149 Safari/537.36" "-"
20.25.130.0 - - [14/Feb/2024:20:14:07 +0100] "GET /test/wp-includes/wlwmanifest.xml HTTP/1.1" 404 596 cronicadesevilla.com "-" "Mozilla/5.0 (Windows NT 10.0; Win64; x64) AppleWebKit/537.36 (KHTML, like Gecko) Chrome/80.0.3987.149 Safari/537.36" "-"
20.25.130.0 - - [14/Feb/2024:20:14:07 +0100] "GET /media/wp-includes/wlwmanifest.xml HTTP/1.1" 404 596 cronicadesevilla.com "-" "Mozilla/5.0 (Windows NT 10.0; Win64; x64) AppleWebKit/537.36 (KHTML, like Gecko) Chrome/80.0.3987.149 Safari/537.36" "-"
20.25.130.0 - - [14/Feb/2024:20:14:07 +0100] "GET /wp2/wp-includes/wlwmanifest.xml HTTP/1.1" 404 596 cronicadesevilla.com "-" "Mozilla/5.0 (Windows NT 10.0; Win64; x64) AppleWebKit/537.36 (KHTML, like Gecko) Chrome/80.0.3987.149 Safari/537.36" "-"
20.25.130.0 - - [14/Feb/2024:20:14:07 +0100] "GET /site/wp-includes/wlwmanifest.xml HTTP/1.1" 404 596 cronicadesevilla.com "-" "Mozilla/5.0 (Windows NT 10.0; Win64; x64) AppleWebKit/537.36 (KHTML, like Gecko) Chrome/80.0.3987.149 Safari/537.36" "-"
20.25.130.0 - - [14/Feb/2024:20:14:07 +0100] "GET /cms/wp-includes/wlwmanifest.xml HTTP/1.1" 404 596 cronicadesevilla.com "-" "Mozilla/5.0 (Windows NT 10.0; Win64; x64) AppleWebKit/537.36 (KHTML, like Gecko) Chrome/80.0.3987.149 Safari/537.36" "-"
20.25.130.0 - - [14/Feb/2024:20:14:15 +0100] "GET /sito/wp-includes/wlwmanifest.xml HTTP/1.1" 404 596 cronicadesevilla.com "-" "Mozilla/5.0 (Windows NT 10.0; Win64; x64) AppleWebKit/537.36 (KHTML, like Gecko) Chrome/80.0.3987.149 Safari/537.36" "-"
137.184.117.0 - - [14/Feb/2024:20:16:13 +0100] "GET / HTTP/1.1" 200 336 cronicadealmeria.com "-" "Mozilla/5.0 (X11; Linux x86_64) AppleWebKit/537.36 (KHTML, like Gecko) Chrome/108.0.0.0 Safari/537.36" "-"
193.26.115.0 - - [14/Feb/2024:20:16:21 +0100] "GET / HTTP/1.1" 200 336 grupocronicaenlibertad.com "-" "Go-http-client/1.1" "-"
193.26.115.0 - - [14/Feb/2024:20:16:22 +0100] "GET //wp-includes/css/buttons.css HTTP/1.1" 404 596 grupocronicaenlibertad.com "-" "Go-http-client/1.1" "-"
193.26.115.0 - - [14/Feb/2024:20:16:22 +0100] "GET // HTTP/1.1" 200 336 grupocronicaenlibertad.com "-" "Go-http-client/1.1" "-"
193.26.115.0 - - [14/Feb/2024:20:16:22 +0100] "GET // HTTP/1.1" 200 336 grupocronicaenlibertad.com "-" "Go-http-client/1.1" "-"
82.165.88.0 - - [14/Feb/2024:20:18:33 +0100] "POST /wp-cron.php?doing_wp_cron=1707938313.6559040546417236328125 HTTP/1.1" 200 - cronicareinodearagon.com "-" "WordPress/6.2.2; https://cronicareinodearagon.com" "-"
74.125.212.0 - - [14/Feb/2024:20:18:33 +0100] "GET /category/economia/feed/ HTTP/1.1" 200 42774 cronicareinodearagon.com "-" "FeedFetcher-Google; (+http://www.google.com/feedfetcher.html)" "-"
82.165.88.0 - - [14/Feb/2024:20:21:24 +0100] "POST /wp-cron.php?doing_wp_cron=1707938484.6380400657653808593750 HTTP/1.1" 200 - cronicareinodearagon.com "-" "WordPress/6.2.2; https://cronicareinodearagon.com" "-"
94.247.133.0 - - [14/Feb/2024:20:21:24 +0100] "POST /xmlrpc.php HTTP/1.1" 200 416 cronicareinodearagon.com "-" "Mozilla/5.0 (Windows NT 10.0; Win64; x64; rv:61.0) Gecko/20100101 Firefox/61.0" "-"
217.113.194.0 - - [14/Feb/2024:20:27:03 +0100] "GET /robots.txt HTTP/1.1" 200 202 cronicareinodearagon.com "-" "Mozilla/5.0 (compatible; Barkrowler/0.9; +https://babbar.tech/crawler)" "-"
82.165.88.0 - - [14/Feb/2024:20:27:04 +0100] "POST /wp-cron.php?doing_wp_cron=1707938824.0576939582824707031250 HTTP/1.1" 200 - cronicareinodearagon.com "-" "WordPress/6.2.2; https://cronicareinodearagon.com" "-"
82.165.88.0 - - [14/Feb/2024:20:32:33 +0100] "POST /wp-cron.php?doing_wp_cron=1707939153.6916329860687255859375 HTTP/1.1" 200 - cronicareinodearagon.com "-" "WordPress/6.2.2; https://cronicareinodearagon.com" "-"
54.36.148.0 - - [14/Feb/2024:20:32:33 +0100] "GET /aragon/promedio-encuestas-elecciones-aragon/ HTTP/1.1" 200 165271 cronicareinodearagon.com "-" "Mozilla/5.0 (compatible; AhrefsBot/7.0; +http://ahrefs.com/robot/)" "-"
82.165.88.0 - - [14/Feb/2024:20:33:12 +0100] "POST /wp-cron.php?doing_wp_cron=1707939192.9593579769134521484375 HTTP/1.1" 200 - cronicareinodearagon.com "-" "WordPress/6.2.2; https://cronicareinodearagon.com" "-"
217.113.194.0 - - [14/Feb/2024:20:33:12 +0100] "GET /aragon/psoe-aragon-estrategia-cuidado-mayores/ HTTP/1.1" 200 166975 cronicareinodearagon.com "-" "Mozilla/5.0 (compatible; Barkrowler/0.9; +https://babbar.tech/crawler)" "-"
