202.69.68.0 - - [14/Feb/2024:08:19:18 +0100] "POST /wp-login.php HTTP/1.1" 200 170 cronicareinodearagon.com "-" "Mozilla/5.0 (Windows NT 6.3; Win64; x64) AppleWebKit/537.36 (KHTML, like Gecko) Chrome/79.0.3945.130 Safari/537.36" "-"
82.165.88.0 - - [14/Feb/2024:08:19:19 +0100] "POST /wp-cron.php?doing_wp_cron=1707895158.9991359710693359375000 HTTP/1.1" 200 - cronicareinodearagon.com "-" "WordPress/6.2.2; https://cronicareinodearagon.com" "-"
185.191.171.0 - - [14/Feb/2024:08:19:21 +0100] "GET /aragon/obras-ampliacion-certest-biotec/ HTTP/1.1" 200 175094 cronicareinodearagon.com "-" "Mozilla/5.0 (compatible; SemrushBot/7~bl; +http://www.semrush.com/bot.html)" "-"
82.165.88.0 - - [14/Feb/2024:08:21:13 +0100] "POST /wp-cron.php?doing_wp_cron=1707895273.5385859012603759765625 HTTP/1.1" 200 - cronicareinodearagon.com "-" "WordPress/6.2.2; https://cronicareinodearagon.com" "-"
85.208.96.0 - - [14/Feb/2024:08:21:13 +0100] "GET /aragon/juan-marin-tormenta-politica-elecciones/ HTTP/1.1" 200 176686 cronicareinodearagon.com "-" "Mozilla/5.0 (compatible; SemrushBot/7~bl; +http://www.semrush.com/bot.html)" "-"
149.91.122.0 - - [14/Feb/2024:08:21:23 +0100] "POST /wp-login.php HTTP/1.1" 200 9608 cronicareinodearagon.com "-" "Mozilla/5.0 (Windows NT 6.1) AppleWebKit/537.36 (KHTML, like Gecko) Chrome/63.0.3239.84 Safari/537.36" "-"
74.235.40.0 - - [14/Feb/2024:08:22:25 +0100] "POST /wp-login.php HTTP/1.1" 200 9604 cronicareinodearagon.com "-" "Mozilla/5.0 (Windows NT 10.0; WOW64) AppleWebKit/537.36 (KHTML, like Gecko) Chrome/56.0.2924.87 Safari/537.36" "-"
82.165.88.0 - - [14/Feb/2024:08:22:26 +0100] "POST /wp-cron.php?doing_wp_cron=1707895346.2902810573577880859375 HTTP/1.1" 200 - cronicareinodearagon.com "-" "WordPress/6.2.2; https://cronicareinodearagon.com" "-"
82.165.88.0 - - [14/Feb/2024:08:25:28 +0100] "POST /wp-cron.php?doing_wp_cron=1707895528.4321711063385009765625 HTTP/1.1" 200 - cronicareinodearagon.com "-" "WordPress/6.2.2; https://cronicareinodearagon.com" "-"
185.191.171.0 - - [14/Feb/2024:08:25:28 +0100] "GET /aragon/tomas-guitarte-rechazo-gobierno-vox-aragon/ HTTP/1.1" 200 159973 cronicareinodearagon.com "-" "Mozilla/5.0 (compatible; SemrushBot/7~bl; +http://www.semrush.com/bot.html)" "-"
82.165.88.0 - - [14/Feb/2024:08:26:36 +0100] "POST /wp-cron.php?doing_wp_cron=1707895596.6986289024353027343750 HTTP/1.1" 200 - cronicareinodearagon.com "-" "WordPress/6.2.2; https://cronicareinodearagon.com" "-"
85.208.96.0 - - [14/Feb/2024:08:26:36 +0100] "GET /sociedad/detenidos-sevilla-cordoba-almeria-material-explotacion-infantil/ HTTP/1.1" 200 165696 cronicareinodearagon.com "-" "Mozilla/5.0 (compatible; SemrushBot/7~bl; +http://www.semrush.com/bot.html)" "-"
74.125.209.0 - - [14/Feb/2024:08:27:42 +0100] "GET /category/educacion/feed/ HTTP/1.1" 200 16487 cronicareinodearagon.com "-" "FeedFetcher-Google; (+http://www.google.com/feedfetcher.html)" "-"
74.125.150.0 - - [14/Feb/2024:08:30:39 +0100] "GET /category/economia/feed/ HTTP/1.1" 200 12913 cronicareinodearagon.com "-" "FeedFetcher-Google; (+http://www.google.com/feedfetcher.html)" "-"
82.165.88.0 - - [14/Feb/2024:08:32:52 +0100] "POST /wp-cron.php?doing_wp_cron=1707895972.4500129222869873046875 HTTP/1.1" 200 - cronicareinodearagon.com "-" "WordPress/6.2.2; https://cronicareinodearagon.com" "-"
40.77.167.0 - - [14/Feb/2024:08:32:52 +0100] "GET /?s=2024 HTTP/1.1" 200 156323 cronicareinodearagon.com "-" "Mozilla/5.0 AppleWebKit/537.36 (KHTML, like Gecko; compatible; bingbot/2.0; +http://www.bing.com/bingbot.htm) Chrome/116.0.1938.76 Safari/537.36" "-"
143.198.227.0 - - [14/Feb/2024:08:33:29 +0100] "POST /wp-login.php HTTP/1.1" 200 9608 cronicareinodearagon.com "-" "Mozilla/5.0 (Windows NT 10.0; WOW64) AppleWebKit/537.36 (KHTML, like Gecko) Chrome/56.0.2924.87 Safari/537.36" "-"
51.178.136.0 - - [14/Feb/2024:08:34:37 +0100] "POST /wp-login.php HTTP/1.1" 200 9585 cronicareinodearagon.com "-" "Mozilla/5.0 (Windows NT 6.1; Win64; x64) AppleWebKit/537.36 (KHTML, like Gecko) Chrome/67.0.3396.87 Safari/537.36" "-"
82.165.88.0 - - [14/Feb/2024:08:34:38 +0100] "POST /wp-cron.php?doing_wp_cron=1707896078.0455310344696044921875 HTTP/1.1" 200 - cronicareinodearagon.com "-" "WordPress/6.2.2; https://cronicareinodearagon.com" "-"
82.165.88.0 - - [14/Feb/2024:08:35:09 +0100] "POST /wp-cron.php?doing_wp_cron=1707896109.3401479721069335937500 HTTP/1.1" 200 - cronicareinodearagon.com "-" "WordPress/6.2.2; https://cronicareinodearagon.com" "-"
85.208.96.0 - - [14/Feb/2024:08:35:09 +0100] "GET /economia/gobierno-central-salvar-abengoa/ HTTP/1.1" 200 164978 cronicareinodearagon.com "-" "Mozilla/5.0 (compatible; SemrushBot/7~bl; +http://www.semrush.com/bot.html)" "-"
82.165.88.0 - - [14/Feb/2024:08:37:58 +0100] "POST /wp-cron.php?doing_wp_cron=1707896278.3229160308837890625000 HTTP/1.1" 200 - cronicareinodearagon.com "-" "WordPress/6.2.2; https://cronicareinodearagon.com" "-"
135.125.1.0 - - [14/Feb/2024:08:37:58 +0100] "POST /wp-login.php HTTP/1.1" 200 9580 cronicareinodearagon.com "-" "Mozilla/5.0 (Windows NT 6.1; WOW64) AppleWebKit/537.36 (KHTML, like Gecko) Chrome/36.0.1985.125 Safari/537.36" "-"
188.166.1.0 - - [14/Feb/2024:08:38:38 +0100] "POST /wp-login.php HTTP/1.1" 200 9620 cronicareinodearagon.com "-" "Mozilla/5.0 (Windows NT 6.1; Win64; x64) AppleWebKit/537.36 (KHTML, like Gecko) Chrome/66.0.3359.117 Safari/537.36" "-"
82.165.88.0 - - [14/Feb/2024:08:38:50 +0100] "POST /wp-cron.php?doing_wp_cron=1707896330.5795609951019287109375 HTTP/1.1" 200 - cronicareinodearagon.com "-" "WordPress/6.2.2; https://cronicareinodearagon.com" "-"
85.208.96.0 - - [14/Feb/2024:08:38:50 +0100] "GET /robots.txt HTTP/1.1" 200 202 cronicareinodearagon.com "-" "Mozilla/5.0 (compatible; SemrushBot/7~bl; +http://www.semrush.com/bot.html)" "-"
185.191.171.0 - - [14/Feb/2024:08:38:51 +0100] "GET /sociedad/museo-ibero-jaen-piezas/ HTTP/1.1" 200 167158 cronicareinodearagon.com "-" "Mozilla/5.0 (compatible; SemrushBot/7~bl; +http://www.semrush.com/bot.html)" "-"
85.208.96.0 - - [14/Feb/2024:08:40:35 +0100] "GET /category/aragon/zaragoza/page/2/ HTTP/1.1" 200 147941 cronicareinodearagon.com "-" "Mozilla/5.0 (compatible; SemrushBot/7~bl; +http://www.semrush.com/bot.html)" "-"
82.165.88.0 - - [14/Feb/2024:08:40:36 +0100] "POST /wp-cron.php?doing_wp_cron=1707896436.2504899501800537109375 HTTP/1.1" 200 - cronicareinodearagon.com "-" "WordPress/6.2.2; https://cronicareinodearagon.com" "-"
178.140.136.0 - - [14/Feb/2024:08:41:22 +0100] "GET / HTTP/1.1" 301 241 cronicareinodearagon.com "http://cronicareinodearagon.com/" "Mozilla/5.0 (Windows NT 10.0; Win64; x64) AppleWebKit/537.36 (KHTML, like Gecko) Chrome/121.0.0.0 Safari/537.36" "-"
178.140.136.0 - - [14/Feb/2024:08:41:22 +0100] "GET / HTTP/1.1" 200 319421 cronicareinodearagon.com "https://cronicareinodearagon.com/" "Mozilla/5.0 (Windows NT 10.0; Win64; x64) AppleWebKit/537.36 (KHTML, like Gecko) Chrome/121.0.0.0 Safari/537.36" "-"
82.165.88.0 - - [14/Feb/2024:08:42:43 +0100] "POST /wp-cron.php?doing_wp_cron=1707896563.4328169822692871093750 HTTP/1.1" 200 - cronicareinodearagon.com "-" "WordPress/6.2.2; https://cronicareinodearagon.com" "-"
85.208.96.0 - - [14/Feb/2024:08:42:43 +0100] "GET /sociedad/actividades-granada-geoparques-europeos/ HTTP/1.1" 200 163319 cronicareinodearagon.com "-" "Mozilla/5.0 (compatible; SemrushBot/7~bl; +http://www.semrush.com/bot.html)" "-"
103.76.249.0 - - [14/Feb/2024:08:43:02 +0100] "POST /wp-login.php HTTP/1.1" 200 9612 cronicareinodearagon.com "-" "Mozilla/5.0 (Windows NT 10.0; Win64; x64) AppleWebKit/537.36 (KHTML, like Gecko) Chrome/60.0.3112.101 Safari/537.36" "-"
185.191.171.0 - - [14/Feb/2024:08:46:01 +0100] "GET /category/aragon/page/69/ HTTP/1.1" 200 147124 cronicareinodearagon.com "-" "Mozilla/5.0 (compatible; SemrushBot/7~bl; +http://www.semrush.com/bot.html)" "-"
82.165.88.0 - - [14/Feb/2024:08:46:02 +0100] "POST /wp-cron.php?doing_wp_cron=1707896762.1916170120239257812500 HTTP/1.1" 200 - cronicareinodearagon.com "-" "WordPress/6.2.2; https://cronicareinodearagon.com" "-"
185.50.25.0 - - [14/Feb/2024:08:46:08 +0100] "POST /wp-login.php HTTP/1.1" 200 9591 cronicareinodearagon.com "-" "Mozilla/5.0 (Windows NT 10.0; Win64; x64) AppleWebKit/537.36 (KHTML, like Gecko) Chrome/72.0.3626.109 Safari/537.36" "-"
75.119.208.0 - - [14/Feb/2024:08:46:30 +0100] "POST /wp-login.php HTTP/1.1" 200 9585 cronicareinodearagon.com "-" "Mozilla/5.0 (Windows NT 6.3; Win64; x64) AppleWebKit/537.36 (KHTML, like Gecko) Chrome/65.0.3325.181 Safari/537.36" "-"
40.77.167.0 - - [14/Feb/2024:08:46:53 +0100] "GET /robots.txt HTTP/1.1" 200 188 cronicadeasturias.com "-" "Mozilla/5.0 AppleWebKit/537.36 (KHTML, like Gecko; compatible; bingbot/2.0; +http://www.bing.com/bingbot.htm) Chrome/116.0.1938.76 Safari/537.36" "-"
40.77.167.0 - - [14/Feb/2024:08:47:02 +0100] "GET / HTTP/1.1" 200 336 cronicadeasturias.com "-" "Mozilla/5.0 AppleWebKit/537.36 (KHTML, like Gecko; compatible; bingbot/2.0; +http://www.bing.com/bingbot.htm) Chrome/116.0.1938.76 Safari/537.36" "-"
74.125.209.0 - - [14/Feb/2024:08:47:22 +0100] "GET /category/sociedad/feed/ HTTP/1.1" 200 16233 cronicareinodearagon.com "-" "FeedFetcher-Google; (+http://www.google.com/feedfetcher.html)" "-"
82.165.88.0 - - [14/Feb/2024:08:49:52 +0100] "POST /wp-cron.php?doing_wp_cron=1707896992.4818470478057861328125 HTTP/1.1" 200 - cronicareinodearagon.com "-" "WordPress/6.2.2; https://cronicareinodearagon.com" "-"
161.35.100.0 - - [14/Feb/2024:08:49:52 +0100] "POST /wp-login.php HTTP/1.1" 200 9580 cronicareinodearagon.com "-" "Mozilla/5.0 (Windows NT 10.0; Win64; x64) AppleWebKit/537.36 (KHTML, like Gecko) Chrome/54.0.2840.99 Safari/537.36" "-"
74.125.209.0 - - [14/Feb/2024:08:50:25 +0100] "GET /category/educacion/feed/ HTTP/1.1" 200 16487 cronicareinodearagon.com "-" "FeedFetcher-Google; (+http://www.google.com/feedfetcher.html)" "-"
107.175.30.0 - - [14/Feb/2024:08:50:30 +0100] "POST /wp-login.php HTTP/1.1" 200 9620 cronicareinodearagon.com "-" "Mozilla/5.0 (Windows NT 10.0; WOW64) AppleWebKit/537.36 (KHTML, like Gecko) Chrome/46.0.2490.80 Safari/537.36" "-"
82.165.88.0 - - [14/Feb/2024:08:52:11 +0100] "POST /wp-cron.php?doing_wp_cron=1707897131.7586379051208496093750 HTTP/1.1" 200 - cronicareinodearagon.com "-" "WordPress/6.2.2; https://cronicareinodearagon.com" "-"
85.208.96.0 - - [14/Feb/2024:08:52:11 +0100] "GET /politica/psoe-huesca-jovenes-deportes-empleo/ HTTP/1.1" 200 160515 cronicareinodearagon.com "-" "Mozilla/5.0 (compatible; SemrushBot/7~bl; +http://www.semrush.com/bot.html)" "-"
78.153.140.0 - - [14/Feb/2024:08:57:55 +0100] "GET /.env HTTP/1.1" 300 492 cronicadejaen.com "-" "Mozilla/5.0 (X11; Linux x86_64) AppleWebKit/537.36 (KHTML, like Gecko) Chrome/81.0.4044.129 Safari/537.36" "-"
78.153.140.0 - - [14/Feb/2024:08:57:56 +0100] "GET /.env HTTP/1.1" 300 492 www.cronicadejaen.com "-" "Mozilla/5.0 (X11; Linux x86_64) AppleWebKit/537.36 (KHTML, like Gecko) Chrome/81.0.4044.129 Safari/537.36" "-"
78.153.140.0 - - [14/Feb/2024:08:57:56 +0100] "POST /.env HTTP/1.1" 404 596 cronicadejaen.com "-" "Mozilla/5.0 (X11; Linux x86_64) AppleWebKit/537.36 (KHTML, like Gecko) Chrome/81.0.4044.129 Safari/537.36" "-"
78.153.140.0 - - [14/Feb/2024:08:57:56 +0100] "POST /.env HTTP/1.1" 404 596 www.cronicadejaen.com "-" "Mozilla/5.0 (X11; Linux x86_64) AppleWebKit/537.36 (KHTML, like Gecko) Chrome/81.0.4044.129 Safari/537.36" "-"
106.15.38.0 - - [14/Feb/2024:08:58:38 +0100] "POST /wp-login.php HTTP/1.1" 200 9585 cronicareinodearagon.com "-" "Mozilla/5.0 (Windows NT 6.3; Win64; x64) AppleWebKit/537.36 (KHTML, like Gecko) Chrome/62.0.3202.94 Safari/537.36" "-"
82.165.88.0 - - [14/Feb/2024:08:58:39 +0100] "POST /wp-cron.php?doing_wp_cron=1707897519.0136981010437011718750 HTTP/1.1" 200 - cronicareinodearagon.com "-" "WordPress/6.2.2; https://cronicareinodearagon.com" "-"
82.165.88.0 - - [14/Feb/2024:08:59:47 +0100] "POST /wp-cron.php?doing_wp_cron=1707897587.9275979995727539062500 HTTP/1.1" 200 - cronicareinodearagon.com "-" "WordPress/6.2.2; https://cronicareinodearagon.com" "-"
185.191.171.0 - - [14/Feb/2024:08:59:47 +0100] "GET /category/economia/page/22/ HTTP/1.1" 200 147052 cronicareinodearagon.com "-" "Mozilla/5.0 (compatible; SemrushBot/7~bl; +http://www.semrush.com/bot.html)" "-"
82.165.88.0 - - [14/Feb/2024:09:02:46 +0100] "POST /wp-cron.php?doing_wp_cron=1707897766.4050869941711425781250 HTTP/1.1" 200 - cronicareinodearagon.com "-" "WordPress/6.2.2; https://cronicareinodearagon.com" "-"
2a0e:: - - [14/Feb/2024:09:02:46 +0100] "POST /wp-login.php HTTP/1.1" 200 9620 cronicareinodearagon.com "-" "Mozilla/5.0 (Windows NT 6.1) AppleWebKit/537.36 (KHTML, like Gecko) Chrome/80.0.3987.132 Safari/537.36" "-"
185.191.171.0 - - [14/Feb/2024:09:06:50 +0100] "GET /aragon/parlamento-recrimina-moreno-bonilla-evasion-fiscal/ HTTP/1.1" 200 169921 cronicareinodearagon.com "-" "Mozilla/5.0 (compatible; SemrushBot/7~bl; +http://www.semrush.com/bot.html)" "-"
82.165.88.0 - - [14/Feb/2024:09:06:51 +0100] "POST /wp-cron.php?doing_wp_cron=1707898011.1358449459075927734375 HTTP/1.1" 200 - cronicareinodearagon.com "-" "WordPress/6.2.2; https://cronicareinodearagon.com" "-"
2604:a880:800:: - - [14/Feb/2024:09:08:18 +0100] "GET /wp-content/themes/bricks/style.css HTTP/1.1" 404 596 cronicadesevilla.com "cronicadesevilla.com" "Mozilla/5.0 (Windows NT 6.1; Win64; x64) AppleWebKit/537.36 (KHTML, like Gecko) Chrome/242.02.8301.120 Safari/537.36" "-"
82.165.88.0 - - [14/Feb/2024:09:08:39 +0100] "POST /wp-cron.php?doing_wp_cron=1707898119.3109490871429443359375 HTTP/1.1" 200 - cronicareinodearagon.com "-" "WordPress/6.2.2; https://cronicareinodearagon.com" "-"
85.208.96.0 - - [14/Feb/2024:09:08:39 +0100] "GET /economia/apertura-albergues-temporeros-aceituna-jaen/ HTTP/1.1" 200 163892 cronicareinodearagon.com "-" "Mozilla/5.0 (compatible; SemrushBot/7~bl; +http://www.semrush.com/bot.html)" "-"
82.165.88.0 - - [14/Feb/2024:09:10:04 +0100] "POST /wp-cron.php?doing_wp_cron=1707898204.5043120384216308593750 HTTP/1.1" 200 - cronicareinodearagon.com "-" "WordPress/6.2.2; https://cronicareinodearagon.com" "-"
51.75.91.0 - - [14/Feb/2024:09:10:04 +0100] "POST /wp-login.php HTTP/1.1" 200 9614 cronicareinodearagon.com "-" "Mozilla/5.0 (Windows NT 6.1; WOW64) AppleWebKit/537.36 (KHTML, like Gecko) Chrome/36.0.1985.125 Safari/537.36" "-"
74.125.209.0 - - [14/Feb/2024:09:11:06 +0100] "GET /category/educacion/feed/ HTTP/1.1" 200 16487 cronicareinodearagon.com "-" "FeedFetcher-Google; (+http://www.google.com/feedfetcher.html)" "-"
74.125.212.0 - - [14/Feb/2024:09:18:10 +0100] "GET /category/economia/feed/ HTTP/1.1" 200 12913 cronicareinodearagon.com "-" "FeedFetcher-Google; (+http://www.google.com/feedfetcher.html)" "-"
2a02:c206:2000:: - - [14/Feb/2024:09:19:48 +0100] "POST /xmlrpc.php HTTP/1.1" 200 416 cronicareinodearagon.com "-" "Mozilla/5.0 (Windows NT 10.0; Win64; x64; rv:95.0) Gecko/20100101 Firefox/95.0" "-"
82.165.88.0 - - [14/Feb/2024:09:19:49 +0100] "POST /wp-cron.php?doing_wp_cron=1707898789.3136839866638183593750 HTTP/1.1" 200 - cronicareinodearagon.com "-" "WordPress/6.2.2; https://cronicareinodearagon.com" "-"
74.125.209.0 - - [14/Feb/2024:09:20:36 +0100] "GET /category/politica/feed/ HTTP/1.1" 200 59109 cronicareinodearagon.com "-" "FeedFetcher-Google; (+http://www.google.com/feedfetcher.html)" "-"
185.191.171.0 - - [14/Feb/2024:09:20:37 +0100] "GET /aragon/tesoro-carambolo-sevilla/ HTTP/1.1" 200 168065 cronicareinodearagon.com "-" "Mozilla/5.0 (compatible; SemrushBot/7~bl; +http://www.semrush.com/bot.html)" "-"
82.165.88.0 - - [14/Feb/2024:09:22:06 +0100] "POST /wp-cron.php?doing_wp_cron=1707898926.8646290302276611328125 HTTP/1.1" 200 - cronicareinodearagon.com "-" "WordPress/6.2.2; https://cronicareinodearagon.com" "-"
104.131.181.0 - - [14/Feb/2024:09:22:06 +0100] "POST /wp-login.php HTTP/1.1" 200 9614 cronicareinodearagon.com "-" "Mozilla/5.0 (Windows NT 10.0; WOW64) AppleWebKit/537.36 (KHTML, like Gecko) Chrome/55.0.2883.87 Safari/537.36" "-"
85.208.96.0 - - [14/Feb/2024:09:22:19 +0100] "GET /politica/psoe-alto-aragon-sector-primario/ HTTP/1.1" 200 162648 cronicareinodearagon.com "-" "Mozilla/5.0 (compatible; SemrushBot/7~bl; +http://www.semrush.com/bot.html)" "-"
192.185.130.0 - - [14/Feb/2024:09:22:30 +0100] "POST /wp-login.php HTTP/1.1" 200 9604 cronicareinodearagon.com "-" "Mozilla/5.0 (Windows NT 6.1; Win64; x64) AppleWebKit/537.36 (KHTML, like Gecko) Chrome/67.0.3396.87 Safari/537.36" "-"
51.38.41.0 - - [14/Feb/2024:09:22:47 +0100] "POST /wp-login.php HTTP/1.1" 200 9585 cronicareinodearagon.com "-" "Mozilla/5.0 (Windows NT 6.1; WOW64) AppleWebKit/537.36 (KHTML, like Gecko) Chrome/47.0.2526.111 Safari/537.36 MVisionPlayer/1.0.0.0" "-"
82.165.88.0 - - [14/Feb/2024:09:22:48 +0100] "POST /wp-cron.php?doing_wp_cron=1707898968.1675519943237304687500 HTTP/1.1" 200 - cronicareinodearagon.com "-" "WordPress/6.2.2; https://cronicareinodearagon.com" "-"
40.122.185.0 - - [14/Feb/2024:09:27:06 +0100] "GET /robots.txt HTTP/1.1" 301 251 cronicareinodearagon.com "-" "Mozilla/5.0 (Windows NT 10.0; Win64; x64) AppleWebKit/537.36 (KHTML, like Gecko) Chrome/94.0.4606.54 Safari/537.36" "-"
40.122.185.0 - - [14/Feb/2024:09:27:06 +0100] "GET /robots.txt HTTP/1.1" 200 202 cronicareinodearagon.com "-" "Mozilla/5.0 (Windows NT 10.0; Win64; x64) AppleWebKit/537.36 (KHTML, like Gecko) Chrome/94.0.4606.54 Safari/537.36" "-"
82.165.88.0 - - [14/Feb/2024:09:27:07 +0100] "POST /wp-cron.php?doing_wp_cron=1707899227.2070078849792480468750 HTTP/1.1" 200 - cronicareinodearagon.com "-" "WordPress/6.2.2; https://cronicareinodearagon.com" "-"
82.165.88.0 - - [14/Feb/2024:09:31:27 +0100] "POST /wp-cron.php?doing_wp_cron=1707899487.5862159729003906250000 HTTP/1.1" 200 - cronicareinodearagon.com "-" "WordPress/6.2.2; https://cronicareinodearagon.com" "-"
149.28.132.0 - - [14/Feb/2024:09:31:27 +0100] "POST /wp-login.php HTTP/1.1" 200 9612 cronicareinodearagon.com "-" "Mozilla/5.0 (Windows NT 10.0; WOW64) AppleWebKit/537.36 (KHTML, like Gecko) Chrome/79.0.3945.130 Safari/537.36" "-"
82.165.88.0 - - [14/Feb/2024:09:33:42 +0100] "POST /wp-cron.php?doing_wp_cron=1707899622.4685781002044677734375 HTTP/1.1" 200 - cronicareinodearagon.com "-" "WordPress/6.2.2; https://cronicareinodearagon.com" "-"
14.99.153.0 - - [14/Feb/2024:09:33:42 +0100] "POST /wp-login.php HTTP/1.1" 200 9608 cronicareinodearagon.com "-" "Mozilla/5.0 (Windows NT 6.1; Win64; x64) AppleWebKit/537.36 (KHTML, like Gecko) Chrome/66.0.3359.117 Safari/537.36" "-"
74.125.212.0 - - [14/Feb/2024:09:34:04 +0100] "GET /category/economia/feed/ HTTP/1.1" 200 12913 cronicareinodearagon.com "-" "FeedFetcher-Google; (+http://www.google.com/feedfetcher.html)" "-"
38.242.248.0 - - [14/Feb/2024:09:34:18 +0100] "POST /wp-login.php HTTP/1.1" 200 9614 cronicareinodearagon.com "-" "Mozilla/5.0 (Windows NT 10.0; Win64; x64) AppleWebKit/537.36 (KHTML, like Gecko) Chrome/62.0.3202.89 Safari/537.36" "-"
139.180.140.0 - - [14/Feb/2024:09:34:40 +0100] "POST /wp-login.php HTTP/1.1" 200 9604 cronicareinodearagon.com "-" "Mozilla/5.0 (Windows NT 10.0; Win64; x64) AppleWebKit/537.36 (KHTML, like Gecko) Chrome/73.0.3683.75 Safari/537.36" "-"
82.165.88.0 - - [14/Feb/2024:09:35:01 +0100] "POST /wp-cron.php?doing_wp_cron=1707899701.8293499946594238281250 HTTP/1.1" 200 - cronicareinodearagon.com "-" "WordPress/6.2.2; https://cronicareinodearagon.com" "-"
46.242.128.0 - - [14/Feb/2024:09:35:01 +0100] "POST /wp-login.php HTTP/1.1" 200 9585 cronicareinodearagon.com "-" "Mozilla/5.0 (Windows NT 6.1; Win64; x64) AppleWebKit/537.36 (KHTML, like Gecko) Chrome/70.0.3538.67 Safari/537.36" "-"
85.208.96.0 - - [14/Feb/2024:09:37:22 +0100] "GET /aragon/capilla-ardiente-jesus-quintero/ HTTP/1.1" 200 166412 cronicareinodearagon.com "-" "Mozilla/5.0 (compatible; SemrushBot/7~bl; +http://www.semrush.com/bot.html)" "-"
82.165.88.0 - - [14/Feb/2024:09:37:23 +0100] "POST /wp-cron.php?doing_wp_cron=1707899843.2836339473724365234375 HTTP/1.1" 200 - cronicareinodearagon.com "-" "WordPress/6.2.2; https://cronicareinodearagon.com" "-"
67.205.41.0 - - [14/Feb/2024:09:38:49 +0100] "POST /wp-login.php HTTP/1.1" 200 9620 cronicareinodearagon.com "-" "Mozilla/5.0 (Windows NT 6.1; Win64; x64) AppleWebKit/537.36 (KHTML, like Gecko) Chrome/70.0.3538.67 Safari/537.36" "-"
82.165.88.0 - - [14/Feb/2024:09:38:50 +0100] "POST /wp-cron.php?doing_wp_cron=1707899930.0728979110717773437500 HTTP/1.1" 200 - cronicareinodearagon.com "-" "WordPress/6.2.2; https://cronicareinodearagon.com" "-"
185.191.171.0 - - [14/Feb/2024:09:39:22 +0100] "GET /robots.txt HTTP/1.1" 200 202 cronicareinodearagon.com "-" "Mozilla/5.0 (compatible; SemrushBot/7~bl; +http://www.semrush.com/bot.html)" "-"
85.208.96.0 - - [14/Feb/2024:09:39:23 +0100] "GET /aragon/crisis-gasolina-huelga-transportistas-aceite-pesc/ HTTP/1.1" 200 177160 cronicareinodearagon.com "-" "Mozilla/5.0 (compatible; SemrushBot/7~bl; +http://www.semrush.com/bot.html)" "-"
146.190.54.0 - - [14/Feb/2024:09:41:17 +0100] "GET /wp-admin/css/ HTTP/1.1" 404 596 cronicadesevilla.com "binance.com" "Mozilla/5.0 (Windows NT 10.0; Win64; x64) AppleWebKit/537.36 (KHTML, like Gecko) Chrome/90.0.4430.85 Safari/537.36" "-"
146.190.54.0 - - [14/Feb/2024:09:41:19 +0100] "GET /.well-known/ HTTP/1.1" 300 608 cronicadesevilla.com "binance.com" "Mozilla/5.0 (Windows NT 10.0; Win64; x64) AppleWebKit/537.36 (KHTML, like Gecko) Chrome/90.0.4430.85 Safari/537.36" "-"
146.190.54.0 - - [14/Feb/2024:09:41:21 +0100] "GET /sites/default/files/ HTTP/1.1" 404 596 cronicadesevilla.com "binance.com" "Mozilla/5.0 (Windows NT 10.0; Win64; x64) AppleWebKit/537.36 (KHTML, like Gecko) Chrome/90.0.4430.85 Safari/537.36" "-"
146.190.54.0 - - [14/Feb/2024:09:41:27 +0100] "GET /admin/controller/extension/extension/ HTTP/1.1" 404 596 cronicadesevilla.com "binance.com" "Mozilla/5.0 (Windows NT 10.0; Win64; x64) AppleWebKit/537.36 (KHTML, like Gecko) Chrome/90.0.4430.85 Safari/537.36" "-"
146.190.54.0 - - [14/Feb/2024:09:41:34 +0100] "GET /uploads/ HTTP/1.1" 404 596 cronicadesevilla.com "binance.com" "Mozilla/5.0 (Windows NT 10.0; Win64; x64) AppleWebKit/537.36 (KHTML, like Gecko) Chrome/90.0.4430.85 Safari/537.36" "-"
146.190.54.0 - - [14/Feb/2024:09:41:38 +0100] "GET /images/ HTTP/1.1" 404 596 cronicadesevilla.com "binance.com" "Mozilla/5.0 (Windows NT 10.0; Win64; x64) AppleWebKit/537.36 (KHTML, like Gecko) Chrome/90.0.4430.85 Safari/537.36" "-"
146.190.54.0 - - [14/Feb/2024:09:41:41 +0100] "GET /files/ HTTP/1.1" 404 596 cronicadesevilla.com "binance.com" "Mozilla/5.0 (Windows NT 10.0; Win64; x64) AppleWebKit/537.36 (KHTML, like Gecko) Chrome/90.0.4430.85 Safari/537.36" "-"
82.165.88.0 - - [14/Feb/2024:09:42:37 +0100] "POST /wp-cron.php?doing_wp_cron=1707900157.6537210941314697265625 HTTP/1.1" 200 - cronicareinodearagon.com "-" "WordPress/6.2.2; https://cronicareinodearagon.com" "-"
124.227.133.0 - - [14/Feb/2024:09:42:37 +0100] "POST /wp-comments-post.php HTTP/1.1" 302 - cronicareinodearagon.com "-" "Mozilla/5.0 (Windows NT 10.0; Win64; x64) AppleWebKit/537.36 (KHTML, like Gecko) Chrome/108.0.0.0 Safari/537.36 Edg/108.0.1462.46" "-"
124.227.133.0 - - [14/Feb/2024:09:42:38 +0100] "GET /sociedad/detenido-trasladar-inmigrantes-ilegales/ HTTP/1.1" 200 160543 cronicareinodearagon.com "-" "Mozilla/5.0 (Windows NT 10.0; Win64; x64) AppleWebKit/537.36 (KHTML, like Gecko) Chrome/108.0.0.0 Safari/537.36 Edg/108.0.1462.46" "-"
82.165.88.0 - - [14/Feb/2024:09:43:27 +0100] "POST /wp-cron.php?doing_wp_cron=1707900207.3139920234680175781250 HTTP/1.1" 200 - cronicareinodearagon.com "-" "WordPress/6.2.2; https://cronicareinodearagon.com" "-"
54.37.156.0 - - [14/Feb/2024:09:43:27 +0100] "POST /wp-login.php HTTP/1.1" 200 9612 cronicareinodearagon.com "-" "Mozilla/5.0 (Windows NT 6.1) AppleWebKit/537.36 (KHTML, like Gecko) Chrome/80.0.3987.132 Safari/537.36" "-"
101.68.211.0 - - [14/Feb/2024:09:45:04 +0100] "GET / HTTP/1.1" 200 336 cronicadearagon.com "-" "Mozilla/5.0 (Windows NT 6.1) AppleWebKit/537.36 (KHTML, like Gecko) Chrome/71.0.2623.112 Safari/537.36" "-"
82.165.88.0 - - [14/Feb/2024:09:45:49 +0100] "POST /wp-cron.php?doing_wp_cron=1707900349.4312999248504638671875 HTTP/1.1" 200 - cronicareinodearagon.com "-" "WordPress/6.2.2; https://cronicareinodearagon.com" "-"
2a03:b0c0:: - - [14/Feb/2024:09:45:49 +0100] "POST /wp-login.php HTTP/1.1" 200 9608 cronicareinodearagon.com "-" "Mozilla/5.0 (Windows NT 6.1; Win64; x64) AppleWebKit/537.36 (KHTML, like Gecko) Chrome/79.0.3945.117 Safari/537.36" "-"
145.239.208.0 - - [14/Feb/2024:09:46:39 +0100] "POST /wp-login.php HTTP/1.1" 200 9591 cronicareinodearagon.com "-" "Mozilla/5.0 (Windows NT 10.0; WOW64) AppleWebKit/537.36 (KHTML, like Gecko) Chrome/55.0.2883.87 Safari/537.36" "-"
82.165.88.0 - - [14/Feb/2024:09:47:03 +0100] "POST /wp-cron.php?doing_wp_cron=1707900423.5475730895996093750000 HTTP/1.1" 200 - cronicareinodearagon.com "-" "WordPress/6.2.2; https://cronicareinodearagon.com" "-"
185.91.69.0 - - [14/Feb/2024:09:47:03 +0100] "POST /wp-login.php HTTP/1.1" 200 9585 cronicareinodearagon.com "-" "Mozilla/5.0 (Windows NT 6.1; Win64; x64) AppleWebKit/537.36 (KHTML, like Gecko) Chrome/70.0.3538.67 Safari/537.36" "-"
101.68.211.0 - - [14/Feb/2024:09:48:49 +0100] "GET / HTTP/1.1" 200 336 cronicadearagon.com "-" "Mozilla/5.0 (Windows NT 6.1) AppleWebKit/537.36 (KHTML, like Gecko) Chrome/71.0.2623.112 Safari/537.36" "-"
184.154.76.0 - - [14/Feb/2024:09:50:14 +0100] "GET / HTTP/1.1" 200 336 www.cronicadecadiz.com "http://www.google.com/url?url=www.cronicadecadiz.com&yahoo.com" "Mozilla/5.0 (compatible; MSIE 9.0; Windows NT 6.1; WOW64; Trident/6.0)" "-"
184.154.76.0 - - [14/Feb/2024:09:50:15 +0100] "GET /th1s_1s_a_4o4.html HTTP/1.1" 404 596 www.cronicadecadiz.com "http://www.google.com/url?url=www.cronicadecadiz.com&yahoo.com" "Mozilla/5.0 (compatible; MSIE 9.0; Windows NT 6.1; WOW64; Trident/6.0)" "-"
184.154.76.0 - - [14/Feb/2024:09:50:15 +0100] "GET /spicons/templates/defaultsite/es-ES/images/domain_transfer.svg HTTP/1.1" 200 1201 www.cronicadecadiz.com "http://www.google.com/url?url=www.cronicadecadiz.com&yahoo.com" "Mozilla/5.0 (compatible; MSIE 9.0; Windows NT 6.1; WOW64; Trident/6.0)" "-"
184.154.76.0 - - [14/Feb/2024:09:50:16 +0100] "GET /spicons/templates/defaultsite/es-ES/images/css/main.css HTTP/1.1" 200 486180 www.cronicadecadiz.com "http://www.google.com/url?url=www.cronicadecadiz.com&yahoo.com" "Mozilla/5.0 (compatible; MSIE 9.0; Windows NT 6.1; WOW64; Trident/6.0)" "-"
184.154.76.0 - - [14/Feb/2024:09:50:17 +0100] "GET /spicons/templates/defaultsite/es-ES/images/domain.svg HTTP/1.1" 200 2095 www.cronicadecadiz.com "-" "SiteLockSpider [en] (WinNT; I ;Nav)" "-"
184.154.76.0 - - [14/Feb/2024:09:50:17 +0100] "GET /domaincheckresult?__SBMT:d359e110d15:=1&__SYNT:d359e110d15:__CMD(domaincheckresult):RETWRP=domainselect&__SYNT:d359e110d15:__CMD(domaincheckresult):SELWRP=multicheck&__SYNT:d359e110d15:__forcestop=true&__pageflow=Order&__sendingdata=1&linkId=ct.btn.check.default-page-check&multicheck.Domain=1 HTTP/1.1" 404 596 www.cronicadecadiz.com "-" "SiteLockSpider [en] (WinNT; I ;Nav)" "-"
184.154.76.0 - - [14/Feb/2024:09:50:17 +0100] "GET /defaultsite HTTP/1.1" 200 18994 www.cronicadecadiz.com "-" "SiteLockSpider [en] (WinNT; I ;Nav)" "-"
184.154.76.0 - - [14/Feb/2024:09:50:18 +0100] "GET /spicons/templates/defaultsite/es-ES/images/ic-world.svg HTTP/1.1" 200 1248 www.cronicadecadiz.com "-" "SiteLockSpider [en] (WinNT; I ;Nav)" "-"
184.154.76.0 - - [14/Feb/2024:09:50:18 +0100] "GET /domaincheckresult?__SBMT:d359e110d15:=1&__SYNT:d359e110d15:__CMD(domaincheckresult):RETWRP=domainselect&__SYNT:d359e110d15:__CMD(domaincheckresult):SELWRP=multicheck&__SYNT:d359e110d15:__forcestop=true&__pageflow=Order&__sendingdata=1&linkId=ct.btn.check.default-page-check&multicheck.Domain=1 HTTP/1.1" 404 596 www.cronicadecadiz.com "-" "SiteLockSpider [en] (WinNT; I ;Nav)" "-"
101.68.211.0 - - [14/Feb/2024:09:50:40 +0100] "GET /defaultsite%22%20/ HTTP/1.1" 404 596 cronicadearagon.com "-" "Mozilla/5.0 (Windows NT 6.1; WOW64) AppleWebKit/537.36 (KHTML, like Gecko) Chrome/63.0.3239.132 Safari/537.36 QIHU 360SE" "-"
64.227.143.0 - - [14/Feb/2024:09:50:53 +0100] "GET / HTTP/1.1" 301 241 cronicareinodearagon.com "-" "Mozilla/5.0 (X11; Linux x86_64) AppleWebKit/537.36 (KHTML, like Gecko) Chrome/108.0.0.0 Safari/537.36" "-"
64.227.143.0 - - [14/Feb/2024:09:50:54 +0100] "GET / HTTP/1.1" 200 41724 cronicareinodearagon.com "-" "Mozilla/5.0 (X11; Linux x86_64) AppleWebKit/537.36 (KHTML, like Gecko) Chrome/108.0.0.0 Safari/537.36" "-"
82.165.88.0 - - [14/Feb/2024:09:51:09 +0100] "POST /wp-cron.php?doing_wp_cron=1707900669.3933229446411132812500 HTTP/1.1" 200 - cronicareinodearagon.com "-" "WordPress/6.2.2; https://cronicareinodearagon.com" "-"
121.122.87.0 - - [14/Feb/2024:09:51:09 +0100] "POST /wp-login.php HTTP/1.1" 200 9620 cronicareinodearagon.com "-" "Mozilla/5.0 (Windows NT 10.0; Win64; x64) AppleWebKit/537.36 (KHTML, like Gecko) Chrome/72.0.3626.109 Safari/537.36" "-"
101.68.211.0 - - [14/Feb/2024:09:54:03 +0100] "GET / HTTP/1.1" 200 336 cronicadearagon.com "-" "Mozilla/5.0 (Windows NT 6.1; WOW64) AppleWebKit/537.36 (KHTML, like Gecko) Chrome/63.0.3239.132 Safari/537.36 QIHU 360SE" "-"
101.68.211.0 - - [14/Feb/2024:09:54:04 +0100] "GET /favicon.ico HTTP/1.1" 404 596 cronicadearagon.com "-" "Mozilla/5.0 (Windows NT 6.1; WOW64) AppleWebKit/537.36 (KHTML, like Gecko) Chrome/63.0.3239.132 Safari/537.36 QIHU 360SE" "-"
101.68.211.0 - - [14/Feb/2024:09:54:04 +0100] "GET /defaultsite%22%20/ HTTP/1.1" 404 596 cronicadearagon.com "-" "Mozilla/5.0 (Windows NT 6.1; WOW64) AppleWebKit/537.36 (KHTML, like Gecko) Chrome/63.0.3239.132 Safari/537.36 QIHU 360SE" "-"
101.68.211.0 - - [14/Feb/2024:09:54:05 +0100] "GET /robots.txt HTTP/1.1" 200 188 cronicadearagon.com "-" "Mozilla/5.0 (Windows NT 6.1; WOW64) AppleWebKit/537.36 (KHTML, like Gecko) Chrome/63.0.3239.132 Safari/537.36 QIHU 360SE" "-"
85.208.96.0 - - [14/Feb/2024:09:54:48 +0100] "GET /category/aragon/page/66/ HTTP/1.1" 200 147401 cronicareinodearagon.com "-" "Mozilla/5.0 (compatible; SemrushBot/7~bl; +http://www.semrush.com/bot.html)" "-"
82.165.88.0 - - [14/Feb/2024:09:54:49 +0100] "POST /wp-cron.php?doing_wp_cron=1707900889.1715710163116455078125 HTTP/1.1" 200 - cronicareinodearagon.com "-" "WordPress/6.2.2; https://cronicareinodearagon.com" "-"
82.165.88.0 - - [14/Feb/2024:09:56:54 +0100] "POST /wp-cron.php?doing_wp_cron=1707901014.5769770145416259765625 HTTP/1.1" 200 - cronicareinodearagon.com "-" "WordPress/6.2.2; https://cronicareinodearagon.com" "-"
85.208.96.0 - - [14/Feb/2024:09:56:54 +0100] "GET /politica/artido-aragones-policia-local-zaragoza/ HTTP/1.1" 200 163336 cronicareinodearagon.com "-" "Mozilla/5.0 (compatible; SemrushBot/7~bl; +http://www.semrush.com/bot.html)" "-"
82.165.88.0 - - [14/Feb/2024:09:58:53 +0100] "POST /wp-cron.php?doing_wp_cron=1707901133.8099770545959472656250 HTTP/1.1" 200 - cronicareinodearagon.com "-" "WordPress/6.2.2; https://cronicareinodearagon.com" "-"
124.217.226.0 - - [14/Feb/2024:09:58:53 +0100] "POST /wp-login.php HTTP/1.1" 200 9591 cronicareinodearagon.com "-" "Mozilla/5.0 (Windows NT 6.1; Win64; x64) AppleWebKit/537.36 (KHTML, like Gecko) Chrome/60.0.3112.113 Safari/537.36" "-"
82.165.88.0 - - [14/Feb/2024:10:00:47 +0100] "POST /wp-cron.php?doing_wp_cron=1707901247.6476480960845947265625 HTTP/1.1" 200 - cronicareinodearagon.com "-" "WordPress/6.2.2; https://cronicareinodearagon.com" "-"
185.191.171.0 - - [14/Feb/2024:10:00:47 +0100] "GET /politica/rosa-lopez-teruel-psoe-ferial-los-planos/ HTTP/1.1" 200 161690 cronicareinodearagon.com "-" "Mozilla/5.0 (compatible; SemrushBot/7~bl; +http://www.semrush.com/bot.html)" "-"
151.106.38.0 - - [14/Feb/2024:10:03:17 +0100] "POST /wp-login.php HTTP/1.1" 503 299 cronicareinodearagon.com "-" "Mozilla/5.0 (Windows NT 6.1; Win64; x64) AppleWebKit/537.36 (KHTML, like Gecko) Chrome/67.0.3396.87 Safari/537.36" "-"
185.191.171.0 - - [14/Feb/2024:10:04:29 +0100] "GET /aragon/fallo-informatico-junta-andalucia-vacunacion-covid/ HTTP/1.1" 200 168507 cronicareinodearagon.com "-" "Mozilla/5.0 (compatible; SemrushBot/7~bl; +http://www.semrush.com/bot.html)" "-"
82.165.88.0 - - [14/Feb/2024:10:04:30 +0100] "POST /wp-cron.php?doing_wp_cron=1707901469.9777669906616210937500 HTTP/1.1" 200 - cronicareinodearagon.com "-" "WordPress/6.2.2; https://cronicareinodearagon.com" "-"
185.191.171.0 - - [14/Feb/2024:10:09:49 +0100] "GET /sociedad/obras-carril-bici-zaragoza-cuarte-huerva/ HTTP/1.1" 200 34008 cronicareinodearagon.com "-" "Mozilla/5.0 (compatible; SemrushBot/7~bl; +http://www.semrush.com/bot.html)" "-"
82.165.88.0 - - [14/Feb/2024:10:09:50 +0100] "POST /wp-cron.php?doing_wp_cron=1707901790.2762889862060546875000 HTTP/1.1" 200 - cronicareinodearagon.com "-" "WordPress/6.2.2; https://cronicareinodearagon.com" "-"
2a00:6800:: - - [14/Feb/2024:10:10:12 +0100] "GET / HTTP/1.1" 200 336 grupocronicaenlibertad.com "-" "Mozilla/5.0 (Windows NT 10.0; Win64; x64) AppleWebKit/537.36 (KHTML, like Gecko) Chrome/91.0.4472.114 Safari/537.36 Edg/91.0.864.54" "-"
121.122.87.0 - - [14/Feb/2024:10:10:14 +0100] "POST /wp-login.php HTTP/1.1" 200 9608 cronicareinodearagon.com "-" "Mozilla/5.0 (Windows NT 6.1; Win64; x64) AppleWebKit/537.36 (KHTML, like Gecko) Chrome/67.0.3396.87 Safari/537.36" "-"
82.165.88.0 - - [14/Feb/2024:10:10:48 +0100] "POST /wp-cron.php?doing_wp_cron=1707901848.7229349613189697265625 HTTP/1.1" 200 - cronicareinodearagon.com "-" "WordPress/6.2.2; https://cronicareinodearagon.com" "-"
208.97.153.0 - - [14/Feb/2024:10:10:48 +0100] "POST /wp-login.php HTTP/1.1" 200 9614 cronicareinodearagon.com "-" "Mozilla/5.0 (Windows NT 6.1; WOW64) AppleWebKit/537.36 (KHTML, like Gecko) Chrome/32.0.1700.107 Safari/537.36" "-"
82.165.88.0 - - [14/Feb/2024:10:11:01 +0100] "POST /wp-cron.php?doing_wp_cron=1707901861.7229468822479248046875 HTTP/1.1" 200 - cronicareinodearagon.com "-" "WordPress/6.2.2; https://cronicareinodearagon.com" "-"
121.122.87.0 - - [14/Feb/2024:10:11:01 +0100] "POST /wp-login.php HTTP/1.1" 200 9591 cronicareinodearagon.com "-" "Mozilla/5.0 (Windows NT 6.1; WOW64) AppleWebKit/537.36 (KHTML, like Gecko) Chrome/32.0.1700.107 Safari/537.36" "-"
178.32.73.0 - - [14/Feb/2024:10:11:06 +0100] "POST /wp-login.php HTTP/1.1" 200 9604 cronicareinodearagon.com "-" "Mozilla/5.0 (Windows NT 6.1; Win64; x64) AppleWebKit/537.36 (KHTML, like Gecko) Chrome/55.0.2883.87 Safari/537.36" "-"
65.108.0.0 - - [14/Feb/2024:10:11:07 +0100] "GET /robots.txt HTTP/1.1" 200 202 cronicareinodearagon.com "-" "Mozilla/5.0 (compatible; MJ12bot/v1.4.8; http://mj12bot.com/)" "-"
65.108.0.0 - - [14/Feb/2024:10:11:08 +0100] "GET /category/aragon/page/74/ HTTP/1.1" 200 147831 cronicareinodearagon.com "-" "Mozilla/5.0 (compatible; MJ12bot/v1.4.8; http://mj12bot.com/)" "-"
65.108.0.0 - - [14/Feb/2024:10:11:11 +0100] "GET /category/economia/page/20/ HTTP/1.1" 200 147728 cronicareinodearagon.com "-" "Mozilla/5.0 (compatible; MJ12bot/v1.4.8; http://mj12bot.com/)" "-"
65.108.0.0 - - [14/Feb/2024:10:11:13 +0100] "GET /category/sociedad/page/39/ HTTP/1.1" 200 29666 cronicareinodearagon.com "-" "Mozilla/5.0 (compatible; MJ12bot/v1.4.8; http://mj12bot.com/)" "-"
65.108.0.0 - - [14/Feb/2024:10:11:14 +0100] "GET /sociedad/feria-san-lucas-exito/ HTTP/1.1" 200 174466 cronicareinodearagon.com "-" "Mozilla/5.0 (compatible; MJ12bot/v1.4.8; http://mj12bot.com/)" "-"
65.108.0.0 - - [14/Feb/2024:10:11:17 +0100] "GET /sociedad/feria-san-lucas-exito/feed/ HTTP/1.1" 200 943 cronicareinodearagon.com "-" "Mozilla/5.0 (compatible; MJ12bot/v1.4.8; http://mj12bot.com/)" "-"
82.165.88.0 - - [14/Feb/2024:10:14:53 +0100] "POST /wp-cron.php?doing_wp_cron=1707902093.7835710048675537109375 HTTP/1.1" 200 - cronicareinodearagon.com "-" "WordPress/6.2.2; https://cronicareinodearagon.com" "-"
85.208.96.0 - - [14/Feb/2024:10:14:53 +0100] "GET /aragon/premios-residentes-excelentes-2023-aragon/ HTTP/1.1" 200 33834 cronicareinodearagon.com "-" "Mozilla/5.0 (compatible; SemrushBot/7~bl; +http://www.semrush.com/bot.html)" "-"
82.165.88.0 - - [14/Feb/2024:10:20:51 +0100] "POST /wp-cron.php?doing_wp_cron=1707902451.5406410694122314453125 HTTP/1.1" 200 - cronicareinodearagon.com "-" "WordPress/6.2.2; https://cronicareinodearagon.com" "-"
185.191.171.0 - - [14/Feb/2024:10:20:51 +0100] "GET /opinion/esperanza-vence-miedo/ HTTP/1.1" 200 166103 cronicareinodearagon.com "-" "Mozilla/5.0 (compatible; SemrushBot/7~bl; +http://www.semrush.com/bot.html)" "-"
195.57.114.0 - - [14/Feb/2024:10:21:26 +0100] "GET /sociedad/ccco-denuncia-ayuntamiento-zaragoza-incumple-acuerdo-instalaciones-deportivas/ HTTP/1.1" 200 167030 cronicareinodearagon.com "https://www.google.com/" "Mozilla/5.0 (X11; Ubuntu; Linux x86_64; rv:97.0) Gecko/20100101 Firefox/97.0" "-"
195.57.114.0 - - [14/Feb/2024:10:21:27 +0100] "GET /wp-content/plugins/metronet-profile-picture/dist/blocks.style.build.css?ver=2.6.0 HTTP/1.1" 200 4040 cronicareinodearagon.com "https://cronicareinodearagon.com/sociedad/ccco-denuncia-ayuntamiento-zaragoza-incumple-acuerdo-instalaciones-deportivas/" "Mozilla/5.0 (X11; Ubuntu; Linux x86_64; rv:97.0) Gecko/20100101 Firefox/97.0" "-"
195.57.114.0 - - [14/Feb/2024:10:21:27 +0100] "GET /wp-includes/css/classic-themes.min.css?ver=6.2.2 HTTP/1.1" 200 211 cronicareinodearagon.com "https://cronicareinodearagon.com/sociedad/ccco-denuncia-ayuntamiento-zaragoza-incumple-acuerdo-instalaciones-deportivas/" "Mozilla/5.0 (X11; Ubuntu; Linux x86_64; rv:97.0) Gecko/20100101 Firefox/97.0" "-"
195.57.114.0 - - [14/Feb/2024:10:21:27 +0100] "GET /wp-includes/css/dist/block-library/style.min.css?ver=6.2.2 HTTP/1.1" 200 16406 cronicareinodearagon.com "https://cronicareinodearagon.com/sociedad/ccco-denuncia-ayuntamiento-zaragoza-incumple-acuerdo-instalaciones-deportivas/" "Mozilla/5.0 (X11; Ubuntu; Linux x86_64; rv:97.0) Gecko/20100101 Firefox/97.0" "-"
195.57.114.0 - - [14/Feb/2024:10:21:27 +0100] "GET /wp-content/plugins/complianz-gdpr/assets/css/cookieblocker.min.css?ver=6.4.4 HTTP/1.1" 200 754 cronicareinodearagon.com "https://cronicareinodearagon.com/sociedad/ccco-denuncia-ayuntamiento-zaragoza-incumple-acuerdo-instalaciones-deportivas/" "Mozilla/5.0 (X11; Ubuntu; Linux x86_64; rv:97.0) Gecko/20100101 Firefox/97.0" "-"
195.57.114.0 - - [14/Feb/2024:10:21:27 +0100] "GET /wp-content/themes/jnews/style.css?ver=10.7.9 HTTP/1.1" 200 297 cronicareinodearagon.com "https://cronicareinodearagon.com/sociedad/ccco-denuncia-ayuntamiento-zaragoza-incumple-acuerdo-instalaciones-deportivas/" "Mozilla/5.0 (X11; Ubuntu; Linux x86_64; rv:97.0) Gecko/20100101 Firefox/97.0" "-"
195.57.114.0 - - [14/Feb/2024:10:21:27 +0100] "GET /wp-content/themes/jnews/assets/css/elementor-frontend.css?ver=10.7.9 HTTP/1.1" 200 215 cronicareinodearagon.com "https://cronicareinodearagon.com/sociedad/ccco-denuncia-ayuntamiento-zaragoza-incumple-acuerdo-instalaciones-deportivas/" "Mozilla/5.0 (X11; Ubuntu; Linux x86_64; rv:97.0) Gecko/20100101 Firefox/97.0" "-"
195.57.114.0 - - [14/Feb/2024:10:21:27 +0100] "GET /wp-content/plugins/elementor/assets/css/frontend-lite.min.css?ver=3.15.2 HTTP/1.1" 200 17137 cronicareinodearagon.com "https://cronicareinodearagon.com/sociedad/ccco-denuncia-ayuntamiento-zaragoza-incumple-acuerdo-instalaciones-deportivas/" "Mozilla/5.0 (X11; Ubuntu; Linux x86_64; rv:97.0) Gecko/20100101 Firefox/97.0" "-"
195.57.114.0 - - [14/Feb/2024:10:21:27 +0100] "GET /wp-content/themes/jnews/assets/dist/frontend.min.css?ver=10.7.9 HTTP/1.1" 200 126484 cronicareinodearagon.com "https://cronicareinodearagon.com/sociedad/ccco-denuncia-ayuntamiento-zaragoza-incumple-acuerdo-instalaciones-deportivas/" "Mozilla/5.0 (X11; Ubuntu; Linux x86_64; rv:97.0) Gecko/20100101 Firefox/97.0" "-"
195.57.114.0 - - [14/Feb/2024:10:21:27 +0100] "GET /wp-content/themes/jnews/data/import/newspaper/scheme.css?ver=10.7.9 HTTP/1.1" 200 1687 cronicareinodearagon.com "https://cronicareinodearagon.com/sociedad/ccco-denuncia-ayuntamiento-zaragoza-incumple-acuerdo-instalaciones-deportivas/" "Mozilla/5.0 (X11; Ubuntu; Linux x86_64; rv:97.0) Gecko/20100101 Firefox/97.0" "-"
195.57.114.0 - - [14/Feb/2024:10:21:27 +0100] "GET /wp-content/themes/jnews/assets/css/darkmode.css?ver=10.7.9 HTTP/1.1" 200 9055 cronicareinodearagon.com "https://cronicareinodearagon.com/sociedad/ccco-denuncia-ayuntamiento-zaragoza-incumple-acuerdo-instalaciones-deportivas/" "Mozilla/5.0 (X11; Ubuntu; Linux x86_64; rv:97.0) Gecko/20100101 Firefox/97.0" "-"
195.57.114.0 - - [14/Feb/2024:10:21:27 +0100] "GET /wp-content/plugins/jnews-social-share/assets/css/plugin.css HTTP/1.1" 200 506 cronicareinodearagon.com "https://cronicareinodearagon.com/sociedad/ccco-denuncia-ayuntamiento-zaragoza-incumple-acuerdo-instalaciones-deportivas/" "Mozilla/5.0 (X11; Ubuntu; Linux x86_64; rv:97.0) Gecko/20100101 Firefox/97.0" "-"
195.57.114.0 - - [14/Feb/2024:10:21:27 +0100] "GET /wp-includes/js/jquery/jquery-migrate.min.js?ver=3.4.0 HTTP/1.1" 200 5257 cronicareinodearagon.com "https://cronicareinodearagon.com/sociedad/ccco-denuncia-ayuntamiento-zaragoza-incumple-acuerdo-instalaciones-deportivas/" "Mozilla/5.0 (X11; Ubuntu; Linux x86_64; rv:97.0) Gecko/20100101 Firefox/97.0" "-"
195.57.114.0 - - [14/Feb/2024:10:21:27 +0100] "GET /wp-includes/js/jquery/jquery.min.js?ver=3.6.4 HTTP/1.1" 200 36269 cronicareinodearagon.com "https://cronicareinodearagon.com/sociedad/ccco-denuncia-ayuntamiento-zaragoza-incumple-acuerdo-instalaciones-deportivas/" "Mozilla/5.0 (X11; Ubuntu; Linux x86_64; rv:97.0) Gecko/20100101 Firefox/97.0" "-"
195.57.114.0 - - [14/Feb/2024:10:21:27 +0100] "GET /wp-content/uploads/2022/10/CABECERA-CrAra_Escritorio.png HTTP/1.1" 200 4995 cronicareinodearagon.com "https://cronicareinodearagon.com/sociedad/ccco-denuncia-ayuntamiento-zaragoza-incumple-acuerdo-instalaciones-deportivas/" "Mozilla/5.0 (X11; Ubuntu; Linux x86_64; rv:97.0) Gecko/20100101 Firefox/97.0" "-"
195.57.114.0 - - [14/Feb/2024:10:21:27 +0100] "GET /wp-content/uploads/2022/10/CABECERA-CrAra_MOVIL-1.png HTTP/1.1" 200 3014 cronicareinodearagon.com "https://cronicareinodearagon.com/sociedad/ccco-denuncia-ayuntamiento-zaragoza-incumple-acuerdo-instalaciones-deportivas/" "Mozilla/5.0 (X11; Ubuntu; Linux x86_64; rv:97.0) Gecko/20100101 Firefox/97.0" "-"
195.57.114.0 - - [14/Feb/2024:10:21:27 +0100] "GET /wp-content/themes/jnews/assets/img/jeg-empty.png HTTP/1.1" 200 70 cronicareinodearagon.com "https://cronicareinodearagon.com/sociedad/ccco-denuncia-ayuntamiento-zaragoza-incumple-acuerdo-instalaciones-deportivas/" "Mozilla/5.0 (X11; Ubuntu; Linux x86_64; rv:97.0) Gecko/20100101 Firefox/97.0" "-"
195.57.114.0 - - [14/Feb/2024:10:21:27 +0100] "GET /wp-includes/js/wp-emoji-release.min.js?ver=6.2.2 HTTP/1.1" 200 5828 cronicareinodearagon.com "https://cronicareinodearagon.com/sociedad/ccco-denuncia-ayuntamiento-zaragoza-incumple-acuerdo-instalaciones-deportivas/" "Mozilla/5.0 (X11; Ubuntu; Linux x86_64; rv:97.0) Gecko/20100101 Firefox/97.0" "-"
195.57.114.0 - - [14/Feb/2024:10:21:27 +0100] "GET /wp-content/plugins/elementor/assets/lib/eicons/css/elementor-icons.min.css?ver=5.21.0 HTTP/1.1" 200 4358 cronicareinodearagon.com "https://cronicareinodearagon.com/sociedad/ccco-denuncia-ayuntamiento-zaragoza-incumple-acuerdo-instalaciones-deportivas/" "Mozilla/5.0 (X11; Ubuntu; Linux x86_64; rv:97.0) Gecko/20100101 Firefox/97.0" "-"
195.57.114.0 - - [14/Feb/2024:10:21:27 +0100] "GET /wp-content/themes/jnews/assets/dist/frontend.min.js?ver=10.7.9 HTTP/1.1" 200 103509 cronicareinodearagon.com "https://cronicareinodearagon.com/sociedad/ccco-denuncia-ayuntamiento-zaragoza-incumple-acuerdo-instalaciones-deportivas/" "Mozilla/5.0 (X11; Ubuntu; Linux x86_64; rv:97.0) Gecko/20100101 Firefox/97.0" "-"
195.57.114.0 - - [14/Feb/2024:10:21:27 +0100] "GET /wp-content/plugins/jnews-social-share/assets/js/plugin.js HTTP/1.1" 200 1411 cronicareinodearagon.com "https://cronicareinodearagon.com/sociedad/ccco-denuncia-ayuntamiento-zaragoza-incumple-acuerdo-instalaciones-deportivas/" "Mozilla/5.0 (X11; Ubuntu; Linux x86_64; rv:97.0) Gecko/20100101 Firefox/97.0" "-"
195.57.114.0 - - [14/Feb/2024:10:21:27 +0100] "GET /wp-includes/js/hoverIntent.min.js?ver=1.10.2 HTTP/1.1" 200 721 cronicareinodearagon.com "https://cronicareinodearagon.com/sociedad/ccco-denuncia-ayuntamiento-zaragoza-incumple-acuerdo-instalaciones-deportivas/" "Mozilla/5.0 (X11; Ubuntu; Linux x86_64; rv:97.0) Gecko/20100101 Firefox/97.0" "-"
195.57.114.0 - - [14/Feb/2024:10:21:27 +0100] "GET /wp-content/plugins/complianz-gdpr/cookiebanner/js/complianz.min.js?ver=6.4.4 HTTP/1.1" 200 12688 cronicareinodearagon.com "https://cronicareinodearagon.com/sociedad/ccco-denuncia-ayuntamiento-zaragoza-incumple-acuerdo-instalaciones-deportivas/" "Mozilla/5.0 (X11; Ubuntu; Linux x86_64; rv:97.0) Gecko/20100101 Firefox/97.0" "-"
195.57.114.0 - - [14/Feb/2024:10:21:27 +0100] "GET /wp-includes/js/imagesloaded.min.js?ver=4.1.4 HTTP/1.1" 200 2010 cronicareinodearagon.com "https://cronicareinodearagon.com/sociedad/ccco-denuncia-ayuntamiento-zaragoza-incumple-acuerdo-instalaciones-deportivas/" "Mozilla/5.0 (X11; Ubuntu; Linux x86_64; rv:97.0) Gecko/20100101 Firefox/97.0" "-"
195.57.114.0 - - [14/Feb/2024:10:21:27 +0100] "GET /wp-content/plugins/akismet/_inc/akismet-frontend.js?ver=1683388628 HTTP/1.1" 200 3528 cronicareinodearagon.com "https://cronicareinodearagon.com/sociedad/ccco-denuncia-ayuntamiento-zaragoza-incumple-acuerdo-instalaciones-deportivas/" "Mozilla/5.0 (X11; Ubuntu; Linux x86_64; rv:97.0) Gecko/20100101 Firefox/97.0" "-"
195.57.114.0 - - [14/Feb/2024:10:21:27 +0100] "GET /wp-content/plugins/elementor/assets/js/webpack.runtime.min.js?ver=3.15.2 HTTP/1.1" 200 2279 cronicareinodearagon.com "https://cronicareinodearagon.com/sociedad/ccco-denuncia-ayuntamiento-zaragoza-incumple-acuerdo-instalaciones-deportivas/" "Mozilla/5.0 (X11; Ubuntu; Linux x86_64; rv:97.0) Gecko/20100101 Firefox/97.0" "-"
195.57.114.0 - - [14/Feb/2024:10:21:27 +0100] "GET /wp-content/plugins/elementor/assets/lib/waypoints/waypoints.min.js?ver=4.0.2 HTTP/1.1" 200 3501 cronicareinodearagon.com "https://cronicareinodearagon.com/sociedad/ccco-denuncia-ayuntamiento-zaragoza-incumple-acuerdo-instalaciones-deportivas/" "Mozilla/5.0 (X11; Ubuntu; Linux x86_64; rv:97.0) Gecko/20100101 Firefox/97.0" "-"
195.57.114.0 - - [14/Feb/2024:10:21:27 +0100] "GET /wp-content/plugins/elementor/assets/js/frontend-modules.min.js?ver=3.15.2 HTTP/1.1" 200 19256 cronicareinodearagon.com "https://cronicareinodearagon.com/sociedad/ccco-denuncia-ayuntamiento-zaragoza-incumple-acuerdo-instalaciones-deportivas/" "Mozilla/5.0 (X11; Ubuntu; Linux x86_64; rv:97.0) Gecko/20100101 Firefox/97.0" "-"
195.57.114.0 - - [14/Feb/2024:10:21:27 +0100] "GET /wp-includes/js/jquery/ui/core.min.js?ver=1.13.2 HTTP/1.1" 200 7937 cronicareinodearagon.com "https://cronicareinodearagon.com/sociedad/ccco-denuncia-ayuntamiento-zaragoza-incumple-acuerdo-instalaciones-deportivas/" "Mozilla/5.0 (X11; Ubuntu; Linux x86_64; rv:97.0) Gecko/20100101 Firefox/97.0" "-"
195.57.114.0 - - [14/Feb/2024:10:21:27 +0100] "GET /wp-content/plugins/elementor/assets/js/frontend.min.js?ver=3.15.2 HTTP/1.1" 200 14219 cronicareinodearagon.com "https://cronicareinodearagon.com/sociedad/ccco-denuncia-ayuntamiento-zaragoza-incumple-acuerdo-instalaciones-deportivas/" "Mozilla/5.0 (X11; Ubuntu; Linux x86_64; rv:97.0) Gecko/20100101 Firefox/97.0" "-"
195.57.114.0 - - [14/Feb/2024:10:21:27 +0100] "GET /wp-content/plugins/elementor/assets/lib/swiper/css/swiper.min.css?ver=5.3.6 HTTP/1.1" 200 2779 cronicareinodearagon.com "https://cronicareinodearagon.com/sociedad/ccco-denuncia-ayuntamiento-zaragoza-incumple-acuerdo-instalaciones-deportivas/" "Mozilla/5.0 (X11; Ubuntu; Linux x86_64; rv:97.0) Gecko/20100101 Firefox/97.0" "-"
195.57.114.0 - - [14/Feb/2024:10:21:27 +0100] "GET /wp-content/plugins/metronet-profile-picture/js/mpp-frontend.js?ver=2.6.0 HTTP/1.1" 200 201 cronicareinodearagon.com "https://cronicareinodearagon.com/sociedad/ccco-denuncia-ayuntamiento-zaragoza-incumple-acuerdo-instalaciones-deportivas/" "Mozilla/5.0 (X11; Ubuntu; Linux x86_64; rv:97.0) Gecko/20100101 Firefox/97.0" "-"
195.57.114.0 - - [14/Feb/2024:10:21:27 +0100] "GET /wp-includes/js/comment-reply.min.js?ver=6.2.2 HTTP/1.1" 200 1399 cronicareinodearagon.com "https://cronicareinodearagon.com/sociedad/ccco-denuncia-ayuntamiento-zaragoza-incumple-acuerdo-instalaciones-deportivas/" "Mozilla/5.0 (X11; Ubuntu; Linux x86_64; rv:97.0) Gecko/20100101 Firefox/97.0" "-"
195.57.114.0 - - [14/Feb/2024:10:21:27 +0100] "GET /wp-content/themes/jnews/assets/dist/image/preloader.gif HTTP/1.1" 200 4399 cronicareinodearagon.com "https://cronicareinodearagon.com/wp-content/themes/jnews/assets/dist/frontend.min.css?ver=10.7.9" "Mozilla/5.0 (X11; Ubuntu; Linux x86_64; rv:97.0) Gecko/20100101 Firefox/97.0" "-"
195.57.114.0 - - [14/Feb/2024:10:21:27 +0100] "GET /wp-content/themes/jnews/assets/dist/font/fontawesome-webfont.woff2 HTTP/1.1" 200 77160 cronicareinodearagon.com "https://cronicareinodearagon.com/wp-content/themes/jnews/assets/dist/frontend.min.css?ver=10.7.9" "Mozilla/5.0 (X11; Ubuntu; Linux x86_64; rv:97.0) Gecko/20100101 Firefox/97.0" "-"
195.57.114.0 - - [14/Feb/2024:10:21:27 +0100] "GET /wp-content/themes/jnews/assets/dist/font/jegicon.woff HTTP/1.1" 200 7144 cronicareinodearagon.com "https://cronicareinodearagon.com/wp-content/themes/jnews/assets/dist/frontend.min.css?ver=10.7.9" "Mozilla/5.0 (X11; Ubuntu; Linux x86_64; rv:97.0) Gecko/20100101 Firefox/97.0" "-"
195.57.114.0 - - [14/Feb/2024:10:21:27 +0100] "GET /wp-content/uploads/complianz/css/banner-1-optin.css?v=41 HTTP/1.1" 200 3432 cronicareinodearagon.com "https://cronicareinodearagon.com/sociedad/ccco-denuncia-ayuntamiento-zaragoza-incumple-acuerdo-instalaciones-deportivas/" "Mozilla/5.0 (X11; Ubuntu; Linux x86_64; rv:97.0) Gecko/20100101 Firefox/97.0" "-"
