82.165.88.0 - - [25/Feb/2024:09:44:07 +0100] "POST /wp-cron.php?doing_wp_cron=1708850647.6327428817749023437500 HTTP/1.1" 200 - cronicareinodearagon.com "-" "WordPress/6.2.2; https://cronicareinodearagon.com" "-"
2001:41d0:800:: - - [25/Feb/2024:09:44:07 +0100] "POST /xmlrpc.php HTTP/1.1" 200 416 cronicareinodearagon.com "-" "Mozilla/5.0 (X11; Linux x86_64) AppleWebKit/537.36 (KHTML, like Gecko) Chrome/44.0.2403.157 Safari/537.36" "-"
103.104.118.0 - - [25/Feb/2024:09:44:07 +0100] "POST /xmlrpc.php HTTP/1.1" 200 414 cronicareinodearagon.com "-" "Mozilla/5.0 (X11; Fedora; Linux x86_64; rv:94.0) Gecko/20100101 Firefox/95.0" "-"
143.198.169.0 - - [25/Feb/2024:09:44:12 +0100] "POST /xmlrpc.php HTTP/1.1" 200 416 cronicareinodearagon.com "-" "Mozilla/5.0 (Windows; U; Windows NT 5.1; en-US; rv:1.7.12) Gecko/20050915 Firefox/1.0.7" "-"
74.207.231.0 - - [25/Feb/2024:09:44:15 +0100] "GET /wp-content/plugins/essential-addons-for-elementor-lite/readme.txt HTTP/1.1" 404 596 cronicademalaga.com "www.google.com" "Mozilla/6.4 (Windows NT 11.1) Gecko/2010102 Firefox/99.0" "-"
8.214.83.0 - - [25/Feb/2024:09:44:15 +0100] "POST /xmlrpc.php HTTP/1.1" 200 416 cronicareinodearagon.com "-" "Mozilla/5.0 (Windows NT 10.0; Win64; x64) AppleWebKit/537.36 (KHTML, like Gecko) Chrome/67.0.3396.99 Safari/537.36" "-"
81.69.176.0 - - [25/Feb/2024:09:44:18 +0100] "POST /xmlrpc.php HTTP/1.1" 200 416 cronicareinodearagon.com "-" "Mozilla/5.0 (Windows; U; Windows NT 5.1; en-US; rv:1.7.10) Gecko/20050716 Firefox/1.0.6" "-"
93.186.242.0 - - [25/Feb/2024:09:44:20 +0100] "POST /xmlrpc.php HTTP/1.1" 200 416 cronicareinodearagon.com "-" "Mozilla/5.0 (Linux; Android 10; SM-N960U) AppleWebKit/537.36 (KHTML, like Gecko) Chrome/91.0.4472.114 Mobile Safari/537.36" "-"
89.117.74.0 - - [25/Feb/2024:09:44:31 +0100] "POST /xmlrpc.php HTTP/1.1" 200 416 cronicareinodearagon.com "-" "Mozilla/5.0 (Windows NT 10.0; Win64; x64) AppleWebKit/537.36 (KHTML, like Gecko) Chrome/74.0.3729.169 Safari/537.36" "-"
47.251.36.0 - - [25/Feb/2024:09:44:31 +0100] "POST /xmlrpc.php HTTP/1.1" 200 416 cronicareinodearagon.com "-" "Mozilla/5.0 (Windows NT 10.0; Win64; x64) AppleWebKit/537.36 (KHTML, like Gecko) Chrome/74.0.3729.157 Safari/537.36" "-"
159.203.120.0 - - [25/Feb/2024:09:44:34 +0100] "POST /xmlrpc.php HTTP/1.1" 200 416 cronicareinodearagon.com "-" "Mozilla/5.0 (Windows NT 10.0; Win64; x64; rv:84.0) Gecko/20100101 Firefox/84.0" "-"
89.107.188.0 - - [25/Feb/2024:09:44:37 +0100] "POST /xmlrpc.php HTTP/1.1" 200 416 cronicareinodearagon.com "-" "Mozilla/5.0 (Windows NT 6.1; Win64; x64) AppleWebKit/537.36 (KHTML, like Gecko) Chrome/60.0.3112.90 Safari/537.36" "-"
82.165.88.0 - - [25/Feb/2024:09:44:53 +0100] "POST /wp-cron.php?doing_wp_cron=1708850693.6706969738006591796875 HTTP/1.1" 200 - cronicareinodearagon.com "-" "WordPress/6.2.2; https://cronicareinodearagon.com" "-"
37.140.192.0 - - [25/Feb/2024:09:44:53 +0100] "POST /xmlrpc.php HTTP/1.1" 200 416 cronicareinodearagon.com "-" "Mozilla/5.0 (Windows NT 10.0; Win64; x64) AppleWebKit/537.36 (KHTML, like Gecko) Chrome/57.0.2987.133 Safari/537.36" "-"
93.158.91.0 - - [25/Feb/2024:09:48:00 +0100] "GET / HTTP/1.1" 200 336 cronicadearagon.com "-" "Mozilla/5.0 (Windows NT 10.0; Win64; x64) AppleWebKit/537.36 (KHTML, like Gecko) Chrome/105.0.0.0 Safari/537.36" "-"
93.158.91.0 - - [25/Feb/2024:09:48:01 +0100] "GET /favicon.ico HTTP/1.1" 404 596 cronicadearagon.com "-" "Mozilla/5.0 (Windows NT 10.0; Win64; x64) AppleWebKit/537.36 (KHTML, like Gecko) Chrome/105.0.0.0 Safari/537.36" "-"
82.165.88.0 - - [25/Feb/2024:09:52:10 +0100] "POST /wp-cron.php?doing_wp_cron=1708851130.7445390224456787109375 HTTP/1.1" 200 - cronicareinodearagon.com "-" "WordPress/6.2.2; https://cronicareinodearagon.com" "-"
85.208.96.0 - - [25/Feb/2024:09:52:10 +0100] "GET /robots.txt HTTP/1.1" 200 202 cronicareinodearagon.com "-" "Mozilla/5.0 (compatible; SemrushBot/7~bl; +http://www.semrush.com/bot.html)" "-"
85.208.96.0 - - [25/Feb/2024:09:52:11 +0100] "GET /aragon/csif-andalucia-educacion-carga-trabajo-papeleo-curso-escolar/ HTTP/1.1" 200 164987 cronicareinodearagon.com "-" "Mozilla/5.0 (compatible; SemrushBot/7~bl; +http://www.semrush.com/bot.html)" "-"
85.208.96.0 - - [25/Feb/2024:09:54:20 +0100] "GET /sociedad/el-alcalde-de-nerva-apunta-que-usaran-todas-las-herramientas-legales-para-el-cierre-del-vertedero/ HTTP/1.1" 200 164534 cronicareinodearagon.com "-" "Mozilla/5.0 (compatible; SemrushBot/7~bl; +http://www.semrush.com/bot.html)" "-"
82.165.88.0 - - [25/Feb/2024:09:54:21 +0100] "POST /wp-cron.php?doing_wp_cron=1708851261.0846140384674072265625 HTTP/1.1" 200 - cronicareinodearagon.com "-" "WordPress/6.2.2; https://cronicareinodearagon.com" "-"
82.165.88.0 - - [25/Feb/2024:09:54:51 +0100] "POST /wp-cron.php?doing_wp_cron=1708851291.5847170352935791015625 HTTP/1.1" 200 - cronicareinodearagon.com "-" "WordPress/6.2.2; https://cronicareinodearagon.com" "-"
64.124.8.0 - - [25/Feb/2024:09:54:51 +0100] "GET /robots.txt HTTP/1.1" 200 202 cronicareinodearagon.com "-" "Mozilla/5.0 (compatible; ImagesiftBot; +imagesift.com)" "-"
64.124.8.0 - - [25/Feb/2024:09:54:52 +0100] "GET /wp-content/uploads/2022/04/Reyes-rueda-UJA-2.jpg HTTP/1.1" 304 - cronicareinodearagon.com "-" "Mozilla/5.0 (compatible; ImagesiftBot; +imagesift.com)" "-"
64.124.8.0 - - [25/Feb/2024:09:55:24 +0100] "GET /robots.txt HTTP/1.1" 200 202 cronicareinodearagon.com "-" "Mozilla/5.0 (compatible; ImagesiftBot; +imagesift.com)" "-"
64.124.8.0 - - [25/Feb/2024:09:55:25 +0100] "GET /wp-content/uploads/2023/05/vinicius.jpg HTTP/1.1" 200 51140 cronicareinodearagon.com "-" "Mozilla/5.0 (compatible; ImagesiftBot; +imagesift.com)" "-"
64.124.8.0 - - [25/Feb/2024:09:56:16 +0100] "GET /wp-content/uploads/2022/10/CABECERA-CrAra_MOVIL-1.png HTTP/1.1" 304 - cronicareinodearagon.com "-" "Mozilla/5.0 (compatible; ImagesiftBot; +imagesift.com)" "-"
117.151.148.0 - - [25/Feb/2024:09:56:33 +0100] "GET / HTTP/1.1" 200 319421 cronicareinodearagon.com "-" "Mozilla/5.0 (Macintosh; Intel Mac OS X 10_10) AppleWebKit/537.36 (KHTML, like Gecko) Chrome/41.0.2228.0 Safari/537.36" "-"
117.151.148.0 - - [25/Feb/2024:09:56:37 +0100] "GET /wp-includes/js/jquery/jquery.min.js?ver=3.6.4 HTTP/1.1" 200 89815 cronicareinodearagon.com "-" "Go-http-client/1.1" "-"
117.151.148.0 - - [25/Feb/2024:09:56:38 +0100] "GET /category/aragon/teruel/ HTTP/1.1" 200 147532 cronicareinodearagon.com "-" "Go-http-client/1.1" "-"
117.151.148.0 - - [25/Feb/2024:09:56:40 +0100] "GET /wp-content/uploads/2023/05/resultados-autonomicas-aragon-750x375.jpg HTTP/1.1" 200 19010 cronicareinodearagon.com "-" "Go-http-client/1.1" "-"
117.151.148.0 - - [25/Feb/2024:09:56:41 +0100] "GET /wp-includes/js/jquery/ui/core.min.js?ver=1.13.2 HTTP/1.1" 200 21438 cronicareinodearagon.com "-" "Go-http-client/1.1" "-"
117.151.148.0 - - [25/Feb/2024:09:56:41 +0100] "GET /wp-content/themes/jnews/assets/dist/frontend.min.css?ver=10.7.9 HTTP/1.1" 200 598038 cronicareinodearagon.com "-" "Go-http-client/1.1" "-"
117.151.148.0 - - [25/Feb/2024:09:56:44 +0100] "GET /category/aragon/ HTTP/1.1" 200 146827 cronicareinodearagon.com "-" "Go-http-client/1.1" "-"
117.151.148.0 - - [25/Feb/2024:09:56:46 +0100] "GET /wp-content/themes/jnews/assets/img/jeg-empty.png HTTP/1.1" 200 70 cronicareinodearagon.com "-" "Go-http-client/1.1" "-"
117.151.148.0 - - [25/Feb/2024:09:56:46 +0100] "GET /wp-content/themes/jnews/assets/dist/frontend.min.js?ver=10.7.9 HTTP/1.1" 200 303914 cronicareinodearagon.com "-" "Go-http-client/1.1" "-"
117.151.148.0 - - [25/Feb/2024:09:56:48 +0100] "GET /wp-content/plugins/elementor/assets/js/frontend-modules.min.js?ver=3.15.2 HTTP/1.1" 200 56154 cronicareinodearagon.com "-" "Go-http-client/1.1" "-"
117.151.148.0 - - [25/Feb/2024:09:56:49 +0100] "GET /wp-content/plugins/elementor/assets/js/frontend.min.js?ver=3.15.2 HTTP/1.1" 200 40746 cronicareinodearagon.com "-" "Go-http-client/1.1" "-"
117.151.148.0 - - [25/Feb/2024:09:56:49 +0100] "GET /wp-content/themes/jnews/data/import/newspaper/scheme.css?ver=10.7.9 HTTP/1.1" 200 5700 cronicareinodearagon.com "-" "Go-http-client/1.1" "-"
117.151.148.0 - - [25/Feb/2024:09:56:50 +0100] "GET /category/politica/ HTTP/1.1" 200 147364 cronicareinodearagon.com "-" "Go-http-client/1.1" "-"
117.151.148.0 - - [25/Feb/2024:09:56:51 +0100] "GET /category/economia/ HTTP/1.1" 200 146956 cronicareinodearagon.com "-" "Go-http-client/1.1" "-"
117.151.148.0 - - [25/Feb/2024:09:56:52 +0100] "GET /wp-content/plugins/elementor/assets/lib/swiper/css/swiper.min.css?ver=5.3.6 HTTP/1.1" 200 12876 cronicareinodearagon.com "-" "Go-http-client/1.1" "-"
117.151.148.0 - - [25/Feb/2024:09:56:53 +0100] "GET /aragon/astic-reconocimiento-carreras-grupo/ HTTP/1.1" 200 158293 cronicareinodearagon.com "-" "Go-http-client/1.1" "-"
117.151.148.0 - - [25/Feb/2024:09:56:54 +0100] "GET /educacion/practicas-estudiantes-internacionales-medio-rural/ HTTP/1.1" 200 163089 cronicareinodearagon.com "-" "Go-http-client/1.1" "-"
82.165.88.0 - - [25/Feb/2024:09:56:55 +0100] "POST /wp-cron.php?doing_wp_cron=1708851415.8043520450592041015625 HTTP/1.1" 200 - cronicareinodearagon.com "-" "WordPress/6.2.2; https://cronicareinodearagon.com" "-"
117.151.148.0 - - [25/Feb/2024:09:56:55 +0100] "GET /aviso-legal/ HTTP/1.1" 200 141113 cronicareinodearagon.com "-" "Go-http-client/1.1" "-"
117.151.148.0 - - [25/Feb/2024:09:56:57 +0100] "GET /wp-includes/js/comment-reply.min.js?ver=6.2.2 HTTP/1.1" 200 2981 cronicareinodearagon.com "-" "Go-http-client/1.1" "-"
117.151.148.0 - - [25/Feb/2024:09:56:58 +0100] "GET /wp-content/themes/jnews/style.css?ver=10.7.9 HTTP/1.1" 200 427 cronicareinodearagon.com "-" "Go-http-client/1.1" "-"
64.124.8.0 - - [25/Feb/2024:09:57:46 +0100] "GET /wp-content/uploads/2022/03/Angeles-Ferriz.jpg HTTP/1.1" 200 66595 cronicareinodearagon.com "-" "Mozilla/5.0 (compatible; ImagesiftBot; +imagesift.com)" "-"
66.249.84.0 - - [25/Feb/2024:10:00:45 +0100] "GET /category/sociedad/feed/ HTTP/1.1" 200 16233 cronicareinodearagon.com "-" "FeedFetcher-Google; (+http://www.google.com/feedfetcher.html)" "-"
82.165.88.0 - - [25/Feb/2024:10:01:33 +0100] "POST /wp-cron.php?doing_wp_cron=1708851693.5239019393920898437500 HTTP/1.1" 200 - cronicareinodearagon.com "-" "WordPress/6.2.2; https://cronicareinodearagon.com" "-"
185.66.90.0 - - [25/Feb/2024:10:01:33 +0100] "POST /xmlrpc.php HTTP/1.1" 200 414 cronicareinodearagon.com "-" "Mozilla/5.0 (X11; Fedora; Linux x86_64; rv:94.0) Gecko/20100101 Firefox/95.0" "-"
64.124.8.0 - - [25/Feb/2024:10:02:34 +0100] "GET /wp-content/uploads/2022/09/andujar.jpg HTTP/1.1" 304 - cronicareinodearagon.com "-" "Mozilla/5.0 (compatible; ImagesiftBot; +imagesift.com)" "-"
82.165.88.0 - - [25/Feb/2024:10:04:13 +0100] "POST /wp-cron.php?doing_wp_cron=1708851853.8526589870452880859375 HTTP/1.1" 200 - cronicareinodearagon.com "-" "WordPress/6.2.2; https://cronicareinodearagon.com" "-"
185.191.171.0 - - [25/Feb/2024:10:04:13 +0100] "GET /aragon/andaluces-ingreso-minimo-vital-pensiones/ HTTP/1.1" 200 34848 cronicareinodearagon.com "-" "Mozilla/5.0 (compatible; SemrushBot/7~bl; +http://www.semrush.com/bot.html)" "-"
64.124.8.0 - - [25/Feb/2024:10:05:07 +0100] "GET /wp-content/uploads/2022/09/taxi-1.jpg HTTP/1.1" 304 - cronicareinodearagon.com "-" "Mozilla/5.0 (compatible; ImagesiftBot; +imagesift.com)" "-"
64.124.8.0 - - [25/Feb/2024:10:06:05 +0100] "GET /wp-content/uploads/2022/07/IPC.png HTTP/1.1" 304 - cronicareinodearagon.com "-" "Mozilla/5.0 (compatible; ImagesiftBot; +imagesift.com)" "-"
64.124.8.0 - - [25/Feb/2024:10:06:18 +0100] "GET /wp-content/uploads/2023/05/arraigo-teruel.jpg HTTP/1.1" 200 322282 cronicareinodearagon.com "-" "Mozilla/5.0 (compatible; ImagesiftBot; +imagesift.com)" "-"
64.124.8.0 - - [25/Feb/2024:10:06:46 +0100] "GET /wp-content/uploads/2023/05/pacto-estado-violencia-genero.jpg HTTP/1.1" 304 - cronicareinodearagon.com "-" "Mozilla/5.0 (compatible; ImagesiftBot; +imagesift.com)" "-"
35.94.101.0 - - [25/Feb/2024:10:06:55 +0100] "GET /robots.txt HTTP/1.1" 200 188 cronicadeasturias.com "-" "Mozilla/5.0 (compatible; wpbot/1.0; +https://forms.gle/ajBaxygz9jSR8p8G9)" "-"
35.94.101.0 - - [25/Feb/2024:10:06:55 +0100] "GET / HTTP/1.1" 200 336 cronicadeasturias.com "-" "Mozilla/5.0 (compatible; wpbot/1.0; +https://forms.gle/ajBaxygz9jSR8p8G9)" "-"
82.165.88.0 - - [25/Feb/2024:10:09:28 +0100] "POST /wp-cron.php?doing_wp_cron=1708852168.4674379825592041015625 HTTP/1.1" 200 - cronicareinodearagon.com "-" "WordPress/6.2.2; https://cronicareinodearagon.com" "-"
185.191.171.0 - - [25/Feb/2024:10:09:28 +0100] "GET /opinion/moreno-bonilla-pp-san-juan-sevilla-opinion/ HTTP/1.1" 200 166054 cronicareinodearagon.com "-" "Mozilla/5.0 (compatible; SemrushBot/7~bl; +http://www.semrush.com/bot.html)" "-"
64.124.8.0 - - [25/Feb/2024:10:09:43 +0100] "GET /wp-content/uploads/2023/05/lula-brasil.jpg HTTP/1.1" 200 44364 cronicareinodearagon.com "-" "Mozilla/5.0 (compatible; ImagesiftBot; +imagesift.com)" "-"
64.124.8.0 - - [25/Feb/2024:10:13:37 +0100] "GET /wp-content/uploads/2022/01/51830543488_73707be44d_o-scaled.jpg HTTP/1.1" 200 383903 cronicareinodearagon.com "-" "Mozilla/5.0 (compatible; ImagesiftBot; +imagesift.com)" "-"
82.165.88.0 - - [25/Feb/2024:10:14:44 +0100] "POST /wp-cron.php?doing_wp_cron=1708852484.6039121150970458984375 HTTP/1.1" 200 - cronicareinodearagon.com "-" "WordPress/6.2.2; https://cronicareinodearagon.com" "-"
85.208.96.0 - - [25/Feb/2024:10:14:44 +0100] "GET /aragon/isabel-ii-reina-inglaterra-reino-unid-juanma-moreno-andalucia-luto/ HTTP/1.1" 200 164108 cronicareinodearagon.com "-" "Mozilla/5.0 (compatible; SemrushBot/7~bl; +http://www.semrush.com/bot.html)" "-"
177.70.3.0 - - [25/Feb/2024:10:18:31 +0100] "POST /xmlrpc.php HTTP/1.1" 301 251 cronicareinodearagon.com "-" "Mozilla/5.0 (Windows NT 10.0; Win64; x64) AppleWebKit/537.36 (KHTML, like Gecko) Chrome/88.0.4324.190 Safari/537.36" "-"
2001:41d0:: - - [25/Feb/2024:10:18:32 +0100] "POST /xmlrpc.php HTTP/1.1" 301 251 cronicareinodearagon.com "-" "Mozilla/5.0 (Windows NT 5.1; rv:33.0) Gecko/20100101 Firefox/33.0" "-"
177.70.3.0 - - [25/Feb/2024:10:18:32 +0100] "POST /xmlrpc.php HTTP/1.1" 200 416 cronicareinodearagon.com "-" "Mozilla/5.0 (Windows NT 10.0; Win64; x64) AppleWebKit/537.36 (KHTML, like Gecko) Chrome/88.0.4324.190 Safari/537.36" "-"
82.165.88.0 - - [25/Feb/2024:10:18:33 +0100] "POST /wp-cron.php?doing_wp_cron=1708852713.0559120178222656250000 HTTP/1.1" 200 - cronicareinodearagon.com "-" "WordPress/6.2.2; https://cronicareinodearagon.com" "-"
2001:41d0:: - - [25/Feb/2024:10:18:33 +0100] "POST /xmlrpc.php HTTP/1.1" 200 416 cronicareinodearagon.com "-" "Mozilla/5.0 (Windows NT 5.1; rv:33.0) Gecko/20100101 Firefox/33.0" "-"
177.70.3.0 - - [25/Feb/2024:10:18:38 +0100] "POST /xmlrpc.php HTTP/1.1" 403 775 cronicareinodearagon.com "-" "Mozilla/5.0 (Windows NT 10.0; Win64; x64) AppleWebKit/537.36 (KHTML, like Gecko) Chrome/74.0.3729.157 Safari/537.36" "-"
2a03:4000:: - - [25/Feb/2024:10:18:44 +0100] "POST /xmlrpc.php HTTP/1.1" 301 251 cronicareinodearagon.com "-" "Mozilla/5.0 (Windows NT 6.1; rv:17.0) Gecko/20100101 Firefox/20.6.14" "-"
2a03:4000:: - - [25/Feb/2024:10:18:45 +0100] "POST /xmlrpc.php HTTP/1.1" 200 416 cronicareinodearagon.com "-" "Mozilla/5.0 (Windows NT 6.1; rv:17.0) Gecko/20100101 Firefox/20.6.14" "-"
82.165.88.0 - - [25/Feb/2024:10:18:46 +0100] "POST /wp-cron.php?doing_wp_cron=1708852726.2043740749359130859375 HTTP/1.1" 200 - cronicareinodearagon.com "-" "WordPress/6.2.2; https://cronicareinodearagon.com" "-"
2a03:b0c0:: - - [25/Feb/2024:10:18:47 +0100] "POST /xmlrpc.php HTTP/1.1" 301 251 cronicareinodearagon.com "-" "Mozilla/5.0 (Windows NT 10.0; Win64; x64; rv:65.0) Gecko/20100101 Firefox/65.0" "-"
2a03:b0c0:: - - [25/Feb/2024:10:18:48 +0100] "POST /xmlrpc.php HTTP/1.1" 200 416 cronicareinodearagon.com "-" "Mozilla/5.0 (Windows NT 10.0; Win64; x64; rv:65.0) Gecko/20100101 Firefox/65.0" "-"
206.189.219.0 - - [25/Feb/2024:10:18:48 +0100] "POST /xmlrpc.php HTTP/1.1" 301 251 cronicareinodearagon.com "-" "Mozilla/5.0 (Windows NT 6.1; WOW64; rv:54.0) Gecko/20100101 Firefox/54.0" "-"
206.189.219.0 - - [25/Feb/2024:10:18:49 +0100] "POST /xmlrpc.php HTTP/1.1" 200 416 cronicareinodearagon.com "-" "Mozilla/5.0 (Windows NT 6.1; WOW64; rv:54.0) Gecko/20100101 Firefox/54.0" "-"
31.24.128.0 - - [25/Feb/2024:10:18:54 +0100] "POST /xmlrpc.php HTTP/1.1" 301 251 cronicareinodearagon.com "-" "Mozilla/5.0 (Windows NT 10.0; Win64; x64) AppleWebKit/537.36 (KHTML, like Gecko) Chrome/68.0.3440.106 Safari/537.36" "-"
31.24.128.0 - - [25/Feb/2024:10:18:55 +0100] "POST /xmlrpc.php HTTP/1.1" 200 416 cronicareinodearagon.com "-" "Mozilla/5.0 (Windows NT 10.0; Win64; x64) AppleWebKit/537.36 (KHTML, like Gecko) Chrome/68.0.3440.106 Safari/537.36" "-"
161.97.150.0 - - [25/Feb/2024:10:18:57 +0100] "POST /xmlrpc.php HTTP/1.1" 301 251 cronicareinodearagon.com "-" "Mozilla/5.0 (Macintosh; Intel Mac OS X 10_10; rv:33.0) Gecko/20100101 Firefox/33.0" "-"
161.97.150.0 - - [25/Feb/2024:10:18:57 +0100] "POST /xmlrpc.php HTTP/1.1" 200 416 cronicareinodearagon.com "-" "Mozilla/5.0 (Macintosh; Intel Mac OS X 10_10; rv:33.0) Gecko/20100101 Firefox/33.0" "-"
31.24.128.0 - - [25/Feb/2024:10:18:58 +0100] "POST /xmlrpc.php HTTP/1.1" 403 775 cronicareinodearagon.com "-" "Mozilla/5.0 (Windows NT 6.2; Win64; x64) AppleWebKit/537.36 (KHTML, like Gecko) Chrome/60.0.3112.90 Safari/537.36" "-"
37.97.201.0 - - [25/Feb/2024:10:19:03 +0100] "POST /xmlrpc.php HTTP/1.1" 301 251 cronicareinodearagon.com "-" "Mozilla/5.0 (Windows NT 6.1; WOW64; rv:40.0) Gecko/20100101 Firefox/40.1" "-"
37.97.201.0 - - [25/Feb/2024:10:19:04 +0100] "POST /xmlrpc.php HTTP/1.1" 200 416 cronicareinodearagon.com "-" "Mozilla/5.0 (Windows NT 6.1; WOW64; rv:40.0) Gecko/20100101 Firefox/40.1" "-"
177.70.3.0 - - [25/Feb/2024:10:19:04 +0100] "POST /xmlrpc.php HTTP/1.1" 403 775 cronicareinodearagon.com "-" "Mozilla/5.0 (Windows NT 6.1; WOW64; rv:47.0) Gecko/20100101 Firefox/47.0" "-"
200.129.85.0 - - [25/Feb/2024:10:19:06 +0100] "POST /xmlrpc.php HTTP/1.1" 301 251 cronicareinodearagon.com "-" "Mozilla/5.0 (Windows NT 10.0; Win64; x64; rv:59.0) Gecko/20100101 Firefox/59.0" "-"
200.129.85.0 - - [25/Feb/2024:10:19:07 +0100] "POST /xmlrpc.php HTTP/1.1" 200 416 cronicareinodearagon.com "-" "Mozilla/5.0 (Windows NT 10.0; Win64; x64; rv:59.0) Gecko/20100101 Firefox/59.0" "-"
72.167.209.0 - - [25/Feb/2024:10:19:34 +0100] "POST /xmlrpc.php HTTP/1.1" 403 775 cronicareinodearagon.com "-" "Mozilla/5.0 (X11; Fedora; Linux x86_64; rv:94.0) Gecko/20100101 Firefox/95.0" "-"
85.208.96.0 - - [25/Feb/2024:10:19:39 +0100] "GET /sociedad/detenidos-almeria-estafadores-alquiler-vacacional/ HTTP/1.1" 200 168987 cronicareinodearagon.com "-" "Mozilla/5.0 (compatible; SemrushBot/7~bl; +http://www.semrush.com/bot.html)" "-"
82.165.88.0 - - [25/Feb/2024:10:20:01 +0100] "POST /wp-cron.php?doing_wp_cron=1708852801.5832059383392333984375 HTTP/1.1" 200 - cronicareinodearagon.com "-" "WordPress/6.2.2; https://cronicareinodearagon.com" "-"
185.191.171.0 - - [25/Feb/2024:10:20:01 +0100] "GET /sociedad/macael-recreacion-historia-canteras/ HTTP/1.1" 200 166990 cronicareinodearagon.com "-" "Mozilla/5.0 (compatible; SemrushBot/7~bl; +http://www.semrush.com/bot.html)" "-"
49.13.127.0 - - [25/Feb/2024:10:20:29 +0100] "GET / HTTP/1.1" 200 336 cronicadelpaisvalenciano.com "-" "Mozilla/5.0 (Windows NT 10.0; Win64; x64) AppleWebKit/537.36 (KHTML, like Gecko) Chrome/106.0.0.0 YaBrowser/22.11.5.715 Yowser/2.5 Safari/537.36" "-"
82.165.88.0 - - [25/Feb/2024:10:22:59 +0100] "POST /wp-cron.php?doing_wp_cron=1708852979.8061959743499755859375 HTTP/1.1" 200 - cronicareinodearagon.com "-" "WordPress/6.2.2; https://cronicareinodearagon.com" "-"
85.208.96.0 - - [25/Feb/2024:10:22:59 +0100] "GET /politica/ganar-teruel-linea-bus/ HTTP/1.1" 200 161584 cronicareinodearagon.com "-" "Mozilla/5.0 (compatible; SemrushBot/7~bl; +http://www.semrush.com/bot.html)" "-"
185.191.171.0 - - [25/Feb/2024:10:23:06 +0100] "GET /aragon/inversion-turismo-costa-sol/ HTTP/1.1" 200 173537 cronicareinodearagon.com "-" "Mozilla/5.0 (compatible; SemrushBot/7~bl; +http://www.semrush.com/bot.html)" "-"
82.165.88.0 - - [25/Feb/2024:10:23:42 +0100] "POST /wp-cron.php?doing_wp_cron=1708853022.9526178836822509765625 HTTP/1.1" 200 - cronicareinodearagon.com "-" "WordPress/6.2.2; https://cronicareinodearagon.com" "-"
85.208.96.0 - - [25/Feb/2024:10:23:42 +0100] "GET /aragon/pedro-fernandez-gobierno-andalucia-junta-delegado/ HTTP/1.1" 200 170300 cronicareinodearagon.com "-" "Mozilla/5.0 (compatible; SemrushBot/7~bl; +http://www.semrush.com/bot.html)" "-"
85.208.96.0 - - [25/Feb/2024:10:24:56 +0100] "GET /aragon/cierra-centro-donacion-sangre-falta-personal-suspension-operaciones/ HTTP/1.1" 200 165868 cronicareinodearagon.com "-" "Mozilla/5.0 (compatible; SemrushBot/7~bl; +http://www.semrush.com/bot.html)" "-"
82.165.88.0 - - [25/Feb/2024:10:24:57 +0100] "POST /wp-cron.php?doing_wp_cron=1708853097.2346539497375488281250 HTTP/1.1" 200 - cronicareinodearagon.com "-" "WordPress/6.2.2; https://cronicareinodearagon.com" "-"
101.68.211.0 - - [25/Feb/2024:10:26:31 +0100] "GET / HTTP/1.1" 200 336 grupocronicaenlibertad.com "-" "Mozilla/5.0 (Windows NT 6.1) AppleWebKit/537.36 (KHTML, like Gecko) Chrome/71.0.2623.112 Safari/537.36" "-"
89.248.174.0 - - [25/Feb/2024:10:26:52 +0100] "GET /wp-json/wpgmza/v1/markers HTTP/1.1" 404 596 cronicadevalencia.com "-" "python-requests/2.31.0" "-"
82.165.88.0 - - [25/Feb/2024:10:27:29 +0100] "POST /wp-cron.php?doing_wp_cron=1708853249.7652471065521240234375 HTTP/1.1" 200 - cronicareinodearagon.com "-" "WordPress/6.2.2; https://cronicareinodearagon.com" "-"
185.191.171.0 - - [25/Feb/2024:10:27:29 +0100] "GET /aragon/andalucia-coronavirus-covid-vacunacion-juanma-moreno/ HTTP/1.1" 200 166978 cronicareinodearagon.com "-" "Mozilla/5.0 (compatible; SemrushBot/7~bl; +http://www.semrush.com/bot.html)" "-"
82.165.88.0 - - [25/Feb/2024:10:29:08 +0100] "POST /wp-cron.php?doing_wp_cron=1708853348.8643639087677001953125 HTTP/1.1" 200 - cronicareinodearagon.com "-" "WordPress/6.2.2; https://cronicareinodearagon.com" "-"
50.62.182.0 - - [25/Feb/2024:10:29:08 +0100] "POST /xmlrpc.php HTTP/1.1" 200 414 cronicareinodearagon.com "-" "Mozilla/5.0 (X11; Fedora; Linux x86_64; rv:94.0) Gecko/20100101 Firefox/95.0" "-"
82.165.88.0 - - [25/Feb/2024:10:31:38 +0100] "POST /wp-cron.php?doing_wp_cron=1708853498.7111380100250244140625 HTTP/1.1" 200 - cronicareinodearagon.com "-" "WordPress/6.2.2; https://cronicareinodearagon.com" "-"
85.208.96.0 - - [25/Feb/2024:10:31:38 +0100] "GET /sociedad/desalojadas-3000-personas-incendio-mijas/ HTTP/1.1" 200 165526 cronicareinodearagon.com "-" "Mozilla/5.0 (compatible; SemrushBot/7~bl; +http://www.semrush.com/bot.html)" "-"
101.68.211.0 - - [25/Feb/2024:10:32:45 +0100] "GET / HTTP/1.1" 200 336 grupocronicaenlibertad.com "-" "Mozilla/5.0 (Windows NT 6.1; WOW64) AppleWebKit/537.36 (KHTML, like Gecko) Chrome/63.0.3239.132 Safari/537.36 QIHU 360SE" "-"
101.68.211.0 - - [25/Feb/2024:10:32:45 +0100] "GET /favicon.ico HTTP/1.1" 404 596 grupocronicaenlibertad.com "-" "Mozilla/5.0 (Windows NT 6.1; WOW64) AppleWebKit/537.36 (KHTML, like Gecko) Chrome/63.0.3239.132 Safari/537.36 QIHU 360SE" "-"
101.68.211.0 - - [25/Feb/2024:10:32:46 +0100] "GET /defaultsite%22%20/ HTTP/1.1" 404 596 grupocronicaenlibertad.com "-" "Mozilla/5.0 (Windows NT 6.1; WOW64) AppleWebKit/537.36 (KHTML, like Gecko) Chrome/63.0.3239.132 Safari/537.36 QIHU 360SE" "-"
101.68.211.0 - - [25/Feb/2024:10:32:47 +0100] "GET /robots.txt HTTP/1.1" 200 188 grupocronicaenlibertad.com "-" "Mozilla/5.0 (Windows NT 6.1; WOW64) AppleWebKit/537.36 (KHTML, like Gecko) Chrome/63.0.3239.132 Safari/537.36 QIHU 360SE" "-"
95.216.168.0 - - [25/Feb/2024:10:33:55 +0100] "GET / HTTP/1.1" 200 336 cronicadeextremadura.com "-" "Mozilla/5.0 (Macintosh; Intel Mac OS X 10_14_6) AppleWebKit/537.36 (KHTML, like Gecko) Chrome/107.0.0.0 Safari/537.36" "-"
172.232.11.0 - - [25/Feb/2024:10:36:28 +0100] "GET / HTTP/1.1" 200 336 cronicadecordoba.com "-" "Go-http-client/1.1" "-"
172.232.11.0 - - [25/Feb/2024:10:36:28 +0100] "GET //wp-includes/css/buttons.css HTTP/1.1" 404 596 cronicadecordoba.com "-" "Go-http-client/1.1" "-"
172.232.11.0 - - [25/Feb/2024:10:36:28 +0100] "GET // HTTP/1.1" 200 336 cronicadecordoba.com "-" "Go-http-client/1.1" "-"
172.232.11.0 - - [25/Feb/2024:10:36:28 +0100] "GET // HTTP/1.1" 200 336 cronicadecordoba.com "-" "Go-http-client/1.1" "-"
17.241.227.0 - - [25/Feb/2024:10:37:20 +0100] "GET /aragon/csif-bajas-colegios-andaluces-covid/ HTTP/1.1" 200 166431 cronicareinodearagon.com "-" "Mozilla/5.0 (Macintosh; Intel Mac OS X 10_15_5) AppleWebKit/605.1.15 (KHTML, like Gecko) Version/13.1.1 Safari/605.1.15 (Applebot/0.1; +http://www.apple.com/go/applebot)" "-"
82.165.88.0 - - [25/Feb/2024:10:37:21 +0100] "POST /wp-cron.php?doing_wp_cron=1708853841.2423989772796630859375 HTTP/1.1" 200 - cronicareinodearagon.com "-" "WordPress/6.2.2; https://cronicareinodearagon.com" "-"
89.248.174.0 - - [25/Feb/2024:10:38:44 +0100] "GET /wp-json/wpgmza/v1/markers HTTP/1.1" 301 266 cronicareinodearagon.com "-" "python-requests/2.31.0" "-"
89.248.174.0 - - [25/Feb/2024:10:38:44 +0100] "GET /wp-json/wpgmza/v1/markers HTTP/1.1" 404 149 cronicareinodearagon.com "-" "python-requests/2.31.0" "-"
89.248.174.0 - - [25/Feb/2024:10:38:44 +0100] "GET /wp-json/wpgmza/v1/markers HTTP/1.1" 404 149 cronicareinodearagon.com "-" "python-requests/2.31.0" "-"
82.165.88.0 - - [25/Feb/2024:10:38:45 +0100] "POST /wp-cron.php?doing_wp_cron=1708853925.0135929584503173828125 HTTP/1.1" 200 - cronicareinodearagon.com "-" "WordPress/6.2.2; https://cronicareinodearagon.com" "-"
82.165.88.0 - - [25/Feb/2024:10:38:45 +0100] "POST /wp-cron.php?doing_wp_cron=1708853925.0125029087066650390625 HTTP/1.1" 200 - cronicareinodearagon.com "-" "WordPress/6.2.2; https://cronicareinodearagon.com" "-"
185.191.171.0 - - [25/Feb/2024:10:38:51 +0100] "GET /aragon/juanma-moreno-investidura-presidente-andalucia/ HTTP/1.1" 200 178699 cronicareinodearagon.com "-" "Mozilla/5.0 (compatible; SemrushBot/7~bl; +http://www.semrush.com/bot.html)" "-"
139.59.20.0 - - [25/Feb/2024:10:38:58 +0100] "POST /xmlrpc.php HTTP/1.1" 200 414 cronicareinodearagon.com "-" "Mozilla/5.0 (X11; Fedora; Linux x86_64; rv:94.0) Gecko/20100101 Firefox/95.0" "-"
82.165.88.0 - - [25/Feb/2024:10:40:02 +0100] "POST /wp-cron.php?doing_wp_cron=1708854002.9410479068756103515625 HTTP/1.1" 200 - cronicareinodearagon.com "-" "WordPress/6.2.2; https://cronicareinodearagon.com" "-"
185.191.171.0 - - [25/Feb/2024:10:40:02 +0100] "GET /aragon/pacientes-asma-aragon-tratamiento/ HTTP/1.1" 200 162084 cronicareinodearagon.com "-" "Mozilla/5.0 (compatible; SemrushBot/7~bl; +http://www.semrush.com/bot.html)" "-"
82.165.88.0 - - [25/Feb/2024:10:43:14 +0100] "POST /wp-cron.php?doing_wp_cron=1708854194.5935130119323730468750 HTTP/1.1" 200 - cronicareinodearagon.com "-" "WordPress/6.2.2; https://cronicareinodearagon.com" "-"
85.208.96.0 - - [25/Feb/2024:10:43:14 +0100] "GET /economia/el-gobierno-rebaja-a-10-el-numero-de-peonadas-necesarias-para-acceder-a-subsidio-y-renta-agraria-hasta-junio-de-2023/ HTTP/1.1" 200 167316 cronicareinodearagon.com "-" "Mozilla/5.0 (compatible; SemrushBot/7~bl; +http://www.semrush.com/bot.html)" "-"
185.191.171.0 - - [25/Feb/2024:10:44:51 +0100] "GET /aragon/juanma-moreno-vaca-elecciones/ HTTP/1.1" 200 159191 cronicareinodearagon.com "-" "Mozilla/5.0 (compatible; SemrushBot/7~bl; +http://www.semrush.com/bot.html)" "-"
82.165.88.0 - - [25/Feb/2024:10:44:52 +0100] "POST /wp-cron.php?doing_wp_cron=1708854292.0340619087219238281250 HTTP/1.1" 200 - cronicareinodearagon.com "-" "WordPress/6.2.2; https://cronicareinodearagon.com" "-"
185.191.171.0 - - [25/Feb/2024:10:45:21 +0100] "GET /aragon/andalucia-con-ucrania-plan-gobierno-andaluz/ HTTP/1.1" 200 39464 cronicareinodearagon.com "-" "Mozilla/5.0 (compatible; SemrushBot/7~bl; +http://www.semrush.com/bot.html)" "-"
185.191.171.0 - - [25/Feb/2024:10:46:03 +0100] "GET /educacion/programa-arraigo-teruel-insercion-laboral/ HTTP/1.1" 200 167553 cronicareinodearagon.com "-" "Mozilla/5.0 (compatible; SemrushBot/7~bl; +http://www.semrush.com/bot.html)" "-"
82.165.88.0 - - [25/Feb/2024:10:46:04 +0100] "POST /wp-cron.php?doing_wp_cron=1708854364.1153290271759033203125 HTTP/1.1" 200 - cronicareinodearagon.com "-" "WordPress/6.2.2; https://cronicareinodearagon.com" "-"
89.248.174.0 - - [25/Feb/2024:10:46:56 +0100] "GET /wp-json/wpgmza/v1/markers HTTP/1.1" 404 596 cronicadearagon.com "-" "python-requests/2.31.0" "-"
89.248.174.0 - - [25/Feb/2024:10:46:56 +0100] "GET /wp-json/wpgmza/v1/markers HTTP/1.1" 404 596 cronicadealmeria.com "-" "python-requests/2.31.0" "-"
89.248.174.0 - - [25/Feb/2024:10:46:57 +0100] "GET /wp-json/wpgmza/v1/markers HTTP/1.1" 404 596 cronicadearagon.com "-" "python-requests/2.31.0" "-"
89.248.174.0 - - [25/Feb/2024:10:47:08 +0100] "GET /wp-json/wpgmza/v1/markers HTTP/1.1" 404 596 cronicadeasturias.com "-" "python-requests/2.31.0" "-"
89.248.174.0 - - [25/Feb/2024:10:47:16 +0100] "GET /wp-json/wpgmza/v1/markers HTTP/1.1" 404 596 cronicadecadiz.com "-" "python-requests/2.31.0" "-"
64.124.8.0 - - [25/Feb/2024:10:48:32 +0100] "GET /wp-content/uploads/2023/05/semana-fp-aragon.jpg HTTP/1.1" 200 305051 cronicareinodearagon.com "-" "Mozilla/5.0 (compatible; ImagesiftBot; +imagesift.com)" "-"
82.165.88.0 - - [25/Feb/2024:10:48:40 +0100] "POST /wp-cron.php?doing_wp_cron=1708854520.9308240413665771484375 HTTP/1.1" 200 - cronicareinodearagon.com "-" "WordPress/6.2.2; https://cronicareinodearagon.com" "-"
185.191.171.0 - - [25/Feb/2024:10:48:40 +0100] "GET /aragon/fondos-recuperacion-cea-empresarios-andalucia-gobierno/ HTTP/1.1" 200 160273 cronicareinodearagon.com "-" "Mozilla/5.0 (compatible; SemrushBot/7~bl; +http://www.semrush.com/bot.html)" "-"
89.248.174.0 - - [25/Feb/2024:10:48:55 +0100] "GET /wp-json/wpgmza/v1/markers HTTP/1.1" 404 596 cronicadecordoba.com "-" "python-requests/2.31.0" "-"
89.248.174.0 - - [25/Feb/2024:10:48:55 +0100] "GET /wp-json/wpgmza/v1/markers HTTP/1.1" 404 596 cronicadeextremadura.com "-" "python-requests/2.31.0" "-"
89.248.174.0 - - [25/Feb/2024:10:48:59 +0100] "GET /wp-json/wpgmza/v1/markers HTTP/1.1" 404 596 cronicadegranada.com "-" "python-requests/2.31.0" "-"
89.248.174.0 - - [25/Feb/2024:10:49:00 +0100] "GET /wp-json/wpgmza/v1/markers HTTP/1.1" 404 596 cronicadehuelva.com "-" "python-requests/2.31.0" "-"
89.248.174.0 - - [25/Feb/2024:10:49:01 +0100] "GET /wp-json/wpgmza/v1/markers HTTP/1.1" 404 596 cronicadejaen.com "-" "python-requests/2.31.0" "-"
89.248.174.0 - - [25/Feb/2024:10:49:07 +0100] "GET /wp-json/wpgmza/v1/markers HTTP/1.1" 404 596 cronicadelpaisvalenciano.com "-" "python-requests/2.31.0" "-"
89.248.174.0 - - [25/Feb/2024:10:49:09 +0100] "GET /wp-json/wpgmza/v1/markers HTTP/1.1" 404 596 cronicademalaga.com "-" "python-requests/2.31.0" "-"
89.248.174.0 - - [25/Feb/2024:10:49:14 +0100] "GET /wp-json/wpgmza/v1/markers HTTP/1.1" 404 596 cronicadesevilla.com "-" "python-requests/2.31.0" "-"
89.248.174.0 - - [25/Feb/2024:10:49:14 +0100] "GET /wp-json/wpgmza/v1/markers HTTP/1.1" 404 596 cronicadesevilla.com "-" "python-requests/2.31.0" "-"
82.165.88.0 - - [25/Feb/2024:10:53:41 +0100] "POST /wp-cron.php?doing_wp_cron=1708854821.5419399738311767578125 HTTP/1.1" 200 - cronicareinodearagon.com "-" "WordPress/6.2.2; https://cronicareinodearagon.com" "-"
185.191.171.0 - - [25/Feb/2024:10:53:41 +0100] "GET /robots.txt HTTP/1.1" 200 202 cronicareinodearagon.com "-" "Mozilla/5.0 (compatible; SemrushBot/7~bl; +http://www.semrush.com/bot.html)" "-"
85.208.96.0 - - [25/Feb/2024:10:53:42 +0100] "GET /aragon/oms-salud-viruela-mono-emergencia-sanidad-espana-europa/ HTTP/1.1" 200 161934 cronicareinodearagon.com "-" "Mozilla/5.0 (compatible; SemrushBot/7~bl; +http://www.semrush.com/bot.html)" "-"
82.165.88.0 - - [25/Feb/2024:10:53:43 +0100] "POST /wp-cron.php?doing_wp_cron=1708854823.2021369934082031250000 HTTP/1.1" 200 - cronicareinodearagon.com "-" "WordPress/6.2.2; https://cronicareinodearagon.com" "-"
85.208.96.0 - - [25/Feb/2024:10:53:52 +0100] "GET /aragon/criticas-consejera-48-horas-atencion-centro-salud/ HTTP/1.1" 200 166107 cronicareinodearagon.com "-" "Mozilla/5.0 (compatible; SemrushBot/7~bl; +http://www.semrush.com/bot.html)" "-"
82.165.88.0 - - [25/Feb/2024:10:58:31 +0100] "POST /wp-cron.php?doing_wp_cron=1708855111.9312379360198974609375 HTTP/1.1" 200 - cronicareinodearagon.com "-" "WordPress/6.2.2; https://cronicareinodearagon.com" "-"
185.191.171.0 - - [25/Feb/2024:10:58:31 +0100] "GET /sociedad/nivel-alerta-sanitaria-cinco-provincias-andaluzas/ HTTP/1.1" 200 172549 cronicareinodearagon.com "-" "Mozilla/5.0 (compatible; SemrushBot/7~bl; +http://www.semrush.com/bot.html)" "-"
185.191.171.0 - - [25/Feb/2024:10:58:36 +0100] "GET /aragon/tranvia-sevilla-santa-justa/ HTTP/1.1" 200 163833 cronicareinodearagon.com "-" "Mozilla/5.0 (compatible; SemrushBot/7~bl; +http://www.semrush.com/bot.html)" "-"
82.165.88.0 - - [25/Feb/2024:11:01:03 +0100] "POST /wp-cron.php?doing_wp_cron=1708855263.5643908977508544921875 HTTP/1.1" 200 - cronicareinodearagon.com "-" "WordPress/6.2.2; https://cronicareinodearagon.com" "-"
85.208.96.0 - - [25/Feb/2024:11:01:03 +0100] "GET /uncategorized/hosteleria-malaga-optimismo-navidad/ HTTP/1.1" 200 165172 cronicareinodearagon.com "-" "Mozilla/5.0 (compatible; SemrushBot/7~bl; +http://www.semrush.com/bot.html)" "-"
91.107.150.0 - - [25/Feb/2024:11:02:32 +0100] "POST /xmlrpc.php HTTP/1.1" 301 251 cronicareinodearagon.com "-" "Mozilla/5.0 (Windows NT 10.0; Win64; x64; rv:63.0) Gecko/20100101 Firefox/63.0" "-"
43.153.50.0 - - [25/Feb/2024:11:02:32 +0100] "POST /xmlrpc.php HTTP/1.1" 301 251 cronicareinodearagon.com "-" "Mozilla/5.0 (Windows NT 10.0) AppleWebKit/537.36 (KHTML, like Gecko) Chrome/91.0.4472.114 Safari/537.36" "-"
43.153.50.0 - - [25/Feb/2024:11:02:33 +0100] "POST /xmlrpc.php HTTP/1.1" 200 416 cronicareinodearagon.com "-" "Mozilla/5.0 (Windows NT 10.0) AppleWebKit/537.36 (KHTML, like Gecko) Chrome/91.0.4472.114 Safari/537.36" "-"
82.165.88.0 - - [25/Feb/2024:11:02:33 +0100] "POST /wp-cron.php?doing_wp_cron=1708855353.6517269611358642578125 HTTP/1.1" 200 - cronicareinodearagon.com "-" "WordPress/6.2.2; https://cronicareinodearagon.com" "-"
91.107.150.0 - - [25/Feb/2024:11:02:33 +0100] "POST /xmlrpc.php HTTP/1.1" 200 416 cronicareinodearagon.com "-" "Mozilla/5.0 (Windows NT 10.0; Win64; x64; rv:63.0) Gecko/20100101 Firefox/63.0" "-"
43.129.24.0 - - [25/Feb/2024:11:02:39 +0100] "POST /xmlrpc.php HTTP/1.1" 301 251 cronicareinodearagon.com "-" "Mozilla/5.0 (Windows NT 6.1; WOW64; rv:45.0) Gecko/20100101 Firefox/45.0" "-"
43.129.24.0 - - [25/Feb/2024:11:02:40 +0100] "POST /xmlrpc.php HTTP/1.1" 200 416 cronicareinodearagon.com "-" "Mozilla/5.0 (Windows NT 6.1; WOW64; rv:45.0) Gecko/20100101 Firefox/45.0" "-"
119.27.166.0 - - [25/Feb/2024:11:02:47 +0100] "POST /xmlrpc.php HTTP/1.1" 301 251 cronicareinodearagon.com "-" "Mozilla/5.0 (Linux; Android 10; SM-G960U) AppleWebKit/537.36 (KHTML, like Gecko) Chrome/91.0.4472.114 Mobile Safari/537.36" "-"
165.22.244.0 - - [25/Feb/2024:11:03:03 +0100] "POST /xmlrpc.php HTTP/1.1" 301 251 cronicareinodearagon.com "-" "Mozilla/5.0 (X11; Linux x86_64) AppleWebKit/537.36 (KHTML, like Gecko) Chrome/91.0.4472.114 Safari/537.36" "-"
65.20.138.0 - - [25/Feb/2024:11:03:03 +0100] "POST /xmlrpc.php HTTP/1.1" 301 251 cronicareinodearagon.com "-" "Mozilla/5.0 (Windows NT 6.1; Win64; x64) AppleWebKit/537.36 (KHTML, like Gecko) Chrome/74.0.3729.169 Safari/537.36" "-"
165.22.244.0 - - [25/Feb/2024:11:03:03 +0100] "POST /xmlrpc.php HTTP/1.1" 200 416 cronicareinodearagon.com "-" "Mozilla/5.0 (X11; Linux x86_64) AppleWebKit/537.36 (KHTML, like Gecko) Chrome/91.0.4472.114 Safari/537.36" "-"
65.20.138.0 - - [25/Feb/2024:11:03:03 +0100] "POST /xmlrpc.php HTTP/1.1" 200 416 cronicareinodearagon.com "-" "Mozilla/5.0 (Windows NT 6.1; Win64; x64) AppleWebKit/537.36 (KHTML, like Gecko) Chrome/74.0.3729.169 Safari/537.36" "-"
82.165.88.0 - - [25/Feb/2024:11:03:04 +0100] "POST /wp-cron.php?doing_wp_cron=1708855384.1030619144439697265625 HTTP/1.1" 200 - cronicareinodearagon.com "-" "WordPress/6.2.2; https://cronicareinodearagon.com" "-"
74.125.212.0 - - [25/Feb/2024:11:04:05 +0100] "GET /category/economia/feed/ HTTP/1.1" 200 12913 cronicareinodearagon.com "-" "FeedFetcher-Google; (+http://www.google.com/feedfetcher.html)" "-"
185.191.171.0 - - [25/Feb/2024:11:05:09 +0100] "GET /aragon/retraso-plan-verano-sanidad-andaluza/ HTTP/1.1" 200 184420 cronicareinodearagon.com "-" "Mozilla/5.0 (compatible; SemrushBot/7~bl; +http://www.semrush.com/bot.html)" "-"
82.165.88.0 - - [25/Feb/2024:11:05:09 +0100] "POST /wp-cron.php?doing_wp_cron=1708855509.5817201137542724609375 HTTP/1.1" 200 - cronicareinodearagon.com "-" "WordPress/6.2.2; https://cronicareinodearagon.com" "-"
85.208.96.0 - - [25/Feb/2024:11:05:12 +0100] "GET /economia/ugt-granada-3000-trabajadores-vendimia-francesa/ HTTP/1.1" 200 167627 cronicareinodearagon.com "-" "Mozilla/5.0 (compatible; SemrushBot/7~bl; +http://www.semrush.com/bot.html)" "-"
85.208.96.0 - - [25/Feb/2024:11:05:15 +0100] "GET /aragon/actividades-gratis-dia-parques-aragon/ HTTP/1.1" 200 33978 cronicareinodearagon.com "-" "Mozilla/5.0 (compatible; SemrushBot/7~bl; +http://www.semrush.com/bot.html)" "-"
101.68.211.0 - - [25/Feb/2024:11:06:06 +0100] "GET / HTTP/1.1" 200 336 cronicadecordoba.com "-" "Mozilla/5.0 (Windows NT 6.1) AppleWebKit/537.36 (KHTML, like Gecko) Chrome/71.0.2623.112 Safari/537.36" "-"
185.191.171.0 - - [25/Feb/2024:11:07:51 +0100] "GET /economia/encuentro-industria-auxiliar-agricultura-almeria-extenda/ HTTP/1.1" 200 168363 cronicareinodearagon.com "-" "Mozilla/5.0 (compatible; SemrushBot/7~bl; +http://www.semrush.com/bot.html)" "-"
82.165.88.0 - - [25/Feb/2024:11:07:52 +0100] "POST /wp-cron.php?doing_wp_cron=1708855672.1329629421234130859375 HTTP/1.1" 200 - cronicareinodearagon.com "-" "WordPress/6.2.2; https://cronicareinodearagon.com" "-"
85.208.96.0 - - [25/Feb/2024:11:08:05 +0100] "GET /aragon/pp-cs-vox-rechazan-reincorporar-sanitarios-junta-andalucia/ HTTP/1.1" 200 178807 cronicareinodearagon.com "-" "Mozilla/5.0 (compatible; SemrushBot/7~bl; +http://www.semrush.com/bot.html)" "-"
66.249.84.0 - - [25/Feb/2024:11:08:27 +0100] "GET /category/sociedad/feed/ HTTP/1.1" 200 16233 cronicareinodearagon.com "-" "FeedFetcher-Google; (+http://www.google.com/feedfetcher.html)" "-"
185.191.171.0 - - [25/Feb/2024:11:09:25 +0100] "GET /politica/vox-psoe-andalucia-sanidad-coronavirus-parlamento/ HTTP/1.1" 200 162755 cronicareinodearagon.com "-" "Mozilla/5.0 (compatible; SemrushBot/7~bl; +http://www.semrush.com/bot.html)" "-"
82.165.88.0 - - [25/Feb/2024:11:09:26 +0100] "POST /wp-cron.php?doing_wp_cron=1708855766.2269771099090576171875 HTTP/1.1" 200 - cronicareinodearagon.com "-" "WordPress/6.2.2; https://cronicareinodearagon.com" "-"
209.127.253.0 - - [25/Feb/2024:11:09:35 +0100] "GET / HTTP/1.1" 200 336 cronicadecordoba.com "-" "Mozilla/5.0 (Macintosh; Intel Mac OS X 13_0_1) AppleWebKit/537.36 (KHTML, like Gecko) Chrome/108.0.0.0 Safari/537.36" "-"
193.202.110.0 - - [25/Feb/2024:11:11:53 +0100] "POST /xmlrpc.php HTTP/1.1" 301 251 cronicareinodearagon.com "-" "Mozilla/5.0 (Windows NT 10.0; Win64; x64) AppleWebKit/537.36 (KHTML, like Gecko) Chrome/74.0.3729.131 Safari/537.36" "-"
178.62.227.0 - - [25/Feb/2024:11:11:53 +0100] "POST /xmlrpc.php HTTP/1.1" 503 299 cronicareinodearagon.com "-" "Mozilla/5.0 (Windows NT 10.0; Win64; x64) AppleWebKit/537.36 (KHTML, like Gecko) Chrome/61.0.3163.100 Safari/537.36" "-"
82.165.88.0 - - [25/Feb/2024:11:11:53 +0100] "POST /wp-cron.php?doing_wp_cron=1708855913.7963519096374511718750 HTTP/1.1" 200 - cronicareinodearagon.com "-" "WordPress/6.2.2; https://cronicareinodearagon.com" "-"
193.202.110.0 - - [25/Feb/2024:11:11:53 +0100] "POST /xmlrpc.php HTTP/1.1" 200 416 cronicareinodearagon.com "-" "Mozilla/5.0 (Windows NT 10.0; Win64; x64) AppleWebKit/537.36 (KHTML, like Gecko) Chrome/74.0.3729.131 Safari/537.36" "-"
87.248.153.0 - - [25/Feb/2024:11:11:55 +0100] "POST /xmlrpc.php HTTP/1.1" 301 251 cronicareinodearagon.com "-" "Mozilla/5.0 (Windows NT 10.0; Win64; x64; rv:59.0) Gecko/20100101 Firefox/59.0" "-"
87.248.153.0 - - [25/Feb/2024:11:11:56 +0100] "POST /xmlrpc.php HTTP/1.1" 200 416 cronicareinodearagon.com "-" "Mozilla/5.0 (Windows NT 10.0; Win64; x64; rv:59.0) Gecko/20100101 Firefox/59.0" "-"
43.128.44.0 - - [25/Feb/2024:11:11:57 +0100] "POST /xmlrpc.php HTTP/1.1" 503 299 cronicareinodearagon.com "-" "Mozilla/5.0 (Windows NT 6.1; WOW64; rv:18.0) Gecko/20100101 Firefox/18.0" "-"
146.190.97.0 - - [25/Feb/2024:11:12:08 +0100] "POST /xmlrpc.php HTTP/1.1" 301 251 cronicareinodearagon.com "-" "Mozilla/5.0 (Windows NT 10.0; Win64; x64) AppleWebKit/537.36 (KHTML, like Gecko) Chrome/74.0.3729.131 Safari/537.36" "-"
217.76.52.0 - - [25/Feb/2024:11:12:08 +0100] "POST /xmlrpc.php HTTP/1.1" 301 251 cronicareinodearagon.com "-" "Mozilla/5.0 (Linux; Android 10; LM-X420) AppleWebKit/537.36 (KHTML, like Gecko) Chrome/91.0.4472.114 Mobile Safari/537.36" "-"
217.76.52.0 - - [25/Feb/2024:11:12:09 +0100] "POST /xmlrpc.php HTTP/1.1" 200 416 cronicareinodearagon.com "-" "Mozilla/5.0 (Linux; Android 10; LM-X420) AppleWebKit/537.36 (KHTML, like Gecko) Chrome/91.0.4472.114 Mobile Safari/537.36" "-"
146.190.97.0 - - [25/Feb/2024:11:12:09 +0100] "POST /xmlrpc.php HTTP/1.1" 200 416 cronicareinodearagon.com "-" "Mozilla/5.0 (Windows NT 10.0; Win64; x64) AppleWebKit/537.36 (KHTML, like Gecko) Chrome/74.0.3729.131 Safari/537.36" "-"
84.200.41.0 - - [25/Feb/2024:11:12:17 +0100] "POST /xmlrpc.php HTTP/1.1" 301 251 cronicareinodearagon.com "-" "Mozilla/5.0 (Windows NT 5.1; rv:40.0) Gecko/20100101 Firefox/40.0" "-"
84.200.41.0 - - [25/Feb/2024:11:12:18 +0100] "POST /xmlrpc.php HTTP/1.1" 200 416 cronicareinodearagon.com "-" "Mozilla/5.0 (Windows NT 5.1; rv:40.0) Gecko/20100101 Firefox/40.0" "-"
47.107.145.0 - - [25/Feb/2024:11:12:22 +0100] "POST /xmlrpc.php HTTP/1.1" 301 251 cronicareinodearagon.com "-" "Mozilla/5.0 (Windows NT 10.0) AppleWebKit/537.36 (KHTML, like Gecko) Chrome/91.0.4472.114 Safari/537.36" "-"
47.107.145.0 - - [25/Feb/2024:11:12:23 +0100] "POST /xmlrpc.php HTTP/1.1" 200 416 cronicareinodearagon.com "-" "Mozilla/5.0 (Windows NT 10.0) AppleWebKit/537.36 (KHTML, like Gecko) Chrome/91.0.4472.114 Safari/537.36" "-"
101.68.211.0 - - [25/Feb/2024:11:12:26 +0100] "GET / HTTP/1.1" 200 336 cronicadecordoba.com "-" "Mozilla/5.0 (Windows NT 6.1; WOW64) AppleWebKit/537.36 (KHTML, like Gecko) Chrome/63.0.3239.132 Safari/537.36 QIHU 360SE" "-"
101.68.211.0 - - [25/Feb/2024:11:12:27 +0100] "GET /favicon.ico HTTP/1.1" 404 596 cronicadecordoba.com "-" "Mozilla/5.0 (Windows NT 6.1; WOW64) AppleWebKit/537.36 (KHTML, like Gecko) Chrome/63.0.3239.132 Safari/537.36 QIHU 360SE" "-"
101.68.211.0 - - [25/Feb/2024:11:12:27 +0100] "GET /defaultsite%22%20/ HTTP/1.1" 404 596 cronicadecordoba.com "-" "Mozilla/5.0 (Windows NT 6.1; WOW64) AppleWebKit/537.36 (KHTML, like Gecko) Chrome/63.0.3239.132 Safari/537.36 QIHU 360SE" "-"
101.68.211.0 - - [25/Feb/2024:11:12:29 +0100] "GET /robots.txt HTTP/1.1" 200 188 cronicadecordoba.com "-" "Mozilla/5.0 (Windows NT 6.1; WOW64) AppleWebKit/537.36 (KHTML, like Gecko) Chrome/63.0.3239.132 Safari/537.36 QIHU 360SE" "-"
146.190.90.0 - - [25/Feb/2024:11:12:30 +0100] "POST /xmlrpc.php HTTP/1.1" 301 251 cronicareinodearagon.com "-" "Mozilla/5.0 (Windows NT 10.0; Win64; x64) AppleWebKit/537.36 (KHTML, like Gecko) Chrome/83.0.4103.116 Safari/537.36" "-"
146.190.90.0 - - [25/Feb/2024:11:12:31 +0100] "POST /xmlrpc.php HTTP/1.1" 200 416 cronicareinodearagon.com "-" "Mozilla/5.0 (Windows NT 10.0; Win64; x64) AppleWebKit/537.36 (KHTML, like Gecko) Chrome/83.0.4103.116 Safari/537.36" "-"
137.184.88.0 - - [25/Feb/2024:11:12:32 +0100] "POST /xmlrpc.php HTTP/1.1" 301 251 cronicareinodearagon.com "-" "Mozilla/5.0 (X11; Linux x86_64) AppleWebKit/537.36 (KHTML, like Gecko) Chrome/91.0.4472.114 Safari/537.36" "-"
137.184.88.0 - - [25/Feb/2024:11:12:33 +0100] "POST /xmlrpc.php HTTP/1.1" 200 416 cronicareinodearagon.com "-" "Mozilla/5.0 (X11; Linux x86_64) AppleWebKit/537.36 (KHTML, like Gecko) Chrome/91.0.4472.114 Safari/537.36" "-"
104.42.52.0 - - [25/Feb/2024:11:12:41 +0100] "POST /xmlrpc.php HTTP/1.1" 301 251 cronicareinodearagon.com "-" "Mozilla/5.0 (Windows NT 5.1; rv:7.0.1) Gecko/20100101 Firefox/7.0.1" "-"
82.165.88.0 - - [25/Feb/2024:11:12:42 +0100] "POST /wp-cron.php?doing_wp_cron=1708855962.4289479255676269531250 HTTP/1.1" 200 - cronicareinodearagon.com "-" "WordPress/6.2.2; https://cronicareinodearagon.com" "-"
104.42.52.0 - - [25/Feb/2024:11:12:42 +0100] "POST /xmlrpc.php HTTP/1.1" 200 416 cronicareinodearagon.com "-" "Mozilla/5.0 (Windows NT 5.1; rv:7.0.1) Gecko/20100101 Firefox/7.0.1" "-"
47.102.219.0 - - [25/Feb/2024:11:12:43 +0100] "POST /xmlrpc.php HTTP/1.1" 301 251 cronicareinodearagon.com "-" "Mozilla/5.0 (Windows NT 10.0; WOW64) AppleWebKit/537.36 (KHTML, like Gecko) Chrome/72.0.3626.121 Safari/537.36" "-"
47.102.219.0 - - [25/Feb/2024:11:12:44 +0100] "POST /xmlrpc.php HTTP/1.1" 200 416 cronicareinodearagon.com "-" "Mozilla/5.0 (Windows NT 10.0; WOW64) AppleWebKit/537.36 (KHTML, like Gecko) Chrome/72.0.3626.121 Safari/537.36" "-"
217.76.52.0 - - [25/Feb/2024:11:12:53 +0100] "POST /xmlrpc.php HTTP/1.1" 503 299 cronicareinodearagon.com "-" "Mozilla/5.0 (Windows NT 10.0; Win64; x64) AppleWebKit/537.36 (KHTML, like Gecko) Chrome/61.0.3163.100 Safari/537.36" "-"
143.198.93.0 - - [25/Feb/2024:11:13:33 +0100] "GET /wp-includes/wlwmanifest.xml HTTP/1.1" 404 596 cronicadeasturias.com "-" "python-requests/2.21.0" "-"
143.198.93.0 - - [25/Feb/2024:11:13:34 +0100] "GET /administrator/index.php HTTP/1.1" 404 596 cronicadeasturias.com "-" "python-requests/2.21.0" "-"
143.198.93.0 - - [25/Feb/2024:11:13:34 +0100] "GET /view-source: HTTP/1.1" 404 596 cronicadeasturias.com "-" "python-requests/2.21.0" "-"
143.198.93.0 - - [25/Feb/2024:11:13:35 +0100] "GET /wp-includes/wlwmanifest.xml HTTP/1.1" 404 596 cronicadearagon.com "-" "python-requests/2.21.0" "-"
143.198.93.0 - - [25/Feb/2024:11:13:35 +0100] "GET /misc/ajax.js HTTP/1.1" 404 596 cronicadeasturias.com "-" "python-requests/2.21.0" "-"
143.198.93.0 - - [25/Feb/2024:11:13:36 +0100] "GET /administrator/index.php HTTP/1.1" 404 596 cronicadearagon.com "-" "python-requests/2.21.0" "-"
143.198.93.0 - - [25/Feb/2024:11:13:37 +0100] "GET /view-source: HTTP/1.1" 404 596 cronicadearagon.com "-" "python-requests/2.21.0" "-"
143.198.93.0 - - [25/Feb/2024:11:13:38 +0100] "GET /misc/ajax.js HTTP/1.1" 404 596 cronicadearagon.com "-" "python-requests/2.21.0" "-"
143.198.93.0 - - [25/Feb/2024:11:13:39 +0100] "GET /wp-includes/wlwmanifest.xml HTTP/1.1" 404 596 cronicadecordoba.com "-" "python-requests/2.21.0" "-"
143.198.93.0 - - [25/Feb/2024:11:13:40 +0100] "GET /administrator/index.php HTTP/1.1" 404 596 cronicadecordoba.com "-" "python-requests/2.21.0" "-"
143.198.93.0 - - [25/Feb/2024:11:13:41 +0100] "GET /view-source: HTTP/1.1" 404 596 cronicadecordoba.com "-" "python-requests/2.21.0" "-"
143.198.93.0 - - [25/Feb/2024:11:13:42 +0100] "GET /wp-includes/wlwmanifest.xml HTTP/1.1" 404 596 cronicadeextremadura.com "-" "python-requests/2.21.0" "-"
143.198.93.0 - - [25/Feb/2024:11:13:42 +0100] "GET /misc/ajax.js HTTP/1.1" 404 596 cronicadecordoba.com "-" "python-requests/2.21.0" "-"
143.198.93.0 - - [25/Feb/2024:11:13:43 +0100] "GET /administrator/index.php HTTP/1.1" 404 596 cronicadeextremadura.com "-" "python-requests/2.21.0" "-"
143.198.93.0 - - [25/Feb/2024:11:13:43 +0100] "GET /view-source: HTTP/1.1" 404 596 cronicadeextremadura.com "-" "python-requests/2.21.0" "-"
143.198.93.0 - - [25/Feb/2024:11:13:44 +0100] "GET /misc/ajax.js HTTP/1.1" 404 596 cronicadeextremadura.com "-" "python-requests/2.21.0" "-"
143.198.93.0 - - [25/Feb/2024:11:13:45 +0100] "GET /wp-includes/wlwmanifest.xml HTTP/1.1" 404 596 cronicadehuelva.com "-" "python-requests/2.21.0" "-"
143.198.93.0 - - [25/Feb/2024:11:13:46 +0100] "GET /administrator/index.php HTTP/1.1" 404 596 cronicadehuelva.com "-" "python-requests/2.21.0" "-"
143.198.93.0 - - [25/Feb/2024:11:13:47 +0100] "GET /view-source: HTTP/1.1" 404 596 cronicadehuelva.com "-" "python-requests/2.21.0" "-"
143.198.93.0 - - [25/Feb/2024:11:13:48 +0100] "GET /misc/ajax.js HTTP/1.1" 404 596 cronicadehuelva.com "-" "python-requests/2.21.0" "-"
82.165.88.0 - - [25/Feb/2024:11:16:22 +0100] "POST /wp-cron.php?doing_wp_cron=1708856182.3730459213256835937500 HTTP/1.1" 200 - cronicareinodearagon.com "-" "WordPress/6.2.2; https://cronicareinodearagon.com" "-"
185.191.171.0 - - [25/Feb/2024:11:16:22 +0100] "GET /sociedad/marcha-aspace-huesca/ HTTP/1.1" 200 166453 cronicareinodearagon.com "-" "Mozilla/5.0 (compatible; SemrushBot/7~bl; +http://www.semrush.com/bot.html)" "-"
66.249.84.0 - - [25/Feb/2024:11:17:28 +0100] "GET /category/educacion/feed/ HTTP/1.1" 200 16487 cronicareinodearagon.com "-" "FeedFetcher-Google; (+http://www.google.com/feedfetcher.html)" "-"
149.56.31.0 - - [25/Feb/2024:11:17:46 +0100] "GET /admin.php?520 HTTP/1.1" 301 254 cronicareinodearagon.com "-" "Linux Mozilla" "-"
149.56.31.0 - - [25/Feb/2024:11:17:46 +0100] "GET /admin.php?520 HTTP/1.1" 404 144832 cronicareinodearagon.com "-" "Linux Mozilla" "-"
82.165.88.0 - - [25/Feb/2024:11:17:47 +0100] "POST /wp-cron.php?doing_wp_cron=1708856267.2837600708007812500000 HTTP/1.1" 200 - cronicareinodearagon.com "-" "WordPress/6.2.2; https://cronicareinodearagon.com" "-"
85.208.96.0 - - [25/Feb/2024:11:17:48 +0100] "GET /aragon/ugt-medidas-pedro-sanchez/ HTTP/1.1" 200 34829 cronicareinodearagon.com "-" "Mozilla/5.0 (compatible; SemrushBot/7~bl; +http://www.semrush.com/bot.html)" "-"
149.56.31.0 - - [25/Feb/2024:11:18:01 +0100] "GET /about.php?520 HTTP/1.1" 301 254 cronicareinodearagon.com "-" "Linux Mozilla" "-"
185.191.171.0 - - [25/Feb/2024:11:18:02 +0100] "GET /sociedad/porcuna-inversion-recuperacion-anfiteatro-romano-obulco/ HTTP/1.1" 200 167261 cronicareinodearagon.com "-" "Mozilla/5.0 (compatible; SemrushBot/7~bl; +http://www.semrush.com/bot.html)" "-"
