149.56.31.0 - - [25/Feb/2024:11:18:04 +0100] "GET /about.php?520 HTTP/1.1" 404 144832 cronicareinodearagon.com "-" "Linux Mozilla" "-"
82.165.88.0 - - [25/Feb/2024:11:19:29 +0100] "POST /wp-cron.php?doing_wp_cron=1708856369.7940640449523925781250 HTTP/1.1" 200 - cronicareinodearagon.com "-" "WordPress/6.2.2; https://cronicareinodearagon.com" "-"
66.249.78.0 - - [25/Feb/2024:11:19:29 +0100] "GET /robots.txt HTTP/1.1" 200 202 cronicareinodearagon.com "-" "Mozilla/5.0 (compatible; Googlebot/2.1; +http://www.google.com/bot.html)" "-"
82.165.88.0 - - [25/Feb/2024:11:19:53 +0100] "POST /wp-cron.php?doing_wp_cron=1708856393.8085610866546630859375 HTTP/1.1" 200 - cronicareinodearagon.com "-" "WordPress/6.2.2; https://cronicareinodearagon.com" "-"
66.249.66.0 - - [25/Feb/2024:11:19:53 +0100] "GET /aragon/aragon-muestra-gastronomia-chefs-internacionales/ HTTP/1.1" 200 163692 cronicareinodearagon.com "-" "Mozilla/5.0 (Linux; Android 6.0.1; Nexus 5X Build/MMB29P) AppleWebKit/537.36 (KHTML, like Gecko) Chrome/121.0.6167.139 Mobile Safari/537.36 (compatible; Googlebot/2.1; +http://www.google.com/bot.html)" "-"
192.241.149.0 - - [25/Feb/2024:11:26:09 +0100] "GET / HTTP/1.1" 200 336 cronicadecadiz.com "-" "Mozilla/5.0 (X11; Linux x86_64) AppleWebKit/537.36 (KHTML, like Gecko) Chrome/108.0.0.0 Safari/537.36" "-"
2001:4ca0:100:: - - [25/Feb/2024:11:27:21 +0100] "GET /robots.txt HTTP/1.1" 200 188 cronicadearagon.com "-" "Mozilla/5.0 (Windows NT 10.0; Win64; x64) AppleWebKit/537.36 (KHTML, like Gecko) Chrome/103.0.5060.134 Safari/537.36" "-"
82.165.88.0 - - [25/Feb/2024:11:28:38 +0100] "POST /wp-cron.php?doing_wp_cron=1708856918.7659680843353271484375 HTTP/1.1" 200 - cronicareinodearagon.com "-" "WordPress/6.2.2; https://cronicareinodearagon.com" "-"
198.54.126.0 - - [25/Feb/2024:11:28:38 +0100] "POST /xmlrpc.php HTTP/1.1" 200 416 cronicareinodearagon.com "-" "Mozilla/5.0 (Windows NT 10.0; WOW64; rv:50.0) Gecko/20100101 Firefox/50.0" "-"
8.209.74.0 - - [25/Feb/2024:11:28:39 +0100] "POST /xmlrpc.php HTTP/1.1" 200 416 cronicareinodearagon.com "-" "Mozilla/5.0 (Windows NT 6.1; WOW64; rv:40.0) Gecko/20100101 Firefox/40.1" "-"
185.191.171.0 - - [25/Feb/2024:11:31:00 +0100] "GET /aragon/narcotrafico-guardia-civil-operacion-marihuana-hachis/ HTTP/1.1" 200 166279 cronicareinodearagon.com "-" "Mozilla/5.0 (compatible; SemrushBot/7~bl; +http://www.semrush.com/bot.html)" "-"
82.165.88.0 - - [25/Feb/2024:11:31:01 +0100] "POST /wp-cron.php?doing_wp_cron=1708857061.0590391159057617187500 HTTP/1.1" 200 - cronicareinodearagon.com "-" "WordPress/6.2.2; https://cronicareinodearagon.com" "-"
66.249.84.0 - - [25/Feb/2024:11:33:43 +0100] "GET /category/educacion/feed/ HTTP/1.1" 200 16487 cronicareinodearagon.com "-" "FeedFetcher-Google; (+http://www.google.com/feedfetcher.html)" "-"
85.208.96.0 - - [25/Feb/2024:11:38:09 +0100] "GET /aragon/juicio-laura-luelmo-puerta-cerrada-huelva/ HTTP/1.1" 200 161334 cronicareinodearagon.com "-" "Mozilla/5.0 (compatible; SemrushBot/7~bl; +http://www.semrush.com/bot.html)" "-"
82.165.88.0 - - [25/Feb/2024:11:38:10 +0100] "POST /wp-cron.php?doing_wp_cron=1708857490.0087599754333496093750 HTTP/1.1" 200 - cronicareinodearagon.com "-" "WordPress/6.2.2; https://cronicareinodearagon.com" "-"
178.20.55.0 - - [25/Feb/2024:11:40:40 +0100] "POST /xmlrpc.php HTTP/1.1" 200 416 cronicareinodearagon.com "-" "Mozilla/5.0 (Windows NT 10.0; Win64; x64) AppleWebKit/537.36 (KHTML, like Gecko) Chrome/70.0.3538.102 Safari/537.36 Edge/18.18362" "-"
82.165.88.0 - - [25/Feb/2024:11:40:41 +0100] "POST /wp-cron.php?doing_wp_cron=1708857641.1345241069793701171875 HTTP/1.1" 200 - cronicareinodearagon.com "-" "WordPress/6.2.2; https://cronicareinodearagon.com" "-"
82.165.88.0 - - [25/Feb/2024:11:40:42 +0100] "POST /wp-cron.php?doing_wp_cron=1708857642.4858450889587402343750 HTTP/1.1" 200 - cronicareinodearagon.com "-" "WordPress/6.2.2; https://cronicareinodearagon.com" "-"
178.20.55.0 - - [25/Feb/2024:11:40:42 +0100] "POST /xmlrpc.php HTTP/1.1" 200 416 cronicareinodearagon.com "-" "Mozilla/5.0 (Windows NT 10.0; Win64; x64) AppleWebKit/537.36 (KHTML, like Gecko) Chrome/70.0.3538.102 Safari/537.36 Edge/18.18362" "-"
178.20.55.0 - - [25/Feb/2024:11:40:43 +0100] "POST /xmlrpc.php HTTP/1.1" 403 775 cronicareinodearagon.com "-" "Mozilla/5.0 (Windows NT 10.0; Win64; x64) AppleWebKit/537.36 (KHTML, like Gecko) Chrome/70.0.3538.102 Safari/537.36 Edge/18.18362" "-"
178.20.55.0 - - [25/Feb/2024:11:40:44 +0100] "POST /xmlrpc.php HTTP/1.1" 403 775 cronicareinodearagon.com "-" "Mozilla/5.0 (Windows NT 10.0; Win64; x64) AppleWebKit/537.36 (KHTML, like Gecko) Chrome/70.0.3538.102 Safari/537.36 Edge/18.18362" "-"
178.20.55.0 - - [25/Feb/2024:11:40:45 +0100] "POST /xmlrpc.php HTTP/1.1" 403 775 cronicareinodearagon.com "-" "Mozilla/5.0 (Windows NT 10.0; Win64; x64) AppleWebKit/537.36 (KHTML, like Gecko) Chrome/70.0.3538.102 Safari/537.36 Edge/18.18362" "-"
82.165.88.0 - - [25/Feb/2024:11:41:19 +0100] "POST /wp-cron.php?doing_wp_cron=1708857679.7817220687866210937500 HTTP/1.1" 200 - cronicareinodearagon.com "-" "WordPress/6.2.2; https://cronicareinodearagon.com" "-"
178.128.55.0 - - [25/Feb/2024:11:41:19 +0100] "GET /wp-login.php HTTP/1.1" 200 9152 cronicareinodearagon.com "-" "Mozilla/5.0 (X11; Fedora; Linux x86_64; rv:94.0) Gecko/20100101 Firefox/95.0" "-"
82.165.88.0 - - [25/Feb/2024:11:42:28 +0100] "POST /wp-cron.php?doing_wp_cron=1708857748.7488160133361816406250 HTTP/1.1" 200 - cronicareinodearagon.com "-" "WordPress/6.2.2; https://cronicareinodearagon.com" "-"
185.191.171.0 - - [25/Feb/2024:11:42:28 +0100] "GET /economia/feria-sevilla-andalucia-veladores-policia-urbanismo-ayuntamiento/ HTTP/1.1" 200 161106 cronicareinodearagon.com "-" "Mozilla/5.0 (compatible; SemrushBot/7~bl; +http://www.semrush.com/bot.html)" "-"
82.165.88.0 - - [25/Feb/2024:11:43:25 +0100] "POST /wp-cron.php?doing_wp_cron=1708857805.7029290199279785156250 HTTP/1.1" 200 - cronicareinodearagon.com "-" "WordPress/6.2.2; https://cronicareinodearagon.com" "-"
185.191.171.0 - - [25/Feb/2024:11:43:25 +0100] "GET /sociedad/spd-partido-socialdemocrata/ HTTP/1.1" 200 157486 cronicareinodearagon.com "-" "Mozilla/5.0 (compatible; SemrushBot/7~bl; +http://www.semrush.com/bot.html)" "-"
216.219.95.0 - - [25/Feb/2024:11:43:45 +0100] "POST /xmlrpc.php HTTP/1.1" 200 416 cronicareinodearagon.com "-" "Mozilla/5.0 (Windows NT 10.0; Win64; x64) AppleWebKit/537.36 (KHTML, like Gecko) Chrome/90.0.4430.93 Safari/537.36" "-"
82.165.88.0 - - [25/Feb/2024:11:43:46 +0100] "POST /wp-cron.php?doing_wp_cron=1708857826.1428511142730712890625 HTTP/1.1" 200 - cronicareinodearagon.com "-" "WordPress/6.2.2; https://cronicareinodearagon.com" "-"
47.76.61.0 - - [25/Feb/2024:11:43:47 +0100] "POST /xmlrpc.php HTTP/1.1" 200 416 cronicareinodearagon.com "-" "Mozilla/5.0 (Windows NT 10.0; Win64; x64) AppleWebKit/537.36 (KHTML, like Gecko) Chrome/79.0.3945.117 Safari/537.36" "-"
8.214.83.0 - - [25/Feb/2024:11:43:51 +0100] "POST /xmlrpc.php HTTP/1.1" 200 416 cronicareinodearagon.com "-" "Mozilla/5.0 (Windows NT 10.0; Win64; x64; rv:58.0) Gecko/20100101 Firefox/58.0" "-"
89.117.74.0 - - [25/Feb/2024:11:43:52 +0100] "POST /xmlrpc.php HTTP/1.1" 200 416 cronicareinodearagon.com "-" "Mozilla/5.0 (X11; Linux x86_64) AppleWebKit/537.36 (KHTML, like Gecko) Chrome/91.0.4472.114 Safari/537.36" "-"
72.167.210.0 - - [25/Feb/2024:11:43:58 +0100] "POST /xmlrpc.php HTTP/1.1" 200 416 cronicareinodearagon.com "-" "Mozilla/5.0 (Windows NT 6.1; WOW64; rv:17.0) Gecko/20100101 Firefox/17.0" "-"
2001:41d0:800:: - - [25/Feb/2024:11:43:59 +0100] "POST /xmlrpc.php HTTP/1.1" 200 416 cronicareinodearagon.com "-" "Mozilla/5.0 (Windows NT 10.0; Win64; x64) AppleWebKit/537.36 (KHTML, like Gecko) Chrome/84.0.4147.135 Safari/537.36" "-"
89.117.73.0 - - [25/Feb/2024:11:44:09 +0100] "POST /xmlrpc.php HTTP/1.1" 200 416 cronicareinodearagon.com "-" "Mozilla/5.0 (Windows NT 6.1; Win64; x64; rv:58.0) Gecko/20100101 Firefox/58.0" "-"
2001:41d0:800:: - - [25/Feb/2024:11:44:10 +0100] "POST /xmlrpc.php HTTP/1.1" 200 416 cronicareinodearagon.com "-" "Mozilla/5.0 (Windows NT 6.1; WOW64; rv:54.0) Gecko/20100101 Firefox/54.0" "-"
143.198.169.0 - - [25/Feb/2024:11:44:10 +0100] "POST /xmlrpc.php HTTP/1.1" 200 416 cronicareinodearagon.com "-" "Mozilla/5.0 (Windows NT 10.0; Win64; x64) AppleWebKit/537.36 (KHTML, like Gecko) Chrome/81.0.4044.138 Safari/537.36" "-"
2a01:4f8:c000:: - - [25/Feb/2024:11:44:16 +0100] "POST /xmlrpc.php HTTP/1.1" 200 416 cronicareinodearagon.com "-" "Mozilla/5.0 (Windows NT 10.0; Win64; x64) AppleWebKit/537.36 (KHTML, like Gecko) Chrome/57.0.2987.133 Safari/537.36" "-"
143.198.169.0 - - [25/Feb/2024:11:44:21 +0100] "POST /xmlrpc.php HTTP/1.1" 200 416 cronicareinodearagon.com "-" "Mozilla/5.0 (Windows NT 10.0; Win64; x64; rv:67.0) Gecko/20100101 Firefox/67.0" "-"
185.191.171.0 - - [25/Feb/2024:11:45:20 +0100] "GET /aragon/andalucia-lleno-absoluto-semana-santa/ HTTP/1.1" 200 166858 cronicareinodearagon.com "-" "Mozilla/5.0 (compatible; SemrushBot/7~bl; +http://www.semrush.com/bot.html)" "-"
82.165.88.0 - - [25/Feb/2024:11:45:21 +0100] "POST /wp-cron.php?doing_wp_cron=1708857921.0229849815368652343750 HTTP/1.1" 200 - cronicareinodearagon.com "-" "WordPress/6.2.2; https://cronicareinodearagon.com" "-"
2a03:b0c0:: - - [25/Feb/2024:11:46:21 +0100] "POST /xmlrpc.php HTTP/1.1" 301 251 cronicareinodearagon.com "-" "Mozilla/5.0 (Windows NT 10.0) AppleWebKit/537.36 (KHTML, like Gecko) Chrome/91.0.4472.114 Safari/537.36" "-"
2a03:b0c0:: - - [25/Feb/2024:11:46:22 +0100] "POST /xmlrpc.php HTTP/1.1" 200 416 cronicareinodearagon.com "-" "Mozilla/5.0 (Windows NT 10.0) AppleWebKit/537.36 (KHTML, like Gecko) Chrome/91.0.4472.114 Safari/537.36" "-"
82.165.88.0 - - [25/Feb/2024:11:46:23 +0100] "POST /wp-cron.php?doing_wp_cron=1708857983.0520560741424560546875 HTTP/1.1" 200 - cronicareinodearagon.com "-" "WordPress/6.2.2; https://cronicareinodearagon.com" "-"
2a01:4f9:c000:: - - [25/Feb/2024:11:46:26 +0100] "POST /xmlrpc.php HTTP/1.1" 301 251 cronicareinodearagon.com "-" "Mozilla/5.0 (Windows NT 10.0; Win64; x64) AppleWebKit/537.36 (KHTML, like Gecko) Chrome/64.0.3282.186 Safari/537.36" "-"
2a01:4f9:c000:: - - [25/Feb/2024:11:46:27 +0100] "POST /xmlrpc.php HTTP/1.1" 200 416 cronicareinodearagon.com "-" "Mozilla/5.0 (Windows NT 10.0; Win64; x64) AppleWebKit/537.36 (KHTML, like Gecko) Chrome/64.0.3282.186 Safari/537.36" "-"
2a02:af8:fa00:: - - [25/Feb/2024:11:46:43 +0100] "POST /xmlrpc.php HTTP/1.1" 301 251 cronicareinodearagon.com "-" "Mozilla/5.0 (Windows NT 10.0; Win64; x64) AppleWebKit/537.36 (KHTML, like Gecko) Chrome/91.0.4472.114 Safari/537.36" "-"
82.165.88.0 - - [25/Feb/2024:11:46:43 +0100] "POST /wp-cron.php?doing_wp_cron=1708858003.7689089775085449218750 HTTP/1.1" 200 - cronicareinodearagon.com "-" "WordPress/6.2.2; https://cronicareinodearagon.com" "-"
2a02:af8:fa00:: - - [25/Feb/2024:11:46:43 +0100] "POST /xmlrpc.php HTTP/1.1" 200 416 cronicareinodearagon.com "-" "Mozilla/5.0 (Windows NT 10.0; Win64; x64) AppleWebKit/537.36 (KHTML, like Gecko) Chrome/91.0.4472.114 Safari/537.36" "-"
203.107.129.0 - - [25/Feb/2024:11:46:49 +0100] "POST /xmlrpc.php HTTP/1.1" 301 251 cronicareinodearagon.com "-" "Mozilla/5.0 (Windows NT 10.0; Win64; x64) AppleWebKit/537.36 (KHTML, like Gecko) Chrome/90.0.4430.212 Safari/537.36" "-"
203.107.129.0 - - [25/Feb/2024:11:46:51 +0100] "POST /xmlrpc.php HTTP/1.1" 200 416 cronicareinodearagon.com "-" "Mozilla/5.0 (Windows NT 10.0; Win64; x64) AppleWebKit/537.36 (KHTML, like Gecko) Chrome/90.0.4430.212 Safari/537.36" "-"
2a03:4000:: - - [25/Feb/2024:11:46:53 +0100] "POST /xmlrpc.php HTTP/1.1" 301 251 cronicareinodearagon.com "-" "Mozilla/5.0 (Windows NT 10.0; Win64; x64; rv:65.0) Gecko/20100101 Firefox/65.0" "-"
2a03:4000:: - - [25/Feb/2024:11:46:54 +0100] "POST /xmlrpc.php HTTP/1.1" 200 416 cronicareinodearagon.com "-" "Mozilla/5.0 (Windows NT 10.0; Win64; x64; rv:65.0) Gecko/20100101 Firefox/65.0" "-"
2a03:4000:: - - [25/Feb/2024:11:46:55 +0100] "POST /xmlrpc.php HTTP/1.1" 403 775 cronicareinodearagon.com "-" "Mozilla/5.0 (Windows NT 10.0; Win64; x64) AppleWebKit/537.36 (KHTML, like Gecko) Chrome/86.0.4240.198 Safari/537.36" "-"
2a03:4000:: - - [25/Feb/2024:11:47:02 +0100] "POST /xmlrpc.php HTTP/1.1" 403 775 cronicareinodearagon.com "-" "Mozilla/5.0 (Windows NT 6.1; WOW64; rv:43.0) Gecko/20100101 Firefox/43.0" "-"
68.178.145.0 - - [25/Feb/2024:11:47:09 +0100] "POST /xmlrpc.php HTTP/1.1" 301 251 cronicareinodearagon.com "-" "Mozilla/5.0 (Linux; Android 10; SM-N960U) AppleWebKit/537.36 (KHTML, like Gecko) Chrome/91.0.4472.114 Mobile Safari/537.36" "-"
68.178.145.0 - - [25/Feb/2024:11:47:10 +0100] "POST /xmlrpc.php HTTP/1.1" 200 416 cronicareinodearagon.com "-" "Mozilla/5.0 (Linux; Android 10; SM-N960U) AppleWebKit/537.36 (KHTML, like Gecko) Chrome/91.0.4472.114 Mobile Safari/537.36" "-"
185.191.171.0 - - [25/Feb/2024:11:49:50 +0100] "GET /sociedad/cuerpo-mujer-playa-algeciras/ HTTP/1.1" 200 156690 cronicareinodearagon.com "-" "Mozilla/5.0 (compatible; SemrushBot/7~bl; +http://www.semrush.com/bot.html)" "-"
82.165.88.0 - - [25/Feb/2024:11:49:51 +0100] "POST /wp-cron.php?doing_wp_cron=1708858190.9876348972320556640625 HTTP/1.1" 200 - cronicareinodearagon.com "-" "WordPress/6.2.2; https://cronicareinodearagon.com" "-"
85.208.96.0 - - [25/Feb/2024:11:49:58 +0100] "GET /category/economia/page/6/ HTTP/1.1" 200 147571 cronicareinodearagon.com "-" "Mozilla/5.0 (compatible; SemrushBot/7~bl; +http://www.semrush.com/bot.html)" "-"
82.165.88.0 - - [25/Feb/2024:11:51:32 +0100] "POST /wp-cron.php?doing_wp_cron=1708858292.9689950942993164062500 HTTP/1.1" 200 - cronicareinodearagon.com "-" "WordPress/6.2.2; https://cronicareinodearagon.com" "-"
85.208.96.0 - - [25/Feb/2024:11:51:32 +0100] "GET /aragon/cooperativas-agroalimentarias-jaen-aumento-facturacion/ HTTP/1.1" 200 37542 cronicareinodearagon.com "-" "Mozilla/5.0 (compatible; SemrushBot/7~bl; +http://www.semrush.com/bot.html)" "-"
77.74.177.0 - - [25/Feb/2024:11:51:52 +0100] "GET / HTTP/1.1" 200 336 cronicadecadiz.com "-" "Mozilla/5.0 (Linux; arm_64; Android 12; CPH2205) AppleWebKit/537.36 (KHTML, like Gecko) Chrome/110.0.0.0 YaBrowser/23.3.3.86.00 SA/3 Mobile Safari/537.36" "-"
82.165.88.0 - - [25/Feb/2024:11:52:01 +0100] "POST /wp-cron.php?doing_wp_cron=1708858321.8227140903472900390625 HTTP/1.1" 200 - cronicareinodearagon.com "-" "WordPress/6.2.2; https://cronicareinodearagon.com" "-"
185.191.171.0 - - [25/Feb/2024:11:52:01 +0100] "GET /opinion/opinion-falso-testimonio/ HTTP/1.1" 200 37730 cronicareinodearagon.com "-" "Mozilla/5.0 (compatible; SemrushBot/7~bl; +http://www.semrush.com/bot.html)" "-"
82.165.88.0 - - [25/Feb/2024:11:53:09 +0100] "POST /wp-cron.php?doing_wp_cron=1708858389.5465450286865234375000 HTTP/1.1" 200 - cronicareinodearagon.com "-" "WordPress/6.2.2; https://cronicareinodearagon.com" "-"
85.208.96.0 - - [25/Feb/2024:11:53:09 +0100] "GET /aragon/protesta-csif-ccoo-ugt-recortes-sanidad/ HTTP/1.1" 200 36369 cronicareinodearagon.com "-" "Mozilla/5.0 (compatible; SemrushBot/7~bl; +http://www.semrush.com/bot.html)" "-"
85.208.96.0 - - [25/Feb/2024:11:55:29 +0100] "GET /robots.txt HTTP/1.1" 200 202 cronicareinodearagon.com "-" "Mozilla/5.0 (compatible; SemrushBot/7~bl; +http://www.semrush.com/bot.html)" "-"
82.165.88.0 - - [25/Feb/2024:11:55:30 +0100] "POST /wp-cron.php?doing_wp_cron=1708858530.1218678951263427734375 HTTP/1.1" 200 - cronicareinodearagon.com "-" "WordPress/6.2.2; https://cronicareinodearagon.com" "-"
185.191.171.0 - - [25/Feb/2024:11:55:31 +0100] "GET /aragon/espadas-moreno-andalucia-sevilla-pp-psoe/ HTTP/1.1" 200 33701 cronicareinodearagon.com "-" "Mozilla/5.0 (compatible; SemrushBot/7~bl; +http://www.semrush.com/bot.html)" "-"
82.165.88.0 - - [25/Feb/2024:11:56:07 +0100] "POST /wp-cron.php?doing_wp_cron=1708858567.7609109878540039062500 HTTP/1.1" 200 - cronicareinodearagon.com "-" "WordPress/6.2.2; https://cronicareinodearagon.com" "-"
92.204.220.0 - - [25/Feb/2024:11:56:07 +0100] "POST /xmlrpc.php HTTP/1.1" 200 416 cronicareinodearagon.com "-" "Mozilla/5.0 (Windows NT 6.1; WOW64) AppleWebKit/537.1 (KHTML, like Gecko) Chrome/21.0.1180.83 Safari/537.1" "-"
2001:41d0:400:: - - [25/Feb/2024:11:56:18 +0100] "POST /xmlrpc.php HTTP/1.1" 503 299 cronicareinodearagon.com "-" "Mozilla/5.0 (Windows NT 10.0; Win64; x64) AppleWebKit/537.36 (KHTML, like Gecko) Chrome/63.0.3239.132 Safari/537.36" "-"
185.191.171.0 - - [25/Feb/2024:11:56:44 +0100] "GET /sociedad/linea-concepcion-vertido-fuel/ HTTP/1.1" 200 38523 cronicareinodearagon.com "-" "Mozilla/5.0 (compatible; SemrushBot/7~bl; +http://www.semrush.com/bot.html)" "-"
82.165.88.0 - - [25/Feb/2024:11:56:45 +0100] "POST /wp-cron.php?doing_wp_cron=1708858605.0025908946990966796875 HTTP/1.1" 200 - cronicareinodearagon.com "-" "WordPress/6.2.2; https://cronicareinodearagon.com" "-"
185.191.171.0 - - [25/Feb/2024:11:57:27 +0100] "GET /sociedad/diez-detenidos-grandes-cantidades-cocaina/ HTTP/1.1" 200 35289 cronicareinodearagon.com "-" "Mozilla/5.0 (compatible; SemrushBot/7~bl; +http://www.semrush.com/bot.html)" "-"
82.165.88.0 - - [25/Feb/2024:11:57:28 +0100] "POST /wp-cron.php?doing_wp_cron=1708858648.1688890457153320312500 HTTP/1.1" 200 - cronicareinodearagon.com "-" "WordPress/6.2.2; https://cronicareinodearagon.com" "-"
66.249.84.0 - - [25/Feb/2024:12:00:01 +0100] "GET /category/educacion/feed/ HTTP/1.1" 200 16487 cronicareinodearagon.com "-" "FeedFetcher-Google; (+http://www.google.com/feedfetcher.html)" "-"
85.208.96.0 - - [25/Feb/2024:12:01:01 +0100] "GET /aragon/guardia-civil-droga-dark-web/ HTTP/1.1" 200 34327 cronicareinodearagon.com "-" "Mozilla/5.0 (compatible; SemrushBot/7~bl; +http://www.semrush.com/bot.html)" "-"
82.165.88.0 - - [25/Feb/2024:12:01:02 +0100] "POST /wp-cron.php?doing_wp_cron=1708858862.1601240634918212890625 HTTP/1.1" 200 - cronicareinodearagon.com "-" "WordPress/6.2.2; https://cronicareinodearagon.com" "-"
185.191.171.0 - - [25/Feb/2024:12:01:41 +0100] "GET /aragon/ayudas-arabon-modernizacion-mejora-regadios/ HTTP/1.1" 200 34016 cronicareinodearagon.com "-" "Mozilla/5.0 (compatible; SemrushBot/7~bl; +http://www.semrush.com/bot.html)" "-"
185.191.171.0 - - [25/Feb/2024:12:02:06 +0100] "GET /aragon/csif-estrategia-administracion-digital/ HTTP/1.1" 200 35889 cronicareinodearagon.com "-" "Mozilla/5.0 (compatible; SemrushBot/7~bl; +http://www.semrush.com/bot.html)" "-"
82.165.88.0 - - [25/Feb/2024:12:02:07 +0100] "POST /wp-cron.php?doing_wp_cron=1708858926.9943490028381347656250 HTTP/1.1" 200 - cronicareinodearagon.com "-" "WordPress/6.2.2; https://cronicareinodearagon.com" "-"
82.165.88.0 - - [25/Feb/2024:12:03:30 +0100] "POST /wp-cron.php?doing_wp_cron=1708859010.3453009128570556640625 HTTP/1.1" 200 - cronicareinodearagon.com "-" "WordPress/6.2.2; https://cronicareinodearagon.com" "-"
185.191.171.0 - - [25/Feb/2024:12:03:30 +0100] "GET /sociedad/campo-arqueologico-marroquies-bajos-jaen-enterramiento-ibero/ HTTP/1.1" 200 35771 cronicareinodearagon.com "-" "Mozilla/5.0 (compatible; SemrushBot/7~bl; +http://www.semrush.com/bot.html)" "-"
66.249.84.0 - - [25/Feb/2024:12:04:44 +0100] "GET /category/sociedad/feed/ HTTP/1.1" 200 16233 cronicareinodearagon.com "-" "FeedFetcher-Google; (+http://www.google.com/feedfetcher.html)" "-"
82.165.88.0 - - [25/Feb/2024:12:04:45 +0100] "POST /wp-cron.php?doing_wp_cron=1708859085.0958900451660156250000 HTTP/1.1" 200 - cronicareinodearagon.com "-" "WordPress/6.2.2; https://cronicareinodearagon.com" "-"
51.222.253.0 - - [25/Feb/2024:12:05:08 +0100] "GET /robots.txt HTTP/1.1" 200 202 cronicareinodearagon.com "-" "Mozilla/5.0 (compatible; AhrefsBot/7.0; +http://ahrefs.com/robot/)" "-"
54.36.149.0 - - [25/Feb/2024:12:05:09 +0100] "GET /aragon/educacion-sexual-edades-tempranas-aragon/ HTTP/1.1" 200 33448 cronicareinodearagon.com "-" "Mozilla/5.0 (compatible; AhrefsBot/7.0; +http://ahrefs.com/robot/)" "-"
85.208.96.0 - - [25/Feb/2024:12:06:59 +0100] "GET /aragon/ciuidadanos-pp-olona-juan-marin-juanma-moreno/ HTTP/1.1" 200 165410 cronicareinodearagon.com "-" "Mozilla/5.0 (compatible; SemrushBot/7~bl; +http://www.semrush.com/bot.html)" "-"
82.165.88.0 - - [25/Feb/2024:12:07:00 +0100] "POST /wp-cron.php?doing_wp_cron=1708859220.2867729663848876953125 HTTP/1.1" 200 - cronicareinodearagon.com "-" "WordPress/6.2.2; https://cronicareinodearagon.com" "-"
185.191.171.0 - - [25/Feb/2024:12:07:05 +0100] "GET /politica/diputacion-tereuel-modificacion-credito-presupuesto/ HTTP/1.1" 200 171132 cronicareinodearagon.com "-" "Mozilla/5.0 (compatible; SemrushBot/7~bl; +http://www.semrush.com/bot.html)" "-"
184.154.139.0 - - [25/Feb/2024:12:07:20 +0100] "GET / HTTP/1.1" 200 336 www.cronicadeasturias.com "http://www.google.com/url?url=www.cronicadeasturias.com&yahoo.com" "Mozilla/5.0 (compatible; MSIE 9.0; Windows NT 6.1; WOW64; Trident/6.0)" "-"
184.154.139.0 - - [25/Feb/2024:12:07:20 +0100] "GET /th1s_1s_a_4o4.html HTTP/1.1" 404 596 www.cronicadeasturias.com "http://www.google.com/url?url=www.cronicadeasturias.com&yahoo.com" "Mozilla/5.0 (compatible; MSIE 9.0; Windows NT 6.1; WOW64; Trident/6.0)" "-"
184.154.139.0 - - [25/Feb/2024:12:07:20 +0100] "GET /defaultsite HTTP/1.1" 200 18994 www.cronicadeasturias.com "-" "SiteLockSpider [en] (WinNT; I ;Nav)" "-"
184.154.139.0 - - [25/Feb/2024:12:07:21 +0100] "GET /spicons/templates/defaultsite/es-ES/images/domain.svg HTTP/1.1" 200 2095 www.cronicadeasturias.com "http://www.google.com/url?url=www.cronicadeasturias.com&yahoo.com" "Mozilla/5.0 (compatible; MSIE 9.0; Windows NT 6.1; WOW64; Trident/6.0)" "-"
184.154.139.0 - - [25/Feb/2024:12:07:22 +0100] "GET /domaincheckresult?__SBMT:d359e110d15:=1&__SYNT:d359e110d15:__CMD(domaincheckresult):RETWRP=domainselect&__SYNT:d359e110d15:__CMD(domaincheckresult):SELWRP=multicheck&__SYNT:d359e110d15:__forcestop=true&__pageflow=Order&__sendingdata=1&linkId=ct.btn.check.default-page-check&multicheck.Domain=1 HTTP/1.1" 404 596 www.cronicadeasturias.com "-" "SiteLockSpider [en] (WinNT; I ;Nav)" "-"
184.154.139.0 - - [25/Feb/2024:12:07:22 +0100] "GET /spicons/templates/defaultsite/es-ES/images/css/main.css HTTP/1.1" 200 486180 www.cronicadeasturias.com "http://www.google.com/url?url=www.cronicadeasturias.com&yahoo.com" "Mozilla/5.0 (compatible; MSIE 9.0; Windows NT 6.1; WOW64; Trident/6.0)" "-"
184.154.139.0 - - [25/Feb/2024:12:07:23 +0100] "GET /spicons/templates/defaultsite/es-ES/images/domain_transfer.svg HTTP/1.1" 200 1201 www.cronicadeasturias.com "-" "SiteLockSpider [en] (WinNT; I ;Nav)" "-"
184.154.139.0 - - [25/Feb/2024:12:07:23 +0100] "GET /spicons/templates/defaultsite/es-ES/images/ic-world.svg HTTP/1.1" 200 1248 www.cronicadeasturias.com "-" "SiteLockSpider [en] (WinNT; I ;Nav)" "-"
66.249.92.0 - - [25/Feb/2024:12:07:35 +0100] "GET /category/politica/feed/ HTTP/1.1" 200 18273 cronicareinodearagon.com "-" "FeedFetcher-Google; (+http://www.google.com/feedfetcher.html)" "-"
40.77.167.0 - - [25/Feb/2024:12:08:57 +0100] "GET / HTTP/1.1" 200 319421 cronicareinodearagon.com "-" "Mozilla/5.0 AppleWebKit/537.36 (KHTML, like Gecko; compatible; bingbot/2.0; +http://www.bing.com/bingbot.htm) Chrome/116.0.1938.76 Safari/537.36" "-"
64.124.8.0 - - [25/Feb/2024:12:09:38 +0100] "GET /wp-content/uploads/2021/11/Calle-Cordoba-Laura-Luelmo.jpg HTTP/1.1" 304 - cronicareinodearagon.com "-" "Mozilla/5.0 (compatible; ImagesiftBot; +imagesift.com)" "-"
82.165.88.0 - - [25/Feb/2024:12:12:35 +0100] "POST /wp-cron.php?doing_wp_cron=1708859555.5221469402313232421875 HTTP/1.1" 200 - cronicareinodearagon.com "-" "WordPress/6.2.2; https://cronicareinodearagon.com" "-"
85.208.96.0 - - [25/Feb/2024:12:12:35 +0100] "GET /aragon/incendio-maracena-dos-fallecidos/ HTTP/1.1" 200 163292 cronicareinodearagon.com "-" "Mozilla/5.0 (compatible; SemrushBot/7~bl; +http://www.semrush.com/bot.html)" "-"
82.165.88.0 - - [25/Feb/2024:12:13:49 +0100] "POST /wp-cron.php?doing_wp_cron=1708859629.4369618892669677734375 HTTP/1.1" 200 - cronicareinodearagon.com "-" "WordPress/6.2.2; https://cronicareinodearagon.com" "-"
85.208.96.0 - - [25/Feb/2024:12:13:49 +0100] "GET /aragon/metro-sevilla-andalucia-montero-ministra-gobierno-presupuestos/ HTTP/1.1" 200 163509 cronicareinodearagon.com "-" "Mozilla/5.0 (compatible; SemrushBot/7~bl; +http://www.semrush.com/bot.html)" "-"
85.208.96.0 - - [25/Feb/2024:12:14:03 +0100] "GET /aragon/psoe-sanidad-pp-andalucia-cierres-salud-refuerzos/ HTTP/1.1" 200 163678 cronicareinodearagon.com "-" "Mozilla/5.0 (compatible; SemrushBot/7~bl; +http://www.semrush.com/bot.html)" "-"
64.124.8.0 - - [25/Feb/2024:12:17:17 +0100] "GET /wp-content/uploads/2022/10/joaquin_paez-2.jpg HTTP/1.1" 200 57562 cronicareinodearagon.com "-" "Mozilla/5.0 (compatible; ImagesiftBot; +imagesift.com)" "-"
82.165.88.0 - - [25/Feb/2024:12:17:33 +0100] "POST /wp-cron.php?doing_wp_cron=1708859853.6477010250091552734375 HTTP/1.1" 200 - cronicareinodearagon.com "-" "WordPress/6.2.2; https://cronicareinodearagon.com" "-"
85.208.96.0 - - [25/Feb/2024:12:17:33 +0100] "GET /politica/valero-iu-pp-moreno-andalucia-elecciones/ HTTP/1.1" 200 159284 cronicareinodearagon.com "-" "Mozilla/5.0 (compatible; SemrushBot/7~bl; +http://www.semrush.com/bot.html)" "-"
82.165.88.0 - - [25/Feb/2024:12:18:39 +0100] "POST /wp-cron.php?doing_wp_cron=1708859919.4469308853149414062500 HTTP/1.1" 200 - cronicareinodearagon.com "-" "WordPress/6.2.2; https://cronicareinodearagon.com" "-"
185.191.171.0 - - [25/Feb/2024:12:18:39 +0100] "GET /category/aragon/page/77/ HTTP/1.1" 200 137874 cronicareinodearagon.com "-" "Mozilla/5.0 (compatible; SemrushBot/7~bl; +http://www.semrush.com/bot.html)" "-"
82.165.88.0 - - [25/Feb/2024:12:19:35 +0100] "POST /wp-cron.php?doing_wp_cron=1708859975.4590990543365478515625 HTTP/1.1" 200 - cronicareinodearagon.com "-" "WordPress/6.2.2; https://cronicareinodearagon.com" "-"
85.208.96.0 - - [25/Feb/2024:12:19:35 +0100] "GET /aragon/covid-gripe-andalucia-vacunacion-salud-sanidad/ HTTP/1.1" 200 164846 cronicareinodearagon.com "-" "Mozilla/5.0 (compatible; SemrushBot/7~bl; +http://www.semrush.com/bot.html)" "-"
66.249.66.0 - - [25/Feb/2024:12:19:35 +0100] "GET /politica/aragon-existe-aeropuerto-huesca/ HTTP/1.1" 200 161125 cronicareinodearagon.com "-" "Mozilla/5.0 (Linux; Android 6.0.1; Nexus 5X Build/MMB29P) AppleWebKit/537.36 (KHTML, like Gecko) Chrome/121.0.6167.139 Mobile Safari/537.36 (compatible; Googlebot/2.1; +http://www.google.com/bot.html)" "-"
82.165.88.0 - - [25/Feb/2024:12:22:08 +0100] "POST /wp-cron.php?doing_wp_cron=1708860128.5946478843688964843750 HTTP/1.1" 200 - cronicareinodearagon.com "-" "WordPress/6.2.2; https://cronicareinodearagon.com" "-"
85.208.96.0 - - [25/Feb/2024:12:22:08 +0100] "GET /aragon/psoe-aragon-red-agentes-igualdad/ HTTP/1.1" 200 167652 cronicareinodearagon.com "-" "Mozilla/5.0 (compatible; SemrushBot/7~bl; +http://www.semrush.com/bot.html)" "-"
66.249.84.0 - - [25/Feb/2024:12:25:02 +0100] "GET /category/sociedad/feed/ HTTP/1.1" 200 51420 cronicareinodearagon.com "-" "FeedFetcher-Google; (+http://www.google.com/feedfetcher.html)" "-"
82.165.88.0 - - [25/Feb/2024:12:27:03 +0100] "POST /wp-cron.php?doing_wp_cron=1708860423.6983239650726318359375 HTTP/1.1" 200 - cronicareinodearagon.com "-" "WordPress/6.2.2; https://cronicareinodearagon.com" "-"
85.208.96.0 - - [25/Feb/2024:12:27:03 +0100] "GET /uncategorized/jaen-capital-andaluza-menos-paro/ HTTP/1.1" 200 164947 cronicareinodearagon.com "-" "Mozilla/5.0 (compatible; SemrushBot/7~bl; +http://www.semrush.com/bot.html)" "-"
66.249.78.0 - - [25/Feb/2024:12:28:40 +0100] "GET /robots.txt HTTP/1.1" 200 202 cronicareinodearagon.com "-" "Mozilla/5.0 (compatible; Googlebot/2.1; +http://www.google.com/bot.html)" "-"
82.165.88.0 - - [25/Feb/2024:12:28:41 +0100] "POST /wp-cron.php?doing_wp_cron=1708860521.2081799507141113281250 HTTP/1.1" 200 - cronicareinodearagon.com "-" "WordPress/6.2.2; https://cronicareinodearagon.com" "-"
66.249.66.0 - - [25/Feb/2024:12:28:53 +0100] "GET /politica/aragon-existe-aeropuerto-huesca/ HTTP/1.1" 200 161127 cronicareinodearagon.com "-" "Mozilla/5.0 (Linux; Android 6.0.1; Nexus 5X Build/MMB29P) AppleWebKit/537.36 (KHTML, like Gecko) Chrome/121.0.6167.139 Mobile Safari/537.36 (compatible; Googlebot/2.1; +http://www.google.com/bot.html)" "-"
82.165.88.0 - - [25/Feb/2024:12:28:54 +0100] "POST /wp-cron.php?doing_wp_cron=1708860534.2049949169158935546875 HTTP/1.1" 200 - cronicareinodearagon.com "-" "WordPress/6.2.2; https://cronicareinodearagon.com" "-"
52.167.144.0 - - [25/Feb/2024:12:30:21 +0100] "GET /?s=2024 HTTP/1.1" 200 156323 cronicareinodearagon.com "-" "Mozilla/5.0 AppleWebKit/537.36 (KHTML, like Gecko; compatible; bingbot/2.0; +http://www.bing.com/bingbot.htm) Chrome/116.0.1938.76 Safari/537.36" "-"
82.165.88.0 - - [25/Feb/2024:12:30:22 +0100] "POST /wp-cron.php?doing_wp_cron=1708860622.0385570526123046875000 HTTP/1.1" 200 - cronicareinodearagon.com "-" "WordPress/6.2.2; https://cronicareinodearagon.com" "-"
2001:41d0:400:: - - [25/Feb/2024:12:31:14 +0100] "POST /xmlrpc.php HTTP/1.1" 301 251 cronicareinodearagon.com "-" "Mozilla/5.0 (Windows NT 10.0; Win64; x64) AppleWebKit/537.36 (KHTML, like Gecko) Chrome/79.0.3945.88 Safari/537.36" "-"
82.165.88.0 - - [25/Feb/2024:12:31:14 +0100] "POST /wp-cron.php?doing_wp_cron=1708860674.8012430667877197265625 HTTP/1.1" 200 - cronicareinodearagon.com "-" "WordPress/6.2.2; https://cronicareinodearagon.com" "-"
2001:41d0:400:: - - [25/Feb/2024:12:31:14 +0100] "POST /xmlrpc.php HTTP/1.1" 200 416 cronicareinodearagon.com "-" "Mozilla/5.0 (Windows NT 10.0; Win64; x64) AppleWebKit/537.36 (KHTML, like Gecko) Chrome/79.0.3945.88 Safari/537.36" "-"
178.62.227.0 - - [25/Feb/2024:12:31:37 +0100] "POST /xmlrpc.php HTTP/1.1" 301 251 cronicareinodearagon.com "-" "Mozilla/5.0 (Windows NT 10.0; WOW64; rv:54.0) Gecko/20100101 Firefox/54.0" "-"
178.62.227.0 - - [25/Feb/2024:12:31:37 +0100] "POST /xmlrpc.php HTTP/1.1" 200 416 cronicareinodearagon.com "-" "Mozilla/5.0 (Windows NT 10.0; WOW64; rv:54.0) Gecko/20100101 Firefox/54.0" "-"
82.165.88.0 - - [25/Feb/2024:12:32:07 +0100] "POST /wp-cron.php?doing_wp_cron=1708860727.6772549152374267578125 HTTP/1.1" 200 - cronicareinodearagon.com "-" "WordPress/6.2.2; https://cronicareinodearagon.com" "-"
185.191.171.0 - - [25/Feb/2024:12:32:07 +0100] "GET /aragon/nuevos-impuestos-sector-primario-agricultura-ganaderia-moreno-bonilla-andalucia/ HTTP/1.1" 200 167029 cronicareinodearagon.com "-" "Mozilla/5.0 (compatible; SemrushBot/7~bl; +http://www.semrush.com/bot.html)" "-"
85.208.96.0 - - [25/Feb/2024:12:32:25 +0100] "GET /sociedad/cadiz-vertidos-buque-gibraltar-linea-barrios-andalucia/ HTTP/1.1" 200 160395 cronicareinodearagon.com "-" "Mozilla/5.0 (compatible; SemrushBot/7~bl; +http://www.semrush.com/bot.html)" "-"
85.208.96.0 - - [25/Feb/2024:12:35:03 +0100] "GET /category/aragon/page/72/ HTTP/1.1" 200 147943 cronicareinodearagon.com "-" "Mozilla/5.0 (compatible; SemrushBot/7~bl; +http://www.semrush.com/bot.html)" "-"
82.165.88.0 - - [25/Feb/2024:12:35:04 +0100] "POST /wp-cron.php?doing_wp_cron=1708860904.0757799148559570312500 HTTP/1.1" 200 - cronicareinodearagon.com "-" "WordPress/6.2.2; https://cronicareinodearagon.com" "-"
82.165.88.0 - - [25/Feb/2024:12:35:46 +0100] "POST /wp-cron.php?doing_wp_cron=1708860946.7523510456085205078125 HTTP/1.1" 200 - cronicareinodearagon.com "-" "WordPress/6.2.2; https://cronicareinodearagon.com" "-"
85.208.96.0 - - [25/Feb/2024:12:35:46 +0100] "GET /aragon/juan-espadas-psoe-elecciones/ HTTP/1.1" 200 166249 cronicareinodearagon.com "-" "Mozilla/5.0 (compatible; SemrushBot/7~bl; +http://www.semrush.com/bot.html)" "-"
85.208.96.0 - - [25/Feb/2024:12:37:35 +0100] "GET /category/sociedad/page/41/ HTTP/1.1" 200 148663 cronicareinodearagon.com "-" "Mozilla/5.0 (compatible; SemrushBot/7~bl; +http://www.semrush.com/bot.html)" "-"
82.165.88.0 - - [25/Feb/2024:12:37:36 +0100] "POST /wp-cron.php?doing_wp_cron=1708861056.2310359477996826171875 HTTP/1.1" 200 - cronicareinodearagon.com "-" "WordPress/6.2.2; https://cronicareinodearagon.com" "-"
107.180.109.0 - - [25/Feb/2024:12:42:39 +0100] "POST /xmlrpc.php HTTP/1.1" 301 251 cronicareinodearagon.com "-" "Mozilla/5.0 (Windows NT 10.0; Win64; x64) AppleWebKit/537.36 (KHTML, like Gecko) Chrome/74.0.3729.131 Safari/537.36" "-"
82.165.88.0 - - [25/Feb/2024:12:42:40 +0100] "POST /wp-cron.php?doing_wp_cron=1708861360.6944429874420166015625 HTTP/1.1" 200 - cronicareinodearagon.com "-" "WordPress/6.2.2; https://cronicareinodearagon.com" "-"
107.180.109.0 - - [25/Feb/2024:12:42:40 +0100] "POST /xmlrpc.php HTTP/1.1" 200 416 cronicareinodearagon.com "-" "Mozilla/5.0 (Windows NT 10.0; Win64; x64) AppleWebKit/537.36 (KHTML, like Gecko) Chrome/74.0.3729.131 Safari/537.36" "-"
82.165.88.0 - - [25/Feb/2024:12:42:48 +0100] "POST /wp-cron.php?doing_wp_cron=1708861368.3699710369110107421875 HTTP/1.1" 200 - cronicareinodearagon.com "-" "WordPress/6.2.2; https://cronicareinodearagon.com" "-"
66.249.84.0 - - [25/Feb/2024:12:42:48 +0100] "GET /category/educacion/feed/ HTTP/1.1" 200 16487 cronicareinodearagon.com "-" "FeedFetcher-Google; (+http://www.google.com/feedfetcher.html)" "-"
185.250.44.0 - - [25/Feb/2024:12:42:49 +0100] "POST /xmlrpc.php HTTP/1.1" 301 251 cronicareinodearagon.com "-" "Mozilla/5.0 (Windows NT 10.0; Win64; x64) AppleWebKit/537.36 (KHTML, like Gecko) Chrome/68.0.3440.106 Safari/537.36" "-"
185.250.44.0 - - [25/Feb/2024:12:42:50 +0100] "POST /xmlrpc.php HTTP/1.1" 200 416 cronicareinodearagon.com "-" "Mozilla/5.0 (Windows NT 10.0; Win64; x64) AppleWebKit/537.36 (KHTML, like Gecko) Chrome/68.0.3440.106 Safari/537.36" "-"
13.84.146.0 - - [25/Feb/2024:12:42:52 +0100] "POST /xmlrpc.php HTTP/1.1" 301 251 cronicareinodearagon.com "-" "Mozilla/5.0 (Windows NT 10.0; Win64; x64) AppleWebKit/537.36 (KHTML, like Gecko) Chrome/85.0.4183.121 Safari/537.36" "-"
13.84.146.0 - - [25/Feb/2024:12:42:53 +0100] "POST /xmlrpc.php HTTP/1.1" 200 416 cronicareinodearagon.com "-" "Mozilla/5.0 (Windows NT 10.0; Win64; x64) AppleWebKit/537.36 (KHTML, like Gecko) Chrome/85.0.4183.121 Safari/537.36" "-"
101.68.211.0 - - [25/Feb/2024:12:42:57 +0100] "GET / HTTP/1.1" 200 336 cronicadearagon.com "-" "Mozilla/5.0 (Windows NT 6.1) AppleWebKit/537.36 (KHTML, like Gecko) Chrome/71.0.2623.112 Safari/537.36" "-"
36.91.91.0 - - [25/Feb/2024:12:43:03 +0100] "POST /xmlrpc.php HTTP/1.1" 301 251 cronicareinodearagon.com "-" "Mozilla/5.0 (Windows NT 10.0; Win64; x64) AppleWebKit/537.36 (KHTML, like Gecko) Chrome/65.0.3325.181 Safari/537.36" "-"
92.204.129.0 - - [25/Feb/2024:12:43:04 +0100] "POST /xmlrpc.php HTTP/1.1" 301 251 cronicareinodearagon.com "-" "Mozilla/5.0 (Windows NT 10.0) AppleWebKit/537.36 (KHTML, like Gecko) Chrome/72.0.3626.121 Safari/537.36" "-"
36.91.91.0 - - [25/Feb/2024:12:43:04 +0100] "POST /xmlrpc.php HTTP/1.1" 200 416 cronicareinodearagon.com "-" "Mozilla/5.0 (Windows NT 10.0; Win64; x64) AppleWebKit/537.36 (KHTML, like Gecko) Chrome/65.0.3325.181 Safari/537.36" "-"
92.204.129.0 - - [25/Feb/2024:12:43:04 +0100] "POST /xmlrpc.php HTTP/1.1" 200 416 cronicareinodearagon.com "-" "Mozilla/5.0 (Windows NT 10.0) AppleWebKit/537.36 (KHTML, like Gecko) Chrome/72.0.3626.121 Safari/537.36" "-"
119.27.166.0 - - [25/Feb/2024:12:43:05 +0100] "POST /xmlrpc.php HTTP/1.1" 301 251 cronicareinodearagon.com "-" "Mozilla/5.0 (Windows NT 6.3; Win64; x64) AppleWebKit/537.36 (KHTML, like Gecko) Chrome/60.0.3112.113 Safari/537.36" "-"
103.130.218.0 - - [25/Feb/2024:12:43:08 +0100] "GET /wp-login.php HTTP/1.1" 200 9152 cronicareinodearagon.com "-" "Mozilla/5.0 (X11; Fedora; Linux x86_64; rv:94.0) Gecko/20100101 Firefox/95.0" "-"
103.130.218.0 - - [25/Feb/2024:12:43:20 +0100] "POST /wp-login.php HTTP/1.1" 200 9575 cronicareinodearagon.com "-" "Mozilla/5.0 (X11; Fedora; Linux x86_64; rv:94.0) Gecko/20100101 Firefox/95.0" "-"
185.191.171.0 - - [25/Feb/2024:12:43:54 +0100] "GET /sociedad/espana-plazas-medicina-convocatoria/ HTTP/1.1" 200 159221 cronicareinodearagon.com "-" "Mozilla/5.0 (compatible; SemrushBot/7~bl; +http://www.semrush.com/bot.html)" "-"
82.165.88.0 - - [25/Feb/2024:12:43:55 +0100] "POST /wp-cron.php?doing_wp_cron=1708861435.0641450881958007812500 HTTP/1.1" 200 - cronicareinodearagon.com "-" "WordPress/6.2.2; https://cronicareinodearagon.com" "-"
101.68.211.0 - - [25/Feb/2024:12:45:39 +0100] "GET / HTTP/1.1" 200 336 cronicadearagon.com "-" "Mozilla/5.0 (Windows NT 6.1; WOW64) AppleWebKit/537.36 (KHTML, like Gecko) Chrome/63.0.3239.132 Safari/537.36 QIHU 360SE" "-"
101.68.211.0 - - [25/Feb/2024:12:45:40 +0100] "GET /favicon.ico HTTP/1.1" 404 596 cronicadearagon.com "-" "Mozilla/5.0 (Windows NT 6.1; WOW64) AppleWebKit/537.36 (KHTML, like Gecko) Chrome/63.0.3239.132 Safari/537.36 QIHU 360SE" "-"
101.68.211.0 - - [25/Feb/2024:12:45:44 +0100] "GET /defaultsite%22%20/ HTTP/1.1" 404 596 cronicadearagon.com "-" "Mozilla/5.0 (Windows NT 6.1; WOW64) AppleWebKit/537.36 (KHTML, like Gecko) Chrome/63.0.3239.132 Safari/537.36 QIHU 360SE" "-"
82.165.88.0 - - [25/Feb/2024:12:46:22 +0100] "POST /wp-cron.php?doing_wp_cron=1708861582.8221240043640136718750 HTTP/1.1" 200 - cronicareinodearagon.com "-" "WordPress/6.2.2; https://cronicareinodearagon.com" "-"
85.208.96.0 - - [25/Feb/2024:12:46:22 +0100] "GET /aragon/andalucia-elecciones-debates-teresa-rodriguez/ HTTP/1.1" 200 181335 cronicareinodearagon.com "-" "Mozilla/5.0 (compatible; SemrushBot/7~bl; +http://www.semrush.com/bot.html)" "-"
117.62.235.0 - - [25/Feb/2024:12:47:53 +0100] "GET / HTTP/1.1" 200 336 cronicadejaen.com "-" "Mozilla/5.0 (iPhone; CPU iPhone OS 13_2_3 like Mac OS X) AppleWebKit/605.1.15 (KHTML, like Gecko) Version/13.0.3 Mobile/15E148 Safari/604.1" "-"
82.165.88.0 - - [25/Feb/2024:12:50:31 +0100] "POST /wp-cron.php?doing_wp_cron=1708861831.3858439922332763671875 HTTP/1.1" 200 - cronicareinodearagon.com "-" "WordPress/6.2.2; https://cronicareinodearagon.com" "-"
85.208.96.0 - - [25/Feb/2024:12:50:31 +0100] "GET /category/aragon/page/52/ HTTP/1.1" 200 147653 cronicareinodearagon.com "-" "Mozilla/5.0 (compatible; SemrushBot/7~bl; +http://www.semrush.com/bot.html)" "-"
82.157.174.0 - - [25/Feb/2024:12:50:53 +0100] "POST /xmlrpc.php HTTP/1.1" 301 251 cronicareinodearagon.com "-" "Mozilla/5.0 (Windows NT 10.0; Win64; x64) AppleWebKit/537.36 (KHTML, like Gecko) Chrome/87.0.4280.88 Safari/537.36" "-"
93.159.230.0 - - [25/Feb/2024:12:50:54 +0100] "GET / HTTP/1.1" 200 336 cronicadeextremadura.com "-" "Mozilla/5.0 (Linux; arm_64; Android 12; CPH2205) AppleWebKit/537.36 (KHTML, like Gecko) Chrome/110.0.0.0 YaBrowser/23.3.3.86.00 SA/3 Mobile Safari/537.36" "-"
82.157.174.0 - - [25/Feb/2024:12:50:54 +0100] "POST /xmlrpc.php HTTP/1.1" 200 416 cronicareinodearagon.com "-" "Mozilla/5.0 (Windows NT 10.0; Win64; x64) AppleWebKit/537.36 (KHTML, like Gecko) Chrome/87.0.4280.88 Safari/537.36" "-"
82.165.88.0 - - [25/Feb/2024:12:50:55 +0100] "POST /wp-cron.php?doing_wp_cron=1708861855.2652521133422851562500 HTTP/1.1" 200 - cronicareinodearagon.com "-" "WordPress/6.2.2; https://cronicareinodearagon.com" "-"
141.94.87.0 - - [25/Feb/2024:12:51:04 +0100] "POST /xmlrpc.php HTTP/1.1" 301 251 cronicareinodearagon.com "-" "Mozilla/5.0 (Windows NT 10.0; Win64; x64; rv:84.0) Gecko/20100101 Firefox/84.0" "-"
141.94.87.0 - - [25/Feb/2024:12:51:05 +0100] "POST /xmlrpc.php HTTP/1.1" 200 416 cronicareinodearagon.com "-" "Mozilla/5.0 (Windows NT 10.0; Win64; x64; rv:84.0) Gecko/20100101 Firefox/84.0" "-"
141.94.87.0 - - [25/Feb/2024:12:51:08 +0100] "POST /xmlrpc.php HTTP/1.1" 403 775 cronicareinodearagon.com "-" "Mozilla/5.0 (Windows NT 6.1) AppleWebKit/537.36 (KHTML, like Gecko) Chrome/56.0.2924.76 Safari/537.36" "-"
68.183.234.0 - - [25/Feb/2024:12:51:08 +0100] "POST /xmlrpc.php HTTP/1.1" 301 251 cronicareinodearagon.com "-" "Mozilla/5.0 (Windows NT 10.0; Win64; x64) AppleWebKit/537.36 (KHTML, like Gecko) Chrome/80.0.3987.149 Safari/537.36" "-"
68.183.234.0 - - [25/Feb/2024:12:51:10 +0100] "POST /xmlrpc.php HTTP/1.1" 200 416 cronicareinodearagon.com "-" "Mozilla/5.0 (Windows NT 10.0; Win64; x64) AppleWebKit/537.36 (KHTML, like Gecko) Chrome/80.0.3987.149 Safari/537.36" "-"
149.129.132.0 - - [25/Feb/2024:12:51:15 +0100] "POST /xmlrpc.php HTTP/1.1" 301 251 cronicareinodearagon.com "-" "Mozilla/5.0 (Windows NT 10.0; Win64; x64) AppleWebKit/537.36 (KHTML, like Gecko) Chrome/87.0.4280.88 Safari/537.36" "-"
149.129.132.0 - - [25/Feb/2024:12:51:16 +0100] "POST /xmlrpc.php HTTP/1.1" 200 416 cronicareinodearagon.com "-" "Mozilla/5.0 (Windows NT 10.0; Win64; x64) AppleWebKit/537.36 (KHTML, like Gecko) Chrome/87.0.4280.88 Safari/537.36" "-"
84.200.41.0 - - [25/Feb/2024:12:51:18 +0100] "POST /xmlrpc.php HTTP/1.1" 301 251 cronicareinodearagon.com "-" "Mozilla/5.0 (Windows NT 10.0; Win64; x64) AppleWebKit/537.36 (KHTML, like Gecko) Chrome/79.0.3945.88 Safari/537.36" "-"
84.200.41.0 - - [25/Feb/2024:12:51:20 +0100] "POST /xmlrpc.php HTTP/1.1" 200 416 cronicareinodearagon.com "-" "Mozilla/5.0 (Windows NT 10.0; Win64; x64) AppleWebKit/537.36 (KHTML, like Gecko) Chrome/79.0.3945.88 Safari/537.36" "-"
101.132.120.0 - - [25/Feb/2024:12:51:22 +0100] "POST /xmlrpc.php HTTP/1.1" 301 251 cronicareinodearagon.com "-" "Mozilla/5.0 (Windows NT 6.1; WOW64; rv:41.0) Gecko/20100101 Firefox/41.0" "-"
101.132.120.0 - - [25/Feb/2024:12:51:24 +0100] "POST /xmlrpc.php HTTP/1.1" 200 416 cronicareinodearagon.com "-" "Mozilla/5.0 (Windows NT 6.1; WOW64; rv:41.0) Gecko/20100101 Firefox/41.0" "-"
68.183.234.0 - - [25/Feb/2024:12:51:28 +0100] "POST /xmlrpc.php HTTP/1.1" 403 775 cronicareinodearagon.com "-" "Mozilla/5.0 (Windows NT 10.0; Win64; x64) AppleWebKit/537.36 (KHTML, like Gecko) Chrome/63.0.3239.132 Safari/537.36" "-"
91.216.169.0 - - [25/Feb/2024:12:51:38 +0100] "POST /xmlrpc.php HTTP/1.1" 301 251 cronicareinodearagon.com "-" "Mozilla/5.0 (Windows NT 10.0; Win64; x64; rv:78.0) Gecko/20100101 Firefox/78.0" "-"
185.46.14.0 - - [25/Feb/2024:12:51:38 +0100] "POST /xmlrpc.php HTTP/1.1" 301 251 cronicareinodearagon.com "-" "Mozilla/5.0 (Windows NT 10.0; WOW64) AppleWebKit/537.36 (KHTML, like Gecko) Chrome/91.0.4472.114 Safari/537.36" "-"
185.46.14.0 - - [25/Feb/2024:12:51:38 +0100] "POST /xmlrpc.php HTTP/1.1" 200 416 cronicareinodearagon.com "-" "Mozilla/5.0 (Windows NT 10.0; WOW64) AppleWebKit/537.36 (KHTML, like Gecko) Chrome/91.0.4472.114 Safari/537.36" "-"
91.216.169.0 - - [25/Feb/2024:12:51:40 +0100] "POST /xmlrpc.php HTTP/1.1" 200 416 cronicareinodearagon.com "-" "Mozilla/5.0 (Windows NT 10.0; Win64; x64; rv:78.0) Gecko/20100101 Firefox/78.0" "-"
82.157.174.0 - - [25/Feb/2024:12:51:44 +0100] "POST /xmlrpc.php HTTP/1.1" 403 775 cronicareinodearagon.com "-" "Mozilla/5.0 (X11; Linux x86_64) AppleWebKit/537.36 (KHTML, like Gecko) Chrome/44.0.2403.157 Safari/537.36" "-"
47.242.4.0 - - [25/Feb/2024:12:52:18 +0100] "GET /.env HTTP/1.1" 301 245 cronicareinodearagon.com "-" "Mozilla/5.0 (compatible; MSIE 10.0; Windows NT 6.1; WOW64; Trident/7.0; 1ButtonTaskbar)" "-"
82.165.88.0 - - [25/Feb/2024:12:52:19 +0100] "POST /wp-cron.php?doing_wp_cron=1708861939.7885251045227050781250 HTTP/1.1" 200 - cronicareinodearagon.com "-" "WordPress/6.2.2; https://cronicareinodearagon.com" "-"
47.242.4.0 - - [25/Feb/2024:12:52:19 +0100] "GET /.env HTTP/1.1" 404 144818 cronicareinodearagon.com "-" "Mozilla/5.0 (compatible; MSIE 10.0; Windows NT 6.1; WOW64; Trident/7.0; 1ButtonTaskbar)" "-"
47.242.4.0 - - [25/Feb/2024:12:52:27 +0100] "GET /wp-config.php.bak HTTP/1.1" 503 299 cronicareinodearagon.com "-" "Mozilla/5.0 (compatible; MSIE 10.0; Windows NT 6.1; WOW64; Trident/7.0; 1ButtonTaskbar)" "-"
47.242.4.0 - - [25/Feb/2024:12:52:38 +0100] "GET /wp-config.php~ HTTP/1.1" 503 299 cronicareinodearagon.com "-" "Mozilla/5.0 (compatible; MSIE 10.0; Windows NT 6.1; WOW64; Trident/7.0; 1ButtonTaskbar)" "-"
47.242.4.0 - - [25/Feb/2024:12:52:49 +0100] "GET /phpinfo.php HTTP/1.1" 301 252 cronicareinodearagon.com "-" "Mozilla/5.0 (compatible; MSIE 10.0; Windows NT 6.1; WOW64; Trident/7.0; 1ButtonTaskbar)" "-"
82.165.88.0 - - [25/Feb/2024:12:52:50 +0100] "POST /wp-cron.php?doing_wp_cron=1708861970.8362550735473632812500 HTTP/1.1" 200 - cronicareinodearagon.com "-" "WordPress/6.2.2; https://cronicareinodearagon.com" "-"
47.242.4.0 - - [25/Feb/2024:12:52:50 +0100] "GET /phpinfo.php HTTP/1.1" 404 144839 cronicareinodearagon.com "-" "Mozilla/5.0 (compatible; MSIE 10.0; Windows NT 6.1; WOW64; Trident/7.0; 1ButtonTaskbar)" "-"
47.242.4.0 - - [25/Feb/2024:12:53:04 +0100] "GET /info.php HTTP/1.1" 301 249 cronicareinodearagon.com "-" "Mozilla/5.0 (compatible; MSIE 10.0; Windows NT 6.1; WOW64; Trident/7.0; 1ButtonTaskbar)" "-"
47.242.4.0 - - [25/Feb/2024:12:53:06 +0100] "GET /info.php HTTP/1.1" 404 144830 cronicareinodearagon.com "-" "Mozilla/5.0 (compatible; MSIE 10.0; Windows NT 6.1; WOW64; Trident/7.0; 1ButtonTaskbar)" "-"
47.242.4.0 - - [25/Feb/2024:12:53:14 +0100] "GET /.vscode/sftp.json HTTP/1.1" 301 258 cronicareinodearagon.com "-" "Mozilla/5.0 (compatible; MSIE 10.0; Windows NT 6.1; WOW64; Trident/7.0; 1ButtonTaskbar)" "-"
47.242.4.0 - - [25/Feb/2024:12:53:15 +0100] "GET /.vscode/sftp.json HTTP/1.1" 404 144858 cronicareinodearagon.com "-" "Mozilla/5.0 (compatible; MSIE 10.0; Windows NT 6.1; WOW64; Trident/7.0; 1ButtonTaskbar)" "-"
47.242.4.0 - - [25/Feb/2024:12:53:22 +0100] "GET /sftp-config.json HTTP/1.1" 301 257 cronicareinodearagon.com "-" "Mozilla/5.0 (compatible; MSIE 10.0; Windows NT 6.1; WOW64; Trident/7.0; 1ButtonTaskbar)" "-"
47.242.4.0 - - [25/Feb/2024:12:53:24 +0100] "GET /sftp-config.json HTTP/1.1" 404 144854 cronicareinodearagon.com "-" "Mozilla/5.0 (compatible; MSIE 10.0; Windows NT 6.1; WOW64; Trident/7.0; 1ButtonTaskbar)" "-"
64.124.8.0 - - [25/Feb/2024:12:55:24 +0100] "GET /wp-content/uploads/2021/11/Untitled-2.jpg HTTP/1.1" 304 - cronicareinodearagon.com "-" "Mozilla/5.0 (compatible; ImagesiftBot; +imagesift.com)" "-"
101.68.211.0 - - [25/Feb/2024:12:57:02 +0100] "GET / HTTP/1.1" 200 336 cronicadearagon.com "-" "Mozilla/5.0 (Windows NT 6.1) AppleWebKit/537.36 (KHTML, like Gecko) Chrome/71.0.2623.112 Safari/537.36" "-"
82.165.88.0 - - [25/Feb/2024:12:57:46 +0100] "POST /wp-cron.php?doing_wp_cron=1708862266.5279049873352050781250 HTTP/1.1" 200 - cronicareinodearagon.com "-" "WordPress/6.2.2; https://cronicareinodearagon.com" "-"
52.167.144.0 - - [25/Feb/2024:12:57:46 +0100] "GET /aragon/sindicatos-rechazan-junta-sanitarios-jubilados/ HTTP/1.1" 200 165605 cronicareinodearagon.com "-" "Mozilla/5.0 AppleWebKit/537.36 (KHTML, like Gecko; compatible; bingbot/2.0; +http://www.bing.com/bingbot.htm) Chrome/116.0.1938.76 Safari/537.36" "-"
85.208.96.0 - - [25/Feb/2024:12:58:30 +0100] "GET /robots.txt HTTP/1.1" 200 202 cronicareinodearagon.com "-" "Mozilla/5.0 (compatible; SemrushBot/7~bl; +http://www.semrush.com/bot.html)" "-"
64.124.8.0 - - [25/Feb/2024:12:58:31 +0100] "GET /wp-content/uploads/2021/10/virgina-fernandez-subvenciones.jpg HTTP/1.1" 304 - cronicareinodearagon.com "-" "Mozilla/5.0 (compatible; ImagesiftBot; +imagesift.com)" "-"
185.191.171.0 - - [25/Feb/2024:12:58:31 +0100] "GET /aragon/manifestacion-primero-mayo-andalucia/ HTTP/1.1" 200 174122 cronicareinodearagon.com "-" "Mozilla/5.0 (compatible; SemrushBot/7~bl; +http://www.semrush.com/bot.html)" "-"
185.191.171.0 - - [25/Feb/2024:13:00:16 +0100] "GET /educacion/estudio-metanol-verde-combustile-universidad-jaen/ HTTP/1.1" 200 171887 cronicareinodearagon.com "-" "Mozilla/5.0 (compatible; SemrushBot/7~bl; +http://www.semrush.com/bot.html)" "-"
82.165.88.0 - - [25/Feb/2024:13:00:17 +0100] "POST /wp-cron.php?doing_wp_cron=1708862416.9726788997650146484375 HTTP/1.1" 200 - cronicareinodearagon.com "-" "WordPress/6.2.2; https://cronicareinodearagon.com" "-"
143.198.93.0 - - [25/Feb/2024:13:00:41 +0100] "GET /wp-includes/wlwmanifest.xml HTTP/1.1" 404 596 cronicademalaga.com "-" "python-requests/2.21.0" "-"
143.198.93.0 - - [25/Feb/2024:13:00:42 +0100] "GET /administrator/index.php HTTP/1.1" 404 596 cronicademalaga.com "-" "python-requests/2.21.0" "-"
143.198.93.0 - - [25/Feb/2024:13:00:43 +0100] "GET /view-source: HTTP/1.1" 404 596 cronicademalaga.com "-" "python-requests/2.21.0" "-"
143.198.93.0 - - [25/Feb/2024:13:00:43 +0100] "GET /misc/ajax.js HTTP/1.1" 404 596 cronicademalaga.com "-" "python-requests/2.21.0" "-"
143.198.93.0 - - [25/Feb/2024:13:00:44 +0100] "GET /wp-includes/wlwmanifest.xml HTTP/1.1" 404 596 cronicadecadiz.com "-" "python-requests/2.21.0" "-"
143.198.93.0 - - [25/Feb/2024:13:00:45 +0100] "GET /administrator/index.php HTTP/1.1" 404 596 cronicadecadiz.com "-" "python-requests/2.21.0" "-"
143.198.93.0 - - [25/Feb/2024:13:00:45 +0100] "GET /view-source: HTTP/1.1" 404 596 cronicadecadiz.com "-" "python-requests/2.21.0" "-"
143.198.93.0 - - [25/Feb/2024:13:00:46 +0100] "GET /wp-includes/wlwmanifest.xml HTTP/1.1" 301 268 cronicareinodearagon.com "-" "python-requests/2.21.0" "-"
143.198.93.0 - - [25/Feb/2024:13:00:46 +0100] "GET /misc/ajax.js HTTP/1.1" 404 596 cronicadecadiz.com "-" "python-requests/2.21.0" "-"
143.198.93.0 - - [25/Feb/2024:13:00:47 +0100] "GET /wp-includes/wlwmanifest.xml HTTP/1.1" 200 480 cronicareinodearagon.com "-" "python-requests/2.21.0" "-"
143.198.93.0 - - [25/Feb/2024:13:00:48 +0100] "GET /administrator/index.php HTTP/1.1" 301 264 cronicareinodearagon.com "-" "python-requests/2.21.0" "-"
82.165.88.0 - - [25/Feb/2024:13:00:49 +0100] "POST /wp-cron.php?doing_wp_cron=1708862449.3810389041900634765625 HTTP/1.1" 200 - cronicareinodearagon.com "-" "WordPress/6.2.2; https://cronicareinodearagon.com" "-"
143.198.93.0 - - [25/Feb/2024:13:00:49 +0100] "GET /administrator/index.php HTTP/1.1" 301 - cronicareinodearagon.com "-" "python-requests/2.21.0" "-"
143.198.93.0 - - [25/Feb/2024:13:00:50 +0100] "GET /administrator/ HTTP/1.1" 404 144844 cronicareinodearagon.com "-" "python-requests/2.21.0" "-"
143.198.93.0 - - [25/Feb/2024:13:00:51 +0100] "GET /view-source: HTTP/1.1" 301 253 cronicareinodearagon.com "-" "python-requests/2.21.0" "-"
143.198.93.0 - - [25/Feb/2024:13:00:52 +0100] "GET /view-source: HTTP/1.1" 404 144841 cronicareinodearagon.com "-" "python-requests/2.21.0" "-"
143.198.93.0 - - [25/Feb/2024:13:00:54 +0100] "GET /misc/ajax.js HTTP/1.1" 301 253 cronicareinodearagon.com "-" "python-requests/2.21.0" "-"
