82.165.88.0 - - [25/Feb/2024:03:00:47 +0100] "POST /wp-cron.php?doing_wp_cron=1708826446.9975531101226806640625 HTTP/1.1" 200 - cronicareinodearagon.com "-" "WordPress/6.2.2; https://cronicareinodearagon.com" "-"
68.178.166.0 - - [25/Feb/2024:03:02:21 +0100] "POST /xmlrpc.php HTTP/1.1" 200 416 cronicareinodearagon.com "-" "Mozilla/5.0 (Windows NT 10.0; Win64; x64) AppleWebKit/537.36 (KHTML, like Gecko) Chrome/87.0.4280.88 Safari/537.36" "-"
82.165.88.0 - - [25/Feb/2024:03:02:21 +0100] "POST /wp-cron.php?doing_wp_cron=1708826541.5783829689025878906250 HTTP/1.1" 200 - cronicareinodearagon.com "-" "WordPress/6.2.2; https://cronicareinodearagon.com" "-"
103.101.161.0 - - [25/Feb/2024:03:02:21 +0100] "POST /xmlrpc.php HTTP/1.1" 200 416 cronicareinodearagon.com "-" "Mozilla/5.0 (Windows NT 10.0; Win64; x64) AppleWebKit/537.36 (KHTML, like Gecko) Chrome/69.0.3497.100 Safari/537.36" "-"
66.249.84.0 - - [25/Feb/2024:03:02:22 +0100] "GET /category/sociedad/feed/ HTTP/1.1" 200 16233 cronicareinodearagon.com "-" "FeedFetcher-Google; (+http://www.google.com/feedfetcher.html)" "-"
159.203.120.0 - - [25/Feb/2024:03:02:22 +0100] "POST /xmlrpc.php HTTP/1.1" 200 416 cronicareinodearagon.com "-" "Mozilla/5.0 (Windows NT 10.0; Win64; x64; rv:66.0) Gecko/20100101 Firefox/66.0" "-"
184.168.113.0 - - [25/Feb/2024:03:02:37 +0100] "POST /xmlrpc.php HTTP/1.1" 200 416 cronicareinodearagon.com "-" "Mozilla/5.0 (Windows NT 10.0; Win64; x64) AppleWebKit/537.36 (KHTML, like Gecko) Chrome/84.0.4147.135 Safari/537.36" "-"
143.198.169.0 - - [25/Feb/2024:03:02:39 +0100] "POST /xmlrpc.php HTTP/1.1" 503 299 cronicareinodearagon.com "-" "Mozilla/5.0 (Windows NT 10.0; Win64; x64) AppleWebKit/537.36 (KHTML, like Gecko) Chrome/63.0.3239.132 Safari/537.36" "-"
85.208.96.0 - - [25/Feb/2024:03:02:40 +0100] "GET /category/economia/page/21/ HTTP/1.1" 200 148621 cronicareinodearagon.com "-" "Mozilla/5.0 (compatible; SemrushBot/7~bl; +http://www.semrush.com/bot.html)" "-"
31.24.154.0 - - [25/Feb/2024:03:02:42 +0100] "POST /xmlrpc.php HTTP/1.1" 200 416 cronicareinodearagon.com "-" "Mozilla/5.0 (Windows NT 10.0; Win64; x64) AppleWebKit/537.36 (KHTML, like Gecko) Chrome/87.0.4280.141 Safari/537.36" "-"
82.165.88.0 - - [25/Feb/2024:03:02:43 +0100] "POST /wp-cron.php?doing_wp_cron=1708826563.0453820228576660156250 HTTP/1.1" 200 - cronicareinodearagon.com "-" "WordPress/6.2.2; https://cronicareinodearagon.com" "-"
97.74.204.0 - - [25/Feb/2024:03:02:45 +0100] "POST /xmlrpc.php HTTP/1.1" 200 416 cronicareinodearagon.com "-" "Mozilla/5.0 (Windows NT 6.1; WOW64; rv:42.0) Gecko/20100101 Firefox/42.0" "-"
2001:41d0:800:: - - [25/Feb/2024:03:02:47 +0100] "POST /xmlrpc.php HTTP/1.1" 200 416 cronicareinodearagon.com "-" "Mozilla/5.0 (Linux; Android 6.0.1; RedMi Note 5 Build/RB3N5C; wv) AppleWebKit/537.36 (KHTML, like Gecko) Version/4.0 Chrome/68.0.3440.91 Mobile Safari/537.36" "-"
47.109.54.0 - - [25/Feb/2024:03:02:48 +0100] "POST /xmlrpc.php HTTP/1.1" 200 416 cronicareinodearagon.com "-" "Mozilla/5.0 (Windows NT 6.1; Win64; x64) AppleWebKit/537.36 (KHTML, like Gecko) Chrome/79.0.3945.88 Safari/537.36" "-"
103.101.161.0 - - [25/Feb/2024:03:02:55 +0100] "POST /xmlrpc.php HTTP/1.1" 200 416 cronicareinodearagon.com "-" "Mozilla/5.0 (Windows NT 10.0; Win64; x64; rv:79.0) Gecko/20100101 Firefox/79.0" "-"
193.202.110.0 - - [25/Feb/2024:03:02:57 +0100] "POST /xmlrpc.php HTTP/1.1" 200 416 cronicareinodearagon.com "-" "Mozilla/5.0 (Macintosh; Intel Mac OS X 10_10; rv:33.0) Gecko/20100101 Firefox/33.0" "-"
143.198.169.0 - - [25/Feb/2024:03:03:04 +0100] "POST /xmlrpc.php HTTP/1.1" 200 416 cronicareinodearagon.com "-" "Mozilla/5.0 (Windows NT 6.1; WOW64; rv:43.0) Gecko/20100101 Firefox/43.0" "-"
143.198.169.0 - - [25/Feb/2024:03:03:08 +0100] "POST /xmlrpc.php HTTP/1.1" 403 775 cronicareinodearagon.com "-" "Mozilla/5.0 (Windows NT 10.0; Win64; x64; rv:65.0) Gecko/20100101 Firefox/65.0" "-"
2a02:c207:2100:: - - [25/Feb/2024:03:03:35 +0100] "POST /xmlrpc.php HTTP/1.1" 301 251 cronicareinodearagon.com "-" "Mozilla/5.0 (Windows NT 10.0; Win64; x64; rv:67.0) Gecko/20100101 Firefox/67.0" "-"
82.165.88.0 - - [25/Feb/2024:03:03:36 +0100] "POST /wp-cron.php?doing_wp_cron=1708826616.8468430042266845703125 HTTP/1.1" 200 - cronicareinodearagon.com "-" "WordPress/6.2.2; https://cronicareinodearagon.com" "-"
2a02:c207:2100:: - - [25/Feb/2024:03:03:36 +0100] "POST /xmlrpc.php HTTP/1.1" 200 416 cronicareinodearagon.com "-" "Mozilla/5.0 (Windows NT 10.0; Win64; x64; rv:67.0) Gecko/20100101 Firefox/67.0" "-"
43.129.24.0 - - [25/Feb/2024:03:03:38 +0100] "POST /xmlrpc.php HTTP/1.1" 301 251 cronicareinodearagon.com "-" "Mozilla/5.0 (Windows NT 5.1; rv:7.0.1) Gecko/20100101 Firefox/7.0.1" "-"
43.129.24.0 - - [25/Feb/2024:03:03:39 +0100] "POST /xmlrpc.php HTTP/1.1" 200 416 cronicareinodearagon.com "-" "Mozilla/5.0 (Windows NT 5.1; rv:7.0.1) Gecko/20100101 Firefox/7.0.1" "-"
43.153.50.0 - - [25/Feb/2024:03:03:50 +0100] "POST /xmlrpc.php HTTP/1.1" 301 251 cronicareinodearagon.com "-" "Mozilla/5.0 (Windows; U; Windows NT 5.1; en-US; rv:1.7.10) Gecko/20050716 Firefox/1.0.6" "-"
65.20.138.0 - - [25/Feb/2024:03:03:51 +0100] "POST /xmlrpc.php HTTP/1.1" 301 251 cronicareinodearagon.com "-" "Mozilla/5.0 (Windows NT 10.0; Win64; x64) AppleWebKit/537.36 (KHTML, like Gecko) Chrome/80.0.3987.132 Safari/537.36" "-"
65.20.138.0 - - [25/Feb/2024:03:03:51 +0100] "POST /xmlrpc.php HTTP/1.1" 200 416 cronicareinodearagon.com "-" "Mozilla/5.0 (Windows NT 10.0; Win64; x64) AppleWebKit/537.36 (KHTML, like Gecko) Chrome/80.0.3987.132 Safari/537.36" "-"
43.153.50.0 - - [25/Feb/2024:03:03:51 +0100] "POST /xmlrpc.php HTTP/1.1" 200 416 cronicareinodearagon.com "-" "Mozilla/5.0 (Windows; U; Windows NT 5.1; en-US; rv:1.7.10) Gecko/20050716 Firefox/1.0.6" "-"
82.165.88.0 - - [25/Feb/2024:03:03:52 +0100] "POST /wp-cron.php?doing_wp_cron=1708826631.9852209091186523437500 HTTP/1.1" 200 - cronicareinodearagon.com "-" "WordPress/6.2.2; https://cronicareinodearagon.com" "-"
4.194.252.0 - - [25/Feb/2024:03:03:55 +0100] "POST /xmlrpc.php HTTP/1.1" 301 251 cronicareinodearagon.com "-" "Mozilla/5.0 (Windows NT 6.1; Win64; x64) AppleWebKit/537.36 (KHTML, like Gecko) Chrome/79.0.3945.88 Safari/537.36" "-"
4.194.252.0 - - [25/Feb/2024:03:03:56 +0100] "POST /xmlrpc.php HTTP/1.1" 200 416 cronicareinodearagon.com "-" "Mozilla/5.0 (Windows NT 6.1; Win64; x64) AppleWebKit/537.36 (KHTML, like Gecko) Chrome/79.0.3945.88 Safari/537.36" "-"
2001:41d0:: - - [25/Feb/2024:03:04:00 +0100] "POST /xmlrpc.php HTTP/1.1" 301 251 cronicareinodearagon.com "-" "Mozilla/5.0 (Windows NT 10.0; Win64; x64) AppleWebKit/537.36 (KHTML, like Gecko) Chrome/91.0.4472.114 Safari/537.36" "-"
2001:41d0:: - - [25/Feb/2024:03:04:00 +0100] "POST /xmlrpc.php HTTP/1.1" 200 416 cronicareinodearagon.com "-" "Mozilla/5.0 (Windows NT 10.0; Win64; x64) AppleWebKit/537.36 (KHTML, like Gecko) Chrome/91.0.4472.114 Safari/537.36" "-"
43.153.50.0 - - [25/Feb/2024:03:04:01 +0100] "POST /xmlrpc.php HTTP/1.1" 403 775 cronicareinodearagon.com "-" "Mozilla/5.0 (Windows NT 10.0; Win64; x64) AppleWebKit/537.36 (KHTML, like Gecko) Chrome/74.0.3729.169 Safari/537.36" "-"
185.198.27.0 - - [25/Feb/2024:03:04:07 +0100] "POST /xmlrpc.php HTTP/1.1" 301 251 cronicareinodearagon.com "-" "Mozilla/5.0 (Windows NT 6.1; Win64; x64) AppleWebKit/537.36 (KHTML, like Gecko) Chrome/74.0.3729.169 Safari/537.36" "-"
103.23.91.0 - - [25/Feb/2024:03:04:08 +0100] "POST /xmlrpc.php HTTP/1.1" 301 251 cronicareinodearagon.com "-" "Mozilla/5.0 (Windows NT 10.0) AppleWebKit/537.36 (KHTML, like Gecko) Chrome/91.0.4472.114 Safari/537.36" "-"
185.198.27.0 - - [25/Feb/2024:03:04:08 +0100] "POST /xmlrpc.php HTTP/1.1" 200 416 cronicareinodearagon.com "-" "Mozilla/5.0 (Windows NT 6.1; Win64; x64) AppleWebKit/537.36 (KHTML, like Gecko) Chrome/74.0.3729.169 Safari/537.36" "-"
103.23.91.0 - - [25/Feb/2024:03:04:09 +0100] "POST /xmlrpc.php HTTP/1.1" 200 416 cronicareinodearagon.com "-" "Mozilla/5.0 (Windows NT 10.0) AppleWebKit/537.36 (KHTML, like Gecko) Chrome/91.0.4472.114 Safari/537.36" "-"
107.155.65.0 - - [25/Feb/2024:03:04:10 +0100] "POST /xmlrpc.php HTTP/1.1" 301 251 cronicareinodearagon.com "-" "Mozilla/5.0 (Windows NT 10.0; Win64; x64) AppleWebKit/537.36 (KHTML, like Gecko) Chrome/88.0.4324.104 Safari/537.36" "-"
107.155.65.0 - - [25/Feb/2024:03:04:11 +0100] "POST /xmlrpc.php HTTP/1.1" 200 416 cronicareinodearagon.com "-" "Mozilla/5.0 (Windows NT 10.0; Win64; x64) AppleWebKit/537.36 (KHTML, like Gecko) Chrome/88.0.4324.104 Safari/537.36" "-"
43.153.50.0 - - [25/Feb/2024:03:04:17 +0100] "POST /xmlrpc.php HTTP/1.1" 403 775 cronicareinodearagon.com "-" "Mozilla/5.0 (Windows NT 6.1; Win64; x64; rv:25.0) Gecko/20100101 Firefox/29.0" "-"
203.2.64.0 - - [25/Feb/2024:03:05:27 +0100] "GET / HTTP/1.1" 200 336 www.cronicadecadiz.com "-" "Mozilla/5.0 (iPhone; CPU iPhone OS 13_2_3 like Mac OS X) AppleWebKit/605.1.15 (KHTML, like Gecko) Version/13.0.3 Mobile/15E148 Safari/604.1" "-"
54.36.148.0 - - [25/Feb/2024:03:05:30 +0100] "GET /opinion/opinion-delitos-veraniegos/ HTTP/1.1" 200 173491 cronicareinodearagon.com "-" "Mozilla/5.0 (compatible; AhrefsBot/7.0; +http://ahrefs.com/robot/)" "-"
82.165.88.0 - - [25/Feb/2024:03:05:31 +0100] "POST /wp-cron.php?doing_wp_cron=1708826731.3314499855041503906250 HTTP/1.1" 200 - cronicareinodearagon.com "-" "WordPress/6.2.2; https://cronicareinodearagon.com" "-"
66.249.84.0 - - [25/Feb/2024:03:05:39 +0100] "GET /category/educacion/feed/ HTTP/1.1" 200 16487 cronicareinodearagon.com "-" "FeedFetcher-Google; (+http://www.google.com/feedfetcher.html)" "-"
82.165.88.0 - - [25/Feb/2024:03:06:37 +0100] "POST /wp-cron.php?doing_wp_cron=1708826797.8683259487152099609375 HTTP/1.1" 200 - cronicareinodearagon.com "-" "WordPress/6.2.2; https://cronicareinodearagon.com" "-"
85.208.96.0 - - [25/Feb/2024:03:06:37 +0100] "GET /aragon/empate-tecnico-encuestas-pp-psoe-andalucia-19j-elecciones-andaluzas/ HTTP/1.1" 200 163808 cronicareinodearagon.com "-" "Mozilla/5.0 (compatible; SemrushBot/7~bl; +http://www.semrush.com/bot.html)" "-"
185.191.171.0 - - [25/Feb/2024:03:07:02 +0100] "GET /aragon/aragon-programa-despoblacion-2023-2027/ HTTP/1.1" 200 173127 cronicareinodearagon.com "-" "Mozilla/5.0 (compatible; SemrushBot/7~bl; +http://www.semrush.com/bot.html)" "-"
82.165.88.0 - - [25/Feb/2024:03:07:03 +0100] "POST /wp-cron.php?doing_wp_cron=1708826823.1111690998077392578125 HTTP/1.1" 200 - cronicareinodearagon.com "-" "WordPress/6.2.2; https://cronicareinodearagon.com" "-"
82.165.88.0 - - [25/Feb/2024:03:08:06 +0100] "POST /wp-cron.php?doing_wp_cron=1708826886.7679369449615478515625 HTTP/1.1" 200 - cronicareinodearagon.com "-" "WordPress/6.2.2; https://cronicareinodearagon.com" "-"
85.208.96.0 - - [25/Feb/2024:03:08:06 +0100] "GET /economia/diputacion-cordoba-poligonos-industriales/ HTTP/1.1" 200 171664 cronicareinodearagon.com "-" "Mozilla/5.0 (compatible; SemrushBot/7~bl; +http://www.semrush.com/bot.html)" "-"
85.208.96.0 - - [25/Feb/2024:03:08:17 +0100] "GET /aragon/fernandez-moreno-pp-psoe-andalucia-economia/ HTTP/1.1" 200 162539 cronicareinodearagon.com "-" "Mozilla/5.0 (compatible; SemrushBot/7~bl; +http://www.semrush.com/bot.html)" "-"
82.165.88.0 - - [25/Feb/2024:03:09:21 +0100] "POST /wp-cron.php?doing_wp_cron=1708826961.5790829658508300781250 HTTP/1.1" 200 - cronicareinodearagon.com "-" "WordPress/6.2.2; https://cronicareinodearagon.com" "-"
185.191.171.0 - - [25/Feb/2024:03:09:21 +0100] "GET /economia/javier-lamban-proyecto-dop-campo-borja-vino/ HTTP/1.1" 200 167834 cronicareinodearagon.com "-" "Mozilla/5.0 (compatible; SemrushBot/7~bl; +http://www.semrush.com/bot.html)" "-"
82.165.88.0 - - [25/Feb/2024:03:10:50 +0100] "POST /wp-cron.php?doing_wp_cron=1708827050.5815300941467285156250 HTTP/1.1" 200 - cronicareinodearagon.com "-" "WordPress/6.2.2; https://cronicareinodearagon.com" "-"
185.191.171.0 - - [25/Feb/2024:03:10:50 +0100] "GET /aragon/cruz-roja-atiende-1500-ucranianos-andalucia/ HTTP/1.1" 200 169515 cronicareinodearagon.com "-" "Mozilla/5.0 (compatible; SemrushBot/7~bl; +http://www.semrush.com/bot.html)" "-"
82.165.88.0 - - [25/Feb/2024:03:12:04 +0100] "POST /wp-cron.php?doing_wp_cron=1708827124.8331620693206787109375 HTTP/1.1" 200 - cronicareinodearagon.com "-" "WordPress/6.2.2; https://cronicareinodearagon.com" "-"
185.220.101.0 - - [25/Feb/2024:03:12:04 +0100] "POST /xmlrpc.php HTTP/1.1" 200 416 cronicareinodearagon.com "-" "Mozilla/5.0 (Macintosh; Intel Mac OS X 10_11_3) AppleWebKit/601.4.4 (KHTML, like Gecko) Version/9.0.3 Safari/601.4.4" "-"
185.220.101.0 - - [25/Feb/2024:03:12:05 +0100] "POST /xmlrpc.php HTTP/1.1" 200 416 cronicareinodearagon.com "-" "Mozilla/5.0 (Macintosh; Intel Mac OS X 10_11_3) AppleWebKit/601.4.4 (KHTML, like Gecko) Version/9.0.3 Safari/601.4.4" "-"
185.220.101.0 - - [25/Feb/2024:03:12:06 +0100] "POST /xmlrpc.php HTTP/1.1" 403 775 cronicareinodearagon.com "-" "Mozilla/5.0 (Macintosh; Intel Mac OS X 10_11_3) AppleWebKit/601.4.4 (KHTML, like Gecko) Version/9.0.3 Safari/601.4.4" "-"
185.220.101.0 - - [25/Feb/2024:03:12:07 +0100] "POST /xmlrpc.php HTTP/1.1" 403 775 cronicareinodearagon.com "-" "Mozilla/5.0 (Macintosh; Intel Mac OS X 10_11_3) AppleWebKit/601.4.4 (KHTML, like Gecko) Version/9.0.3 Safari/601.4.4" "-"
185.220.101.0 - - [25/Feb/2024:03:12:08 +0100] "POST /xmlrpc.php HTTP/1.1" 403 775 cronicareinodearagon.com "-" "Mozilla/5.0 (Macintosh; Intel Mac OS X 10_11_3) AppleWebKit/601.4.4 (KHTML, like Gecko) Version/9.0.3 Safari/601.4.4" "-"
185.191.171.0 - - [25/Feb/2024:03:12:11 +0100] "GET /aragon/ustea-educacion-desvio-fondos-europeos-junta/ HTTP/1.1" 200 170179 cronicareinodearagon.com "-" "Mozilla/5.0 (compatible; SemrushBot/7~bl; +http://www.semrush.com/bot.html)" "-"
23.92.30.0 - - [25/Feb/2024:03:13:03 +0100] "GET /wp-content/plugins/essential-addons-for-elementor-lite/readme.txt HTTP/1.1" 404 596 cronicadelpaisvalenciano.com "www.google.com" "Mozilla/6.4 (Windows NT 11.1) Gecko/2010102 Firefox/99.0" "-"
82.165.88.0 - - [25/Feb/2024:03:13:09 +0100] "POST /wp-cron.php?doing_wp_cron=1708827189.5114328861236572265625 HTTP/1.1" 200 - cronicareinodearagon.com "-" "WordPress/6.2.2; https://cronicareinodearagon.com" "-"
185.191.171.0 - - [25/Feb/2024:03:13:09 +0100] "GET /aragon/cuarentena-aulas-20-porciento-afectados/ HTTP/1.1" 200 165975 cronicareinodearagon.com "-" "Mozilla/5.0 (compatible; SemrushBot/7~bl; +http://www.semrush.com/bot.html)" "-"
82.165.88.0 - - [25/Feb/2024:03:16:54 +0100] "POST /wp-cron.php?doing_wp_cron=1708827414.7415859699249267578125 HTTP/1.1" 200 - cronicareinodearagon.com "-" "WordPress/6.2.2; https://cronicareinodearagon.com" "-"
85.208.96.0 - - [25/Feb/2024:03:16:54 +0100] "GET /opinion/cuatro-decadas-ejemplar-funcionamiento-parlamento/ HTTP/1.1" 200 174572 cronicareinodearagon.com "-" "Mozilla/5.0 (compatible; SemrushBot/7~bl; +http://www.semrush.com/bot.html)" "-"
185.191.171.0 - - [25/Feb/2024:03:17:01 +0100] "GET /economia/espadas-defiende-se-40-psoe/ HTTP/1.1" 200 159433 cronicareinodearagon.com "-" "Mozilla/5.0 (compatible; SemrushBot/7~bl; +http://www.semrush.com/bot.html)" "-"
82.165.88.0 - - [25/Feb/2024:03:18:26 +0100] "POST /wp-cron.php?doing_wp_cron=1708827506.6771559715270996093750 HTTP/1.1" 200 - cronicareinodearagon.com "-" "WordPress/6.2.2; https://cronicareinodearagon.com" "-"
85.208.96.0 - - [25/Feb/2024:03:18:26 +0100] "GET /aragon/violencia-genero-dos-hermanas/ HTTP/1.1" 200 35130 cronicareinodearagon.com "-" "Mozilla/5.0 (compatible; SemrushBot/7~bl; +http://www.semrush.com/bot.html)" "-"
49.7.227.0 - - [25/Feb/2024:03:19:08 +0100] "GET / HTTP/1.1" 200 336 www.cronicadearagon.com "-" "Mozilla/5.0 (iPhone; CPU iPhone OS 13_2_3 like Mac OS X) AppleWebKit/605.1.15 (KHTML, like Gecko) Version/13.0.3 Mobile/15E148 Safari/604.1" "-"
49.7.227.0 - - [25/Feb/2024:03:19:08 +0100] "GET / HTTP/1.1" 200 336 www.cronicadehuelva.com "-" "Mozilla/5.0 (iPhone; CPU iPhone OS 13_2_3 like Mac OS X) AppleWebKit/605.1.15 (KHTML, like Gecko) Version/13.0.3 Mobile/15E148 Safari/604.1" "-"
49.7.227.0 - - [25/Feb/2024:03:19:08 +0100] "GET / HTTP/1.1" 200 336 www.cronicademalaga.com "-" "Mozilla/5.0 (iPhone; CPU iPhone OS 13_2_3 like Mac OS X) AppleWebKit/605.1.15 (KHTML, like Gecko) Version/13.0.3 Mobile/15E148 Safari/604.1" "-"
82.165.88.0 - - [25/Feb/2024:03:20:08 +0100] "POST /wp-cron.php?doing_wp_cron=1708827608.5405149459838867187500 HTTP/1.1" 200 - cronicareinodearagon.com "-" "WordPress/6.2.2; https://cronicareinodearagon.com" "-"
85.208.96.0 - - [25/Feb/2024:03:20:08 +0100] "GET /aragon/junta-ley-temporalidad-sindicatos/ HTTP/1.1" 200 173719 cronicareinodearagon.com "-" "Mozilla/5.0 (compatible; SemrushBot/7~bl; +http://www.semrush.com/bot.html)" "-"
185.191.171.0 - - [25/Feb/2024:03:20:36 +0100] "GET /economia/puerto-huelva-berge/ HTTP/1.1" 200 165618 cronicareinodearagon.com "-" "Mozilla/5.0 (compatible; SemrushBot/7~bl; +http://www.semrush.com/bot.html)" "-"
185.191.171.0 - - [25/Feb/2024:03:22:26 +0100] "GET /aragon/ccoo-informa-nuevo-sistema-autonomos/ HTTP/1.1" 200 165639 cronicareinodearagon.com "-" "Mozilla/5.0 (compatible; SemrushBot/7~bl; +http://www.semrush.com/bot.html)" "-"
82.165.88.0 - - [25/Feb/2024:03:22:27 +0100] "POST /wp-cron.php?doing_wp_cron=1708827747.1330730915069580078125 HTTP/1.1" 200 - cronicareinodearagon.com "-" "WordPress/6.2.2; https://cronicareinodearagon.com" "-"
82.165.88.0 - - [25/Feb/2024:03:23:10 +0100] "POST /wp-cron.php?doing_wp_cron=1708827790.7225620746612548828125 HTTP/1.1" 200 - cronicareinodearagon.com "-" "WordPress/6.2.2; https://cronicareinodearagon.com" "-"
85.208.96.0 - - [25/Feb/2024:03:23:10 +0100] "GET /politica/taxi-cordoba-ayuntamiento-pp-suplementos-facua/ HTTP/1.1" 200 160633 cronicareinodearagon.com "-" "Mozilla/5.0 (compatible; SemrushBot/7~bl; +http://www.semrush.com/bot.html)" "-"
117.151.188.0 - - [25/Feb/2024:03:23:17 +0100] "GET / HTTP/1.1" 200 319421 cronicareinodearagon.com "-" "Mozilla/5.0 (Windows NT 10.0) AppleWebKit/537.36 (KHTML, like Gecko) Chrome/64.0.3282.0 Safari/537.36" "-"
117.151.188.0 - - [25/Feb/2024:03:23:22 +0100] "GET /aragon/fima-digital-jornada-maquinaria-agricola/ HTTP/1.1" 200 161980 cronicareinodearagon.com "-" "Go-http-client/1.1" "-"
117.151.188.0 - - [25/Feb/2024:03:23:36 +0100] "GET /category/aragon/zaragoza/ HTTP/1.1" 200 148387 cronicareinodearagon.com "-" "Go-http-client/1.1" "-"
117.151.188.0 - - [25/Feb/2024:03:23:41 +0100] "GET /category/aragon/teruel/ HTTP/1.1" 200 147532 cronicareinodearagon.com "-" "Go-http-client/1.1" "-"
117.151.188.0 - - [25/Feb/2024:03:23:48 +0100] "GET /wp-content/themes/jnews/assets/img/jeg-empty.png HTTP/1.1" 200 70 cronicareinodearagon.com "-" "Go-http-client/1.1" "-"
117.151.188.0 - - [25/Feb/2024:03:23:50 +0100] "GET /category/sociedad/ HTTP/1.1" 200 147044 cronicareinodearagon.com "-" "Go-http-client/1.1" "-"
117.151.188.0 - - [25/Feb/2024:03:23:55 +0100] "GET /author/redaccion/ HTTP/1.1" 301 - cronicareinodearagon.com "-" "Go-http-client/1.1" "-"
82.165.88.0 - - [25/Feb/2024:03:23:56 +0100] "POST /wp-cron.php?doing_wp_cron=1708827836.3050909042358398437500 HTTP/1.1" 200 - cronicareinodearagon.com "-" "WordPress/6.2.2; https://cronicareinodearagon.com" "-"
117.151.188.0 - - [25/Feb/2024:03:23:58 +0100] "GET / HTTP/1.1" 200 319421 cronicareinodearagon.com "https://cronicareinodearagon.com/author/redaccion/" "Go-http-client/1.1" "-"
144.126.230.0 - - [25/Feb/2024:03:24:22 +0100] "GET / HTTP/1.1" 200 336 cronicadelpaisvalenciano.com "-" "Mozilla/5.0 (X11; Linux x86_64) AppleWebKit/537.36 (KHTML, like Gecko) Chrome/108.0.0.0 Safari/537.36" "-"
2001:41d0:200:: - - [25/Feb/2024:03:27:31 +0100] "GET /robots.txt HTTP/1.1" 200 202 cronicareinodearagon.com "-" "Mozilla/5.0 (compatible; MJ12bot/v1.4.8; http://mj12bot.com/)" "-"
82.165.88.0 - - [25/Feb/2024:03:27:32 +0100] "POST /wp-cron.php?doing_wp_cron=1708828052.1036219596862792968750 HTTP/1.1" 200 - cronicareinodearagon.com "-" "WordPress/6.2.2; https://cronicareinodearagon.com" "-"
2001:41d0:200:: - - [25/Feb/2024:03:27:44 +0100] "GET /aragon/acuerdo-precariedad-salud-responde/ HTTP/1.1" 200 162943 cronicareinodearagon.com "-" "Mozilla/5.0 (compatible; MJ12bot/v1.4.8; http://mj12bot.com/)" "-"
82.165.88.0 - - [25/Feb/2024:03:27:45 +0100] "POST /wp-cron.php?doing_wp_cron=1708828065.0888450145721435546875 HTTP/1.1" 200 - cronicareinodearagon.com "-" "WordPress/6.2.2; https://cronicareinodearagon.com" "-"
2001:41d0:200:: - - [25/Feb/2024:03:28:03 +0100] "GET /aragon/carmen-linares-maria-pages-princesa-asturias-2022/ HTTP/1.1" 200 171847 cronicareinodearagon.com "-" "Mozilla/5.0 (compatible; MJ12bot/v1.4.8; http://mj12bot.com/)" "-"
2001:41d0:200:: - - [25/Feb/2024:03:28:17 +0100] "GET /aragon/ccoo-empleo-economia-andalucia-sueldos-salarios/ HTTP/1.1" 200 163872 cronicareinodearagon.com "-" "Mozilla/5.0 (compatible; MJ12bot/v1.4.8; http://mj12bot.com/)" "-"
2001:41d0:200:: - - [25/Feb/2024:03:28:32 +0100] "GET /aragon/facua-reclama-lucha-fraude-andalucia/ HTTP/1.1" 200 168156 cronicareinodearagon.com "-" "Mozilla/5.0 (compatible; MJ12bot/v1.4.8; http://mj12bot.com/)" "-"
82.165.88.0 - - [25/Feb/2024:03:28:46 +0100] "POST /wp-cron.php?doing_wp_cron=1708828126.4740259647369384765625 HTTP/1.1" 200 - cronicareinodearagon.com "-" "WordPress/6.2.2; https://cronicareinodearagon.com" "-"
2001:41d0:200:: - - [25/Feb/2024:03:28:46 +0100] "GET /aragon/feria-de-cordoba-vajillas-sostenible/ HTTP/1.1" 200 161238 cronicareinodearagon.com "-" "Mozilla/5.0 (compatible; MJ12bot/v1.4.8; http://mj12bot.com/)" "-"
2001:41d0:200:: - - [25/Feb/2024:03:29:07 +0100] "GET /aragon/fondos-recuperacion-cea-empresarios-andalucia-gobierno/ HTTP/1.1" 200 160273 cronicareinodearagon.com "-" "Mozilla/5.0 (compatible; MJ12bot/v1.4.8; http://mj12bot.com/)" "-"
2001:41d0:200:: - - [25/Feb/2024:03:29:19 +0100] "GET /aragon/guardia-civil-detiene-presunto-asesino-montemayor/ HTTP/1.1" 200 170581 cronicareinodearagon.com "-" "Mozilla/5.0 (compatible; MJ12bot/v1.4.8; http://mj12bot.com/)" "-"
2001:41d0:200:: - - [25/Feb/2024:03:29:32 +0100] "GET /aragon/incremento-casos-covid-personal-sanidad/ HTTP/1.1" 200 172069 cronicareinodearagon.com "-" "Mozilla/5.0 (compatible; MJ12bot/v1.4.8; http://mj12bot.com/)" "-"
85.208.96.0 - - [25/Feb/2024:03:29:40 +0100] "GET /robots.txt HTTP/1.1" 200 202 cronicareinodearagon.com "-" "Mozilla/5.0 (compatible; SemrushBot/7~bl; +http://www.semrush.com/bot.html)" "-"
85.208.96.0 - - [25/Feb/2024:03:29:41 +0100] "GET /category/aragon/page/73/ HTTP/1.1" 200 147612 cronicareinodearagon.com "-" "Mozilla/5.0 (compatible; SemrushBot/7~bl; +http://www.semrush.com/bot.html)" "-"
82.165.88.0 - - [25/Feb/2024:03:29:46 +0100] "POST /wp-cron.php?doing_wp_cron=1708828186.3886620998382568359375 HTTP/1.1" 200 - cronicareinodearagon.com "-" "WordPress/6.2.2; https://cronicareinodearagon.com" "-"
2001:41d0:200:: - - [25/Feb/2024:03:29:46 +0100] "GET /aragon/municipios-paro-espana-linares/ HTTP/1.1" 200 172343 cronicareinodearagon.com "-" "Mozilla/5.0 (compatible; MJ12bot/v1.4.8; http://mj12bot.com/)" "-"
82.165.88.0 - - [25/Feb/2024:03:31:02 +0100] "POST /wp-cron.php?doing_wp_cron=1708828262.5584599971771240234375 HTTP/1.1" 200 - cronicareinodearagon.com "-" "WordPress/6.2.2; https://cronicareinodearagon.com" "-"
185.191.171.0 - - [25/Feb/2024:03:31:02 +0100] "GET /aragon/trafico-dgt-andalucia-victimas-accidentes-sevilla-almeria/ HTTP/1.1" 200 159111 cronicareinodearagon.com "-" "Mozilla/5.0 (compatible; SemrushBot/7~bl; +http://www.semrush.com/bot.html)" "-"
66.249.84.0 - - [25/Feb/2024:03:32:10 +0100] "GET /category/educacion/feed/ HTTP/1.1" 200 16487 cronicareinodearagon.com "-" "FeedFetcher-Google; (+http://www.google.com/feedfetcher.html)" "-"
185.191.171.0 - - [25/Feb/2024:03:33:28 +0100] "GET /aragon/el-inaem-subvenciona-acciones-formativas-para-personas-desempleadas-en-riesgo-de-exclusion-social-o-laboral/ HTTP/1.1" 200 164478 cronicareinodearagon.com "-" "Mozilla/5.0 (compatible; SemrushBot/7~bl; +http://www.semrush.com/bot.html)" "-"
82.165.88.0 - - [25/Feb/2024:03:33:29 +0100] "POST /wp-cron.php?doing_wp_cron=1708828409.0142099857330322265625 HTTP/1.1" 200 - cronicareinodearagon.com "-" "WordPress/6.2.2; https://cronicareinodearagon.com" "-"
66.249.84.0 - - [25/Feb/2024:03:36:56 +0100] "GET /category/educacion/feed/ HTTP/1.1" 200 16487 cronicareinodearagon.com "-" "FeedFetcher-Google; (+http://www.google.com/feedfetcher.html)" "-"
192.71.126.0 - - [25/Feb/2024:03:37:10 +0100] "GET /robots.txt HTTP/1.1" 200 188 cronicadehuelva.com "-" "Mozilla/5.0 (Linux; Android 8.1.0; jhs561 Build/GIADA.eng.zc.20200922.153858; wv) AppleWebKit/537.36 (KHTML, like Gecko) Version/4.0 Chrome/81.0.4044.138 Safari/537.36" "-"
192.71.12.0 - - [25/Feb/2024:03:37:10 +0100] "GET /humans.txt HTTP/1.1" 404 596 cronicadehuelva.com "-" "Mozilla/5.0 (Linux; Android 8.1.0; jhs561 Build/GIADA.eng.zc.20200922.153858; wv) AppleWebKit/537.36 (KHTML, like Gecko) Version/4.0 Chrome/81.0.4044.138 Safari/537.36" "-"
192.71.126.0 - - [25/Feb/2024:03:37:10 +0100] "GET /ads.txt HTTP/1.1" 404 596 cronicadehuelva.com "-" "Mozilla/5.0 (Linux; Android 8.1.0; jhs561 Build/GIADA.eng.zc.20200922.153858; wv) AppleWebKit/537.36 (KHTML, like Gecko) Version/4.0 Chrome/81.0.4044.138 Safari/537.36" "-"
192.71.126.0 - - [25/Feb/2024:03:37:10 +0100] "GET /sitemap_index.xml HTTP/1.1" 200 317 cronicareinodearagon.com "-" "Mozilla/5.0 (Linux; Android 8.1.0; jhs561 Build/GIADA.eng.zc.20200922.153858; wv) AppleWebKit/537.36 (KHTML, like Gecko) Version/4.0 Chrome/81.0.4044.138 Safari/537.36" "-"
192.71.142.0 - - [25/Feb/2024:03:37:11 +0100] "GET / HTTP/1.1" 200 336 cronicadehuelva.com "-" "Mozilla/5.0 (Linux; Android 8.1.0; jhs561 Build/GIADA.eng.zc.20200922.153858; wv) AppleWebKit/537.36 (KHTML, like Gecko) Version/4.0 Chrome/81.0.4044.138 Safari/537.36" "-"
82.165.88.0 - - [25/Feb/2024:03:39:15 +0100] "POST /wp-cron.php?doing_wp_cron=1708828755.4942328929901123046875 HTTP/1.1" 200 - cronicareinodearagon.com "-" "WordPress/6.2.2; https://cronicareinodearagon.com" "-"
85.208.96.0 - - [25/Feb/2024:03:39:15 +0100] "GET /educacion/uja-otorga-primera-adjudicacion-2708-plazas/ HTTP/1.1" 200 165389 cronicareinodearagon.com "-" "Mozilla/5.0 (compatible; SemrushBot/7~bl; +http://www.semrush.com/bot.html)" "-"
85.208.96.0 - - [25/Feb/2024:03:39:40 +0100] "GET /sociedad/detenidos-trafico-drogas-lucena-torremolinos/ HTTP/1.1" 200 164891 cronicareinodearagon.com "-" "Mozilla/5.0 (compatible; SemrushBot/7~bl; +http://www.semrush.com/bot.html)" "-"
82.165.88.0 - - [25/Feb/2024:03:43:05 +0100] "POST /wp-cron.php?doing_wp_cron=1708828985.6041789054870605468750 HTTP/1.1" 200 - cronicareinodearagon.com "-" "WordPress/6.2.2; https://cronicareinodearagon.com" "-"
85.208.96.0 - - [25/Feb/2024:03:43:05 +0100] "GET /aragon/parlamento-camara-psoe-pp-aguirre-ferriz-andalucia/ HTTP/1.1" 200 166778 cronicareinodearagon.com "-" "Mozilla/5.0 (compatible; SemrushBot/7~bl; +http://www.semrush.com/bot.html)" "-"
180.102.134.0 - - [25/Feb/2024:03:43:23 +0100] "GET / HTTP/1.1" 200 336 www.cronicadevalencia.com "-" "Mozilla/5.0 (iPhone; CPU iPhone OS 13_2_3 like Mac OS X) AppleWebKit/605.1.15 (KHTML, like Gecko) Version/13.0.3 Mobile/15E148 Safari/604.1" "-"
180.102.134.0 - - [25/Feb/2024:03:43:23 +0100] "GET / HTTP/1.1" 200 336 www.cronicadeasturias.com "-" "Mozilla/5.0 (iPhone; CPU iPhone OS 13_2_3 like Mac OS X) AppleWebKit/605.1.15 (KHTML, like Gecko) Version/13.0.3 Mobile/15E148 Safari/604.1" "-"
185.191.171.0 - - [25/Feb/2024:03:43:55 +0100] "GET /category/economia/page/10/ HTTP/1.1" 200 147167 cronicareinodearagon.com "-" "Mozilla/5.0 (compatible; SemrushBot/7~bl; +http://www.semrush.com/bot.html)" "-"
82.165.88.0 - - [25/Feb/2024:03:43:56 +0100] "POST /wp-cron.php?doing_wp_cron=1708829036.2109000682830810546875 HTTP/1.1" 200 - cronicareinodearagon.com "-" "WordPress/6.2.2; https://cronicareinodearagon.com" "-"
185.191.171.0 - - [25/Feb/2024:03:50:08 +0100] "GET /aragon/primarias-ciudadanos-andalucia-fraude-carrillo/ HTTP/1.1" 200 170748 cronicareinodearagon.com "-" "Mozilla/5.0 (compatible; SemrushBot/7~bl; +http://www.semrush.com/bot.html)" "-"
82.165.88.0 - - [25/Feb/2024:03:50:09 +0100] "POST /wp-cron.php?doing_wp_cron=1708829409.0368831157684326171875 HTTP/1.1" 200 - cronicareinodearagon.com "-" "WordPress/6.2.2; https://cronicareinodearagon.com" "-"
82.165.88.0 - - [25/Feb/2024:03:53:25 +0100] "POST /wp-cron.php?doing_wp_cron=1708829605.5527250766754150390625 HTTP/1.1" 200 - cronicareinodearagon.com "-" "WordPress/6.2.2; https://cronicareinodearagon.com" "-"
85.208.96.0 - - [25/Feb/2024:03:53:25 +0100] "GET /aragon/juzgados-andalucia-refuerzo-juan-marin/ HTTP/1.1" 200 163784 cronicareinodearagon.com "-" "Mozilla/5.0 (compatible; SemrushBot/7~bl; +http://www.semrush.com/bot.html)" "-"
85.208.96.0 - - [25/Feb/2024:03:53:28 +0100] "GET /aragon/guitarte-teruel-existe-cierre-campana/ HTTP/1.1" 200 39978 cronicareinodearagon.com "-" "Mozilla/5.0 (compatible; SemrushBot/7~bl; +http://www.semrush.com/bot.html)" "-"
185.191.171.0 - - [25/Feb/2024:03:53:32 +0100] "GET /aragon/subida-combustibles-flota-pesquera-amarrada/ HTTP/1.1" 200 165429 cronicareinodearagon.com "-" "Mozilla/5.0 (compatible; SemrushBot/7~bl; +http://www.semrush.com/bot.html)" "-"
185.191.171.0 - - [25/Feb/2024:03:53:41 +0100] "GET /aragon/segundo-debate-elecciones-19j/ HTTP/1.1" 200 166397 cronicareinodearagon.com "-" "Mozilla/5.0 (compatible; SemrushBot/7~bl; +http://www.semrush.com/bot.html)" "-"
5.255.125.0 - - [25/Feb/2024:03:54:28 +0100] "GET / HTTP/1.1" 200 336 cronicadealmeria.com "http://cronicadealmeria.com" "Mozilla/5.0 (Windows NT 6.1; Win64; x64) AppleWebKit/537.36 (KHTML, like Gecko) Chrome/67.0.3396.99 Safari/537.36" "-"
177.70.3.0 - - [25/Feb/2024:03:55:03 +0100] "POST /xmlrpc.php HTTP/1.1" 301 251 cronicareinodearagon.com "-" "Mozilla/5.0 (Windows NT 6.1; WOW64; rv:44.0) Gecko/20100101 Firefox/44.0" "-"
82.165.88.0 - - [25/Feb/2024:03:55:04 +0100] "POST /wp-cron.php?doing_wp_cron=1708829704.4216609001159667968750 HTTP/1.1" 200 - cronicareinodearagon.com "-" "WordPress/6.2.2; https://cronicareinodearagon.com" "-"
177.70.3.0 - - [25/Feb/2024:03:55:04 +0100] "POST /xmlrpc.php HTTP/1.1" 200 416 cronicareinodearagon.com "-" "Mozilla/5.0 (Windows NT 6.1; WOW64; rv:44.0) Gecko/20100101 Firefox/44.0" "-"
203.107.129.0 - - [25/Feb/2024:03:55:09 +0100] "POST /xmlrpc.php HTTP/1.1" 301 251 cronicareinodearagon.com "-" "Mozilla/5.0 (Windows NT 6.1; Win64; x64) AppleWebKit/537.36 (KHTML, like Gecko) Chrome/63.0.3239.132 Safari/537.36" "-"
2a03:b0c0:: - - [25/Feb/2024:03:55:11 +0100] "POST /xmlrpc.php HTTP/1.1" 301 251 cronicareinodearagon.com "-" "Mozilla/5.0 (Windows NT 10.0; Win64; x64) AppleWebKit/537.36 (KHTML, like Gecko) Chrome/74.0.3729.169 Safari/537.36" "-"
2a03:b0c0:: - - [25/Feb/2024:03:55:11 +0100] "POST /xmlrpc.php HTTP/1.1" 200 416 cronicareinodearagon.com "-" "Mozilla/5.0 (Windows NT 10.0; Win64; x64) AppleWebKit/537.36 (KHTML, like Gecko) Chrome/74.0.3729.169 Safari/537.36" "-"
203.107.129.0 - - [25/Feb/2024:03:55:11 +0100] "POST /xmlrpc.php HTTP/1.1" 200 416 cronicareinodearagon.com "-" "Mozilla/5.0 (Windows NT 6.1; Win64; x64) AppleWebKit/537.36 (KHTML, like Gecko) Chrome/63.0.3239.132 Safari/537.36" "-"
51.195.219.0 - - [25/Feb/2024:03:55:17 +0100] "POST /xmlrpc.php HTTP/1.1" 301 251 cronicareinodearagon.com "-" "Mozilla/5.0 (Windows NT 10.0; WOW64; rv:54.0) Gecko/20100101 Firefox/54.0" "-"
34.142.214.0 - - [25/Feb/2024:03:55:17 +0100] "POST /xmlrpc.php HTTP/1.1" 301 251 cronicareinodearagon.com "-" "Mozilla/5.0 (Windows NT 10.0; Win64; x64) AppleWebKit/537.36 (KHTML, like Gecko) Chrome/90.0.4430.93 Safari/537.36" "-"
51.195.219.0 - - [25/Feb/2024:03:55:17 +0100] "POST /xmlrpc.php HTTP/1.1" 200 416 cronicareinodearagon.com "-" "Mozilla/5.0 (Windows NT 10.0; WOW64; rv:54.0) Gecko/20100101 Firefox/54.0" "-"
34.142.214.0 - - [25/Feb/2024:03:55:18 +0100] "POST /xmlrpc.php HTTP/1.1" 200 416 cronicareinodearagon.com "-" "Mozilla/5.0 (Windows NT 10.0; Win64; x64) AppleWebKit/537.36 (KHTML, like Gecko) Chrome/90.0.4430.93 Safari/537.36" "-"
161.97.150.0 - - [25/Feb/2024:03:55:19 +0100] "POST /xmlrpc.php HTTP/1.1" 503 299 cronicareinodearagon.com "-" "Mozilla/5.0 (Windows NT 10.0; Win64; x64) AppleWebKit/537.36 (KHTML, like Gecko) Chrome/61.0.3163.100 Safari/537.36" "-"
23.102.162.0 - - [25/Feb/2024:03:55:25 +0100] "POST /xmlrpc.php HTTP/1.1" 301 251 cronicareinodearagon.com "-" "Mozilla/5.0 (Windows NT 10.0; Win64; x64) AppleWebKit/537.36 (KHTML, like Gecko) Chrome/60.0.3112.113 Safari/537.36" "-"
177.70.3.0 - - [25/Feb/2024:03:55:25 +0100] "POST /xmlrpc.php HTTP/1.1" 403 775 cronicareinodearagon.com "-" "Mozilla/5.0 (Windows NT 6.1; WOW64; rv:50.0) Gecko/20100101 Firefox/50.0" "-"
23.102.162.0 - - [25/Feb/2024:03:55:26 +0100] "POST /xmlrpc.php HTTP/1.1" 200 416 cronicareinodearagon.com "-" "Mozilla/5.0 (Windows NT 10.0; Win64; x64) AppleWebKit/537.36 (KHTML, like Gecko) Chrome/60.0.3112.113 Safari/537.36" "-"
206.189.219.0 - - [25/Feb/2024:03:55:32 +0100] "POST /xmlrpc.php HTTP/1.1" 301 251 cronicareinodearagon.com "-" "Mozilla/5.0 (Windows NT 5.1) AppleWebKit/537.36 (KHTML, like Gecko) Chrome/46.0.2490.71 Safari/537.36" "-"
206.189.219.0 - - [25/Feb/2024:03:55:33 +0100] "POST /xmlrpc.php HTTP/1.1" 200 416 cronicareinodearagon.com "-" "Mozilla/5.0 (Windows NT 5.1) AppleWebKit/537.36 (KHTML, like Gecko) Chrome/46.0.2490.71 Safari/537.36" "-"
37.97.201.0 - - [25/Feb/2024:03:55:35 +0100] "POST /xmlrpc.php HTTP/1.1" 301 251 cronicareinodearagon.com "-" "Mozilla/5.0 (Windows NT 10.0; Win64; x64) AppleWebKit/537.36 (KHTML, like Gecko) Chrome/80.0.3987.149 Safari/537.36" "-"
37.97.201.0 - - [25/Feb/2024:03:55:36 +0100] "POST /xmlrpc.php HTTP/1.1" 200 416 cronicareinodearagon.com "-" "Mozilla/5.0 (Windows NT 10.0; Win64; x64) AppleWebKit/537.36 (KHTML, like Gecko) Chrome/80.0.3987.149 Safari/537.36" "-"
20.39.198.0 - - [25/Feb/2024:03:55:37 +0100] "POST /xmlrpc.php HTTP/1.1" 301 251 cronicareinodearagon.com "-" "Mozilla/5.0 (Linux; Android 10; LM-Q710(FGN)) AppleWebKit/537.36 (KHTML, like Gecko) Chrome/91.0.4472.114 Mobile Safari/537.36" "-"
20.39.198.0 - - [25/Feb/2024:03:55:38 +0100] "POST /xmlrpc.php HTTP/1.1" 200 416 cronicareinodearagon.com "-" "Mozilla/5.0 (Linux; Android 10; LM-Q710(FGN)) AppleWebKit/537.36 (KHTML, like Gecko) Chrome/91.0.4472.114 Mobile Safari/537.36" "-"
160.20.109.0 - - [25/Feb/2024:03:55:40 +0100] "POST /xmlrpc.php HTTP/1.1" 301 251 cronicareinodearagon.com "-" "Mozilla/5.0 (Windows NT 10.0; Win64; x64; rv:57.0) Gecko/20100101 Firefox/57.0" "-"
160.20.109.0 - - [25/Feb/2024:03:55:41 +0100] "POST /xmlrpc.php HTTP/1.1" 200 416 cronicareinodearagon.com "-" "Mozilla/5.0 (Windows NT 10.0; Win64; x64; rv:57.0) Gecko/20100101 Firefox/57.0" "-"
2a03:b0c0:: - - [25/Feb/2024:03:55:46 +0100] "POST /xmlrpc.php HTTP/1.1" 403 775 cronicareinodearagon.com "-" "Mozilla/5.0 (Windows NT 6.1; WOW64; rv:42.0) Gecko/20100101 Firefox/42.0" "-"
193.168.3.0 - - [25/Feb/2024:03:55:47 +0100] "POST /xmlrpc.php HTTP/1.1" 503 299 cronicareinodearagon.com "-" "Mozilla/5.0 (Windows NT 10.0; Win64; x64) AppleWebKit/537.36 (KHTML, like Gecko) Chrome/63.0.3239.132 Safari/537.36" "-"
64.124.8.0 - - [25/Feb/2024:03:58:26 +0100] "GET /wp-content/uploads/2022/01/Pedro-Fernandez.jpg HTTP/1.1" 304 - cronicareinodearagon.com "-" "Mozilla/5.0 (compatible; ImagesiftBot; +imagesift.com)" "-"
82.165.88.0 - - [25/Feb/2024:04:00:31 +0100] "POST /wp-cron.php?doing_wp_cron=1708830031.4495890140533447265625 HTTP/1.1" 200 - cronicareinodearagon.com "-" "WordPress/6.2.2; https://cronicareinodearagon.com" "-"
85.208.96.0 - - [25/Feb/2024:04:00:31 +0100] "GET /politica/biografia-patxi-lopez/ HTTP/1.1" 200 162052 cronicareinodearagon.com "-" "Mozilla/5.0 (compatible; SemrushBot/7~bl; +http://www.semrush.com/bot.html)" "-"
2001:41d0:400:: - - [25/Feb/2024:04:01:00 +0100] "POST /xmlrpc.php HTTP/1.1" 301 251 cronicareinodearagon.com "-" "Mozilla/5.0 (Windows NT 10.0; Win64; x64) AppleWebKit/537.36 (KHTML, like Gecko) Chrome/78.0.3904.108 Safari/537.36" "-"
82.165.88.0 - - [25/Feb/2024:04:01:00 +0100] "POST /wp-cron.php?doing_wp_cron=1708830060.7839469909667968750000 HTTP/1.1" 200 - cronicareinodearagon.com "-" "WordPress/6.2.2; https://cronicareinodearagon.com" "-"
2001:41d0:400:: - - [25/Feb/2024:04:01:00 +0100] "POST /xmlrpc.php HTTP/1.1" 200 416 cronicareinodearagon.com "-" "Mozilla/5.0 (Windows NT 10.0; Win64; x64) AppleWebKit/537.36 (KHTML, like Gecko) Chrome/78.0.3904.108 Safari/537.36" "-"
2001:41d0:400:: - - [25/Feb/2024:04:01:01 +0100] "POST /xmlrpc.php HTTP/1.1" 403 775 cronicareinodearagon.com "-" "Mozilla/5.0 (Linux; Android 10; LM-Q720) AppleWebKit/537.36 (KHTML, like Gecko) Chrome/91.0.4472.114 Mobile Safari/537.36" "-"
185.191.171.0 - - [25/Feb/2024:04:01:07 +0100] "GET /economia/famp-subcomisiones-reto-demografico-elas/ HTTP/1.1" 200 167279 cronicareinodearagon.com "-" "Mozilla/5.0 (compatible; SemrushBot/7~bl; +http://www.semrush.com/bot.html)" "-"
178.128.31.0 - - [25/Feb/2024:04:01:26 +0100] "POST /xmlrpc.php HTTP/1.1" 301 251 cronicareinodearagon.com "-" "Mozilla/5.0 (Windows NT 6.1; Win64; x64) AppleWebKit/537.36 (KHTML, like Gecko) Chrome/79.0.3945.88 Safari/537.36" "-"
178.128.31.0 - - [25/Feb/2024:04:01:27 +0100] "POST /xmlrpc.php HTTP/1.1" 200 416 cronicareinodearagon.com "-" "Mozilla/5.0 (Windows NT 6.1; Win64; x64) AppleWebKit/537.36 (KHTML, like Gecko) Chrome/79.0.3945.88 Safari/537.36" "-"
74.125.212.0 - - [25/Feb/2024:04:03:32 +0100] "GET /category/economia/feed/ HTTP/1.1" 200 12913 cronicareinodearagon.com "-" "FeedFetcher-Google; (+http://www.google.com/feedfetcher.html)" "-"
85.208.96.0 - - [25/Feb/2024:04:03:52 +0100] "GET /opinion/auge-plataforma-transportistas-no-es-casual/ HTTP/1.1" 200 35757 cronicareinodearagon.com "-" "Mozilla/5.0 (compatible; SemrushBot/7~bl; +http://www.semrush.com/bot.html)" "-"
217.76.52.0 - - [25/Feb/2024:04:04:12 +0100] "POST /xmlrpc.php HTTP/1.1" 301 251 cronicareinodearagon.com "-" "Mozilla/5.0 (Windows NT 6.1; Win64; x64) AppleWebKit/537.36 (KHTML, like Gecko) Chrome/60.0.3112.90 Safari/537.36" "-"
137.184.88.0 - - [25/Feb/2024:04:04:12 +0100] "POST /xmlrpc.php HTTP/1.1" 301 251 cronicareinodearagon.com "-" "Mozilla/5.0 (Windows NT 10.0; Win64; x64) AppleWebKit/537.36 (KHTML, like Gecko) Chrome/84.0.4147.135 Safari/537.36" "-"
217.76.52.0 - - [25/Feb/2024:04:04:13 +0100] "POST /xmlrpc.php HTTP/1.1" 200 416 cronicareinodearagon.com "-" "Mozilla/5.0 (Windows NT 6.1; Win64; x64) AppleWebKit/537.36 (KHTML, like Gecko) Chrome/60.0.3112.90 Safari/537.36" "-"
137.184.88.0 - - [25/Feb/2024:04:04:13 +0100] "POST /xmlrpc.php HTTP/1.1" 200 416 cronicareinodearagon.com "-" "Mozilla/5.0 (Windows NT 10.0; Win64; x64) AppleWebKit/537.36 (KHTML, like Gecko) Chrome/84.0.4147.135 Safari/537.36" "-"
165.232.165.0 - - [25/Feb/2024:04:04:15 +0100] "POST /xmlrpc.php HTTP/1.1" 301 251 cronicareinodearagon.com "-" "Mozilla/5.0 (Windows NT 10.0; Win64; x64) AppleWebKit/537.36 (KHTML, like Gecko) Chrome/86.0.4240.198 Safari/537.36" "-"
182.44.9.0 - - [25/Feb/2024:04:04:15 +0100] "GET / HTTP/1.1" 301 245 www.cronicareinodearagon.com "-" "Mozilla/5.0 (iPhone; CPU iPhone OS 13_2_3 like Mac OS X) AppleWebKit/605.1.15 (KHTML, like Gecko) Version/13.0.3 Mobile/15E148 Safari/604.1" "-"
82.165.88.0 - - [25/Feb/2024:04:04:15 +0100] "POST /wp-cron.php?doing_wp_cron=1708830255.3341259956359863281250 HTTP/1.1" 200 - cronicareinodearagon.com "-" "WordPress/6.2.2; https://cronicareinodearagon.com" "-"
82.165.88.0 - - [25/Feb/2024:04:04:15 +0100] "POST /wp-cron.php?doing_wp_cron=1708830255.3341259956359863281250 HTTP/1.1" 200 - cronicareinodearagon.com "-" "WordPress/6.2.2; https://cronicareinodearagon.com" "-"
182.44.9.0 - - [25/Feb/2024:04:04:16 +0100] "GET / HTTP/1.1" 200 336 www.cronicadeextremadura.com "-" "Mozilla/5.0 (iPhone; CPU iPhone OS 13_2_3 like Mac OS X) AppleWebKit/605.1.15 (KHTML, like Gecko) Version/13.0.3 Mobile/15E148 Safari/604.1" "-"
165.232.165.0 - - [25/Feb/2024:04:04:16 +0100] "POST /xmlrpc.php HTTP/1.1" 200 416 cronicareinodearagon.com "-" "Mozilla/5.0 (Windows NT 10.0; Win64; x64) AppleWebKit/537.36 (KHTML, like Gecko) Chrome/86.0.4240.198 Safari/537.36" "-"
182.44.9.0 - - [25/Feb/2024:04:04:17 +0100] "GET / HTTP/1.1" 301 - www.cronicareinodearagon.com "http://www.cronicareinodearagon.com" "Mozilla/5.0 (iPhone; CPU iPhone OS 13_2_3 like Mac OS X) AppleWebKit/605.1.15 (KHTML, like Gecko) Version/13.0.3 Mobile/15E148 Safari/604.1" "-"
182.44.9.0 - - [25/Feb/2024:04:04:22 +0100] "GET / HTTP/1.1" 200 319476 cronicareinodearagon.com "https://www.cronicareinodearagon.com/" "Mozilla/5.0 (iPhone; CPU iPhone OS 13_2_3 like Mac OS X) AppleWebKit/605.1.15 (KHTML, like Gecko) Version/13.0.3 Mobile/15E148 Safari/604.1" "-"
2a06:5040:: - - [25/Feb/2024:04:04:25 +0100] "POST /xmlrpc.php HTTP/1.1" 301 251 cronicareinodearagon.com "-" "Mozilla/5.0 (Windows NT 6.1; rv:17.0) Gecko/20100101 Firefox/20.6.14" "-"
2a06:5040:: - - [25/Feb/2024:04:04:26 +0100] "POST /xmlrpc.php HTTP/1.1" 200 416 cronicareinodearagon.com "-" "Mozilla/5.0 (Windows NT 6.1; rv:17.0) Gecko/20100101 Firefox/20.6.14" "-"
149.129.132.0 - - [25/Feb/2024:04:04:33 +0100] "POST /xmlrpc.php HTTP/1.1" 301 251 cronicareinodearagon.com "-" "Mozilla/5.0 (Windows NT 6.1; Win64; x64) AppleWebKit/537.36 (KHTML, like Gecko) Chrome/74.0.3729.169 Safari/537.36" "-"
137.184.88.0 - - [25/Feb/2024:04:04:34 +0100] "POST /xmlrpc.php HTTP/1.1" 403 775 cronicareinodearagon.com "-" "Mozilla/5.0 (Windows NT 10.0; Win64; x64; rv:84.0) Gecko/20100101 Firefox/84.0" "-"
149.129.132.0 - - [25/Feb/2024:04:04:34 +0100] "POST /xmlrpc.php HTTP/1.1" 200 416 cronicareinodearagon.com "-" "Mozilla/5.0 (Windows NT 6.1; Win64; x64) AppleWebKit/537.36 (KHTML, like Gecko) Chrome/74.0.3729.169 Safari/537.36" "-"
84.200.41.0 - - [25/Feb/2024:04:04:34 +0100] "POST /xmlrpc.php HTTP/1.1" 301 251 cronicareinodearagon.com "-" "Mozilla/5.0 (Windows NT 6.1; WOW64; rv:40.0) Gecko/20100101 Firefox/40.1" "-"
84.200.41.0 - - [25/Feb/2024:04:04:35 +0100] "POST /xmlrpc.php HTTP/1.1" 200 416 cronicareinodearagon.com "-" "Mozilla/5.0 (Windows NT 6.1; WOW64; rv:40.0) Gecko/20100101 Firefox/40.1" "-"
43.128.44.0 - - [25/Feb/2024:04:04:42 +0100] "POST /xmlrpc.php HTTP/1.1" 301 251 cronicareinodearagon.com "-" "Mozilla/5.0 (Windows NT 6.1; WOW64; rv:50.0) Gecko/20100101 Firefox/50.0" "-"
137.184.180.0 - - [25/Feb/2024:04:04:43 +0100] "POST /xmlrpc.php HTTP/1.1" 301 251 cronicareinodearagon.com "-" "Mozilla/5.0 (Windows NT 10.0; WOW64) AppleWebKit/537.36 (KHTML, like Gecko) Chrome/91.0.4472.114 Safari/537.36" "-"
137.184.180.0 - - [25/Feb/2024:04:04:44 +0100] "POST /xmlrpc.php HTTP/1.1" 200 416 cronicareinodearagon.com "-" "Mozilla/5.0 (Windows NT 10.0; WOW64) AppleWebKit/537.36 (KHTML, like Gecko) Chrome/91.0.4472.114 Safari/537.36" "-"
82.165.88.0 - - [25/Feb/2024:04:04:44 +0100] "POST /wp-cron.php?doing_wp_cron=1708830284.5982520580291748046875 HTTP/1.1" 200 - cronicareinodearagon.com "-" "WordPress/6.2.2; https://cronicareinodearagon.com" "-"
43.128.44.0 - - [25/Feb/2024:04:04:44 +0100] "POST /xmlrpc.php HTTP/1.1" 200 416 cronicareinodearagon.com "-" "Mozilla/5.0 (Windows NT 6.1; WOW64; rv:50.0) Gecko/20100101 Firefox/50.0" "-"
47.108.222.0 - - [25/Feb/2024:04:04:50 +0100] "POST /xmlrpc.php HTTP/1.1" 301 251 cronicareinodearagon.com "-" "Mozilla/5.0 (iPod; CPU iPhone OS 14_6 like Mac OS X) AppleWebKit/605.1.15 (KHTML, like Gecko) CriOS/91.0.4472.80 Mobile/15E148 Safari/604.1" "-"
123.56.69.0 - - [25/Feb/2024:04:04:50 +0100] "POST /xmlrpc.php HTTP/1.1" 301 251 cronicareinodearagon.com "-" "Mozilla/5.0 (Linux; Android 6.0.1; RedMi Note 5 Build/RB3N5C; wv) AppleWebKit/537.36 (KHTML, like Gecko) Version/4.0 Chrome/68.0.3440.91 Mobile Safari/537.36" "-"
103.146.22.0 - - [25/Feb/2024:04:04:51 +0100] "POST /xmlrpc.php HTTP/1.1" 301 251 cronicareinodearagon.com "-" "Mozilla/5.0 (Windows NT 6.1) AppleWebKit/537.36 (KHTML, like Gecko) Chrome/56.0.2924.76 Safari/537.36" "-"
47.108.222.0 - - [25/Feb/2024:04:04:51 +0100] "POST /xmlrpc.php HTTP/1.1" 200 416 cronicareinodearagon.com "-" "Mozilla/5.0 (iPod; CPU iPhone OS 14_6 like Mac OS X) AppleWebKit/605.1.15 (KHTML, like Gecko) CriOS/91.0.4472.80 Mobile/15E148 Safari/604.1" "-"
123.56.69.0 - - [25/Feb/2024:04:04:52 +0100] "POST /xmlrpc.php HTTP/1.1" 200 416 cronicareinodearagon.com "-" "Mozilla/5.0 (Linux; Android 6.0.1; RedMi Note 5 Build/RB3N5C; wv) AppleWebKit/537.36 (KHTML, like Gecko) Version/4.0 Chrome/68.0.3440.91 Mobile Safari/537.36" "-"
103.146.22.0 - - [25/Feb/2024:04:04:52 +0100] "POST /xmlrpc.php HTTP/1.1" 200 416 cronicareinodearagon.com "-" "Mozilla/5.0 (Windows NT 6.1) AppleWebKit/537.36 (KHTML, like Gecko) Chrome/56.0.2924.76 Safari/537.36" "-"
106.15.10.0 - - [25/Feb/2024:04:04:56 +0100] "POST /xmlrpc.php HTTP/1.1" 503 299 cronicareinodearagon.com "-" "Mozilla/5.0 (Windows NT 10.0; Win64; x64) AppleWebKit/537.36 (KHTML, like Gecko) Chrome/61.0.3163.100 Safari/537.36" "-"
43.128.44.0 - - [25/Feb/2024:04:04:57 +0100] "POST /xmlrpc.php HTTP/1.1" 403 775 cronicareinodearagon.com "-" "Mozilla/5.0 (Windows NT 10.0; Win64; x64; rv:85.0) Gecko/20100101 Firefox/85.0" "-"
2607:f130:: - - [25/Feb/2024:04:05:06 +0100] "POST /xmlrpc.php HTTP/1.1" 301 251 cronicareinodearagon.com "-" "Mozilla/5.0 (Windows NT 10.0; WOW64) AppleWebKit/537.36 (KHTML, like Gecko) Chrome/72.0.3626.121 Safari/537.36" "-"
2607:f130:: - - [25/Feb/2024:04:05:07 +0100] "POST /xmlrpc.php HTTP/1.1" 200 416 cronicareinodearagon.com "-" "Mozilla/5.0 (Windows NT 10.0; WOW64) AppleWebKit/537.36 (KHTML, like Gecko) Chrome/72.0.3626.121 Safari/537.36" "-"
103.146.22.0 - - [25/Feb/2024:04:05:09 +0100] "POST /xmlrpc.php HTTP/1.1" 403 775 cronicareinodearagon.com "-" "Mozilla/5.0 (Linux; Android 10; LM-X420) AppleWebKit/537.36 (KHTML, like Gecko) Chrome/91.0.4472.114 Mobile Safari/537.36" "-"
82.165.88.0 - - [25/Feb/2024:04:09:10 +0100] "POST /wp-cron.php?doing_wp_cron=1708830550.6960380077362060546875 HTTP/1.1" 200 - cronicareinodearagon.com "-" "WordPress/6.2.2; https://cronicareinodearagon.com" "-"
85.208.96.0 - - [25/Feb/2024:04:09:10 +0100] "GET /aragon/psoe-aragon-lamban-cierra-campana/ HTTP/1.1" 200 167176 cronicareinodearagon.com "-" "Mozilla/5.0 (compatible; SemrushBot/7~bl; +http://www.semrush.com/bot.html)" "-"
49.7.227.0 - - [25/Feb/2024:04:11:15 +0100] "GET / HTTP/1.1" 200 336 www.grupocronicaenlibertad.com "-" "Mozilla/5.0 (iPhone; CPU iPhone OS 13_2_3 like Mac OS X) AppleWebKit/605.1.15 (KHTML, like Gecko) Version/13.0.3 Mobile/15E148 Safari/604.1" "-"
82.165.88.0 - - [25/Feb/2024:04:12:12 +0100] "POST /wp-cron.php?doing_wp_cron=1708830732.5253379344940185546875 HTTP/1.1" 200 - cronicareinodearagon.com "-" "WordPress/6.2.2; https://cronicareinodearagon.com" "-"
185.191.171.0 - - [25/Feb/2024:04:12:12 +0100] "GET /aragon/andalucia-pinchazo-maltrato-agresion-sumision-quimica-protocolo/ HTTP/1.1" 200 164166 cronicareinodearagon.com "-" "Mozilla/5.0 (compatible; SemrushBot/7~bl; +http://www.semrush.com/bot.html)" "-"
2001:41d0:400:: - - [25/Feb/2024:04:13:04 +0100] "POST /xmlrpc.php HTTP/1.1" 200 416 cronicareinodearagon.com "-" "Mozilla/5.0 (Windows NT 5.1; Win64; x64) AppleWebKit/537.36 (KHTML, like Gecko) Chrome/60.0.3112.90 Safari/537.36" "-"
82.165.88.0 - - [25/Feb/2024:04:13:05 +0100] "POST /wp-cron.php?doing_wp_cron=1708830785.2912518978118896484375 HTTP/1.1" 200 - cronicareinodearagon.com "-" "WordPress/6.2.2; https://cronicareinodearagon.com" "-"
167.86.102.0 - - [25/Feb/2024:04:13:48 +0100] "POST /xmlrpc.php HTTP/1.1" 200 416 cronicareinodearagon.com "-" "Mozilla/5.0 (Windows NT 6.1; WOW64) AppleWebKit/537.1 (KHTML, like Gecko) Chrome/21.0.1180.83 Safari/537.1" "-"
82.165.88.0 - - [25/Feb/2024:04:13:49 +0100] "POST /wp-cron.php?doing_wp_cron=1708830829.1712629795074462890625 HTTP/1.1" 200 - cronicareinodearagon.com "-" "WordPress/6.2.2; https://cronicareinodearagon.com" "-"
23.92.30.0 - - [25/Feb/2024:04:14:41 +0100] "GET /wp-content/plugins/essential-addons-for-elementor-lite/readme.txt HTTP/1.1" 404 596 cronicadearagon.com "www.google.com" "Mozilla/6.4 (Windows NT 11.1) Gecko/2010102 Firefox/99.0" "-"
180.110.203.0 - - [25/Feb/2024:04:16:08 +0100] "GET / HTTP/1.1" 200 336 www.cronicadelpaisvalenciano.com "-" "Mozilla/5.0 (iPhone; CPU iPhone OS 13_2_3 like Mac OS X) AppleWebKit/605.1.15 (KHTML, like Gecko) Version/13.0.3 Mobile/15E148 Safari/604.1" "-"
82.165.88.0 - - [25/Feb/2024:04:16:34 +0100] "POST /wp-cron.php?doing_wp_cron=1708830994.7445108890533447265625 HTTP/1.1" 200 - cronicareinodearagon.com "-" "WordPress/6.2.2; https://cronicareinodearagon.com" "-"
85.208.96.0 - - [25/Feb/2024:04:16:34 +0100] "GET /category/sociedad/page/36/ HTTP/1.1" 200 147409 cronicareinodearagon.com "-" "Mozilla/5.0 (compatible; SemrushBot/7~bl; +http://www.semrush.com/bot.html)" "-"
40.77.167.0 - - [25/Feb/2024:04:16:41 +0100] "GET /robots.txt HTTP/1.1" 200 188 cronicadecadiz.com "-" "Mozilla/5.0 AppleWebKit/537.36 (KHTML, like Gecko; compatible; bingbot/2.0; +http://www.bing.com/bingbot.htm) Chrome/116.0.1938.76 Safari/537.36" "-"
52.167.144.0 - - [25/Feb/2024:04:16:44 +0100] "GET / HTTP/1.1" 200 336 cronicadecadiz.com "-" "Mozilla/5.0 AppleWebKit/537.36 (KHTML, like Gecko; compatible; bingbot/2.0; +http://www.bing.com/bingbot.htm) Chrome/116.0.1938.76 Safari/537.36" "-"
185.191.171.0 - - [25/Feb/2024:04:18:21 +0100] "GET /sociedad/extinguido-incendio-valdevaqueros/ HTTP/1.1" 200 157310 cronicareinodearagon.com "-" "Mozilla/5.0 (compatible; SemrushBot/7~bl; +http://www.semrush.com/bot.html)" "-"
82.165.88.0 - - [25/Feb/2024:04:18:22 +0100] "POST /wp-cron.php?doing_wp_cron=1708831102.0195789337158203125000 HTTP/1.1" 200 - cronicareinodearagon.com "-" "WordPress/6.2.2; https://cronicareinodearagon.com" "-"
101.68.211.0 - - [25/Feb/2024:04:19:43 +0100] "GET / HTTP/1.1" 200 336 cronicadesevilla.com "-" "Mozilla/5.0 (Windows NT 6.1) AppleWebKit/537.36 (KHTML, like Gecko) Chrome/71.0.2623.112 Safari/537.36" "-"
