217.76.155.0 - - [25/Feb/2024:08:19:25 +0100] "GET /wp-admin/maint/plugins.php HTTP/1.1" 301 267 cronicareinodearagon.com "cronicareinodearagon.com" "Mozilla/5.0 (Windows NT 10.0; Win64; x64) AppleWebKit/537.36 (KHTML, like Gecko) Chrome/121.0.0.0 Safari/537.36" "-"
217.76.155.0 - - [25/Feb/2024:08:19:25 +0100] "GET /wp-admin/maint/plugins.php HTTP/1.1" 404 144885 cronicareinodearagon.com "cronicareinodearagon.com" "Mozilla/5.0 (Windows NT 10.0; Win64; x64) AppleWebKit/537.36 (KHTML, like Gecko) Chrome/121.0.0.0 Safari/537.36" "-"
2406:da1c:200:: - - [25/Feb/2024:08:19:33 +0100] "GET /wp-includes/fonts/plugins.php HTTP/1.1" 301 270 cronicareinodearagon.com "cronicareinodearagon.com" "Mozilla/5.0 (Windows NT 10.0; Win64; x64) AppleWebKit/537.36 (KHTML, like Gecko) Chrome/121.0.0.0 Safari/537.36" "-"
2406:da1c:200:: - - [25/Feb/2024:08:19:35 +0100] "GET /wp-includes/fonts/plugins.php HTTP/1.1" 404 144894 cronicareinodearagon.com "cronicareinodearagon.com" "Mozilla/5.0 (Windows NT 10.0; Win64; x64) AppleWebKit/537.36 (KHTML, like Gecko) Chrome/121.0.0.0 Safari/537.36" "-"
217.76.155.0 - - [25/Feb/2024:08:19:47 +0100] "GET /wp-includes/theme-compat/plugins.php HTTP/1.1" 301 277 cronicareinodearagon.com "cronicareinodearagon.com" "Mozilla/5.0 (Windows NT 10.0; Win64; x64) AppleWebKit/537.36 (KHTML, like Gecko) Chrome/121.0.0.0 Safari/537.36" "-"
217.76.155.0 - - [25/Feb/2024:08:19:47 +0100] "GET /wp-includes/theme-compat/plugins.php HTTP/1.1" 404 144915 cronicareinodearagon.com "cronicareinodearagon.com" "Mozilla/5.0 (Windows NT 10.0; Win64; x64) AppleWebKit/537.36 (KHTML, like Gecko) Chrome/121.0.0.0 Safari/537.36" "-"
82.165.88.0 - - [25/Feb/2024:08:19:48 +0100] "POST /wp-cron.php?doing_wp_cron=1708845588.0634279251098632812500 HTTP/1.1" 200 - cronicareinodearagon.com "-" "WordPress/6.2.2; https://cronicareinodearagon.com" "-"
217.76.155.0 - - [25/Feb/2024:08:19:53 +0100] "GET /wp-includes/ID3/plugins.php HTTP/1.1" 301 268 cronicareinodearagon.com "cronicareinodearagon.com" "Mozilla/5.0 (Windows NT 10.0; Win64; x64) AppleWebKit/537.36 (KHTML, like Gecko) Chrome/121.0.0.0 Safari/537.36" "-"
217.76.155.0 - - [25/Feb/2024:08:19:53 +0100] "GET /wp-includes/ID3/plugins.php HTTP/1.1" 404 144888 cronicareinodearagon.com "cronicareinodearagon.com" "Mozilla/5.0 (Windows NT 10.0; Win64; x64) AppleWebKit/537.36 (KHTML, like Gecko) Chrome/121.0.0.0 Safari/537.36" "-"
85.208.96.0 - - [25/Feb/2024:08:20:06 +0100] "GET /sociedad/diputacion-teruel-campana-escolar-dinopolis/ HTTP/1.1" 200 166640 cronicareinodearagon.com "-" "Mozilla/5.0 (compatible; SemrushBot/7~bl; +http://www.semrush.com/bot.html)" "-"
2406:da1c:200:: - - [25/Feb/2024:08:20:23 +0100] "GET /wp-includes/assets/plugins.php HTTP/1.1" 301 271 cronicareinodearagon.com "cronicareinodearagon.com" "Mozilla/5.0 (Windows NT 10.0; Win64; x64) AppleWebKit/537.36 (KHTML, like Gecko) Chrome/121.0.0.0 Safari/537.36" "-"
2406:da1c:200:: - - [25/Feb/2024:08:20:24 +0100] "GET /wp-includes/assets/plugins.php HTTP/1.1" 404 144897 cronicareinodearagon.com "cronicareinodearagon.com" "Mozilla/5.0 (Windows NT 10.0; Win64; x64) AppleWebKit/537.36 (KHTML, like Gecko) Chrome/121.0.0.0 Safari/537.36" "-"
2406:da1c:200:: - - [25/Feb/2024:08:20:46 +0100] "GET /wp-content/themes/themes.php HTTP/1.1" 301 269 cronicareinodearagon.com "cronicareinodearagon.com" "Mozilla/5.0 (Windows NT 10.0; Win64; x64) AppleWebKit/537.36 (KHTML, like Gecko) Chrome/121.0.0.0 Safari/537.36" "-"
82.165.88.0 - - [25/Feb/2024:08:20:48 +0100] "POST /wp-cron.php?doing_wp_cron=1708845648.5333569049835205078125 HTTP/1.1" 200 - cronicareinodearagon.com "-" "WordPress/6.2.2; https://cronicareinodearagon.com" "-"
2406:da1c:200:: - - [25/Feb/2024:08:20:48 +0100] "GET /wp-content/themes/themes.php HTTP/1.1" 404 144891 cronicareinodearagon.com "cronicareinodearagon.com" "Mozilla/5.0 (Windows NT 10.0; Win64; x64) AppleWebKit/537.36 (KHTML, like Gecko) Chrome/121.0.0.0 Safari/537.36" "-"
2406:da1c:200:: - - [25/Feb/2024:08:21:40 +0100] "GET /cgi-bin/plugins.php HTTP/1.1" 404 596 cronicareinodearagon.com "cronicareinodearagon.com" "Mozilla/5.0 (Windows NT 10.0; Win64; x64) AppleWebKit/537.36 (KHTML, like Gecko) Chrome/121.0.0.0 Safari/537.36" "-"
2406:da1c:200:: - - [25/Feb/2024:08:21:52 +0100] "GET /wp-admin/user/plugins.php HTTP/1.1" 301 266 cronicareinodearagon.com "cronicareinodearagon.com" "Mozilla/5.0 (Windows NT 10.0; Win64; x64) AppleWebKit/537.36 (KHTML, like Gecko) Chrome/121.0.0.0 Safari/537.36" "-"
82.165.88.0 - - [25/Feb/2024:08:21:53 +0100] "POST /wp-cron.php?doing_wp_cron=1708845713.7576100826263427734375 HTTP/1.1" 200 - cronicareinodearagon.com "-" "WordPress/6.2.2; https://cronicareinodearagon.com" "-"
2406:da1c:200:: - - [25/Feb/2024:08:21:53 +0100] "GET /wp-admin/user/plugins.php HTTP/1.1" 404 144882 cronicareinodearagon.com "cronicareinodearagon.com" "Mozilla/5.0 (Windows NT 10.0; Win64; x64) AppleWebKit/537.36 (KHTML, like Gecko) Chrome/121.0.0.0 Safari/537.36" "-"
185.191.171.0 - - [25/Feb/2024:08:22:05 +0100] "GET /america/el-templo-de-los-mercaderes/ HTTP/1.1" 200 42688 cronicareinodearagon.com "-" "Mozilla/5.0 (compatible; SemrushBot/7~bl; +http://www.semrush.com/bot.html)" "-"
217.76.155.0 - - [25/Feb/2024:08:22:18 +0100] "GET /wp-includes/Text/plugins.php HTTP/1.1" 301 269 cronicareinodearagon.com "cronicareinodearagon.com" "Mozilla/5.0 (Windows NT 10.0; Win64; x64) AppleWebKit/537.36 (KHTML, like Gecko) Chrome/121.0.0.0 Safari/537.36" "-"
82.165.88.0 - - [25/Feb/2024:08:22:18 +0100] "POST /wp-cron.php?doing_wp_cron=1708845738.8905880451202392578125 HTTP/1.1" 200 - cronicareinodearagon.com "-" "WordPress/6.2.2; https://cronicareinodearagon.com" "-"
217.76.155.0 - - [25/Feb/2024:08:22:18 +0100] "GET /wp-includes/Text/plugins.php HTTP/1.1" 404 144891 cronicareinodearagon.com "cronicareinodearagon.com" "Mozilla/5.0 (Windows NT 10.0; Win64; x64) AppleWebKit/537.36 (KHTML, like Gecko) Chrome/121.0.0.0 Safari/537.36" "-"
217.76.155.0 - - [25/Feb/2024:08:22:43 +0100] "GET /wp-includes/Requests/plugins.php HTTP/1.1" 301 273 cronicareinodearagon.com "cronicareinodearagon.com" "Mozilla/5.0 (Windows NT 10.0; Win64; x64) AppleWebKit/537.36 (KHTML, like Gecko) Chrome/121.0.0.0 Safari/537.36" "-"
82.165.88.0 - - [25/Feb/2024:08:22:43 +0100] "POST /wp-cron.php?doing_wp_cron=1708845763.7216429710388183593750 HTTP/1.1" 200 - cronicareinodearagon.com "-" "WordPress/6.2.2; https://cronicareinodearagon.com" "-"
217.76.155.0 - - [25/Feb/2024:08:22:43 +0100] "GET /wp-includes/Requests/plugins.php HTTP/1.1" 404 144903 cronicareinodearagon.com "cronicareinodearagon.com" "Mozilla/5.0 (Windows NT 10.0; Win64; x64) AppleWebKit/537.36 (KHTML, like Gecko) Chrome/121.0.0.0 Safari/537.36" "-"
66.249.84.0 - - [25/Feb/2024:08:23:11 +0100] "GET /category/sociedad/feed/ HTTP/1.1" 200 16233 cronicareinodearagon.com "-" "FeedFetcher-Google; (+http://www.google.com/feedfetcher.html)" "-"
2406:da1c:200:: - - [25/Feb/2024:08:23:16 +0100] "GET /wp-content/pm.php HTTP/1.1" 301 258 cronicareinodearagon.com "cronicareinodearagon.com" "Mozilla/5.0 (Windows NT 10.0; Win64; x64) AppleWebKit/537.36 (KHTML, like Gecko) Chrome/121.0.0.0 Safari/537.36" "-"
2406:da1c:200:: - - [25/Feb/2024:08:23:17 +0100] "GET /wp-content/pm.php HTTP/1.1" 404 144857 cronicareinodearagon.com "cronicareinodearagon.com" "Mozilla/5.0 (Windows NT 10.0; Win64; x64) AppleWebKit/537.36 (KHTML, like Gecko) Chrome/121.0.0.0 Safari/537.36" "-"
217.76.155.0 - - [25/Feb/2024:08:23:44 +0100] "GET /wp-includes/IXR/plugins.php HTTP/1.1" 301 268 cronicareinodearagon.com "cronicareinodearagon.com" "Mozilla/5.0 (Windows NT 10.0; Win64; x64) AppleWebKit/537.36 (KHTML, like Gecko) Chrome/121.0.0.0 Safari/537.36" "-"
82.165.88.0 - - [25/Feb/2024:08:23:44 +0100] "POST /wp-cron.php?doing_wp_cron=1708845824.8914558887481689453125 HTTP/1.1" 200 - cronicareinodearagon.com "-" "WordPress/6.2.2; https://cronicareinodearagon.com" "-"
217.76.155.0 - - [25/Feb/2024:08:23:44 +0100] "GET /wp-includes/IXR/plugins.php HTTP/1.1" 404 144888 cronicareinodearagon.com "cronicareinodearagon.com" "Mozilla/5.0 (Windows NT 10.0; Win64; x64) AppleWebKit/537.36 (KHTML, like Gecko) Chrome/121.0.0.0 Safari/537.36" "-"
217.76.155.0 - - [25/Feb/2024:08:24:25 +0100] "GET /.well-known/plugins.php HTTP/1.1" 301 264 cronicareinodearagon.com "cronicareinodearagon.com" "Mozilla/5.0 (Windows NT 10.0; Win64; x64) AppleWebKit/537.36 (KHTML, like Gecko) Chrome/121.0.0.0 Safari/537.36" "-"
217.76.155.0 - - [25/Feb/2024:08:24:25 +0100] "GET /.well-known/plugins.php HTTP/1.1" 404 144875 cronicareinodearagon.com "cronicareinodearagon.com" "Mozilla/5.0 (Windows NT 10.0; Win64; x64) AppleWebKit/537.36 (KHTML, like Gecko) Chrome/121.0.0.0 Safari/537.36" "-"
2406:da1c:200:: - - [25/Feb/2024:08:24:37 +0100] "GET /wp-includes/PHPMailer/plugins.php HTTP/1.1" 301 274 cronicareinodearagon.com "cronicareinodearagon.com" "Mozilla/5.0 (Windows NT 10.0; Win64; x64) AppleWebKit/537.36 (KHTML, like Gecko) Chrome/121.0.0.0 Safari/537.36" "-"
2406:da1c:200:: - - [25/Feb/2024:08:24:38 +0100] "GET /wp-includes/PHPMailer/plugins.php HTTP/1.1" 404 144906 cronicareinodearagon.com "cronicareinodearagon.com" "Mozilla/5.0 (Windows NT 10.0; Win64; x64) AppleWebKit/537.36 (KHTML, like Gecko) Chrome/121.0.0.0 Safari/537.36" "-"
217.76.155.0 - - [25/Feb/2024:08:25:08 +0100] "GET /wp-content/plugins/core/include.php HTTP/1.1" 301 276 cronicareinodearagon.com "cronicareinodearagon.com" "Mozilla/5.0 (Windows NT 10.0; Win64; x64) AppleWebKit/537.36 (KHTML, like Gecko) Chrome/121.0.0.0 Safari/537.36" "-"
217.76.155.0 - - [25/Feb/2024:08:25:08 +0100] "GET /wp-content/plugins/core/include.php HTTP/1.1" 404 144913 cronicareinodearagon.com "cronicareinodearagon.com" "Mozilla/5.0 (Windows NT 10.0; Win64; x64) AppleWebKit/537.36 (KHTML, like Gecko) Chrome/121.0.0.0 Safari/537.36" "-"
82.165.88.0 - - [25/Feb/2024:08:25:09 +0100] "POST /wp-cron.php?doing_wp_cron=1708845909.1949000358581542968750 HTTP/1.1" 200 - cronicareinodearagon.com "-" "WordPress/6.2.2; https://cronicareinodearagon.com" "-"
45.117.162.0 - - [25/Feb/2024:08:25:11 +0100] "POST /xmlrpc.php HTTP/1.1" 200 414 cronicareinodearagon.com "-" "Mozilla/5.0 (X11; Fedora; Linux x86_64; rv:94.0) Gecko/20100101 Firefox/95.0" "-"
217.76.155.0 - - [25/Feb/2024:08:25:26 +0100] "GET /wp-includes/plugins.php HTTP/1.1" 301 264 cronicareinodearagon.com "cronicareinodearagon.com" "Mozilla/5.0 (Windows NT 10.0; Win64; x64) AppleWebKit/537.36 (KHTML, like Gecko) Chrome/121.0.0.0 Safari/537.36" "-"
217.76.155.0 - - [25/Feb/2024:08:25:26 +0100] "GET /wp-includes/plugins.php HTTP/1.1" 404 144875 cronicareinodearagon.com "cronicareinodearagon.com" "Mozilla/5.0 (Windows NT 10.0; Win64; x64) AppleWebKit/537.36 (KHTML, like Gecko) Chrome/121.0.0.0 Safari/537.36" "-"
217.76.155.0 - - [25/Feb/2024:08:25:53 +0100] "GET /wp-admin/includes/plugins.php HTTP/1.1" 301 270 cronicareinodearagon.com "cronicareinodearagon.com" "Mozilla/5.0 (Windows NT 10.0; Win64; x64) AppleWebKit/537.36 (KHTML, like Gecko) Chrome/121.0.0.0 Safari/537.36" "-"
82.165.88.0 - - [25/Feb/2024:08:25:58 +0100] "POST /wp-cron.php?doing_wp_cron=1708845958.8229019641876220703125 HTTP/1.1" 200 - cronicareinodearagon.com "-" "WordPress/6.2.2; https://cronicareinodearagon.com" "-"
217.76.155.0 - - [25/Feb/2024:08:25:58 +0100] "GET /wp-admin/includes/plugins.php HTTP/1.1" 404 144894 cronicareinodearagon.com "cronicareinodearagon.com" "Mozilla/5.0 (Windows NT 10.0; Win64; x64) AppleWebKit/537.36 (KHTML, like Gecko) Chrome/121.0.0.0 Safari/537.36" "-"
2406:da1c:200:: - - [25/Feb/2024:08:26:27 +0100] "GET /wp-includes/certificates/plugins.php HTTP/1.1" 301 277 cronicareinodearagon.com "cronicareinodearagon.com" "Mozilla/5.0 (Windows NT 10.0; Win64; x64) AppleWebKit/537.36 (KHTML, like Gecko) Chrome/121.0.0.0 Safari/537.36" "-"
2406:da1c:200:: - - [25/Feb/2024:08:26:28 +0100] "GET /wp-includes/certificates/plugins.php HTTP/1.1" 404 144915 cronicareinodearagon.com "cronicareinodearagon.com" "Mozilla/5.0 (Windows NT 10.0; Win64; x64) AppleWebKit/537.36 (KHTML, like Gecko) Chrome/121.0.0.0 Safari/537.36" "-"
146.190.115.0 - - [25/Feb/2024:08:27:02 +0100] "GET / HTTP/1.1" 200 336 cronicadegranada.com "-" "Mozilla/5.0 (X11; Linux x86_64) AppleWebKit/537.36 (KHTML, like Gecko) Chrome/108.0.0.0 Safari/537.36" "-"
2406:da1c:200:: - - [25/Feb/2024:08:27:11 +0100] "GET /wp-includes/images/plugins.php HTTP/1.1" 301 271 cronicareinodearagon.com "cronicareinodearagon.com" "Mozilla/5.0 (Windows NT 10.0; Win64; x64) AppleWebKit/537.36 (KHTML, like Gecko) Chrome/121.0.0.0 Safari/537.36" "-"
82.165.88.0 - - [25/Feb/2024:08:27:12 +0100] "POST /wp-cron.php?doing_wp_cron=1708846032.8661339282989501953125 HTTP/1.1" 200 - cronicareinodearagon.com "-" "WordPress/6.2.2; https://cronicareinodearagon.com" "-"
2406:da1c:200:: - - [25/Feb/2024:08:27:12 +0100] "GET /wp-includes/images/plugins.php HTTP/1.1" 404 144897 cronicareinodearagon.com "cronicareinodearagon.com" "Mozilla/5.0 (Windows NT 10.0; Win64; x64) AppleWebKit/537.36 (KHTML, like Gecko) Chrome/121.0.0.0 Safari/537.36" "-"
2406:da1c:200:: - - [25/Feb/2024:08:27:43 +0100] "GET /wp-includes/sitemaps/plugins.php HTTP/1.1" 301 273 cronicareinodearagon.com "cronicareinodearagon.com" "Mozilla/5.0 (Windows NT 10.0; Win64; x64) AppleWebKit/537.36 (KHTML, like Gecko) Chrome/121.0.0.0 Safari/537.36" "-"
82.165.88.0 - - [25/Feb/2024:08:27:44 +0100] "POST /wp-cron.php?doing_wp_cron=1708846064.7038319110870361328125 HTTP/1.1" 200 - cronicareinodearagon.com "-" "WordPress/6.2.2; https://cronicareinodearagon.com" "-"
2406:da1c:200:: - - [25/Feb/2024:08:27:44 +0100] "GET /wp-includes/sitemaps/plugins.php HTTP/1.1" 404 144903 cronicareinodearagon.com "cronicareinodearagon.com" "Mozilla/5.0 (Windows NT 10.0; Win64; x64) AppleWebKit/537.36 (KHTML, like Gecko) Chrome/121.0.0.0 Safari/537.36" "-"
17.241.219.0 - - [25/Feb/2024:08:27:52 +0100] "GET /sociedad/inversion-instalaciones-deportivas-granada/ HTTP/1.1" 200 168220 cronicareinodearagon.com "-" "Mozilla/5.0 (Macintosh; Intel Mac OS X 10_15_5) AppleWebKit/605.1.15 (KHTML, like Gecko) Version/13.1.1 Safari/605.1.15 (Applebot/0.1; +http://www.apple.com/go/applebot)" "-"
185.191.171.0 - - [25/Feb/2024:08:27:55 +0100] "GET /sociedad/festival-sonna-huesca/ HTTP/1.1" 200 168270 cronicareinodearagon.com "-" "Mozilla/5.0 (compatible; SemrushBot/7~bl; +http://www.semrush.com/bot.html)" "-"
109.197.199.0 - - [25/Feb/2024:08:28:22 +0100] "GET /aragon/sanitarios-despedidos-juan-marin-indignacion-burla/ HTTP/1.1" 200 169234 cronicareinodearagon.com "https://cronicareinodearagon.com/aragon/sanitarios-despedidos-juan-marin-indignacion-burla/" "Mozilla/5.0 (Windows NT 10.0; Win64; x64) AppleWebKit/537.36 (KHTML, like Gecko) Chrome/114.0.0.0 Safari/537.36" "-"
109.197.199.0 - - [25/Feb/2024:08:28:24 +0100] "POST /wp-comments-post.php HTTP/1.1" 302 - cronicareinodearagon.com "https://cronicareinodearagon.com/aragon/sanitarios-despedidos-juan-marin-indignacion-burla/" "Mozilla/5.0 (Windows NT 10.0; Win64; x64) AppleWebKit/537.36 (KHTML, like Gecko) Chrome/114.0.0.0 Safari/537.36" "-"
109.197.199.0 - - [25/Feb/2024:08:28:25 +0100] "GET /aragon/sanitarios-despedidos-juan-marin-indignacion-burla/ HTTP/1.1" 200 169233 cronicareinodearagon.com "https://cronicareinodearagon.com/aragon/sanitarios-despedidos-juan-marin-indignacion-burla/#comment-2986" "Mozilla/5.0 (Windows NT 10.0; Win64; x64) AppleWebKit/537.36 (KHTML, like Gecko) Chrome/114.0.0.0 Safari/537.36" "-"
82.165.88.0 - - [25/Feb/2024:08:28:44 +0100] "POST /wp-cron.php?doing_wp_cron=1708846124.8320679664611816406250 HTTP/1.1" 200 - cronicareinodearagon.com "-" "WordPress/6.2.2; https://cronicareinodearagon.com" "-"
85.208.96.0 - - [25/Feb/2024:08:28:44 +0100] "GET /aragon/congreso-psoe-andalucia-juan-espadas/ HTTP/1.1" 200 176107 cronicareinodearagon.com "-" "Mozilla/5.0 (compatible; SemrushBot/7~bl; +http://www.semrush.com/bot.html)" "-"
118.194.231.0 - - [25/Feb/2024:08:28:48 +0100] "GET / HTTP/1.1" 200 336 cronicadehuelva.com "-" "Mozilla/5.0 (Macintosh; Intel Mac OS X 10_15_7) AppleWebKit/537.36 (KHTML, like Gecko) Chrome/120.0.0.0 Safari/537.36 Edg/120.0.0.0" "-"
118.194.231.0 - - [25/Feb/2024:08:29:08 +0100] "GET /favicon.ico HTTP/1.1" 404 596 cronicadehuelva.com "-" "Mozilla/5.0 (Macintosh; Intel Mac OS X 10_7_0) AppleWebKit/535.11 (KHTML, like Gecko) Chrome/17.0.963.56 Safari/535.11" "-"
118.194.231.0 - - [25/Feb/2024:08:29:12 +0100] "GET /robots.txt HTTP/1.1" 200 188 cronicadehuelva.com "-" "Mozilla/5.0 (Macintosh; Intel Mac OS X 10_7_0) AppleWebKit/535.11 (KHTML, like Gecko) Chrome/17.0.963.56 Safari/535.11" "-"
118.194.231.0 - - [25/Feb/2024:08:29:16 +0100] "GET /sitemap.xml HTTP/1.1" 404 596 cronicadehuelva.com "-" "Mozilla/5.0 (Macintosh; Intel Mac OS X 10_7_0) AppleWebKit/535.11 (KHTML, like Gecko) Chrome/17.0.963.56 Safari/535.11" "-"
85.208.96.0 - - [25/Feb/2024:08:29:38 +0100] "GET /aragon/juan-espadas-acto-granada-sanchez/ HTTP/1.1" 200 169997 cronicareinodearagon.com "-" "Mozilla/5.0 (compatible; SemrushBot/7~bl; +http://www.semrush.com/bot.html)" "-"
217.76.155.0 - - [25/Feb/2024:08:31:58 +0100] "GET /wp-includes/pomo/plugins.php HTTP/1.1" 301 269 cronicareinodearagon.com "cronicareinodearagon.com" "Mozilla/5.0 (Windows NT 10.0; Win64; x64) AppleWebKit/537.36 (KHTML, like Gecko) Chrome/121.0.0.0 Safari/537.36" "-"
117.151.152.0 - - [25/Feb/2024:08:32:22 +0100] "GET / HTTP/1.1" 200 319421 cronicareinodearagon.com "-" "Mozilla/5.0 (Windows NT 6.1; WOW64; rv:56.0) Gecko/20100101 Firefox/56.0" "-"
217.76.155.0 - - [25/Feb/2024:08:33:57 +0100] "GET /wp-includes/js/plugins.php HTTP/1.1" 301 267 cronicareinodearagon.com "cronicareinodearagon.com" "Mozilla/5.0 (Windows NT 10.0; Win64; x64) AppleWebKit/537.36 (KHTML, like Gecko) Chrome/121.0.0.0 Safari/537.36" "-"
82.165.88.0 - - [25/Feb/2024:08:33:57 +0100] "POST /wp-cron.php?doing_wp_cron=1708846437.7407789230346679687500 HTTP/1.1" 200 - cronicareinodearagon.com "-" "WordPress/6.2.2; https://cronicareinodearagon.com" "-"
217.76.155.0 - - [25/Feb/2024:08:33:57 +0100] "GET /wp-includes/js/plugins.php HTTP/1.1" 404 144885 cronicareinodearagon.com "cronicareinodearagon.com" "Mozilla/5.0 (Windows NT 10.0; Win64; x64) AppleWebKit/537.36 (KHTML, like Gecko) Chrome/121.0.0.0 Safari/537.36" "-"
217.76.155.0 - - [25/Feb/2024:08:34:24 +0100] "GET /wp-includes/rest-api/plugins.php HTTP/1.1" 301 273 cronicareinodearagon.com "cronicareinodearagon.com" "Mozilla/5.0 (Windows NT 10.0; Win64; x64) AppleWebKit/537.36 (KHTML, like Gecko) Chrome/121.0.0.0 Safari/537.36" "-"
217.76.155.0 - - [25/Feb/2024:08:34:24 +0100] "GET /wp-includes/rest-api/plugins.php HTTP/1.1" 404 144903 cronicareinodearagon.com "cronicareinodearagon.com" "Mozilla/5.0 (Windows NT 10.0; Win64; x64) AppleWebKit/537.36 (KHTML, like Gecko) Chrome/121.0.0.0 Safari/537.36" "-"
82.165.88.0 - - [25/Feb/2024:08:36:49 +0100] "POST /wp-cron.php?doing_wp_cron=1708846609.7898859977722167968750 HTTP/1.1" 200 - cronicareinodearagon.com "-" "WordPress/6.2.2; https://cronicareinodearagon.com" "-"
85.208.96.0 - - [25/Feb/2024:08:36:49 +0100] "GET /aragon/datos-covid-andalucia-sabado/ HTTP/1.1" 200 164185 cronicareinodearagon.com "-" "Mozilla/5.0 (compatible; SemrushBot/7~bl; +http://www.semrush.com/bot.html)" "-"
74.125.212.0 - - [25/Feb/2024:08:38:22 +0100] "GET /category/economia/feed/ HTTP/1.1" 200 12913 cronicareinodearagon.com "-" "FeedFetcher-Google; (+http://www.google.com/feedfetcher.html)" "-"
185.191.171.0 - - [25/Feb/2024:08:39:01 +0100] "GET /sociedad/diputacion-granada-asistencia-terremotos-santa-fe/ HTTP/1.1" 200 170071 cronicareinodearagon.com "-" "Mozilla/5.0 (compatible; SemrushBot/7~bl; +http://www.semrush.com/bot.html)" "-"
82.165.88.0 - - [25/Feb/2024:08:39:02 +0100] "POST /wp-cron.php?doing_wp_cron=1708846742.2906739711761474609375 HTTP/1.1" 200 - cronicareinodearagon.com "-" "WordPress/6.2.2; https://cronicareinodearagon.com" "-"
85.208.96.0 - - [25/Feb/2024:08:39:13 +0100] "GET /sociedad/juicio-grupo-nazi-antas/ HTTP/1.1" 200 174118 cronicareinodearagon.com "-" "Mozilla/5.0 (compatible; SemrushBot/7~bl; +http://www.semrush.com/bot.html)" "-"
66.249.84.0 - - [25/Feb/2024:08:39:32 +0100] "GET /category/sociedad/feed/ HTTP/1.1" 200 16233 cronicareinodearagon.com "-" "FeedFetcher-Google; (+http://www.google.com/feedfetcher.html)" "-"
82.165.88.0 - - [25/Feb/2024:08:41:38 +0100] "POST /wp-cron.php?doing_wp_cron=1708846898.6231451034545898437500 HTTP/1.1" 200 - cronicareinodearagon.com "-" "WordPress/6.2.2; https://cronicareinodearagon.com" "-"
85.208.96.0 - - [25/Feb/2024:08:41:38 +0100] "GET /aragon/ayudas-gobierno-aragon-cooperativas/ HTTP/1.1" 200 164649 cronicareinodearagon.com "-" "Mozilla/5.0 (compatible; SemrushBot/7~bl; +http://www.semrush.com/bot.html)" "-"
82.165.88.0 - - [25/Feb/2024:08:42:39 +0100] "POST /wp-cron.php?doing_wp_cron=1708846959.5235919952392578125000 HTTP/1.1" 200 - cronicareinodearagon.com "-" "WordPress/6.2.2; https://cronicareinodearagon.com" "-"
85.208.96.0 - - [25/Feb/2024:08:42:39 +0100] "GET /opinion/opinion-tardigrado-suburbium/ HTTP/1.1" 200 157327 cronicareinodearagon.com "-" "Mozilla/5.0 (compatible; SemrushBot/7~bl; +http://www.semrush.com/bot.html)" "-"
85.208.96.0 - - [25/Feb/2024:08:45:46 +0100] "GET /robots.txt HTTP/1.1" 200 202 cronicareinodearagon.com "-" "Mozilla/5.0 (compatible; SemrushBot/7~bl; +http://www.semrush.com/bot.html)" "-"
82.165.88.0 - - [25/Feb/2024:08:45:47 +0100] "POST /wp-cron.php?doing_wp_cron=1708847147.1692829132080078125000 HTTP/1.1" 200 - cronicareinodearagon.com "-" "WordPress/6.2.2; https://cronicareinodearagon.com" "-"
85.208.96.0 - - [25/Feb/2024:08:45:49 +0100] "GET /category/politica/page/26/ HTTP/1.1" 200 147439 cronicareinodearagon.com "-" "Mozilla/5.0 (compatible; SemrushBot/7~bl; +http://www.semrush.com/bot.html)" "-"
185.191.171.0 - - [25/Feb/2024:08:46:18 +0100] "GET /aragon/casado-puigdemont-enmienda-presupuestos-esquilmar-andalucia/ HTTP/1.1" 200 169568 cronicareinodearagon.com "-" "Mozilla/5.0 (compatible; SemrushBot/7~bl; +http://www.semrush.com/bot.html)" "-"
37.97.201.0 - - [25/Feb/2024:08:47:03 +0100] "POST /xmlrpc.php HTTP/1.1" 301 251 cronicareinodearagon.com "-" "Mozilla/5.0 (Windows NT 10.0; Win64; x64) AppleWebKit/537.36 (KHTML, like Gecko) Chrome/84.0.4147.105 Safari/537.36" "-"
37.97.201.0 - - [25/Feb/2024:08:47:04 +0100] "POST /xmlrpc.php HTTP/1.1" 200 416 cronicareinodearagon.com "-" "Mozilla/5.0 (Windows NT 10.0; Win64; x64) AppleWebKit/537.36 (KHTML, like Gecko) Chrome/84.0.4147.105 Safari/537.36" "-"
82.165.88.0 - - [25/Feb/2024:08:47:05 +0100] "POST /wp-cron.php?doing_wp_cron=1708847225.2680909633636474609375 HTTP/1.1" 200 - cronicareinodearagon.com "-" "WordPress/6.2.2; https://cronicareinodearagon.com" "-"
37.97.201.0 - - [25/Feb/2024:08:47:07 +0100] "POST /xmlrpc.php HTTP/1.1" 403 775 cronicareinodearagon.com "-" "Mozilla/5.0 (Windows NT 6.1; WOW64; rv:40.0) Gecko/20100101 Firefox/40.1" "-"
31.24.128.0 - - [25/Feb/2024:08:47:07 +0100] "POST /xmlrpc.php HTTP/1.1" 301 251 cronicareinodearagon.com "-" "Mozilla/5.0 (Windows NT 6.2; Win64; x64) AppleWebKit/537.36 (KHTML, like Gecko) Chrome/60.0.3112.90 Safari/537.36" "-"
31.24.128.0 - - [25/Feb/2024:08:47:08 +0100] "POST /xmlrpc.php HTTP/1.1" 200 416 cronicareinodearagon.com "-" "Mozilla/5.0 (Windows NT 6.2; Win64; x64) AppleWebKit/537.36 (KHTML, like Gecko) Chrome/60.0.3112.90 Safari/537.36" "-"
200.55.240.0 - - [25/Feb/2024:08:47:14 +0100] "POST /xmlrpc.php HTTP/1.1" 301 251 cronicareinodearagon.com "-" "Mozilla/5.0 (Windows NT 10.0; Win64; x64) AppleWebKit/537.36 (KHTML, like Gecko) Chrome/80.0.3987.163 Safari/537.36" "-"
200.55.240.0 - - [25/Feb/2024:08:47:15 +0100] "POST /xmlrpc.php HTTP/1.1" 200 416 cronicareinodearagon.com "-" "Mozilla/5.0 (Windows NT 10.0; Win64; x64) AppleWebKit/537.36 (KHTML, like Gecko) Chrome/80.0.3987.163 Safari/537.36" "-"
160.153.155.0 - - [25/Feb/2024:08:47:19 +0100] "POST /xmlrpc.php HTTP/1.1" 301 251 cronicareinodearagon.com "-" "Mozilla/5.0 (Windows NT 10.0; Win64; x64; rv:63.0) Gecko/20100101 Firefox/63.0" "-"
160.153.155.0 - - [25/Feb/2024:08:47:20 +0100] "POST /xmlrpc.php HTTP/1.1" 200 416 cronicareinodearagon.com "-" "Mozilla/5.0 (Windows NT 10.0; Win64; x64; rv:63.0) Gecko/20100101 Firefox/63.0" "-"
185.191.171.0 - - [25/Feb/2024:08:47:27 +0100] "GET /aragon/espadas-alerta-abuso-poder-pp/ HTTP/1.1" 200 162225 cronicareinodearagon.com "-" "Mozilla/5.0 (compatible; SemrushBot/7~bl; +http://www.semrush.com/bot.html)" "-"
2a01:4ff:: - - [25/Feb/2024:08:47:27 +0100] "POST /xmlrpc.php HTTP/1.1" 301 251 cronicareinodearagon.com "-" "Mozilla/5.0 (iPod; CPU iPhone OS 14_6 like Mac OS X) AppleWebKit/605.1.15 (KHTML, like Gecko) CriOS/91.0.4472.80 Mobile/15E148 Safari/604.1" "-"
2a01:4ff:: - - [25/Feb/2024:08:47:28 +0100] "POST /xmlrpc.php HTTP/1.1" 200 416 cronicareinodearagon.com "-" "Mozilla/5.0 (iPod; CPU iPhone OS 14_6 like Mac OS X) AppleWebKit/605.1.15 (KHTML, like Gecko) CriOS/91.0.4472.80 Mobile/15E148 Safari/604.1" "-"
200.55.240.0 - - [25/Feb/2024:08:47:29 +0100] "POST /xmlrpc.php HTTP/1.1" 403 775 cronicareinodearagon.com "-" "Mozilla/5.0 (Windows NT 6.1; WOW64; rv:44.0) Gecko/20100101 Firefox/44.0" "-"
68.178.227.0 - - [25/Feb/2024:08:47:33 +0100] "POST /xmlrpc.php HTTP/1.1" 301 251 cronicareinodearagon.com "-" "Mozilla/5.0 (X11; Linux x86_64) AppleWebKit/537.36 (KHTML, like Gecko) Chrome/44.0.2403.157 Safari/537.36" "-"
68.178.227.0 - - [25/Feb/2024:08:47:34 +0100] "POST /xmlrpc.php HTTP/1.1" 200 416 cronicareinodearagon.com "-" "Mozilla/5.0 (X11; Linux x86_64) AppleWebKit/537.36 (KHTML, like Gecko) Chrome/44.0.2403.157 Safari/537.36" "-"
2a03:b0c0:: - - [25/Feb/2024:08:47:47 +0100] "POST /xmlrpc.php HTTP/1.1" 301 251 cronicareinodearagon.com "-" "Mozilla/5.0 (Windows NT 10.0; Win64; x64) AppleWebKit/537.36 (KHTML, like Gecko) Chrome/74.0.3729.131 Safari/537.36" "-"
82.165.88.0 - - [25/Feb/2024:08:47:48 +0100] "POST /wp-cron.php?doing_wp_cron=1708847268.4694330692291259765625 HTTP/1.1" 200 - cronicareinodearagon.com "-" "WordPress/6.2.2; https://cronicareinodearagon.com" "-"
2a03:b0c0:: - - [25/Feb/2024:08:47:48 +0100] "POST /xmlrpc.php HTTP/1.1" 200 416 cronicareinodearagon.com "-" "Mozilla/5.0 (Windows NT 10.0; Win64; x64) AppleWebKit/537.36 (KHTML, like Gecko) Chrome/74.0.3729.131 Safari/537.36" "-"
34.142.214.0 - - [25/Feb/2024:08:47:54 +0100] "POST /xmlrpc.php HTTP/1.1" 301 251 cronicareinodearagon.com "-" "Mozilla/5.0 (Windows NT 10.0; Win64; x64) AppleWebKit/537.36 (KHTML, like Gecko) Chrome/80.0.3987.149 Safari/537.36" "-"
34.142.214.0 - - [25/Feb/2024:08:47:55 +0100] "POST /xmlrpc.php HTTP/1.1" 200 416 cronicareinodearagon.com "-" "Mozilla/5.0 (Windows NT 10.0; Win64; x64) AppleWebKit/537.36 (KHTML, like Gecko) Chrome/80.0.3987.149 Safari/537.36" "-"
185.191.171.0 - - [25/Feb/2024:08:47:56 +0100] "GET /politica/presentacion-listas-izquierda-unida-teruel/ HTTP/1.1" 200 166850 cronicareinodearagon.com "-" "Mozilla/5.0 (compatible; SemrushBot/7~bl; +http://www.semrush.com/bot.html)" "-"
2a01:4f8:1c00:: - - [25/Feb/2024:08:48:01 +0100] "POST /xmlrpc.php HTTP/1.1" 301 251 cronicareinodearagon.com "-" "Mozilla/5.0 (iPad; CPU OS 14_6 like Mac OS X) AppleWebKit/605.1.15 (KHTML, like Gecko) CriOS/91.0.4472.80 Mobile/15E148 Safari/604.1" "-"
2a01:4f8:1c00:: - - [25/Feb/2024:08:48:02 +0100] "POST /xmlrpc.php HTTP/1.1" 200 416 cronicareinodearagon.com "-" "Mozilla/5.0 (iPad; CPU OS 14_6 like Mac OS X) AppleWebKit/605.1.15 (KHTML, like Gecko) CriOS/91.0.4472.80 Mobile/15E148 Safari/604.1" "-"
82.165.88.0 - - [25/Feb/2024:08:49:28 +0100] "POST /wp-cron.php?doing_wp_cron=1708847368.5646870136260986328125 HTTP/1.1" 200 - cronicareinodearagon.com "-" "WordPress/6.2.2; https://cronicareinodearagon.com" "-"
85.208.96.0 - - [25/Feb/2024:08:49:28 +0100] "GET /category/politica/page/12/ HTTP/1.1" 200 148170 cronicareinodearagon.com "-" "Mozilla/5.0 (compatible; SemrushBot/7~bl; +http://www.semrush.com/bot.html)" "-"
66.249.84.0 - - [25/Feb/2024:08:52:03 +0100] "GET /category/sociedad/feed/ HTTP/1.1" 200 16233 cronicareinodearagon.com "-" "FeedFetcher-Google; (+http://www.google.com/feedfetcher.html)" "-"
66.249.84.0 - - [25/Feb/2024:08:54:22 +0100] "GET /category/educacion/feed/ HTTP/1.1" 200 16487 cronicareinodearagon.com "-" "FeedFetcher-Google; (+http://www.google.com/feedfetcher.html)" "-"
85.208.96.0 - - [25/Feb/2024:08:54:59 +0100] "GET /aragon/andalucia-escolariza-refugiados-ucranianos/ HTTP/1.1" 200 162019 cronicareinodearagon.com "-" "Mozilla/5.0 (compatible; SemrushBot/7~bl; +http://www.semrush.com/bot.html)" "-"
82.165.88.0 - - [25/Feb/2024:08:55:00 +0100] "POST /wp-cron.php?doing_wp_cron=1708847700.0737380981445312500000 HTTP/1.1" 200 - cronicareinodearagon.com "-" "WordPress/6.2.2; https://cronicareinodearagon.com" "-"
82.165.88.0 - - [25/Feb/2024:08:55:47 +0100] "POST /wp-cron.php?doing_wp_cron=1708847747.9607639312744140625000 HTTP/1.1" 200 - cronicareinodearagon.com "-" "WordPress/6.2.2; https://cronicareinodearagon.com" "-"
5.75.182.0 - - [25/Feb/2024:08:55:47 +0100] "POST /xmlrpc.php HTTP/1.1" 200 414 cronicareinodearagon.com "-" "Mozilla/5.0 (X11; Fedora; Linux x86_64; rv:94.0) Gecko/20100101 Firefox/95.0" "-"
82.165.88.0 - - [25/Feb/2024:08:56:46 +0100] "POST /wp-cron.php?doing_wp_cron=1708847806.9124159812927246093750 HTTP/1.1" 200 - cronicareinodearagon.com "-" "WordPress/6.2.2; https://cronicareinodearagon.com" "-"
85.208.96.0 - - [25/Feb/2024:08:56:46 +0100] "GET /aragon/nochevieja-reyes-magos-restricciones/ HTTP/1.1" 200 176875 cronicareinodearagon.com "-" "Mozilla/5.0 (compatible; SemrushBot/7~bl; +http://www.semrush.com/bot.html)" "-"
185.191.171.0 - - [25/Feb/2024:08:57:10 +0100] "GET /sociedad/cultura-otono-sefardi-cordoba/ HTTP/1.1" 200 165709 cronicareinodearagon.com "-" "Mozilla/5.0 (compatible; SemrushBot/7~bl; +http://www.semrush.com/bot.html)" "-"
85.208.96.0 - - [25/Feb/2024:08:57:23 +0100] "GET /politica/ugt-inclusion-laboral-discapacidad/ HTTP/1.1" 200 172200 cronicareinodearagon.com "-" "Mozilla/5.0 (compatible; SemrushBot/7~bl; +http://www.semrush.com/bot.html)" "-"
85.208.96.0 - - [25/Feb/2024:09:04:58 +0100] "GET /aragon/marlaska-cordoba-premios-penitenciarios/ HTTP/1.1" 200 174974 cronicareinodearagon.com "-" "Mozilla/5.0 (compatible; SemrushBot/7~bl; +http://www.semrush.com/bot.html)" "-"
82.165.88.0 - - [25/Feb/2024:09:04:59 +0100] "POST /wp-cron.php?doing_wp_cron=1708848299.0448400974273681640625 HTTP/1.1" 200 - cronicareinodearagon.com "-" "WordPress/6.2.2; https://cronicareinodearagon.com" "-"
82.165.88.0 - - [25/Feb/2024:09:07:37 +0100] "POST /wp-cron.php?doing_wp_cron=1708848457.3899989128112792968750 HTTP/1.1" 200 - cronicareinodearagon.com "-" "WordPress/6.2.2; https://cronicareinodearagon.com" "-"
185.191.171.0 - - [25/Feb/2024:09:07:37 +0100] "GET /educacion/ayudas-inaem-programas-empleo-formacion/ HTTP/1.1" 200 165254 cronicareinodearagon.com "-" "Mozilla/5.0 (compatible; SemrushBot/7~bl; +http://www.semrush.com/bot.html)" "-"
66.249.84.0 - - [25/Feb/2024:09:10:27 +0100] "GET /category/politica/feed/ HTTP/1.1" 200 18273 cronicareinodearagon.com "-" "FeedFetcher-Google; (+http://www.google.com/feedfetcher.html)" "-"
185.191.171.0 - - [25/Feb/2024:09:12:15 +0100] "GET /category/politica/page/9/ HTTP/1.1" 200 147568 cronicareinodearagon.com "-" "Mozilla/5.0 (compatible; SemrushBot/7~bl; +http://www.semrush.com/bot.html)" "-"
82.165.88.0 - - [25/Feb/2024:09:12:16 +0100] "POST /wp-cron.php?doing_wp_cron=1708848736.2689020633697509765625 HTTP/1.1" 200 - cronicareinodearagon.com "-" "WordPress/6.2.2; https://cronicareinodearagon.com" "-"
82.165.88.0 - - [25/Feb/2024:09:13:21 +0100] "POST /wp-cron.php?doing_wp_cron=1708848801.6705219745635986328125 HTTP/1.1" 200 - cronicareinodearagon.com "-" "WordPress/6.2.2; https://cronicareinodearagon.com" "-"
185.191.171.0 - - [25/Feb/2024:09:13:21 +0100] "GET /sociedad/fallece-atropello-bebe-elpuerto/ HTTP/1.1" 200 157432 cronicareinodearagon.com "-" "Mozilla/5.0 (compatible; SemrushBot/7~bl; +http://www.semrush.com/bot.html)" "-"
82.165.88.0 - - [25/Feb/2024:09:14:39 +0100] "POST /wp-cron.php?doing_wp_cron=1708848879.6658589839935302734375 HTTP/1.1" 200 - cronicareinodearagon.com "-" "WordPress/6.2.2; https://cronicareinodearagon.com" "-"
185.191.171.0 - - [25/Feb/2024:09:14:39 +0100] "GET /aragon/accidentes-trafico-incremento-dgt-andalucia-fallecidos/ HTTP/1.1" 200 164961 cronicareinodearagon.com "-" "Mozilla/5.0 (compatible; SemrushBot/7~bl; +http://www.semrush.com/bot.html)" "-"
66.249.84.0 - - [25/Feb/2024:09:17:56 +0100] "GET /category/educacion/feed/ HTTP/1.1" 200 16487 cronicareinodearagon.com "-" "FeedFetcher-Google; (+http://www.google.com/feedfetcher.html)" "-"
103.154.184.0 - - [25/Feb/2024:09:19:20 +0100] "POST /xmlrpc.php HTTP/1.1" 200 414 cronicareinodearagon.com "-" "Mozilla/5.0 (X11; Fedora; Linux x86_64; rv:94.0) Gecko/20100101 Firefox/95.0" "-"
82.165.88.0 - - [25/Feb/2024:09:19:21 +0100] "POST /wp-cron.php?doing_wp_cron=1708849161.2671020030975341796875 HTTP/1.1" 200 - cronicareinodearagon.com "-" "WordPress/6.2.2; https://cronicareinodearagon.com" "-"
185.191.171.0 - - [25/Feb/2024:09:23:09 +0100] "GET /aragon/pasaporte-covid-salud-andalucia-tsja/ HTTP/1.1" 200 164610 cronicareinodearagon.com "-" "Mozilla/5.0 (compatible; SemrushBot/7~bl; +http://www.semrush.com/bot.html)" "-"
82.165.88.0 - - [25/Feb/2024:09:23:10 +0100] "POST /wp-cron.php?doing_wp_cron=1708849390.2838120460510253906250 HTTP/1.1" 200 - cronicareinodearagon.com "-" "WordPress/6.2.2; https://cronicareinodearagon.com" "-"
54.39.152.0 - - [25/Feb/2024:09:24:44 +0100] "POST /xmlrpc.php HTTP/1.1" 301 251 cronicareinodearagon.com "-" "Mozilla/5.0 (Windows NT 10.0; Win64; x64) AppleWebKit/537.36 (KHTML, like Gecko) Chrome/88.0.4324.190 Safari/537.36" "-"
82.165.88.0 - - [25/Feb/2024:09:24:45 +0100] "POST /wp-cron.php?doing_wp_cron=1708849485.7607688903808593750000 HTTP/1.1" 200 - cronicareinodearagon.com "-" "WordPress/6.2.2; https://cronicareinodearagon.com" "-"
54.39.152.0 - - [25/Feb/2024:09:24:45 +0100] "POST /xmlrpc.php HTTP/1.1" 200 416 cronicareinodearagon.com "-" "Mozilla/5.0 (Windows NT 10.0; Win64; x64) AppleWebKit/537.36 (KHTML, like Gecko) Chrome/88.0.4324.190 Safari/537.36" "-"
42.96.35.0 - - [25/Feb/2024:09:24:47 +0100] "POST /xmlrpc.php HTTP/1.1" 301 251 cronicareinodearagon.com "-" "Mozilla/5.0 (Windows NT 6.1; Win64; x64) AppleWebKit/537.36 (KHTML, like Gecko) Chrome/74.0.3729.169 Safari/537.36" "-"
42.96.35.0 - - [25/Feb/2024:09:24:48 +0100] "POST /xmlrpc.php HTTP/1.1" 200 416 cronicareinodearagon.com "-" "Mozilla/5.0 (Windows NT 6.1; Win64; x64) AppleWebKit/537.36 (KHTML, like Gecko) Chrome/74.0.3729.169 Safari/537.36" "-"
92.204.129.0 - - [25/Feb/2024:09:24:50 +0100] "POST /xmlrpc.php HTTP/1.1" 301 251 cronicareinodearagon.com "-" "Mozilla/5.0 (Windows NT 10.0; Win64; x64) AppleWebKit/537.36 (KHTML, like Gecko) Chrome/87.0.4280.88 Safari/537.36" "-"
92.204.129.0 - - [25/Feb/2024:09:24:50 +0100] "POST /xmlrpc.php HTTP/1.1" 200 416 cronicareinodearagon.com "-" "Mozilla/5.0 (Windows NT 10.0; Win64; x64) AppleWebKit/537.36 (KHTML, like Gecko) Chrome/87.0.4280.88 Safari/537.36" "-"
195.74.38.0 - - [25/Feb/2024:09:24:56 +0100] "POST /xmlrpc.php HTTP/1.1" 301 251 cronicareinodearagon.com "-" "Mozilla/5.0 (Windows NT 10.0; Win64; x64; rv:58.0) Gecko/20100101 Firefox/58.0" "-"
195.74.38.0 - - [25/Feb/2024:09:24:57 +0100] "POST /xmlrpc.php HTTP/1.1" 200 416 cronicareinodearagon.com "-" "Mozilla/5.0 (Windows NT 10.0; Win64; x64; rv:58.0) Gecko/20100101 Firefox/58.0" "-"
160.20.109.0 - - [25/Feb/2024:09:25:02 +0100] "POST /xmlrpc.php HTTP/1.1" 301 251 cronicareinodearagon.com "-" "Mozilla/5.0 (Windows NT 10.0; Win64; x64) AppleWebKit/537.36 (KHTML, like Gecko) Chrome/69.0.3497.100 Safari/537.36" "-"
160.20.109.0 - - [25/Feb/2024:09:25:02 +0100] "POST /xmlrpc.php HTTP/1.1" 200 416 cronicareinodearagon.com "-" "Mozilla/5.0 (Windows NT 10.0; Win64; x64) AppleWebKit/537.36 (KHTML, like Gecko) Chrome/69.0.3497.100 Safari/537.36" "-"
195.74.38.0 - - [25/Feb/2024:09:25:06 +0100] "POST /xmlrpc.php HTTP/1.1" 403 775 cronicareinodearagon.com "-" "Mozilla/5.0 (Windows NT 6.1; Win64; x64) AppleWebKit/537.36 (KHTML, like Gecko) Chrome/63.0.3239.132 Safari/537.36" "-"
198.12.210.0 - - [25/Feb/2024:09:25:13 +0100] "POST /xmlrpc.php HTTP/1.1" 301 251 cronicareinodearagon.com "-" "Mozilla/5.0 (Windows NT 5.1; rv:52.0) Gecko/20100101 Firefox/52.0" "-"
198.12.210.0 - - [25/Feb/2024:09:25:13 +0100] "POST /xmlrpc.php HTTP/1.1" 200 416 cronicareinodearagon.com "-" "Mozilla/5.0 (Windows NT 5.1; rv:52.0) Gecko/20100101 Firefox/52.0" "-"
65.20.138.0 - - [25/Feb/2024:09:25:17 +0100] "POST /xmlrpc.php HTTP/1.1" 301 251 cronicareinodearagon.com "-" "Mozilla/5.0 (Windows NT 10.0; Win64; x64) AppleWebKit/537.36 (KHTML, like Gecko) Chrome/74.0.3729.131 Safari/537.36" "-"
65.20.138.0 - - [25/Feb/2024:09:25:17 +0100] "POST /xmlrpc.php HTTP/1.1" 200 416 cronicareinodearagon.com "-" "Mozilla/5.0 (Windows NT 10.0; Win64; x64) AppleWebKit/537.36 (KHTML, like Gecko) Chrome/74.0.3729.131 Safari/537.36" "-"
185.198.27.0 - - [25/Feb/2024:09:25:27 +0100] "POST /xmlrpc.php HTTP/1.1" 301 251 cronicareinodearagon.com "-" "Mozilla/5.0 (Windows NT 10.0; WOW64; rv:54.0) Gecko/20100101 Firefox/54.0" "-"
185.198.27.0 - - [25/Feb/2024:09:25:28 +0100] "POST /xmlrpc.php HTTP/1.1" 200 416 cronicareinodearagon.com "-" "Mozilla/5.0 (Windows NT 10.0; WOW64; rv:54.0) Gecko/20100101 Firefox/54.0" "-"
74.125.212.0 - - [25/Feb/2024:09:26:40 +0100] "GET /category/economia/feed/ HTTP/1.1" 200 12913 cronicareinodearagon.com "-" "FeedFetcher-Google; (+http://www.google.com/feedfetcher.html)" "-"
47.102.185.0 - - [25/Feb/2024:09:27:32 +0100] "POST /xmlrpc.php HTTP/1.1" 301 251 cronicareinodearagon.com "-" "Mozilla/5.0 (Windows NT 6.1; Win64; x64) AppleWebKit/537.36 (KHTML, like Gecko) Chrome/74.0.3729.169 Safari/537.36" "-"
82.165.88.0 - - [25/Feb/2024:09:27:33 +0100] "POST /wp-cron.php?doing_wp_cron=1708849653.8310890197753906250000 HTTP/1.1" 200 - cronicareinodearagon.com "-" "WordPress/6.2.2; https://cronicareinodearagon.com" "-"
47.102.185.0 - - [25/Feb/2024:09:27:33 +0100] "POST /xmlrpc.php HTTP/1.1" 200 416 cronicareinodearagon.com "-" "Mozilla/5.0 (Windows NT 6.1; Win64; x64) AppleWebKit/537.36 (KHTML, like Gecko) Chrome/74.0.3729.169 Safari/537.36" "-"
2a03:6f00:: - - [25/Feb/2024:09:27:38 +0100] "POST /xmlrpc.php HTTP/1.1" 301 251 cronicareinodearagon.com "-" "Mozilla/5.0 (Windows NT 6.2; Win64; x64) AppleWebKit/537.36 (KHTML, like Gecko) Chrome/60.0.3112.90 Safari/537.36" "-"
2a03:6f00:: - - [25/Feb/2024:09:27:39 +0100] "POST /xmlrpc.php HTTP/1.1" 200 416 cronicareinodearagon.com "-" "Mozilla/5.0 (Windows NT 6.2; Win64; x64) AppleWebKit/537.36 (KHTML, like Gecko) Chrome/60.0.3112.90 Safari/537.36" "-"
82.165.88.0 - - [25/Feb/2024:09:27:49 +0100] "POST /wp-cron.php?doing_wp_cron=1708849669.8908870220184326171875 HTTP/1.1" 200 - cronicareinodearagon.com "-" "WordPress/6.2.2; https://cronicareinodearagon.com" "-"
209.97.145.0 - - [25/Feb/2024:09:27:49 +0100] "POST /xmlrpc.php HTTP/1.1" 200 414 cronicareinodearagon.com "-" "Mozilla/5.0 (X11; Fedora; Linux x86_64; rv:94.0) Gecko/20100101 Firefox/95.0" "-"
85.208.96.0 - - [25/Feb/2024:09:29:37 +0100] "GET /aragon/moreno-replica-marin-adelanto-electoral/ HTTP/1.1" 200 164868 cronicareinodearagon.com "-" "Mozilla/5.0 (compatible; SemrushBot/7~bl; +http://www.semrush.com/bot.html)" "-"
82.165.88.0 - - [25/Feb/2024:09:29:38 +0100] "POST /wp-cron.php?doing_wp_cron=1708849778.3312530517578125000000 HTTP/1.1" 200 - cronicareinodearagon.com "-" "WordPress/6.2.2; https://cronicareinodearagon.com" "-"
167.172.93.0 - - [25/Feb/2024:09:29:49 +0100] "GET /Mshell.php HTTP/1.1" 301 251 cronicareinodearagon.com "www.google.com" "Mozlila/5.0 (Linux; Android 7.0; SM-G892A Bulid/NRD90M; wv) AppleWebKit/537.36 (KHTML, like Gecko) Version/4.0 Chrome/60.0.3112.107 Moblie Safari/537.36" "-"
167.172.93.0 - - [25/Feb/2024:09:29:49 +0100] "GET /Mshell.php HTTP/1.1" 404 144869 cronicareinodearagon.com "www.google.com" "Mozlila/5.0 (Linux; Android 7.0; SM-G892A Bulid/NRD90M; wv) AppleWebKit/537.36 (KHTML, like Gecko) Version/4.0 Chrome/60.0.3112.107 Moblie Safari/537.36" "-"
82.165.88.0 - - [25/Feb/2024:09:29:50 +0100] "POST /wp-cron.php?doing_wp_cron=1708849790.1027989387512207031250 HTTP/1.1" 200 - cronicareinodearagon.com "-" "WordPress/6.2.2; https://cronicareinodearagon.com" "-"
195.191.219.0 - - [25/Feb/2024:09:29:55 +0100] "GET /robots.txt HTTP/1.1" 200 188 cronicadealmeria.com "-" "Mozilla/5.0 (compatible; MJ12bot/v1.4.8; http://mj12bot.com/)" "-"
195.191.219.0 - - [25/Feb/2024:09:29:57 +0100] "GET / HTTP/1.1" 200 336 cronicadealmeria.com "-" "Mozilla/5.0 (compatible; MJ12bot/v1.4.8; http://mj12bot.com/)" "-"
195.191.219.0 - - [25/Feb/2024:09:29:58 +0100] "GET /robots.txt HTTP/1.1" 200 188 www.cronicadealmeria.com "-" "Mozilla/5.0 (compatible; MJ12bot/v1.4.8; http://mj12bot.com/)" "-"
195.191.219.0 - - [25/Feb/2024:09:30:00 +0100] "GET / HTTP/1.1" 200 336 www.cronicadealmeria.com "-" "Mozilla/5.0 (compatible; MJ12bot/v1.4.8; http://mj12bot.com/)" "-"
82.165.88.0 - - [25/Feb/2024:09:31:31 +0100] "POST /wp-cron.php?doing_wp_cron=1708849891.7533369064331054687500 HTTP/1.1" 200 - cronicareinodearagon.com "-" "WordPress/6.2.2; https://cronicareinodearagon.com" "-"
195.191.219.0 - - [25/Feb/2024:09:31:31 +0100] "GET /robots.txt HTTP/1.1" 200 202 cronicareinodearagon.com "-" "Mozilla/5.0 (compatible; MJ12bot/v1.4.8; http://mj12bot.com/)" "-"
195.191.219.0 - - [25/Feb/2024:09:31:34 +0100] "GET / HTTP/1.1" 200 319421 cronicareinodearagon.com "-" "Mozilla/5.0 (compatible; MJ12bot/v1.4.8; http://mj12bot.com/)" "-"
8.209.74.0 - - [25/Feb/2024:09:33:24 +0100] "POST /xmlrpc.php HTTP/1.1" 200 416 cronicareinodearagon.com "-" "Mozilla/5.0 (Windows NT 10.0; Win64; x64; rv:63.0) Gecko/20100101 Firefox/63.0" "-"
82.165.88.0 - - [25/Feb/2024:09:33:25 +0100] "POST /wp-cron.php?doing_wp_cron=1708850005.2155709266662597656250 HTTP/1.1" 200 - cronicareinodearagon.com "-" "WordPress/6.2.2; https://cronicareinodearagon.com" "-"
82.165.88.0 - - [25/Feb/2024:09:33:42 +0100] "POST /wp-cron.php?doing_wp_cron=1708850022.7487590312957763671875 HTTP/1.1" 200 - cronicareinodearagon.com "-" "WordPress/6.2.2; https://cronicareinodearagon.com" "-"
209.141.59.0 - - [25/Feb/2024:09:33:42 +0100] "POST /xmlrpc.php HTTP/1.1" 200 416 cronicareinodearagon.com "-" "Mozilla/5.0 (X11; Linux x86_64) AppleWebKit/537.36 (KHTML, like Gecko) Chrome/44.0.2403.157 Safari/537.36" "-"
209.141.59.0 - - [25/Feb/2024:09:33:43 +0100] "POST /xmlrpc.php HTTP/1.1" 200 416 cronicareinodearagon.com "-" "Mozilla/5.0 (X11; Linux x86_64) AppleWebKit/537.36 (KHTML, like Gecko) Chrome/44.0.2403.157 Safari/537.36" "-"
209.141.59.0 - - [25/Feb/2024:09:33:44 +0100] "POST /xmlrpc.php HTTP/1.1" 403 775 cronicareinodearagon.com "-" "Mozilla/5.0 (X11; Linux x86_64) AppleWebKit/537.36 (KHTML, like Gecko) Chrome/44.0.2403.157 Safari/537.36" "-"
209.141.59.0 - - [25/Feb/2024:09:33:45 +0100] "POST /xmlrpc.php HTTP/1.1" 403 775 cronicareinodearagon.com "-" "Mozilla/5.0 (X11; Linux x86_64) AppleWebKit/537.36 (KHTML, like Gecko) Chrome/44.0.2403.157 Safari/537.36" "-"
209.141.59.0 - - [25/Feb/2024:09:33:46 +0100] "POST /xmlrpc.php HTTP/1.1" 403 775 cronicareinodearagon.com "-" "Mozilla/5.0 (X11; Linux x86_64) AppleWebKit/537.36 (KHTML, like Gecko) Chrome/44.0.2403.157 Safari/537.36" "-"
2001:41d0:400:: - - [25/Feb/2024:09:36:07 +0100] "POST /xmlrpc.php HTTP/1.1" 200 414 cronicareinodearagon.com "-" "Mozilla/5.0 (X11; Fedora; Linux x86_64; rv:94.0) Gecko/20100101 Firefox/95.0" "-"
82.165.88.0 - - [25/Feb/2024:09:36:08 +0100] "POST /wp-cron.php?doing_wp_cron=1708850168.1273889541625976562500 HTTP/1.1" 200 - cronicareinodearagon.com "-" "WordPress/6.2.2; https://cronicareinodearagon.com" "-"
193.202.110.0 - - [25/Feb/2024:09:36:54 +0100] "POST /xmlrpc.php HTTP/1.1" 301 251 cronicareinodearagon.com "-" "Mozilla/5.0 (iPod; CPU iPhone OS 14_6 like Mac OS X) AppleWebKit/605.1.15 (KHTML, like Gecko) CriOS/91.0.4472.80 Mobile/15E148 Safari/604.1" "-"
82.165.88.0 - - [25/Feb/2024:09:36:55 +0100] "POST /wp-cron.php?doing_wp_cron=1708850215.5539579391479492187500 HTTP/1.1" 200 - cronicareinodearagon.com "-" "WordPress/6.2.2; https://cronicareinodearagon.com" "-"
193.202.110.0 - - [25/Feb/2024:09:36:55 +0100] "POST /xmlrpc.php HTTP/1.1" 200 416 cronicareinodearagon.com "-" "Mozilla/5.0 (iPod; CPU iPhone OS 14_6 like Mac OS X) AppleWebKit/605.1.15 (KHTML, like Gecko) CriOS/91.0.4472.80 Mobile/15E148 Safari/604.1" "-"
137.184.207.0 - - [25/Feb/2024:09:37:03 +0100] "POST /xmlrpc.php HTTP/1.1" 301 251 cronicareinodearagon.com "-" "Mozilla/5.0 (Linux; Android 10; SM-G960U) AppleWebKit/537.36 (KHTML, like Gecko) Chrome/91.0.4472.114 Mobile Safari/537.36" "-"
137.184.207.0 - - [25/Feb/2024:09:37:04 +0100] "POST /xmlrpc.php HTTP/1.1" 200 416 cronicareinodearagon.com "-" "Mozilla/5.0 (Linux; Android 10; SM-G960U) AppleWebKit/537.36 (KHTML, like Gecko) Chrome/91.0.4472.114 Mobile Safari/537.36" "-"
137.184.207.0 - - [25/Feb/2024:09:37:05 +0100] "POST /xmlrpc.php HTTP/1.1" 403 775 cronicareinodearagon.com "-" "Mozilla/5.0 (Windows NT 6.1; WOW64; rv:43.0) Gecko/20100101 Firefox/43.0" "-"
103.146.22.0 - - [25/Feb/2024:09:37:09 +0100] "POST /xmlrpc.php HTTP/1.1" 301 251 cronicareinodearagon.com "-" "Mozilla/5.0 (Windows NT 6.1; WOW64; rv:38.0) Gecko/20100101 Firefox/38.0" "-"
103.146.22.0 - - [25/Feb/2024:09:37:10 +0100] "POST /xmlrpc.php HTTP/1.1" 200 416 cronicareinodearagon.com "-" "Mozilla/5.0 (Windows NT 6.1; WOW64; rv:38.0) Gecko/20100101 Firefox/38.0" "-"
137.184.207.0 - - [25/Feb/2024:09:37:14 +0100] "POST /xmlrpc.php HTTP/1.1" 403 775 cronicareinodearagon.com "-" "Mozilla/5.0 (Windows NT 10.0; WOW64; rv:54.0) Gecko/20100101 Firefox/54.0" "-"
103.42.58.0 - - [25/Feb/2024:09:37:19 +0100] "POST /xmlrpc.php HTTP/1.1" 503 299 cronicareinodearagon.com "-" "Mozilla/5.0 (Windows NT 10.0; Win64; x64) AppleWebKit/537.36 (KHTML, like Gecko) Chrome/61.0.3163.100 Safari/537.36" "-"
103.255.15.0 - - [25/Feb/2024:09:37:20 +0100] "POST /xmlrpc.php HTTP/1.1" 301 251 cronicareinodearagon.com "-" "Mozilla/5.0 (Windows NT 5.1; rv:30.0) Gecko/20100101 Firefox/30.0" "-"
47.108.222.0 - - [25/Feb/2024:09:37:20 +0100] "POST /xmlrpc.php HTTP/1.1" 301 251 cronicareinodearagon.com "-" "Mozilla/5.0 (Windows NT 5.1; rv:52.0) Gecko/20100101 Firefox/52.0" "-"
47.108.222.0 - - [25/Feb/2024:09:37:21 +0100] "POST /xmlrpc.php HTTP/1.1" 200 416 cronicareinodearagon.com "-" "Mozilla/5.0 (Windows NT 5.1; rv:52.0) Gecko/20100101 Firefox/52.0" "-"
103.255.15.0 - - [25/Feb/2024:09:37:21 +0100] "POST /xmlrpc.php HTTP/1.1" 200 416 cronicareinodearagon.com "-" "Mozilla/5.0 (Windows NT 5.1; rv:30.0) Gecko/20100101 Firefox/30.0" "-"
68.183.234.0 - - [25/Feb/2024:09:37:26 +0100] "POST /xmlrpc.php HTTP/1.1" 301 251 cronicareinodearagon.com "-" "Mozilla/5.0 (Windows NT 6.1; Win64; x64; rv:58.0) Gecko/20100101 Firefox/58.0" "-"
68.183.234.0 - - [25/Feb/2024:09:37:27 +0100] "POST /xmlrpc.php HTTP/1.1" 200 416 cronicareinodearagon.com "-" "Mozilla/5.0 (Windows NT 6.1; Win64; x64; rv:58.0) Gecko/20100101 Firefox/58.0" "-"
141.94.87.0 - - [25/Feb/2024:09:37:30 +0100] "POST /xmlrpc.php HTTP/1.1" 301 251 cronicareinodearagon.com "-" "Mozilla/5.0 (Windows NT 6.1) AppleWebKit/537.36 (KHTML, like Gecko) Chrome/56.0.2924.76 Safari/537.36" "-"
39.105.223.0 - - [25/Feb/2024:09:37:30 +0100] "POST /xmlrpc.php HTTP/1.1" 301 251 cronicareinodearagon.com "-" "Mozilla/5.0 (Windows NT 6.1; rv:52.0) Gecko/20100101 Firefox/52.0" "-"
141.94.87.0 - - [25/Feb/2024:09:37:31 +0100] "POST /xmlrpc.php HTTP/1.1" 200 416 cronicareinodearagon.com "-" "Mozilla/5.0 (Windows NT 6.1) AppleWebKit/537.36 (KHTML, like Gecko) Chrome/56.0.2924.76 Safari/537.36" "-"
39.105.223.0 - - [25/Feb/2024:09:37:31 +0100] "POST /xmlrpc.php HTTP/1.1" 200 416 cronicareinodearagon.com "-" "Mozilla/5.0 (Windows NT 6.1; rv:52.0) Gecko/20100101 Firefox/52.0" "-"
165.232.165.0 - - [25/Feb/2024:09:37:34 +0100] "POST /xmlrpc.php HTTP/1.1" 301 251 cronicareinodearagon.com "-" "Mozilla/5.0 (Windows NT 10.0; Win64; x64) AppleWebKit/537.36 (KHTML, like Gecko) Chrome/79.0.3945.130 Safari/537.36" "-"
103.255.15.0 - - [25/Feb/2024:09:37:34 +0100] "POST /xmlrpc.php HTTP/1.1" 403 775 cronicareinodearagon.com "-" "Mozilla/5.0 (Windows NT 10.0; Win64; x64; rv:84.0) Gecko/20100101 Firefox/84.0" "-"
165.232.165.0 - - [25/Feb/2024:09:37:35 +0100] "POST /xmlrpc.php HTTP/1.1" 200 416 cronicareinodearagon.com "-" "Mozilla/5.0 (Windows NT 10.0; Win64; x64) AppleWebKit/537.36 (KHTML, like Gecko) Chrome/79.0.3945.130 Safari/537.36" "-"
103.255.15.0 - - [25/Feb/2024:09:37:40 +0100] "POST /xmlrpc.php HTTP/1.1" 403 775 cronicareinodearagon.com "-" "Mozilla/5.0 (Windows NT 5.1; rv:52.0) Gecko/20100101 Firefox/52.0" "-"
43.128.44.0 - - [25/Feb/2024:09:37:40 +0100] "POST /xmlrpc.php HTTP/1.1" 301 251 cronicareinodearagon.com "-" "Mozilla/5.0 (iPad; CPU OS 14_6 like Mac OS X) AppleWebKit/605.1.15 (KHTML, like Gecko) CriOS/91.0.4472.80 Mobile/15E148 Safari/604.1" "-"
43.128.44.0 - - [25/Feb/2024:09:37:41 +0100] "POST /xmlrpc.php HTTP/1.1" 200 416 cronicareinodearagon.com "-" "Mozilla/5.0 (iPad; CPU OS 14_6 like Mac OS X) AppleWebKit/605.1.15 (KHTML, like Gecko) CriOS/91.0.4472.80 Mobile/15E148 Safari/604.1" "-"
82.165.88.0 - - [25/Feb/2024:09:38:43 +0100] "POST /wp-cron.php?doing_wp_cron=1708850323.7250521183013916015625 HTTP/1.1" 200 - cronicareinodearagon.com "-" "WordPress/6.2.2; https://cronicareinodearagon.com" "-"
185.191.171.0 - - [25/Feb/2024:09:38:43 +0100] "GET /aragon/empleo-vivienda-y-talento-ejes-de-la-politica-de-lamban-con-los-jovenes/ HTTP/1.1" 200 169632 cronicareinodearagon.com "-" "Mozilla/5.0 (compatible; SemrushBot/7~bl; +http://www.semrush.com/bot.html)" "-"
2a00:6800:: - - [25/Feb/2024:09:42:33 +0100] "GET / HTTP/1.1" 200 336 cronicadeextremadura.com "-" "Mozilla/5.0 (Windows NT 10.0; Win64; x64) AppleWebKit/537.36 (KHTML, like Gecko) Chrome/91.0.4472.114 Safari/537.36 Edg/91.0.864.54" "-"
