23.83.185.0 - - [04/Mar/2024:04:08:35 +0100] "GET /wp-includes/blocks/about.php HTTP/1.1" 404 596 cronicadeasturias.com "-" "-" "-"
23.83.185.0 - - [04/Mar/2024:04:08:35 +0100] "GET /wp-admin/css/about.php HTTP/1.1" 404 596 cronicadeasturias.com "-" "-" "-"
23.83.185.0 - - [04/Mar/2024:04:08:35 +0100] "GET /wp-admin/images/about.php HTTP/1.1" 404 596 cronicadeasturias.com "-" "-" "-"
23.83.185.0 - - [04/Mar/2024:04:08:36 +0100] "GET /wp-admin/network/cloud.php HTTP/1.1" 404 596 cronicadeasturias.com "-" "-" "-"
23.83.185.0 - - [04/Mar/2024:04:08:36 +0100] "GET /cloud.php HTTP/1.1" 404 596 cronicadeasturias.com "-" "-" "-"
23.83.185.0 - - [04/Mar/2024:04:08:36 +0100] "GET /cgi-bin/cloud.php HTTP/1.1" 404 596 cronicadeasturias.com "-" "-" "-"
23.83.185.0 - - [04/Mar/2024:04:08:36 +0100] "GET /wp-content/updates.php HTTP/1.1" 404 596 cronicadeasturias.com "-" "-" "-"
23.83.185.0 - - [04/Mar/2024:04:08:36 +0100] "GET /css/cloud.php HTTP/1.1" 404 596 cronicadeasturias.com "-" "-" "-"
23.83.185.0 - - [04/Mar/2024:04:08:37 +0100] "GET /wp-admin/user/cloud.php HTTP/1.1" 404 596 cronicadeasturias.com "-" "-" "-"
23.83.185.0 - - [04/Mar/2024:04:08:37 +0100] "GET /img/cloud.php HTTP/1.1" 404 596 cronicadeasturias.com "-" "-" "-"
23.83.185.0 - - [04/Mar/2024:04:08:37 +0100] "GET /wp-admin/css/colors/coffee/cloud.php HTTP/1.1" 404 596 cronicadeasturias.com "-" "-" "-"
23.83.185.0 - - [04/Mar/2024:04:08:38 +0100] "GET /wp-admin/images/cloud.php HTTP/1.1" 404 596 cronicadeasturias.com "-" "-" "-"
23.83.185.0 - - [04/Mar/2024:04:08:38 +0100] "GET /avaa.php HTTP/1.1" 404 596 cronicadeasturias.com "-" "-" "-"
23.83.185.0 - - [04/Mar/2024:04:08:38 +0100] "GET /images/cloud.php HTTP/1.1" 404 596 cronicadeasturias.com "-" "-" "-"
23.83.185.0 - - [04/Mar/2024:04:08:39 +0100] "GET /wp-admin/js/widgets/cloud.php HTTP/1.1" 404 596 cronicadeasturias.com "-" "-" "-"
23.83.185.0 - - [04/Mar/2024:04:08:39 +0100] "GET /wp-includes/Requests/Text/admin.php HTTP/1.1" 404 596 cronicadeasturias.com "-" "-" "-"
23.83.185.0 - - [04/Mar/2024:04:08:39 +0100] "GET /wp-admin/css/colors/cloud.php HTTP/1.1" 404 596 cronicadeasturias.com "-" "-" "-"
23.83.185.0 - - [04/Mar/2024:04:08:40 +0100] "GET /wp-admin/includes/cloud.php HTTP/1.1" 404 596 cronicadeasturias.com "-" "-" "-"
23.83.185.0 - - [04/Mar/2024:04:08:40 +0100] "GET /wp-admin/css/colors/blue/cloud.php HTTP/1.1" 404 596 cronicadeasturias.com "-" "-" "-"
23.83.185.0 - - [04/Mar/2024:04:08:40 +0100] "GET /wp-admin/cloud.php HTTP/1.1" 404 596 cronicadeasturias.com "-" "-" "-"
23.83.185.0 - - [04/Mar/2024:04:08:40 +0100] "GET /updates.php HTTP/1.1" 404 596 cronicadeasturias.com "-" "-" "-"
23.83.185.0 - - [04/Mar/2024:04:08:40 +0100] "GET /libraries/legacy/updates.php HTTP/1.1" 404 596 cronicadeasturias.com "-" "-" "-"
23.83.185.0 - - [04/Mar/2024:04:08:40 +0100] "GET /libraries/phpmailer/updates.php HTTP/1.1" 404 596 cronicadeasturias.com "-" "-" "-"
23.83.185.0 - - [04/Mar/2024:04:08:41 +0100] "GET /libraries/vendor/updates.php HTTP/1.1" 404 596 cronicadeasturias.com "-" "-" "-"
23.83.185.0 - - [04/Mar/2024:04:08:41 +0100] "GET /alfa-rex.php7 HTTP/1.1" 404 596 cronicadeasturias.com "-" "-" "-"
23.83.185.0 - - [04/Mar/2024:04:08:41 +0100] "GET /alfanew.php HTTP/1.1" 404 596 cronicadeasturias.com "-" "-" "-"
23.83.185.0 - - [04/Mar/2024:04:08:41 +0100] "GET /wp-content/plugins/Cache/Cache.php HTTP/1.1" 404 596 cronicadeasturias.com "-" "-" "-"
23.83.185.0 - - [04/Mar/2024:04:08:41 +0100] "GET /wp-admin/js/widgets/about.php7 HTTP/1.1" 404 596 cronicadeasturias.com "-" "-" "-"
23.83.185.0 - - [04/Mar/2024:04:08:42 +0100] "GET /wp-p.php7 HTTP/1.1" 404 596 cronicadeasturias.com "-" "-" "-"
23.83.185.0 - - [04/Mar/2024:04:08:42 +0100] "GET /wp-admin/repeater.php HTTP/1.1" 404 596 cronicadeasturias.com "-" "-" "-"
23.83.185.0 - - [04/Mar/2024:04:08:42 +0100] "GET /wp-includes/repeater.php HTTP/1.1" 404 596 cronicadeasturias.com "-" "-" "-"
23.83.185.0 - - [04/Mar/2024:04:08:42 +0100] "GET /wp-content/repeater.php HTTP/1.1" 404 596 cronicadeasturias.com "-" "-" "-"
23.83.185.0 - - [04/Mar/2024:04:08:42 +0100] "GET /wsoyanz.php HTTP/1.1" 404 596 cronicadeasturias.com "-" "-" "-"
23.83.185.0 - - [04/Mar/2024:04:08:43 +0100] "GET /yanz.php HTTP/1.1" 404 596 cronicadeasturias.com "-" "-" "-"
23.83.185.0 - - [04/Mar/2024:04:08:43 +0100] "GET /wp-admin/js/about.php HTTP/1.1" 404 596 cronicadeasturias.com "-" "-" "-"
23.83.185.0 - - [04/Mar/2024:04:08:43 +0100] "GET /wp-content/plugins/seoo/wsoyanz.php HTTP/1.1" 404 596 cronicadeasturias.com "-" "-" "-"
23.83.185.0 - - [04/Mar/2024:04:08:44 +0100] "GET /wp-content/plugins/seoo/wsoyanz1.php HTTP/1.1" 404 596 cronicadeasturias.com "-" "-" "-"
23.83.185.0 - - [04/Mar/2024:04:08:44 +0100] "GET /cache-compat.php HTTP/1.1" 404 596 cronicadeasturias.com "-" "-" "-"
23.83.185.0 - - [04/Mar/2024:04:08:45 +0100] "GET /ajax-actions.php HTTP/1.1" 404 596 cronicadeasturias.com "-" "-" "-"
23.83.185.0 - - [04/Mar/2024:04:08:45 +0100] "GET /wp-admin/ajax-actions.php HTTP/1.1" 404 596 cronicadeasturias.com "-" "-" "-"
23.83.185.0 - - [04/Mar/2024:04:08:45 +0100] "GET /wp-consar.php HTTP/1.1" 404 596 cronicadeasturias.com "-" "-" "-"
23.83.185.0 - - [04/Mar/2024:04:08:45 +0100] "GET /repeater.php HTTP/1.1" 404 596 cronicadeasturias.com "-" "-" "-"
23.83.185.0 - - [04/Mar/2024:04:08:46 +0100] "GET /admin-post.php HTTP/1.1" 404 596 cronicadeasturias.com "-" "-" "-"
23.83.185.0 - - [04/Mar/2024:04:08:46 +0100] "GET /wp-admin/maint/maint/ajax-actions.php HTTP/1.1" 404 596 cronicadeasturias.com "-" "-" "-"
23.83.185.0 - - [04/Mar/2024:04:08:46 +0100] "GET /wp-admin/dropdown.php HTTP/1.1" 404 596 cronicadeasturias.com "-" "-" "-"
23.83.185.0 - - [04/Mar/2024:04:08:46 +0100] "GET /wp-admin/css/index.php HTTP/1.1" 404 596 cronicadeasturias.com "-" "-" "-"
23.83.185.0 - - [04/Mar/2024:04:08:46 +0100] "GET /dropdown.php HTTP/1.1" 404 596 cronicadeasturias.com "-" "-" "-"
23.83.185.0 - - [04/Mar/2024:04:08:47 +0100] "GET /about.php HTTP/1.1" 404 596 cronicadeasturias.com "-" "-" "-"
23.83.185.0 - - [04/Mar/2024:04:08:47 +0100] "GET /admin.php HTTP/1.1" 404 596 cronicadeasturias.com "-" "-" "-"
23.83.185.0 - - [04/Mar/2024:04:08:47 +0100] "GET /about.php7 HTTP/1.1" 404 596 cronicadeasturias.com "-" "-" "-"
23.83.185.0 - - [04/Mar/2024:04:08:47 +0100] "GET /alfanew.php7 HTTP/1.1" 404 596 cronicadeasturias.com "-" "-" "-"
23.83.185.0 - - [04/Mar/2024:04:08:48 +0100] "GET /adminfuns.php7 HTTP/1.1" 404 596 cronicadeasturias.com "-" "-" "-"
23.83.185.0 - - [04/Mar/2024:04:08:48 +0100] "GET /ebs.php7 HTTP/1.1" 404 596 cronicadeasturias.com "-" "-" "-"
23.83.185.0 - - [04/Mar/2024:04:08:48 +0100] "GET /ws.php7 HTTP/1.1" 404 596 cronicadeasturias.com "-" "-" "-"
23.83.185.0 - - [04/Mar/2024:04:08:48 +0100] "GET /alfanew2.php7 HTTP/1.1" 404 596 cronicadeasturias.com "-" "-" "-"
23.83.185.0 - - [04/Mar/2024:04:08:48 +0100] "GET /alfa-rex2.php7 HTTP/1.1" 404 596 cronicadeasturias.com "-" "-" "-"
23.83.185.0 - - [04/Mar/2024:04:08:49 +0100] "GET /wp-admin/images/index.php HTTP/1.1" 404 596 cronicadeasturias.com "-" "-" "-"
23.83.185.0 - - [04/Mar/2024:04:08:49 +0100] "GET /wp-admin/css/colors/index.php HTTP/1.1" 404 596 cronicadeasturias.com "-" "-" "-"
23.83.185.0 - - [04/Mar/2024:04:08:49 +0100] "GET /wp-content/themes/pridmag/db.php?u HTTP/1.1" 404 596 cronicadeasturias.com "-" "-" "-"
23.83.185.0 - - [04/Mar/2024:04:08:49 +0100] "GET /wp-content/themes/seotheme/mar.php HTTP/1.1" 404 596 cronicadeasturias.com "-" "-" "-"
23.83.185.0 - - [04/Mar/2024:04:08:50 +0100] "GET /wp-content/plugins/linkpreview/db.php?u HTTP/1.1" 404 596 cronicadeasturias.com "-" "-" "-"
23.83.185.0 - - [04/Mar/2024:04:08:50 +0100] "GET /wp-content/themes/seotheme/db.php?u HTTP/1.1" 404 596 cronicadeasturias.com "-" "-" "-"
23.83.185.0 - - [04/Mar/2024:04:08:50 +0100] "GET /wp-content/plugins/seoplugins/db.php?u HTTP/1.1" 404 596 cronicadeasturias.com "-" "-" "-"
23.83.185.0 - - [04/Mar/2024:04:08:50 +0100] "GET /wp-content/plugins/seoplugins/mar.php HTTP/1.1" 404 596 cronicadeasturias.com "-" "-" "-"
23.83.185.0 - - [04/Mar/2024:04:08:51 +0100] "GET /wp-admin/network/xmrlpc.php?p= HTTP/1.1" 404 596 cronicadeasturias.com "-" "-" "-"
23.83.185.0 - - [04/Mar/2024:04:08:51 +0100] "GET /xmrlpc.php?p= HTTP/1.1" 404 596 cronicadeasturias.com "-" "-" "-"
23.83.185.0 - - [04/Mar/2024:04:08:51 +0100] "GET /cgi-bin/xmrlpc.php?p= HTTP/1.1" 404 596 cronicadeasturias.com "-" "-" "-"
23.83.185.0 - - [04/Mar/2024:04:08:52 +0100] "GET /css/xmrlpc.php?p= HTTP/1.1" 404 596 cronicadeasturias.com "-" "-" "-"
23.83.185.0 - - [04/Mar/2024:04:08:52 +0100] "GET /wp-admin/user/xmrlpc.php?p= HTTP/1.1" 404 596 cronicadeasturias.com "-" "-" "-"
23.83.185.0 - - [04/Mar/2024:04:08:52 +0100] "GET /img/xmrlpc.php?p= HTTP/1.1" 404 596 cronicadeasturias.com "-" "-" "-"
23.83.185.0 - - [04/Mar/2024:04:08:52 +0100] "GET /wp-admin/css/colors/coffee/xmrlpc.php?p= HTTP/1.1" 404 596 cronicadeasturias.com "-" "-" "-"
23.83.185.0 - - [04/Mar/2024:04:08:52 +0100] "GET /wp-admin/images/xmrlpc.php?p= HTTP/1.1" 404 596 cronicadeasturias.com "-" "-" "-"
23.83.185.0 - - [04/Mar/2024:04:08:53 +0100] "GET /images/xmrlpc.php?p= HTTP/1.1" 404 596 cronicadeasturias.com "-" "-" "-"
23.83.185.0 - - [04/Mar/2024:04:08:53 +0100] "GET /wp-admin/js/widgets/xmrlpc.php?p= HTTP/1.1" 404 596 cronicadeasturias.com "-" "-" "-"
23.83.185.0 - - [04/Mar/2024:04:08:53 +0100] "GET /wp-admin/css/colors/xmrlpc.php?p= HTTP/1.1" 404 596 cronicadeasturias.com "-" "-" "-"
23.83.185.0 - - [04/Mar/2024:04:08:53 +0100] "GET /wp-admin/includes/xmrlpc.php?p= HTTP/1.1" 404 596 cronicadeasturias.com "-" "-" "-"
23.83.185.0 - - [04/Mar/2024:04:08:53 +0100] "GET /wp-admin/css/colors/blue/xmrlpc.php?p= HTTP/1.1" 404 596 cronicadeasturias.com "-" "-" "-"
23.83.185.0 - - [04/Mar/2024:04:08:54 +0100] "GET /wp-admin/xmrlpc.php?p= HTTP/1.1" 404 596 cronicadeasturias.com "-" "-" "-"
74.125.212.0 - - [04/Mar/2024:04:09:06 +0100] "GET /category/economia/feed/ HTTP/1.1" 200 12913 cronicareinodearagon.com "-" "FeedFetcher-Google; (+http://www.google.com/feedfetcher.html)" "-"
45.141.215.0 - - [04/Mar/2024:04:11:21 +0100] "GET / HTTP/1.1" 200 336 grupocronicaenlibertad.com "-" "Go-http-client/1.1" "-"
45.141.215.0 - - [04/Mar/2024:04:11:21 +0100] "GET //wp-content/uploads/ HTTP/1.1" 404 596 grupocronicaenlibertad.com "-" "Go-http-client/1.1" "-"
45.141.215.0 - - [04/Mar/2024:04:11:21 +0100] "GET //wp-content/plugins/ HTTP/1.1" 404 596 grupocronicaenlibertad.com "-" "Go-http-client/1.1" "-"
45.141.215.0 - - [04/Mar/2024:04:11:21 +0100] "GET //wp-admin/admin-ajax.php HTTP/1.1" 404 596 grupocronicaenlibertad.com "-" "Go-http-client/1.1" "-"
45.141.215.0 - - [04/Mar/2024:04:11:21 +0100] "GET //wp-content/themes/twenty/twenty.php HTTP/1.1" 404 596 grupocronicaenlibertad.com "-" "Go-http-client/1.1" "-"
45.141.215.0 - - [04/Mar/2024:04:11:21 +0100] "GET //wp-content/patior/ HTTP/1.1" 404 596 grupocronicaenlibertad.com "-" "Go-http-client/1.1" "-"
45.141.215.0 - - [04/Mar/2024:04:11:21 +0100] "GET //wp-includes/js/tinymce/plugins/compat3x/css/index.php HTTP/1.1" 404 596 grupocronicaenlibertad.com "-" "Go-http-client/1.1" "-"
45.141.215.0 - - [04/Mar/2024:04:11:21 +0100] "GET //dropdown.php HTTP/1.1" 404 596 grupocronicaenlibertad.com "-" "Go-http-client/1.1" "-"
45.141.215.0 - - [04/Mar/2024:04:11:21 +0100] "GET //wp-includes/Text/about.php HTTP/1.1" 404 596 grupocronicaenlibertad.com "-" "Go-http-client/1.1" "-"
45.141.215.0 - - [04/Mar/2024:04:11:21 +0100] "GET //wp-includes/rest-api/about.php HTTP/1.1" 404 596 grupocronicaenlibertad.com "-" "Go-http-client/1.1" "-"
45.141.215.0 - - [04/Mar/2024:04:11:21 +0100] "GET //ee.php HTTP/1.1" 404 596 grupocronicaenlibertad.com "-" "Go-http-client/1.1" "-"
45.141.215.0 - - [04/Mar/2024:04:11:21 +0100] "GET //wp-admin/install.php HTTP/1.1" 404 596 grupocronicaenlibertad.com "-" "Go-http-client/1.1" "-"
45.141.215.0 - - [04/Mar/2024:04:11:21 +0100] "GET //wp-content/plugins/install.php HTTP/1.1" 404 596 grupocronicaenlibertad.com "-" "Go-http-client/1.1" "-"
45.141.215.0 - - [04/Mar/2024:04:11:21 +0100] "GET //wp-content/install.php HTTP/1.1" 404 596 grupocronicaenlibertad.com "-" "Go-http-client/1.1" "-"
45.141.215.0 - - [04/Mar/2024:04:11:21 +0100] "GET //install.php HTTP/1.1" 404 596 grupocronicaenlibertad.com "-" "Go-http-client/1.1" "-"
45.141.215.0 - - [04/Mar/2024:04:11:21 +0100] "GET //wp-includes/install.php HTTP/1.1" 404 596 grupocronicaenlibertad.com "-" "Go-http-client/1.1" "-"
45.141.215.0 - - [04/Mar/2024:04:11:21 +0100] "GET //wp-admin/images/install.php HTTP/1.1" 404 596 grupocronicaenlibertad.com "-" "Go-http-client/1.1" "-"
45.141.215.0 - - [04/Mar/2024:04:11:21 +0100] "GET //cgi-bin/install.php HTTP/1.1" 404 596 grupocronicaenlibertad.com "-" "Go-http-client/1.1" "-"
45.141.215.0 - - [04/Mar/2024:04:11:21 +0100] "GET //css/install.php HTTP/1.1" 404 596 grupocronicaenlibertad.com "-" "Go-http-client/1.1" "-"
45.141.215.0 - - [04/Mar/2024:04:11:21 +0100] "GET //wp-admin/js/about.php7 HTTP/1.1" 404 596 grupocronicaenlibertad.com "-" "Go-http-client/1.1" "-"
45.141.215.0 - - [04/Mar/2024:04:11:21 +0100] "GET //wp-admin/js/about.php HTTP/1.1" 404 596 grupocronicaenlibertad.com "-" "Go-http-client/1.1" "-"
45.141.215.0 - - [04/Mar/2024:04:11:21 +0100] "GET //wp-admin/maint/moon.php HTTP/1.1" 404 596 grupocronicaenlibertad.com "-" "Go-http-client/1.1" "-"
45.141.215.0 - - [04/Mar/2024:04:11:21 +0100] "GET //cgi-bin/cgi-bin/about.php HTTP/1.1" 404 596 grupocronicaenlibertad.com "-" "Go-http-client/1.1" "-"
45.141.215.0 - - [04/Mar/2024:04:11:21 +0100] "GET //cgi-bin/cgi-bin/about.php7 HTTP/1.1" 404 596 grupocronicaenlibertad.com "-" "Go-http-client/1.1" "-"
45.141.215.0 - - [04/Mar/2024:04:11:21 +0100] "GET //wp-admin/dropdown.php HTTP/1.1" 404 596 grupocronicaenlibertad.com "-" "Go-http-client/1.1" "-"
45.141.215.0 - - [04/Mar/2024:04:11:21 +0100] "GET //wp-content/plugins/Cache/dropdown.php HTTP/1.1" 404 596 grupocronicaenlibertad.com "-" "Go-http-client/1.1" "-"
45.141.215.0 - - [04/Mar/2024:04:11:21 +0100] "GET //wp-content/dropdown.php HTTP/1.1" 404 596 grupocronicaenlibertad.com "-" "Go-http-client/1.1" "-"
157.55.39.0 - - [04/Mar/2024:04:14:35 +0100] "GET /aragon/once-premios-cuponazo-andalucia-sevilla-cordoba-cadiz-granada/ HTTP/1.1" 200 159949 cronicareinodearagon.com "-" "Mozilla/5.0 AppleWebKit/537.36 (KHTML, like Gecko; compatible; bingbot/2.0; +http://www.bing.com/bingbot.htm) Chrome/116.0.1938.76 Safari/537.36" "-"
82.165.88.0 - - [04/Mar/2024:04:14:36 +0100] "POST /wp-cron.php?doing_wp_cron=1709522076.0734179019927978515625 HTTP/1.1" 200 - cronicareinodearagon.com "-" "WordPress/6.2.2; https://cronicareinodearagon.com" "-"
74.125.209.0 - - [04/Mar/2024:04:16:11 +0100] "GET /category/sociedad/feed/ HTTP/1.1" 200 16233 cronicareinodearagon.com "-" "FeedFetcher-Google; (+http://www.google.com/feedfetcher.html)" "-"
82.165.88.0 - - [04/Mar/2024:04:19:46 +0100] "POST /wp-cron.php?doing_wp_cron=1709522386.3328719139099121093750 HTTP/1.1" 200 - cronicareinodearagon.com "-" "WordPress/6.2.2; https://cronicareinodearagon.com" "-"
85.208.96.0 - - [04/Mar/2024:04:19:46 +0100] "GET /robots.txt HTTP/1.1" 200 202 cronicareinodearagon.com "-" "Mozilla/5.0 (compatible; SemrushBot/7~bl; +http://www.semrush.com/bot.html)" "-"
185.191.171.0 - - [04/Mar/2024:04:19:47 +0100] "GET /aragon/guardia-civil-narcolancha-ayamonte/ HTTP/1.1" 200 161147 cronicareinodearagon.com "-" "Mozilla/5.0 (compatible; SemrushBot/7~bl; +http://www.semrush.com/bot.html)" "-"
82.165.88.0 - - [04/Mar/2024:04:23:27 +0100] "POST /wp-cron.php?doing_wp_cron=1709522607.7543029785156250000000 HTTP/1.1" 200 - cronicareinodearagon.com "-" "WordPress/6.2.2; https://cronicareinodearagon.com" "-"
54.36.148.0 - - [04/Mar/2024:04:23:27 +0100] "GET /aragon/consejo-gobierno-mantiene-uso-mascarilla-exterior/ HTTP/1.1" 200 163951 cronicareinodearagon.com "-" "Mozilla/5.0 (compatible; AhrefsBot/7.0; +http://ahrefs.com/robot/)" "-"
17.241.75.0 - - [04/Mar/2024:04:24:51 +0100] "GET /wp-content/uploads/2022/08/modernizacion-coag-750x375.jpg HTTP/1.1" 200 87269 cronicareinodearagon.com "-" "Mozilla/5.0 (Macintosh; Intel Mac OS X 10_15_5) AppleWebKit/605.1.15 (KHTML, like Gecko) Version/13.1.1 Safari/605.1.15 (Applebot/0.1; +http://www.apple.com/go/applebot)" "-"
17.241.75.0 - - [04/Mar/2024:04:27:33 +0100] "GET /wp-content/uploads/2022/02/vox_.jpg HTTP/1.1" 200 64236 cronicareinodearagon.com "-" "Mozilla/5.0 (Macintosh; Intel Mac OS X 10_15_5) AppleWebKit/605.1.15 (KHTML, like Gecko) Version/13.1.1 Safari/605.1.15 (Applebot/0.1; +http://www.apple.com/go/applebot)" "-"
74.125.212.0 - - [04/Mar/2024:04:29:46 +0100] "GET /category/economia/feed/ HTTP/1.1" 200 12913 cronicareinodearagon.com "-" "FeedFetcher-Google; (+http://www.google.com/feedfetcher.html)" "-"
85.208.96.0 - - [04/Mar/2024:04:31:54 +0100] "GET /uncategorized/festival-patios-de-cordoba/ HTTP/1.1" 200 160858 cronicareinodearagon.com "-" "Mozilla/5.0 (compatible; SemrushBot/7~bl; +http://www.semrush.com/bot.html)" "-"
82.165.88.0 - - [04/Mar/2024:04:31:55 +0100] "POST /wp-cron.php?doing_wp_cron=1709523115.5527100563049316406250 HTTP/1.1" 200 - cronicareinodearagon.com "-" "WordPress/6.2.2; https://cronicareinodearagon.com" "-"
74.125.212.0 - - [04/Mar/2024:04:36:54 +0100] "GET /category/economia/feed/ HTTP/1.1" 200 12913 cronicareinodearagon.com "-" "FeedFetcher-Google; (+http://www.google.com/feedfetcher.html)" "-"
157.245.193.0 - - [04/Mar/2024:04:37:28 +0100] "GET /Mshell.php HTTP/1.1" 301 251 cronicareinodearagon.com "www.google.com" "Mozlila/5.0 (Linux; Android 7.0; SM-G892A Bulid/NRD90M; wv) AppleWebKit/537.36 (KHTML, like Gecko) Version/4.0 Chrome/60.0.3112.107 Moblie Safari/537.36" "-"
82.165.88.0 - - [04/Mar/2024:04:37:29 +0100] "POST /wp-cron.php?doing_wp_cron=1709523449.7924859523773193359375 HTTP/1.1" 200 - cronicareinodearagon.com "-" "WordPress/6.2.2; https://cronicareinodearagon.com" "-"
157.245.193.0 - - [04/Mar/2024:04:37:29 +0100] "GET /Mshell.php HTTP/1.1" 404 144866 cronicareinodearagon.com "www.google.com" "Mozlila/5.0 (Linux; Android 7.0; SM-G892A Bulid/NRD90M; wv) AppleWebKit/537.36 (KHTML, like Gecko) Version/4.0 Chrome/60.0.3112.107 Moblie Safari/537.36" "-"
74.125.209.0 - - [04/Mar/2024:04:41:43 +0100] "GET /category/politica/feed/ HTTP/1.1" 200 18273 cronicareinodearagon.com "-" "FeedFetcher-Google; (+http://www.google.com/feedfetcher.html)" "-"
173.230.136.0 - - [04/Mar/2024:04:42:11 +0100] "GET /wp-content/plugins/essential-addons-for-elementor-lite/readme.txt HTTP/1.1" 404 596 grupocronicaenlibertad.com "www.google.com" "Mozilla/6.4 (Windows NT 11.1) Gecko/2010102 Firefox/99.0" "-"
66.249.68.0 - - [04/Mar/2024:04:43:02 +0100] "GET /robots.txt HTTP/1.1" 200 202 cronicareinodearagon.com "-" "Mozilla/5.0 (compatible; Googlebot/2.1; +http://www.google.com/bot.html)" "-"
82.165.88.0 - - [04/Mar/2024:04:43:03 +0100] "POST /wp-cron.php?doing_wp_cron=1709523783.2159619331359863281250 HTTP/1.1" 200 - cronicareinodearagon.com "-" "WordPress/6.2.2; https://cronicareinodearagon.com" "-"
66.249.68.0 - - [04/Mar/2024:04:43:11 +0100] "GET / HTTP/1.1" 200 319418 cronicareinodearagon.com "-" "Mozilla/5.0 (compatible; Googlebot/2.1; +http://www.google.com/bot.html)" "-"
206.47.123.0 - - [04/Mar/2024:04:44:57 +0100] "POST /xmlrpc.php HTTP/1.1" 200 416 cronicareinodearagon.com "-" "Mozilla/5.0 (Windows NT 10.0; Win64; x64; rv:74.0) Gecko/20100101 Firefox/74.0" "-"
82.165.88.0 - - [04/Mar/2024:04:44:58 +0100] "POST /wp-cron.php?doing_wp_cron=1709523897.9823780059814453125000 HTTP/1.1" 200 - cronicareinodearagon.com "-" "WordPress/6.2.2; https://cronicareinodearagon.com" "-"
85.208.96.0 - - [04/Mar/2024:04:45:19 +0100] "GET /category/aragon/page/43/ HTTP/1.1" 200 147710 cronicareinodearagon.com "-" "Mozilla/5.0 (compatible; SemrushBot/7~bl; +http://www.semrush.com/bot.html)" "-"
82.165.88.0 - - [04/Mar/2024:04:45:57 +0100] "POST /wp-cron.php?doing_wp_cron=1709523957.3474380970001220703125 HTTP/1.1" 200 - cronicareinodearagon.com "-" "WordPress/6.2.2; https://cronicareinodearagon.com" "-"
54.36.149.0 - - [04/Mar/2024:04:45:57 +0100] "GET /aragon/citas-vacunacion-menores-andalucia/ HTTP/1.1" 200 165579 cronicareinodearagon.com "-" "Mozilla/5.0 (compatible; AhrefsBot/7.0; +http://ahrefs.com/robot/)" "-"
159.65.24.0 - - [04/Mar/2024:04:51:21 +0100] "GET / HTTP/1.1" 200 336 cronicadeasturias.com "-" "Mozilla/5.0 (Windows NT 6.0) AppleWebKit/537.36 (KHTML, like Gecko) Chrome/34.0.1847.116 Safari/537.36" "-"
159.65.24.0 - - [04/Mar/2024:04:51:58 +0100] "GET / HTTP/1.1" 200 336 cronicadevalencia.com "-" "Mozilla/5.0 (Windows NT 6.0) AppleWebKit/537.36 (KHTML, like Gecko) Chrome/34.0.1847.116 Safari/537.36" "-"
40.77.167.0 - - [04/Mar/2024:04:53:29 +0100] "GET / HTTP/1.1" 200 336 cronicadecadiz.com "-" "Mozilla/5.0 AppleWebKit/537.36 (KHTML, like Gecko; compatible; bingbot/2.0; +http://www.bing.com/bingbot.htm) Chrome/116.0.1938.76 Safari/537.36" "-"
157.245.193.0 - - [04/Mar/2024:04:54:14 +0100] "GET /cong.php HTTP/1.1" 301 249 cronicareinodearagon.com "www.google.com" "Mozlila/5.0 (Linux; Android 7.0; SM-G892A Bulid/NRD90M; wv) AppleWebKit/537.36 (KHTML, like Gecko) Version/4.0 Chrome/60.0.3112.107 Moblie Safari/537.36" "-"
82.165.88.0 - - [04/Mar/2024:04:54:15 +0100] "POST /wp-cron.php?doing_wp_cron=1709524455.6006178855895996093750 HTTP/1.1" 200 - cronicareinodearagon.com "-" "WordPress/6.2.2; https://cronicareinodearagon.com" "-"
157.245.193.0 - - [04/Mar/2024:04:54:15 +0100] "GET /cong.php HTTP/1.1" 404 144860 cronicareinodearagon.com "www.google.com" "Mozlila/5.0 (Linux; Android 7.0; SM-G892A Bulid/NRD90M; wv) AppleWebKit/537.36 (KHTML, like Gecko) Version/4.0 Chrome/60.0.3112.107 Moblie Safari/537.36" "-"
157.245.193.0 - - [04/Mar/2024:04:54:17 +0100] "GET /st.php HTTP/1.1" 404 144854 cronicareinodearagon.com "www.google.com" "Mozlila/5.0 (Linux; Android 7.0; SM-G892A Bulid/NRD90M; wv) AppleWebKit/537.36 (KHTML, like Gecko) Version/4.0 Chrome/60.0.3112.107 Moblie Safari/537.36" "-"
157.245.193.0 - - [04/Mar/2024:04:54:19 +0100] "GET /css/index.php HTTP/1.1" 301 254 cronicareinodearagon.com "www.google.com" "Mozlila/5.0 (Linux; Android 7.0; SM-G892A Bulid/NRD90M; wv) AppleWebKit/537.36 (KHTML, like Gecko) Version/4.0 Chrome/60.0.3112.107 Moblie Safari/537.36" "-"
157.245.193.0 - - [04/Mar/2024:04:54:19 +0100] "GET /css/index.php HTTP/1.1" 301 - cronicareinodearagon.com "www.google.com" "Mozlila/5.0 (Linux; Android 7.0; SM-G892A Bulid/NRD90M; wv) AppleWebKit/537.36 (KHTML, like Gecko) Version/4.0 Chrome/60.0.3112.107 Moblie Safari/537.36" "-"
157.245.193.0 - - [04/Mar/2024:04:54:20 +0100] "GET /css/ HTTP/1.1" 404 144845 cronicareinodearagon.com "www.google.com" "Mozlila/5.0 (Linux; Android 7.0; SM-G892A Bulid/NRD90M; wv) AppleWebKit/537.36 (KHTML, like Gecko) Version/4.0 Chrome/60.0.3112.107 Moblie Safari/537.36" "-"
157.245.193.0 - - [04/Mar/2024:04:54:22 +0100] "GET /radio.php HTTP/1.1" 404 144863 cronicareinodearagon.com "www.google.com" "Mozlila/5.0 (Linux; Android 7.0; SM-G892A Bulid/NRD90M; wv) AppleWebKit/537.36 (KHTML, like Gecko) Version/4.0 Chrome/60.0.3112.107 Moblie Safari/537.36" "-"
62.149.182.0 - - [04/Mar/2024:04:54:35 +0100] "POST /xmlrpc.php HTTP/1.1" 200 416 cronicareinodearagon.com "-" "Mozilla/5.0 (Windows NT 10.0; Win64; x64; rv:81.0) Gecko/20100101 Firefox/81.0" "-"
74.125.209.0 - - [04/Mar/2024:04:56:08 +0100] "GET /category/educacion/feed/ HTTP/1.1" 200 16487 cronicareinodearagon.com "-" "FeedFetcher-Google; (+http://www.google.com/feedfetcher.html)" "-"
74.208.172.0 - - [04/Mar/2024:05:04:47 +0100] "POST /xmlrpc.php HTTP/1.1" 200 414 cronicareinodearagon.com "-" "Mozilla/5.0 (X11; Fedora; Linux x86_64; rv:94.0) Gecko/20100101 Firefox/95.0" "-"
82.165.88.0 - - [04/Mar/2024:05:04:48 +0100] "POST /wp-cron.php?doing_wp_cron=1709525088.2937219142913818359375 HTTP/1.1" 200 - cronicareinodearagon.com "-" "WordPress/6.2.2; https://cronicareinodearagon.com" "-"
157.245.193.0 - - [04/Mar/2024:05:06:33 +0100] "GET /wp-includes/themes.php HTTP/1.1" 301 263 cronicareinodearagon.com "www.google.com" "Mozlila/5.0 (Linux; Android 7.0; SM-G892A Bulid/NRD90M; wv) AppleWebKit/537.36 (KHTML, like Gecko) Version/4.0 Chrome/60.0.3112.107 Moblie Safari/537.36" "-"
157.245.193.0 - - [04/Mar/2024:05:06:33 +0100] "GET /wp-includes/themes.php HTTP/1.1" 404 144903 cronicareinodearagon.com "www.google.com" "Mozlila/5.0 (Linux; Android 7.0; SM-G892A Bulid/NRD90M; wv) AppleWebKit/537.36 (KHTML, like Gecko) Version/4.0 Chrome/60.0.3112.107 Moblie Safari/537.36" "-"
82.165.88.0 - - [04/Mar/2024:05:06:34 +0100] "POST /wp-cron.php?doing_wp_cron=1709525194.2660069465637207031250 HTTP/1.1" 200 - cronicareinodearagon.com "-" "WordPress/6.2.2; https://cronicareinodearagon.com" "-"
157.245.193.0 - - [04/Mar/2024:05:06:36 +0100] "GET /wp-admin/css/index.php HTTP/1.1" 301 - cronicareinodearagon.com "www.google.com" "Mozlila/5.0 (Linux; Android 7.0; SM-G892A Bulid/NRD90M; wv) AppleWebKit/537.36 (KHTML, like Gecko) Version/4.0 Chrome/60.0.3112.107 Moblie Safari/537.36" "-"
157.245.193.0 - - [04/Mar/2024:05:06:36 +0100] "GET /wp-admin/css/ HTTP/1.1" 403 775 cronicareinodearagon.com "www.google.com" "Mozlila/5.0 (Linux; Android 7.0; SM-G892A Bulid/NRD90M; wv) AppleWebKit/537.36 (KHTML, like Gecko) Version/4.0 Chrome/60.0.3112.107 Moblie Safari/537.36" "-"
82.165.88.0 - - [04/Mar/2024:05:06:55 +0100] "POST /wp-cron.php?doing_wp_cron=1709525215.7277870178222656250000 HTTP/1.1" 200 - cronicareinodearagon.com "-" "WordPress/6.2.2; https://cronicareinodearagon.com" "-"
168.119.121.0 - - [04/Mar/2024:05:06:55 +0100] "POST /xmlrpc.php HTTP/1.1" 200 416 cronicareinodearagon.com "-" "Mozilla/5.0 (Windows NT 10.0; Win64; x64; rv:87.0) Gecko/20100101 Firefox/87.0" "-"
82.165.88.0 - - [04/Mar/2024:05:12:07 +0100] "POST /wp-cron.php?doing_wp_cron=1709525527.9402449131011962890625 HTTP/1.1" 200 - cronicareinodearagon.com "-" "WordPress/6.2.2; https://cronicareinodearagon.com" "-"
2400:8500:1300:: - - [04/Mar/2024:05:12:07 +0100] "POST /xmlrpc.php HTTP/1.1" 200 414 cronicareinodearagon.com "-" "Mozilla/5.0 (X11; Fedora; Linux x86_64; rv:94.0) Gecko/20100101 Firefox/95.0" "-"
54.36.149.0 - - [04/Mar/2024:05:13:15 +0100] "GET /sociedad/detenidos-cuatro-ucranianos-extorsionaban-compatriotas/ HTTP/1.1" 200 167314 cronicareinodearagon.com "-" "Mozilla/5.0 (compatible; AhrefsBot/7.0; +http://ahrefs.com/robot/)" "-"
82.165.88.0 - - [04/Mar/2024:05:13:16 +0100] "POST /wp-cron.php?doing_wp_cron=1709525596.0705618858337402343750 HTTP/1.1" 200 - cronicareinodearagon.com "-" "WordPress/6.2.2; https://cronicareinodearagon.com" "-"
52.63.45.0 - - [04/Mar/2024:05:19:40 +0100] "POST /xmlrpc.php HTTP/1.1" 200 414 cronicareinodearagon.com "-" "Mozilla/5.0 (X11; Fedora; Linux x86_64; rv:94.0) Gecko/20100101 Firefox/95.0" "-"
82.165.88.0 - - [04/Mar/2024:05:19:41 +0100] "POST /wp-cron.php?doing_wp_cron=1709525981.3039739131927490234375 HTTP/1.1" 200 - cronicareinodearagon.com "-" "WordPress/6.2.2; https://cronicareinodearagon.com" "-"
74.125.212.0 - - [04/Mar/2024:05:19:47 +0100] "GET /category/economia/feed/ HTTP/1.1" 200 12913 cronicareinodearagon.com "-" "FeedFetcher-Google; (+http://www.google.com/feedfetcher.html)" "-"
74.125.209.0 - - [04/Mar/2024:05:20:14 +0100] "GET /category/politica/feed/ HTTP/1.1" 200 18273 cronicareinodearagon.com "-" "FeedFetcher-Google; (+http://www.google.com/feedfetcher.html)" "-"
82.165.88.0 - - [04/Mar/2024:05:23:58 +0100] "POST /wp-cron.php?doing_wp_cron=1709526238.8767600059509277343750 HTTP/1.1" 200 - cronicareinodearagon.com "-" "WordPress/6.2.2; https://cronicareinodearagon.com" "-"
185.74.7.0 - - [04/Mar/2024:05:23:58 +0100] "POST /xmlrpc.php HTTP/1.1" 200 416 cronicareinodearagon.com "-" "Mozilla/5.0 (Windows NT 10.0; Win64; x64; rv:65.0) Gecko/20100101 Firefox/65.0" "-"
82.165.88.0 - - [04/Mar/2024:05:25:10 +0100] "POST /wp-cron.php?doing_wp_cron=1709526310.8973441123962402343750 HTTP/1.1" 200 - cronicareinodearagon.com "-" "WordPress/6.2.2; https://cronicareinodearagon.com" "-"
178.128.103.0 - - [04/Mar/2024:05:25:10 +0100] "POST /xmlrpc.php HTTP/1.1" 200 416 cronicareinodearagon.com "-" "Mozilla/5.0 (Windows NT 10.0; Win64; x64; rv:64.0) Gecko/20100101 Firefox/64.0" "-"
82.165.88.0 - - [04/Mar/2024:05:27:34 +0100] "POST /wp-cron.php?doing_wp_cron=1709526454.6608738899230957031250 HTTP/1.1" 200 - cronicareinodearagon.com "-" "WordPress/6.2.2; https://cronicareinodearagon.com" "-"
81.0.221.0 - - [04/Mar/2024:05:27:34 +0100] "POST /xmlrpc.php HTTP/1.1" 200 414 cronicareinodearagon.com "-" "Mozilla/5.0 (X11; Fedora; Linux x86_64; rv:94.0) Gecko/20100101 Firefox/95.0" "-"
82.165.88.0 - - [04/Mar/2024:05:31:48 +0100] "POST /wp-cron.php?doing_wp_cron=1709526708.9092109203338623046875 HTTP/1.1" 200 - cronicareinodearagon.com "-" "WordPress/6.2.2; https://cronicareinodearagon.com" "-"
185.191.171.0 - - [04/Mar/2024:05:31:48 +0100] "GET /robots.txt HTTP/1.1" 200 202 cronicareinodearagon.com "-" "Mozilla/5.0 (compatible; SemrushBot/7~bl; +http://www.semrush.com/bot.html)" "-"
185.191.171.0 - - [04/Mar/2024:05:31:50 +0100] "GET /uncategorized/programa-educacion-ambiental-cadiz/ HTTP/1.1" 200 165491 cronicareinodearagon.com "-" "Mozilla/5.0 (compatible; SemrushBot/7~bl; +http://www.semrush.com/bot.html)" "-"
74.125.209.0 - - [04/Mar/2024:05:32:43 +0100] "GET /category/politica/feed/ HTTP/1.1" 200 18273 cronicareinodearagon.com "-" "FeedFetcher-Google; (+http://www.google.com/feedfetcher.html)" "-"
74.125.209.0 - - [04/Mar/2024:05:34:59 +0100] "GET /category/politica/feed/ HTTP/1.1" 200 18273 cronicareinodearagon.com "-" "FeedFetcher-Google; (+http://www.google.com/feedfetcher.html)" "-"
51.178.183.0 - - [04/Mar/2024:05:36:06 +0100] "POST /xmlrpc.php HTTP/1.1" 200 414 cronicareinodearagon.com "-" "Mozilla/5.0 (X11; Fedora; Linux x86_64; rv:94.0) Gecko/20100101 Firefox/95.0" "-"
82.165.88.0 - - [04/Mar/2024:05:36:07 +0100] "POST /wp-cron.php?doing_wp_cron=1709526967.0502390861511230468750 HTTP/1.1" 200 - cronicareinodearagon.com "-" "WordPress/6.2.2; https://cronicareinodearagon.com" "-"
198.20.67.0 - - [04/Mar/2024:05:38:03 +0100] "GET / HTTP/1.1" 200 336 www.cronicadelpaisvalenciano.com "http://www.google.com/url?url=www.cronicadelpaisvalenciano.com&yahoo.com" "Mozilla/5.0 (compatible; MSIE 9.0; Windows NT 6.1; WOW64; Trident/6.0)" "-"
198.20.67.0 - - [04/Mar/2024:05:38:04 +0100] "GET /th1s_1s_a_4o4.html HTTP/1.1" 404 596 www.cronicadelpaisvalenciano.com "http://www.google.com/url?url=www.cronicadelpaisvalenciano.com&yahoo.com" "Mozilla/5.0 (compatible; MSIE 9.0; Windows NT 6.1; WOW64; Trident/6.0)" "-"
198.20.67.0 - - [04/Mar/2024:05:38:04 +0100] "GET /domaincheckresult?__SBMT:d359e110d15:=1&__SYNT:d359e110d15:__CMD(domaincheckresult):RETWRP=domainselect&__SYNT:d359e110d15:__CMD(domaincheckresult):SELWRP=multicheck&__SYNT:d359e110d15:__forcestop=true&__pageflow=Order&__sendingdata=1&linkId=ct.btn.check.default-page-check&multicheck.Domain=1 HTTP/1.1" 404 596 www.cronicadelpaisvalenciano.com "-" "SiteLockSpider [en] (WinNT; I ;Nav)" "-"
198.20.67.0 - - [04/Mar/2024:05:38:04 +0100] "GET /spicons/templates/defaultsite/es-ES/images/domain.svg HTTP/1.1" 200 2095 www.cronicadelpaisvalenciano.com "http://www.google.com/url?url=www.cronicadelpaisvalenciano.com&yahoo.com" "Mozilla/5.0 (compatible; MSIE 9.0; Windows NT 6.1; WOW64; Trident/6.0)" "-"
198.20.67.0 - - [04/Mar/2024:05:38:05 +0100] "GET /spicons/templates/defaultsite/es-ES/images/domain_transfer.svg HTTP/1.1" 200 1201 www.cronicadelpaisvalenciano.com "-" "SiteLockSpider [en] (WinNT; I ;Nav)" "-"
198.20.67.0 - - [04/Mar/2024:05:38:05 +0100] "GET /spicons/templates/defaultsite/es-ES/images/css/main.css HTTP/1.1" 200 486180 www.cronicadelpaisvalenciano.com "http://www.google.com/url?url=www.cronicadelpaisvalenciano.com&yahoo.com" "Mozilla/5.0 (compatible; MSIE 9.0; Windows NT 6.1; WOW64; Trident/6.0)" "-"
198.20.67.0 - - [04/Mar/2024:05:38:06 +0100] "GET /defaultsite HTTP/1.1" 200 18994 www.cronicadelpaisvalenciano.com "-" "SiteLockSpider [en] (WinNT; I ;Nav)" "-"
198.20.67.0 - - [04/Mar/2024:05:38:08 +0100] "GET /spicons/templates/defaultsite/es-ES/images/ic-world.svg HTTP/1.1" 200 1248 www.cronicadelpaisvalenciano.com "-" "SiteLockSpider [en] (WinNT; I ;Nav)" "-"
198.20.67.0 - - [04/Mar/2024:05:38:08 +0100] "GET /domaincheckresult?__SBMT:d359e110d15:=1&__SYNT:d359e110d15:__CMD(domaincheckresult):RETWRP=domainselect&__SYNT:d359e110d15:__CMD(domaincheckresult):SELWRP=multicheck&__SYNT:d359e110d15:__forcestop=true&__pageflow=Order&__sendingdata=1&linkId=ct.btn.check.default-page-check&multicheck.Domain=1 HTTP/1.1" 404 596 www.cronicadelpaisvalenciano.com "-" "SiteLockSpider [en] (WinNT; I ;Nav)" "-"
185.191.171.0 - - [04/Mar/2024:05:39:09 +0100] "GET /aragon/resultados-cis-elecciones-aragon/ HTTP/1.1" 200 160569 cronicareinodearagon.com "-" "Mozilla/5.0 (compatible; SemrushBot/7~bl; +http://www.semrush.com/bot.html)" "-"
82.165.88.0 - - [04/Mar/2024:05:39:10 +0100] "POST /wp-cron.php?doing_wp_cron=1709527150.2405419349670410156250 HTTP/1.1" 200 - cronicareinodearagon.com "-" "WordPress/6.2.2; https://cronicareinodearagon.com" "-"
82.165.88.0 - - [04/Mar/2024:05:39:46 +0100] "POST /wp-cron.php?doing_wp_cron=1709527186.3647279739379882812500 HTTP/1.1" 200 - cronicareinodearagon.com "-" "WordPress/6.2.2; https://cronicareinodearagon.com" "-"
85.208.96.0 - - [04/Mar/2024:05:39:46 +0100] "GET /aragon/espadas-sanchez-psoe-andalucia-elecciones-sevilla/ HTTP/1.1" 200 166622 cronicareinodearagon.com "-" "Mozilla/5.0 (compatible; SemrushBot/7~bl; +http://www.semrush.com/bot.html)" "-"
82.165.88.0 - - [04/Mar/2024:05:41:53 +0100] "POST /wp-cron.php?doing_wp_cron=1709527313.6124660968780517578125 HTTP/1.1" 200 - cronicareinodearagon.com "-" "WordPress/6.2.2; https://cronicareinodearagon.com" "-"
85.234.131.0 - - [04/Mar/2024:05:41:53 +0100] "POST /xmlrpc.php HTTP/1.1" 200 416 cronicareinodearagon.com "-" "Mozilla/5.0 (Windows NT 10.0; Win64; x64; rv:45.0) Gecko/20100101 Firefox/45.0" "-"
54.36.148.0 - - [04/Mar/2024:05:42:10 +0100] "GET /sociedad/festival-guitarra-cordoba-medina-azahara/ HTTP/1.1" 200 173584 cronicareinodearagon.com "-" "Mozilla/5.0 (compatible; AhrefsBot/7.0; +http://ahrefs.com/robot/)" "-"
54.36.148.0 - - [04/Mar/2024:05:42:13 +0100] "GET /wp-content/uploads/2022/07/Medina-azahara.jpg HTTP/1.1" 200 52577 cronicareinodearagon.com "-" "Mozilla/5.0 (compatible; AhrefsBot/7.0; +http://ahrefs.com/robot/)" "-"
130.255.163.0 - - [04/Mar/2024:05:44:17 +0100] "GET /sitemap_index.xml HTTP/1.1" 200 317 cronicareinodearagon.com "-" "Mozilla/5.0 (Windows NT 10.0; Win64; x64) AppleWebKit/537.36 (KHTML, like Gecko) Chrome/103.0.5060.134 Safari/537.36 Edg/103.0.1264.71" "-"
141.138.208.0 - - [04/Mar/2024:05:44:17 +0100] "GET /robots.txt HTTP/1.1" 200 188 cronicadevalencia.com "-" "Mozilla/5.0 (Windows NT 10.0; Win64; x64) AppleWebKit/537.36 (KHTML, like Gecko) Chrome/103.0.5060.134 Safari/537.36 Edg/103.0.1264.71" "-"
146.247.229.0 - - [04/Mar/2024:05:44:17 +0100] "GET /humans.txt HTTP/1.1" 404 596 cronicadevalencia.com "-" "Mozilla/5.0 (Windows NT 10.0; Win64; x64) AppleWebKit/537.36 (KHTML, like Gecko) Chrome/103.0.5060.134 Safari/537.36 Edg/103.0.1264.71" "-"
141.138.211.0 - - [04/Mar/2024:05:44:17 +0100] "GET /ads.txt HTTP/1.1" 404 596 cronicadevalencia.com "-" "Mozilla/5.0 (Windows NT 10.0; Win64; x64) AppleWebKit/537.36 (KHTML, like Gecko) Chrome/103.0.5060.134 Safari/537.36 Edg/103.0.1264.71" "-"
151.248.1.0 - - [04/Mar/2024:05:44:17 +0100] "GET / HTTP/1.1" 200 336 cronicadevalencia.com "-" "Mozilla/5.0 (Windows NT 10.0; Win64; x64) AppleWebKit/537.36 (KHTML, like Gecko) Chrome/103.0.5060.134 Safari/537.36 Edg/103.0.1264.71" "-"
2804:b44:1000:: - - [04/Mar/2024:05:45:02 +0100] "POST /xmlrpc.php HTTP/1.1" 200 414 cronicareinodearagon.com "-" "Mozilla/5.0 (X11; Fedora; Linux x86_64; rv:94.0) Gecko/20100101 Firefox/95.0" "-"
82.165.88.0 - - [04/Mar/2024:05:45:03 +0100] "POST /wp-cron.php?doing_wp_cron=1709527503.2107629776000976562500 HTTP/1.1" 200 - cronicareinodearagon.com "-" "WordPress/6.2.2; https://cronicareinodearagon.com" "-"
82.165.88.0 - - [04/Mar/2024:05:45:54 +0100] "POST /wp-cron.php?doing_wp_cron=1709527554.5163300037384033203125 HTTP/1.1" 200 - cronicareinodearagon.com "-" "WordPress/6.2.2; https://cronicareinodearagon.com" "-"
85.208.96.0 - - [04/Mar/2024:05:45:54 +0100] "GET /sociedad/yacimiento-valencina-cabanas-edad-cobre/ HTTP/1.1" 200 172633 cronicareinodearagon.com "-" "Mozilla/5.0 (compatible; SemrushBot/7~bl; +http://www.semrush.com/bot.html)" "-"
184.154.139.0 - - [04/Mar/2024:05:48:49 +0100] "GET / HTTP/1.1" 200 336 www.cronicadegranada.com "http://www.google.com/url?url=www.cronicadegranada.com&yahoo.com" "Mozilla/5.0 (compatible; MSIE 9.0; Windows NT 6.1; WOW64; Trident/6.0)" "-"
184.154.139.0 - - [04/Mar/2024:05:48:49 +0100] "GET /th1s_1s_a_4o4.html HTTP/1.1" 404 596 www.cronicadegranada.com "http://www.google.com/url?url=www.cronicadegranada.com&yahoo.com" "Mozilla/5.0 (compatible; MSIE 9.0; Windows NT 6.1; WOW64; Trident/6.0)" "-"
184.154.139.0 - - [04/Mar/2024:05:48:49 +0100] "GET /defaultsite HTTP/1.1" 200 18994 www.cronicadegranada.com "-" "SiteLockSpider [en] (WinNT; I ;Nav)" "-"
184.154.139.0 - - [04/Mar/2024:05:48:50 +0100] "GET /spicons/templates/defaultsite/es-ES/images/css/main.css HTTP/1.1" 200 486180 www.cronicadegranada.com "http://www.google.com/url?url=www.cronicadegranada.com&yahoo.com" "Mozilla/5.0 (compatible; MSIE 9.0; Windows NT 6.1; WOW64; Trident/6.0)" "-"
184.154.139.0 - - [04/Mar/2024:05:48:51 +0100] "GET /spicons/templates/defaultsite/es-ES/images/domain_transfer.svg HTTP/1.1" 200 1201 www.cronicadegranada.com "http://www.google.com/url?url=www.cronicadegranada.com&yahoo.com" "Mozilla/5.0 (compatible; MSIE 9.0; Windows NT 6.1; WOW64; Trident/6.0)" "-"
184.154.139.0 - - [04/Mar/2024:05:48:51 +0100] "GET /spicons/templates/defaultsite/es-ES/images/domain.svg HTTP/1.1" 200 2095 www.cronicadegranada.com "-" "SiteLockSpider [en] (WinNT; I ;Nav)" "-"
184.154.139.0 - - [04/Mar/2024:05:48:52 +0100] "GET /spicons/templates/defaultsite/es-ES/images/ic-world.svg HTTP/1.1" 200 1248 www.cronicadegranada.com "-" "SiteLockSpider [en] (WinNT; I ;Nav)" "-"
184.154.139.0 - - [04/Mar/2024:05:48:52 +0100] "GET /domaincheckresult?__SBMT:d359e110d15:=1&__SYNT:d359e110d15:__CMD(domaincheckresult):RETWRP=domainselect&__SYNT:d359e110d15:__CMD(domaincheckresult):SELWRP=multicheck&__SYNT:d359e110d15:__forcestop=true&__pageflow=Order&__sendingdata=1&linkId=ct.btn.check.default-page-check&multicheck.Domain=1 HTTP/1.1" 404 596 www.cronicadegranada.com "-" "SiteLockSpider [en] (WinNT; I ;Nav)" "-"
65.108.39.0 - - [04/Mar/2024:05:49:55 +0100] "POST /xmlrpc.php HTTP/1.1" 200 416 cronicareinodearagon.com "-" "Mozilla/5.0 (Windows NT 10.0; Win64; x64; rv:68.0) Gecko/20100101 Firefox/68.0" "-"
82.165.88.0 - - [04/Mar/2024:05:49:56 +0100] "POST /wp-cron.php?doing_wp_cron=1709527796.0293591022491455078125 HTTP/1.1" 200 - cronicareinodearagon.com "-" "WordPress/6.2.2; https://cronicareinodearagon.com" "-"
50.116.44.0 - - [04/Mar/2024:05:49:56 +0100] "GET /wp-content/plugins/essential-addons-for-elementor-lite/readme.txt HTTP/1.1" 404 596 cronicadealmeria.com "www.google.com" "Mozilla/6.4 (Windows NT 11.1) Gecko/2010102 Firefox/99.0" "-"
82.165.88.0 - - [04/Mar/2024:05:51:49 +0100] "POST /wp-cron.php?doing_wp_cron=1709527909.9111909866333007812500 HTTP/1.1" 200 - cronicareinodearagon.com "-" "WordPress/6.2.2; https://cronicareinodearagon.com" "-"
185.191.171.0 - - [04/Mar/2024:05:51:49 +0100] "GET /category/aragon/page/24/ HTTP/1.1" 200 147619 cronicareinodearagon.com "-" "Mozilla/5.0 (compatible; SemrushBot/7~bl; +http://www.semrush.com/bot.html)" "-"
139.196.25.0 - - [04/Mar/2024:05:54:27 +0100] "POST /xmlrpc.php HTTP/1.1" 200 414 cronicareinodearagon.com "-" "Mozilla/5.0 (X11; Fedora; Linux x86_64; rv:94.0) Gecko/20100101 Firefox/95.0" "-"
82.165.88.0 - - [04/Mar/2024:05:54:28 +0100] "POST /wp-cron.php?doing_wp_cron=1709528068.1797659397125244140625 HTTP/1.1" 200 - cronicareinodearagon.com "-" "WordPress/6.2.2; https://cronicareinodearagon.com" "-"
82.165.88.0 - - [04/Mar/2024:05:56:24 +0100] "POST /wp-cron.php?doing_wp_cron=1709528184.6451659202575683593750 HTTP/1.1" 200 - cronicareinodearagon.com "-" "WordPress/6.2.2; https://cronicareinodearagon.com" "-"
85.208.96.0 - - [04/Mar/2024:05:56:24 +0100] "GET /aragon/alberto-izquierdo-partido-aragones-despoblacion/ HTTP/1.1" 200 165150 cronicareinodearagon.com "-" "Mozilla/5.0 (compatible; SemrushBot/7~bl; +http://www.semrush.com/bot.html)" "-"
43.134.190.0 - - [04/Mar/2024:05:59:59 +0100] "GET / HTTP/1.1" 200 336 cronicadejaen.com "-" "Mozilla/5.0 (iPhone; CPU iPhone OS 13_2_3 like Mac OS X) AppleWebKit/605.1.15 (KHTML, like Gecko) Version/13.0.3 Mobile/15E148 Safari/604.1" "-"
34.147.139.0 - - [04/Mar/2024:06:02:42 +0100] "POST /xmlrpc.php HTTP/1.1" 200 416 cronicareinodearagon.com "-" "Mozilla/5.0 (Windows NT 10.0; Win64; x64; rv:63.0) Gecko/20100101 Firefox/63.0" "-"
82.165.88.0 - - [04/Mar/2024:06:02:43 +0100] "POST /wp-cron.php?doing_wp_cron=1709528563.0334091186523437500000 HTTP/1.1" 200 - cronicareinodearagon.com "-" "WordPress/6.2.2; https://cronicareinodearagon.com" "-"
74.125.209.0 - - [04/Mar/2024:06:03:02 +0100] "GET /category/educacion/feed/ HTTP/1.1" 200 16487 cronicareinodearagon.com "-" "FeedFetcher-Google; (+http://www.google.com/feedfetcher.html)" "-"
2a01:be00:: - - [04/Mar/2024:06:03:07 +0100] "POST /xmlrpc.php HTTP/1.1" 200 416 cronicareinodearagon.com "-" "Mozilla/5.0 (Windows NT 10.0; Win64; x64; rv:98.0) Gecko/20100101 Firefox/98.0" "-"
198.54.113.0 - - [04/Mar/2024:06:03:25 +0100] "POST /xmlrpc.php HTTP/1.1" 200 414 cronicareinodearagon.com "-" "Mozilla/5.0 (X11; Fedora; Linux x86_64; rv:94.0) Gecko/20100101 Firefox/95.0" "-"
82.165.88.0 - - [04/Mar/2024:06:03:26 +0100] "POST /wp-cron.php?doing_wp_cron=1709528606.1128458976745605468750 HTTP/1.1" 200 - cronicareinodearagon.com "-" "WordPress/6.2.2; https://cronicareinodearagon.com" "-"
54.36.148.0 - - [04/Mar/2024:06:08:45 +0100] "GET /america/el-templo-de-los-mercaderes/ HTTP/1.1" 200 179282 cronicareinodearagon.com "-" "Mozilla/5.0 (compatible; AhrefsBot/7.0; +http://ahrefs.com/robot/)" "-"
82.165.88.0 - - [04/Mar/2024:06:08:46 +0100] "POST /wp-cron.php?doing_wp_cron=1709528925.9924459457397460937500 HTTP/1.1" 200 - cronicareinodearagon.com "-" "WordPress/6.2.2; https://cronicareinodearagon.com" "-"
20.19.80.0 - - [04/Mar/2024:06:13:46 +0100] "HEAD / HTTP/1.1" 200 - cronicadesevilla.com "-" "python-requests/2.31.0" "-"
20.19.80.0 - - [04/Mar/2024:06:13:46 +0100] "GET /wp-login.php HTTP/1.1" 404 596 cronicadesevilla.com "-" "python-requests/2.31.0" "-"
74.125.209.0 - - [04/Mar/2024:06:14:14 +0100] "GET /category/sociedad/feed/ HTTP/1.1" 200 16233 cronicareinodearagon.com "-" "FeedFetcher-Google; (+http://www.google.com/feedfetcher.html)" "-"
195.191.219.0 - - [04/Mar/2024:06:15:40 +0100] "GET /robots.txt HTTP/1.1" 200 202 cronicareinodearagon.com "-" "Mozilla/5.0 (compatible; MJ12bot/v1.4.8; http://mj12bot.com/)" "-"
82.165.88.0 - - [04/Mar/2024:06:15:41 +0100] "POST /wp-cron.php?doing_wp_cron=1709529340.9975709915161132812500 HTTP/1.1" 200 - cronicareinodearagon.com "-" "WordPress/6.2.2; https://cronicareinodearagon.com" "-"
195.191.219.0 - - [04/Mar/2024:06:15:43 +0100] "GET / HTTP/1.1" 200 319418 cronicareinodearagon.com "-" "Mozilla/5.0 (compatible; MJ12bot/v1.4.8; http://mj12bot.com/)" "-"
82.165.88.0 - - [04/Mar/2024:06:16:09 +0100] "POST /wp-cron.php?doing_wp_cron=1709529369.7729909420013427734375 HTTP/1.1" 200 - cronicareinodearagon.com "-" "WordPress/6.2.2; https://cronicareinodearagon.com" "-"
85.208.96.0 - - [04/Mar/2024:06:16:09 +0100] "GET /aragon/ccoo-empleo-economia-andalucia-sueldos-salarios/ HTTP/1.1" 200 163869 cronicareinodearagon.com "-" "Mozilla/5.0 (compatible; SemrushBot/7~bl; +http://www.semrush.com/bot.html)" "-"
198.20.67.0 - - [04/Mar/2024:06:20:22 +0100] "GET / HTTP/1.1" 200 336 www.grupocronicaenlibertad.com "http://www.google.com/url?url=www.grupocronicaenlibertad.com&yahoo.com" "Mozilla/5.0 (compatible; MSIE 9.0; Windows NT 6.1; WOW64; Trident/6.0)" "-"
198.20.67.0 - - [04/Mar/2024:06:20:23 +0100] "GET /th1s_1s_a_4o4.html HTTP/1.1" 404 596 www.grupocronicaenlibertad.com "http://www.google.com/url?url=www.grupocronicaenlibertad.com&yahoo.com" "Mozilla/5.0 (compatible; MSIE 9.0; Windows NT 6.1; WOW64; Trident/6.0)" "-"
198.20.67.0 - - [04/Mar/2024:06:20:23 +0100] "GET /domaincheckresult?__SBMT:d359e110d15:=1&__SYNT:d359e110d15:__CMD(domaincheckresult):RETWRP=domainselect&__SYNT:d359e110d15:__CMD(domaincheckresult):SELWRP=multicheck&__SYNT:d359e110d15:__forcestop=true&__pageflow=Order&__sendingdata=1&linkId=ct.btn.check.default-page-check&multicheck.Domain=1 HTTP/1.1" 404 596 www.grupocronicaenlibertad.com "-" "SiteLockSpider [en] (WinNT; I ;Nav)" "-"
198.20.67.0 - - [04/Mar/2024:06:20:24 +0100] "GET /spicons/templates/defaultsite/es-ES/images/domain_transfer.svg HTTP/1.1" 200 1201 www.grupocronicaenlibertad.com "http://www.google.com/url?url=www.grupocronicaenlibertad.com&yahoo.com" "Mozilla/5.0 (compatible; MSIE 9.0; Windows NT 6.1; WOW64; Trident/6.0)" "-"
198.20.67.0 - - [04/Mar/2024:06:20:24 +0100] "GET /defaultsite HTTP/1.1" 200 18994 www.grupocronicaenlibertad.com "-" "SiteLockSpider [en] (WinNT; I ;Nav)" "-"
198.20.67.0 - - [04/Mar/2024:06:20:27 +0100] "GET /spicons/templates/defaultsite/es-ES/images/css/main.css HTTP/1.1" 200 486180 www.grupocronicaenlibertad.com "http://www.google.com/url?url=www.grupocronicaenlibertad.com&yahoo.com" "Mozilla/5.0 (compatible; MSIE 9.0; Windows NT 6.1; WOW64; Trident/6.0)" "-"
198.20.67.0 - - [04/Mar/2024:06:20:29 +0100] "GET /spicons/templates/defaultsite/es-ES/images/domain.svg HTTP/1.1" 200 2095 www.grupocronicaenlibertad.com "-" "SiteLockSpider [en] (WinNT; I ;Nav)" "-"
198.20.67.0 - - [04/Mar/2024:06:20:29 +0100] "GET /spicons/templates/defaultsite/es-ES/images/ic-world.svg HTTP/1.1" 200 1248 www.grupocronicaenlibertad.com "-" "SiteLockSpider [en] (WinNT; I ;Nav)" "-"
198.20.67.0 - - [04/Mar/2024:06:20:30 +0100] "GET /domaincheckresult?__SBMT:d359e110d15:=1&__SYNT:d359e110d15:__CMD(domaincheckresult):RETWRP=domainselect&__SYNT:d359e110d15:__CMD(domaincheckresult):SELWRP=multicheck&__SYNT:d359e110d15:__forcestop=true&__pageflow=Order&__sendingdata=1&linkId=ct.btn.check.default-page-check&multicheck.Domain=1 HTTP/1.1" 404 596 www.grupocronicaenlibertad.com "-" "SiteLockSpider [en] (WinNT; I ;Nav)" "-"
185.191.171.0 - - [04/Mar/2024:06:22:25 +0100] "GET /aragon/nuevo-programa-de-aceleracion-gratuito-para-empresas-innovadoras/ HTTP/1.1" 200 164756 cronicareinodearagon.com "-" "Mozilla/5.0 (compatible; SemrushBot/7~bl; +http://www.semrush.com/bot.html)" "-"
82.165.88.0 - - [04/Mar/2024:06:22:26 +0100] "POST /wp-cron.php?doing_wp_cron=1709529746.1218490600585937500000 HTTP/1.1" 200 - cronicareinodearagon.com "-" "WordPress/6.2.2; https://cronicareinodearagon.com" "-"
74.125.212.0 - - [04/Mar/2024:06:23:16 +0100] "GET /category/economia/feed/ HTTP/1.1" 200 12913 cronicareinodearagon.com "-" "FeedFetcher-Google; (+http://www.google.com/feedfetcher.html)" "-"
173.230.136.0 - - [04/Mar/2024:06:25:53 +0100] "GET /wp-content/plugins/essential-addons-for-elementor-lite/readme.txt HTTP/1.1" 404 596 cronicadecadiz.com "www.google.com" "Mozilla/6.4 (Windows NT 11.1) Gecko/2010102 Firefox/99.0" "-"
74.125.209.0 - - [04/Mar/2024:06:27:08 +0100] "GET /category/politica/feed/ HTTP/1.1" 200 18273 cronicareinodearagon.com "-" "FeedFetcher-Google; (+http://www.google.com/feedfetcher.html)" "-"
82.165.88.0 - - [04/Mar/2024:06:30:56 +0100] "POST /wp-cron.php?doing_wp_cron=1709530256.5896170139312744140625 HTTP/1.1" 200 - cronicareinodearagon.com "-" "WordPress/6.2.2; https://cronicareinodearagon.com" "-"
66.249.68.0 - - [04/Mar/2024:06:30:56 +0100] "GET /robots.txt HTTP/1.1" 200 202 cronicareinodearagon.com "-" "Mozilla/5.0 (compatible; Googlebot/2.1; +http://www.google.com/bot.html)" "-"
66.249.68.0 - - [04/Mar/2024:06:30:57 +0100] "GET /category-sitemap.xml HTTP/1.1" 200 1443 cronicareinodearagon.com "-" "Mozilla/5.0 (compatible; Googlebot/2.1; +http://www.google.com/bot.html)" "-"
189.126.206.0 - - [04/Mar/2024:06:33:30 +0100] "POST /xmlrpc.php HTTP/1.1" 200 414 cronicareinodearagon.com "-" "Mozilla/5.0 (X11; Fedora; Linux x86_64; rv:94.0) Gecko/20100101 Firefox/95.0" "-"
82.165.88.0 - - [04/Mar/2024:06:33:31 +0100] "POST /wp-cron.php?doing_wp_cron=1709530410.9902100563049316406250 HTTP/1.1" 200 - cronicareinodearagon.com "-" "WordPress/6.2.2; https://cronicareinodearagon.com" "-"
82.165.88.0 - - [04/Mar/2024:06:34:00 +0100] "POST /wp-cron.php?doing_wp_cron=1709530440.4353990554809570312500 HTTP/1.1" 200 - cronicareinodearagon.com "-" "WordPress/6.2.2; https://cronicareinodearagon.com" "-"
207.46.13.0 - - [04/Mar/2024:06:34:00 +0100] "GET /?s=2023 HTTP/1.1" 200 155743 cronicareinodearagon.com "-" "Mozilla/5.0 AppleWebKit/537.36 (KHTML, like Gecko; compatible; bingbot/2.0; +http://www.bing.com/bingbot.htm) Chrome/116.0.1938.76 Safari/537.36" "-"
67.220.86.0 - - [04/Mar/2024:06:34:12 +0100] "GET / HTTP/1.1" 200 336 cronicadearagon.com "-" "Mozilla/5.0 (Windows NT 10.0; Win64; x64) AppleWebKit/537.36 (KHTML, like Gecko) Chrome/100.0.4896.75 Safari/537.36 Edg/100.0.1185.39" "-"
67.220.86.0 - - [04/Mar/2024:06:34:12 +0100] "GET / HTTP/1.1" 200 336 cronicadesevilla.com "-" "portalmmm/2.0 N410i(c20;TB)" "-"
67.220.86.0 - - [04/Mar/2024:06:34:16 +0100] "GET / HTTP/1.1" 200 336 cronicadealmeria.com "-" "Mozilla/5.0 (Linux; Android 12; SM-G780G) AppleWebKit/537.36 (KHTML, like Gecko) Chrome/100.0.4896.127 Mobile Safari/537.36" "-"
67.220.86.0 - - [04/Mar/2024:06:34:16 +0100] "GET / HTTP/1.1" 200 336 cronicadehuelva.com "-" "Mozilla/5.0 (Macintosh; Intel Mac OS X 10_15_7) AppleWebKit/537.36 (KHTML, like Gecko) Chrome/101.0.0.0 Safari/537.36" "-"
67.220.86.0 - - [04/Mar/2024:06:34:16 +0100] "GET / HTTP/1.1" 200 336 cronicademalaga.com "-" "Mozilla/5.0 (Macintosh; Intel Mac OS X 10_15_7) AppleWebKit/537.36 (KHTML, like Gecko) Chrome/98.0.4758.136 Safari/537.36" "-"
