67.220.86.0 - - [04/Mar/2024:06:34:16 +0100] "GET / HTTP/1.1" 200 336 cronicadejaen.com "-" "Mozilla/5.0 (Linux; Android 7.0; SM-N920C) AppleWebKit/537.36 (KHTML, like Gecko) Chrome/101.0.4951.61 Mobile Safari/537.36" "-"
67.220.86.0 - - [04/Mar/2024:06:34:16 +0100] "GET / HTTP/1.1" 200 336 cronicadeextremadura.com "-" "Mozilla/5.0 (Linux; Android 11; LM-V500N) AppleWebKit/537.36 (KHTML, like Gecko) Chrome/101.0.4951.41 Mobile Safari/537.36" "-"
67.220.86.0 - - [04/Mar/2024:06:34:16 +0100] "GET / HTTP/1.1" 200 336 cronicadecadiz.com "-" "Mozilla/5.0 (compatible; Konqueror/3.3; Linux 2.6.8-gentoo-r3; X11;" "-"
67.220.86.0 - - [04/Mar/2024:06:34:16 +0100] "GET / HTTP/1.1" 200 336 cronicadelpaisvalenciano.com "-" "Mozilla/5.0 (Macintosh; Intel Mac OS X 10_10_1) AppleWebKit/537.36 (KHTML, like Gecko) Chrome/52.0.2743.116 Safari/537.36" "-"
67.220.86.0 - - [04/Mar/2024:06:34:16 +0100] "GET / HTTP/1.1" 200 336 cronicadegranada.com "-" "Mozilla/5.0 (Linux; Android 11; MVK-T2101) AppleWebKit/537.36 (KHTML, like Gecko) Chrome/77.0.3865.116 Safari/537.36 EdgA/45.09.4.5083" "-"
67.220.86.0 - - [04/Mar/2024:06:34:16 +0100] "GET / HTTP/1.1" 200 336 cronicadeasturias.com "-" "Mozilla/5.0 (Macintosh; Intel Mac OS X 10_15_7) AppleWebKit/537.36 (KHTML, like Gecko) Chrome/101.0.4951.41 Safari/537.36" "-"
67.220.86.0 - - [04/Mar/2024:06:34:16 +0100] "GET / HTTP/1.1" 200 336 cronicadecordoba.com "-" "nook browser/1.0" "-"
67.220.86.0 - - [04/Mar/2024:06:34:16 +0100] "GET / HTTP/1.1" 200 336 cronicadevalencia.com "-" "Mozilla/5.0 (X11; OpenBSD amd64; rv:30.0) Gecko/20100101 Firefox/30.0" "-"
15.235.15.0 - - [04/Mar/2024:06:35:27 +0100] "GET / HTTP/1.1" 200 319418 cronicareinodearagon.com "-" "-" "-"
82.165.88.0 - - [04/Mar/2024:06:36:00 +0100] "POST /wp-cron.php?doing_wp_cron=1709530560.8121020793914794921875 HTTP/1.1" 200 - cronicareinodearagon.com "-" "WordPress/6.2.2; https://cronicareinodearagon.com" "-"
185.191.171.0 - - [04/Mar/2024:06:36:00 +0100] "GET /robots.txt HTTP/1.1" 200 202 cronicareinodearagon.com "-" "Mozilla/5.0 (compatible; SemrushBot/7~bl; +http://www.semrush.com/bot.html)" "-"
85.208.96.0 - - [04/Mar/2024:06:36:01 +0100] "GET /sociedad/persecucion-policia-huida-estepona-200-km-hora/ HTTP/1.1" 200 160308 cronicareinodearagon.com "-" "Mozilla/5.0 (compatible; SemrushBot/7~bl; +http://www.semrush.com/bot.html)" "-"
82.165.88.0 - - [04/Mar/2024:06:39:36 +0100] "POST /wp-cron.php?doing_wp_cron=1709530776.3911759853363037109375 HTTP/1.1" 200 - cronicareinodearagon.com "-" "WordPress/6.2.2; https://cronicareinodearagon.com" "-"
85.208.96.0 - - [04/Mar/2024:06:39:36 +0100] "GET /politica/lamban-asegura-que-las-renovables-son-una-magnifica-oportunidad-para-que-aragon-despegue/ HTTP/1.1" 200 159734 cronicareinodearagon.com "-" "Mozilla/5.0 (compatible; SemrushBot/7~bl; +http://www.semrush.com/bot.html)" "-"
82.165.88.0 - - [04/Mar/2024:06:44:29 +0100] "POST /wp-cron.php?doing_wp_cron=1709531069.7058210372924804687500 HTTP/1.1" 200 - cronicareinodearagon.com "-" "WordPress/6.2.2; https://cronicareinodearagon.com" "-"
54.36.148.0 - - [04/Mar/2024:06:44:29 +0100] "GET /politica/marin-fran-hervias-filtracion/ HTTP/1.1" 200 165814 cronicareinodearagon.com "-" "Mozilla/5.0 (compatible; AhrefsBot/7.0; +http://ahrefs.com/robot/)" "-"
82.165.88.0 - - [04/Mar/2024:06:45:00 +0100] "POST /wp-cron.php?doing_wp_cron=1709531100.9458711147308349609375 HTTP/1.1" 200 - cronicareinodearagon.com "-" "WordPress/6.2.2; https://cronicareinodearagon.com" "-"
85.208.96.0 - - [04/Mar/2024:06:45:00 +0100] "GET /category/politica/page/15/ HTTP/1.1" 200 147440 cronicareinodearagon.com "-" "Mozilla/5.0 (compatible; SemrushBot/7~bl; +http://www.semrush.com/bot.html)" "-"
43.134.142.0 - - [04/Mar/2024:06:46:21 +0100] "GET / HTTP/1.1" 200 336 cronicadecadiz.com "-" "Mozilla/5.0 (iPhone; CPU iPhone OS 13_2_3 like Mac OS X) AppleWebKit/605.1.15 (KHTML, like Gecko) Version/13.0.3 Mobile/15E148 Safari/604.1" "-"
163.172.100.0 - - [04/Mar/2024:06:48:33 +0100] "POST /xmlrpc.php HTTP/1.1" 200 416 cronicareinodearagon.com "-" "Mozilla/5.0 (Windows NT 10.0; Win64; x64; rv:54.0) Gecko/20100101 Firefox/54.0" "-"
82.165.88.0 - - [04/Mar/2024:06:48:36 +0100] "POST /wp-cron.php?doing_wp_cron=1709531316.4929580688476562500000 HTTP/1.1" 200 - cronicareinodearagon.com "-" "WordPress/6.2.2; https://cronicareinodearagon.com" "-"
82.165.88.0 - - [04/Mar/2024:06:49:25 +0100] "POST /wp-cron.php?doing_wp_cron=1709531365.4368228912353515625000 HTTP/1.1" 200 - cronicareinodearagon.com "-" "WordPress/6.2.2; https://cronicareinodearagon.com" "-"
217.160.200.0 - - [04/Mar/2024:06:49:25 +0100] "POST /xmlrpc.php HTTP/1.1" 200 416 cronicareinodearagon.com "-" "Mozilla/5.0 (Windows NT 10.0; Win64; x64; rv:87.0) Gecko/20100101 Firefox/87.0" "-"
82.223.165.0 - - [04/Mar/2024:06:51:16 +0100] "POST /xmlrpc.php HTTP/1.1" 200 416 cronicareinodearagon.com "-" "Mozilla/5.0 (Windows NT 10.0; Win64; x64; rv:77.0) Gecko/20100101 Firefox/77.0" "-"
82.165.88.0 - - [04/Mar/2024:06:51:17 +0100] "POST /wp-cron.php?doing_wp_cron=1709531477.1869630813598632812500 HTTP/1.1" 200 - cronicareinodearagon.com "-" "WordPress/6.2.2; https://cronicareinodearagon.com" "-"
45.79.223.0 - - [04/Mar/2024:06:53:37 +0100] "GET /wp-content/plugins/essential-addons-for-elementor-lite/readme.txt HTTP/1.1" 404 596 cronicadevalencia.com "www.google.com" "Mozilla/6.4 (Windows NT 11.1) Gecko/2010102 Firefox/99.0" "-"
82.165.88.0 - - [04/Mar/2024:06:54:02 +0100] "POST /wp-cron.php?doing_wp_cron=1709531642.9148089885711669921875 HTTP/1.1" 200 - cronicareinodearagon.com "-" "WordPress/6.2.2; https://cronicareinodearagon.com" "-"
198.12.222.0 - - [04/Mar/2024:06:54:02 +0100] "POST /xmlrpc.php HTTP/1.1" 200 414 cronicareinodearagon.com "-" "Mozilla/5.0 (X11; Fedora; Linux x86_64; rv:94.0) Gecko/20100101 Firefox/95.0" "-"
74.125.209.0 - - [04/Mar/2024:06:55:30 +0100] "GET /category/politica/feed/ HTTP/1.1" 200 18273 cronicareinodearagon.com "-" "FeedFetcher-Google; (+http://www.google.com/feedfetcher.html)" "-"
106.119.167.0 - - [04/Mar/2024:07:03:24 +0100] "GET / HTTP/1.1" 200 336 cronicadearagon.com "-" "Mozilla/5.0 (iPhone; CPU iPhone OS 13_2_3 like Mac OS X) AppleWebKit/605.1.15 (KHTML, like Gecko) Version/13.0.3 Mobile/15E148 Safari/604.1" "-"
106.119.167.0 - - [04/Mar/2024:07:03:24 +0100] "GET / HTTP/1.1" 200 336 cronicadehuelva.com "-" "Mozilla/5.0 (iPhone; CPU iPhone OS 13_2_3 like Mac OS X) AppleWebKit/605.1.15 (KHTML, like Gecko) Version/13.0.3 Mobile/15E148 Safari/604.1" "-"
106.119.167.0 - - [04/Mar/2024:07:03:27 +0100] "GET / HTTP/1.1" 200 336 cronicademalaga.com "-" "Mozilla/5.0 (iPhone; CPU iPhone OS 13_2_3 like Mac OS X) AppleWebKit/605.1.15 (KHTML, like Gecko) Version/13.0.3 Mobile/15E148 Safari/604.1" "-"
85.208.96.0 - - [04/Mar/2024:07:06:27 +0100] "GET /aragon/taller-proyectos-europeos-itainnova/ HTTP/1.1" 200 34112 cronicareinodearagon.com "-" "Mozilla/5.0 (compatible; SemrushBot/7~bl; +http://www.semrush.com/bot.html)" "-"
82.165.88.0 - - [04/Mar/2024:07:06:28 +0100] "POST /wp-cron.php?doing_wp_cron=1709532388.7597589492797851562500 HTTP/1.1" 200 - cronicareinodearagon.com "-" "WordPress/6.2.2; https://cronicareinodearagon.com" "-"
178.128.103.0 - - [04/Mar/2024:07:08:55 +0100] "POST /xmlrpc.php HTTP/1.1" 200 416 cronicareinodearagon.com "-" "Mozilla/5.0 (Windows NT 10.0; Win64; x64; rv:41.0) Gecko/20100101 Firefox/41.0" "-"
82.165.88.0 - - [04/Mar/2024:07:08:56 +0100] "POST /wp-cron.php?doing_wp_cron=1709532536.0553550720214843750000 HTTP/1.1" 200 - cronicareinodearagon.com "-" "WordPress/6.2.2; https://cronicareinodearagon.com" "-"
101.91.148.0 - - [04/Mar/2024:07:13:53 +0100] "GET / HTTP/1.1" 200 336 cronicadegranada.com "-" "Mozilla/5.0 (iPhone; CPU iPhone OS 13_2_3 like Mac OS X) AppleWebKit/605.1.15 (KHTML, like Gecko) Version/13.0.3 Mobile/15E148 Safari/604.1" "-"
101.91.148.0 - - [04/Mar/2024:07:13:53 +0100] "GET / HTTP/1.1" 200 336 cronicadecordoba.com "-" "Mozilla/5.0 (iPhone; CPU iPhone OS 13_2_3 like Mac OS X) AppleWebKit/605.1.15 (KHTML, like Gecko) Version/13.0.3 Mobile/15E148 Safari/604.1" "-"
101.91.148.0 - - [04/Mar/2024:07:13:54 +0100] "GET / HTTP/1.1" 200 336 cronicadealmeria.com "-" "Mozilla/5.0 (iPhone; CPU iPhone OS 13_2_3 like Mac OS X) AppleWebKit/605.1.15 (KHTML, like Gecko) Version/13.0.3 Mobile/15E148 Safari/604.1" "-"
101.91.148.0 - - [04/Mar/2024:07:13:57 +0100] "GET / HTTP/1.1" 200 336 cronicadesevilla.com "-" "Mozilla/5.0 (iPhone; CPU iPhone OS 13_2_3 like Mac OS X) AppleWebKit/605.1.15 (KHTML, like Gecko) Version/13.0.3 Mobile/15E148 Safari/604.1" "-"
184.154.139.0 - - [04/Mar/2024:07:16:16 +0100] "GET / HTTP/1.1" 200 336 www.cronicadeextremadura.com "http://www.google.com/url?url=www.cronicadeextremadura.com&yahoo.com" "Mozilla/5.0 (compatible; MSIE 9.0; Windows NT 6.1; WOW64; Trident/6.0)" "-"
184.154.139.0 - - [04/Mar/2024:07:16:16 +0100] "GET /th1s_1s_a_4o4.html HTTP/1.1" 404 596 www.cronicadeextremadura.com "http://www.google.com/url?url=www.cronicadeextremadura.com&yahoo.com" "Mozilla/5.0 (compatible; MSIE 9.0; Windows NT 6.1; WOW64; Trident/6.0)" "-"
184.154.139.0 - - [04/Mar/2024:07:16:17 +0100] "GET /spicons/templates/defaultsite/es-ES/images/domain.svg HTTP/1.1" 200 2095 www.cronicadeextremadura.com "http://www.google.com/url?url=www.cronicadeextremadura.com&yahoo.com" "Mozilla/5.0 (compatible; MSIE 9.0; Windows NT 6.1; WOW64; Trident/6.0)" "-"
184.154.139.0 - - [04/Mar/2024:07:16:17 +0100] "GET /spicons/templates/defaultsite/es-ES/images/domain_transfer.svg HTTP/1.1" 200 1201 www.cronicadeextremadura.com "-" "SiteLockSpider [en] (WinNT; I ;Nav)" "-"
184.154.139.0 - - [04/Mar/2024:07:16:17 +0100] "GET /domaincheckresult?__SBMT:d359e110d15:=1&__SYNT:d359e110d15:__CMD(domaincheckresult):RETWRP=domainselect&__SYNT:d359e110d15:__CMD(domaincheckresult):SELWRP=multicheck&__SYNT:d359e110d15:__forcestop=true&__pageflow=Order&__sendingdata=1&linkId=ct.btn.check.default-page-check&multicheck.Domain=1 HTTP/1.1" 404 596 www.cronicadeextremadura.com "-" "SiteLockSpider [en] (WinNT; I ;Nav)" "-"
184.154.139.0 - - [04/Mar/2024:07:16:17 +0100] "GET /spicons/templates/defaultsite/es-ES/images/css/main.css HTTP/1.1" 200 486180 www.cronicadeextremadura.com "http://www.google.com/url?url=www.cronicadeextremadura.com&yahoo.com" "Mozilla/5.0 (compatible; MSIE 9.0; Windows NT 6.1; WOW64; Trident/6.0)" "-"
184.154.139.0 - - [04/Mar/2024:07:16:18 +0100] "GET /defaultsite HTTP/1.1" 200 18994 www.cronicadeextremadura.com "-" "SiteLockSpider [en] (WinNT; I ;Nav)" "-"
82.223.36.0 - - [04/Mar/2024:07:16:18 +0100] "POST /xmlrpc.php HTTP/1.1" 200 414 cronicareinodearagon.com "-" "Mozilla/5.0 (X11; Fedora; Linux x86_64; rv:94.0) Gecko/20100101 Firefox/95.0" "-"
82.165.88.0 - - [04/Mar/2024:07:16:19 +0100] "POST /wp-cron.php?doing_wp_cron=1709532979.2673099040985107421875 HTTP/1.1" 200 - cronicareinodearagon.com "-" "WordPress/6.2.2; https://cronicareinodearagon.com" "-"
184.154.139.0 - - [04/Mar/2024:07:16:20 +0100] "GET /domaincheckresult?__SBMT:d359e110d15:=1&__SYNT:d359e110d15:__CMD(domaincheckresult):RETWRP=domainselect&__SYNT:d359e110d15:__CMD(domaincheckresult):SELWRP=multicheck&__SYNT:d359e110d15:__forcestop=true&__pageflow=Order&__sendingdata=1&linkId=ct.btn.check.default-page-check&multicheck.Domain=1 HTTP/1.1" 404 596 www.cronicadeextremadura.com "-" "SiteLockSpider [en] (WinNT; I ;Nav)" "-"
82.165.88.0 - - [04/Mar/2024:07:20:41 +0100] "POST /wp-cron.php?doing_wp_cron=1709533241.5612320899963378906250 HTTP/1.1" 200 - cronicareinodearagon.com "-" "WordPress/6.2.2; https://cronicareinodearagon.com" "-"
85.208.96.0 - - [04/Mar/2024:07:20:41 +0100] "GET /aragon/juan-marin-gana-primarias-ciudadanos-andalucia/ HTTP/1.1" 200 35404 cronicareinodearagon.com "-" "Mozilla/5.0 (compatible; SemrushBot/7~bl; +http://www.semrush.com/bot.html)" "-"
45.197.56.0 - - [04/Mar/2024:07:21:45 +0100] "GET /wp-json/wp/v2/users HTTP/1.1" 301 260 cronicareinodearagon.com "-" "Mozilla/5.0 (Linux; Android 10; SM-A102U) AppleWebKit/537.36 (KHTML, like Gecko) Chrome/91.0.4472.114 Mobile Safari/537.36" "-"
82.165.88.0 - - [04/Mar/2024:07:21:49 +0100] "POST /wp-cron.php?doing_wp_cron=1709533309.3412129878997802734375 HTTP/1.1" 200 - cronicareinodearagon.com "-" "WordPress/6.2.2; https://cronicareinodearagon.com" "-"
45.197.56.0 - - [04/Mar/2024:07:21:49 +0100] "GET /wp-json/wp/v2/users HTTP/1.1" 200 8127 cronicareinodearagon.com "-" "Mozilla/5.0 (Linux; Android 10; SM-A102U) AppleWebKit/537.36 (KHTML, like Gecko) Chrome/91.0.4472.114 Mobile Safari/537.36" "-"
82.165.88.0 - - [04/Mar/2024:07:22:54 +0100] "POST /wp-cron.php?doing_wp_cron=1709533374.3516149520874023437500 HTTP/1.1" 200 - cronicareinodearagon.com "-" "WordPress/6.2.2; https://cronicareinodearagon.com" "-"
103.98.131.0 - - [04/Mar/2024:07:22:54 +0100] "POST /xmlrpc.php HTTP/1.1" 200 416 cronicareinodearagon.com "-" "Mozilla/5.0 (Windows NT 10.0; Win64; x64; rv:53.0) Gecko/20100101 Firefox/53.0" "-"
43.163.0.0 - - [04/Mar/2024:07:25:18 +0100] "GET / HTTP/1.1" 200 336 cronicadeasturias.com "-" "Mozilla/5.0 (iPhone; CPU iPhone OS 13_2_3 like Mac OS X) AppleWebKit/605.1.15 (KHTML, like Gecko) Version/13.0.3 Mobile/15E148 Safari/604.1" "-"
43.163.0.0 - - [04/Mar/2024:07:25:18 +0100] "GET / HTTP/1.1" 200 336 cronicadevalencia.com "-" "Mozilla/5.0 (iPhone; CPU iPhone OS 13_2_3 like Mac OS X) AppleWebKit/605.1.15 (KHTML, like Gecko) Version/13.0.3 Mobile/15E148 Safari/604.1" "-"
74.125.212.0 - - [04/Mar/2024:07:25:25 +0100] "GET /category/economia/feed/ HTTP/1.1" 200 12913 cronicareinodearagon.com "-" "FeedFetcher-Google; (+http://www.google.com/feedfetcher.html)" "-"
93.183.131.0 - - [04/Mar/2024:07:27:10 +0100] "POST /xmlrpc.php HTTP/1.1" 200 414 cronicareinodearagon.com "-" "Mozilla/5.0 (X11; Fedora; Linux x86_64; rv:94.0) Gecko/20100101 Firefox/95.0" "-"
82.165.88.0 - - [04/Mar/2024:07:27:11 +0100] "POST /wp-cron.php?doing_wp_cron=1709533631.3152201175689697265625 HTTP/1.1" 200 - cronicareinodearagon.com "-" "WordPress/6.2.2; https://cronicareinodearagon.com" "-"
82.165.88.0 - - [04/Mar/2024:07:32:59 +0100] "POST /wp-cron.php?doing_wp_cron=1709533979.4995810985565185546875 HTTP/1.1" 200 - cronicareinodearagon.com "-" "WordPress/6.2.2; https://cronicareinodearagon.com" "-"
85.208.96.0 - - [04/Mar/2024:07:32:59 +0100] "GET /aragon/malaga-candidata-expo-2027/ HTTP/1.1" 200 34401 cronicareinodearagon.com "-" "Mozilla/5.0 (compatible; SemrushBot/7~bl; +http://www.semrush.com/bot.html)" "-"
85.208.96.0 - - [04/Mar/2024:07:33:06 +0100] "GET /category/aragon/page/50/ HTTP/1.1" 200 29471 cronicareinodearagon.com "-" "Mozilla/5.0 (compatible; SemrushBot/7~bl; +http://www.semrush.com/bot.html)" "-"
82.165.88.0 - - [04/Mar/2024:07:35:59 +0100] "POST /wp-cron.php?doing_wp_cron=1709534159.9046289920806884765625 HTTP/1.1" 200 - cronicareinodearagon.com "-" "WordPress/6.2.2; https://cronicareinodearagon.com" "-"
185.191.171.0 - - [04/Mar/2024:07:35:59 +0100] "GET /aragon/confederacion-hidrografica-comision-desembalse-2022/ HTTP/1.1" 200 35891 cronicareinodearagon.com "-" "Mozilla/5.0 (compatible; SemrushBot/7~bl; +http://www.semrush.com/bot.html)" "-"
185.191.171.0 - - [04/Mar/2024:07:36:40 +0100] "GET /robots.txt HTTP/1.1" 200 202 cronicareinodearagon.com "-" "Mozilla/5.0 (compatible; SemrushBot/7~bl; +http://www.semrush.com/bot.html)" "-"
85.208.96.0 - - [04/Mar/2024:07:36:41 +0100] "GET /aragon/chunta-aragonesista-fondo-cohesion-territorial-despoblacion/ HTTP/1.1" 200 167199 cronicareinodearagon.com "-" "Mozilla/5.0 (compatible; SemrushBot/7~bl; +http://www.semrush.com/bot.html)" "-"
82.165.88.0 - - [04/Mar/2024:07:38:29 +0100] "POST /wp-cron.php?doing_wp_cron=1709534309.6668739318847656250000 HTTP/1.1" 200 - cronicareinodearagon.com "-" "WordPress/6.2.2; https://cronicareinodearagon.com" "-"
192.169.148.0 - - [04/Mar/2024:07:38:29 +0100] "POST /xmlrpc.php HTTP/1.1" 200 414 cronicareinodearagon.com "-" "Mozilla/5.0 (X11; Fedora; Linux x86_64; rv:94.0) Gecko/20100101 Firefox/95.0" "-"
66.249.68.0 - - [04/Mar/2024:07:40:43 +0100] "GET /robots.txt HTTP/1.1" 200 202 cronicareinodearagon.com "-" "Mozilla/5.0 (compatible; Googlebot/2.1; +http://www.google.com/bot.html)" "-"
82.165.88.0 - - [04/Mar/2024:07:40:43 +0100] "POST /wp-cron.php?doing_wp_cron=1709534443.3707690238952636718750 HTTP/1.1" 200 - cronicareinodearagon.com "-" "WordPress/6.2.2; https://cronicareinodearagon.com" "-"
66.249.68.0 - - [04/Mar/2024:07:40:43 +0100] "GET /politica/rivares-pp-vendiendo-zaragoza-trozos-saldo/ HTTP/1.1" 200 162498 cronicareinodearagon.com "-" "Mozilla/5.0 (Linux; Android 6.0.1; Nexus 5X Build/MMB29P) AppleWebKit/537.36 (KHTML, like Gecko) Chrome/122.0.6261.94 Mobile Safari/537.36 (compatible; Googlebot/2.1; +http://www.google.com/bot.html)" "-"
74.125.212.0 - - [04/Mar/2024:07:40:51 +0100] "GET /category/economia/feed/ HTTP/1.1" 200 12913 cronicareinodearagon.com "-" "FeedFetcher-Google; (+http://www.google.com/feedfetcher.html)" "-"
2001:41d0:400:: - - [04/Mar/2024:07:44:25 +0100] "POST /xmlrpc.php HTTP/1.1" 200 416 cronicareinodearagon.com "-" "Mozilla/5.0 (Windows NT 10.0; Win64; x64; rv:50.0) Gecko/20100101 Firefox/50.0" "-"
82.165.88.0 - - [04/Mar/2024:07:44:26 +0100] "POST /wp-cron.php?doing_wp_cron=1709534666.2645859718322753906250 HTTP/1.1" 200 - cronicareinodearagon.com "-" "WordPress/6.2.2; https://cronicareinodearagon.com" "-"
82.165.88.0 - - [04/Mar/2024:07:45:44 +0100] "POST /wp-cron.php?doing_wp_cron=1709534744.9450631141662597656250 HTTP/1.1" 200 - cronicareinodearagon.com "-" "WordPress/6.2.2; https://cronicareinodearagon.com" "-"
85.208.96.0 - - [04/Mar/2024:07:45:44 +0100] "GET /aragon/chiringuitos-playa-economia-andalucia/ HTTP/1.1" 200 161835 cronicareinodearagon.com "-" "Mozilla/5.0 (compatible; SemrushBot/7~bl; +http://www.semrush.com/bot.html)" "-"
36.41.75.0 - - [04/Mar/2024:07:46:02 +0100] "GET / HTTP/1.1" 301 241 cronicareinodearagon.com "-" "Mozilla/5.0 (iPhone; CPU iPhone OS 13_2_3 like Mac OS X) AppleWebKit/605.1.15 (KHTML, like Gecko) Version/13.0.3 Mobile/15E148 Safari/604.1" "-"
36.41.75.0 - - [04/Mar/2024:07:46:05 +0100] "GET / HTTP/1.1" 200 41642 cronicareinodearagon.com "http://cronicareinodearagon.com" "Mozilla/5.0 (iPhone; CPU iPhone OS 13_2_3 like Mac OS X) AppleWebKit/605.1.15 (KHTML, like Gecko) Version/13.0.3 Mobile/15E148 Safari/604.1" "-"
36.41.75.0 - - [04/Mar/2024:07:46:05 +0100] "GET / HTTP/1.1" 200 336 cronicadeextremadura.com "-" "Mozilla/5.0 (iPhone; CPU iPhone OS 13_2_3 like Mac OS X) AppleWebKit/605.1.15 (KHTML, like Gecko) Version/13.0.3 Mobile/15E148 Safari/604.1" "-"
185.191.171.0 - - [04/Mar/2024:07:48:51 +0100] "GET /america/lula-da-silva-apoyo-vinicius-ataques-racistas/ HTTP/1.1" 200 162334 cronicareinodearagon.com "-" "Mozilla/5.0 (compatible; SemrushBot/7~bl; +http://www.semrush.com/bot.html)" "-"
82.165.88.0 - - [04/Mar/2024:07:48:52 +0100] "POST /wp-cron.php?doing_wp_cron=1709534932.3494629859924316406250 HTTP/1.1" 200 - cronicareinodearagon.com "-" "WordPress/6.2.2; https://cronicareinodearagon.com" "-"
103.11.100.0 - - [04/Mar/2024:07:49:46 +0100] "POST /xmlrpc.php HTTP/1.1" 200 414 cronicareinodearagon.com "-" "Mozilla/5.0 (X11; Fedora; Linux x86_64; rv:94.0) Gecko/20100101 Firefox/95.0" "-"
82.165.88.0 - - [04/Mar/2024:07:49:47 +0100] "POST /wp-cron.php?doing_wp_cron=1709534986.9856801033020019531250 HTTP/1.1" 200 - cronicareinodearagon.com "-" "WordPress/6.2.2; https://cronicareinodearagon.com" "-"
185.191.171.0 - - [04/Mar/2024:07:50:09 +0100] "GET /aragon/marin-moreno-elecciones-andalucia-adelanto-pp-ciudadanos/ HTTP/1.1" 200 166036 cronicareinodearagon.com "-" "Mozilla/5.0 (compatible; SemrushBot/7~bl; +http://www.semrush.com/bot.html)" "-"
82.165.88.0 - - [04/Mar/2024:07:51:22 +0100] "POST /wp-cron.php?doing_wp_cron=1709535082.6721038818359375000000 HTTP/1.1" 200 - cronicareinodearagon.com "-" "WordPress/6.2.2; https://cronicareinodearagon.com" "-"
185.191.171.0 - - [04/Mar/2024:07:51:22 +0100] "GET /category/economia/page/17/ HTTP/1.1" 200 148545 cronicareinodearagon.com "-" "Mozilla/5.0 (compatible; SemrushBot/7~bl; +http://www.semrush.com/bot.html)" "-"
184.154.139.0 - - [04/Mar/2024:07:52:38 +0100] "GET / HTTP/1.1" 200 336 www.cronicadecadiz.com "http://www.google.com/url?url=www.cronicadecadiz.com&yahoo.com" "Mozilla/5.0 (compatible; MSIE 9.0; Windows NT 6.1; WOW64; Trident/6.0)" "-"
184.154.139.0 - - [04/Mar/2024:07:52:38 +0100] "GET /th1s_1s_a_4o4.html HTTP/1.1" 404 596 www.cronicadecadiz.com "http://www.google.com/url?url=www.cronicadecadiz.com&yahoo.com" "Mozilla/5.0 (compatible; MSIE 9.0; Windows NT 6.1; WOW64; Trident/6.0)" "-"
184.154.139.0 - - [04/Mar/2024:07:52:38 +0100] "GET /spicons/templates/defaultsite/es-ES/images/domain.svg HTTP/1.1" 200 2095 www.cronicadecadiz.com "http://www.google.com/url?url=www.cronicadecadiz.com&yahoo.com" "Mozilla/5.0 (compatible; MSIE 9.0; Windows NT 6.1; WOW64; Trident/6.0)" "-"
184.154.139.0 - - [04/Mar/2024:07:52:39 +0100] "GET /spicons/templates/defaultsite/es-ES/images/domain_transfer.svg HTTP/1.1" 200 1201 www.cronicadecadiz.com "-" "SiteLockSpider [en] (WinNT; I ;Nav)" "-"
184.154.139.0 - - [04/Mar/2024:07:52:39 +0100] "GET /spicons/templates/defaultsite/es-ES/images/css/main.css HTTP/1.1" 200 486180 www.cronicadecadiz.com "http://www.google.com/url?url=www.cronicadecadiz.com&yahoo.com" "Mozilla/5.0 (compatible; MSIE 9.0; Windows NT 6.1; WOW64; Trident/6.0)" "-"
184.154.139.0 - - [04/Mar/2024:07:52:40 +0100] "GET /defaultsite HTTP/1.1" 200 18994 www.cronicadecadiz.com "-" "SiteLockSpider [en] (WinNT; I ;Nav)" "-"
184.154.139.0 - - [04/Mar/2024:07:52:41 +0100] "GET /domaincheckresult?__SBMT:d359e110d15:=1&__SYNT:d359e110d15:__CMD(domaincheckresult):RETWRP=domainselect&__SYNT:d359e110d15:__CMD(domaincheckresult):SELWRP=multicheck&__SYNT:d359e110d15:__forcestop=true&__pageflow=Order&__sendingdata=1&linkId=ct.btn.check.default-page-check&multicheck.Domain=1 HTTP/1.1" 404 596 www.cronicadecadiz.com "-" "SiteLockSpider [en] (WinNT; I ;Nav)" "-"
184.154.139.0 - - [04/Mar/2024:07:52:41 +0100] "GET /spicons/templates/defaultsite/es-ES/images/ic-world.svg HTTP/1.1" 200 1248 www.cronicadecadiz.com "-" "SiteLockSpider [en] (WinNT; I ;Nav)" "-"
157.245.193.0 - - [04/Mar/2024:07:52:54 +0100] "GET /cong.php HTTP/1.1" 301 249 cronicareinodearagon.com "www.google.com" "Mozlila/5.0 (Linux; Android 7.0; SM-G892A Bulid/NRD90M; wv) AppleWebKit/537.36 (KHTML, like Gecko) Version/4.0 Chrome/60.0.3112.107 Moblie Safari/537.36" "-"
82.165.88.0 - - [04/Mar/2024:07:52:55 +0100] "POST /wp-cron.php?doing_wp_cron=1709535175.5051929950714111328125 HTTP/1.1" 200 - cronicareinodearagon.com "-" "WordPress/6.2.2; https://cronicareinodearagon.com" "-"
157.245.193.0 - - [04/Mar/2024:07:52:55 +0100] "GET /cong.php HTTP/1.1" 404 144860 cronicareinodearagon.com "www.google.com" "Mozlila/5.0 (Linux; Android 7.0; SM-G892A Bulid/NRD90M; wv) AppleWebKit/537.36 (KHTML, like Gecko) Version/4.0 Chrome/60.0.3112.107 Moblie Safari/537.36" "-"
157.245.193.0 - - [04/Mar/2024:07:52:57 +0100] "GET /st.php HTTP/1.1" 404 144854 cronicareinodearagon.com "www.google.com" "Mozlila/5.0 (Linux; Android 7.0; SM-G892A Bulid/NRD90M; wv) AppleWebKit/537.36 (KHTML, like Gecko) Version/4.0 Chrome/60.0.3112.107 Moblie Safari/537.36" "-"
157.245.193.0 - - [04/Mar/2024:07:52:58 +0100] "GET /css/index.php HTTP/1.1" 301 254 cronicareinodearagon.com "www.google.com" "Mozlila/5.0 (Linux; Android 7.0; SM-G892A Bulid/NRD90M; wv) AppleWebKit/537.36 (KHTML, like Gecko) Version/4.0 Chrome/60.0.3112.107 Moblie Safari/537.36" "-"
157.245.193.0 - - [04/Mar/2024:07:52:59 +0100] "GET /css/index.php HTTP/1.1" 301 - cronicareinodearagon.com "www.google.com" "Mozlila/5.0 (Linux; Android 7.0; SM-G892A Bulid/NRD90M; wv) AppleWebKit/537.36 (KHTML, like Gecko) Version/4.0 Chrome/60.0.3112.107 Moblie Safari/537.36" "-"
157.245.193.0 - - [04/Mar/2024:07:53:00 +0100] "GET /css/ HTTP/1.1" 404 144845 cronicareinodearagon.com "www.google.com" "Mozlila/5.0 (Linux; Android 7.0; SM-G892A Bulid/NRD90M; wv) AppleWebKit/537.36 (KHTML, like Gecko) Version/4.0 Chrome/60.0.3112.107 Moblie Safari/537.36" "-"
157.245.193.0 - - [04/Mar/2024:07:53:01 +0100] "GET /radio.php HTTP/1.1" 404 144863 cronicareinodearagon.com "www.google.com" "Mozlila/5.0 (Linux; Android 7.0; SM-G892A Bulid/NRD90M; wv) AppleWebKit/537.36 (KHTML, like Gecko) Version/4.0 Chrome/60.0.3112.107 Moblie Safari/537.36" "-"
82.165.88.0 - - [04/Mar/2024:07:53:48 +0100] "POST /wp-cron.php?doing_wp_cron=1709535228.4152688980102539062500 HTTP/1.1" 200 - cronicareinodearagon.com "-" "WordPress/6.2.2; https://cronicareinodearagon.com" "-"
23.137.249.0 - - [04/Mar/2024:07:53:48 +0100] "POST /xmlrpc.php HTTP/1.1" 200 416 cronicareinodearagon.com "-" "Mozilla/5.0 (Macintosh; Intel Mac OS X 10_10_5) AppleWebKit/600.8.9 (KHTML, like Gecko)" "-"
23.137.249.0 - - [04/Mar/2024:07:53:49 +0100] "POST /xmlrpc.php HTTP/1.1" 200 416 cronicareinodearagon.com "-" "Mozilla/5.0 (Macintosh; Intel Mac OS X 10_10_5) AppleWebKit/600.8.9 (KHTML, like Gecko)" "-"
23.137.249.0 - - [04/Mar/2024:07:53:50 +0100] "POST /xmlrpc.php HTTP/1.1" 403 775 cronicareinodearagon.com "-" "Mozilla/5.0 (Macintosh; Intel Mac OS X 10_10_5) AppleWebKit/600.8.9 (KHTML, like Gecko)" "-"
23.137.249.0 - - [04/Mar/2024:07:53:51 +0100] "POST /xmlrpc.php HTTP/1.1" 403 775 cronicareinodearagon.com "-" "Mozilla/5.0 (Macintosh; Intel Mac OS X 10_10_5) AppleWebKit/600.8.9 (KHTML, like Gecko)" "-"
23.137.249.0 - - [04/Mar/2024:07:53:52 +0100] "POST /xmlrpc.php HTTP/1.1" 403 775 cronicareinodearagon.com "-" "Mozilla/5.0 (Macintosh; Intel Mac OS X 10_10_5) AppleWebKit/600.8.9 (KHTML, like Gecko)" "-"
125.75.66.0 - - [04/Mar/2024:07:54:16 +0100] "GET / HTTP/1.1" 200 336 grupocronicaenlibertad.com "-" "Mozilla/5.0 (iPhone; CPU iPhone OS 13_2_3 like Mac OS X) AppleWebKit/605.1.15 (KHTML, like Gecko) Version/13.0.3 Mobile/15E148 Safari/604.1" "-"
185.191.171.0 - - [04/Mar/2024:07:54:31 +0100] "GET /economia/zaragoza-aprueba-la-modificacion-del-tipo-general-del-ibi-al-04-para-2023/ HTTP/1.1" 200 162539 cronicareinodearagon.com "-" "Mozilla/5.0 (compatible; SemrushBot/7~bl; +http://www.semrush.com/bot.html)" "-"
109.70.100.0 - - [04/Mar/2024:07:55:03 +0100] "GET / HTTP/1.1" 200 336 cronicadejaen.com "cronicadejaen.com" "Mozilla/5.0 (Windows NT 10.0; Win64; x64) AppleWebKit/537.36 (KHTML, like Gecko) Chrome/92.0.4515.131 Safari/537.36 Edg/92.0.902.6" "-"
82.165.88.0 - - [04/Mar/2024:07:55:06 +0100] "POST /wp-cron.php?doing_wp_cron=1709535306.3549649715423583984375 HTTP/1.1" 200 - cronicareinodearagon.com "-" "WordPress/6.2.2; https://cronicareinodearagon.com" "-"
2a01:4f8:100:: - - [04/Mar/2024:07:55:06 +0100] "POST /xmlrpc.php HTTP/1.1" 200 416 cronicareinodearagon.com "-" "Mozilla/5.0 (Windows NT 10.0; Win64; x64; rv:87.0) Gecko/20100101 Firefox/87.0" "-"
82.165.88.0 - - [04/Mar/2024:07:57:00 +0100] "POST /wp-cron.php?doing_wp_cron=1709535420.6984760761260986328125 HTTP/1.1" 200 - cronicareinodearagon.com "-" "WordPress/6.2.2; https://cronicareinodearagon.com" "-"
185.191.171.0 - - [04/Mar/2024:07:57:00 +0100] "GET /aragon/erte-empresas-andaluzas-guerra-ucrania-crisis-energetica/ HTTP/1.1" 200 167479 cronicareinodearagon.com "-" "Mozilla/5.0 (compatible; SemrushBot/7~bl; +http://www.semrush.com/bot.html)" "-"
222.79.104.0 - - [04/Mar/2024:07:57:36 +0100] "GET / HTTP/1.1" 200 336 cronicadelpaisvalenciano.com "-" "Mozilla/5.0 (iPhone; CPU iPhone OS 13_2_3 like Mac OS X) AppleWebKit/605.1.15 (KHTML, like Gecko) Version/13.0.3 Mobile/15E148 Safari/604.1" "-"
17.241.75.0 - - [04/Mar/2024:07:59:37 +0100] "GET /robots.txt HTTP/1.1" 200 188 cronicadesevilla.com "-" "Mozilla/5.0 (Macintosh; Intel Mac OS X 10_15_5) AppleWebKit/605.1.15 (KHTML, like Gecko) Version/13.1.1 Safari/605.1.15 (Applebot/0.1; +http://www.apple.com/go/applebot)" "-"
17.241.75.0 - - [04/Mar/2024:07:59:38 +0100] "GET /defaultsite HTTP/1.1" 200 18994 cronicadesevilla.com "-" "Mozilla/5.0 (Macintosh; Intel Mac OS X 10_15_5) AppleWebKit/605.1.15 (KHTML, like Gecko) Version/13.1.1 Safari/605.1.15 (Applebot/0.1; +http://www.apple.com/go/applebot)" "-"
85.208.96.0 - - [04/Mar/2024:08:02:00 +0100] "GET /aragon/cuatro-fallecidos-carreteras-andaluzas-findesemana/ HTTP/1.1" 200 32956 cronicareinodearagon.com "-" "Mozilla/5.0 (compatible; SemrushBot/7~bl; +http://www.semrush.com/bot.html)" "-"
43.241.70.0 - - [04/Mar/2024:08:02:02 +0100] "POST /xmlrpc.php HTTP/1.1" 200 414 cronicareinodearagon.com "-" "Mozilla/5.0 (X11; Fedora; Linux x86_64; rv:94.0) Gecko/20100101 Firefox/95.0" "-"
82.165.88.0 - - [04/Mar/2024:08:02:02 +0100] "GET / HTTP/1.1" 200 41652 cronicareinodearagon.com "-" "WordPress/6.2.2; https://cronicareinodearagon.com" "-"
82.165.88.0 - - [04/Mar/2024:08:02:02 +0100] "POST /wp-cron.php?doing_wp_cron=1709535722.4992649555206298828125 HTTP/1.1" 200 - cronicareinodearagon.com "-" "WordPress/6.2.2; https://cronicareinodearagon.com" "-"
82.165.88.0 - - [04/Mar/2024:08:03:20 +0100] "POST /wp-cron.php?doing_wp_cron=1709535800.5585141181945800781250 HTTP/1.1" 200 - cronicareinodearagon.com "-" "WordPress/6.2.2; https://cronicareinodearagon.com" "-"
185.191.171.0 - - [04/Mar/2024:08:03:20 +0100] "GET /category/politica/page/39/ HTTP/1.1" 200 147491 cronicareinodearagon.com "-" "Mozilla/5.0 (compatible; SemrushBot/7~bl; +http://www.semrush.com/bot.html)" "-"
193.70.96.0 - - [04/Mar/2024:08:04:36 +0100] "POST /xmlrpc.php HTTP/1.1" 200 416 cronicareinodearagon.com "-" "Mozilla/5.0 (Windows NT 10.0; Win64; x64; rv:94.0) Gecko/20100101 Firefox/94.0" "-"
82.165.88.0 - - [04/Mar/2024:08:04:37 +0100] "POST /wp-cron.php?doing_wp_cron=1709535877.1748499870300292968750 HTTP/1.1" 200 - cronicareinodearagon.com "-" "WordPress/6.2.2; https://cronicareinodearagon.com" "-"
94.228.123.0 - - [04/Mar/2024:08:04:58 +0100] "GET /wp-content/themes/bricks/assets/js/feedback.min.js HTTP/1.1" 404 596 grupocronicaenlibertad.com "-" "Mozilla/5.0 (Linux; Android 10; HRY-LX1) AppleWebKit/537.36 (KHTML, like Gecko) Chrome/84.0.4147.125 Mobile Safari/537.36" "-"
85.208.96.0 - - [04/Mar/2024:08:06:10 +0100] "GET /sociedad/canal-sur-exposicion-flamenco-duende-artes-plasticas/ HTTP/1.1" 200 165981 cronicareinodearagon.com "-" "Mozilla/5.0 (compatible; SemrushBot/7~bl; +http://www.semrush.com/bot.html)" "-"
82.165.88.0 - - [04/Mar/2024:08:06:13 +0100] "POST /wp-cron.php?doing_wp_cron=1709535973.3084969520568847656250 HTTP/1.1" 200 - cronicareinodearagon.com "-" "WordPress/6.2.2; https://cronicareinodearagon.com" "-"
74.125.209.0 - - [04/Mar/2024:08:07:38 +0100] "GET /category/politica/feed/ HTTP/1.1" 200 18273 cronicareinodearagon.com "-" "FeedFetcher-Google; (+http://www.google.com/feedfetcher.html)" "-"
82.165.88.0 - - [04/Mar/2024:08:08:03 +0100] "POST /wp-cron.php?doing_wp_cron=1709536083.8174860477447509765625 HTTP/1.1" 200 - cronicareinodearagon.com "-" "WordPress/6.2.2; https://cronicareinodearagon.com" "-"
185.191.171.0 - - [04/Mar/2024:08:08:03 +0100] "GET /aragon/tramitacion-regadios-donana/ HTTP/1.1" 200 167704 cronicareinodearagon.com "-" "Mozilla/5.0 (compatible; SemrushBot/7~bl; +http://www.semrush.com/bot.html)" "-"
74.125.209.0 - - [04/Mar/2024:08:08:21 +0100] "GET /category/educacion/feed/ HTTP/1.1" 200 16487 cronicareinodearagon.com "-" "FeedFetcher-Google; (+http://www.google.com/feedfetcher.html)" "-"
85.208.96.0 - - [04/Mar/2024:08:09:52 +0100] "GET /politica/partido-aragones-revindicacion-inversiones-huesca/ HTTP/1.1" 200 168109 cronicareinodearagon.com "-" "Mozilla/5.0 (compatible; SemrushBot/7~bl; +http://www.semrush.com/bot.html)" "-"
82.165.88.0 - - [04/Mar/2024:08:09:53 +0100] "POST /wp-cron.php?doing_wp_cron=1709536193.3618030548095703125000 HTTP/1.1" 200 - cronicareinodearagon.com "-" "WordPress/6.2.2; https://cronicareinodearagon.com" "-"
62.149.182.0 - - [04/Mar/2024:08:10:18 +0100] "POST /xmlrpc.php HTTP/1.1" 503 299 cronicareinodearagon.com "-" "Mozilla/5.0 (Windows NT 10.0; Win64; x64; rv:48.0) Gecko/20100101 Firefox/48.0" "-"
74.125.212.0 - - [04/Mar/2024:08:10:30 +0100] "GET /category/economia/feed/ HTTP/1.1" 200 12913 cronicareinodearagon.com "-" "FeedFetcher-Google; (+http://www.google.com/feedfetcher.html)" "-"
82.165.88.0 - - [04/Mar/2024:08:11:32 +0100] "POST /wp-cron.php?doing_wp_cron=1709536292.8714380264282226562500 HTTP/1.1" 200 - cronicareinodearagon.com "-" "WordPress/6.2.2; https://cronicareinodearagon.com" "-"
85.208.96.0 - - [04/Mar/2024:08:11:32 +0100] "GET /aragon/pge-presupuestos-bolanos-andalucia-espana-pp-psoe-gobierno-economia/ HTTP/1.1" 200 161280 cronicareinodearagon.com "-" "Mozilla/5.0 (compatible; SemrushBot/7~bl; +http://www.semrush.com/bot.html)" "-"
74.125.212.0 - - [04/Mar/2024:08:11:51 +0100] "GET /category/economia/feed/ HTTP/1.1" 200 12913 cronicareinodearagon.com "-" "FeedFetcher-Google; (+http://www.google.com/feedfetcher.html)" "-"
94.73.50.0 - - [04/Mar/2024:08:14:13 +0100] "GET /aragon/forestalia-invertira-640-millones-en-renovables-hasta-llegar-a-los-800-mw/ HTTP/1.1" 200 160691 cronicareinodearagon.com "https://www.google.com/" "Mozilla/5.0 (Windows NT 10.0; Win64; x64; rv:123.0) Gecko/20100101 Firefox/123.0" "-"
82.165.88.0 - - [04/Mar/2024:08:14:14 +0100] "POST /wp-cron.php?doing_wp_cron=1709536454.4146289825439453125000 HTTP/1.1" 200 - cronicareinodearagon.com "-" "WordPress/6.2.2; https://cronicareinodearagon.com" "-"
94.73.50.0 - - [04/Mar/2024:08:14:15 +0100] "GET /wp-includes/css/dist/block-library/style.min.css?ver=6.2.2 HTTP/1.1" 200 16406 cronicareinodearagon.com "https://cronicareinodearagon.com/aragon/forestalia-invertira-640-millones-en-renovables-hasta-llegar-a-los-800-mw/" "Mozilla/5.0 (Windows NT 10.0; Win64; x64; rv:123.0) Gecko/20100101 Firefox/123.0" "-"
94.73.50.0 - - [04/Mar/2024:08:14:15 +0100] "GET /wp-content/plugins/metronet-profile-picture/dist/blocks.style.build.css?ver=2.6.0 HTTP/1.1" 200 4040 cronicareinodearagon.com "https://cronicareinodearagon.com/aragon/forestalia-invertira-640-millones-en-renovables-hasta-llegar-a-los-800-mw/" "Mozilla/5.0 (Windows NT 10.0; Win64; x64; rv:123.0) Gecko/20100101 Firefox/123.0" "-"
94.73.50.0 - - [04/Mar/2024:08:14:15 +0100] "GET /wp-includes/css/classic-themes.min.css?ver=6.2.2 HTTP/1.1" 200 211 cronicareinodearagon.com "https://cronicareinodearagon.com/aragon/forestalia-invertira-640-millones-en-renovables-hasta-llegar-a-los-800-mw/" "Mozilla/5.0 (Windows NT 10.0; Win64; x64; rv:123.0) Gecko/20100101 Firefox/123.0" "-"
94.73.50.0 - - [04/Mar/2024:08:14:15 +0100] "GET /wp-content/plugins/complianz-gdpr/assets/css/cookieblocker.min.css?ver=6.4.4 HTTP/1.1" 200 754 cronicareinodearagon.com "https://cronicareinodearagon.com/aragon/forestalia-invertira-640-millones-en-renovables-hasta-llegar-a-los-800-mw/" "Mozilla/5.0 (Windows NT 10.0; Win64; x64; rv:123.0) Gecko/20100101 Firefox/123.0" "-"
94.73.50.0 - - [04/Mar/2024:08:14:15 +0100] "GET /wp-content/themes/jnews/assets/css/elementor-frontend.css?ver=10.7.9 HTTP/1.1" 200 215 cronicareinodearagon.com "https://cronicareinodearagon.com/aragon/forestalia-invertira-640-millones-en-renovables-hasta-llegar-a-los-800-mw/" "Mozilla/5.0 (Windows NT 10.0; Win64; x64; rv:123.0) Gecko/20100101 Firefox/123.0" "-"
94.73.50.0 - - [04/Mar/2024:08:14:15 +0100] "GET /wp-content/plugins/elementor/assets/css/frontend-lite.min.css?ver=3.15.2 HTTP/1.1" 200 17137 cronicareinodearagon.com "https://cronicareinodearagon.com/aragon/forestalia-invertira-640-millones-en-renovables-hasta-llegar-a-los-800-mw/" "Mozilla/5.0 (Windows NT 10.0; Win64; x64; rv:123.0) Gecko/20100101 Firefox/123.0" "-"
94.73.50.0 - - [04/Mar/2024:08:14:15 +0100] "GET /wp-content/themes/jnews/style.css?ver=10.7.9 HTTP/1.1" 200 297 cronicareinodearagon.com "https://cronicareinodearagon.com/aragon/forestalia-invertira-640-millones-en-renovables-hasta-llegar-a-los-800-mw/" "Mozilla/5.0 (Windows NT 10.0; Win64; x64; rv:123.0) Gecko/20100101 Firefox/123.0" "-"
94.73.50.0 - - [04/Mar/2024:08:14:15 +0100] "GET /wp-content/themes/jnews/assets/dist/frontend.min.css?ver=10.7.9 HTTP/1.1" 200 126484 cronicareinodearagon.com "https://cronicareinodearagon.com/aragon/forestalia-invertira-640-millones-en-renovables-hasta-llegar-a-los-800-mw/" "Mozilla/5.0 (Windows NT 10.0; Win64; x64; rv:123.0) Gecko/20100101 Firefox/123.0" "-"
94.73.50.0 - - [04/Mar/2024:08:14:16 +0100] "GET /wp-content/themes/jnews/assets/css/darkmode.css?ver=10.7.9 HTTP/1.1" 200 9055 cronicareinodearagon.com "https://cronicareinodearagon.com/aragon/forestalia-invertira-640-millones-en-renovables-hasta-llegar-a-los-800-mw/" "Mozilla/5.0 (Windows NT 10.0; Win64; x64; rv:123.0) Gecko/20100101 Firefox/123.0" "-"
94.73.50.0 - - [04/Mar/2024:08:14:16 +0100] "GET /wp-content/themes/jnews/data/import/newspaper/scheme.css?ver=10.7.9 HTTP/1.1" 200 1687 cronicareinodearagon.com "https://cronicareinodearagon.com/aragon/forestalia-invertira-640-millones-en-renovables-hasta-llegar-a-los-800-mw/" "Mozilla/5.0 (Windows NT 10.0; Win64; x64; rv:123.0) Gecko/20100101 Firefox/123.0" "-"
94.73.50.0 - - [04/Mar/2024:08:14:16 +0100] "GET /wp-content/plugins/jnews-social-share/assets/css/plugin.css HTTP/1.1" 200 506 cronicareinodearagon.com "https://cronicareinodearagon.com/aragon/forestalia-invertira-640-millones-en-renovables-hasta-llegar-a-los-800-mw/" "Mozilla/5.0 (Windows NT 10.0; Win64; x64; rv:123.0) Gecko/20100101 Firefox/123.0" "-"
94.73.50.0 - - [04/Mar/2024:08:14:16 +0100] "GET /wp-includes/js/jquery/jquery.min.js?ver=3.6.4 HTTP/1.1" 200 36269 cronicareinodearagon.com "https://cronicareinodearagon.com/aragon/forestalia-invertira-640-millones-en-renovables-hasta-llegar-a-los-800-mw/" "Mozilla/5.0 (Windows NT 10.0; Win64; x64; rv:123.0) Gecko/20100101 Firefox/123.0" "-"
94.73.50.0 - - [04/Mar/2024:08:14:16 +0100] "GET /wp-includes/js/jquery/jquery-migrate.min.js?ver=3.4.0 HTTP/1.1" 200 5257 cronicareinodearagon.com "https://cronicareinodearagon.com/aragon/forestalia-invertira-640-millones-en-renovables-hasta-llegar-a-los-800-mw/" "Mozilla/5.0 (Windows NT 10.0; Win64; x64; rv:123.0) Gecko/20100101 Firefox/123.0" "-"
94.73.50.0 - - [04/Mar/2024:08:14:16 +0100] "GET /wp-content/uploads/2022/10/CABECERA-CrAra_MOVIL-1.png HTTP/1.1" 200 3014 cronicareinodearagon.com "https://cronicareinodearagon.com/aragon/forestalia-invertira-640-millones-en-renovables-hasta-llegar-a-los-800-mw/" "Mozilla/5.0 (Windows NT 10.0; Win64; x64; rv:123.0) Gecko/20100101 Firefox/123.0" "-"
94.73.50.0 - - [04/Mar/2024:08:14:16 +0100] "GET /wp-content/uploads/2022/10/CABECERA-CrAra_Escritorio.png HTTP/1.1" 200 4995 cronicareinodearagon.com "https://cronicareinodearagon.com/aragon/forestalia-invertira-640-millones-en-renovables-hasta-llegar-a-los-800-mw/" "Mozilla/5.0 (Windows NT 10.0; Win64; x64; rv:123.0) Gecko/20100101 Firefox/123.0" "-"
94.73.50.0 - - [04/Mar/2024:08:14:16 +0100] "GET /wp-content/plugins/elementor/assets/lib/eicons/css/elementor-icons.min.css?ver=5.21.0 HTTP/1.1" 200 4358 cronicareinodearagon.com "https://cronicareinodearagon.com/aragon/forestalia-invertira-640-millones-en-renovables-hasta-llegar-a-los-800-mw/" "Mozilla/5.0 (Windows NT 10.0; Win64; x64; rv:123.0) Gecko/20100101 Firefox/123.0" "-"
94.73.50.0 - - [04/Mar/2024:08:14:16 +0100] "GET /wp-content/themes/jnews/assets/img/jeg-empty.png HTTP/1.1" 200 70 cronicareinodearagon.com "https://cronicareinodearagon.com/aragon/forestalia-invertira-640-millones-en-renovables-hasta-llegar-a-los-800-mw/" "Mozilla/5.0 (Windows NT 10.0; Win64; x64; rv:123.0) Gecko/20100101 Firefox/123.0" "-"
94.73.50.0 - - [04/Mar/2024:08:14:16 +0100] "GET /wp-content/plugins/elementor/assets/lib/swiper/css/swiper.min.css?ver=5.3.6 HTTP/1.1" 200 2779 cronicareinodearagon.com "https://cronicareinodearagon.com/aragon/forestalia-invertira-640-millones-en-renovables-hasta-llegar-a-los-800-mw/" "Mozilla/5.0 (Windows NT 10.0; Win64; x64; rv:123.0) Gecko/20100101 Firefox/123.0" "-"
94.73.50.0 - - [04/Mar/2024:08:14:16 +0100] "GET /wp-content/plugins/metronet-profile-picture/js/mpp-frontend.js?ver=2.6.0 HTTP/1.1" 200 201 cronicareinodearagon.com "https://cronicareinodearagon.com/aragon/forestalia-invertira-640-millones-en-renovables-hasta-llegar-a-los-800-mw/" "Mozilla/5.0 (Windows NT 10.0; Win64; x64; rv:123.0) Gecko/20100101 Firefox/123.0" "-"
94.73.50.0 - - [04/Mar/2024:08:14:16 +0100] "GET /wp-includes/js/comment-reply.min.js?ver=6.2.2 HTTP/1.1" 200 1399 cronicareinodearagon.com "https://cronicareinodearagon.com/aragon/forestalia-invertira-640-millones-en-renovables-hasta-llegar-a-los-800-mw/" "Mozilla/5.0 (Windows NT 10.0; Win64; x64; rv:123.0) Gecko/20100101 Firefox/123.0" "-"
94.73.50.0 - - [04/Mar/2024:08:14:16 +0100] "GET /wp-includes/js/imagesloaded.min.js?ver=4.1.4 HTTP/1.1" 200 2010 cronicareinodearagon.com "https://cronicareinodearagon.com/aragon/forestalia-invertira-640-millones-en-renovables-hasta-llegar-a-los-800-mw/" "Mozilla/5.0 (Windows NT 10.0; Win64; x64; rv:123.0) Gecko/20100101 Firefox/123.0" "-"
94.73.50.0 - - [04/Mar/2024:08:14:16 +0100] "GET /wp-includes/js/hoverIntent.min.js?ver=1.10.2 HTTP/1.1" 200 721 cronicareinodearagon.com "https://cronicareinodearagon.com/aragon/forestalia-invertira-640-millones-en-renovables-hasta-llegar-a-los-800-mw/" "Mozilla/5.0 (Windows NT 10.0; Win64; x64; rv:123.0) Gecko/20100101 Firefox/123.0" "-"
94.73.50.0 - - [04/Mar/2024:08:14:16 +0100] "GET /wp-content/plugins/complianz-gdpr/cookiebanner/js/complianz.min.js?ver=6.4.4 HTTP/1.1" 200 12688 cronicareinodearagon.com "https://cronicareinodearagon.com/aragon/forestalia-invertira-640-millones-en-renovables-hasta-llegar-a-los-800-mw/" "Mozilla/5.0 (Windows NT 10.0; Win64; x64; rv:123.0) Gecko/20100101 Firefox/123.0" "-"
94.73.50.0 - - [04/Mar/2024:08:14:16 +0100] "GET /wp-content/plugins/jnews-social-share/assets/js/plugin.js HTTP/1.1" 200 1411 cronicareinodearagon.com "https://cronicareinodearagon.com/aragon/forestalia-invertira-640-millones-en-renovables-hasta-llegar-a-los-800-mw/" "Mozilla/5.0 (Windows NT 10.0; Win64; x64; rv:123.0) Gecko/20100101 Firefox/123.0" "-"
94.73.50.0 - - [04/Mar/2024:08:14:16 +0100] "GET /wp-content/plugins/elementor/assets/js/webpack.runtime.min.js?ver=3.15.2 HTTP/1.1" 200 2279 cronicareinodearagon.com "https://cronicareinodearagon.com/aragon/forestalia-invertira-640-millones-en-renovables-hasta-llegar-a-los-800-mw/" "Mozilla/5.0 (Windows NT 10.0; Win64; x64; rv:123.0) Gecko/20100101 Firefox/123.0" "-"
94.73.50.0 - - [04/Mar/2024:08:14:16 +0100] "GET /wp-content/plugins/akismet/_inc/akismet-frontend.js?ver=1683388628 HTTP/1.1" 200 3528 cronicareinodearagon.com "https://cronicareinodearagon.com/aragon/forestalia-invertira-640-millones-en-renovables-hasta-llegar-a-los-800-mw/" "Mozilla/5.0 (Windows NT 10.0; Win64; x64; rv:123.0) Gecko/20100101 Firefox/123.0" "-"
94.73.50.0 - - [04/Mar/2024:08:14:16 +0100] "GET /wp-content/themes/jnews/assets/dist/frontend.min.js?ver=10.7.9 HTTP/1.1" 200 103509 cronicareinodearagon.com "https://cronicareinodearagon.com/aragon/forestalia-invertira-640-millones-en-renovables-hasta-llegar-a-los-800-mw/" "Mozilla/5.0 (Windows NT 10.0; Win64; x64; rv:123.0) Gecko/20100101 Firefox/123.0" "-"
94.73.50.0 - - [04/Mar/2024:08:14:16 +0100] "GET /wp-content/plugins/elementor/assets/js/frontend-modules.min.js?ver=3.15.2 HTTP/1.1" 200 19256 cronicareinodearagon.com "https://cronicareinodearagon.com/aragon/forestalia-invertira-640-millones-en-renovables-hasta-llegar-a-los-800-mw/" "Mozilla/5.0 (Windows NT 10.0; Win64; x64; rv:123.0) Gecko/20100101 Firefox/123.0" "-"
94.73.50.0 - - [04/Mar/2024:08:14:16 +0100] "GET /wp-content/plugins/elementor/assets/lib/waypoints/waypoints.min.js?ver=4.0.2 HTTP/1.1" 200 3501 cronicareinodearagon.com "https://cronicareinodearagon.com/aragon/forestalia-invertira-640-millones-en-renovables-hasta-llegar-a-los-800-mw/" "Mozilla/5.0 (Windows NT 10.0; Win64; x64; rv:123.0) Gecko/20100101 Firefox/123.0" "-"
94.73.50.0 - - [04/Mar/2024:08:14:16 +0100] "GET /wp-includes/js/jquery/ui/core.min.js?ver=1.13.2 HTTP/1.1" 200 7937 cronicareinodearagon.com "https://cronicareinodearagon.com/aragon/forestalia-invertira-640-millones-en-renovables-hasta-llegar-a-los-800-mw/" "Mozilla/5.0 (Windows NT 10.0; Win64; x64; rv:123.0) Gecko/20100101 Firefox/123.0" "-"
94.73.50.0 - - [04/Mar/2024:08:14:16 +0100] "GET /wp-content/themes/jnews/assets/dist/font/fontawesome-webfont.woff2 HTTP/1.1" 200 77160 cronicareinodearagon.com "https://cronicareinodearagon.com/wp-content/themes/jnews/assets/dist/frontend.min.css?ver=10.7.9" "Mozilla/5.0 (Windows NT 10.0; Win64; x64; rv:123.0) Gecko/20100101 Firefox/123.0" "-"
94.73.50.0 - - [04/Mar/2024:08:14:16 +0100] "GET /wp-content/plugins/elementor/assets/js/frontend.min.js?ver=3.15.2 HTTP/1.1" 200 14219 cronicareinodearagon.com "https://cronicareinodearagon.com/aragon/forestalia-invertira-640-millones-en-renovables-hasta-llegar-a-los-800-mw/" "Mozilla/5.0 (Windows NT 10.0; Win64; x64; rv:123.0) Gecko/20100101 Firefox/123.0" "-"
94.73.50.0 - - [04/Mar/2024:08:14:16 +0100] "GET /wp-includes/js/wp-emoji-release.min.js?ver=6.2.2 HTTP/1.1" 200 5828 cronicareinodearagon.com "https://cronicareinodearagon.com/aragon/forestalia-invertira-640-millones-en-renovables-hasta-llegar-a-los-800-mw/" "Mozilla/5.0 (Windows NT 10.0; Win64; x64; rv:123.0) Gecko/20100101 Firefox/123.0" "-"
94.73.50.0 - - [04/Mar/2024:08:14:16 +0100] "GET /wp-content/themes/jnews/assets/dist/image/preloader.gif HTTP/1.1" 200 4399 cronicareinodearagon.com "https://cronicareinodearagon.com/wp-content/themes/jnews/assets/dist/frontend.min.css?ver=10.7.9" "Mozilla/5.0 (Windows NT 10.0; Win64; x64; rv:123.0) Gecko/20100101 Firefox/123.0" "-"
94.73.50.0 - - [04/Mar/2024:08:14:16 +0100] "GET /wp-content/themes/jnews/assets/dist/font/jegicon.woff HTTP/1.1" 200 7144 cronicareinodearagon.com "https://cronicareinodearagon.com/wp-content/themes/jnews/assets/dist/frontend.min.css?ver=10.7.9" "Mozilla/5.0 (Windows NT 10.0; Win64; x64; rv:123.0) Gecko/20100101 Firefox/123.0" "-"
94.73.50.0 - - [04/Mar/2024:08:14:16 +0100] "GET /wp-content/uploads/2022/10/zaragoza-carlos-reyero-750x375.jpg HTTP/1.1" 200 41769 cronicareinodearagon.com "https://cronicareinodearagon.com/aragon/forestalia-invertira-640-millones-en-renovables-hasta-llegar-a-los-800-mw/" "Mozilla/5.0 (Windows NT 10.0; Win64; x64; rv:123.0) Gecko/20100101 Firefox/123.0" "-"
94.73.50.0 - - [04/Mar/2024:08:14:16 +0100] "GET /wp-content/uploads/complianz/css/banner-1-optin.css?v=41 HTTP/1.1" 200 3432 cronicareinodearagon.com "https://cronicareinodearagon.com/aragon/forestalia-invertira-640-millones-en-renovables-hasta-llegar-a-los-800-mw/" "Mozilla/5.0 (Windows NT 10.0; Win64; x64; rv:123.0) Gecko/20100101 Firefox/123.0" "-"
94.73.50.0 - - [04/Mar/2024:08:14:16 +0100] "GET /wp-content/plugins/elementor/assets/lib/dialog/dialog.min.js?ver=4.9.0 HTTP/1.1" 200 3897 cronicareinodearagon.com "https://cronicareinodearagon.com/aragon/forestalia-invertira-640-millones-en-renovables-hasta-llegar-a-los-800-mw/" "Mozilla/5.0 (Windows NT 10.0; Win64; x64; rv:123.0) Gecko/20100101 Firefox/123.0" "-"
94.73.50.0 - - [04/Mar/2024:08:14:17 +0100] "GET /wp-content/plugins/elementor/assets/lib/share-link/share-link.min.js?ver=3.15.2 HTTP/1.1" 200 1185 cronicareinodearagon.com "https://cronicareinodearagon.com/aragon/forestalia-invertira-640-millones-en-renovables-hasta-llegar-a-los-800-mw/" "Mozilla/5.0 (Windows NT 10.0; Win64; x64; rv:123.0) Gecko/20100101 Firefox/123.0" "-"
94.73.50.0 - - [04/Mar/2024:08:14:17 +0100] "GET /wp-content/plugins/elementor/assets/js/lightbox.1b6e05e0607040eb8929.bundle.min.js HTTP/1.1" 200 11140 cronicareinodearagon.com "https://cronicareinodearagon.com/aragon/forestalia-invertira-640-millones-en-renovables-hasta-llegar-a-los-800-mw/" "Mozilla/5.0 (Windows NT 10.0; Win64; x64; rv:123.0) Gecko/20100101 Firefox/123.0" "-"
94.73.50.0 - - [04/Mar/2024:08:14:17 +0100] "GET /wp-content/plugins/elementor/assets/js/text-editor.2c35aafbe5bf0e127950.bundle.min.js HTTP/1.1" 200 688 cronicareinodearagon.com "https://cronicareinodearagon.com/aragon/forestalia-invertira-640-millones-en-renovables-hasta-llegar-a-los-800-mw/" "Mozilla/5.0 (Windows NT 10.0; Win64; x64; rv:123.0) Gecko/20100101 Firefox/123.0" "-"
94.73.50.0 - - [04/Mar/2024:08:14:17 +0100] "GET /wp-content/uploads/2022/10/cropped-Favicon_CrAra-32x32.png HTTP/1.1" 200 1079 cronicareinodearagon.com "https://cronicareinodearagon.com/aragon/forestalia-invertira-640-millones-en-renovables-hasta-llegar-a-los-800-mw/" "Mozilla/5.0 (Windows NT 10.0; Win64; x64; rv:123.0) Gecko/20100101 Firefox/123.0" "-"
94.73.50.0 - - [04/Mar/2024:08:14:17 +0100] "GET /wp-content/uploads/2022/10/cropped-Favicon_CrAra-192x192.png HTTP/1.1" 200 11953 cronicareinodearagon.com "https://cronicareinodearagon.com/aragon/forestalia-invertira-640-millones-en-renovables-hasta-llegar-a-los-800-mw/" "Mozilla/5.0 (Windows NT 10.0; Win64; x64; rv:123.0) Gecko/20100101 Firefox/123.0" "-"
94.73.50.0 - - [04/Mar/2024:08:14:39 +0100] "GET /wp-content/uploads/2023/05/participacion-aragon-18.00-350x250.jpg HTTP/1.1" 200 10373 cronicareinodearagon.com "https://cronicareinodearagon.com/aragon/forestalia-invertira-640-millones-en-renovables-hasta-llegar-a-los-800-mw/" "Mozilla/5.0 (Windows NT 10.0; Win64; x64; rv:123.0) Gecko/20100101 Firefox/123.0" "-"
94.73.50.0 - - [04/Mar/2024:08:14:39 +0100] "GET /wp-content/uploads/2023/05/resultados-autonomicas-aragon-350x250.jpg HTTP/1.1" 200 8462 cronicareinodearagon.com "https://cronicareinodearagon.com/aragon/forestalia-invertira-640-millones-en-renovables-hasta-llegar-a-los-800-mw/" "Mozilla/5.0 (Windows NT 10.0; Win64; x64; rv:123.0) Gecko/20100101 Firefox/123.0" "-"
94.73.50.0 - - [04/Mar/2024:08:14:39 +0100] "GET /wp-content/uploads/2023/05/lamban-voto-elecciones-350x250.jpg HTTP/1.1" 200 18670 cronicareinodearagon.com "https://cronicareinodearagon.com/aragon/forestalia-invertira-640-millones-en-renovables-hasta-llegar-a-los-800-mw/" "Mozilla/5.0 (Windows NT 10.0; Win64; x64; rv:123.0) Gecko/20100101 Firefox/123.0" "-"
