82.165.88.0 - - [05/Mar/2024:07:31:23 +0100] "POST /wp-cron.php?doing_wp_cron=1709620283.4356460571289062500000 HTTP/1.1" 200 - cronicareinodearagon.com "-" "WordPress/6.2.2; https://cronicareinodearagon.com" "-"
44.200.77.0 - - [05/Mar/2024:07:31:23 +0100] "GET /politica/lamban-defiende-un-aragon-con-voz-propia-frente-al-ruido-frentismo-crispacion-e-insultos-del-pp-de-azcon/ HTTP/1.1" 200 171064 cronicareinodearagon.com "-" "CCBot/2.0 (https://commoncrawl.org/faq/)" "-"
42.83.147.0 - - [05/Mar/2024:07:32:46 +0100] "GET / HTTP/1.1" 200 336 cronicadecadiz.com "-" "Mozilla/5.0 (Windows NT 6.1; Win64; x64) AppleWebKit/537.36 (KHTML, like Gecko)Chrome/74.0.3729.169 Safari/537.36" "-"
164.90.142.0 - - [05/Mar/2024:07:33:49 +0100] "GET / HTTP/1.1" 301 241 cronicareinodearagon.com "-" "Mozilla/5.0 (X11; Linux x86_64) AppleWebKit/537.36 (KHTML, like Gecko) Chrome/108.0.0.0 Safari/537.36" "-"
164.90.142.0 - - [05/Mar/2024:07:33:49 +0100] "GET / HTTP/1.1" 200 41724 cronicareinodearagon.com "-" "Mozilla/5.0 (X11; Linux x86_64) AppleWebKit/537.36 (KHTML, like Gecko) Chrome/108.0.0.0 Safari/537.36" "-"
84.247.129.0 - - [05/Mar/2024:07:33:51 +0100] "GET / HTTP/1.1" 200 336 cronicadejaen.com "-" "Mozilla/5.0 (Windows NT 10.0; Win64; x64) AppleWebKit/537.36 (KHTML, like Gecko) Chrome/78.0.3904.108 Safari/537.36" "-"
84.247.129.0 - - [05/Mar/2024:07:33:51 +0100] "GET / HTTP/1.1" 200 336 cronicadejaen.com "-" "Mozilla/5.0 (Windows NT 10.0; Win64; x64) AppleWebKit/537.36 (KHTML, like Gecko) Chrome/78.0.3904.108 Safari/537.36" "-"
84.247.129.0 - - [05/Mar/2024:07:33:51 +0100] "GET /wp-includes/wlwmanifest.xml HTTP/1.1" 404 596 cronicadejaen.com "-" "Mozilla/5.0 (Windows NT 10.0; Win64; x64) AppleWebKit/537.36 (KHTML, like Gecko) Chrome/78.0.3904.108 Safari/537.36" "-"
84.247.129.0 - - [05/Mar/2024:07:33:51 +0100] "GET /xmlrpc.php?rsd HTTP/1.1" 404 596 cronicadejaen.com "-" "Mozilla/5.0 (Windows NT 10.0; Win64; x64) AppleWebKit/537.36 (KHTML, like Gecko) Chrome/78.0.3904.108 Safari/537.36" "-"
84.247.129.0 - - [05/Mar/2024:07:33:51 +0100] "GET / HTTP/1.1" 200 336 cronicadejaen.com "-" "Mozilla/5.0 (Windows NT 10.0; Win64; x64) AppleWebKit/537.36 (KHTML, like Gecko) Chrome/78.0.3904.108 Safari/537.36" "-"
84.247.129.0 - - [05/Mar/2024:07:33:51 +0100] "GET /blog/wp-includes/wlwmanifest.xml HTTP/1.1" 404 596 cronicadejaen.com "-" "Mozilla/5.0 (Windows NT 10.0; Win64; x64) AppleWebKit/537.36 (KHTML, like Gecko) Chrome/78.0.3904.108 Safari/537.36" "-"
84.247.129.0 - - [05/Mar/2024:07:33:51 +0100] "GET /web/wp-includes/wlwmanifest.xml HTTP/1.1" 404 596 cronicadejaen.com "-" "Mozilla/5.0 (Windows NT 10.0; Win64; x64) AppleWebKit/537.36 (KHTML, like Gecko) Chrome/78.0.3904.108 Safari/537.36" "-"
84.247.129.0 - - [05/Mar/2024:07:33:51 +0100] "GET /wordpress/wp-includes/wlwmanifest.xml HTTP/1.1" 404 596 cronicadejaen.com "-" "Mozilla/5.0 (Windows NT 10.0; Win64; x64) AppleWebKit/537.36 (KHTML, like Gecko) Chrome/78.0.3904.108 Safari/537.36" "-"
84.247.129.0 - - [05/Mar/2024:07:33:51 +0100] "GET /website/wp-includes/wlwmanifest.xml HTTP/1.1" 404 596 cronicadejaen.com "-" "Mozilla/5.0 (Windows NT 10.0; Win64; x64) AppleWebKit/537.36 (KHTML, like Gecko) Chrome/78.0.3904.108 Safari/537.36" "-"
84.247.129.0 - - [05/Mar/2024:07:33:51 +0100] "GET /wp/wp-includes/wlwmanifest.xml HTTP/1.1" 404 596 cronicadejaen.com "-" "Mozilla/5.0 (Windows NT 10.0; Win64; x64) AppleWebKit/537.36 (KHTML, like Gecko) Chrome/78.0.3904.108 Safari/537.36" "-"
84.247.129.0 - - [05/Mar/2024:07:33:51 +0100] "GET /news/wp-includes/wlwmanifest.xml HTTP/1.1" 404 596 cronicadejaen.com "-" "Mozilla/5.0 (Windows NT 10.0; Win64; x64) AppleWebKit/537.36 (KHTML, like Gecko) Chrome/78.0.3904.108 Safari/537.36" "-"
84.247.129.0 - - [05/Mar/2024:07:33:51 +0100] "GET /2018/wp-includes/wlwmanifest.xml HTTP/1.1" 404 596 cronicadejaen.com "-" "Mozilla/5.0 (Windows NT 10.0; Win64; x64) AppleWebKit/537.36 (KHTML, like Gecko) Chrome/78.0.3904.108 Safari/537.36" "-"
84.247.129.0 - - [05/Mar/2024:07:33:51 +0100] "GET /2019/wp-includes/wlwmanifest.xml HTTP/1.1" 404 596 cronicadejaen.com "-" "Mozilla/5.0 (Windows NT 10.0; Win64; x64) AppleWebKit/537.36 (KHTML, like Gecko) Chrome/78.0.3904.108 Safari/537.36" "-"
84.247.129.0 - - [05/Mar/2024:07:33:51 +0100] "GET /shop/wp-includes/wlwmanifest.xml HTTP/1.1" 404 596 cronicadejaen.com "-" "Mozilla/5.0 (Windows NT 10.0; Win64; x64) AppleWebKit/537.36 (KHTML, like Gecko) Chrome/78.0.3904.108 Safari/537.36" "-"
84.247.129.0 - - [05/Mar/2024:07:33:51 +0100] "GET /test/wp-includes/wlwmanifest.xml HTTP/1.1" 404 596 cronicadejaen.com "-" "Mozilla/5.0 (Windows NT 10.0; Win64; x64) AppleWebKit/537.36 (KHTML, like Gecko) Chrome/78.0.3904.108 Safari/537.36" "-"
84.247.129.0 - - [05/Mar/2024:07:33:51 +0100] "GET /wp1/wp-includes/wlwmanifest.xml HTTP/1.1" 404 596 cronicadejaen.com "-" "Mozilla/5.0 (Windows NT 10.0; Win64; x64) AppleWebKit/537.36 (KHTML, like Gecko) Chrome/78.0.3904.108 Safari/537.36" "-"
84.247.129.0 - - [05/Mar/2024:07:33:51 +0100] "GET /media/wp-includes/wlwmanifest.xml HTTP/1.1" 404 596 cronicadejaen.com "-" "Mozilla/5.0 (Windows NT 10.0; Win64; x64) AppleWebKit/537.36 (KHTML, like Gecko) Chrome/78.0.3904.108 Safari/537.36" "-"
84.247.129.0 - - [05/Mar/2024:07:33:51 +0100] "GET /wp2/wp-includes/wlwmanifest.xml HTTP/1.1" 404 596 cronicadejaen.com "-" "Mozilla/5.0 (Windows NT 10.0; Win64; x64) AppleWebKit/537.36 (KHTML, like Gecko) Chrome/78.0.3904.108 Safari/537.36" "-"
84.247.129.0 - - [05/Mar/2024:07:33:51 +0100] "GET /site/wp-includes/wlwmanifest.xml HTTP/1.1" 404 596 cronicadejaen.com "-" "Mozilla/5.0 (Windows NT 10.0; Win64; x64) AppleWebKit/537.36 (KHTML, like Gecko) Chrome/78.0.3904.108 Safari/537.36" "-"
84.247.129.0 - - [05/Mar/2024:07:33:51 +0100] "GET /cms/wp-includes/wlwmanifest.xml HTTP/1.1" 404 596 cronicadejaen.com "-" "Mozilla/5.0 (Windows NT 10.0; Win64; x64) AppleWebKit/537.36 (KHTML, like Gecko) Chrome/78.0.3904.108 Safari/537.36" "-"
84.247.129.0 - - [05/Mar/2024:07:33:51 +0100] "GET /sito/wp-includes/wlwmanifest.xml HTTP/1.1" 404 596 cronicadejaen.com "-" "Mozilla/5.0 (Windows NT 10.0; Win64; x64) AppleWebKit/537.36 (KHTML, like Gecko) Chrome/78.0.3904.108 Safari/537.36" "-"
44.200.77.0 - - [05/Mar/2024:07:34:38 +0100] "GET / HTTP/1.1" 200 41724 cronicareinodearagon.com "-" "CCBot/2.0 (https://commoncrawl.org/faq/)" "-"
44.200.77.0 - - [05/Mar/2024:07:35:27 +0100] "GET /aragon/tripulantes-cabina-ryanair-huelga/ HTTP/1.1" 200 33416 cronicareinodearagon.com "-" "CCBot/2.0 (https://commoncrawl.org/faq/)" "-"
82.165.88.0 - - [05/Mar/2024:07:35:28 +0100] "POST /wp-cron.php?doing_wp_cron=1709620528.4195139408111572265625 HTTP/1.1" 200 - cronicareinodearagon.com "-" "WordPress/6.2.2; https://cronicareinodearagon.com" "-"
82.165.88.0 - - [05/Mar/2024:07:36:12 +0100] "POST /wp-cron.php?doing_wp_cron=1709620572.6512930393218994140625 HTTP/1.1" 200 - cronicareinodearagon.com "-" "WordPress/6.2.2; https://cronicareinodearagon.com" "-"
44.200.77.0 - - [05/Mar/2024:07:36:12 +0100] "GET /aragon/juanma-moreno-andalucia-elecciones-pp-vox-psoe-podemos/ HTTP/1.1" 200 167823 cronicareinodearagon.com "-" "CCBot/2.0 (https://commoncrawl.org/faq/)" "-"
82.165.88.0 - - [05/Mar/2024:07:37:00 +0100] "POST /wp-cron.php?doing_wp_cron=1709620620.4707679748535156250000 HTTP/1.1" 200 - cronicareinodearagon.com "-" "WordPress/6.2.2; https://cronicareinodearagon.com" "-"
44.200.77.0 - - [05/Mar/2024:07:37:00 +0100] "GET /aragon/programa-erasmus-rural-zaragoza/ HTTP/1.1" 200 168759 cronicareinodearagon.com "-" "CCBot/2.0 (https://commoncrawl.org/faq/)" "-"
44.200.77.0 - - [05/Mar/2024:07:37:45 +0100] "GET /aragon/vox-ley-electoral-andalucia/ HTTP/1.1" 200 172941 cronicareinodearagon.com "-" "CCBot/2.0 (https://commoncrawl.org/faq/)" "-"
82.165.88.0 - - [05/Mar/2024:07:37:46 +0100] "POST /wp-cron.php?doing_wp_cron=1709620666.2474889755249023437500 HTTP/1.1" 200 - cronicareinodearagon.com "-" "WordPress/6.2.2; https://cronicareinodearagon.com" "-"
2400:6180:100:: - - [05/Mar/2024:07:38:01 +0100] "POST /xmlrpc.php HTTP/1.1" 200 414 cronicareinodearagon.com "-" "Mozilla/5.0 (X11; Fedora; Linux x86_64; rv:94.0) Gecko/20100101 Firefox/95.0" "-"
44.200.77.0 - - [05/Mar/2024:07:38:34 +0100] "GET /aragon/chunta-aragonesista-programa-sanidad/ HTTP/1.1" 200 34296 cronicareinodearagon.com "-" "CCBot/2.0 (https://commoncrawl.org/faq/)" "-"
194.63.239.0 - - [05/Mar/2024:07:39:44 +0100] "POST /wp-login.php HTTP/1.1" 200 108 cronicareinodearagon.com "-" "Mozilla/5.0 (Windows NT 6.1; Win64; x64) AppleWebKit/537.36 (KHTML, like Gecko) Chrome/78.0.3904.97 Safari/537.36" "-"
82.165.88.0 - - [05/Mar/2024:07:39:45 +0100] "POST /wp-cron.php?doing_wp_cron=1709620785.2356131076812744140625 HTTP/1.1" 200 - cronicareinodearagon.com "-" "WordPress/6.2.2; https://cronicareinodearagon.com" "-"
44.200.77.0 - - [05/Mar/2024:07:39:47 +0100] "GET /aragon/satse-positivos-covid-enfermeros-julio/ HTTP/1.1" 200 34556 cronicareinodearagon.com "-" "CCBot/2.0 (https://commoncrawl.org/faq/)" "-"
173.236.234.0 - - [05/Mar/2024:07:39:56 +0100] "POST /xmlrpc.php HTTP/1.1" 200 416 cronicareinodearagon.com "-" "Mozilla/5.0 (Windows NT 10.0; Win64; x64; rv:60.0) Gecko/20100101 Firefox/60.0" "-"
82.165.88.0 - - [05/Mar/2024:07:40:49 +0100] "POST /wp-cron.php?doing_wp_cron=1709620849.7614459991455078125000 HTTP/1.1" 200 - cronicareinodearagon.com "-" "WordPress/6.2.2; https://cronicareinodearagon.com" "-"
44.200.77.0 - - [05/Mar/2024:07:40:49 +0100] "GET /aragon/ibercaja-gestion-record-activos-primer-cuatrimestre/ HTTP/1.1" 200 176920 cronicareinodearagon.com "-" "CCBot/2.0 (https://commoncrawl.org/faq/)" "-"
82.165.88.0 - - [05/Mar/2024:07:42:38 +0100] "POST /wp-cron.php?doing_wp_cron=1709620958.4624660015106201171875 HTTP/1.1" 200 - cronicareinodearagon.com "-" "WordPress/6.2.2; https://cronicareinodearagon.com" "-"
47.120.3.0 - - [05/Mar/2024:07:42:38 +0100] "POST /wp-login.php HTTP/1.1" 200 9591 cronicareinodearagon.com "-" "Mozilla/5.0 (Windows NT 6.1; Win64; x64) AppleWebKit/537.36 (KHTML, like Gecko) Chrome/79.0.3945.117 Safari/537.36" "-"
50.62.144.0 - - [05/Mar/2024:07:47:16 +0100] "POST /xmlrpc.php HTTP/1.1" 200 414 cronicareinodearagon.com "-" "Mozilla/5.0 (X11; Fedora; Linux x86_64; rv:94.0) Gecko/20100101 Firefox/95.0" "-"
82.165.88.0 - - [05/Mar/2024:07:47:17 +0100] "POST /wp-cron.php?doing_wp_cron=1709621237.5334630012512207031250 HTTP/1.1" 200 - cronicareinodearagon.com "-" "WordPress/6.2.2; https://cronicareinodearagon.com" "-"
82.165.88.0 - - [05/Mar/2024:07:47:59 +0100] "POST /wp-cron.php?doing_wp_cron=1709621279.7900168895721435546875 HTTP/1.1" 200 - cronicareinodearagon.com "-" "WordPress/6.2.2; https://cronicareinodearagon.com" "-"
44.200.77.0 - - [05/Mar/2024:07:47:59 +0100] "GET /aragon/empleo-vivienda-y-talento-ejes-de-la-politica-de-lamban-con-los-jovenes/ HTTP/1.1" 200 169629 cronicareinodearagon.com "-" "CCBot/2.0 (https://commoncrawl.org/faq/)" "-"
178.18.205.0 - - [05/Mar/2024:07:48:14 +0100] "POST /xmlrpc.php HTTP/1.1" 200 416 cronicareinodearagon.com "-" "Mozilla/5.0 (Windows NT 10.0; Win64; x64; rv:72.0) Gecko/20100101 Firefox/72.0" "-"
82.165.88.0 - - [05/Mar/2024:07:48:45 +0100] "POST /wp-cron.php?doing_wp_cron=1709621325.6420528888702392578125 HTTP/1.1" 200 - cronicareinodearagon.com "-" "WordPress/6.2.2; https://cronicareinodearagon.com" "-"
44.200.77.0 - - [05/Mar/2024:07:48:45 +0100] "GET /sociedad/macael-recreacion-historia-canteras/ HTTP/1.1" 200 166986 cronicareinodearagon.com "-" "CCBot/2.0 (https://commoncrawl.org/faq/)" "-"
44.200.77.0 - - [05/Mar/2024:07:49:31 +0100] "GET /aragon/agresion-trabajadores-hospital-valme/ HTTP/1.1" 200 170136 cronicareinodearagon.com "-" "CCBot/2.0 (https://commoncrawl.org/faq/)" "-"
82.165.88.0 - - [05/Mar/2024:07:50:19 +0100] "POST /wp-cron.php?doing_wp_cron=1709621419.5568900108337402343750 HTTP/1.1" 200 - cronicareinodearagon.com "-" "WordPress/6.2.2; https://cronicareinodearagon.com" "-"
44.200.77.0 - - [05/Mar/2024:07:50:19 +0100] "GET /aragon/gobierno-junta-rebaja-transporte-publico/ HTTP/1.1" 200 166371 cronicareinodearagon.com "-" "CCBot/2.0 (https://commoncrawl.org/faq/)" "-"
198.20.67.0 - - [05/Mar/2024:07:50:32 +0100] "GET / HTTP/1.1" 200 336 www.cronicadecadiz.com "http://www.google.com/url?url=www.cronicadecadiz.com&yahoo.com" "Mozilla/5.0 (compatible; MSIE 9.0; Windows NT 6.1; WOW64; Trident/6.0)" "-"
198.20.67.0 - - [05/Mar/2024:07:50:33 +0100] "GET /th1s_1s_a_4o4.html HTTP/1.1" 404 596 www.cronicadecadiz.com "http://www.google.com/url?url=www.cronicadecadiz.com&yahoo.com" "Mozilla/5.0 (compatible; MSIE 9.0; Windows NT 6.1; WOW64; Trident/6.0)" "-"
198.20.67.0 - - [05/Mar/2024:07:50:33 +0100] "GET /spicons/templates/defaultsite/es-ES/images/domain.svg HTTP/1.1" 200 2095 www.cronicadecadiz.com "http://www.google.com/url?url=www.cronicadecadiz.com&yahoo.com" "Mozilla/5.0 (compatible; MSIE 9.0; Windows NT 6.1; WOW64; Trident/6.0)" "-"
198.20.67.0 - - [05/Mar/2024:07:50:34 +0100] "GET /spicons/templates/defaultsite/es-ES/images/domain_transfer.svg HTTP/1.1" 200 1201 www.cronicadecadiz.com "-" "SiteLockSpider [en] (WinNT; I ;Nav)" "-"
198.20.67.0 - - [05/Mar/2024:07:50:34 +0100] "GET /spicons/templates/defaultsite/es-ES/images/css/main.css HTTP/1.1" 200 486180 www.cronicadecadiz.com "http://www.google.com/url?url=www.cronicadecadiz.com&yahoo.com" "Mozilla/5.0 (compatible; MSIE 9.0; Windows NT 6.1; WOW64; Trident/6.0)" "-"
198.20.67.0 - - [05/Mar/2024:07:50:35 +0100] "GET /defaultsite HTTP/1.1" 200 18994 www.cronicadecadiz.com "-" "SiteLockSpider [en] (WinNT; I ;Nav)" "-"
198.20.67.0 - - [05/Mar/2024:07:50:36 +0100] "GET /domaincheckresult?__SBMT:d359e110d15:=1&__SYNT:d359e110d15:__CMD(domaincheckresult):RETWRP=domainselect&__SYNT:d359e110d15:__CMD(domaincheckresult):SELWRP=multicheck&__SYNT:d359e110d15:__forcestop=true&__pageflow=Order&__sendingdata=1&linkId=ct.btn.check.default-page-check&multicheck.Domain=1 HTTP/1.1" 404 596 www.cronicadecadiz.com "-" "SiteLockSpider [en] (WinNT; I ;Nav)" "-"
82.165.88.0 - - [05/Mar/2024:07:51:02 +0100] "POST /wp-cron.php?doing_wp_cron=1709621462.6414499282836914062500 HTTP/1.1" 200 - cronicareinodearagon.com "-" "WordPress/6.2.2; https://cronicareinodearagon.com" "-"
44.200.77.0 - - [05/Mar/2024:07:51:02 +0100] "GET /aragon/visodelalcor-tiroteo-familiar-herencia/ HTTP/1.1" 200 161209 cronicareinodearagon.com "-" "CCBot/2.0 (https://commoncrawl.org/faq/)" "-"
103.95.119.0 - - [05/Mar/2024:07:51:27 +0100] "POST /xmlrpc.php HTTP/1.1" 200 416 cronicareinodearagon.com "-" "Mozilla/5.0 (Windows NT 10.0; Win64; x64; rv:40.0) Gecko/20100101 Firefox/40.0" "-"
44.200.77.0 - - [05/Mar/2024:07:52:30 +0100] "GET /politica/la-otan-pide-a-iran-que-deje-de-suministrar-drones-a-rusia-y-la-ue-aprueba-sanciones/ HTTP/1.1" 200 165989 cronicareinodearagon.com "-" "CCBot/2.0 (https://commoncrawl.org/faq/)" "-"
82.165.88.0 - - [05/Mar/2024:07:52:31 +0100] "POST /wp-cron.php?doing_wp_cron=1709621551.1081979274749755859375 HTTP/1.1" 200 - cronicareinodearagon.com "-" "WordPress/6.2.2; https://cronicareinodearagon.com" "-"
66.249.84.0 - - [05/Mar/2024:07:53:18 +0100] "GET /category/politica/feed/ HTTP/1.1" 200 59109 cronicareinodearagon.com "-" "FeedFetcher-Google; (+http://www.google.com/feedfetcher.html)" "-"
44.200.77.0 - - [05/Mar/2024:07:56:05 +0100] "GET /aragon/sindicato-medico-sevilla-aljarafe-reestructuracion-uurgencias/ HTTP/1.1" 200 161344 cronicareinodearagon.com "-" "CCBot/2.0 (https://commoncrawl.org/faq/)" "-"
82.165.88.0 - - [05/Mar/2024:07:56:06 +0100] "POST /wp-cron.php?doing_wp_cron=1709621766.3670670986175537109375 HTTP/1.1" 200 - cronicareinodearagon.com "-" "WordPress/6.2.2; https://cronicareinodearagon.com" "-"
2a00:6800:: - - [05/Mar/2024:07:56:48 +0100] "GET / HTTP/1.1" 200 336 cronicadecordoba.com "-" "Mozilla/5.0 (Windows NT 10.0; Win64; x64) AppleWebKit/537.36 (KHTML, like Gecko) Chrome/91.0.4472.114 Safari/537.36 Edg/91.0.864.54" "-"
82.165.88.0 - - [05/Mar/2024:07:56:49 +0100] "POST /wp-cron.php?doing_wp_cron=1709621809.7890410423278808593750 HTTP/1.1" 200 - cronicareinodearagon.com "-" "WordPress/6.2.2; https://cronicareinodearagon.com" "-"
44.200.77.0 - - [05/Mar/2024:07:56:49 +0100] "GET /aragon/andalucia-por-si-confluencia-izquierdas/ HTTP/1.1" 200 166791 cronicareinodearagon.com "-" "CCBot/2.0 (https://commoncrawl.org/faq/)" "-"
67.205.60.0 - - [05/Mar/2024:07:56:51 +0100] "POST /xmlrpc.php HTTP/1.1" 200 414 cronicareinodearagon.com "-" "Mozilla/5.0 (X11; Fedora; Linux x86_64; rv:94.0) Gecko/20100101 Firefox/95.0" "-"
44.200.77.0 - - [05/Mar/2024:07:57:29 +0100] "GET /aragon/tsja-rechaza-pasaporte-covid-hosteleria-ocio-nocturno/ HTTP/1.1" 200 162180 cronicareinodearagon.com "-" "CCBot/2.0 (https://commoncrawl.org/faq/)" "-"
82.165.88.0 - - [05/Mar/2024:07:58:08 +0100] "POST /wp-cron.php?doing_wp_cron=1709621888.4262409210205078125000 HTTP/1.1" 200 - cronicareinodearagon.com "-" "WordPress/6.2.2; https://cronicareinodearagon.com" "-"
44.200.77.0 - - [05/Mar/2024:07:58:08 +0100] "GET /economia/puesta-largo-campana-olivarera-baeza/ HTTP/1.1" 200 166285 cronicareinodearagon.com "-" "CCBot/2.0 (https://commoncrawl.org/faq/)" "-"
44.200.77.0 - - [05/Mar/2024:07:58:46 +0100] "GET /aragon/andalucia-lidera-incremento-paro-agosto/ HTTP/1.1" 200 167007 cronicareinodearagon.com "-" "CCBot/2.0 (https://commoncrawl.org/faq/)" "-"
82.165.88.0 - - [05/Mar/2024:07:58:47 +0100] "POST /wp-cron.php?doing_wp_cron=1709621927.1236820220947265625000 HTTP/1.1" 200 - cronicareinodearagon.com "-" "WordPress/6.2.2; https://cronicareinodearagon.com" "-"
82.165.88.0 - - [05/Mar/2024:07:59:27 +0100] "POST /wp-cron.php?doing_wp_cron=1709621967.5750958919525146484375 HTTP/1.1" 200 - cronicareinodearagon.com "-" "WordPress/6.2.2; https://cronicareinodearagon.com" "-"
44.200.77.0 - - [05/Mar/2024:07:59:27 +0100] "GET /economia/andalucia-granada-frutas-hortalizas-economia-espana/ HTTP/1.1" 200 162424 cronicareinodearagon.com "-" "CCBot/2.0 (https://commoncrawl.org/faq/)" "-"
82.165.88.0 - - [05/Mar/2024:07:59:28 +0100] "GET / HTTP/1.1" 200 41724 cronicareinodearagon.com "-" "WordPress/6.2.2; https://cronicareinodearagon.com" "-"
148.72.214.0 - - [05/Mar/2024:07:59:56 +0100] "POST /wp-login.php HTTP/1.1" 200 9604 cronicareinodearagon.com "-" "Mozilla/5.0 (Windows NT 6.1) AppleWebKit/537.36 (KHTML, like Gecko) Chrome/58.0.3029.110 Safari/537.36" "-"
82.165.88.0 - - [05/Mar/2024:07:59:57 +0100] "POST /wp-cron.php?doing_wp_cron=1709621997.0202250480651855468750 HTTP/1.1" 200 - cronicareinodearagon.com "-" "WordPress/6.2.2; https://cronicareinodearagon.com" "-"
213.175.66.0 - - [05/Mar/2024:08:00:22 +0100] "POST /wp-login.php HTTP/1.1" 200 9585 cronicareinodearagon.com "-" "Mozilla/5.0 (Windows NT 6.3; Win64; x64) AppleWebKit/537.36 (KHTML, like Gecko) Chrome/79.0.3945.88 Safari/537.36" "-"
194.38.23.0 - - [05/Mar/2024:08:00:40 +0100] "GET /assets/js/fileupload/server/php/index.php?file=tf2rghf.jpg HTTP/1.1" 404 596 cronicadevalencia.com "-" "ALittle Client" "-"
194.38.23.0 - - [05/Mar/2024:08:00:40 +0100] "GET /assets/js/fileupload/server/php/index.php?file=tf2rghf.jpg HTTP/1.1" 404 596 cronicadeextremadura.com "-" "ALittle Client" "-"
194.38.23.0 - - [05/Mar/2024:08:00:40 +0100] "GET /assets/plugins/fileupload/server/php/index.php?file=tf2rghf.jpg HTTP/1.1" 404 596 cronicadeextremadura.com "-" "ALittle Client" "-"
194.38.23.0 - - [05/Mar/2024:08:00:40 +0100] "GET /assets/js/fileupload/server/php/index.php?file=tf2rghf.jpg HTTP/1.1" 404 596 cronicadesevilla.com "-" "ALittle Client" "-"
194.38.23.0 - - [05/Mar/2024:08:00:41 +0100] "GET /assets/js/fileupload/server/php/index.php?file=tf2rghf.jpg HTTP/1.1" 404 596 cronicadecordoba.com "-" "ALittle Client" "-"
194.38.23.0 - - [05/Mar/2024:08:00:41 +0100] "GET /admin/fileupload/server/php/index.php?file=tf2rghf.jpg HTTP/1.1" 404 596 cronicadecordoba.com "-" "ALittle Client" "-"
194.38.23.0 - - [05/Mar/2024:08:00:41 +0100] "GET /assets/plugins/fileupload/server/php/index.php?file=tf2rghf.jpg HTTP/1.1" 404 596 cronicadecordoba.com "-" "ALittle Client" "-"
194.38.23.0 - - [05/Mar/2024:08:00:41 +0100] "GET /admin/fileupload/server/php/index.php?file=tf2rghf.jpg HTTP/1.1" 404 596 cronicadevalencia.com "-" "ALittle Client" "-"
194.38.23.0 - - [05/Mar/2024:08:00:41 +0100] "GET /assets/plugins/fileupload/server/php/index.php?file=tf2rghf.jpg HTTP/1.1" 404 596 cronicadevalencia.com "-" "ALittle Client" "-"
194.38.23.0 - - [05/Mar/2024:08:00:41 +0100] "GET /admin/fileupload/server/php/index.php?file=tf2rghf.jpg HTTP/1.1" 404 596 cronicadeextremadura.com "-" "ALittle Client" "-"
194.38.23.0 - - [05/Mar/2024:08:00:41 +0100] "GET /assets/plugins/fileupload/server/php/index.php?file=tf2rghf.jpg HTTP/1.1" 404 596 cronicademalaga.com "-" "ALittle Client" "-"
194.38.23.0 - - [05/Mar/2024:08:00:41 +0100] "GET /assets/js/fileupload/server/php/index.php?file=tf2rghf.jpg HTTP/1.1" 301 299 cronicareinodearagon.com "-" "ALittle Client" "-"
194.38.23.0 - - [05/Mar/2024:08:00:41 +0100] "GET /admin/fileupload/server/php/index.php?file=tf2rghf.jpg HTTP/1.1" 301 295 cronicareinodearagon.com "-" "ALittle Client" "-"
194.38.23.0 - - [05/Mar/2024:08:00:42 +0100] "GET /assets/js/fileupload/server/php/index.php?file=tf2rghf.jpg HTTP/1.1" 404 596 cronicadejaen.com "-" "ALittle Client" "-"
194.38.23.0 - - [05/Mar/2024:08:00:42 +0100] "GET /assets/plugins/fileupload/server/php/index.php?file=tf2rghf.jpg HTTP/1.1" 404 596 cronicadejaen.com "-" "ALittle Client" "-"
194.38.23.0 - - [05/Mar/2024:08:00:42 +0100] "GET /assets/js/fileupload/server/php/index.php?file=tf2rghf.jpg HTTP/1.1" 404 596 cronicadegranada.com "-" "ALittle Client" "-"
194.38.23.0 - - [05/Mar/2024:08:00:42 +0100] "GET /assets/plugins/fileupload/server/php/index.php?file=tf2rghf.jpg HTTP/1.1" 404 596 cronicadegranada.com "-" "ALittle Client" "-"
194.38.23.0 - - [05/Mar/2024:08:00:42 +0100] "GET /assets/plugins/fileupload/server/php/index.php?file=tf2rghf.jpg HTTP/1.1" 301 304 cronicareinodearagon.com "-" "ALittle Client" "-"
194.38.23.0 - - [05/Mar/2024:08:00:42 +0100] "GET /admin/fileupload/server/php/index.php?file=tf2rghf.jpg HTTP/1.1" 404 596 cronicadealmeria.com "-" "ALittle Client" "-"
194.38.23.0 - - [05/Mar/2024:08:00:42 +0100] "GET /assets/plugins/fileupload/server/php/index.php?file=tf2rghf.jpg HTTP/1.1" 404 596 cronicadealmeria.com "-" "ALittle Client" "-"
194.38.23.0 - - [05/Mar/2024:08:00:42 +0100] "GET /admin/fileupload/server/php/index.php?file=tf2rghf.jpg HTTP/1.1" 404 596 cronicadeasturias.com "-" "ALittle Client" "-"
194.38.23.0 - - [05/Mar/2024:08:00:43 +0100] "GET /admin/fileupload/server/php/index.php?file=tf2rghf.jpg HTTP/1.1" 404 596 cronicadejaen.com "-" "ALittle Client" "-"
194.38.23.0 - - [05/Mar/2024:08:00:43 +0100] "GET /assets/js/fileupload/server/php/index.php?file=tf2rghf.jpg HTTP/1.1" 404 596 cronicademalaga.com "-" "ALittle Client" "-"
194.38.23.0 - - [05/Mar/2024:08:00:43 +0100] "GET /admin/fileupload/server/php/index.php?file=tf2rghf.jpg HTTP/1.1" 404 596 cronicademalaga.com "-" "ALittle Client" "-"
194.38.23.0 - - [05/Mar/2024:08:00:43 +0100] "GET /assets/plugins/fileupload/server/php/index.php?file=tf2rghf.jpg HTTP/1.1" 404 596 cronicadesevilla.com "-" "ALittle Client" "-"
194.38.23.0 - - [05/Mar/2024:08:00:43 +0100] "GET /assets/js/fileupload/server/php/index.php?file=tf2rghf.jpg HTTP/1.1" 404 596 cronicadealmeria.com "-" "ALittle Client" "-"
194.38.23.0 - - [05/Mar/2024:08:00:43 +0100] "GET /assets/js/fileupload/server/php/index.php?file=tf2rghf.jpg HTTP/1.1" 404 596 cronicadeasturias.com "-" "ALittle Client" "-"
194.38.23.0 - - [05/Mar/2024:08:00:43 +0100] "GET /assets/plugins/fileupload/server/php/index.php?file=tf2rghf.jpg HTTP/1.1" 404 596 cronicadeasturias.com "-" "ALittle Client" "-"
194.38.23.0 - - [05/Mar/2024:08:00:43 +0100] "GET /assets/plugins/fileupload/server/php/index.php?file=tf2rghf.jpg HTTP/1.1" 404 596 cronicadelpaisvalenciano.com "-" "ALittle Client" "-"
194.38.23.0 - - [05/Mar/2024:08:00:43 +0100] "GET /admin/fileupload/server/php/index.php?file=tf2rghf.jpg HTTP/1.1" 404 596 cronicadearagon.com "-" "ALittle Client" "-"
194.38.23.0 - - [05/Mar/2024:08:00:43 +0100] "GET /assets/plugins/fileupload/server/php/index.php?file=tf2rghf.jpg HTTP/1.1" 404 596 cronicadearagon.com "-" "ALittle Client" "-"
194.38.23.0 - - [05/Mar/2024:08:00:43 +0100] "GET /assets/js/fileupload/server/php/index.php?file=tf2rghf.jpg HTTP/1.1" 404 596 cronicadearagon.com "-" "ALittle Client" "-"
194.38.23.0 - - [05/Mar/2024:08:00:44 +0100] "GET /admin/fileupload/server/php/index.php?file=tf2rghf.jpg HTTP/1.1" 404 596 cronicadegranada.com "-" "ALittle Client" "-"
194.38.23.0 - - [05/Mar/2024:08:00:44 +0100] "GET /assets/js/fileupload/server/php/index.php?file=tf2rghf.jpg HTTP/1.1" 404 596 cronicadelpaisvalenciano.com "-" "ALittle Client" "-"
194.38.23.0 - - [05/Mar/2024:08:00:45 +0100] "GET /admin/fileupload/server/php/index.php?file=tf2rghf.jpg HTTP/1.1" 404 596 cronicadesevilla.com "-" "ALittle Client" "-"
194.38.23.0 - - [05/Mar/2024:08:00:45 +0100] "GET /admin/fileupload/server/php/index.php?file=tf2rghf.jpg HTTP/1.1" 404 596 cronicadelpaisvalenciano.com "-" "ALittle Client" "-"
194.38.23.0 - - [05/Mar/2024:08:01:02 +0100] "GET /admin/fileupload/server/php/index.php?file=tf2rghf.jpg HTTP/1.1" 301 - cronicareinodearagon.com "-" "ALittle Client" "-"
194.38.23.0 - - [05/Mar/2024:08:01:02 +0100] "GET /assets/js/fileupload/server/php/index.php?file=tf2rghf.jpg HTTP/1.1" 301 - cronicareinodearagon.com "-" "ALittle Client" "-"
194.38.23.0 - - [05/Mar/2024:08:01:03 +0100] "GET /assets/plugins/fileupload/server/php/index.php?file=tf2rghf.jpg HTTP/1.1" 301 - cronicareinodearagon.com "-" "ALittle Client" "-"
82.165.88.0 - - [05/Mar/2024:08:01:03 +0100] "POST /wp-cron.php?doing_wp_cron=1709622063.4194400310516357421875 HTTP/1.1" 200 - cronicareinodearagon.com "-" "WordPress/6.2.2; https://cronicareinodearagon.com" "-"
194.38.23.0 - - [05/Mar/2024:08:01:24 +0100] "GET /assets/plugins/fileupload/server/php/?file=tf2rghf.jpg HTTP/1.1" 404 144914 cronicareinodearagon.com "-" "ALittle Client" "-"
194.38.23.0 - - [05/Mar/2024:08:01:26 +0100] "GET /admin/fileupload/server/php/?file=tf2rghf.jpg HTTP/1.1" 404 144886 cronicareinodearagon.com "-" "ALittle Client" "-"
194.38.23.0 - - [05/Mar/2024:08:01:27 +0100] "GET /assets/js/fileupload/server/php/?file=tf2rghf.jpg HTTP/1.1" 404 144899 cronicareinodearagon.com "-" "ALittle Client" "-"
44.200.77.0 - - [05/Mar/2024:08:01:37 +0100] "GET /aragon/vox-pasaporte-covid-andalucia/ HTTP/1.1" 200 33561 cronicareinodearagon.com "-" "CCBot/2.0 (https://commoncrawl.org/faq/)" "-"
44.200.77.0 - - [05/Mar/2024:08:02:17 +0100] "GET /aragon/ccoo-informa-nuevo-sistema-autonomos/ HTTP/1.1" 200 165635 cronicareinodearagon.com "-" "CCBot/2.0 (https://commoncrawl.org/faq/)" "-"
82.165.88.0 - - [05/Mar/2024:08:02:18 +0100] "POST /wp-cron.php?doing_wp_cron=1709622138.0384359359741210937500 HTTP/1.1" 200 - cronicareinodearagon.com "-" "WordPress/6.2.2; https://cronicareinodearagon.com" "-"
82.165.88.0 - - [05/Mar/2024:08:03:00 +0100] "POST /wp-cron.php?doing_wp_cron=1709622180.3800840377807617187500 HTTP/1.1" 200 - cronicareinodearagon.com "-" "WordPress/6.2.2; https://cronicareinodearagon.com" "-"
44.200.77.0 - - [05/Mar/2024:08:03:00 +0100] "GET /politica/fernando-rivares-inseguridad-zaragoza/ HTTP/1.1" 200 163453 cronicareinodearagon.com "-" "CCBot/2.0 (https://commoncrawl.org/faq/)" "-"
155.133.27.0 - - [05/Mar/2024:08:03:01 +0100] "POST /wp-login.php HTTP/1.1" 200 9591 cronicareinodearagon.com "-" "Mozilla/5.0 (Windows NT 10.0; Win64; x64) AppleWebKit/537.36 (KHTML, like Gecko) Chrome/54.0.2840.99 Safari/537.36" "-"
82.165.88.0 - - [05/Mar/2024:08:03:42 +0100] "POST /wp-cron.php?doing_wp_cron=1709622222.7650210857391357421875 HTTP/1.1" 200 - cronicareinodearagon.com "-" "WordPress/6.2.2; https://cronicareinodearagon.com" "-"
44.200.77.0 - - [05/Mar/2024:08:03:42 +0100] "GET /aragon/tercera-dosis-vacuna-covid-andalucia/ HTTP/1.1" 200 170218 cronicareinodearagon.com "-" "CCBot/2.0 (https://commoncrawl.org/faq/)" "-"
82.165.88.0 - - [05/Mar/2024:08:06:17 +0100] "POST /wp-cron.php?doing_wp_cron=1709622377.5637309551239013671875 HTTP/1.1" 200 - cronicareinodearagon.com "-" "WordPress/6.2.2; https://cronicareinodearagon.com" "-"
44.200.77.0 - - [05/Mar/2024:08:06:17 +0100] "GET /sociedad/marcha-aspace-huesca/ HTTP/1.1" 200 166450 cronicareinodearagon.com "-" "CCBot/2.0 (https://commoncrawl.org/faq/)" "-"
139.162.21.0 - - [05/Mar/2024:08:06:21 +0100] "POST /xmlrpc.php HTTP/1.1" 200 414 cronicareinodearagon.com "-" "Mozilla/5.0 (X11; Fedora; Linux x86_64; rv:94.0) Gecko/20100101 Firefox/95.0" "-"
44.200.77.0 - - [05/Mar/2024:08:06:57 +0100] "GET /aragon/productos-andaluces-foodex-2022/ HTTP/1.1" 200 173147 cronicareinodearagon.com "-" "CCBot/2.0 (https://commoncrawl.org/faq/)" "-"
82.165.88.0 - - [05/Mar/2024:08:06:58 +0100] "POST /wp-cron.php?doing_wp_cron=1709622418.0509419441223144531250 HTTP/1.1" 200 - cronicareinodearagon.com "-" "WordPress/6.2.2; https://cronicareinodearagon.com" "-"
82.165.88.0 - - [05/Mar/2024:08:09:04 +0100] "POST /wp-cron.php?doing_wp_cron=1709622544.5002639293670654296875 HTTP/1.1" 200 - cronicareinodearagon.com "-" "WordPress/6.2.2; https://cronicareinodearagon.com" "-"
44.200.77.0 - - [05/Mar/2024:08:09:04 +0100] "GET /aragon/espadas-moreno-andalucia-elecciones-pp-psoe/ HTTP/1.1" 200 163679 cronicareinodearagon.com "-" "CCBot/2.0 (https://commoncrawl.org/faq/)" "-"
44.200.77.0 - - [05/Mar/2024:08:09:53 +0100] "GET /educacion/cordoba-huelva-y-sevilla-se-suman-al-programa-unidiversidad-de-la-once/ HTTP/1.1" 200 162478 cronicareinodearagon.com "-" "CCBot/2.0 (https://commoncrawl.org/faq/)" "-"
82.165.88.0 - - [05/Mar/2024:08:09:54 +0100] "POST /wp-cron.php?doing_wp_cron=1709622594.2989408969879150390625 HTTP/1.1" 200 - cronicareinodearagon.com "-" "WordPress/6.2.2; https://cronicareinodearagon.com" "-"
44.200.77.0 - - [05/Mar/2024:08:10:38 +0100] "GET /economia/feria-sevilla-andalucia-veladores-policia-urbanismo-ayuntamiento/ HTTP/1.1" 200 161104 cronicareinodearagon.com "-" "CCBot/2.0 (https://commoncrawl.org/faq/)" "-"
157.55.39.0 - - [05/Mar/2024:08:11:55 +0100] "GET /wp-content/uploads/2022/03/murmura-alpujarra.jpg HTTP/1.1" 200 116370 cronicareinodearagon.com "-" "Mozilla/5.0 AppleWebKit/537.36 (KHTML, like Gecko; compatible; bingbot/2.0; +http://www.bing.com/bingbot.htm) Chrome/116.0.1938.76 Safari/537.36" "-"
82.165.88.0 - - [05/Mar/2024:08:12:01 +0100] "POST /wp-cron.php?doing_wp_cron=1709622721.0647709369659423828125 HTTP/1.1" 200 - cronicareinodearagon.com "-" "WordPress/6.2.2; https://cronicareinodearagon.com" "-"
44.200.77.0 - - [05/Mar/2024:08:12:00 +0100] "GET /sociedad/barrios-hartos-movilizacion-sevilla/ HTTP/1.1" 200 158986 cronicareinodearagon.com "-" "CCBot/2.0 (https://commoncrawl.org/faq/)" "-"
42.83.147.0 - - [05/Mar/2024:08:13:32 +0100] "GET / HTTP/1.1" 200 336 cronicadelpaisvalenciano.com "-" "Mozilla/5.0 (Windows NT 6.1; Win64; x64) AppleWebKit/537.36 (KHTML, like Gecko)Chrome/74.0.3729.169 Safari/537.36" "-"
82.165.88.0 - - [05/Mar/2024:08:14:54 +0100] "POST /wp-cron.php?doing_wp_cron=1709622894.5421979427337646484375 HTTP/1.1" 200 - cronicareinodearagon.com "-" "WordPress/6.2.2; https://cronicareinodearagon.com" "-"
44.200.77.0 - - [05/Mar/2024:08:14:54 +0100] "GET /aragon/exportaciones-aragon-primer-trimestre-2023/ HTTP/1.1" 200 163642 cronicareinodearagon.com "-" "CCBot/2.0 (https://commoncrawl.org/faq/)" "-"
82.165.88.0 - - [05/Mar/2024:08:16:13 +0100] "POST /wp-cron.php?doing_wp_cron=1709622973.9472401142120361328125 HTTP/1.1" 200 - cronicareinodearagon.com "-" "WordPress/6.2.2; https://cronicareinodearagon.com" "-"
44.200.77.0 - - [05/Mar/2024:08:16:13 +0100] "GET /politica/diputacion-tereuel-modificacion-credito-presupuesto/ HTTP/1.1" 200 171128 cronicareinodearagon.com "-" "CCBot/2.0 (https://commoncrawl.org/faq/)" "-"
82.165.88.0 - - [05/Mar/2024:08:16:43 +0100] "POST /wp-cron.php?doing_wp_cron=1709623003.7265470027923583984375 HTTP/1.1" 200 - cronicareinodearagon.com "-" "WordPress/6.2.2; https://cronicareinodearagon.com" "-"
66.249.72.0 - - [05/Mar/2024:08:16:43 +0100] "GET /aragon/celebrada-la-primera-muestra-de-vinos-de-la-tierra-de-aragon/ HTTP/1.1" 200 159315 cronicareinodearagon.com "-" "Mozilla/5.0 (X11; Linux x86_64) AppleWebKit/537.36 (KHTML, like Gecko) Chrome/121.0.6167.139 Safari/537.36 (compatible; Googlebot/2.1; +http://www.google.com/bot.html)" "-"
66.249.72.0 - - [05/Mar/2024:08:16:45 +0100] "GET /wp-content/plugins/metronet-profile-picture/dist/blocks.style.build.css?ver=2.6.0 HTTP/1.1" 200 4040 cronicareinodearagon.com "https://cronicareinodearagon.com/aragon/celebrada-la-primera-muestra-de-vinos-de-la-tierra-de-aragon/" "Mozilla/5.0 (X11; Linux x86_64) AppleWebKit/537.36 (KHTML, like Gecko) Chrome/121.0.6167.139 Safari/537.36 (compatible; Googlebot/2.1; +http://www.google.com/bot.html)" "-"
66.249.72.0 - - [05/Mar/2024:08:16:45 +0100] "GET /wp-content/plugins/complianz-gdpr/assets/css/cookieblocker.min.css?ver=6.4.4 HTTP/1.1" 200 754 cronicareinodearagon.com "https://cronicareinodearagon.com/aragon/celebrada-la-primera-muestra-de-vinos-de-la-tierra-de-aragon/" "Mozilla/5.0 (X11; Linux x86_64) AppleWebKit/537.36 (KHTML, like Gecko) Chrome/121.0.6167.139 Safari/537.36 (compatible; Googlebot/2.1; +http://www.google.com/bot.html)" "-"
66.249.72.0 - - [05/Mar/2024:08:16:45 +0100] "GET /wp-content/themes/jnews/assets/css/elementor-frontend.css?ver=10.7.9 HTTP/1.1" 200 215 cronicareinodearagon.com "https://cronicareinodearagon.com/aragon/celebrada-la-primera-muestra-de-vinos-de-la-tierra-de-aragon/" "Mozilla/5.0 (X11; Linux x86_64) AppleWebKit/537.36 (KHTML, like Gecko) Chrome/121.0.6167.139 Safari/537.36 (compatible; Googlebot/2.1; +http://www.google.com/bot.html)" "-"
66.249.72.0 - - [05/Mar/2024:08:16:45 +0100] "GET /wp-includes/css/dist/block-library/style.min.css?ver=6.2.2 HTTP/1.1" 200 16406 cronicareinodearagon.com "https://cronicareinodearagon.com/aragon/celebrada-la-primera-muestra-de-vinos-de-la-tierra-de-aragon/" "Mozilla/5.0 (X11; Linux x86_64) AppleWebKit/537.36 (KHTML, like Gecko) Chrome/121.0.6167.139 Safari/537.36 (compatible; Googlebot/2.1; +http://www.google.com/bot.html)" "-"
66.249.72.0 - - [05/Mar/2024:08:16:45 +0100] "GET /wp-content/themes/jnews/style.css?ver=10.7.9 HTTP/1.1" 200 297 cronicareinodearagon.com "https://cronicareinodearagon.com/aragon/celebrada-la-primera-muestra-de-vinos-de-la-tierra-de-aragon/" "Mozilla/5.0 (X11; Linux x86_64) AppleWebKit/537.36 (KHTML, like Gecko) Chrome/121.0.6167.139 Safari/537.36 (compatible; Googlebot/2.1; +http://www.google.com/bot.html)" "-"
66.249.78.0 - - [05/Mar/2024:08:16:45 +0100] "GET /wp-content/plugins/elementor/assets/css/frontend-lite.min.css?ver=3.15.2 HTTP/1.1" 200 17137 cronicareinodearagon.com "https://cronicareinodearagon.com/aragon/celebrada-la-primera-muestra-de-vinos-de-la-tierra-de-aragon/" "Mozilla/5.0 (X11; Linux x86_64) AppleWebKit/537.36 (KHTML, like Gecko) Chrome/121.0.6167.139 Safari/537.36 (compatible; Googlebot/2.1; +http://www.google.com/bot.html)" "-"
66.249.72.0 - - [05/Mar/2024:08:16:45 +0100] "GET /wp-includes/css/classic-themes.min.css?ver=6.2.2 HTTP/1.1" 200 211 cronicareinodearagon.com "https://cronicareinodearagon.com/aragon/celebrada-la-primera-muestra-de-vinos-de-la-tierra-de-aragon/" "Mozilla/5.0 (X11; Linux x86_64) AppleWebKit/537.36 (KHTML, like Gecko) Chrome/121.0.6167.139 Safari/537.36 (compatible; Googlebot/2.1; +http://www.google.com/bot.html)" "-"
66.249.72.0 - - [05/Mar/2024:08:16:45 +0100] "GET /wp-includes/js/jquery/jquery-migrate.min.js?ver=3.4.0 HTTP/1.1" 200 5257 cronicareinodearagon.com "https://cronicareinodearagon.com/aragon/celebrada-la-primera-muestra-de-vinos-de-la-tierra-de-aragon/" "Mozilla/5.0 (X11; Linux x86_64) AppleWebKit/537.36 (KHTML, like Gecko) Chrome/121.0.6167.139 Safari/537.36 (compatible; Googlebot/2.1; +http://www.google.com/bot.html)" "-"
66.249.72.0 - - [05/Mar/2024:08:16:46 +0100] "GET /wp-content/themes/jnews/assets/dist/frontend.min.css?ver=10.7.9 HTTP/1.1" 200 126484 cronicareinodearagon.com "https://cronicareinodearagon.com/aragon/celebrada-la-primera-muestra-de-vinos-de-la-tierra-de-aragon/" "Mozilla/5.0 (X11; Linux x86_64) AppleWebKit/537.36 (KHTML, like Gecko) Chrome/121.0.6167.139 Safari/537.36 (compatible; Googlebot/2.1; +http://www.google.com/bot.html)" "-"
66.249.78.0 - - [05/Mar/2024:08:16:46 +0100] "GET /wp-includes/js/jquery/jquery.min.js?ver=3.6.4 HTTP/1.1" 200 36269 cronicareinodearagon.com "https://cronicareinodearagon.com/aragon/celebrada-la-primera-muestra-de-vinos-de-la-tierra-de-aragon/" "Mozilla/5.0 (X11; Linux x86_64) AppleWebKit/537.36 (KHTML, like Gecko) Chrome/121.0.6167.139 Safari/537.36 (compatible; Googlebot/2.1; +http://www.google.com/bot.html)" "-"
66.249.78.0 - - [05/Mar/2024:08:16:46 +0100] "GET /wp-content/uploads/2022/10/CABECERA-CrAra_MOVIL-1.png HTTP/1.1" 200 3014 cronicareinodearagon.com "https://cronicareinodearagon.com/aragon/celebrada-la-primera-muestra-de-vinos-de-la-tierra-de-aragon/" "Mozilla/5.0 (X11; Linux x86_64) AppleWebKit/537.36 (KHTML, like Gecko) Chrome/121.0.6167.139 Safari/537.36 (compatible; Googlebot/2.1; +http://www.google.com/bot.html)" "-"
66.249.72.0 - - [05/Mar/2024:08:16:46 +0100] "GET /wp-content/uploads/2022/10/CABECERA-CrAra_Escritorio.png HTTP/1.1" 200 4995 cronicareinodearagon.com "https://cronicareinodearagon.com/aragon/celebrada-la-primera-muestra-de-vinos-de-la-tierra-de-aragon/" "Mozilla/5.0 (X11; Linux x86_64) AppleWebKit/537.36 (KHTML, like Gecko) Chrome/121.0.6167.139 Safari/537.36 (compatible; Googlebot/2.1; +http://www.google.com/bot.html)" "-"
66.249.78.0 - - [05/Mar/2024:08:16:46 +0100] "GET /wp-content/themes/jnews/assets/css/darkmode.css?ver=10.7.9 HTTP/1.1" 200 9055 cronicareinodearagon.com "https://cronicareinodearagon.com/aragon/celebrada-la-primera-muestra-de-vinos-de-la-tierra-de-aragon/" "Mozilla/5.0 (X11; Linux x86_64) AppleWebKit/537.36 (KHTML, like Gecko) Chrome/121.0.6167.139 Safari/537.36 (compatible; Googlebot/2.1; +http://www.google.com/bot.html)" "-"
66.249.72.0 - - [05/Mar/2024:08:16:46 +0100] "GET /wp-content/themes/jnews/assets/img/jeg-empty.png HTTP/1.1" 200 70 cronicareinodearagon.com "https://cronicareinodearagon.com/aragon/celebrada-la-primera-muestra-de-vinos-de-la-tierra-de-aragon/" "Mozilla/5.0 (X11; Linux x86_64) AppleWebKit/537.36 (KHTML, like Gecko) Chrome/121.0.6167.139 Safari/537.36 (compatible; Googlebot/2.1; +http://www.google.com/bot.html)" "-"
66.249.72.0 - - [05/Mar/2024:08:16:46 +0100] "GET /wp-content/plugins/elementor/assets/lib/eicons/css/elementor-icons.min.css?ver=5.21.0 HTTP/1.1" 200 4358 cronicareinodearagon.com "https://cronicareinodearagon.com/aragon/celebrada-la-primera-muestra-de-vinos-de-la-tierra-de-aragon/" "Mozilla/5.0 (X11; Linux x86_64) AppleWebKit/537.36 (KHTML, like Gecko) Chrome/121.0.6167.139 Safari/537.36 (compatible; Googlebot/2.1; +http://www.google.com/bot.html)" "-"
66.249.78.0 - - [05/Mar/2024:08:16:47 +0100] "GET /wp-content/plugins/jnews-social-share/assets/js/plugin.js HTTP/1.1" 200 1411 cronicareinodearagon.com "https://cronicareinodearagon.com/aragon/celebrada-la-primera-muestra-de-vinos-de-la-tierra-de-aragon/" "Mozilla/5.0 (X11; Linux x86_64) AppleWebKit/537.36 (KHTML, like Gecko) Chrome/121.0.6167.139 Safari/537.36 (compatible; Googlebot/2.1; +http://www.google.com/bot.html)" "-"
66.249.72.0 - - [05/Mar/2024:08:16:47 +0100] "GET /wp-includes/js/imagesloaded.min.js?ver=4.1.4 HTTP/1.1" 200 2010 cronicareinodearagon.com "https://cronicareinodearagon.com/aragon/celebrada-la-primera-muestra-de-vinos-de-la-tierra-de-aragon/" "Mozilla/5.0 (X11; Linux x86_64) AppleWebKit/537.36 (KHTML, like Gecko) Chrome/121.0.6167.139 Safari/537.36 (compatible; Googlebot/2.1; +http://www.google.com/bot.html)" "-"
66.249.72.0 - - [05/Mar/2024:08:16:47 +0100] "GET /wp-content/plugins/elementor/assets/js/webpack.runtime.min.js?ver=3.15.2 HTTP/1.1" 200 2279 cronicareinodearagon.com "https://cronicareinodearagon.com/aragon/celebrada-la-primera-muestra-de-vinos-de-la-tierra-de-aragon/" "Mozilla/5.0 (X11; Linux x86_64) AppleWebKit/537.36 (KHTML, like Gecko) Chrome/121.0.6167.139 Safari/537.36 (compatible; Googlebot/2.1; +http://www.google.com/bot.html)" "-"
66.249.72.0 - - [05/Mar/2024:08:16:47 +0100] "GET /wp-content/plugins/elementor/assets/js/frontend-modules.min.js?ver=3.15.2 HTTP/1.1" 200 19256 cronicareinodearagon.com "https://cronicareinodearagon.com/aragon/celebrada-la-primera-muestra-de-vinos-de-la-tierra-de-aragon/" "Mozilla/5.0 (X11; Linux x86_64) AppleWebKit/537.36 (KHTML, like Gecko) Chrome/121.0.6167.139 Safari/537.36 (compatible; Googlebot/2.1; +http://www.google.com/bot.html)" "-"
66.249.72.0 - - [05/Mar/2024:08:16:47 +0100] "GET /wp-content/themes/jnews/assets/dist/frontend.min.js?ver=10.7.9 HTTP/1.1" 200 103509 cronicareinodearagon.com "https://cronicareinodearagon.com/aragon/celebrada-la-primera-muestra-de-vinos-de-la-tierra-de-aragon/" "Mozilla/5.0 (X11; Linux x86_64) AppleWebKit/537.36 (KHTML, like Gecko) Chrome/121.0.6167.139 Safari/537.36 (compatible; Googlebot/2.1; +http://www.google.com/bot.html)" "-"
66.249.72.0 - - [05/Mar/2024:08:16:47 +0100] "GET /wp-content/plugins/akismet/_inc/akismet-frontend.js?ver=1683388628 HTTP/1.1" 200 3528 cronicareinodearagon.com "https://cronicareinodearagon.com/aragon/celebrada-la-primera-muestra-de-vinos-de-la-tierra-de-aragon/" "Mozilla/5.0 (X11; Linux x86_64) AppleWebKit/537.36 (KHTML, like Gecko) Chrome/121.0.6167.139 Safari/537.36 (compatible; Googlebot/2.1; +http://www.google.com/bot.html)" "-"
66.249.72.0 - - [05/Mar/2024:08:16:47 +0100] "GET /wp-content/plugins/elementor/assets/lib/waypoints/waypoints.min.js?ver=4.0.2 HTTP/1.1" 200 3501 cronicareinodearagon.com "https://cronicareinodearagon.com/aragon/celebrada-la-primera-muestra-de-vinos-de-la-tierra-de-aragon/" "Mozilla/5.0 (X11; Linux x86_64) AppleWebKit/537.36 (KHTML, like Gecko) Chrome/121.0.6167.139 Safari/537.36 (compatible; Googlebot/2.1; +http://www.google.com/bot.html)" "-"
66.249.72.0 - - [05/Mar/2024:08:16:48 +0100] "GET /wp-includes/js/jquery/ui/core.min.js?ver=1.13.2 HTTP/1.1" 200 7937 cronicareinodearagon.com "https://cronicareinodearagon.com/aragon/celebrada-la-primera-muestra-de-vinos-de-la-tierra-de-aragon/" "Mozilla/5.0 (X11; Linux x86_64) AppleWebKit/537.36 (KHTML, like Gecko) Chrome/121.0.6167.139 Safari/537.36 (compatible; Googlebot/2.1; +http://www.google.com/bot.html)" "-"
66.249.78.0 - - [05/Mar/2024:08:16:48 +0100] "GET /wp-content/themes/jnews/assets/dist/font/fontawesome-webfont.woff2 HTTP/1.1" 200 77160 cronicareinodearagon.com "https://cronicareinodearagon.com/wp-content/themes/jnews/assets/dist/frontend.min.css?ver=10.7.9" "Mozilla/5.0 (X11; Linux x86_64) AppleWebKit/537.36 (KHTML, like Gecko) Chrome/121.0.6167.139 Safari/537.36 (compatible; Googlebot/2.1; +http://www.google.com/bot.html)" "-"
66.249.72.0 - - [05/Mar/2024:08:16:53 +0100] "GET /wp-content/uploads/2023/05/resultados-autonomicas-aragon-350x250.jpg HTTP/1.1" 200 8462 cronicareinodearagon.com "https://cronicareinodearagon.com/aragon/celebrada-la-primera-muestra-de-vinos-de-la-tierra-de-aragon/" "Mozilla/5.0 (X11; Linux x86_64) AppleWebKit/537.36 (KHTML, like Gecko) Chrome/121.0.6167.139 Safari/537.36 (compatible; Googlebot/2.1; +http://www.google.com/bot.html)" "-"
66.249.72.0 - - [05/Mar/2024:08:16:54 +0100] "GET /wp-content/uploads/2022/10/CABECERA-CrAra_MOVIL.png HTTP/1.1" 200 3014 cronicareinodearagon.com "https://cronicareinodearagon.com/aragon/celebrada-la-primera-muestra-de-vinos-de-la-tierra-de-aragon/" "Mozilla/5.0 (X11; Linux x86_64) AppleWebKit/537.36 (KHTML, like Gecko) Chrome/121.0.6167.139 Safari/537.36 (compatible; Googlebot/2.1; +http://www.google.com/bot.html)" "-"
44.200.77.0 - - [05/Mar/2024:08:16:54 +0100] "GET /aragon/fallecimiento-javier-imbroda/ HTTP/1.1" 200 167244 cronicareinodearagon.com "-" "CCBot/2.0 (https://commoncrawl.org/faq/)" "-"
82.221.136.0 - - [05/Mar/2024:08:16:59 +0100] "POST /xmlrpc.php HTTP/1.1" 200 414 cronicareinodearagon.com "-" "Mozilla/5.0 (X11; Fedora; Linux x86_64; rv:94.0) Gecko/20100101 Firefox/95.0" "-"
142.250.32.0 - - [05/Mar/2024:08:18:05 +0100] "GET /.well-known/traffic-advice HTTP/1.1" 404 144881 cronicareinodearagon.com "-" "Chrome Privacy Preserving Prefetch Proxy" "-"
2001:4860:: - - [05/Mar/2024:08:18:05 +0100] "GET / HTTP/1.1" 200 41650 cronicareinodearagon.com "https://www.google.com/" "Mozilla/5.0 (Linux; Android 10; K) AppleWebKit/537.36 (KHTML, like Gecko) Chrome/122.0.0.0 Mobile Safari/537.36" "-"
82.165.88.0 - - [05/Mar/2024:08:18:06 +0100] "POST /wp-cron.php?doing_wp_cron=1709623086.1410770416259765625000 HTTP/1.1" 200 - cronicareinodearagon.com "-" "WordPress/6.2.2; https://cronicareinodearagon.com" "-"
2a0d:3344:2000:: - - [05/Mar/2024:08:18:08 +0100] "GET /wp-content/plugins/metronet-profile-picture/dist/blocks.style.build.css?ver=2.6.0 HTTP/1.1" 200 4040 cronicareinodearagon.com "-" "Mozilla/5.0 (Linux; Android 10; K) AppleWebKit/537.36 (KHTML, like Gecko) Chrome/122.0.0.0 Mobile Safari/537.36" "-"
2a0d:3344:2000:: - - [05/Mar/2024:08:18:08 +0100] "GET /wp-includes/css/classic-themes.min.css?ver=6.2.2 HTTP/1.1" 200 211 cronicareinodearagon.com "-" "Mozilla/5.0 (Linux; Android 10; K) AppleWebKit/537.36 (KHTML, like Gecko) Chrome/122.0.0.0 Mobile Safari/537.36" "-"
2a0d:3344:2000:: - - [05/Mar/2024:08:18:08 +0100] "GET /wp-includes/css/dist/block-library/style.min.css?ver=6.2.2 HTTP/1.1" 200 16406 cronicareinodearagon.com "-" "Mozilla/5.0 (Linux; Android 10; K) AppleWebKit/537.36 (KHTML, like Gecko) Chrome/122.0.0.0 Mobile Safari/537.36" "-"
2a0d:3344:2000:: - - [05/Mar/2024:08:18:08 +0100] "GET /wp-content/plugins/complianz-gdpr/assets/css/cookieblocker.min.css?ver=6.4.4 HTTP/1.1" 200 754 cronicareinodearagon.com "-" "Mozilla/5.0 (Linux; Android 10; K) AppleWebKit/537.36 (KHTML, like Gecko) Chrome/122.0.0.0 Mobile Safari/537.36" "-"
2a0d:3344:2000:: - - [05/Mar/2024:08:18:08 +0100] "GET /wp-content/plugins/elementor/assets/css/frontend-lite.min.css?ver=3.15.2 HTTP/1.1" 200 17137 cronicareinodearagon.com "-" "Mozilla/5.0 (Linux; Android 10; K) AppleWebKit/537.36 (KHTML, like Gecko) Chrome/122.0.0.0 Mobile Safari/537.36" "-"
2a0d:3344:2000:: - - [05/Mar/2024:08:18:08 +0100] "GET /wp-content/plugins/elementor/assets/lib/eicons/css/elementor-icons.min.css?ver=5.21.0 HTTP/1.1" 200 4358 cronicareinodearagon.com "https://cronicareinodearagon.com/" "Mozilla/5.0 (Linux; Android 10; K) AppleWebKit/537.36 (KHTML, like Gecko) Chrome/122.0.0.0 Mobile Safari/537.36" "-"
2a0d:3344:2000:: - - [05/Mar/2024:08:18:08 +0100] "GET /wp-content/plugins/elementor/assets/lib/swiper/css/swiper.min.css?ver=5.3.6 HTTP/1.1" 200 2779 cronicareinodearagon.com "https://cronicareinodearagon.com/" "Mozilla/5.0 (Linux; Android 10; K) AppleWebKit/537.36 (KHTML, like Gecko) Chrome/122.0.0.0 Mobile Safari/537.36" "-"
2a0d:3344:2000:: - - [05/Mar/2024:08:18:08 +0100] "GET /wp-content/themes/jnews/assets/css/elementor-frontend.css?ver=10.7.9 HTTP/1.1" 200 215 cronicareinodearagon.com "https://cronicareinodearagon.com/" "Mozilla/5.0 (Linux; Android 10; K) AppleWebKit/537.36 (KHTML, like Gecko) Chrome/122.0.0.0 Mobile Safari/537.36" "-"
2a0d:3344:2000:: - - [05/Mar/2024:08:18:08 +0100] "GET /wp-content/themes/jnews/style.css?ver=10.7.9 HTTP/1.1" 200 297 cronicareinodearagon.com "https://cronicareinodearagon.com/" "Mozilla/5.0 (Linux; Android 10; K) AppleWebKit/537.36 (KHTML, like Gecko) Chrome/122.0.0.0 Mobile Safari/537.36" "-"
2a0d:3344:2000:: - - [05/Mar/2024:08:18:08 +0100] "GET /wp-content/themes/jnews/assets/css/darkmode.css?ver=10.7.9 HTTP/1.1" 200 9055 cronicareinodearagon.com "https://cronicareinodearagon.com/" "Mozilla/5.0 (Linux; Android 10; K) AppleWebKit/537.36 (KHTML, like Gecko) Chrome/122.0.0.0 Mobile Safari/537.36" "-"
2a0d:3344:2000:: - - [05/Mar/2024:08:18:08 +0100] "GET /wp-content/themes/jnews/data/import/newspaper/scheme.css?ver=10.7.9 HTTP/1.1" 200 1687 cronicareinodearagon.com "https://cronicareinodearagon.com/" "Mozilla/5.0 (Linux; Android 10; K) AppleWebKit/537.36 (KHTML, like Gecko) Chrome/122.0.0.0 Mobile Safari/537.36" "-"
2a0d:3344:2000:: - - [05/Mar/2024:08:18:08 +0100] "GET /wp-content/themes/jnews/assets/dist/frontend.min.css?ver=10.7.9 HTTP/1.1" 200 126484 cronicareinodearagon.com "https://cronicareinodearagon.com/" "Mozilla/5.0 (Linux; Android 10; K) AppleWebKit/537.36 (KHTML, like Gecko) Chrome/122.0.0.0 Mobile Safari/537.36" "-"
2a0d:3344:2000:: - - [05/Mar/2024:08:18:08 +0100] "GET /wp-includes/js/jquery/jquery.min.js?ver=3.6.4 HTTP/1.1" 200 36269 cronicareinodearagon.com "https://cronicareinodearagon.com/" "Mozilla/5.0 (Linux; Android 10; K) AppleWebKit/537.36 (KHTML, like Gecko) Chrome/122.0.0.0 Mobile Safari/537.36" "-"
2a0d:3344:2000:: - - [05/Mar/2024:08:18:08 +0100] "GET /wp-includes/js/jquery/jquery-migrate.min.js?ver=3.4.0 HTTP/1.1" 200 5257 cronicareinodearagon.com "https://cronicareinodearagon.com/" "Mozilla/5.0 (Linux; Android 10; K) AppleWebKit/537.36 (KHTML, like Gecko) Chrome/122.0.0.0 Mobile Safari/537.36" "-"
2a0d:3344:2000:: - - [05/Mar/2024:08:18:08 +0100] "GET /wp-content/uploads/2022/10/CABECERA-CrAra_Escritorio.png HTTP/1.1" 200 4995 cronicareinodearagon.com "https://cronicareinodearagon.com/" "Mozilla/5.0 (Linux; Android 10; K) AppleWebKit/537.36 (KHTML, like Gecko) Chrome/122.0.0.0 Mobile Safari/537.36" "-"
2a0d:3344:2000:: - - [05/Mar/2024:08:18:08 +0100] "GET /wp-content/uploads/2022/10/CABECERA-CrAra_MOVIL-1.png HTTP/1.1" 200 3014 cronicareinodearagon.com "https://cronicareinodearagon.com/" "Mozilla/5.0 (Linux; Android 10; K) AppleWebKit/537.36 (KHTML, like Gecko) Chrome/122.0.0.0 Mobile Safari/537.36" "-"
2a0d:3344:2000:: - - [05/Mar/2024:08:18:08 +0100] "GET /wp-content/themes/jnews/assets/img/jeg-empty.png HTTP/1.1" 200 70 cronicareinodearagon.com "https://cronicareinodearagon.com/" "Mozilla/5.0 (Linux; Android 10; K) AppleWebKit/537.36 (KHTML, like Gecko) Chrome/122.0.0.0 Mobile Safari/537.36" "-"
