82.165.88.0 - - [05/Mar/2024:08:41:42 +0100] "POST /wp-cron.php?doing_wp_cron=1709624502.8857378959655761718750 HTTP/1.1" 200 - cronicareinodearagon.com "-" "WordPress/6.2.2; https://cronicareinodearagon.com" "-"
44.200.77.0 - - [05/Mar/2024:08:41:42 +0100] "GET /politica/irene-garcia-no-seguira-psoe-cadiz/ HTTP/1.1" 200 168651 cronicareinodearagon.com "-" "CCBot/2.0 (https://commoncrawl.org/faq/)" "-"
178.33.40.0 - - [05/Mar/2024:08:42:07 +0100] "POST /xmlrpc.php HTTP/1.1" 200 416 cronicareinodearagon.com "-" "Mozilla/5.0 (Windows NT 10.0; Win64; x64; rv:78.0) Gecko/20100101 Firefox/78.0" "-"
144.217.82.0 - - [05/Mar/2024:08:42:50 +0100] "POST /wp-login.php HTTP/1.1" 200 9620 cronicareinodearagon.com "-" "Mozilla/5.0 (Windows NT 6.1; Win64; x64) AppleWebKit/537.36 (KHTML, like Gecko) Chrome/80.0.3987.163 Safari/537.36" "-"
82.165.88.0 - - [05/Mar/2024:08:42:51 +0100] "POST /wp-cron.php?doing_wp_cron=1709624571.1984078884124755859375 HTTP/1.1" 200 - cronicareinodearagon.com "-" "WordPress/6.2.2; https://cronicareinodearagon.com" "-"
35.204.172.0 - - [05/Mar/2024:08:43:33 +0100] "POST /wp-login.php HTTP/1.1" 200 9591 cronicareinodearagon.com "-" "Mozilla/5.0 (Windows NT 6.1; Win64; x64) AppleWebKit/537.36 (KHTML, like Gecko) Chrome/70.0.3538.67 Safari/537.36" "-"
95.163.255.0 - - [05/Mar/2024:08:43:38 +0100] "GET /spicons/templates/defaultsite/es-ES/images/webhosting.jpeg HTTP/1.1" 200 20538 cronicadesevilla.com "-" "Mozilla/5.0 (compatible; Linux x86_64; Mail.RU_Bot/2.0; +https://help.mail.ru/webmaster/indexing/robots)" "-"
44.200.77.0 - - [05/Mar/2024:08:44:14 +0100] "GET /category/politica HTTP/1.1" 301 - cronicareinodearagon.com "-" "CCBot/2.0 (https://commoncrawl.org/faq/)" "-"
82.165.88.0 - - [05/Mar/2024:08:44:15 +0100] "POST /wp-cron.php?doing_wp_cron=1709624655.0868730545043945312500 HTTP/1.1" 200 - cronicareinodearagon.com "-" "WordPress/6.2.2; https://cronicareinodearagon.com" "-"
44.200.77.0 - - [05/Mar/2024:08:44:15 +0100] "GET /category/politica/ HTTP/1.1" 200 29438 cronicareinodearagon.com "-" "CCBot/2.0 (https://commoncrawl.org/faq/)" "-"
44.200.77.0 - - [05/Mar/2024:08:45:34 +0100] "GET /aragon/covid-gripe-andalucia-vacunacion-salud-sanidad/ HTTP/1.1" 200 164843 cronicareinodearagon.com "-" "CCBot/2.0 (https://commoncrawl.org/faq/)" "-"
82.165.88.0 - - [05/Mar/2024:08:45:35 +0100] "POST /wp-cron.php?doing_wp_cron=1709624735.2984600067138671875000 HTTP/1.1" 200 - cronicareinodearagon.com "-" "WordPress/6.2.2; https://cronicareinodearagon.com" "-"
2a01:4f9:: - - [05/Mar/2024:08:45:44 +0100] "POST /xmlrpc.php HTTP/1.1" 200 416 cronicareinodearagon.com "-" "Mozilla/5.0 (Windows NT 10.0; Win64; x64; rv:55.0) Gecko/20100101 Firefox/55.0" "-"
82.165.88.0 - - [05/Mar/2024:08:45:45 +0100] "POST /wp-cron.php?doing_wp_cron=1709624744.9845321178436279296875 HTTP/1.1" 200 - cronicareinodearagon.com "-" "WordPress/6.2.2; https://cronicareinodearagon.com" "-"
44.200.77.0 - - [05/Mar/2024:08:47:02 +0100] "GET /category/politica/page/2/ HTTP/1.1" 200 147452 cronicareinodearagon.com "-" "CCBot/2.0 (https://commoncrawl.org/faq/)" "-"
82.165.88.0 - - [05/Mar/2024:08:47:03 +0100] "POST /wp-cron.php?doing_wp_cron=1709624823.3932499885559082031250 HTTP/1.1" 200 - cronicareinodearagon.com "-" "WordPress/6.2.2; https://cronicareinodearagon.com" "-"
44.200.77.0 - - [05/Mar/2024:08:47:24 +0100] "GET /aragon/sanchez-sevilla-campana-psoe-andalucia-gobierno-gente/ HTTP/1.1" 200 35203 cronicareinodearagon.com "-" "CCBot/2.0 (https://commoncrawl.org/faq/)" "-"
82.165.88.0 - - [05/Mar/2024:08:47:59 +0100] "POST /wp-cron.php?doing_wp_cron=1709624879.4152839183807373046875 HTTP/1.1" 200 - cronicareinodearagon.com "-" "WordPress/6.2.2; https://cronicareinodearagon.com" "-"
44.200.77.0 - - [05/Mar/2024:08:47:59 +0100] "GET /economia/apertura-albergues-temporeros-aceituna-jaen/ HTTP/1.1" 200 163889 cronicareinodearagon.com "-" "CCBot/2.0 (https://commoncrawl.org/faq/)" "-"
44.200.77.0 - - [05/Mar/2024:08:48:27 +0100] "GET /aragon/facua-ilegal-limitar-compra-aceite-girasol/ HTTP/1.1" 200 160848 cronicareinodearagon.com "-" "CCBot/2.0 (https://commoncrawl.org/faq/)" "-"
66.249.84.0 - - [05/Mar/2024:08:49:01 +0100] "GET /category/sociedad/feed/ HTTP/1.1" 200 51420 cronicareinodearagon.com "-" "FeedFetcher-Google; (+http://www.google.com/feedfetcher.html)" "-"
82.165.88.0 - - [05/Mar/2024:08:50:03 +0100] "POST /wp-cron.php?doing_wp_cron=1709625003.7169940471649169921875 HTTP/1.1" 200 - cronicareinodearagon.com "-" "WordPress/6.2.2; https://cronicareinodearagon.com" "-"
44.200.77.0 - - [05/Mar/2024:08:50:03 +0100] "GET /aragon/aguirre-mascarillas-andalucia-aulas-colegio-coronavirus/ HTTP/1.1" 200 163821 cronicareinodearagon.com "-" "CCBot/2.0 (https://commoncrawl.org/faq/)" "-"
202.61.232.0 - - [05/Mar/2024:08:50:16 +0100] "POST /xmlrpc.php HTTP/1.1" 200 414 cronicareinodearagon.com "-" "Mozilla/5.0 (X11; Fedora; Linux x86_64; rv:94.0) Gecko/20100101 Firefox/95.0" "-"
44.200.77.0 - - [05/Mar/2024:08:51:02 +0100] "GET /educacion/graduacion-escuela-universitaria-enfermeria/ HTTP/1.1" 200 168647 cronicareinodearagon.com "-" "CCBot/2.0 (https://commoncrawl.org/faq/)" "-"
82.165.88.0 - - [05/Mar/2024:08:51:03 +0100] "POST /wp-cron.php?doing_wp_cron=1709625063.2706971168518066406250 HTTP/1.1" 200 - cronicareinodearagon.com "-" "WordPress/6.2.2; https://cronicareinodearagon.com" "-"
44.200.77.0 - - [05/Mar/2024:08:51:55 +0100] "GET /aragon/emiratos-arabes-unidos-juanma-moreno-consulado-andalucia/ HTTP/1.1" 200 166383 cronicareinodearagon.com "-" "CCBot/2.0 (https://commoncrawl.org/faq/)" "-"
82.165.88.0 - - [05/Mar/2024:08:51:56 +0100] "POST /wp-cron.php?doing_wp_cron=1709625116.1411728858947753906250 HTTP/1.1" 200 - cronicareinodearagon.com "-" "WordPress/6.2.2; https://cronicareinodearagon.com" "-"
66.249.84.0 - - [05/Mar/2024:08:52:14 +0100] "GET /category/educacion/feed/ HTTP/1.1" 200 56994 cronicareinodearagon.com "-" "FeedFetcher-Google; (+http://www.google.com/feedfetcher.html)" "-"
44.200.77.0 - - [05/Mar/2024:08:52:43 +0100] "GET /aragon/teltronic-viaja-al-ccw-donde-mostrara-sus-soluciones-banda-ancha-y-mcx/ HTTP/1.1" 200 163551 cronicareinodearagon.com "-" "CCBot/2.0 (https://commoncrawl.org/faq/)" "-"
82.165.88.0 - - [05/Mar/2024:08:52:44 +0100] "POST /wp-cron.php?doing_wp_cron=1709625164.2093770503997802734375 HTTP/1.1" 200 - cronicareinodearagon.com "-" "WordPress/6.2.2; https://cronicareinodearagon.com" "-"
44.200.77.0 - - [05/Mar/2024:08:53:26 +0100] "GET /aragon/lamban-cuarte-huerva-acto-campana/ HTTP/1.1" 200 164164 cronicareinodearagon.com "-" "CCBot/2.0 (https://commoncrawl.org/faq/)" "-"
82.165.88.0 - - [05/Mar/2024:08:54:10 +0100] "POST /wp-cron.php?doing_wp_cron=1709625250.3674869537353515625000 HTTP/1.1" 200 - cronicareinodearagon.com "-" "WordPress/6.2.2; https://cronicareinodearagon.com" "-"
44.200.77.0 - - [05/Mar/2024:08:54:10 +0100] "GET /aragon/donaciones-sangre-andalucia-covid-datos-junta/ HTTP/1.1" 200 168495 cronicareinodearagon.com "-" "CCBot/2.0 (https://commoncrawl.org/faq/)" "-"
82.165.88.0 - - [05/Mar/2024:08:55:28 +0100] "POST /wp-cron.php?doing_wp_cron=1709625328.4358270168304443359375 HTTP/1.1" 200 - cronicareinodearagon.com "-" "WordPress/6.2.2; https://cronicareinodearagon.com" "-"
95.111.249.0 - - [05/Mar/2024:08:55:28 +0100] "POST /wp-login.php HTTP/1.1" 200 9608 cronicareinodearagon.com "-" "Mozilla/5.0 (Windows NT 6.1) AppleWebKit/537.36 (KHTML, like Gecko) Chrome/58.0.3029.110 Safari/537.36" "-"
82.165.88.0 - - [05/Mar/2024:08:56:12 +0100] "POST /wp-cron.php?doing_wp_cron=1709625372.5677878856658935546875 HTTP/1.1" 200 - cronicareinodearagon.com "-" "WordPress/6.2.2; https://cronicareinodearagon.com" "-"
44.200.77.0 - - [05/Mar/2024:08:56:12 +0100] "GET /sociedad/diputacion-granada-conferencia-lorca-cante-jondo/ HTTP/1.1" 200 167071 cronicareinodearagon.com "-" "CCBot/2.0 (https://commoncrawl.org/faq/)" "-"
82.165.88.0 - - [05/Mar/2024:08:57:03 +0100] "POST /wp-cron.php?doing_wp_cron=1709625423.5334019660949707031250 HTTP/1.1" 200 - cronicareinodearagon.com "-" "WordPress/6.2.2; https://cronicareinodearagon.com" "-"
44.200.77.0 - - [05/Mar/2024:08:57:03 +0100] "GET /aragon/vox-califica-gestion-juanma-moreno-fracaso/ HTTP/1.1" 200 162448 cronicareinodearagon.com "-" "CCBot/2.0 (https://commoncrawl.org/faq/)" "-"
82.165.88.0 - - [05/Mar/2024:08:57:59 +0100] "POST /wp-cron.php?doing_wp_cron=1709625479.7896559238433837890625 HTTP/1.1" 200 - cronicareinodearagon.com "-" "WordPress/6.2.2; https://cronicareinodearagon.com" "-"
44.200.77.0 - - [05/Mar/2024:08:57:59 +0100] "GET /politica/rivares-mientras-unos-pocos-se-reparten-zaragoza-podemos-es-garantia-de-resolver-los-problemas-del-dia-a-dia/ HTTP/1.1" 200 166454 cronicareinodearagon.com "-" "CCBot/2.0 (https://commoncrawl.org/faq/)" "-"
44.200.77.0 - - [05/Mar/2024:08:59:20 +0100] "GET /educacion/matematicas-evento-sevilla/ HTTP/1.1" 200 163439 cronicareinodearagon.com "-" "CCBot/2.0 (https://commoncrawl.org/faq/)" "-"
82.165.88.0 - - [05/Mar/2024:08:59:21 +0100] "POST /wp-cron.php?doing_wp_cron=1709625561.1544089317321777343750 HTTP/1.1" 200 - cronicareinodearagon.com "-" "WordPress/6.2.2; https://cronicareinodearagon.com" "-"
103.219.70.0 - - [05/Mar/2024:08:59:38 +0100] "POST /wp-login.php HTTP/1.1" 200 9612 cronicareinodearagon.com "-" "Mozilla/5.0 (Windows NT 6.3; WOW64) AppleWebKit/537.36 (KHTML, like Gecko) Chrome/47.0.2526.106 Safari/537.36" "-"
84.32.41.0 - - [05/Mar/2024:09:00:17 +0100] "GET / HTTP/1.1" 200 336 cronicadevalencia.com "-" "Mozilla/5.0 (Windows NT 10.0; Win64; x64) AppleWebKit/537.36 (KHTML, like Gecko) Chrome/114.0.0.0 Safari/537.36 OPR/89.0.4447.51" "-"
84.32.41.0 - - [05/Mar/2024:09:00:17 +0100] "GET /defaultsite HTTP/1.1" 200 18994 cronicadevalencia.com "http://cronicadevalencia.com" "Mozilla/5.0 (Windows NT 10.0; Win64; x64) AppleWebKit/537.36 (KHTML, like Gecko) Chrome/114.0.0.0 Safari/537.36 OPR/89.0.4447.51" "-"
44.200.77.0 - - [05/Mar/2024:09:00:26 +0100] "GET /politica/partido-aragonez-mitin-zaragoza/ HTTP/1.1" 200 161380 cronicareinodearagon.com "-" "CCBot/2.0 (https://commoncrawl.org/faq/)" "-"
82.165.88.0 - - [05/Mar/2024:09:00:27 +0100] "POST /wp-cron.php?doing_wp_cron=1709625626.9071021080017089843750 HTTP/1.1" 200 - cronicareinodearagon.com "-" "WordPress/6.2.2; https://cronicareinodearagon.com" "-"
209.141.32.0 - - [05/Mar/2024:09:00:58 +0100] "POST /wp-login.php HTTP/1.1" 200 9604 cronicareinodearagon.com "-" "Mozilla/5.0 (Windows NT 6.1; Win64; x64) AppleWebKit/537.36 (KHTML, like Gecko) Chrome/66.0.3359.117 Safari/537.36" "-"
82.165.88.0 - - [05/Mar/2024:09:00:59 +0100] "POST /wp-cron.php?doing_wp_cron=1709625659.3301279544830322265625 HTTP/1.1" 200 - cronicareinodearagon.com "-" "WordPress/6.2.2; https://cronicareinodearagon.com" "-"
44.200.77.0 - - [05/Mar/2024:09:01:27 +0100] "GET /sociedad/festival-murmura-alpujarra-almeria/ HTTP/1.1" 200 170179 cronicareinodearagon.com "-" "CCBot/2.0 (https://commoncrawl.org/faq/)" "-"
120.77.202.0 - - [05/Mar/2024:09:01:28 +0100] "POST /wp-login.php HTTP/1.1" 200 9585 cronicareinodearagon.com "-" "Mozilla/5.0 (Windows NT 10.0; WOW64) AppleWebKit/537.36 (KHTML, like Gecko) Chrome/53.0.2785.143 Safari/537.36" "-"
82.165.88.0 - - [05/Mar/2024:09:01:48 +0100] "POST /wp-cron.php?doing_wp_cron=1709625708.5002980232238769531250 HTTP/1.1" 200 - cronicareinodearagon.com "-" "WordPress/6.2.2; https://cronicareinodearagon.com" "-"
125.212.218.0 - - [05/Mar/2024:09:01:48 +0100] "POST /xmlrpc.php HTTP/1.1" 200 414 cronicareinodearagon.com "-" "Mozilla/5.0 (X11; Fedora; Linux x86_64; rv:94.0) Gecko/20100101 Firefox/95.0" "-"
74.125.212.0 - - [05/Mar/2024:09:02:00 +0100] "GET /category/economia/feed/ HTTP/1.1" 200 42774 cronicareinodearagon.com "-" "FeedFetcher-Google; (+http://www.google.com/feedfetcher.html)" "-"
44.200.77.0 - - [05/Mar/2024:09:02:18 +0100] "GET /aragon/andalucia-record-exportaciones-agroalimentarias/ HTTP/1.1" 200 174065 cronicareinodearagon.com "-" "CCBot/2.0 (https://commoncrawl.org/faq/)" "-"
44.200.77.0 - - [05/Mar/2024:09:03:04 +0100] "GET /aragon/psoe-aragon-lamban-cierra-campana/ HTTP/1.1" 200 167173 cronicareinodearagon.com "-" "CCBot/2.0 (https://commoncrawl.org/faq/)" "-"
82.165.88.0 - - [05/Mar/2024:09:03:05 +0100] "POST /wp-cron.php?doing_wp_cron=1709625785.1766440868377685546875 HTTP/1.1" 200 - cronicareinodearagon.com "-" "WordPress/6.2.2; https://cronicareinodearagon.com" "-"
158.69.18.0 - - [05/Mar/2024:09:03:24 +0100] "POST /wp-login.php HTTP/1.1" 200 9620 cronicareinodearagon.com "-" "Mozilla/5.0 (Windows NT 10.0; WOW64) AppleWebKit/537.36 (KHTML, like Gecko) Chrome/46.0.2490.86 Safari/537.36" "-"
82.165.88.0 - - [05/Mar/2024:09:03:50 +0100] "POST /wp-cron.php?doing_wp_cron=1709625830.5112290382385253906250 HTTP/1.1" 200 - cronicareinodearagon.com "-" "WordPress/6.2.2; https://cronicareinodearagon.com" "-"
44.200.77.0 - - [05/Mar/2024:09:03:50 +0100] "GET /aragon/juanma-moreno-hosteleria-ano-nuevo-discurso/ HTTP/1.1" 200 163717 cronicareinodearagon.com "-" "CCBot/2.0 (https://commoncrawl.org/faq/)" "-"
69.194.232.0 - - [05/Mar/2024:09:04:08 +0100] "POST /xmlrpc.php HTTP/1.1" 200 416 cronicareinodearagon.com "-" "Mozilla/5.0 (Windows NT 10.0; Win64; x64; rv:43.0) Gecko/20100101 Firefox/43.0" "-"
44.200.77.0 - - [05/Mar/2024:09:04:32 +0100] "GET /sociedad/disco-musica-ombligo-mundo-granada/ HTTP/1.1" 200 167605 cronicareinodearagon.com "-" "CCBot/2.0 (https://commoncrawl.org/faq/)" "-"
44.200.77.0 - - [05/Mar/2024:09:05:15 +0100] "GET /aragon/sindicatos-educacion-bajada-ratio-aulas/ HTTP/1.1" 200 164251 cronicareinodearagon.com "-" "CCBot/2.0 (https://commoncrawl.org/faq/)" "-"
82.165.88.0 - - [05/Mar/2024:09:05:16 +0100] "POST /wp-cron.php?doing_wp_cron=1709625916.0839369297027587890625 HTTP/1.1" 200 - cronicareinodearagon.com "-" "WordPress/6.2.2; https://cronicareinodearagon.com" "-"
44.200.77.0 - - [05/Mar/2024:09:05:58 +0100] "GET /aragon/gobierno-aragon-descarbonizar-verallia/ HTTP/1.1" 200 169952 cronicareinodearagon.com "-" "CCBot/2.0 (https://commoncrawl.org/faq/)" "-"
82.165.88.0 - - [05/Mar/2024:09:05:59 +0100] "POST /wp-cron.php?doing_wp_cron=1709625959.1397368907928466796875 HTTP/1.1" 200 - cronicareinodearagon.com "-" "WordPress/6.2.2; https://cronicareinodearagon.com" "-"
44.200.77.0 - - [05/Mar/2024:09:06:42 +0100] "GET /aragon/espadas-recuerda-feijoo-pp-no-dejo-gobernar-psoe-2018/ HTTP/1.1" 200 175240 cronicareinodearagon.com "-" "CCBot/2.0 (https://commoncrawl.org/faq/)" "-"
82.165.88.0 - - [05/Mar/2024:09:06:43 +0100] "POST /wp-cron.php?doing_wp_cron=1709626003.0458350181579589843750 HTTP/1.1" 200 - cronicareinodearagon.com "-" "WordPress/6.2.2; https://cronicareinodearagon.com" "-"
44.200.77.0 - - [05/Mar/2024:09:07:23 +0100] "GET /aragon/andaluces-ingreso-minimo-vital-pensiones/ HTTP/1.1" 200 164238 cronicareinodearagon.com "-" "CCBot/2.0 (https://commoncrawl.org/faq/)" "-"
44.200.77.0 - - [05/Mar/2024:09:08:05 +0100] "GET /sociedad/los-canticos-contra-el-zaragoza-y-aragon-se-repiten-en-el-partido-contra-real-sociedad/ HTTP/1.1" 200 161547 cronicareinodearagon.com "-" "CCBot/2.0 (https://commoncrawl.org/faq/)" "-"
82.165.88.0 - - [05/Mar/2024:09:08:06 +0100] "POST /wp-cron.php?doing_wp_cron=1709626086.1299540996551513671875 HTTP/1.1" 200 - cronicareinodearagon.com "-" "WordPress/6.2.2; https://cronicareinodearagon.com" "-"
43.153.216.0 - - [05/Mar/2024:09:08:23 +0100] "GET / HTTP/1.1" 200 336 cronicadejaen.com "-" "Mozilla/5.0 (iPhone; CPU iPhone OS 13_2_3 like Mac OS X) AppleWebKit/605.1.15 (KHTML, like Gecko) Version/13.0.3 Mobile/15E148 Safari/604.1" "-"
44.200.77.0 - - [05/Mar/2024:09:08:50 +0100] "GET /aragon/oposiciones-servicio-andaluz-salud-examenes/ HTTP/1.1" 200 165282 cronicareinodearagon.com "-" "CCBot/2.0 (https://commoncrawl.org/faq/)" "-"
82.165.88.0 - - [05/Mar/2024:09:08:51 +0100] "POST /wp-cron.php?doing_wp_cron=1709626131.1559948921203613281250 HTTP/1.1" 200 - cronicareinodearagon.com "-" "WordPress/6.2.2; https://cronicareinodearagon.com" "-"
44.200.77.0 - - [05/Mar/2024:09:09:36 +0100] "GET /aragon/andalucia-elecciones-debates-teresa-rodriguez/ HTTP/1.1" 200 181332 cronicareinodearagon.com "-" "CCBot/2.0 (https://commoncrawl.org/faq/)" "-"
44.200.77.0 - - [05/Mar/2024:09:10:15 +0100] "GET /aragon/plazas-escuelas-infantiles-aragon/ HTTP/1.1" 200 161390 cronicareinodearagon.com "-" "CCBot/2.0 (https://commoncrawl.org/faq/)" "-"
82.165.88.0 - - [05/Mar/2024:09:10:16 +0100] "POST /wp-cron.php?doing_wp_cron=1709626216.0051410198211669921875 HTTP/1.1" 200 - cronicareinodearagon.com "-" "WordPress/6.2.2; https://cronicareinodearagon.com" "-"
44.200.77.0 - - [05/Mar/2024:09:10:56 +0100] "GET /sociedad/gobierno-coronavirus-restricciones-navidad-andalucia/ HTTP/1.1" 200 161153 cronicareinodearagon.com "-" "CCBot/2.0 (https://commoncrawl.org/faq/)" "-"
82.165.88.0 - - [05/Mar/2024:09:10:57 +0100] "POST /wp-cron.php?doing_wp_cron=1709626257.2030410766601562500000 HTTP/1.1" 200 - cronicareinodearagon.com "-" "WordPress/6.2.2; https://cronicareinodearagon.com" "-"
44.200.77.0 - - [05/Mar/2024:09:11:37 +0100] "GET /aragon/juicio-caso-laura-luelmo-huelva-elcampillo/ HTTP/1.1" 200 165790 cronicareinodearagon.com "-" "CCBot/2.0 (https://commoncrawl.org/faq/)" "-"
82.165.88.0 - - [05/Mar/2024:09:12:19 +0100] "POST /wp-cron.php?doing_wp_cron=1709626339.5440549850463867187500 HTTP/1.1" 200 - cronicareinodearagon.com "-" "WordPress/6.2.2; https://cronicareinodearagon.com" "-"
44.200.77.0 - - [05/Mar/2024:09:12:19 +0100] "GET /aragon/grupo-jorge-ampliacion-produccion-pienso/ HTTP/1.1" 200 33466 cronicareinodearagon.com "-" "CCBot/2.0 (https://commoncrawl.org/faq/)" "-"
82.165.88.0 - - [05/Mar/2024:09:13:01 +0100] "POST /wp-cron.php?doing_wp_cron=1709626381.8402879238128662109375 HTTP/1.1" 200 - cronicareinodearagon.com "-" "WordPress/6.2.2; https://cronicareinodearagon.com" "-"
44.200.77.0 - - [05/Mar/2024:09:13:01 +0100] "GET /educacion/reformas-colegios-provincia-cadiz-junta-andalucia/ HTTP/1.1" 200 166207 cronicareinodearagon.com "-" "CCBot/2.0 (https://commoncrawl.org/faq/)" "-"
82.165.88.0 - - [05/Mar/2024:09:13:43 +0100] "POST /wp-cron.php?doing_wp_cron=1709626423.6158039569854736328125 HTTP/1.1" 200 - cronicareinodearagon.com "-" "WordPress/6.2.2; https://cronicareinodearagon.com" "-"
44.200.77.0 - - [05/Mar/2024:09:13:43 +0100] "GET /economia/encuentro-industria-auxiliar-agricultura-almeria-extenda/ HTTP/1.1" 200 168360 cronicareinodearagon.com "-" "CCBot/2.0 (https://commoncrawl.org/faq/)" "-"
120.48.112.0 - - [05/Mar/2024:09:13:52 +0100] "POST /xmlrpc.php HTTP/1.1" 200 414 cronicareinodearagon.com "-" "Mozilla/5.0 (X11; Fedora; Linux x86_64; rv:94.0) Gecko/20100101 Firefox/95.0" "-"
82.165.88.0 - - [05/Mar/2024:09:15:04 +0100] "POST /wp-cron.php?doing_wp_cron=1709626504.6958830356597900390625 HTTP/1.1" 200 - cronicareinodearagon.com "-" "WordPress/6.2.2; https://cronicareinodearagon.com" "-"
44.200.77.0 - - [05/Mar/2024:09:15:04 +0100] "GET /aragon/covid-cierre-aulas-colegios-cuarentena-andalucia/ HTTP/1.1" 200 160385 cronicareinodearagon.com "-" "CCBot/2.0 (https://commoncrawl.org/faq/)" "-"
82.165.88.0 - - [05/Mar/2024:09:15:45 +0100] "POST /wp-cron.php?doing_wp_cron=1709626545.4853079319000244140625 HTTP/1.1" 200 - cronicareinodearagon.com "-" "WordPress/6.2.2; https://cronicareinodearagon.com" "-"
44.200.77.0 - - [05/Mar/2024:09:15:45 +0100] "GET /aragon/juan-espadas-conferencia-presidentes/ HTTP/1.1" 200 167584 cronicareinodearagon.com "-" "CCBot/2.0 (https://commoncrawl.org/faq/)" "-"
78.153.140.0 - - [05/Mar/2024:09:15:47 +0100] "GET /.env HTTP/1.1" 300 492 www.cronicadelpaisvalenciano.com "-" "Mozilla/5.0 (X11; Linux x86_64) AppleWebKit/537.36 (KHTML, like Gecko) Chrome/81.0.4044.129 Safari/537.36" "-"
104.192.1.0 - - [05/Mar/2024:09:16:05 +0100] "POST /xmlrpc.php HTTP/1.1" 200 416 cronicareinodearagon.com "-" "Mozilla/5.0 (X11; U; Linux i686; en-US; rv:1.9a1) Gecko/20070308 Minefield/3.0a1" "-"
104.192.1.0 - - [05/Mar/2024:09:16:06 +0100] "POST /xmlrpc.php HTTP/1.1" 200 416 cronicareinodearagon.com "-" "Mozilla/5.0 (X11; U; Linux i686; en-US; rv:1.9a1) Gecko/20070308 Minefield/3.0a1" "-"
104.192.1.0 - - [05/Mar/2024:09:16:07 +0100] "POST /xmlrpc.php HTTP/1.1" 403 775 cronicareinodearagon.com "-" "Mozilla/5.0 (X11; U; Linux i686; en-US; rv:1.9a1) Gecko/20070308 Minefield/3.0a1" "-"
104.192.1.0 - - [05/Mar/2024:09:16:08 +0100] "POST /xmlrpc.php HTTP/1.1" 403 775 cronicareinodearagon.com "-" "Mozilla/5.0 (X11; U; Linux i686; en-US; rv:1.9a1) Gecko/20070308 Minefield/3.0a1" "-"
104.192.1.0 - - [05/Mar/2024:09:16:09 +0100] "POST /xmlrpc.php HTTP/1.1" 403 775 cronicareinodearagon.com "-" "Mozilla/5.0 (X11; U; Linux i686; en-US; rv:1.9a1) Gecko/20070308 Minefield/3.0a1" "-"
82.165.88.0 - - [05/Mar/2024:09:17:08 +0100] "POST /wp-cron.php?doing_wp_cron=1709626628.3988959789276123046875 HTTP/1.1" 200 - cronicareinodearagon.com "-" "WordPress/6.2.2; https://cronicareinodearagon.com" "-"
44.200.77.0 - - [05/Mar/2024:09:17:08 +0100] "GET /aragon/huesca-master-alta-cocina/ HTTP/1.1" 200 161210 cronicareinodearagon.com "-" "CCBot/2.0 (https://commoncrawl.org/faq/)" "-"
82.165.88.0 - - [05/Mar/2024:09:17:48 +0100] "POST /wp-cron.php?doing_wp_cron=1709626668.3542120456695556640625 HTTP/1.1" 200 - cronicareinodearagon.com "-" "WordPress/6.2.2; https://cronicareinodearagon.com" "-"
65.109.96.0 - - [05/Mar/2024:09:17:48 +0100] "POST /xmlrpc.php HTTP/1.1" 200 416 cronicareinodearagon.com "-" "Mozilla/5.0 (Windows NT 10.0; Win64; x64; rv:63.0) Gecko/20100101 Firefox/63.0" "-"
44.200.77.0 - - [05/Mar/2024:09:17:51 +0100] "GET /opinion/juan-carlos-cabrera-maria-jesus-montero/ HTTP/1.1" 200 161694 cronicareinodearagon.com "-" "CCBot/2.0 (https://commoncrawl.org/faq/)" "-"
82.165.88.0 - - [05/Mar/2024:09:19:47 +0100] "POST /wp-cron.php?doing_wp_cron=1709626787.9668359756469726562500 HTTP/1.1" 200 - cronicareinodearagon.com "-" "WordPress/6.2.2; https://cronicareinodearagon.com" "-"
44.200.77.0 - - [05/Mar/2024:09:19:47 +0100] "GET /aragon/junta-rechaza-complementar-ayudas-transporte-publico-colectivo/ HTTP/1.1" 200 168343 cronicareinodearagon.com "-" "CCBot/2.0 (https://commoncrawl.org/faq/)" "-"
94.23.68.0 - - [05/Mar/2024:09:20:11 +0100] "POST /wp-login.php HTTP/1.1" 200 9612 cronicareinodearagon.com "-" "Mozilla/5.0 (Windows NT 6.1; Win64; x64) AppleWebKit/537.36 (KHTML, like Gecko) Chrome/81.0.4044.122 Safari/537.36" "-"
82.165.88.0 - - [05/Mar/2024:09:21:58 +0100] "POST /wp-cron.php?doing_wp_cron=1709626918.6841270923614501953125 HTTP/1.1" 200 - cronicareinodearagon.com "-" "WordPress/6.2.2; https://cronicareinodearagon.com" "-"
202.172.26.0 - - [05/Mar/2024:09:21:58 +0100] "POST /wp-login.php HTTP/1.1" 200 9585 cronicareinodearagon.com "-" "Mozilla/5.0 (Windows NT 10.0; Win64; x64) AppleWebKit/537.36 (KHTML, like Gecko) Chrome/73.0.3683.86 Safari/537.36" "-"
47.107.131.0 - - [05/Mar/2024:09:22:35 +0100] "POST /wp-login.php HTTP/1.1" 200 9580 cronicareinodearagon.com "-" "Mozilla/5.0 (Windows NT 10.0; Win64; x64) AppleWebKit/537.36 (KHTML, like Gecko) Chrome/70.0.3538.67 Safari/537.36" "-"
44.200.77.0 - - [05/Mar/2024:09:23:40 +0100] "GET /sociedad/diputacion-huesca-uso-agua-sequia/ HTTP/1.1" 200 161826 cronicareinodearagon.com "-" "CCBot/2.0 (https://commoncrawl.org/faq/)" "-"
82.165.88.0 - - [05/Mar/2024:09:23:41 +0100] "POST /wp-cron.php?doing_wp_cron=1709627021.3373200893402099609375 HTTP/1.1" 200 - cronicareinodearagon.com "-" "WordPress/6.2.2; https://cronicareinodearagon.com" "-"
44.200.77.0 - - [05/Mar/2024:09:24:18 +0100] "GET /aragon/ciudadanos-desintegrar-sistema-universitario-andaluz/ HTTP/1.1" 200 165652 cronicareinodearagon.com "-" "CCBot/2.0 (https://commoncrawl.org/faq/)" "-"
82.165.88.0 - - [05/Mar/2024:09:24:19 +0100] "POST /wp-cron.php?doing_wp_cron=1709627058.9949729442596435546875 HTTP/1.1" 200 - cronicareinodearagon.com "-" "WordPress/6.2.2; https://cronicareinodearagon.com" "-"
66.249.84.0 - - [05/Mar/2024:09:24:26 +0100] "GET /category/educacion/feed/ HTTP/1.1" 200 56994 cronicareinodearagon.com "-" "FeedFetcher-Google; (+http://www.google.com/feedfetcher.html)" "-"
82.165.88.0 - - [05/Mar/2024:09:24:58 +0100] "POST /wp-cron.php?doing_wp_cron=1709627098.4895761013031005859375 HTTP/1.1" 200 - cronicareinodearagon.com "-" "WordPress/6.2.2; https://cronicareinodearagon.com" "-"
44.200.77.0 - - [05/Mar/2024:09:24:58 +0100] "GET /author/cristobal-navarro/ HTTP/1.1" 301 - cronicareinodearagon.com "-" "CCBot/2.0 (https://commoncrawl.org/faq/)" "-"
44.200.77.0 - - [05/Mar/2024:09:24:59 +0100] "GET / HTTP/1.1" 200 217088 cronicareinodearagon.com "-" "CCBot/2.0 (https://commoncrawl.org/faq/)" "-"
44.200.77.0 - - [05/Mar/2024:09:25:38 +0100] "GET /aragon/rectores-universidades-andalucia-presupuestos-junta/ HTTP/1.1" 200 164218 cronicareinodearagon.com "-" "CCBot/2.0 (https://commoncrawl.org/faq/)" "-"
203.33.203.0 - - [05/Mar/2024:09:25:53 +0100] "GET / HTTP/1.1" 200 336 cronicadecadiz.com "-" "Mozilla/5.0 (iPhone; CPU iPhone OS 13_2_3 like Mac OS X) AppleWebKit/605.1.15 (KHTML, like Gecko) Version/13.0.3 Mobile/15E148 Safari/604.1" "-"
95.111.236.0 - - [05/Mar/2024:09:25:54 +0100] "POST /xmlrpc.php HTTP/1.1" 200 414 cronicareinodearagon.com "-" "Mozilla/5.0 (X11; Fedora; Linux x86_64; rv:94.0) Gecko/20100101 Firefox/95.0" "-"
82.165.88.0 - - [05/Mar/2024:09:25:55 +0100] "POST /wp-cron.php?doing_wp_cron=1709627155.0494840145111083984375 HTTP/1.1" 200 - cronicareinodearagon.com "-" "WordPress/6.2.2; https://cronicareinodearagon.com" "-"
82.165.88.0 - - [05/Mar/2024:09:26:18 +0100] "POST /wp-cron.php?doing_wp_cron=1709627178.4269559383392333984375 HTTP/1.1" 200 - cronicareinodearagon.com "-" "WordPress/6.2.2; https://cronicareinodearagon.com" "-"
44.200.77.0 - - [05/Mar/2024:09:26:18 +0100] "GET /aragon/pp-psoe-vox-ciudadanos-andalucia-elecciones/ HTTP/1.1" 200 165214 cronicareinodearagon.com "-" "CCBot/2.0 (https://commoncrawl.org/faq/)" "-"
74.125.212.0 - - [05/Mar/2024:09:26:56 +0100] "GET /category/economia/feed/ HTTP/1.1" 200 42774 cronicareinodearagon.com "-" "FeedFetcher-Google; (+http://www.google.com/feedfetcher.html)" "-"
82.165.88.0 - - [05/Mar/2024:09:29:23 +0100] "POST /wp-cron.php?doing_wp_cron=1709627363.4623339176177978515625 HTTP/1.1" 200 - cronicareinodearagon.com "-" "WordPress/6.2.2; https://cronicareinodearagon.com" "-"
44.200.77.0 - - [05/Mar/2024:09:29:23 +0100] "GET /aragon/andalucia-alaerta-amarilla-calor/ HTTP/1.1" 200 158388 cronicareinodearagon.com "-" "CCBot/2.0 (https://commoncrawl.org/faq/)" "-"
82.165.88.0 - - [05/Mar/2024:09:29:59 +0100] "POST /wp-cron.php?doing_wp_cron=1709627399.5567419528961181640625 HTTP/1.1" 200 - cronicareinodearagon.com "-" "WordPress/6.2.2; https://cronicareinodearagon.com" "-"
44.200.77.0 - - [05/Mar/2024:09:29:59 +0100] "GET /sociedad/up-cordoba-casa-julio-romero-torres/ HTTP/1.1" 200 165371 cronicareinodearagon.com "-" "CCBot/2.0 (https://commoncrawl.org/faq/)" "-"
82.165.88.0 - - [05/Mar/2024:09:31:19 +0100] "POST /wp-cron.php?doing_wp_cron=1709627479.6475811004638671875000 HTTP/1.1" 200 - cronicareinodearagon.com "-" "WordPress/6.2.2; https://cronicareinodearagon.com" "-"
44.200.77.0 - - [05/Mar/2024:09:31:19 +0100] "GET /aragon/educacion-ccoo-universidad-privada-publica-pp-andalucia/ HTTP/1.1" 200 164540 cronicareinodearagon.com "-" "CCBot/2.0 (https://commoncrawl.org/faq/)" "-"
44.200.77.0 - - [05/Mar/2024:09:31:58 +0100] "GET /educacion/ustea-supresion-clases-colegios-publicos-sevilla/ HTTP/1.1" 200 166746 cronicareinodearagon.com "-" "CCBot/2.0 (https://commoncrawl.org/faq/)" "-"
82.165.88.0 - - [05/Mar/2024:09:31:59 +0100] "POST /wp-cron.php?doing_wp_cron=1709627519.2250750064849853515625 HTTP/1.1" 200 - cronicareinodearagon.com "-" "WordPress/6.2.2; https://cronicareinodearagon.com" "-"
44.200.77.0 - - [05/Mar/2024:09:32:37 +0100] "GET /politica/isel-monclus-psoe-candidato-calaceite/ HTTP/1.1" 200 165808 cronicareinodearagon.com "-" "CCBot/2.0 (https://commoncrawl.org/faq/)" "-"
82.165.88.0 - - [05/Mar/2024:09:33:53 +0100] "POST /wp-cron.php?doing_wp_cron=1709627633.5273900032043457031250 HTTP/1.1" 200 - cronicareinodearagon.com "-" "WordPress/6.2.2; https://cronicareinodearagon.com" "-"
44.200.77.0 - - [05/Mar/2024:09:33:53 +0100] "GET /sociedad/incendio-forestal-gualchos-granada/ HTTP/1.1" 200 162172 cronicareinodearagon.com "-" "CCBot/2.0 (https://commoncrawl.org/faq/)" "-"
188.166.208.0 - - [05/Mar/2024:09:35:38 +0100] "GET / HTTP/1.1" 200 336 cronicadegranada.com "-" "Mozilla/5.0 (Windows NT 10.0; Win64; x64) AppleWebKit/537.36 (KHTML, like Gecko) Chrome/78.0.3904.108 Safari/537.36" "-"
188.166.208.0 - - [05/Mar/2024:09:35:39 +0100] "GET / HTTP/1.1" 200 336 cronicadegranada.com "-" "Mozilla/5.0 (Windows NT 10.0; Win64; x64) AppleWebKit/537.36 (KHTML, like Gecko) Chrome/78.0.3904.108 Safari/537.36" "-"
188.166.208.0 - - [05/Mar/2024:09:35:39 +0100] "GET /wp-includes/wlwmanifest.xml HTTP/1.1" 404 596 cronicadegranada.com "-" "Mozilla/5.0 (Windows NT 10.0; Win64; x64) AppleWebKit/537.36 (KHTML, like Gecko) Chrome/78.0.3904.108 Safari/537.36" "-"
188.166.208.0 - - [05/Mar/2024:09:35:39 +0100] "GET /xmlrpc.php?rsd HTTP/1.1" 404 596 cronicadegranada.com "-" "Mozilla/5.0 (Windows NT 10.0; Win64; x64) AppleWebKit/537.36 (KHTML, like Gecko) Chrome/78.0.3904.108 Safari/537.36" "-"
188.166.208.0 - - [05/Mar/2024:09:35:39 +0100] "GET / HTTP/1.1" 200 336 cronicadegranada.com "-" "Mozilla/5.0 (Windows NT 10.0; Win64; x64) AppleWebKit/537.36 (KHTML, like Gecko) Chrome/78.0.3904.108 Safari/537.36" "-"
188.166.208.0 - - [05/Mar/2024:09:35:39 +0100] "GET /blog/wp-includes/wlwmanifest.xml HTTP/1.1" 404 596 cronicadegranada.com "-" "Mozilla/5.0 (Windows NT 10.0; Win64; x64) AppleWebKit/537.36 (KHTML, like Gecko) Chrome/78.0.3904.108 Safari/537.36" "-"
188.166.208.0 - - [05/Mar/2024:09:35:39 +0100] "GET /web/wp-includes/wlwmanifest.xml HTTP/1.1" 404 596 cronicadegranada.com "-" "Mozilla/5.0 (Windows NT 10.0; Win64; x64) AppleWebKit/537.36 (KHTML, like Gecko) Chrome/78.0.3904.108 Safari/537.36" "-"
188.166.208.0 - - [05/Mar/2024:09:35:40 +0100] "GET /wordpress/wp-includes/wlwmanifest.xml HTTP/1.1" 404 596 cronicadegranada.com "-" "Mozilla/5.0 (Windows NT 10.0; Win64; x64) AppleWebKit/537.36 (KHTML, like Gecko) Chrome/78.0.3904.108 Safari/537.36" "-"
188.166.208.0 - - [05/Mar/2024:09:35:40 +0100] "GET /website/wp-includes/wlwmanifest.xml HTTP/1.1" 404 596 cronicadegranada.com "-" "Mozilla/5.0 (Windows NT 10.0; Win64; x64) AppleWebKit/537.36 (KHTML, like Gecko) Chrome/78.0.3904.108 Safari/537.36" "-"
188.166.208.0 - - [05/Mar/2024:09:35:40 +0100] "GET /wp/wp-includes/wlwmanifest.xml HTTP/1.1" 404 596 cronicadegranada.com "-" "Mozilla/5.0 (Windows NT 10.0; Win64; x64) AppleWebKit/537.36 (KHTML, like Gecko) Chrome/78.0.3904.108 Safari/537.36" "-"
188.166.208.0 - - [05/Mar/2024:09:35:40 +0100] "GET /news/wp-includes/wlwmanifest.xml HTTP/1.1" 404 596 cronicadegranada.com "-" "Mozilla/5.0 (Windows NT 10.0; Win64; x64) AppleWebKit/537.36 (KHTML, like Gecko) Chrome/78.0.3904.108 Safari/537.36" "-"
188.166.208.0 - - [05/Mar/2024:09:35:40 +0100] "GET /2018/wp-includes/wlwmanifest.xml HTTP/1.1" 404 596 cronicadegranada.com "-" "Mozilla/5.0 (Windows NT 10.0; Win64; x64) AppleWebKit/537.36 (KHTML, like Gecko) Chrome/78.0.3904.108 Safari/537.36" "-"
188.166.208.0 - - [05/Mar/2024:09:35:41 +0100] "GET /2019/wp-includes/wlwmanifest.xml HTTP/1.1" 404 596 cronicadegranada.com "-" "Mozilla/5.0 (Windows NT 10.0; Win64; x64) AppleWebKit/537.36 (KHTML, like Gecko) Chrome/78.0.3904.108 Safari/537.36" "-"
188.166.208.0 - - [05/Mar/2024:09:35:41 +0100] "GET /shop/wp-includes/wlwmanifest.xml HTTP/1.1" 404 596 cronicadegranada.com "-" "Mozilla/5.0 (Windows NT 10.0; Win64; x64) AppleWebKit/537.36 (KHTML, like Gecko) Chrome/78.0.3904.108 Safari/537.36" "-"
188.166.208.0 - - [05/Mar/2024:09:35:41 +0100] "GET /wp1/wp-includes/wlwmanifest.xml HTTP/1.1" 404 596 cronicadegranada.com "-" "Mozilla/5.0 (Windows NT 10.0; Win64; x64) AppleWebKit/537.36 (KHTML, like Gecko) Chrome/78.0.3904.108 Safari/537.36" "-"
188.166.208.0 - - [05/Mar/2024:09:35:41 +0100] "GET /test/wp-includes/wlwmanifest.xml HTTP/1.1" 404 596 cronicadegranada.com "-" "Mozilla/5.0 (Windows NT 10.0; Win64; x64) AppleWebKit/537.36 (KHTML, like Gecko) Chrome/78.0.3904.108 Safari/537.36" "-"
188.166.208.0 - - [05/Mar/2024:09:35:41 +0100] "GET /media/wp-includes/wlwmanifest.xml HTTP/1.1" 404 596 cronicadegranada.com "-" "Mozilla/5.0 (Windows NT 10.0; Win64; x64) AppleWebKit/537.36 (KHTML, like Gecko) Chrome/78.0.3904.108 Safari/537.36" "-"
188.166.208.0 - - [05/Mar/2024:09:35:42 +0100] "GET /wp2/wp-includes/wlwmanifest.xml HTTP/1.1" 404 596 cronicadegranada.com "-" "Mozilla/5.0 (Windows NT 10.0; Win64; x64) AppleWebKit/537.36 (KHTML, like Gecko) Chrome/78.0.3904.108 Safari/537.36" "-"
188.166.208.0 - - [05/Mar/2024:09:35:42 +0100] "GET /site/wp-includes/wlwmanifest.xml HTTP/1.1" 404 596 cronicadegranada.com "-" "Mozilla/5.0 (Windows NT 10.0; Win64; x64) AppleWebKit/537.36 (KHTML, like Gecko) Chrome/78.0.3904.108 Safari/537.36" "-"
188.166.208.0 - - [05/Mar/2024:09:35:42 +0100] "GET /cms/wp-includes/wlwmanifest.xml HTTP/1.1" 404 596 cronicadegranada.com "-" "Mozilla/5.0 (Windows NT 10.0; Win64; x64) AppleWebKit/537.36 (KHTML, like Gecko) Chrome/78.0.3904.108 Safari/537.36" "-"
188.166.208.0 - - [05/Mar/2024:09:35:42 +0100] "GET /sito/wp-includes/wlwmanifest.xml HTTP/1.1" 404 596 cronicadegranada.com "-" "Mozilla/5.0 (Windows NT 10.0; Win64; x64) AppleWebKit/537.36 (KHTML, like Gecko) Chrome/78.0.3904.108 Safari/537.36" "-"
188.166.208.0 - - [05/Mar/2024:09:35:53 +0100] "GET / HTTP/1.1" 200 336 cronicadeextremadura.com "-" "Mozilla/5.0 (Windows NT 10.0; Win64; x64) AppleWebKit/537.36 (KHTML, like Gecko) Chrome/78.0.3904.108 Safari/537.36" "-"
188.166.208.0 - - [05/Mar/2024:09:35:53 +0100] "GET / HTTP/1.1" 200 336 cronicadeextremadura.com "-" "Mozilla/5.0 (Windows NT 10.0; Win64; x64) AppleWebKit/537.36 (KHTML, like Gecko) Chrome/78.0.3904.108 Safari/537.36" "-"
188.166.208.0 - - [05/Mar/2024:09:35:54 +0100] "GET /wp-includes/wlwmanifest.xml HTTP/1.1" 404 596 cronicadeextremadura.com "-" "Mozilla/5.0 (Windows NT 10.0; Win64; x64) AppleWebKit/537.36 (KHTML, like Gecko) Chrome/78.0.3904.108 Safari/537.36" "-"
188.166.208.0 - - [05/Mar/2024:09:35:54 +0100] "GET /xmlrpc.php?rsd HTTP/1.1" 404 596 cronicadeextremadura.com "-" "Mozilla/5.0 (Windows NT 10.0; Win64; x64) AppleWebKit/537.36 (KHTML, like Gecko) Chrome/78.0.3904.108 Safari/537.36" "-"
188.166.208.0 - - [05/Mar/2024:09:35:54 +0100] "GET / HTTP/1.1" 200 336 cronicadeextremadura.com "-" "Mozilla/5.0 (Windows NT 10.0; Win64; x64) AppleWebKit/537.36 (KHTML, like Gecko) Chrome/78.0.3904.108 Safari/537.36" "-"
188.166.208.0 - - [05/Mar/2024:09:35:54 +0100] "GET /blog/wp-includes/wlwmanifest.xml HTTP/1.1" 404 596 cronicadeextremadura.com "-" "Mozilla/5.0 (Windows NT 10.0; Win64; x64) AppleWebKit/537.36 (KHTML, like Gecko) Chrome/78.0.3904.108 Safari/537.36" "-"
188.166.208.0 - - [05/Mar/2024:09:35:54 +0100] "GET /web/wp-includes/wlwmanifest.xml HTTP/1.1" 404 596 cronicadeextremadura.com "-" "Mozilla/5.0 (Windows NT 10.0; Win64; x64) AppleWebKit/537.36 (KHTML, like Gecko) Chrome/78.0.3904.108 Safari/537.36" "-"
188.166.208.0 - - [05/Mar/2024:09:35:54 +0100] "GET /wordpress/wp-includes/wlwmanifest.xml HTTP/1.1" 404 596 cronicadeextremadura.com "-" "Mozilla/5.0 (Windows NT 10.0; Win64; x64) AppleWebKit/537.36 (KHTML, like Gecko) Chrome/78.0.3904.108 Safari/537.36" "-"
188.166.208.0 - - [05/Mar/2024:09:35:55 +0100] "GET /website/wp-includes/wlwmanifest.xml HTTP/1.1" 404 596 cronicadeextremadura.com "-" "Mozilla/5.0 (Windows NT 10.0; Win64; x64) AppleWebKit/537.36 (KHTML, like Gecko) Chrome/78.0.3904.108 Safari/537.36" "-"
188.166.208.0 - - [05/Mar/2024:09:35:55 +0100] "GET /wp/wp-includes/wlwmanifest.xml HTTP/1.1" 404 596 cronicadeextremadura.com "-" "Mozilla/5.0 (Windows NT 10.0; Win64; x64) AppleWebKit/537.36 (KHTML, like Gecko) Chrome/78.0.3904.108 Safari/537.36" "-"
188.166.208.0 - - [05/Mar/2024:09:35:55 +0100] "GET /news/wp-includes/wlwmanifest.xml HTTP/1.1" 404 596 cronicadeextremadura.com "-" "Mozilla/5.0 (Windows NT 10.0; Win64; x64) AppleWebKit/537.36 (KHTML, like Gecko) Chrome/78.0.3904.108 Safari/537.36" "-"
188.166.208.0 - - [05/Mar/2024:09:35:55 +0100] "GET /2018/wp-includes/wlwmanifest.xml HTTP/1.1" 404 596 cronicadeextremadura.com "-" "Mozilla/5.0 (Windows NT 10.0; Win64; x64) AppleWebKit/537.36 (KHTML, like Gecko) Chrome/78.0.3904.108 Safari/537.36" "-"
188.166.208.0 - - [05/Mar/2024:09:35:55 +0100] "GET /2019/wp-includes/wlwmanifest.xml HTTP/1.1" 404 596 cronicadeextremadura.com "-" "Mozilla/5.0 (Windows NT 10.0; Win64; x64) AppleWebKit/537.36 (KHTML, like Gecko) Chrome/78.0.3904.108 Safari/537.36" "-"
188.166.208.0 - - [05/Mar/2024:09:35:55 +0100] "GET /shop/wp-includes/wlwmanifest.xml HTTP/1.1" 404 596 cronicadeextremadura.com "-" "Mozilla/5.0 (Windows NT 10.0; Win64; x64) AppleWebKit/537.36 (KHTML, like Gecko) Chrome/78.0.3904.108 Safari/537.36" "-"
188.166.208.0 - - [05/Mar/2024:09:35:56 +0100] "GET /wp1/wp-includes/wlwmanifest.xml HTTP/1.1" 404 596 cronicadeextremadura.com "-" "Mozilla/5.0 (Windows NT 10.0; Win64; x64) AppleWebKit/537.36 (KHTML, like Gecko) Chrome/78.0.3904.108 Safari/537.36" "-"
188.166.208.0 - - [05/Mar/2024:09:35:56 +0100] "GET /test/wp-includes/wlwmanifest.xml HTTP/1.1" 404 596 cronicadeextremadura.com "-" "Mozilla/5.0 (Windows NT 10.0; Win64; x64) AppleWebKit/537.36 (KHTML, like Gecko) Chrome/78.0.3904.108 Safari/537.36" "-"
188.166.208.0 - - [05/Mar/2024:09:35:56 +0100] "GET /media/wp-includes/wlwmanifest.xml HTTP/1.1" 404 596 cronicadeextremadura.com "-" "Mozilla/5.0 (Windows NT 10.0; Win64; x64) AppleWebKit/537.36 (KHTML, like Gecko) Chrome/78.0.3904.108 Safari/537.36" "-"
188.166.208.0 - - [05/Mar/2024:09:35:56 +0100] "GET /wp2/wp-includes/wlwmanifest.xml HTTP/1.1" 404 596 cronicadeextremadura.com "-" "Mozilla/5.0 (Windows NT 10.0; Win64; x64) AppleWebKit/537.36 (KHTML, like Gecko) Chrome/78.0.3904.108 Safari/537.36" "-"
188.166.208.0 - - [05/Mar/2024:09:35:56 +0100] "GET /site/wp-includes/wlwmanifest.xml HTTP/1.1" 404 596 cronicadeextremadura.com "-" "Mozilla/5.0 (Windows NT 10.0; Win64; x64) AppleWebKit/537.36 (KHTML, like Gecko) Chrome/78.0.3904.108 Safari/537.36" "-"
188.166.208.0 - - [05/Mar/2024:09:35:57 +0100] "GET /cms/wp-includes/wlwmanifest.xml HTTP/1.1" 404 596 cronicadeextremadura.com "-" "Mozilla/5.0 (Windows NT 10.0; Win64; x64) AppleWebKit/537.36 (KHTML, like Gecko) Chrome/78.0.3904.108 Safari/537.36" "-"
188.166.208.0 - - [05/Mar/2024:09:35:57 +0100] "GET /sito/wp-includes/wlwmanifest.xml HTTP/1.1" 404 596 cronicadeextremadura.com "-" "Mozilla/5.0 (Windows NT 10.0; Win64; x64) AppleWebKit/537.36 (KHTML, like Gecko) Chrome/78.0.3904.108 Safari/537.36" "-"
188.166.208.0 - - [05/Mar/2024:09:36:11 +0100] "GET / HTTP/1.1" 200 336 cronicadehuelva.com "-" "Mozilla/5.0 (Windows NT 10.0; Win64; x64) AppleWebKit/537.36 (KHTML, like Gecko) Chrome/78.0.3904.108 Safari/537.36" "-"
188.166.208.0 - - [05/Mar/2024:09:36:11 +0100] "GET / HTTP/1.1" 200 336 cronicadehuelva.com "-" "Mozilla/5.0 (Windows NT 10.0; Win64; x64) AppleWebKit/537.36 (KHTML, like Gecko) Chrome/78.0.3904.108 Safari/537.36" "-"
188.166.208.0 - - [05/Mar/2024:09:36:12 +0100] "GET /wp-includes/wlwmanifest.xml HTTP/1.1" 404 596 cronicadehuelva.com "-" "Mozilla/5.0 (Windows NT 10.0; Win64; x64) AppleWebKit/537.36 (KHTML, like Gecko) Chrome/78.0.3904.108 Safari/537.36" "-"
188.166.208.0 - - [05/Mar/2024:09:36:12 +0100] "GET /xmlrpc.php?rsd HTTP/1.1" 404 596 cronicadehuelva.com "-" "Mozilla/5.0 (Windows NT 10.0; Win64; x64) AppleWebKit/537.36 (KHTML, like Gecko) Chrome/78.0.3904.108 Safari/537.36" "-"
188.166.208.0 - - [05/Mar/2024:09:36:12 +0100] "GET / HTTP/1.1" 200 336 cronicadehuelva.com "-" "Mozilla/5.0 (Windows NT 10.0; Win64; x64) AppleWebKit/537.36 (KHTML, like Gecko) Chrome/78.0.3904.108 Safari/537.36" "-"
188.166.208.0 - - [05/Mar/2024:09:36:12 +0100] "GET /blog/wp-includes/wlwmanifest.xml HTTP/1.1" 404 596 cronicadehuelva.com "-" "Mozilla/5.0 (Windows NT 10.0; Win64; x64) AppleWebKit/537.36 (KHTML, like Gecko) Chrome/78.0.3904.108 Safari/537.36" "-"
188.166.208.0 - - [05/Mar/2024:09:36:12 +0100] "GET /web/wp-includes/wlwmanifest.xml HTTP/1.1" 404 596 cronicadehuelva.com "-" "Mozilla/5.0 (Windows NT 10.0; Win64; x64) AppleWebKit/537.36 (KHTML, like Gecko) Chrome/78.0.3904.108 Safari/537.36" "-"
188.166.208.0 - - [05/Mar/2024:09:36:12 +0100] "GET /wordpress/wp-includes/wlwmanifest.xml HTTP/1.1" 404 596 cronicadehuelva.com "-" "Mozilla/5.0 (Windows NT 10.0; Win64; x64) AppleWebKit/537.36 (KHTML, like Gecko) Chrome/78.0.3904.108 Safari/537.36" "-"
188.166.208.0 - - [05/Mar/2024:09:36:13 +0100] "GET /website/wp-includes/wlwmanifest.xml HTTP/1.1" 404 596 cronicadehuelva.com "-" "Mozilla/5.0 (Windows NT 10.0; Win64; x64) AppleWebKit/537.36 (KHTML, like Gecko) Chrome/78.0.3904.108 Safari/537.36" "-"
188.166.208.0 - - [05/Mar/2024:09:36:13 +0100] "GET /wp/wp-includes/wlwmanifest.xml HTTP/1.1" 404 596 cronicadehuelva.com "-" "Mozilla/5.0 (Windows NT 10.0; Win64; x64) AppleWebKit/537.36 (KHTML, like Gecko) Chrome/78.0.3904.108 Safari/537.36" "-"
188.166.208.0 - - [05/Mar/2024:09:36:13 +0100] "GET /news/wp-includes/wlwmanifest.xml HTTP/1.1" 404 596 cronicadehuelva.com "-" "Mozilla/5.0 (Windows NT 10.0; Win64; x64) AppleWebKit/537.36 (KHTML, like Gecko) Chrome/78.0.3904.108 Safari/537.36" "-"
188.166.208.0 - - [05/Mar/2024:09:36:13 +0100] "GET /2018/wp-includes/wlwmanifest.xml HTTP/1.1" 404 596 cronicadehuelva.com "-" "Mozilla/5.0 (Windows NT 10.0; Win64; x64) AppleWebKit/537.36 (KHTML, like Gecko) Chrome/78.0.3904.108 Safari/537.36" "-"
188.166.208.0 - - [05/Mar/2024:09:36:13 +0100] "GET /2019/wp-includes/wlwmanifest.xml HTTP/1.1" 404 596 cronicadehuelva.com "-" "Mozilla/5.0 (Windows NT 10.0; Win64; x64) AppleWebKit/537.36 (KHTML, like Gecko) Chrome/78.0.3904.108 Safari/537.36" "-"
188.166.208.0 - - [05/Mar/2024:09:36:14 +0100] "GET /shop/wp-includes/wlwmanifest.xml HTTP/1.1" 404 596 cronicadehuelva.com "-" "Mozilla/5.0 (Windows NT 10.0; Win64; x64) AppleWebKit/537.36 (KHTML, like Gecko) Chrome/78.0.3904.108 Safari/537.36" "-"
188.166.208.0 - - [05/Mar/2024:09:36:14 +0100] "GET /wp1/wp-includes/wlwmanifest.xml HTTP/1.1" 404 596 cronicadehuelva.com "-" "Mozilla/5.0 (Windows NT 10.0; Win64; x64) AppleWebKit/537.36 (KHTML, like Gecko) Chrome/78.0.3904.108 Safari/537.36" "-"
188.166.208.0 - - [05/Mar/2024:09:36:14 +0100] "GET /test/wp-includes/wlwmanifest.xml HTTP/1.1" 404 596 cronicadehuelva.com "-" "Mozilla/5.0 (Windows NT 10.0; Win64; x64) AppleWebKit/537.36 (KHTML, like Gecko) Chrome/78.0.3904.108 Safari/537.36" "-"
188.166.208.0 - - [05/Mar/2024:09:36:14 +0100] "GET /media/wp-includes/wlwmanifest.xml HTTP/1.1" 404 596 cronicadehuelva.com "-" "Mozilla/5.0 (Windows NT 10.0; Win64; x64) AppleWebKit/537.36 (KHTML, like Gecko) Chrome/78.0.3904.108 Safari/537.36" "-"
188.166.208.0 - - [05/Mar/2024:09:36:14 +0100] "GET /wp2/wp-includes/wlwmanifest.xml HTTP/1.1" 404 596 cronicadehuelva.com "-" "Mozilla/5.0 (Windows NT 10.0; Win64; x64) AppleWebKit/537.36 (KHTML, like Gecko) Chrome/78.0.3904.108 Safari/537.36" "-"
188.166.208.0 - - [05/Mar/2024:09:36:14 +0100] "GET /site/wp-includes/wlwmanifest.xml HTTP/1.1" 404 596 cronicadehuelva.com "-" "Mozilla/5.0 (Windows NT 10.0; Win64; x64) AppleWebKit/537.36 (KHTML, like Gecko) Chrome/78.0.3904.108 Safari/537.36" "-"
188.166.208.0 - - [05/Mar/2024:09:36:15 +0100] "GET /cms/wp-includes/wlwmanifest.xml HTTP/1.1" 404 596 cronicadehuelva.com "-" "Mozilla/5.0 (Windows NT 10.0; Win64; x64) AppleWebKit/537.36 (KHTML, like Gecko) Chrome/78.0.3904.108 Safari/537.36" "-"
188.166.208.0 - - [05/Mar/2024:09:36:15 +0100] "GET /sito/wp-includes/wlwmanifest.xml HTTP/1.1" 404 596 cronicadehuelva.com "-" "Mozilla/5.0 (Windows NT 10.0; Win64; x64) AppleWebKit/537.36 (KHTML, like Gecko) Chrome/78.0.3904.108 Safari/537.36" "-"
188.166.208.0 - - [05/Mar/2024:09:36:27 +0100] "GET / HTTP/1.1" 200 336 cronicadesevilla.com "-" "Mozilla/5.0 (Windows NT 10.0; Win64; x64) AppleWebKit/537.36 (KHTML, like Gecko) Chrome/78.0.3904.108 Safari/537.36" "-"
188.166.208.0 - - [05/Mar/2024:09:36:27 +0100] "GET / HTTP/1.1" 200 336 cronicadesevilla.com "-" "Mozilla/5.0 (Windows NT 10.0; Win64; x64) AppleWebKit/537.36 (KHTML, like Gecko) Chrome/78.0.3904.108 Safari/537.36" "-"
188.166.208.0 - - [05/Mar/2024:09:36:28 +0100] "GET /wp-includes/wlwmanifest.xml HTTP/1.1" 404 596 cronicadesevilla.com "-" "Mozilla/5.0 (Windows NT 10.0; Win64; x64) AppleWebKit/537.36 (KHTML, like Gecko) Chrome/78.0.3904.108 Safari/537.36" "-"
188.166.208.0 - - [05/Mar/2024:09:36:28 +0100] "GET /xmlrpc.php?rsd HTTP/1.1" 404 596 cronicadesevilla.com "-" "Mozilla/5.0 (Windows NT 10.0; Win64; x64) AppleWebKit/537.36 (KHTML, like Gecko) Chrome/78.0.3904.108 Safari/537.36" "-"
188.166.208.0 - - [05/Mar/2024:09:36:28 +0100] "GET / HTTP/1.1" 200 336 cronicadesevilla.com "-" "Mozilla/5.0 (Windows NT 10.0; Win64; x64) AppleWebKit/537.36 (KHTML, like Gecko) Chrome/78.0.3904.108 Safari/537.36" "-"
188.166.208.0 - - [05/Mar/2024:09:36:28 +0100] "GET /blog/wp-includes/wlwmanifest.xml HTTP/1.1" 404 596 cronicadesevilla.com "-" "Mozilla/5.0 (Windows NT 10.0; Win64; x64) AppleWebKit/537.36 (KHTML, like Gecko) Chrome/78.0.3904.108 Safari/537.36" "-"
188.166.208.0 - - [05/Mar/2024:09:36:28 +0100] "GET /web/wp-includes/wlwmanifest.xml HTTP/1.1" 404 596 cronicadesevilla.com "-" "Mozilla/5.0 (Windows NT 10.0; Win64; x64) AppleWebKit/537.36 (KHTML, like Gecko) Chrome/78.0.3904.108 Safari/537.36" "-"
188.166.208.0 - - [05/Mar/2024:09:36:29 +0100] "GET /wordpress/wp-includes/wlwmanifest.xml HTTP/1.1" 404 596 cronicadesevilla.com "-" "Mozilla/5.0 (Windows NT 10.0; Win64; x64) AppleWebKit/537.36 (KHTML, like Gecko) Chrome/78.0.3904.108 Safari/537.36" "-"
188.166.208.0 - - [05/Mar/2024:09:36:29 +0100] "GET /website/wp-includes/wlwmanifest.xml HTTP/1.1" 404 596 cronicadesevilla.com "-" "Mozilla/5.0 (Windows NT 10.0; Win64; x64) AppleWebKit/537.36 (KHTML, like Gecko) Chrome/78.0.3904.108 Safari/537.36" "-"
188.166.208.0 - - [05/Mar/2024:09:36:29 +0100] "GET /wp/wp-includes/wlwmanifest.xml HTTP/1.1" 404 596 cronicadesevilla.com "-" "Mozilla/5.0 (Windows NT 10.0; Win64; x64) AppleWebKit/537.36 (KHTML, like Gecko) Chrome/78.0.3904.108 Safari/537.36" "-"
188.166.208.0 - - [05/Mar/2024:09:36:29 +0100] "GET /news/wp-includes/wlwmanifest.xml HTTP/1.1" 404 596 cronicadesevilla.com "-" "Mozilla/5.0 (Windows NT 10.0; Win64; x64) AppleWebKit/537.36 (KHTML, like Gecko) Chrome/78.0.3904.108 Safari/537.36" "-"
188.166.208.0 - - [05/Mar/2024:09:36:29 +0100] "GET /2018/wp-includes/wlwmanifest.xml HTTP/1.1" 404 596 cronicadesevilla.com "-" "Mozilla/5.0 (Windows NT 10.0; Win64; x64) AppleWebKit/537.36 (KHTML, like Gecko) Chrome/78.0.3904.108 Safari/537.36" "-"
188.166.208.0 - - [05/Mar/2024:09:36:30 +0100] "GET /2019/wp-includes/wlwmanifest.xml HTTP/1.1" 404 596 cronicadesevilla.com "-" "Mozilla/5.0 (Windows NT 10.0; Win64; x64) AppleWebKit/537.36 (KHTML, like Gecko) Chrome/78.0.3904.108 Safari/537.36" "-"
188.166.208.0 - - [05/Mar/2024:09:36:30 +0100] "GET /shop/wp-includes/wlwmanifest.xml HTTP/1.1" 404 596 cronicadesevilla.com "-" "Mozilla/5.0 (Windows NT 10.0; Win64; x64) AppleWebKit/537.36 (KHTML, like Gecko) Chrome/78.0.3904.108 Safari/537.36" "-"
188.166.208.0 - - [05/Mar/2024:09:36:30 +0100] "GET /wp1/wp-includes/wlwmanifest.xml HTTP/1.1" 404 596 cronicadesevilla.com "-" "Mozilla/5.0 (Windows NT 10.0; Win64; x64) AppleWebKit/537.36 (KHTML, like Gecko) Chrome/78.0.3904.108 Safari/537.36" "-"
188.166.208.0 - - [05/Mar/2024:09:36:30 +0100] "GET /test/wp-includes/wlwmanifest.xml HTTP/1.1" 404 596 cronicadesevilla.com "-" "Mozilla/5.0 (Windows NT 10.0; Win64; x64) AppleWebKit/537.36 (KHTML, like Gecko) Chrome/78.0.3904.108 Safari/537.36" "-"
188.166.208.0 - - [05/Mar/2024:09:36:30 +0100] "GET /media/wp-includes/wlwmanifest.xml HTTP/1.1" 404 596 cronicadesevilla.com "-" "Mozilla/5.0 (Windows NT 10.0; Win64; x64) AppleWebKit/537.36 (KHTML, like Gecko) Chrome/78.0.3904.108 Safari/537.36" "-"
188.166.208.0 - - [05/Mar/2024:09:36:31 +0100] "GET /wp2/wp-includes/wlwmanifest.xml HTTP/1.1" 404 596 cronicadesevilla.com "-" "Mozilla/5.0 (Windows NT 10.0; Win64; x64) AppleWebKit/537.36 (KHTML, like Gecko) Chrome/78.0.3904.108 Safari/537.36" "-"
188.166.208.0 - - [05/Mar/2024:09:36:31 +0100] "GET /site/wp-includes/wlwmanifest.xml HTTP/1.1" 404 596 cronicadesevilla.com "-" "Mozilla/5.0 (Windows NT 10.0; Win64; x64) AppleWebKit/537.36 (KHTML, like Gecko) Chrome/78.0.3904.108 Safari/537.36" "-"
188.166.208.0 - - [05/Mar/2024:09:36:31 +0100] "GET /cms/wp-includes/wlwmanifest.xml HTTP/1.1" 404 596 cronicadesevilla.com "-" "Mozilla/5.0 (Windows NT 10.0; Win64; x64) AppleWebKit/537.36 (KHTML, like Gecko) Chrome/78.0.3904.108 Safari/537.36" "-"
188.166.208.0 - - [05/Mar/2024:09:36:31 +0100] "GET /sito/wp-includes/wlwmanifest.xml HTTP/1.1" 404 596 cronicadesevilla.com "-" "Mozilla/5.0 (Windows NT 10.0; Win64; x64) AppleWebKit/537.36 (KHTML, like Gecko) Chrome/78.0.3904.108 Safari/537.36" "-"
82.165.88.0 - - [05/Mar/2024:09:36:39 +0100] "POST /wp-cron.php?doing_wp_cron=1709627799.9497270584106445312500 HTTP/1.1" 200 - cronicareinodearagon.com "-" "WordPress/6.2.2; https://cronicareinodearagon.com" "-"
151.115.50.0 - - [05/Mar/2024:09:36:39 +0100] "POST /wp-login.php HTTP/1.1" 200 9608 cronicareinodearagon.com "-" "Mozilla/5.0 (Windows NT 10.0; Win64; x64) AppleWebKit/537.36 (KHTML, like Gecko) Chrome/86.0.4240.193 Safari/537.36" "-"
188.166.208.0 - - [05/Mar/2024:09:36:46 +0100] "GET / HTTP/1.1" 200 336 cronicadevalencia.com "-" "Mozilla/5.0 (Windows NT 10.0; Win64; x64) AppleWebKit/537.36 (KHTML, like Gecko) Chrome/78.0.3904.108 Safari/537.36" "-"
188.166.208.0 - - [05/Mar/2024:09:36:46 +0100] "GET / HTTP/1.1" 200 336 cronicadevalencia.com "-" "Mozilla/5.0 (Windows NT 10.0; Win64; x64) AppleWebKit/537.36 (KHTML, like Gecko) Chrome/78.0.3904.108 Safari/537.36" "-"
