82.165.88.0 - - [05/Mar/2024:06:18:46 +0100] "POST /wp-cron.php?doing_wp_cron=1709615926.3707389831542968750000 HTTP/1.1" 200 - cronicareinodearagon.com "-" "WordPress/6.2.2; https://cronicareinodearagon.com" "-"
184.154.139.0 - - [05/Mar/2024:06:19:54 +0100] "GET / HTTP/1.1" 200 336 www.grupocronicaenlibertad.com "http://www.google.com/url?url=www.grupocronicaenlibertad.com&yahoo.com" "Mozilla/5.0 (compatible; MSIE 9.0; Windows NT 6.1; WOW64; Trident/6.0)" "-"
184.154.139.0 - - [05/Mar/2024:06:19:54 +0100] "GET /th1s_1s_a_4o4.html HTTP/1.1" 404 596 www.grupocronicaenlibertad.com "http://www.google.com/url?url=www.grupocronicaenlibertad.com&yahoo.com" "Mozilla/5.0 (compatible; MSIE 9.0; Windows NT 6.1; WOW64; Trident/6.0)" "-"
184.154.139.0 - - [05/Mar/2024:06:19:54 +0100] "GET /spicons/templates/defaultsite/es-ES/images/domain_transfer.svg HTTP/1.1" 200 1201 www.grupocronicaenlibertad.com "http://www.google.com/url?url=www.grupocronicaenlibertad.com&yahoo.com" "Mozilla/5.0 (compatible; MSIE 9.0; Windows NT 6.1; WOW64; Trident/6.0)" "-"
184.154.139.0 - - [05/Mar/2024:06:19:54 +0100] "GET /defaultsite HTTP/1.1" 200 18994 www.grupocronicaenlibertad.com "-" "SiteLockSpider [en] (WinNT; I ;Nav)" "-"
184.154.139.0 - - [05/Mar/2024:06:19:55 +0100] "GET /spicons/templates/defaultsite/es-ES/images/domain.svg HTTP/1.1" 200 2095 www.grupocronicaenlibertad.com "-" "SiteLockSpider [en] (WinNT; I ;Nav)" "-"
184.154.139.0 - - [05/Mar/2024:06:19:56 +0100] "GET /domaincheckresult?__SBMT:d359e110d15:=1&__SYNT:d359e110d15:__CMD(domaincheckresult):RETWRP=domainselect&__SYNT:d359e110d15:__CMD(domaincheckresult):SELWRP=multicheck&__SYNT:d359e110d15:__forcestop=true&__pageflow=Order&__sendingdata=1&linkId=ct.btn.check.default-page-check&multicheck.Domain=1 HTTP/1.1" 404 596 www.grupocronicaenlibertad.com "-" "SiteLockSpider [en] (WinNT; I ;Nav)" "-"
184.154.139.0 - - [05/Mar/2024:06:19:56 +0100] "GET /spicons/templates/defaultsite/es-ES/images/css/main.css HTTP/1.1" 200 486180 www.grupocronicaenlibertad.com "http://www.google.com/url?url=www.grupocronicaenlibertad.com&yahoo.com" "Mozilla/5.0 (compatible; MSIE 9.0; Windows NT 6.1; WOW64; Trident/6.0)" "-"
66.249.84.0 - - [05/Mar/2024:06:21:52 +0100] "GET /category/sociedad/feed/ HTTP/1.1" 200 51420 cronicareinodearagon.com "-" "FeedFetcher-Google; (+http://www.google.com/feedfetcher.html)" "-"
66.249.78.0 - - [05/Mar/2024:06:26:27 +0100] "GET /robots.txt HTTP/1.1" 200 202 cronicareinodearagon.com "-" "Mozilla/5.0 (compatible; Googlebot/2.1; +http://www.google.com/bot.html)" "-"
82.165.88.0 - - [05/Mar/2024:06:26:28 +0100] "POST /wp-cron.php?doing_wp_cron=1709616388.4666409492492675781250 HTTP/1.1" 200 - cronicareinodearagon.com "-" "WordPress/6.2.2; https://cronicareinodearagon.com" "-"
66.249.78.0 - - [05/Mar/2024:06:26:29 +0100] "GET /sitemap_index.xml HTTP/1.1" 200 693 cronicareinodearagon.com "-" "Mozilla/5.0 (compatible; Googlebot/2.1; +http://www.google.com/bot.html)" "-"
66.249.84.0 - - [05/Mar/2024:06:27:11 +0100] "GET /category/sociedad/feed/ HTTP/1.1" 200 51420 cronicareinodearagon.com "-" "FeedFetcher-Google; (+http://www.google.com/feedfetcher.html)" "-"
2400:6180:100:: - - [05/Mar/2024:06:27:19 +0100] "POST /xmlrpc.php HTTP/1.1" 200 414 cronicareinodearagon.com "-" "Mozilla/5.0 (X11; Fedora; Linux x86_64; rv:94.0) Gecko/20100101 Firefox/95.0" "-"
82.165.88.0 - - [05/Mar/2024:06:27:20 +0100] "POST /wp-cron.php?doing_wp_cron=1709616440.3955020904541015625000 HTTP/1.1" 200 - cronicareinodearagon.com "-" "WordPress/6.2.2; https://cronicareinodearagon.com" "-"
82.165.88.0 - - [05/Mar/2024:06:31:06 +0100] "POST /wp-cron.php?doing_wp_cron=1709616666.6102869510650634765625 HTTP/1.1" 200 - cronicareinodearagon.com "-" "WordPress/6.2.2; https://cronicareinodearagon.com" "-"
2406:da1a:a00:: - - [05/Mar/2024:06:31:06 +0100] "POST /xmlrpc.php HTTP/1.1" 200 416 cronicareinodearagon.com "-" "Mozilla/5.0 (Windows NT 10.0; Win64; x64; rv:42.0) Gecko/20100101 Firefox/42.0" "-"
82.165.88.0 - - [05/Mar/2024:06:33:29 +0100] "POST /wp-cron.php?doing_wp_cron=1709616809.7628469467163085937500 HTTP/1.1" 200 - cronicareinodearagon.com "-" "WordPress/6.2.2; https://cronicareinodearagon.com" "-"
222.252.31.0 - - [05/Mar/2024:06:33:29 +0100] "POST /wp-login.php HTTP/1.1" 200 9608 cronicareinodearagon.com "-" "Mozilla/5.0 (Windows NT 6.1) AppleWebKit/537.36 (KHTML, like Gecko) Chrome/62.0.3202.94 Safari/537.36" "-"
37.221.198.0 - - [05/Mar/2024:06:37:16 +0100] "POST /xmlrpc.php HTTP/1.1" 200 416 cronicareinodearagon.com "-" "Mozilla/5.0 (Windows NT 10.0; Win64; x64; rv:85.0) Gecko/20100101 Firefox/85.0" "-"
82.165.88.0 - - [05/Mar/2024:06:37:17 +0100] "POST /wp-cron.php?doing_wp_cron=1709617037.2386310100555419921875 HTTP/1.1" 200 - cronicareinodearagon.com "-" "WordPress/6.2.2; https://cronicareinodearagon.com" "-"
46.4.33.0 - - [05/Mar/2024:06:38:24 +0100] "GET / HTTP/1.1" 200 336 cronicadehuelva.com "-" "Mozilla/5.0 (Windows; U; Windows NT 5.1; ru; rv:1.9.0.1) Gecko/2008070208" "-"
103.27.238.0 - - [05/Mar/2024:06:39:11 +0100] "POST /wp-login.php HTTP/1.1" 200 9585 cronicareinodearagon.com "-" "Mozilla/5.0 (Windows NT 6.1; Win64; x64) AppleWebKit/537.36 (KHTML, like Gecko) Chrome/70.0.3538.67 Safari/537.36" "-"
82.165.88.0 - - [05/Mar/2024:06:39:12 +0100] "POST /wp-cron.php?doing_wp_cron=1709617152.0759539604187011718750 HTTP/1.1" 200 - cronicareinodearagon.com "-" "WordPress/6.2.2; https://cronicareinodearagon.com" "-"
125.212.209.0 - - [05/Mar/2024:06:41:03 +0100] "POST /wp-login.php HTTP/1.1" 200 9620 cronicareinodearagon.com "-" "Mozilla/5.0 (Windows NT 10.0; Win64; x64) AppleWebKit/537.36 (KHTML, like Gecko) Chrome/72.0.3626.109 Safari/537.36" "-"
82.165.88.0 - - [05/Mar/2024:06:41:04 +0100] "POST /wp-cron.php?doing_wp_cron=1709617264.2579929828643798828125 HTTP/1.1" 200 - cronicareinodearagon.com "-" "WordPress/6.2.2; https://cronicareinodearagon.com" "-"
74.125.212.0 - - [05/Mar/2024:06:41:52 +0100] "GET /category/economia/feed/ HTTP/1.1" 200 42774 cronicareinodearagon.com "-" "FeedFetcher-Google; (+http://www.google.com/feedfetcher.html)" "-"
82.165.88.0 - - [05/Mar/2024:06:47:41 +0100] "POST /wp-cron.php?doing_wp_cron=1709617661.8860659599304199218750 HTTP/1.1" 200 - cronicareinodearagon.com "-" "WordPress/6.2.2; https://cronicareinodearagon.com" "-"
35.233.84.0 - - [05/Mar/2024:06:47:41 +0100] "GET /feed/ HTTP/1.1" 304 - cronicareinodearagon.com "-" "okhttp/4.9.3" "-"
35.233.84.0 - - [05/Mar/2024:06:47:42 +0100] "GET /sitemap_index.xml HTTP/1.1" 200 693 cronicareinodearagon.com "-" "okhttp/4.9.3" "-"
74.125.212.0 - - [05/Mar/2024:06:48:43 +0100] "GET /category/economia/feed/ HTTP/1.1" 200 42774 cronicareinodearagon.com "-" "FeedFetcher-Google; (+http://www.google.com/feedfetcher.html)" "-"
66.249.84.0 - - [05/Mar/2024:06:49:05 +0100] "GET /category/sociedad/feed/ HTTP/1.1" 200 51420 cronicareinodearagon.com "-" "FeedFetcher-Google; (+http://www.google.com/feedfetcher.html)" "-"
66.249.84.0 - - [05/Mar/2024:06:54:06 +0100] "GET /category/politica/feed/ HTTP/1.1" 200 59109 cronicareinodearagon.com "-" "FeedFetcher-Google; (+http://www.google.com/feedfetcher.html)" "-"
185.241.208.0 - - [05/Mar/2024:06:54:21 +0100] "GET / HTTP/1.1" 200 336 cronicadehuelva.com "-" "Go-http-client/1.1" "-"
185.241.208.0 - - [05/Mar/2024:06:54:21 +0100] "GET //wp-content/uploads/ HTTP/1.1" 404 596 cronicadehuelva.com "-" "Go-http-client/1.1" "-"
185.241.208.0 - - [05/Mar/2024:06:54:21 +0100] "GET //wp-content/plugins/ HTTP/1.1" 404 596 cronicadehuelva.com "-" "Go-http-client/1.1" "-"
185.241.208.0 - - [05/Mar/2024:06:54:21 +0100] "GET //wp-admin/admin-ajax.php HTTP/1.1" 404 596 cronicadehuelva.com "-" "Go-http-client/1.1" "-"
185.241.208.0 - - [05/Mar/2024:06:54:21 +0100] "GET //wp-content/themes/twenty/twenty.php HTTP/1.1" 404 596 cronicadehuelva.com "-" "Go-http-client/1.1" "-"
185.241.208.0 - - [05/Mar/2024:06:54:21 +0100] "GET //wp-content/patior/ HTTP/1.1" 404 596 cronicadehuelva.com "-" "Go-http-client/1.1" "-"
185.241.208.0 - - [05/Mar/2024:06:54:21 +0100] "GET //wp-includes/js/tinymce/plugins/compat3x/css/index.php HTTP/1.1" 404 596 cronicadehuelva.com "-" "Go-http-client/1.1" "-"
185.241.208.0 - - [05/Mar/2024:06:54:21 +0100] "GET //dropdown.php HTTP/1.1" 404 596 cronicadehuelva.com "-" "Go-http-client/1.1" "-"
185.241.208.0 - - [05/Mar/2024:06:54:21 +0100] "GET //wp-includes/Text/about.php HTTP/1.1" 404 596 cronicadehuelva.com "-" "Go-http-client/1.1" "-"
185.241.208.0 - - [05/Mar/2024:06:54:21 +0100] "GET //wp-includes/rest-api/about.php HTTP/1.1" 404 596 cronicadehuelva.com "-" "Go-http-client/1.1" "-"
185.241.208.0 - - [05/Mar/2024:06:54:21 +0100] "GET //ee.php HTTP/1.1" 404 596 cronicadehuelva.com "-" "Go-http-client/1.1" "-"
185.241.208.0 - - [05/Mar/2024:06:54:21 +0100] "GET //wp-admin/install.php HTTP/1.1" 404 596 cronicadehuelva.com "-" "Go-http-client/1.1" "-"
185.241.208.0 - - [05/Mar/2024:06:54:21 +0100] "GET //wp-content/plugins/install.php HTTP/1.1" 404 596 cronicadehuelva.com "-" "Go-http-client/1.1" "-"
185.241.208.0 - - [05/Mar/2024:06:54:21 +0100] "GET //wp-content/install.php HTTP/1.1" 404 596 cronicadehuelva.com "-" "Go-http-client/1.1" "-"
185.241.208.0 - - [05/Mar/2024:06:54:21 +0100] "GET //install.php HTTP/1.1" 404 596 cronicadehuelva.com "-" "Go-http-client/1.1" "-"
185.241.208.0 - - [05/Mar/2024:06:54:21 +0100] "GET //wp-includes/install.php HTTP/1.1" 404 596 cronicadehuelva.com "-" "Go-http-client/1.1" "-"
185.241.208.0 - - [05/Mar/2024:06:54:22 +0100] "GET //wp-admin/images/install.php HTTP/1.1" 404 596 cronicadehuelva.com "-" "Go-http-client/1.1" "-"
185.241.208.0 - - [05/Mar/2024:06:54:22 +0100] "GET //cgi-bin/install.php HTTP/1.1" 404 596 cronicadehuelva.com "-" "Go-http-client/1.1" "-"
185.241.208.0 - - [05/Mar/2024:06:54:22 +0100] "GET //css/install.php HTTP/1.1" 404 596 cronicadehuelva.com "-" "Go-http-client/1.1" "-"
185.241.208.0 - - [05/Mar/2024:06:54:22 +0100] "GET //wp-admin/js/about.php7 HTTP/1.1" 404 596 cronicadehuelva.com "-" "Go-http-client/1.1" "-"
185.241.208.0 - - [05/Mar/2024:06:54:22 +0100] "GET //wp-admin/js/about.php HTTP/1.1" 404 596 cronicadehuelva.com "-" "Go-http-client/1.1" "-"
185.241.208.0 - - [05/Mar/2024:06:54:22 +0100] "GET //wp-admin/maint/moon.php HTTP/1.1" 404 596 cronicadehuelva.com "-" "Go-http-client/1.1" "-"
185.241.208.0 - - [05/Mar/2024:06:54:22 +0100] "GET //cgi-bin/cgi-bin/about.php HTTP/1.1" 404 596 cronicadehuelva.com "-" "Go-http-client/1.1" "-"
185.241.208.0 - - [05/Mar/2024:06:54:22 +0100] "GET //cgi-bin/cgi-bin/about.php7 HTTP/1.1" 404 596 cronicadehuelva.com "-" "Go-http-client/1.1" "-"
185.241.208.0 - - [05/Mar/2024:06:54:22 +0100] "GET //wp-admin/dropdown.php HTTP/1.1" 404 596 cronicadehuelva.com "-" "Go-http-client/1.1" "-"
185.241.208.0 - - [05/Mar/2024:06:54:22 +0100] "GET //wp-content/plugins/Cache/dropdown.php HTTP/1.1" 404 596 cronicadehuelva.com "-" "Go-http-client/1.1" "-"
185.241.208.0 - - [05/Mar/2024:06:54:22 +0100] "GET //wp-content/dropdown.php HTTP/1.1" 404 596 cronicadehuelva.com "-" "Go-http-client/1.1" "-"
138.197.186.0 - - [05/Mar/2024:06:54:59 +0100] "POST /xmlrpc.php HTTP/1.1" 200 416 cronicareinodearagon.com "-" "Mozilla/5.0 (Windows NT 10.0; Win64; x64; rv:100.0) Gecko/20100101 Firefox/100.0" "-"
82.165.88.0 - - [05/Mar/2024:06:55:00 +0100] "POST /wp-cron.php?doing_wp_cron=1709618100.1351079940795898437500 HTTP/1.1" 200 - cronicareinodearagon.com "-" "WordPress/6.2.2; https://cronicareinodearagon.com" "-"
82.165.88.0 - - [05/Mar/2024:06:57:28 +0100] "POST /wp-cron.php?doing_wp_cron=1709618248.9115939140319824218750 HTTP/1.1" 200 - cronicareinodearagon.com "-" "WordPress/6.2.2; https://cronicareinodearagon.com" "-"
141.95.11.0 - - [05/Mar/2024:06:57:28 +0100] "POST /wp-login.php HTTP/1.1" 200 9612 cronicareinodearagon.com "-" "Mozilla/5.0 (Windows NT 10.0; Win64; x64) AppleWebKit/537.36 (KHTML, like Gecko) Chrome/73.0.3683.86 Safari/537.36" "-"
43.142.164.0 - - [05/Mar/2024:06:59:17 +0100] "POST /wp-login.php HTTP/1.1" 200 9585 cronicareinodearagon.com "-" "Mozilla/5.0 (Windows NT 6.1; WOW64) AppleWebKit/537.36 (KHTML, like Gecko) Chrome/36.0.1985.125 Safari/537.36" "-"
82.165.88.0 - - [05/Mar/2024:06:59:18 +0100] "POST /wp-cron.php?doing_wp_cron=1709618358.2031939029693603515625 HTTP/1.1" 200 - cronicareinodearagon.com "-" "WordPress/6.2.2; https://cronicareinodearagon.com" "-"
64.227.146.0 - - [05/Mar/2024:06:59:44 +0100] "POST /wp-login.php HTTP/1.1" 200 9580 cronicareinodearagon.com "-" "Mozilla/5.0 (Windows NT 6.1) AppleWebKit/537.36 (KHTML, like Gecko) Chrome/80.0.3987.149 Safari/537.36" "-"
82.165.88.0 - - [05/Mar/2024:06:59:45 +0100] "POST /wp-cron.php?doing_wp_cron=1709618385.2766580581665039062500 HTTP/1.1" 200 - cronicareinodearagon.com "-" "WordPress/6.2.2; https://cronicareinodearagon.com" "-"
178.62.126.0 - - [05/Mar/2024:07:01:14 +0100] "POST /wp-login.php HTTP/1.1" 200 9620 cronicareinodearagon.com "-" "Mozilla/5.0 (Windows NT 6.1; Win64; x64) AppleWebKit/537.36 (KHTML, like Gecko) Chrome/67.0.3396.87 Safari/537.36" "-"
82.165.88.0 - - [05/Mar/2024:07:01:15 +0100] "POST /wp-cron.php?doing_wp_cron=1709618475.1727030277252197265625 HTTP/1.1" 200 - cronicareinodearagon.com "-" "WordPress/6.2.2; https://cronicareinodearagon.com" "-"
66.249.72.0 - - [05/Mar/2024:07:03:16 +0100] "GET /aragon/grupo-carrreras-centro-produccion-hidrogeno/ HTTP/1.1" 200 161486 cronicareinodearagon.com "-" "Mozilla/5.0 (X11; Linux x86_64) AppleWebKit/537.36 (KHTML, like Gecko) Chrome/121.0.6167.139 Safari/537.36 (compatible; Googlebot/2.1; +http://www.google.com/bot.html)" "-"
82.165.88.0 - - [05/Mar/2024:07:03:17 +0100] "POST /wp-cron.php?doing_wp_cron=1709618597.3113720417022705078125 HTTP/1.1" 200 - cronicareinodearagon.com "-" "WordPress/6.2.2; https://cronicareinodearagon.com" "-"
66.249.78.0 - - [05/Mar/2024:07:03:19 +0100] "GET /wp-content/plugins/metronet-profile-picture/dist/blocks.style.build.css?ver=2.6.0 HTTP/1.1" 200 4040 cronicareinodearagon.com "https://cronicareinodearagon.com/aragon/grupo-carrreras-centro-produccion-hidrogeno/" "Mozilla/5.0 (X11; Linux x86_64) AppleWebKit/537.36 (KHTML, like Gecko) Chrome/121.0.6167.139 Safari/537.36 (compatible; Googlebot/2.1; +http://www.google.com/bot.html)" "-"
66.249.78.0 - - [05/Mar/2024:07:03:19 +0100] "GET /wp-includes/css/dist/block-library/style.min.css?ver=6.2.2 HTTP/1.1" 200 16406 cronicareinodearagon.com "https://cronicareinodearagon.com/aragon/grupo-carrreras-centro-produccion-hidrogeno/" "Mozilla/5.0 (X11; Linux x86_64) AppleWebKit/537.36 (KHTML, like Gecko) Chrome/121.0.6167.139 Safari/537.36 (compatible; Googlebot/2.1; +http://www.google.com/bot.html)" "-"
66.249.78.0 - - [05/Mar/2024:07:03:19 +0100] "GET /wp-content/plugins/complianz-gdpr/assets/css/cookieblocker.min.css?ver=6.4.4 HTTP/1.1" 200 754 cronicareinodearagon.com "https://cronicareinodearagon.com/aragon/grupo-carrreras-centro-produccion-hidrogeno/" "Mozilla/5.0 (X11; Linux x86_64) AppleWebKit/537.36 (KHTML, like Gecko) Chrome/121.0.6167.139 Safari/537.36 (compatible; Googlebot/2.1; +http://www.google.com/bot.html)" "-"
66.249.72.0 - - [05/Mar/2024:07:03:19 +0100] "GET /wp-content/themes/jnews/style.css?ver=10.7.9 HTTP/1.1" 200 297 cronicareinodearagon.com "https://cronicareinodearagon.com/aragon/grupo-carrreras-centro-produccion-hidrogeno/" "Mozilla/5.0 (X11; Linux x86_64) AppleWebKit/537.36 (KHTML, like Gecko) Chrome/121.0.6167.139 Safari/537.36 (compatible; Googlebot/2.1; +http://www.google.com/bot.html)" "-"
66.249.72.0 - - [05/Mar/2024:07:03:19 +0100] "GET /wp-content/plugins/elementor/assets/css/frontend-lite.min.css?ver=3.15.2 HTTP/1.1" 200 17137 cronicareinodearagon.com "https://cronicareinodearagon.com/aragon/grupo-carrreras-centro-produccion-hidrogeno/" "Mozilla/5.0 (X11; Linux x86_64) AppleWebKit/537.36 (KHTML, like Gecko) Chrome/121.0.6167.139 Safari/537.36 (compatible; Googlebot/2.1; +http://www.google.com/bot.html)" "-"
66.249.78.0 - - [05/Mar/2024:07:03:19 +0100] "GET /wp-content/themes/jnews/data/import/newspaper/scheme.css?ver=10.7.9 HTTP/1.1" 200 1687 cronicareinodearagon.com "https://cronicareinodearagon.com/aragon/grupo-carrreras-centro-produccion-hidrogeno/" "Mozilla/5.0 (X11; Linux x86_64) AppleWebKit/537.36 (KHTML, like Gecko) Chrome/121.0.6167.139 Safari/537.36 (compatible; Googlebot/2.1; +http://www.google.com/bot.html)" "-"
66.249.72.0 - - [05/Mar/2024:07:03:19 +0100] "GET /wp-content/themes/jnews/assets/dist/frontend.min.css?ver=10.7.9 HTTP/1.1" 200 126484 cronicareinodearagon.com "https://cronicareinodearagon.com/aragon/grupo-carrreras-centro-produccion-hidrogeno/" "Mozilla/5.0 (X11; Linux x86_64) AppleWebKit/537.36 (KHTML, like Gecko) Chrome/121.0.6167.139 Safari/537.36 (compatible; Googlebot/2.1; +http://www.google.com/bot.html)" "-"
66.249.78.0 - - [05/Mar/2024:07:03:19 +0100] "GET /wp-content/themes/jnews/assets/css/darkmode.css?ver=10.7.9 HTTP/1.1" 200 9055 cronicareinodearagon.com "https://cronicareinodearagon.com/aragon/grupo-carrreras-centro-produccion-hidrogeno/" "Mozilla/5.0 (X11; Linux x86_64) AppleWebKit/537.36 (KHTML, like Gecko) Chrome/121.0.6167.139 Safari/537.36 (compatible; Googlebot/2.1; +http://www.google.com/bot.html)" "-"
66.249.72.0 - - [05/Mar/2024:07:03:19 +0100] "GET /wp-content/themes/jnews/assets/css/elementor-frontend.css?ver=10.7.9 HTTP/1.1" 200 215 cronicareinodearagon.com "https://cronicareinodearagon.com/aragon/grupo-carrreras-centro-produccion-hidrogeno/" "Mozilla/5.0 (X11; Linux x86_64) AppleWebKit/537.36 (KHTML, like Gecko) Chrome/121.0.6167.139 Safari/537.36 (compatible; Googlebot/2.1; +http://www.google.com/bot.html)" "-"
66.249.78.0 - - [05/Mar/2024:07:03:20 +0100] "GET /wp-content/uploads/2022/10/CABECERA-CrAra_Escritorio.png HTTP/1.1" 200 4995 cronicareinodearagon.com "https://cronicareinodearagon.com/aragon/grupo-carrreras-centro-produccion-hidrogeno/" "Mozilla/5.0 (X11; Linux x86_64) AppleWebKit/537.36 (KHTML, like Gecko) Chrome/121.0.6167.139 Safari/537.36 (compatible; Googlebot/2.1; +http://www.google.com/bot.html)" "-"
66.249.72.0 - - [05/Mar/2024:07:03:20 +0100] "GET /wp-includes/js/jquery/jquery.min.js?ver=3.6.4 HTTP/1.1" 200 36269 cronicareinodearagon.com "https://cronicareinodearagon.com/aragon/grupo-carrreras-centro-produccion-hidrogeno/" "Mozilla/5.0 (X11; Linux x86_64) AppleWebKit/537.36 (KHTML, like Gecko) Chrome/121.0.6167.139 Safari/537.36 (compatible; Googlebot/2.1; +http://www.google.com/bot.html)" "-"
66.249.78.0 - - [05/Mar/2024:07:03:20 +0100] "GET /wp-includes/js/jquery/jquery-migrate.min.js?ver=3.4.0 HTTP/1.1" 200 5257 cronicareinodearagon.com "https://cronicareinodearagon.com/aragon/grupo-carrreras-centro-produccion-hidrogeno/" "Mozilla/5.0 (X11; Linux x86_64) AppleWebKit/537.36 (KHTML, like Gecko) Chrome/121.0.6167.139 Safari/537.36 (compatible; Googlebot/2.1; +http://www.google.com/bot.html)" "-"
66.249.78.0 - - [05/Mar/2024:07:03:20 +0100] "GET /wp-content/plugins/jnews-social-share/assets/css/plugin.css HTTP/1.1" 200 506 cronicareinodearagon.com "https://cronicareinodearagon.com/aragon/grupo-carrreras-centro-produccion-hidrogeno/" "Mozilla/5.0 (X11; Linux x86_64) AppleWebKit/537.36 (KHTML, like Gecko) Chrome/121.0.6167.139 Safari/537.36 (compatible; Googlebot/2.1; +http://www.google.com/bot.html)" "-"
66.249.72.0 - - [05/Mar/2024:07:03:20 +0100] "GET /wp-includes/css/classic-themes.min.css?ver=6.2.2 HTTP/1.1" 200 211 cronicareinodearagon.com "https://cronicareinodearagon.com/aragon/grupo-carrreras-centro-produccion-hidrogeno/" "Mozilla/5.0 (X11; Linux x86_64) AppleWebKit/537.36 (KHTML, like Gecko) Chrome/121.0.6167.139 Safari/537.36 (compatible; Googlebot/2.1; +http://www.google.com/bot.html)" "-"
66.249.72.0 - - [05/Mar/2024:07:03:20 +0100] "GET /wp-content/themes/jnews/assets/img/jeg-empty.png HTTP/1.1" 200 70 cronicareinodearagon.com "https://cronicareinodearagon.com/aragon/grupo-carrreras-centro-produccion-hidrogeno/" "Mozilla/5.0 (X11; Linux x86_64) AppleWebKit/537.36 (KHTML, like Gecko) Chrome/121.0.6167.139 Safari/537.36 (compatible; Googlebot/2.1; +http://www.google.com/bot.html)" "-"
66.249.72.0 - - [05/Mar/2024:07:03:21 +0100] "GET /wp-content/uploads/2022/10/CABECERA-CrAra_MOVIL-1.png HTTP/1.1" 200 3014 cronicareinodearagon.com "https://cronicareinodearagon.com/aragon/grupo-carrreras-centro-produccion-hidrogeno/" "Mozilla/5.0 (X11; Linux x86_64) AppleWebKit/537.36 (KHTML, like Gecko) Chrome/121.0.6167.139 Safari/537.36 (compatible; Googlebot/2.1; +http://www.google.com/bot.html)" "-"
66.249.72.0 - - [05/Mar/2024:07:03:21 +0100] "GET /wp-includes/js/comment-reply.min.js?ver=6.2.2 HTTP/1.1" 200 1399 cronicareinodearagon.com "https://cronicareinodearagon.com/aragon/grupo-carrreras-centro-produccion-hidrogeno/" "Mozilla/5.0 (X11; Linux x86_64) AppleWebKit/537.36 (KHTML, like Gecko) Chrome/121.0.6167.139 Safari/537.36 (compatible; Googlebot/2.1; +http://www.google.com/bot.html)" "-"
66.249.72.0 - - [05/Mar/2024:07:03:21 +0100] "GET /wp-includes/js/hoverIntent.min.js?ver=1.10.2 HTTP/1.1" 200 721 cronicareinodearagon.com "https://cronicareinodearagon.com/aragon/grupo-carrreras-centro-produccion-hidrogeno/" "Mozilla/5.0 (X11; Linux x86_64) AppleWebKit/537.36 (KHTML, like Gecko) Chrome/121.0.6167.139 Safari/537.36 (compatible; Googlebot/2.1; +http://www.google.com/bot.html)" "-"
66.249.72.0 - - [05/Mar/2024:07:03:21 +0100] "GET /wp-content/plugins/akismet/_inc/akismet-frontend.js?ver=1683388628 HTTP/1.1" 200 3528 cronicareinodearagon.com "https://cronicareinodearagon.com/aragon/grupo-carrreras-centro-produccion-hidrogeno/" "Mozilla/5.0 (X11; Linux x86_64) AppleWebKit/537.36 (KHTML, like Gecko) Chrome/121.0.6167.139 Safari/537.36 (compatible; Googlebot/2.1; +http://www.google.com/bot.html)" "-"
66.249.72.0 - - [05/Mar/2024:07:03:21 +0100] "GET /wp-content/plugins/jnews-social-share/assets/js/plugin.js HTTP/1.1" 200 1411 cronicareinodearagon.com "https://cronicareinodearagon.com/aragon/grupo-carrreras-centro-produccion-hidrogeno/" "Mozilla/5.0 (X11; Linux x86_64) AppleWebKit/537.36 (KHTML, like Gecko) Chrome/121.0.6167.139 Safari/537.36 (compatible; Googlebot/2.1; +http://www.google.com/bot.html)" "-"
66.249.78.0 - - [05/Mar/2024:07:03:21 +0100] "GET /wp-content/plugins/elementor/assets/lib/eicons/css/elementor-icons.min.css?ver=5.21.0 HTTP/1.1" 200 4358 cronicareinodearagon.com "https://cronicareinodearagon.com/aragon/grupo-carrreras-centro-produccion-hidrogeno/" "Mozilla/5.0 (X11; Linux x86_64) AppleWebKit/537.36 (KHTML, like Gecko) Chrome/121.0.6167.139 Safari/537.36 (compatible; Googlebot/2.1; +http://www.google.com/bot.html)" "-"
66.249.78.0 - - [05/Mar/2024:07:03:22 +0100] "GET /wp-content/plugins/elementor/assets/lib/waypoints/waypoints.min.js?ver=4.0.2 HTTP/1.1" 200 3501 cronicareinodearagon.com "https://cronicareinodearagon.com/aragon/grupo-carrreras-centro-produccion-hidrogeno/" "Mozilla/5.0 (X11; Linux x86_64) AppleWebKit/537.36 (KHTML, like Gecko) Chrome/121.0.6167.139 Safari/537.36 (compatible; Googlebot/2.1; +http://www.google.com/bot.html)" "-"
66.249.78.0 - - [05/Mar/2024:07:03:22 +0100] "GET /wp-includes/js/jquery/ui/core.min.js?ver=1.13.2 HTTP/1.1" 200 7937 cronicareinodearagon.com "https://cronicareinodearagon.com/aragon/grupo-carrreras-centro-produccion-hidrogeno/" "Mozilla/5.0 (X11; Linux x86_64) AppleWebKit/537.36 (KHTML, like Gecko) Chrome/121.0.6167.139 Safari/537.36 (compatible; Googlebot/2.1; +http://www.google.com/bot.html)" "-"
66.249.72.0 - - [05/Mar/2024:07:03:22 +0100] "GET /wp-content/plugins/elementor/assets/js/webpack.runtime.min.js?ver=3.15.2 HTTP/1.1" 200 2279 cronicareinodearagon.com "https://cronicareinodearagon.com/aragon/grupo-carrreras-centro-produccion-hidrogeno/" "Mozilla/5.0 (X11; Linux x86_64) AppleWebKit/537.36 (KHTML, like Gecko) Chrome/121.0.6167.139 Safari/537.36 (compatible; Googlebot/2.1; +http://www.google.com/bot.html)" "-"
66.249.72.0 - - [05/Mar/2024:07:03:22 +0100] "GET /wp-includes/js/imagesloaded.min.js?ver=4.1.4 HTTP/1.1" 200 2010 cronicareinodearagon.com "https://cronicareinodearagon.com/aragon/grupo-carrreras-centro-produccion-hidrogeno/" "Mozilla/5.0 (X11; Linux x86_64) AppleWebKit/537.36 (KHTML, like Gecko) Chrome/121.0.6167.139 Safari/537.36 (compatible; Googlebot/2.1; +http://www.google.com/bot.html)" "-"
66.249.78.0 - - [05/Mar/2024:07:03:22 +0100] "GET /wp-content/themes/jnews/assets/dist/frontend.min.js?ver=10.7.9 HTTP/1.1" 200 103509 cronicareinodearagon.com "https://cronicareinodearagon.com/aragon/grupo-carrreras-centro-produccion-hidrogeno/" "Mozilla/5.0 (X11; Linux x86_64) AppleWebKit/537.36 (KHTML, like Gecko) Chrome/121.0.6167.139 Safari/537.36 (compatible; Googlebot/2.1; +http://www.google.com/bot.html)" "-"
66.249.78.0 - - [05/Mar/2024:07:03:22 +0100] "GET /wp-content/plugins/metronet-profile-picture/js/mpp-frontend.js?ver=2.6.0 HTTP/1.1" 200 201 cronicareinodearagon.com "https://cronicareinodearagon.com/aragon/grupo-carrreras-centro-produccion-hidrogeno/" "Mozilla/5.0 (X11; Linux x86_64) AppleWebKit/537.36 (KHTML, like Gecko) Chrome/121.0.6167.139 Safari/537.36 (compatible; Googlebot/2.1; +http://www.google.com/bot.html)" "-"
66.249.78.0 - - [05/Mar/2024:07:03:22 +0100] "GET /wp-content/plugins/elementor/assets/lib/swiper/css/swiper.min.css?ver=5.3.6 HTTP/1.1" 200 2779 cronicareinodearagon.com "https://cronicareinodearagon.com/aragon/grupo-carrreras-centro-produccion-hidrogeno/" "Mozilla/5.0 (X11; Linux x86_64) AppleWebKit/537.36 (KHTML, like Gecko) Chrome/121.0.6167.139 Safari/537.36 (compatible; Googlebot/2.1; +http://www.google.com/bot.html)" "-"
66.249.78.0 - - [05/Mar/2024:07:03:22 +0100] "GET /wp-content/plugins/complianz-gdpr/cookiebanner/js/complianz.min.js?ver=6.4.4 HTTP/1.1" 200 12688 cronicareinodearagon.com "https://cronicareinodearagon.com/aragon/grupo-carrreras-centro-produccion-hidrogeno/" "Mozilla/5.0 (X11; Linux x86_64) AppleWebKit/537.36 (KHTML, like Gecko) Chrome/121.0.6167.139 Safari/537.36 (compatible; Googlebot/2.1; +http://www.google.com/bot.html)" "-"
66.249.72.0 - - [05/Mar/2024:07:03:22 +0100] "GET /wp-content/plugins/elementor/assets/js/frontend-modules.min.js?ver=3.15.2 HTTP/1.1" 200 19256 cronicareinodearagon.com "https://cronicareinodearagon.com/aragon/grupo-carrreras-centro-produccion-hidrogeno/" "Mozilla/5.0 (X11; Linux x86_64) AppleWebKit/537.36 (KHTML, like Gecko) Chrome/121.0.6167.139 Safari/537.36 (compatible; Googlebot/2.1; +http://www.google.com/bot.html)" "-"
66.249.72.0 - - [05/Mar/2024:07:03:22 +0100] "GET /wp-content/plugins/elementor/assets/js/frontend.min.js?ver=3.15.2 HTTP/1.1" 200 14219 cronicareinodearagon.com "https://cronicareinodearagon.com/aragon/grupo-carrreras-centro-produccion-hidrogeno/" "Mozilla/5.0 (X11; Linux x86_64) AppleWebKit/537.36 (KHTML, like Gecko) Chrome/121.0.6167.139 Safari/537.36 (compatible; Googlebot/2.1; +http://www.google.com/bot.html)" "-"
66.249.72.0 - - [05/Mar/2024:07:03:23 +0100] "GET /wp-content/themes/jnews/assets/dist/image/preloader.gif HTTP/1.1" 200 4399 cronicareinodearagon.com "https://cronicareinodearagon.com/wp-content/themes/jnews/assets/dist/frontend.min.css?ver=10.7.9" "Mozilla/5.0 (X11; Linux x86_64) AppleWebKit/537.36 (KHTML, like Gecko) Chrome/121.0.6167.139 Safari/537.36 (compatible; Googlebot/2.1; +http://www.google.com/bot.html)" "-"
66.249.72.0 - - [05/Mar/2024:07:03:23 +0100] "GET /wp-content/themes/jnews/assets/dist/font/jegicon.woff HTTP/1.1" 200 7144 cronicareinodearagon.com "https://cronicareinodearagon.com/wp-content/themes/jnews/assets/dist/frontend.min.css?ver=10.7.9" "Mozilla/5.0 (X11; Linux x86_64) AppleWebKit/537.36 (KHTML, like Gecko) Chrome/121.0.6167.139 Safari/537.36 (compatible; Googlebot/2.1; +http://www.google.com/bot.html)" "-"
66.249.78.0 - - [05/Mar/2024:07:03:23 +0100] "GET /wp-content/themes/jnews/assets/dist/font/fontawesome-webfont.woff2 HTTP/1.1" 200 77160 cronicareinodearagon.com "https://cronicareinodearagon.com/wp-content/themes/jnews/assets/dist/frontend.min.css?ver=10.7.9" "Mozilla/5.0 (X11; Linux x86_64) AppleWebKit/537.36 (KHTML, like Gecko) Chrome/121.0.6167.139 Safari/537.36 (compatible; Googlebot/2.1; +http://www.google.com/bot.html)" "-"
66.249.72.0 - - [05/Mar/2024:07:03:23 +0100] "GET /wp-content/uploads/complianz/css/banner-1-optin.css?v=41 HTTP/1.1" 200 3432 cronicareinodearagon.com "https://cronicareinodearagon.com/aragon/grupo-carrreras-centro-produccion-hidrogeno/" "Mozilla/5.0 (X11; Linux x86_64) AppleWebKit/537.36 (KHTML, like Gecko) Chrome/121.0.6167.139 Safari/537.36 (compatible; Googlebot/2.1; +http://www.google.com/bot.html)" "-"
66.249.72.0 - - [05/Mar/2024:07:03:23 +0100] "GET /wp-content/uploads/2023/05/lamban-voto-elecciones-350x250.jpg HTTP/1.1" 200 18670 cronicareinodearagon.com "https://cronicareinodearagon.com/aragon/grupo-carrreras-centro-produccion-hidrogeno/" "Mozilla/5.0 (X11; Linux x86_64) AppleWebKit/537.36 (KHTML, like Gecko) Chrome/121.0.6167.139 Safari/537.36 (compatible; Googlebot/2.1; +http://www.google.com/bot.html)" "-"
66.249.78.0 - - [05/Mar/2024:07:03:23 +0100] "GET /wp-content/uploads/2023/05/carreras-hidrogeno.jpg HTTP/1.1" 200 281271 cronicareinodearagon.com "https://cronicareinodearagon.com/aragon/grupo-carrreras-centro-produccion-hidrogeno/" "Mozilla/5.0 (X11; Linux x86_64) AppleWebKit/537.36 (KHTML, like Gecko) Chrome/121.0.6167.139 Safari/537.36 (compatible; Googlebot/2.1; +http://www.google.com/bot.html)" "-"
66.249.72.0 - - [05/Mar/2024:07:03:23 +0100] "GET /wp-content/uploads/2023/05/resultados-autonomicas-aragon-350x250.jpg HTTP/1.1" 200 8462 cronicareinodearagon.com "https://cronicareinodearagon.com/aragon/grupo-carrreras-centro-produccion-hidrogeno/" "Mozilla/5.0 (X11; Linux x86_64) AppleWebKit/537.36 (KHTML, like Gecko) Chrome/121.0.6167.139 Safari/537.36 (compatible; Googlebot/2.1; +http://www.google.com/bot.html)" "-"
66.249.72.0 - - [05/Mar/2024:07:03:23 +0100] "GET /wp-content/uploads/2023/05/participacion-aragon-18.00-350x250.jpg HTTP/1.1" 200 10373 cronicareinodearagon.com "https://cronicareinodearagon.com/aragon/grupo-carrreras-centro-produccion-hidrogeno/" "Mozilla/5.0 (X11; Linux x86_64) AppleWebKit/537.36 (KHTML, like Gecko) Chrome/121.0.6167.139 Safari/537.36 (compatible; Googlebot/2.1; +http://www.google.com/bot.html)" "-"
66.249.72.0 - - [05/Mar/2024:07:03:24 +0100] "GET /wp-content/plugins/elementor/assets/lib/dialog/dialog.min.js?ver=4.9.0 HTTP/1.1" 200 3897 cronicareinodearagon.com "https://cronicareinodearagon.com/aragon/grupo-carrreras-centro-produccion-hidrogeno/" "Mozilla/5.0 (X11; Linux x86_64) AppleWebKit/537.36 (KHTML, like Gecko) Chrome/121.0.6167.139 Safari/537.36 (compatible; Googlebot/2.1; +http://www.google.com/bot.html)" "-"
66.249.78.0 - - [05/Mar/2024:07:03:24 +0100] "GET /wp-content/plugins/elementor/assets/js/lightbox.1b6e05e0607040eb8929.bundle.min.js HTTP/1.1" 200 11140 cronicareinodearagon.com "https://cronicareinodearagon.com/aragon/grupo-carrreras-centro-produccion-hidrogeno/" "Mozilla/5.0 (X11; Linux x86_64) AppleWebKit/537.36 (KHTML, like Gecko) Chrome/121.0.6167.139 Safari/537.36 (compatible; Googlebot/2.1; +http://www.google.com/bot.html)" "-"
66.249.78.0 - - [05/Mar/2024:07:03:24 +0100] "GET /wp-content/plugins/elementor/assets/lib/share-link/share-link.min.js?ver=3.15.2 HTTP/1.1" 200 1185 cronicareinodearagon.com "https://cronicareinodearagon.com/aragon/grupo-carrreras-centro-produccion-hidrogeno/" "Mozilla/5.0 (X11; Linux x86_64) AppleWebKit/537.36 (KHTML, like Gecko) Chrome/121.0.6167.139 Safari/537.36 (compatible; Googlebot/2.1; +http://www.google.com/bot.html)" "-"
66.249.78.0 - - [05/Mar/2024:07:03:24 +0100] "GET /wp-content/plugins/elementor/assets/js/text-editor.2c35aafbe5bf0e127950.bundle.min.js HTTP/1.1" 200 688 cronicareinodearagon.com "https://cronicareinodearagon.com/aragon/grupo-carrreras-centro-produccion-hidrogeno/" "Mozilla/5.0 (X11; Linux x86_64) AppleWebKit/537.36 (KHTML, like Gecko) Chrome/121.0.6167.139 Safari/537.36 (compatible; Googlebot/2.1; +http://www.google.com/bot.html)" "-"
66.249.72.0 - - [05/Mar/2024:07:03:24 +0100] "GET /wp-content/uploads/2022/10/CABECERA-CrAra_MOVIL.png HTTP/1.1" 200 3014 cronicareinodearagon.com "https://cronicareinodearagon.com/aragon/grupo-carrreras-centro-produccion-hidrogeno/" "Mozilla/5.0 (X11; Linux x86_64) AppleWebKit/537.36 (KHTML, like Gecko) Chrome/121.0.6167.139 Safari/537.36 (compatible; Googlebot/2.1; +http://www.google.com/bot.html)" "-"
66.249.84.0 - - [05/Mar/2024:07:04:22 +0100] "GET /category/educacion/feed/ HTTP/1.1" 200 56994 cronicareinodearagon.com "-" "FeedFetcher-Google; (+http://www.google.com/feedfetcher.html)" "-"
134.209.44.0 - - [05/Mar/2024:07:04:39 +0100] "POST /xmlrpc.php HTTP/1.1" 200 416 cronicareinodearagon.com "-" "Mozilla/5.0 (Windows NT 10.0; Win64; x64; rv:41.0) Gecko/20100101 Firefox/41.0" "-"
82.165.88.0 - - [05/Mar/2024:07:04:40 +0100] "POST /wp-cron.php?doing_wp_cron=1709618680.1875350475311279296875 HTTP/1.1" 200 - cronicareinodearagon.com "-" "WordPress/6.2.2; https://cronicareinodearagon.com" "-"
82.165.88.0 - - [05/Mar/2024:07:10:09 +0100] "POST /wp-cron.php?doing_wp_cron=1709619009.8218638896942138671875 HTTP/1.1" 200 - cronicareinodearagon.com "-" "WordPress/6.2.2; https://cronicareinodearagon.com" "-"
44.200.77.0 - - [05/Mar/2024:07:10:09 +0100] "GET /robots.txt HTTP/1.1" 200 202 cronicareinodearagon.com "-" "CCBot/2.0 (https://commoncrawl.org/faq/)" "-"
44.200.77.0 - - [05/Mar/2024:07:10:10 +0100] "GET /aragon/repullo-pp-andalucia-elecciones-municipales-sanz-sevilla-candidatos/ HTTP/1.1" 200 161648 cronicareinodearagon.com "-" "CCBot/2.0 (https://commoncrawl.org/faq/)" "-"
111.229.8.0 - - [05/Mar/2024:07:10:15 +0100] "POST /xmlrpc.php HTTP/1.1" 200 414 cronicareinodearagon.com "-" "Mozilla/5.0 (X11; Fedora; Linux x86_64; rv:94.0) Gecko/20100101 Firefox/95.0" "-"
66.249.84.0 - - [05/Mar/2024:07:11:07 +0100] "GET /category/sociedad/feed/ HTTP/1.1" 200 51420 cronicareinodearagon.com "-" "FeedFetcher-Google; (+http://www.google.com/feedfetcher.html)" "-"
82.165.88.0 - - [05/Mar/2024:07:11:21 +0100] "POST /wp-cron.php?doing_wp_cron=1709619081.8124608993530273437500 HTTP/1.1" 200 - cronicareinodearagon.com "-" "WordPress/6.2.2; https://cronicareinodearagon.com" "-"
44.200.77.0 - - [05/Mar/2024:07:11:21 +0100] "GET /aragon/juego-del-calamar-alerta-junta-andalucia/ HTTP/1.1" 200 35182 cronicareinodearagon.com "-" "CCBot/2.0 (https://commoncrawl.org/faq/)" "-"
82.165.88.0 - - [05/Mar/2024:07:14:19 +0100] "POST /wp-cron.php?doing_wp_cron=1709619259.7050449848175048828125 HTTP/1.1" 200 - cronicareinodearagon.com "-" "WordPress/6.2.2; https://cronicareinodearagon.com" "-"
44.200.77.0 - - [05/Mar/2024:07:14:19 +0100] "GET /economia/feria-vino-almeria-laujar-andarax/ HTTP/1.1" 200 34235 cronicareinodearagon.com "-" "CCBot/2.0 (https://commoncrawl.org/faq/)" "-"
82.165.88.0 - - [05/Mar/2024:07:16:16 +0100] "POST /wp-cron.php?doing_wp_cron=1709619376.9174931049346923828125 HTTP/1.1" 200 - cronicareinodearagon.com "-" "WordPress/6.2.2; https://cronicareinodearagon.com" "-"
44.200.77.0 - - [05/Mar/2024:07:16:16 +0100] "GET /category/politica/page/41/ HTTP/1.1" 200 131658 cronicareinodearagon.com "-" "CCBot/2.0 (https://commoncrawl.org/faq/)" "-"
74.125.212.0 - - [05/Mar/2024:07:17:27 +0100] "GET /category/economia/feed/ HTTP/1.1" 200 42774 cronicareinodearagon.com "-" "FeedFetcher-Google; (+http://www.google.com/feedfetcher.html)" "-"
44.200.77.0 - - [05/Mar/2024:07:18:10 +0100] "GET /sociedad/riada-setenil-de-las-bodegas/ HTTP/1.1" 200 166896 cronicareinodearagon.com "-" "CCBot/2.0 (https://commoncrawl.org/faq/)" "-"
82.165.88.0 - - [05/Mar/2024:07:18:11 +0100] "POST /wp-cron.php?doing_wp_cron=1709619491.2367260456085205078125 HTTP/1.1" 200 - cronicareinodearagon.com "-" "WordPress/6.2.2; https://cronicareinodearagon.com" "-"
45.55.158.0 - - [05/Mar/2024:07:18:17 +0100] "POST /wp-login.php HTTP/1.1" 200 9612 cronicareinodearagon.com "-" "Mozilla/5.0 (Windows NT 5.1) AppleWebKit/537.36 (KHTML, like Gecko) Chrome/47.0.2526.106 Safari/537.36" "-"
82.165.88.0 - - [05/Mar/2024:07:19:41 +0100] "POST /wp-cron.php?doing_wp_cron=1709619581.6408309936523437500000 HTTP/1.1" 200 - cronicareinodearagon.com "-" "WordPress/6.2.2; https://cronicareinodearagon.com" "-"
44.200.77.0 - - [05/Mar/2024:07:19:41 +0100] "GET /sociedad/afganistan-joebiden-retirada-tropas/ HTTP/1.1" 200 160262 cronicareinodearagon.com "-" "CCBot/2.0 (https://commoncrawl.org/faq/)" "-"
8.131.70.0 - - [05/Mar/2024:07:19:45 +0100] "POST /xmlrpc.php HTTP/1.1" 200 414 cronicareinodearagon.com "-" "Mozilla/5.0 (X11; Fedora; Linux x86_64; rv:94.0) Gecko/20100101 Firefox/95.0" "-"
184.154.76.0 - - [05/Mar/2024:07:19:47 +0100] "GET / HTTP/1.1" 200 336 www.cronicadeextremadura.com "http://www.google.com/url?url=www.cronicadeextremadura.com&yahoo.com" "Mozilla/5.0 (compatible; MSIE 9.0; Windows NT 6.1; WOW64; Trident/6.0)" "-"
184.154.76.0 - - [05/Mar/2024:07:19:47 +0100] "GET /th1s_1s_a_4o4.html HTTP/1.1" 404 596 www.cronicadeextremadura.com "http://www.google.com/url?url=www.cronicadeextremadura.com&yahoo.com" "Mozilla/5.0 (compatible; MSIE 9.0; Windows NT 6.1; WOW64; Trident/6.0)" "-"
184.154.76.0 - - [05/Mar/2024:07:19:48 +0100] "GET /spicons/templates/defaultsite/es-ES/images/domain_transfer.svg HTTP/1.1" 200 1201 www.cronicadeextremadura.com "http://www.google.com/url?url=www.cronicadeextremadura.com&yahoo.com" "Mozilla/5.0 (compatible; MSIE 9.0; Windows NT 6.1; WOW64; Trident/6.0)" "-"
184.154.76.0 - - [05/Mar/2024:07:19:48 +0100] "GET /spicons/templates/defaultsite/es-ES/images/domain.svg HTTP/1.1" 200 2095 www.cronicadeextremadura.com "-" "SiteLockSpider [en] (WinNT; I ;Nav)" "-"
184.154.76.0 - - [05/Mar/2024:07:19:49 +0100] "GET /domaincheckresult?__SBMT:d359e110d15:=1&__SYNT:d359e110d15:__CMD(domaincheckresult):RETWRP=domainselect&__SYNT:d359e110d15:__CMD(domaincheckresult):SELWRP=multicheck&__SYNT:d359e110d15:__forcestop=true&__pageflow=Order&__sendingdata=1&linkId=ct.btn.check.default-page-check&multicheck.Domain=1 HTTP/1.1" 404 596 www.cronicadeextremadura.com "-" "SiteLockSpider [en] (WinNT; I ;Nav)" "-"
184.154.76.0 - - [05/Mar/2024:07:19:49 +0100] "GET /defaultsite HTTP/1.1" 200 18994 www.cronicadeextremadura.com "-" "SiteLockSpider [en] (WinNT; I ;Nav)" "-"
184.154.76.0 - - [05/Mar/2024:07:19:52 +0100] "GET /spicons/templates/defaultsite/es-ES/images/css/main.css HTTP/1.1" 200 486180 www.cronicadeextremadura.com "http://www.google.com/url?url=www.cronicadeextremadura.com&yahoo.com" "Mozilla/5.0 (compatible; MSIE 9.0; Windows NT 6.1; WOW64; Trident/6.0)" "-"
184.154.76.0 - - [05/Mar/2024:07:19:53 +0100] "GET /spicons/templates/defaultsite/es-ES/images/ic-world.svg HTTP/1.1" 200 1248 www.cronicadeextremadura.com "-" "SiteLockSpider [en] (WinNT; I ;Nav)" "-"
184.154.76.0 - - [05/Mar/2024:07:19:53 +0100] "GET /domaincheckresult?__SBMT:d359e110d15:=1&__SYNT:d359e110d15:__CMD(domaincheckresult):RETWRP=domainselect&__SYNT:d359e110d15:__CMD(domaincheckresult):SELWRP=multicheck&__SYNT:d359e110d15:__forcestop=true&__pageflow=Order&__sendingdata=1&linkId=ct.btn.check.default-page-check&multicheck.Domain=1 HTTP/1.1" 404 596 www.cronicadeextremadura.com "-" "SiteLockSpider [en] (WinNT; I ;Nav)" "-"
82.165.88.0 - - [05/Mar/2024:07:21:19 +0100] "POST /wp-cron.php?doing_wp_cron=1709619679.5144100189208984375000 HTTP/1.1" 200 - cronicareinodearagon.com "-" "WordPress/6.2.2; https://cronicareinodearagon.com" "-"
44.200.77.0 - - [05/Mar/2024:07:21:19 +0100] "GET /sociedad/detenida-incendio-tienda-moda-los-palacios/ HTTP/1.1" 200 162673 cronicareinodearagon.com "-" "CCBot/2.0 (https://commoncrawl.org/faq/)" "-"
104.192.7.0 - - [05/Mar/2024:07:21:40 +0100] "POST /wp-login.php HTTP/1.1" 200 9620 cronicareinodearagon.com "-" "Mozilla/5.0 (Windows NT 5.1) AppleWebKit/537.36 (KHTML, like Gecko) Chrome/47.0.2526.106 Safari/537.36" "-"
44.200.77.0 - - [05/Mar/2024:07:22:24 +0100] "GET /aragon/criticas-plan-verano-sanidad-publica/ HTTP/1.1" 200 160716 cronicareinodearagon.com "-" "CCBot/2.0 (https://commoncrawl.org/faq/)" "-"
82.165.88.0 - - [05/Mar/2024:07:22:25 +0100] "POST /wp-cron.php?doing_wp_cron=1709619745.0230879783630371093750 HTTP/1.1" 200 - cronicareinodearagon.com "-" "WordPress/6.2.2; https://cronicareinodearagon.com" "-"
64.227.146.0 - - [05/Mar/2024:07:22:32 +0100] "POST /wp-login.php HTTP/1.1" 200 9591 cronicareinodearagon.com "-" "Mozilla/5.0 (Windows NT 6.1; Win64; x64) AppleWebKit/537.36 (KHTML, like Gecko) Chrome/78.0.3904.97 Safari/537.36" "-"
82.165.88.0 - - [05/Mar/2024:07:23:23 +0100] "POST /wp-cron.php?doing_wp_cron=1709619803.5626199245452880859375 HTTP/1.1" 200 - cronicareinodearagon.com "-" "WordPress/6.2.2; https://cronicareinodearagon.com" "-"
44.200.77.0 - - [05/Mar/2024:07:23:23 +0100] "GET /uncategorized/ayuntamiento-cadiz-pide-responsabilidad-junta-transicion-energetica/ HTTP/1.1" 200 168238 cronicareinodearagon.com "-" "CCBot/2.0 (https://commoncrawl.org/faq/)" "-"
82.165.88.0 - - [05/Mar/2024:07:24:22 +0100] "POST /wp-cron.php?doing_wp_cron=1709619862.4886159896850585937500 HTTP/1.1" 200 - cronicareinodearagon.com "-" "WordPress/6.2.2; https://cronicareinodearagon.com" "-"
44.200.77.0 - - [05/Mar/2024:07:24:22 +0100] "GET /politica/votaciones-municipales-cantabria/ HTTP/1.1" 200 156803 cronicareinodearagon.com "-" "CCBot/2.0 (https://commoncrawl.org/faq/)" "-"
44.200.77.0 - - [05/Mar/2024:07:25:53 +0100] "GET /aragon/junta-andalucia-anula-citas-tercera-dosis/ HTTP/1.1" 200 163286 cronicareinodearagon.com "-" "CCBot/2.0 (https://commoncrawl.org/faq/)" "-"
82.165.88.0 - - [05/Mar/2024:07:25:54 +0100] "POST /wp-cron.php?doing_wp_cron=1709619954.3527109622955322265625 HTTP/1.1" 200 - cronicareinodearagon.com "-" "WordPress/6.2.2; https://cronicareinodearagon.com" "-"
66.249.72.0 - - [05/Mar/2024:07:26:08 +0100] "GET /robots.txt HTTP/1.1" 301 251 cronicareinodearagon.com "-" "Mozilla/5.0 (compatible; Googlebot/2.1; +http://www.google.com/bot.html)" "-"
66.249.72.0 - - [05/Mar/2024:07:26:11 +0100] "GET / HTTP/1.1" 301 241 cronicareinodearagon.com "-" "Mozilla/5.0 (compatible; Googlebot/2.1; +http://www.google.com/bot.html)" "-"
66.249.78.0 - - [05/Mar/2024:07:26:12 +0100] "GET / HTTP/1.1" 200 41724 cronicareinodearagon.com "-" "Mozilla/5.0 (compatible; Googlebot/2.1; +http://www.google.com/bot.html)" "-"
66.249.78.0 - - [05/Mar/2024:07:26:16 +0100] "GET /wp-includes/css/classic-themes.min.css?ver=6.2.2 HTTP/1.1" 200 211 cronicareinodearagon.com "https://cronicareinodearagon.com/" "Mozilla/5.0 AppleWebKit/537.36 (KHTML, like Gecko; compatible; Googlebot/2.1; +http://www.google.com/bot.html) Chrome/121.0.6167.139 Safari/537.36" "-"
66.249.72.0 - - [05/Mar/2024:07:26:16 +0100] "GET /wp-content/plugins/elementor/assets/lib/eicons/css/elementor-icons.min.css?ver=5.21.0 HTTP/1.1" 200 4358 cronicareinodearagon.com "https://cronicareinodearagon.com/" "Mozilla/5.0 AppleWebKit/537.36 (KHTML, like Gecko; compatible; Googlebot/2.1; +http://www.google.com/bot.html) Chrome/121.0.6167.139 Safari/537.36" "-"
66.249.72.0 - - [05/Mar/2024:07:26:16 +0100] "GET /wp-includes/js/hoverIntent.min.js?ver=1.10.2 HTTP/1.1" 200 721 cronicareinodearagon.com "https://cronicareinodearagon.com/" "Mozilla/5.0 AppleWebKit/537.36 (KHTML, like Gecko; compatible; Googlebot/2.1; +http://www.google.com/bot.html) Chrome/121.0.6167.139 Safari/537.36" "-"
66.249.72.0 - - [05/Mar/2024:07:26:16 +0100] "GET /wp-includes/js/jquery/jquery.min.js?ver=3.6.4 HTTP/1.1" 200 36269 cronicareinodearagon.com "https://cronicareinodearagon.com/" "Mozilla/5.0 AppleWebKit/537.36 (KHTML, like Gecko; compatible; Googlebot/2.1; +http://www.google.com/bot.html) Chrome/121.0.6167.139 Safari/537.36" "-"
66.249.78.0 - - [05/Mar/2024:07:26:16 +0100] "GET /wp-content/plugins/elementor/assets/js/frontend-modules.min.js?ver=3.15.2 HTTP/1.1" 200 19256 cronicareinodearagon.com "https://cronicareinodearagon.com/" "Mozilla/5.0 AppleWebKit/537.36 (KHTML, like Gecko; compatible; Googlebot/2.1; +http://www.google.com/bot.html) Chrome/121.0.6167.139 Safari/537.36" "-"
66.249.72.0 - - [05/Mar/2024:07:26:17 +0100] "GET /wp-content/themes/jnews/assets/css/elementor-frontend.css?ver=10.7.9 HTTP/1.1" 200 215 cronicareinodearagon.com "https://cronicareinodearagon.com/" "Mozilla/5.0 AppleWebKit/537.36 (KHTML, like Gecko; compatible; Googlebot/2.1; +http://www.google.com/bot.html) Chrome/121.0.6167.139 Safari/537.36" "-"
66.249.78.0 - - [05/Mar/2024:07:26:17 +0100] "GET /wp-content/plugins/complianz-gdpr/cookiebanner/js/complianz.min.js?ver=6.4.4 HTTP/1.1" 200 12688 cronicareinodearagon.com "https://cronicareinodearagon.com/" "Mozilla/5.0 AppleWebKit/537.36 (KHTML, like Gecko; compatible; Googlebot/2.1; +http://www.google.com/bot.html) Chrome/121.0.6167.139 Safari/537.36" "-"
66.249.72.0 - - [05/Mar/2024:07:26:17 +0100] "GET /wp-content/uploads/complianz/css/banner-1-optin.css?v=41 HTTP/1.1" 200 3432 cronicareinodearagon.com "https://cronicareinodearagon.com/" "Mozilla/5.0 AppleWebKit/537.36 (KHTML, like Gecko; compatible; Googlebot/2.1; +http://www.google.com/bot.html) Chrome/121.0.6167.139 Safari/537.36" "-"
66.249.78.0 - - [05/Mar/2024:07:26:17 +0100] "GET /wp-content/plugins/elementor/assets/js/text-editor.2c35aafbe5bf0e127950.bundle.min.js HTTP/1.1" 200 688 cronicareinodearagon.com "https://cronicareinodearagon.com/" "Mozilla/5.0 AppleWebKit/537.36 (KHTML, like Gecko; compatible; Googlebot/2.1; +http://www.google.com/bot.html) Chrome/121.0.6167.139 Safari/537.36" "-"
66.249.72.0 - - [05/Mar/2024:07:26:25 +0100] "GET /wp-content/uploads/2023/05/lamban-voto-elecciones-350x250.jpg HTTP/1.1" 200 18670 cronicareinodearagon.com "-" "Googlebot-Image/1.0" "-"
66.249.72.0 - - [05/Mar/2024:07:26:25 +0100] "GET /wp-content/uploads/2023/05/educacion-sexualidad.jpg HTTP/1.1" 200 33443 cronicareinodearagon.com "-" "Googlebot-Image/1.0" "-"
66.249.72.0 - - [05/Mar/2024:07:26:25 +0100] "GET /wp-content/uploads/2023/05/resultados-autonomicas-aragon-360x180.jpg HTTP/1.1" 200 6711 cronicareinodearagon.com "-" "Googlebot-Image/1.0" "-"
66.249.72.0 - - [05/Mar/2024:07:26:26 +0100] "GET /wp-content/uploads/2023/05/programa-aceleracion-startups-aragon-360x180.jpg HTTP/1.1" 200 12284 cronicareinodearagon.com "-" "Googlebot-Image/1.0" "-"
66.249.72.0 - - [05/Mar/2024:07:26:26 +0100] "GET /wp-content/uploads/2023/05/novaltia-360x180.jpg HTTP/1.1" 200 10105 cronicareinodearagon.com "-" "Googlebot-Image/1.0" "-"
66.249.72.0 - - [05/Mar/2024:07:26:26 +0100] "GET /wp-content/uploads/2023/05/centro-salud-aragon.jpg HTTP/1.1" 200 38101 cronicareinodearagon.com "-" "Googlebot-Image/1.0" "-"
66.249.72.0 - - [05/Mar/2024:07:26:26 +0100] "GET /wp-content/uploads/2023/05/participacion-aragon-18.00.jpg HTTP/1.1" 200 23218 cronicareinodearagon.com "-" "Googlebot-Image/1.0" "-"
66.249.78.0 - - [05/Mar/2024:07:26:27 +0100] "GET /favicon.ico HTTP/1.1" 200 8895 cronicareinodearagon.com "-" "Googlebot-Image/1.0" "-"
66.249.72.0 - - [05/Mar/2024:07:26:27 +0100] "GET /wp-content/uploads/2023/05/practicas-medio-rural.jpg HTTP/1.1" 200 37849 cronicareinodearagon.com "-" "Googlebot-Image/1.0" "-"
66.249.72.0 - - [05/Mar/2024:07:26:27 +0100] "GET /wp-content/uploads/2023/05/templo-mercader.jpg HTTP/1.1" 200 370919 cronicareinodearagon.com "-" "Googlebot-Image/1.0" "-"
66.249.72.0 - - [05/Mar/2024:07:26:27 +0100] "GET /wp-content/uploads/2023/05/jornada-fima-digital.jpg HTTP/1.1" 200 32719 cronicareinodearagon.com "-" "Googlebot-Image/1.0" "-"
66.249.72.0 - - [05/Mar/2024:07:26:28 +0100] "GET /wp-content/uploads/2022/10/CABECERA-CrAra_Escritorio.png HTTP/1.1" 200 4995 cronicareinodearagon.com "-" "Googlebot-Image/1.0" "-"
66.249.72.0 - - [05/Mar/2024:07:26:31 +0100] "GET /wp-content/uploads/2023/05/astic-grupo-carreras.jpg HTTP/1.1" 200 29876 cronicareinodearagon.com "-" "Googlebot-Image/1.0" "-"
82.165.88.0 - - [05/Mar/2024:07:26:31 +0100] "POST /wp-cron.php?doing_wp_cron=1709619991.8675220012664794921875 HTTP/1.1" 200 - cronicareinodearagon.com "-" "WordPress/6.2.2; https://cronicareinodearagon.com" "-"
66.249.78.0 - - [05/Mar/2024:07:26:31 +0100] "GET /robots.txt HTTP/1.1" 200 202 cronicareinodearagon.com "-" "Mozilla/5.0 (compatible; Googlebot/2.1; +http://www.google.com/bot.html)" "-"
44.200.77.0 - - [05/Mar/2024:07:26:54 +0100] "GET /sociedad/aulas-muel-diputacion-zaragoza/ HTTP/1.1" 200 160946 cronicareinodearagon.com "-" "CCBot/2.0 (https://commoncrawl.org/faq/)" "-"
82.165.88.0 - - [05/Mar/2024:07:26:55 +0100] "POST /wp-cron.php?doing_wp_cron=1709620015.3683509826660156250000 HTTP/1.1" 200 - cronicareinodearagon.com "-" "WordPress/6.2.2; https://cronicareinodearagon.com" "-"
82.165.88.0 - - [05/Mar/2024:07:28:02 +0100] "POST /wp-cron.php?doing_wp_cron=1709620082.5751070976257324218750 HTTP/1.1" 200 - cronicareinodearagon.com "-" "WordPress/6.2.2; https://cronicareinodearagon.com" "-"
44.200.77.0 - - [05/Mar/2024:07:28:02 +0100] "GET /politica/fallece-jose-guirao-ex-ministro-cultura/ HTTP/1.1" 200 163084 cronicareinodearagon.com "-" "CCBot/2.0 (https://commoncrawl.org/faq/)" "-"
190.205.108.0 - - [05/Mar/2024:07:28:34 +0100] "POST /xmlrpc.php HTTP/1.1" 200 414 cronicareinodearagon.com "-" "Mozilla/5.0 (X11; Fedora; Linux x86_64; rv:94.0) Gecko/20100101 Firefox/95.0" "-"
82.165.88.0 - - [05/Mar/2024:07:29:29 +0100] "POST /wp-cron.php?doing_wp_cron=1709620169.8549470901489257812500 HTTP/1.1" 200 - cronicareinodearagon.com "-" "WordPress/6.2.2; https://cronicareinodearagon.com" "-"
44.200.77.0 - - [05/Mar/2024:07:29:29 +0100] "GET /aragon/soro-chunta-aragonesista-escuela-gratuita/ HTTP/1.1" 200 164359 cronicareinodearagon.com "-" "CCBot/2.0 (https://commoncrawl.org/faq/)" "-"
82.165.88.0 - - [05/Mar/2024:07:30:28 +0100] "POST /wp-cron.php?doing_wp_cron=1709620228.9622089862823486328125 HTTP/1.1" 200 - cronicareinodearagon.com "-" "WordPress/6.2.2; https://cronicareinodearagon.com" "-"
2a01:4f8:100:: - - [05/Mar/2024:07:30:28 +0100] "POST /xmlrpc.php HTTP/1.1" 200 416 cronicareinodearagon.com "-" "Mozilla/5.0 (Windows NT 10.0; Win64; x64; rv:67.0) Gecko/20100101 Firefox/67.0" "-"
44.200.77.0 - - [05/Mar/2024:07:30:29 +0100] "GET /aragon/chunta-aragonesista-empesa-publica-energia/ HTTP/1.1" 200 162029 cronicareinodearagon.com "-" "CCBot/2.0 (https://commoncrawl.org/faq/)" "-"
