66.249.66.0 - - [29/Dec/2023:12:23:25 +0100] "GET /aragon/algeciras-buque-fuel-andalucia-gibraltar-cadiz-vertido-costa/ HTTP/1.1" 200 34235 cronicareinodearagon.com "-" "Mozilla/5.0 (Linux; Android 6.0.1; Nexus 5X Build/MMB29P) AppleWebKit/537.36 (KHTML, like Gecko) Chrome/120.0.6099.71 Mobile Safari/537.36 (compatible; Googlebot/2.1; +http://www.google.com/bot.html)" "-"
66.249.66.0 - - [29/Dec/2023:12:23:34 +0100] "GET /wp-includes/js/jquery/jquery.min.js?ver=3.6.4 HTTP/1.1" 200 36269 cronicareinodearagon.com "https://cronicareinodearagon.com/aragon/algeciras-buque-fuel-andalucia-gibraltar-cadiz-vertido-costa/" "Mozilla/5.0 (Linux; Android 6.0.1; Nexus 5X Build/MMB29P) AppleWebKit/537.36 (KHTML, like Gecko) Chrome/120.0.6099.71 Mobile Safari/537.36 (compatible; Googlebot/2.1; +http://www.google.com/bot.html)" "-"
66.249.66.0 - - [29/Dec/2023:12:23:36 +0100] "GET /wp-content/plugins/elementor/assets/lib/dialog/dialog.min.js?ver=4.9.0 HTTP/1.1" 200 3897 cronicareinodearagon.com "https://cronicareinodearagon.com/aragon/algeciras-buque-fuel-andalucia-gibraltar-cadiz-vertido-costa/" "Mozilla/5.0 (Linux; Android 6.0.1; Nexus 5X Build/MMB29P) AppleWebKit/537.36 (KHTML, like Gecko) Chrome/120.0.6099.71 Mobile Safari/537.36 (compatible; Googlebot/2.1; +http://www.google.com/bot.html)" "-"
66.249.76.0 - - [29/Dec/2023:12:23:38 +0100] "GET /wp-content/plugins/elementor/assets/js/text-editor.2c35aafbe5bf0e127950.bundle.min.js HTTP/1.1" 200 688 cronicareinodearagon.com "https://cronicareinodearagon.com/aragon/algeciras-buque-fuel-andalucia-gibraltar-cadiz-vertido-costa/" "Mozilla/5.0 (Linux; Android 6.0.1; Nexus 5X Build/MMB29P) AppleWebKit/537.36 (KHTML, like Gecko) Chrome/120.0.6099.71 Mobile Safari/537.36 (compatible; Googlebot/2.1; +http://www.google.com/bot.html)" "-"
82.165.224.0 - - [29/Dec/2023:12:23:55 +0100] "GET /aragon/resultados-elecciones-autonomicas-municipales-aragon/ HTTP/1.1" 200 36141 cronicareinodearagon.com "-" "IonCrawl (https://www.ionos.de/terms-gtc/faq-crawler-en/)" "-"
82.165.224.0 - - [29/Dec/2023:12:23:55 +0100] "HEAD /aviso-legal/ HTTP/1.1" 200 - cronicareinodearagon.com "-" "Java/1.8.0_362" "-"
82.165.88.0 - - [29/Dec/2023:12:23:56 +0100] "POST /wp-cron.php?doing_wp_cron=1703849036.1292879581451416015625 HTTP/1.1" 200 - cronicareinodearagon.com "-" "WordPress/6.2.2; https://cronicareinodearagon.com" "-"
82.165.224.0 - - [29/Dec/2023:12:23:56 +0100] "GET /aragon/segundo-avance-participacion-elecciones-aragon/ HTTP/1.1" 200 35340 cronicareinodearagon.com "-" "IonCrawl (https://www.ionos.de/terms-gtc/faq-crawler-en/)" "-"
82.165.224.0 - - [29/Dec/2023:12:23:57 +0100] "HEAD /aviso-legal/ HTTP/1.1" 200 - cronicareinodearagon.com "-" "Java/1.8.0_362" "-"
82.165.224.0 - - [29/Dec/2023:12:23:57 +0100] "GET /category/aragon/huesca/ HTTP/1.1" 200 29464 cronicareinodearagon.com "-" "IonCrawl (https://www.ionos.de/terms-gtc/faq-crawler-en/)" "-"
82.165.224.0 - - [29/Dec/2023:12:23:57 +0100] "HEAD /aviso-legal/ HTTP/1.1" 200 - cronicareinodearagon.com "-" "Java/1.8.0_362" "-"
82.165.224.0 - - [29/Dec/2023:12:23:59 +0100] "GET /category/aragon/ HTTP/1.1" 200 29285 cronicareinodearagon.com "-" "IonCrawl (https://www.ionos.de/terms-gtc/faq-crawler-en/)" "-"
82.165.224.0 - - [29/Dec/2023:12:23:59 +0100] "HEAD /aviso-legal/ HTTP/1.1" 200 - cronicareinodearagon.com "-" "Java/1.8.0_362" "-"
82.165.224.0 - - [29/Dec/2023:12:24:00 +0100] "HEAD /aragon/nuevo-programa-de-aceleracion-gratuito-para-empresas-innovadoras/ HTTP/1.1" 200 - cronicareinodearagon.com "-" "Java/1.8.0_362" "-"
82.165.224.0 - - [29/Dec/2023:12:24:02 +0100] "GET /aragon/astic-reconocimiento-carreras-grupo/ HTTP/1.1" 200 32607 cronicareinodearagon.com "-" "IonCrawl (https://www.ionos.de/terms-gtc/faq-crawler-en/)" "-"
82.165.224.0 - - [29/Dec/2023:12:24:02 +0100] "HEAD /aviso-legal/ HTTP/1.1" 200 - cronicareinodearagon.com "-" "Java/1.8.0_362" "-"
82.165.224.0 - - [29/Dec/2023:12:24:08 +0100] "GET /author/redaccion/ HTTP/1.1" 301 - cronicareinodearagon.com "-" "IonCrawl (https://www.ionos.de/terms-gtc/faq-crawler-en/)" "-"
82.165.224.0 - - [29/Dec/2023:12:24:11 +0100] "GET /aragon/educacion-sexual-edades-tempranas-aragon/ HTTP/1.1" 200 33450 cronicareinodearagon.com "-" "IonCrawl (https://www.ionos.de/terms-gtc/faq-crawler-en/)" "-"
82.165.224.0 - - [29/Dec/2023:12:24:11 +0100] "HEAD /aviso-legal/ HTTP/1.1" 200 - cronicareinodearagon.com "-" "Java/1.8.0_362" "-"
82.165.224.0 - - [29/Dec/2023:12:24:13 +0100] "GET /aragon/guitarte-teruel-existe-cierre-campana/ HTTP/1.1" 200 39977 cronicareinodearagon.com "-" "IonCrawl (https://www.ionos.de/terms-gtc/faq-crawler-en/)" "-"
82.165.224.0 - - [29/Dec/2023:12:24:13 +0100] "HEAD /aviso-legal/ HTTP/1.1" 200 - cronicareinodearagon.com "-" "Java/1.8.0_362" "-"
82.165.224.0 - - [29/Dec/2023:12:24:15 +0100] "GET /america/lula-da-silva-apoyo-vinicius-ataques-racistas/ HTTP/1.1" 200 34597 cronicareinodearagon.com "-" "IonCrawl (https://www.ionos.de/terms-gtc/faq-crawler-en/)" "-"
82.165.224.0 - - [29/Dec/2023:12:24:15 +0100] "HEAD /aviso-legal/ HTTP/1.1" 200 - cronicareinodearagon.com "-" "Java/1.8.0_362" "-"
82.165.224.0 - - [29/Dec/2023:12:24:16 +0100] "GET /aragon/fima-digital-jornada-maquinaria-agricola/ HTTP/1.1" 200 34268 cronicareinodearagon.com "-" "IonCrawl (https://www.ionos.de/terms-gtc/faq-crawler-en/)" "-"
82.165.224.0 - - [29/Dec/2023:12:24:16 +0100] "HEAD /aviso-legal/ HTTP/1.1" 200 - cronicareinodearagon.com "-" "Java/1.8.0_362" "-"
82.165.224.0 - - [29/Dec/2023:12:24:17 +0100] "GET / HTTP/1.1" 200 319423 cronicareinodearagon.com "-" "IonCrawl (https://www.ionos.de/terms-gtc/faq-crawler-en/)" "-"
82.165.224.0 - - [29/Dec/2023:12:24:17 +0100] "GET /aragon/aragon-vacunacion-neumococo-junio/ HTTP/1.1" 200 161601 cronicareinodearagon.com "-" "IonCrawl (https://www.ionos.de/terms-gtc/faq-crawler-en/)" "-"
82.165.224.0 - - [29/Dec/2023:12:24:17 +0100] "HEAD /aragon/el-gobierno-de-aragon-impulsa-nueve-proyectos-empresariales-de-id-en-sector-farmaceutico-y-movilidad-sostenible/ HTTP/1.1" 200 - cronicareinodearagon.com "-" "Java/1.8.0_362" "-"
82.165.224.0 - - [29/Dec/2023:12:24:17 +0100] "HEAD /aviso-legal/ HTTP/1.1" 200 - cronicareinodearagon.com "-" "Java/1.8.0_362" "-"
82.165.224.0 - - [29/Dec/2023:12:24:17 +0100] "HEAD /aviso-legal/ HTTP/1.1" 200 - cronicareinodearagon.com "-" "Java/1.8.0_362" "-"
82.165.224.0 - - [29/Dec/2023:12:24:18 +0100] "HEAD /aragon/nuevo-programa-de-aceleracion-gratuito-para-empresas-innovadoras/ HTTP/1.1" 200 - cronicareinodearagon.com "-" "Java/1.8.0_362" "-"
82.165.224.0 - - [29/Dec/2023:12:24:20 +0100] "GET /aragon/el-biogas-como-aliado-en-la-descarbonizacion-tematica-de-jornada-de-itainnova-circe-y-clenar/ HTTP/1.1" 200 34285 cronicareinodearagon.com "-" "IonCrawl (https://www.ionos.de/terms-gtc/faq-crawler-en/)" "-"
82.165.224.0 - - [29/Dec/2023:12:24:20 +0100] "HEAD /aviso-legal/ HTTP/1.1" 200 - cronicareinodearagon.com "-" "Java/1.8.0_362" "-"
82.165.224.0 - - [29/Dec/2023:12:24:20 +0100] "GET /aragon/avance-participacion-elecciones-aragon/ HTTP/1.1" 200 35522 cronicareinodearagon.com "-" "IonCrawl (https://www.ionos.de/terms-gtc/faq-crawler-en/)" "-"
82.165.224.0 - - [29/Dec/2023:12:24:20 +0100] "GET /america/el-templo-de-los-mercaderes/ HTTP/1.1" 200 42612 cronicareinodearagon.com "-" "IonCrawl (https://www.ionos.de/terms-gtc/faq-crawler-en/)" "-"
82.165.224.0 - - [29/Dec/2023:12:24:21 +0100] "GET /category/america/ HTTP/1.1" 200 28326 cronicareinodearagon.com "-" "IonCrawl (https://www.ionos.de/terms-gtc/faq-crawler-en/)" "-"
82.165.224.0 - - [29/Dec/2023:12:24:21 +0100] "HEAD /aviso-legal/ HTTP/1.1" 200 - cronicareinodearagon.com "-" "Java/1.8.0_362" "-"
82.165.224.0 - - [29/Dec/2023:12:24:21 +0100] "HEAD /aviso-legal/ HTTP/1.1" 200 - cronicareinodearagon.com "-" "Java/1.8.0_362" "-"
82.165.224.0 - - [29/Dec/2023:12:24:21 +0100] "HEAD /aviso-legal/ HTTP/1.1" 200 - cronicareinodearagon.com "-" "Java/1.8.0_362" "-"
90.156.169.0 - - [29/Dec/2023:12:35:07 +0100] "GET /style.php?sig=rename HTTP/1.1" 301 261 cronicareinodearagon.com "-" "Mozilla/5.0 (Linux; Android 9.0; Pixel 2 XL Build/PPP4.180612.004; Windows 10 Mobile) AppleWebKit/537.36 (KHTML, like Gecko) Chrome/71.0.3552.0 Mobile Safari/537.36" "-"
90.156.169.0 - - [29/Dec/2023:12:35:09 +0100] "GET /style.php?sig=rename HTTP/1.1" 404 144868 cronicareinodearagon.com "-" "Mozilla/5.0 (Linux; Android 9.0; Pixel 2 XL Build/PPP4.180612.004; Windows 10 Mobile) AppleWebKit/537.36 (KHTML, like Gecko) Chrome/71.0.3552.0 Mobile Safari/537.36" "-"
82.165.88.0 - - [29/Dec/2023:12:35:10 +0100] "POST /wp-cron.php?doing_wp_cron=1703849710.0169870853424072265625 HTTP/1.1" 200 - cronicareinodearagon.com "-" "WordPress/6.2.2; https://cronicareinodearagon.com" "-"
185.191.171.0 - - [29/Dec/2023:12:35:19 +0100] "GET /politica/lamban-defiende-un-aragon-con-voz-propia-frente-al-ruido-frentismo-crispacion-e-insultos-del-pp-de-azcon/ HTTP/1.1" 200 36782 cronicareinodearagon.com "-" "Mozilla/5.0 (compatible; SemrushBot/7~bl; +http://www.semrush.com/bot.html)" "-"
185.191.171.0 - - [29/Dec/2023:12:39:18 +0100] "GET /aragon/viviendas-irregulares-sorbas-almeria/ HTTP/1.1" 200 35960 cronicareinodearagon.com "-" "Mozilla/5.0 (compatible; SemrushBot/7~bl; +http://www.semrush.com/bot.html)" "-"
82.165.88.0 - - [29/Dec/2023:12:39:19 +0100] "POST /wp-cron.php?doing_wp_cron=1703849959.2161319255828857421875 HTTP/1.1" 200 - cronicareinodearagon.com "-" "WordPress/6.2.2; https://cronicareinodearagon.com" "-"
66.102.6.0 - - [29/Dec/2023:12:39:43 +0100] "GET /category/economia/feed/ HTTP/1.1" 200 12913 cronicareinodearagon.com "-" "FeedFetcher-Google; (+http://www.google.com/feedfetcher.html)" "-"
74.125.209.0 - - [29/Dec/2023:12:41:38 +0100] "GET /category/politica/feed/ HTTP/1.1" 200 18273 cronicareinodearagon.com "-" "FeedFetcher-Google; (+http://www.google.com/feedfetcher.html)" "-"
2a01:7c8:bb00:: - - [29/Dec/2023:12:45:28 +0100] "POST /xmlrpc.php HTTP/1.1" 200 416 cronicareinodearagon.com "-" "Mozilla/5.0 (Windows NT 10.0; Win64; x64; rv:98.0) Gecko/20100101 Firefox/98.0" "-"
82.165.88.0 - - [29/Dec/2023:12:45:29 +0100] "POST /wp-cron.php?doing_wp_cron=1703850329.1130969524383544921875 HTTP/1.1" 200 - cronicareinodearagon.com "-" "WordPress/6.2.2; https://cronicareinodearagon.com" "-"
85.208.96.0 - - [29/Dec/2023:12:47:37 +0100] "GET /category/aragon/page/10/ HTTP/1.1" 200 29637 cronicareinodearagon.com "-" "Mozilla/5.0 (compatible; SemrushBot/7~bl; +http://www.semrush.com/bot.html)" "-"
74.125.209.0 - - [29/Dec/2023:12:47:52 +0100] "GET /category/politica/feed/ HTTP/1.1" 200 18273 cronicareinodearagon.com "-" "FeedFetcher-Google; (+http://www.google.com/feedfetcher.html)" "-"
82.165.88.0 - - [29/Dec/2023:12:49:15 +0100] "POST /wp-cron.php?doing_wp_cron=1703850555.5014779567718505859375 HTTP/1.1" 200 - cronicareinodearagon.com "-" "WordPress/6.2.2; https://cronicareinodearagon.com" "-"
85.208.96.0 - - [29/Dec/2023:12:49:15 +0100] "GET /aragon/chunta-aragonesista-mitin-central-huesca/ HTTP/1.1" 200 34713 cronicareinodearagon.com "-" "Mozilla/5.0 (compatible; SemrushBot/7~bl; +http://www.semrush.com/bot.html)" "-"
66.249.66.0 - - [29/Dec/2023:12:54:19 +0100] "GET /wp-content/uploads/2022/09/Reunion-Algeciras.jpg HTTP/1.1" 200 104478 cronicareinodearagon.com "-" "Googlebot-Image/1.0" "-"
185.191.171.0 - - [29/Dec/2023:12:55:05 +0100] "GET /aragon/gastricaitool-itainnova-cancer-gastrico/ HTTP/1.1" 200 34205 cronicareinodearagon.com "-" "Mozilla/5.0 (compatible; SemrushBot/7~bl; +http://www.semrush.com/bot.html)" "-"
72.167.59.0 - - [29/Dec/2023:12:57:20 +0100] "GET /style.php?sig=rename HTTP/1.1" 404 596 grupocronicaenlibertad.com "-" "Mozilla/5.0 (Windows NT 10.0; Win64; x64) AppleWebKit/537.36 (KHTML, like Gecko) Chrome/85.0.4183.102 Safari/537.36" "-"
85.208.96.0 - - [29/Dec/2023:13:08:00 +0100] "GET /wp-comments-post.php HTTP/1.1" 405 - cronicareinodearagon.com "-" "Mozilla/5.0 (compatible; SemrushBot/7~bl; +http://www.semrush.com/bot.html)" "-"
74.125.209.0 - - [29/Dec/2023:13:15:56 +0100] "GET /category/politica/feed/ HTTP/1.1" 200 18273 cronicareinodearagon.com "-" "FeedFetcher-Google; (+http://www.google.com/feedfetcher.html)" "-"
167.71.191.0 - - [29/Dec/2023:13:19:58 +0100] "POST /xmlrpc.php HTTP/1.1" 200 416 cronicareinodearagon.com "-" "Mozilla/5.0 (Windows NT 10.0; Win64; x64) AppleWebKit/537.36 (KHTML, like Gecko) Chrome/80.0.3987.163 Safari/537.36" "-"
82.165.88.0 - - [29/Dec/2023:13:19:59 +0100] "POST /wp-cron.php?doing_wp_cron=1703852399.7641770839691162109375 HTTP/1.1" 200 - cronicareinodearagon.com "-" "WordPress/6.2.2; https://cronicareinodearagon.com" "-"
2a03:6f00:: - - [29/Dec/2023:13:20:03 +0100] "POST /xmlrpc.php HTTP/1.1" 200 416 cronicareinodearagon.com "-" "Mozilla/5.0 (Windows NT 10.0; Win64; x64) AppleWebKit/537.36 (KHTML, like Gecko) Chrome/83.0.4103.116 Safari/537.36" "-"
47.251.36.0 - - [29/Dec/2023:13:20:10 +0100] "POST /xmlrpc.php HTTP/1.1" 200 416 cronicareinodearagon.com "-" "Mozilla/5.0 (Windows NT 10.0; Win64; x64) AppleWebKit/537.36 (KHTML, like Gecko) Chrome/69.0.3497.100 Safari/537.36" "-"
154.39.199.0 - - [29/Dec/2023:13:20:13 +0100] "POST /xmlrpc.php HTTP/1.1" 200 416 cronicareinodearagon.com "-" "Mozilla/5.0 (Windows NT 5.1; rv:33.0) Gecko/20100101 Firefox/33.0" "-"
198.71.230.0 - - [29/Dec/2023:13:20:18 +0100] "POST /xmlrpc.php HTTP/1.1" 200 416 cronicareinodearagon.com "-" "Mozilla/5.0 (Windows NT 10.0; Win64; x64) AppleWebKit/537.36 (KHTML, like Gecko) Chrome/69.0.3497.100 Safari/537.36" "-"
2605:a141:2100:: - - [29/Dec/2023:13:20:19 +0100] "POST /xmlrpc.php HTTP/1.1" 200 416 cronicareinodearagon.com "-" "Mozilla/5.0 (Linux; Android 10; SM-A102U) AppleWebKit/537.36 (KHTML, like Gecko) Chrome/91.0.4472.114 Mobile Safari/537.36" "-"
74.125.209.0 - - [29/Dec/2023:13:20:26 +0100] "GET /category/educacion/feed/ HTTP/1.1" 200 16487 cronicareinodearagon.com "-" "FeedFetcher-Google; (+http://www.google.com/feedfetcher.html)" "-"
51.79.241.0 - - [29/Dec/2023:13:20:37 +0100] "POST /xmlrpc.php HTTP/1.1" 200 416 cronicareinodearagon.com "-" "Mozilla/5.0 (Windows NT 5.1; rv:52.0) Gecko/20100101 Firefox/52.0" "-"
184.154.139.0 - - [29/Dec/2023:13:21:53 +0100] "GET / HTTP/1.1" 200 336 www.cronicadeasturias.com "http://www.google.com/url?url=www.cronicadeasturias.com&yahoo.com" "Mozilla/5.0 (compatible; MSIE 9.0; Windows NT 6.1; WOW64; Trident/6.0)" "-"
184.154.139.0 - - [29/Dec/2023:13:21:53 +0100] "GET /th1s_1s_a_4o4.html HTTP/1.1" 404 596 www.cronicadeasturias.com "http://www.google.com/url?url=www.cronicadeasturias.com&yahoo.com" "Mozilla/5.0 (compatible; MSIE 9.0; Windows NT 6.1; WOW64; Trident/6.0)" "-"
184.154.139.0 - - [29/Dec/2023:13:21:54 +0100] "GET /spicons/templates/defaultsite/es-ES/images/domain.svg HTTP/1.1" 200 2095 www.cronicadeasturias.com "http://www.google.com/url?url=www.cronicadeasturias.com&yahoo.com" "Mozilla/5.0 (compatible; MSIE 9.0; Windows NT 6.1; WOW64; Trident/6.0)" "-"
184.154.139.0 - - [29/Dec/2023:13:21:54 +0100] "GET /defaultsite HTTP/1.1" 200 18994 www.cronicadeasturias.com "-" "SiteLockSpider [en] (WinNT; I ;Nav)" "-"
184.154.139.0 - - [29/Dec/2023:13:21:55 +0100] "GET /spicons/templates/defaultsite/es-ES/images/domain_transfer.svg HTTP/1.1" 200 1201 www.cronicadeasturias.com "-" "SiteLockSpider [en] (WinNT; I ;Nav)" "-"
184.154.139.0 - - [29/Dec/2023:13:21:55 +0100] "GET /spicons/templates/defaultsite/es-ES/images/css/main.css HTTP/1.1" 200 486180 www.cronicadeasturias.com "http://www.google.com/url?url=www.cronicadeasturias.com&yahoo.com" "Mozilla/5.0 (compatible; MSIE 9.0; Windows NT 6.1; WOW64; Trident/6.0)" "-"
184.154.139.0 - - [29/Dec/2023:13:21:56 +0100] "GET /domaincheckresult?__SBMT:d359e110d15:=1&__SYNT:d359e110d15:__CMD(domaincheckresult):RETWRP=domainselect&__SYNT:d359e110d15:__CMD(domaincheckresult):SELWRP=multicheck&__SYNT:d359e110d15:__forcestop=true&__pageflow=Order&__sendingdata=1&linkId=ct.btn.check.default-page-check&multicheck.Domain=1 HTTP/1.1" 404 596 www.cronicadeasturias.com "-" "SiteLockSpider [en] (WinNT; I ;Nav)" "-"
128.199.229.0 - - [29/Dec/2023:13:26:35 +0100] "GET /Mshell.php HTTP/1.1" 301 251 cronicareinodearagon.com "www.google.com" "Mozlila/5.0 (Linux; Android 7.0; SM-G892A Bulid/NRD90M; wv) AppleWebKit/537.36 (KHTML, like Gecko) Version/4.0 Chrome/60.0.3112.107 Moblie Safari/537.36" "-"
128.199.229.0 - - [29/Dec/2023:13:26:38 +0100] "GET /Mshell.php HTTP/1.1" 404 144871 cronicareinodearagon.com "www.google.com" "Mozlila/5.0 (Linux; Android 7.0; SM-G892A Bulid/NRD90M; wv) AppleWebKit/537.36 (KHTML, like Gecko) Version/4.0 Chrome/60.0.3112.107 Moblie Safari/537.36" "-"
82.165.88.0 - - [29/Dec/2023:13:26:39 +0100] "POST /wp-cron.php?doing_wp_cron=1703852799.2721679210662841796875 HTTP/1.1" 200 - cronicareinodearagon.com "-" "WordPress/6.2.2; https://cronicareinodearagon.com" "-"
82.165.88.0 - - [29/Dec/2023:13:27:33 +0100] "POST /wp-cron.php?doing_wp_cron=1703852853.6838800907135009765625 HTTP/1.1" 200 - cronicareinodearagon.com "-" "WordPress/6.2.2; https://cronicareinodearagon.com" "-"
185.191.171.0 - - [29/Dec/2023:13:27:33 +0100] "GET /robots.txt HTTP/1.1" 200 202 cronicareinodearagon.com "-" "Mozilla/5.0 (compatible; SemrushBot/7~bl; +http://www.semrush.com/bot.html)" "-"
85.208.96.0 - - [29/Dec/2023:13:27:34 +0100] "GET /politica/taxi-cordoba-ayuntamiento-pp-suplementos-facua/ HTTP/1.1" 200 33595 cronicareinodearagon.com "-" "Mozilla/5.0 (compatible; SemrushBot/7~bl; +http://www.semrush.com/bot.html)" "-"
54.246.228.0 - - [29/Dec/2023:13:30:35 +0100] "GET /robots.txt HTTP/1.1" 200 188 cronicadejaen.com "-" "Pandalytics/1.0 (https://domainsbot.com/pandalytics/)" "-"
54.246.228.0 - - [29/Dec/2023:13:30:36 +0100] "GET / HTTP/1.1" 200 336 cronicadejaen.com "-" "Pandalytics/1.0 (https://domainsbot.com/pandalytics/)" "-"
85.208.96.0 - - [29/Dec/2023:13:30:48 +0100] "GET /sociedad/embalses-sevilla-sequia/ HTTP/1.1" 200 35901 cronicareinodearagon.com "-" "Mozilla/5.0 (compatible; SemrushBot/7~bl; +http://www.semrush.com/bot.html)" "-"
82.165.88.0 - - [29/Dec/2023:13:30:49 +0100] "POST /wp-cron.php?doing_wp_cron=1703853049.1135900020599365234375 HTTP/1.1" 200 - cronicareinodearagon.com "-" "WordPress/6.2.2; https://cronicareinodearagon.com" "-"
157.55.39.0 - - [29/Dec/2023:13:30:55 +0100] "GET /opinion/derecho-propia-imagen-sociedad-digital/ HTTP/1.1" 200 172258 cronicareinodearagon.com "-" "Mozilla/5.0 AppleWebKit/537.36 (KHTML, like Gecko; compatible; bingbot/2.0; +http://www.bing.com/bingbot.htm) Chrome/116.0.1938.76 Safari/537.36" "-"
185.191.171.0 - - [29/Dec/2023:13:31:02 +0100] "GET /category/aragon/page/31/ HTTP/1.1" 200 147301 cronicareinodearagon.com "-" "Mozilla/5.0 (compatible; SemrushBot/7~bl; +http://www.semrush.com/bot.html)" "-"
82.165.88.0 - - [29/Dec/2023:13:33:43 +0100] "POST /wp-cron.php?doing_wp_cron=1703853223.5556340217590332031250 HTTP/1.1" 200 - cronicareinodearagon.com "-" "WordPress/6.2.2; https://cronicareinodearagon.com" "-"
74.125.209.0 - - [29/Dec/2023:13:33:43 +0100] "GET /category/sociedad/feed/ HTTP/1.1" 200 16233 cronicareinodearagon.com "-" "FeedFetcher-Google; (+http://www.google.com/feedfetcher.html)" "-"
65.109.146.0 - - [29/Dec/2023:13:37:46 +0100] "GET / HTTP/1.1" 200 336 cronicadealmeria.com "-" "Mozilla/5.0 (Windows NT 10.0; Win64; x64) AppleWebKit/537.36 (KHTML, like Gecko) Chrome/118.0.0.0 Safari/537.36" "-"
65.109.146.0 - - [29/Dec/2023:13:37:47 +0100] "GET / HTTP/1.1" 200 336 cronicadecordoba.com "-" "Mozilla/5.0 (Windows NT 10.0; Win64; x64) AppleWebKit/537.36 (KHTML, like Gecko) Chrome/118.0.0.0 Safari/537.36" "-"
65.109.146.0 - - [29/Dec/2023:13:37:47 +0100] "GET / HTTP/1.1" 200 336 cronicadelpaisvalenciano.com "-" "Mozilla/5.0 (Windows NT 10.0; Win64; x64) AppleWebKit/537.36 (KHTML, like Gecko) Chrome/118.0.0.0 Safari/537.36" "-"
65.109.146.0 - - [29/Dec/2023:13:37:47 +0100] "GET / HTTP/1.1" 200 336 cronicadeextremadura.com "-" "Mozilla/5.0 (Windows NT 10.0; Win64; x64) AppleWebKit/537.36 (KHTML, like Gecko) Chrome/118.0.0.0 Safari/537.36" "-"
65.109.146.0 - - [29/Dec/2023:13:37:47 +0100] "GET / HTTP/1.1" 200 336 cronicadejaen.com "-" "Mozilla/5.0 (Windows NT 10.0; Win64; x64) AppleWebKit/537.36 (KHTML, like Gecko) Chrome/118.0.0.0 Safari/537.36" "-"
65.109.146.0 - - [29/Dec/2023:13:37:47 +0100] "GET / HTTP/1.1" 200 336 cronicadearagon.com "-" "Mozilla/5.0 (Windows NT 10.0; Win64; x64) AppleWebKit/537.36 (KHTML, like Gecko) Chrome/118.0.0.0 Safari/537.36" "-"
65.109.146.0 - - [29/Dec/2023:13:37:47 +0100] "GET / HTTP/1.1" 200 336 cronicadegranada.com "-" "Mozilla/5.0 (Windows NT 10.0; Win64; x64) AppleWebKit/537.36 (KHTML, like Gecko) Chrome/118.0.0.0 Safari/537.36" "-"
65.109.146.0 - - [29/Dec/2023:13:37:47 +0100] "GET / HTTP/1.1" 200 336 cronicadehuelva.com "-" "Mozilla/5.0 (Windows NT 10.0; Win64; x64) AppleWebKit/537.36 (KHTML, like Gecko) Chrome/118.0.0.0 Safari/537.36" "-"
65.109.146.0 - - [29/Dec/2023:13:37:47 +0100] "GET / HTTP/1.1" 200 336 cronicadeasturias.com "-" "Mozilla/5.0 (Windows NT 10.0; Win64; x64) AppleWebKit/537.36 (KHTML, like Gecko) Chrome/118.0.0.0 Safari/537.36" "-"
65.109.146.0 - - [29/Dec/2023:13:37:47 +0100] "GET / HTTP/1.1" 200 336 cronicadecadiz.com "-" "Mozilla/5.0 (Windows NT 10.0; Win64; x64) AppleWebKit/537.36 (KHTML, like Gecko) Chrome/118.0.0.0 Safari/537.36" "-"
65.109.146.0 - - [29/Dec/2023:13:37:48 +0100] "GET / HTTP/1.1" 200 336 cronicadesevilla.com "-" "Mozilla/5.0 (Windows NT 10.0; Win64; x64) AppleWebKit/537.36 (KHTML, like Gecko) Chrome/118.0.0.0 Safari/537.36" "-"
65.109.146.0 - - [29/Dec/2023:13:37:48 +0100] "GET / HTTP/1.1" 200 336 cronicadevalencia.com "-" "Mozilla/5.0 (Windows NT 10.0; Win64; x64) AppleWebKit/537.36 (KHTML, like Gecko) Chrome/118.0.0.0 Safari/537.36" "-"
65.109.146.0 - - [29/Dec/2023:13:37:48 +0100] "GET / HTTP/1.1" 200 336 cronicademalaga.com "-" "Mozilla/5.0 (Windows NT 10.0; Win64; x64) AppleWebKit/537.36 (KHTML, like Gecko) Chrome/118.0.0.0 Safari/537.36" "-"
65.109.146.0 - - [29/Dec/2023:13:37:53 +0100] "GET / HTTP/1.1" 301 241 cronicareinodearagon.com "-" "Mozilla/5.0 (Windows NT 10.0; Win64; x64) AppleWebKit/537.36 (KHTML, like Gecko) Chrome/118.0.0.0 Safari/537.36" "-"
65.109.146.0 - - [29/Dec/2023:13:37:53 +0100] "GET / HTTP/1.1" 200 319423 cronicareinodearagon.com "-" "Mozilla/5.0 (Windows NT 10.0; Win64; x64) AppleWebKit/537.36 (KHTML, like Gecko) Chrome/118.0.0.0 Safari/537.36" "-"
85.208.96.0 - - [29/Dec/2023:13:47:31 +0100] "GET /educacion/ayudas-inaem-programas-empleo-formacion/ HTTP/1.1" 200 165256 cronicareinodearagon.com "-" "Mozilla/5.0 (compatible; SemrushBot/7~bl; +http://www.semrush.com/bot.html)" "-"
82.165.88.0 - - [29/Dec/2023:13:47:32 +0100] "POST /wp-cron.php?doing_wp_cron=1703854052.3874568939208984375000 HTTP/1.1" 200 - cronicareinodearagon.com "-" "WordPress/6.2.2; https://cronicareinodearagon.com" "-"
74.125.209.0 - - [29/Dec/2023:13:50:19 +0100] "GET /category/educacion/feed/ HTTP/1.1" 200 16487 cronicareinodearagon.com "-" "FeedFetcher-Google; (+http://www.google.com/feedfetcher.html)" "-"
66.249.66.0 - - [29/Dec/2023:13:51:13 +0100] "GET /robots.txt HTTP/1.1" 200 202 cronicareinodearagon.com "-" "Mozilla/5.0 (compatible; Googlebot/2.1; +http://www.google.com/bot.html)" "-"
82.165.88.0 - - [29/Dec/2023:13:51:14 +0100] "POST /wp-cron.php?doing_wp_cron=1703854273.9954600334167480468750 HTTP/1.1" 200 - cronicareinodearagon.com "-" "WordPress/6.2.2; https://cronicareinodearagon.com" "-"
74.125.209.0 - - [29/Dec/2023:13:56:42 +0100] "GET /category/politica/feed/ HTTP/1.1" 200 18273 cronicareinodearagon.com "-" "FeedFetcher-Google; (+http://www.google.com/feedfetcher.html)" "-"
74.125.209.0 - - [29/Dec/2023:14:12:47 +0100] "GET /category/educacion/feed/ HTTP/1.1" 200 16487 cronicareinodearagon.com "-" "FeedFetcher-Google; (+http://www.google.com/feedfetcher.html)" "-"
54.36.148.0 - - [29/Dec/2023:14:14:18 +0100] "GET /category/politica/page/13/ HTTP/1.1" 200 147637 cronicareinodearagon.com "-" "Mozilla/5.0 (compatible; AhrefsBot/7.0; +http://ahrefs.com/robot/)" "-"
82.165.88.0 - - [29/Dec/2023:14:14:19 +0100] "POST /wp-cron.php?doing_wp_cron=1703855659.4769699573516845703125 HTTP/1.1" 200 - cronicareinodearagon.com "-" "WordPress/6.2.2; https://cronicareinodearagon.com" "-"
82.165.88.0 - - [29/Dec/2023:14:21:35 +0100] "POST /wp-cron.php?doing_wp_cron=1703856095.7923719882965087890625 HTTP/1.1" 200 - cronicareinodearagon.com "-" "WordPress/6.2.2; https://cronicareinodearagon.com" "-"
2a05:1500:700:: - - [29/Dec/2023:14:21:35 +0100] "POST /xmlrpc.php HTTP/1.1" 200 416 cronicareinodearagon.com "-" "Mozilla/5.0 (Windows NT 10.0; Win64; x64; rv:75.0) Gecko/20100101 Firefox/75.0" "-"
185.191.171.0 - - [29/Dec/2023:14:25:47 +0100] "GET /category/politica/page/29/ HTTP/1.1" 200 147129 cronicareinodearagon.com "-" "Mozilla/5.0 (compatible; SemrushBot/7~bl; +http://www.semrush.com/bot.html)" "-"
82.165.88.0 - - [29/Dec/2023:14:25:48 +0100] "POST /wp-cron.php?doing_wp_cron=1703856348.1394350528717041015625 HTTP/1.1" 200 - cronicareinodearagon.com "-" "WordPress/6.2.2; https://cronicareinodearagon.com" "-"
82.165.88.0 - - [29/Dec/2023:14:26:07 +0100] "POST /wp-cron.php?doing_wp_cron=1703856367.6731739044189453125000 HTTP/1.1" 200 - cronicareinodearagon.com "-" "WordPress/6.2.2; https://cronicareinodearagon.com" "-"
185.191.171.0 - - [29/Dec/2023:14:26:07 +0100] "GET /aragon/conferencia-presidentes-pp-coronavirus-andalucia-pedro-sanchez/ HTTP/1.1" 200 163451 cronicareinodearagon.com "-" "Mozilla/5.0 (compatible; SemrushBot/7~bl; +http://www.semrush.com/bot.html)" "-"
82.165.88.0 - - [29/Dec/2023:14:35:11 +0100] "POST /wp-cron.php?doing_wp_cron=1703856911.9464290142059326171875 HTTP/1.1" 200 - cronicareinodearagon.com "-" "WordPress/6.2.2; https://cronicareinodearagon.com" "-"
85.208.96.0 - - [29/Dec/2023:14:35:11 +0100] "GET /robots.txt HTTP/1.1" 200 202 cronicareinodearagon.com "-" "Mozilla/5.0 (compatible; SemrushBot/7~bl; +http://www.semrush.com/bot.html)" "-"
185.191.171.0 - - [29/Dec/2023:14:35:13 +0100] "GET /aragon/finalizacion-centro-interpretacion-escalona/ HTTP/1.1" 200 168376 cronicareinodearagon.com "-" "Mozilla/5.0 (compatible; SemrushBot/7~bl; +http://www.semrush.com/bot.html)" "-"
74.125.209.0 - - [29/Dec/2023:14:35:36 +0100] "GET /category/sociedad/feed/ HTTP/1.1" 200 51420 cronicareinodearagon.com "-" "FeedFetcher-Google; (+http://www.google.com/feedfetcher.html)" "-"
185.191.171.0 - - [29/Dec/2023:14:42:40 +0100] "GET /sociedad/gobierno-coronavirus-restricciones-navidad-andalucia/ HTTP/1.1" 200 161158 cronicareinodearagon.com "-" "Mozilla/5.0 (compatible; SemrushBot/7~bl; +http://www.semrush.com/bot.html)" "-"
82.165.88.0 - - [29/Dec/2023:14:42:41 +0100] "POST /wp-cron.php?doing_wp_cron=1703857361.1100509166717529296875 HTTP/1.1" 200 - cronicareinodearagon.com "-" "WordPress/6.2.2; https://cronicareinodearagon.com" "-"
74.125.209.0 - - [29/Dec/2023:14:44:20 +0100] "GET /category/politica/feed/ HTTP/1.1" 200 18273 cronicareinodearagon.com "-" "FeedFetcher-Google; (+http://www.google.com/feedfetcher.html)" "-"
82.165.88.0 - - [29/Dec/2023:14:47:19 +0100] "POST /wp-cron.php?doing_wp_cron=1703857639.5739820003509521484375 HTTP/1.1" 200 - cronicareinodearagon.com "-" "WordPress/6.2.2; https://cronicareinodearagon.com" "-"
66.102.6.0 - - [29/Dec/2023:14:47:19 +0100] "GET /category/economia/feed/ HTTP/1.1" 200 12913 cronicareinodearagon.com "-" "FeedFetcher-Google; (+http://www.google.com/feedfetcher.html)" "-"
54.36.149.0 - - [29/Dec/2023:14:48:48 +0100] "GET /aragon/teruel/climate-action-sevilla-summit/ HTTP/1.1" 301 - cronicareinodearagon.com "-" "Mozilla/5.0 (compatible; AhrefsBot/7.0; +http://ahrefs.com/robot/)" "-"
82.165.88.0 - - [29/Dec/2023:14:48:49 +0100] "POST /wp-cron.php?doing_wp_cron=1703857729.1998109817504882812500 HTTP/1.1" 200 - cronicareinodearagon.com "-" "WordPress/6.2.2; https://cronicareinodearagon.com" "-"
74.125.209.0 - - [29/Dec/2023:14:49:23 +0100] "GET /category/politica/feed/ HTTP/1.1" 200 18273 cronicareinodearagon.com "-" "FeedFetcher-Google; (+http://www.google.com/feedfetcher.html)" "-"
82.165.88.0 - - [29/Dec/2023:14:55:09 +0100] "POST /wp-cron.php?doing_wp_cron=1703858109.5980169773101806640625 HTTP/1.1" 200 - cronicareinodearagon.com "-" "WordPress/6.2.2; https://cronicareinodearagon.com" "-"
85.208.96.0 - - [29/Dec/2023:14:55:09 +0100] "GET /aragon/narcotrafico-guardia-civil-operacion-marihuana-hachis/ HTTP/1.1" 200 166281 cronicareinodearagon.com "-" "Mozilla/5.0 (compatible; SemrushBot/7~bl; +http://www.semrush.com/bot.html)" "-"
72.13.62.0 - - [29/Dec/2023:14:55:54 +0100] "GET /robots.txt HTTP/1.1" 200 188 www.cronicadejaen.com "-" "Mozilla/5.0 (compatible; ips-agent)" "-"
72.13.62.0 - - [29/Dec/2023:14:55:55 +0100] "GET / HTTP/1.1" 200 336 www.cronicadejaen.com "-" "Mozilla/5.0 (compatible; ips-agent)" "-"
72.13.62.0 - - [29/Dec/2023:14:55:56 +0100] "GET /defaultsite HTTP/1.1" 200 18994 www.cronicadejaen.com "-" "Mozilla/5.0 (compatible; ips-agent)" "-"
128.199.229.0 - - [29/Dec/2023:14:59:03 +0100] "GET /wp-includes/themes.php HTTP/1.1" 301 263 cronicareinodearagon.com "www.google.com" "Mozlila/5.0 (Linux; Android 7.0; SM-G892A Bulid/NRD90M; wv) AppleWebKit/537.36 (KHTML, like Gecko) Version/4.0 Chrome/60.0.3112.107 Moblie Safari/537.36" "-"
82.165.88.0 - - [29/Dec/2023:14:59:05 +0100] "POST /wp-cron.php?doing_wp_cron=1703858345.7343060970306396484375 HTTP/1.1" 200 - cronicareinodearagon.com "-" "WordPress/6.2.2; https://cronicareinodearagon.com" "-"
128.199.229.0 - - [29/Dec/2023:14:59:05 +0100] "GET /wp-includes/themes.php HTTP/1.1" 404 144908 cronicareinodearagon.com "www.google.com" "Mozlila/5.0 (Linux; Android 7.0; SM-G892A Bulid/NRD90M; wv) AppleWebKit/537.36 (KHTML, like Gecko) Version/4.0 Chrome/60.0.3112.107 Moblie Safari/537.36" "-"
128.199.229.0 - - [29/Dec/2023:14:59:11 +0100] "GET /wp-admin/css/index.php HTTP/1.1" 301 - cronicareinodearagon.com "www.google.com" "Mozlila/5.0 (Linux; Android 7.0; SM-G892A Bulid/NRD90M; wv) AppleWebKit/537.36 (KHTML, like Gecko) Version/4.0 Chrome/60.0.3112.107 Moblie Safari/537.36" "-"
128.199.229.0 - - [29/Dec/2023:14:59:12 +0100] "GET /wp-admin/css/ HTTP/1.1" 403 775 cronicareinodearagon.com "www.google.com" "Mozlila/5.0 (Linux; Android 7.0; SM-G892A Bulid/NRD90M; wv) AppleWebKit/537.36 (KHTML, like Gecko) Version/4.0 Chrome/60.0.3112.107 Moblie Safari/537.36" "-"
82.165.88.0 - - [29/Dec/2023:15:07:26 +0100] "POST /wp-cron.php?doing_wp_cron=1703858846.8056809902191162109375 HTTP/1.1" 200 - cronicareinodearagon.com "-" "WordPress/6.2.2; https://cronicareinodearagon.com" "-"
52.167.144.0 - - [29/Dec/2023:15:07:26 +0100] "GET /robots.txt HTTP/1.1" 301 - www.cronicareinodearagon.com "-" "Mozilla/5.0 AppleWebKit/537.36 (KHTML, like Gecko; compatible; bingbot/2.0; +http://www.bing.com/bingbot.htm) Chrome/116.0.1938.76 Safari/537.36" "-"
52.167.144.0 - - [29/Dec/2023:15:07:27 +0100] "GET /robots.txt HTTP/1.1" 200 202 cronicareinodearagon.com "-" "Mozilla/5.0 AppleWebKit/537.36 (KHTML, like Gecko; compatible; bingbot/2.0; +http://www.bing.com/bingbot.htm) Chrome/116.0.1938.76 Safari/537.36" "-"
185.191.171.0 - - [29/Dec/2023:15:07:31 +0100] "GET /category/sociedad/page/26/ HTTP/1.1" 200 147437 cronicareinodearagon.com "-" "Mozilla/5.0 (compatible; SemrushBot/7~bl; +http://www.semrush.com/bot.html)" "-"
157.55.39.0 - - [29/Dec/2023:15:07:32 +0100] "GET /sitemap.xml HTTP/1.1" 301 - www.cronicareinodearagon.com "-" "Mozilla/5.0 AppleWebKit/537.36 (KHTML, like Gecko; compatible; bingbot/2.0; +http://www.bing.com/bingbot.htm) Chrome/116.0.1938.76 Safari/537.36" "-"
207.46.13.0 - - [29/Dec/2023:15:07:52 +0100] "GET /sitemap.xml HTTP/1.1" 301 - cronicareinodearagon.com "-" "Mozilla/5.0 AppleWebKit/537.36 (KHTML, like Gecko; compatible; bingbot/2.0; +http://www.bing.com/bingbot.htm) Chrome/116.0.1938.76 Safari/537.36" "-"
82.165.88.0 - - [29/Dec/2023:15:07:53 +0100] "POST /wp-cron.php?doing_wp_cron=1703858872.9873359203338623046875 HTTP/1.1" 200 - cronicareinodearagon.com "-" "WordPress/6.2.2; https://cronicareinodearagon.com" "-"
207.46.13.0 - - [29/Dec/2023:15:07:54 +0100] "GET /sitemap_index.xml HTTP/1.1" 200 693 cronicareinodearagon.com "-" "Mozilla/5.0 AppleWebKit/537.36 (KHTML, like Gecko; compatible; bingbot/2.0; +http://www.bing.com/bingbot.htm) Chrome/116.0.1938.76 Safari/537.36" "-"
66.102.6.0 - - [29/Dec/2023:15:12:02 +0100] "GET /category/economia/feed/ HTTP/1.1" 200 42774 cronicareinodearagon.com "-" "FeedFetcher-Google; (+http://www.google.com/feedfetcher.html)" "-"
185.191.171.0 - - [29/Dec/2023:15:16:33 +0100] "GET /aragon/resultados-elecciones-autonomicas-municipales-aragon/ HTTP/1.1" 200 36141 cronicareinodearagon.com "-" "Mozilla/5.0 (compatible; SemrushBot/7~bl; +http://www.semrush.com/bot.html)" "-"
157.245.157.0 - - [29/Dec/2023:15:18:56 +0100] "GET /million.php HTTP/1.1" 301 252 cronicareinodearagon.com "-" "Mozlila/5.0 (Linux; Android 7.0; SM-G892A Bulid/NRD90M; wv) AppleWebKit/537.36 (KHTML, like Gecko) Version/4.0 Chrome/60.0.3112.107 Moblie Safari/537.36" "-"
82.165.88.0 - - [29/Dec/2023:15:18:57 +0100] "POST /wp-cron.php?doing_wp_cron=1703859537.7555789947509765625000 HTTP/1.1" 200 - cronicareinodearagon.com "-" "WordPress/6.2.2; https://cronicareinodearagon.com" "-"
157.245.157.0 - - [29/Dec/2023:15:18:57 +0100] "GET /million.php HTTP/1.1" 404 144874 cronicareinodearagon.com "-" "Mozlila/5.0 (Linux; Android 7.0; SM-G892A Bulid/NRD90M; wv) AppleWebKit/537.36 (KHTML, like Gecko) Version/4.0 Chrome/60.0.3112.107 Moblie Safari/537.36" "-"
157.245.157.0 - - [29/Dec/2023:15:18:59 +0100] "GET /404.php HTTP/1.1" 301 248 cronicareinodearagon.com "-" "Mozlila/5.0 (Linux; Android 7.0; SM-G892A Bulid/NRD90M; wv) AppleWebKit/537.36 (KHTML, like Gecko) Version/4.0 Chrome/60.0.3112.107 Moblie Safari/537.36" "-"
157.245.157.0 - - [29/Dec/2023:15:19:00 +0100] "GET /404.php HTTP/1.1" 404 144862 cronicareinodearagon.com "-" "Mozlila/5.0 (Linux; Android 7.0; SM-G892A Bulid/NRD90M; wv) AppleWebKit/537.36 (KHTML, like Gecko) Version/4.0 Chrome/60.0.3112.107 Moblie Safari/537.36" "-"
157.245.157.0 - - [29/Dec/2023:15:19:01 +0100] "GET /wp-admin/css/index.php HTTP/1.1" 301 263 cronicareinodearagon.com "-" "Mozlila/5.0 (Linux; Android 7.0; SM-G892A Bulid/NRD90M; wv) AppleWebKit/537.36 (KHTML, like Gecko) Version/4.0 Chrome/60.0.3112.107 Moblie Safari/537.36" "-"
157.245.157.0 - - [29/Dec/2023:15:19:01 +0100] "GET /wp-admin/css/index.php HTTP/1.1" 301 - cronicareinodearagon.com "-" "Mozlila/5.0 (Linux; Android 7.0; SM-G892A Bulid/NRD90M; wv) AppleWebKit/537.36 (KHTML, like Gecko) Version/4.0 Chrome/60.0.3112.107 Moblie Safari/537.36" "-"
157.245.157.0 - - [29/Dec/2023:15:19:02 +0100] "GET /wp-admin/css/ HTTP/1.1" 403 775 cronicareinodearagon.com "-" "Mozlila/5.0 (Linux; Android 7.0; SM-G892A Bulid/NRD90M; wv) AppleWebKit/537.36 (KHTML, like Gecko) Version/4.0 Chrome/60.0.3112.107 Moblie Safari/537.36" "-"
157.245.157.0 - - [29/Dec/2023:15:19:03 +0100] "GET /ioxi2.php HTTP/1.1" 301 250 cronicareinodearagon.com "-" "Mozlila/5.0 (Linux; Android 7.0; SM-G892A Bulid/NRD90M; wv) AppleWebKit/537.36 (KHTML, like Gecko) Version/4.0 Chrome/60.0.3112.107 Moblie Safari/537.36" "-"
157.245.157.0 - - [29/Dec/2023:15:19:04 +0100] "GET /ioxi2.php HTTP/1.1" 404 144868 cronicareinodearagon.com "-" "Mozlila/5.0 (Linux; Android 7.0; SM-G892A Bulid/NRD90M; wv) AppleWebKit/537.36 (KHTML, like Gecko) Version/4.0 Chrome/60.0.3112.107 Moblie Safari/537.36" "-"
157.245.157.0 - - [29/Dec/2023:15:19:05 +0100] "GET /wp-content/themes/about.php HTTP/1.1" 301 268 cronicareinodearagon.com "-" "Mozlila/5.0 (Linux; Android 7.0; SM-G892A Bulid/NRD90M; wv) AppleWebKit/537.36 (KHTML, like Gecko) Version/4.0 Chrome/60.0.3112.107 Moblie Safari/537.36" "-"
157.245.157.0 - - [29/Dec/2023:15:19:06 +0100] "GET /wp-content/themes/about.php HTTP/1.1" 404 144924 cronicareinodearagon.com "-" "Mozlila/5.0 (Linux; Android 7.0; SM-G892A Bulid/NRD90M; wv) AppleWebKit/537.36 (KHTML, like Gecko) Version/4.0 Chrome/60.0.3112.107 Moblie Safari/537.36" "-"
157.245.157.0 - - [29/Dec/2023:15:19:07 +0100] "GET /4pric.php HTTP/1.1" 301 250 cronicareinodearagon.com "-" "Mozlila/5.0 (Linux; Android 7.0; SM-G892A Bulid/NRD90M; wv) AppleWebKit/537.36 (KHTML, like Gecko) Version/4.0 Chrome/60.0.3112.107 Moblie Safari/537.36" "-"
157.245.157.0 - - [29/Dec/2023:15:19:08 +0100] "GET /4pric.php HTTP/1.1" 404 144868 cronicareinodearagon.com "-" "Mozlila/5.0 (Linux; Android 7.0; SM-G892A Bulid/NRD90M; wv) AppleWebKit/537.36 (KHTML, like Gecko) Version/4.0 Chrome/60.0.3112.107 Moblie Safari/537.36" "-"
157.245.157.0 - - [29/Dec/2023:15:19:09 +0100] "GET /wp-content/style-css.php HTTP/1.1" 301 265 cronicareinodearagon.com "-" "Mozlila/5.0 (Linux; Android 7.0; SM-G892A Bulid/NRD90M; wv) AppleWebKit/537.36 (KHTML, like Gecko) Version/4.0 Chrome/60.0.3112.107 Moblie Safari/537.36" "-"
157.245.157.0 - - [29/Dec/2023:15:19:09 +0100] "GET /wp-content/style-css.php HTTP/1.1" 404 144914 cronicareinodearagon.com "-" "Mozlila/5.0 (Linux; Android 7.0; SM-G892A Bulid/NRD90M; wv) AppleWebKit/537.36 (KHTML, like Gecko) Version/4.0 Chrome/60.0.3112.107 Moblie Safari/537.36" "-"
157.245.157.0 - - [29/Dec/2023:15:19:11 +0100] "GET /oxi-rex.php HTTP/1.1" 301 252 cronicareinodearagon.com "-" "Mozlila/5.0 (Linux; Android 7.0; SM-G892A Bulid/NRD90M; wv) AppleWebKit/537.36 (KHTML, like Gecko) Version/4.0 Chrome/60.0.3112.107 Moblie Safari/537.36" "-"
157.245.157.0 - - [29/Dec/2023:15:19:11 +0100] "GET /oxi-rex.php HTTP/1.1" 404 144874 cronicareinodearagon.com "-" "Mozlila/5.0 (Linux; Android 7.0; SM-G892A Bulid/NRD90M; wv) AppleWebKit/537.36 (KHTML, like Gecko) Version/4.0 Chrome/60.0.3112.107 Moblie Safari/537.36" "-"
157.245.157.0 - - [29/Dec/2023:15:19:13 +0100] "GET /wp-content/themes/twenty/twenty.php HTTP/1.1" 301 276 cronicareinodearagon.com "-" "Mozlila/5.0 (Linux; Android 7.0; SM-G892A Bulid/NRD90M; wv) AppleWebKit/537.36 (KHTML, like Gecko) Version/4.0 Chrome/60.0.3112.107 Moblie Safari/537.36" "-"
157.245.157.0 - - [29/Dec/2023:15:19:13 +0100] "GET /wp-content/themes/twenty/twenty.php HTTP/1.1" 404 144949 cronicareinodearagon.com "-" "Mozlila/5.0 (Linux; Android 7.0; SM-G892A Bulid/NRD90M; wv) AppleWebKit/537.36 (KHTML, like Gecko) Version/4.0 Chrome/60.0.3112.107 Moblie Safari/537.36" "-"
82.165.88.0 - - [29/Dec/2023:15:23:23 +0100] "POST /wp-cron.php?doing_wp_cron=1703859803.8962099552154541015625 HTTP/1.1" 200 - cronicareinodearagon.com "-" "WordPress/6.2.2; https://cronicareinodearagon.com" "-"
54.36.149.0 - - [29/Dec/2023:15:23:23 +0100] "GET /sociedad/nuevas-zonas-juego-sevilla-este/ HTTP/1.1" 200 161073 cronicareinodearagon.com "-" "Mozilla/5.0 (compatible; AhrefsBot/7.0; +http://ahrefs.com/robot/)" "-"
54.36.148.0 - - [29/Dec/2023:15:23:26 +0100] "GET /wp-content/uploads/2022/08/fotonoticia_20220805160936_1920.jpg HTTP/1.1" 200 438158 cronicareinodearagon.com "-" "Mozilla/5.0 (compatible; AhrefsBot/7.0; +http://ahrefs.com/robot/)" "-"
66.249.66.0 - - [29/Dec/2023:15:23:41 +0100] "GET /robots.txt HTTP/1.1" 200 202 cronicareinodearagon.com "-" "Mozilla/5.0 (compatible; Googlebot/2.1; +http://www.google.com/bot.html)" "-"
82.165.88.0 - - [29/Dec/2023:15:23:42 +0100] "POST /wp-cron.php?doing_wp_cron=1703859822.0752251148223876953125 HTTP/1.1" 200 - cronicareinodearagon.com "-" "WordPress/6.2.2; https://cronicareinodearagon.com" "-"
82.165.88.0 - - [29/Dec/2023:15:26:21 +0100] "POST /wp-cron.php?doing_wp_cron=1703859981.7857820987701416015625 HTTP/1.1" 200 - cronicareinodearagon.com "-" "WordPress/6.2.2; https://cronicareinodearagon.com" "-"
37.139.13.0 - - [29/Dec/2023:15:26:21 +0100] "POST /wp-login.php HTTP/1.1" 200 9575 cronicareinodearagon.com "-" "Mozilla/5.0 (Windows NT 6.1) AppleWebKit/537.36 (KHTML, like Gecko) Chrome/80.0.3987.132 Safari/537.36" "-"
74.125.209.0 - - [29/Dec/2023:15:27:37 +0100] "GET /category/sociedad/feed/ HTTP/1.1" 200 51420 cronicareinodearagon.com "-" "FeedFetcher-Google; (+http://www.google.com/feedfetcher.html)" "-"
66.102.6.0 - - [29/Dec/2023:15:29:45 +0100] "GET /category/economia/feed/ HTTP/1.1" 200 42774 cronicareinodearagon.com "-" "FeedFetcher-Google; (+http://www.google.com/feedfetcher.html)" "-"
82.165.88.0 - - [29/Dec/2023:15:30:15 +0100] "POST /wp-cron.php?doing_wp_cron=1703860215.8033709526062011718750 HTTP/1.1" 200 - cronicareinodearagon.com "-" "WordPress/6.2.2; https://cronicareinodearagon.com" "-"
51.195.107.0 - - [29/Dec/2023:15:30:15 +0100] "POST /wp-login.php HTTP/1.1" 200 9575 cronicareinodearagon.com "-" "Mozilla/5.0 (Windows NT 10.0; Win64; x64) AppleWebKit/537.36 (KHTML, like Gecko) Chrome/73.0.3683.75 Safari/537.36" "-"
82.165.88.0 - - [29/Dec/2023:15:31:44 +0100] "POST /wp-cron.php?doing_wp_cron=1703860304.8621189594268798828125 HTTP/1.1" 200 - cronicareinodearagon.com "-" "WordPress/6.2.2; https://cronicareinodearagon.com" "-"
135.125.132.0 - - [29/Dec/2023:15:31:44 +0100] "POST /wp-login.php HTTP/1.1" 200 103 cronicareinodearagon.com "-" "Mozilla/5.0 (Windows NT 6.3; Win64; x64) AppleWebKit/537.36 (KHTML, like Gecko) Chrome/57.0.2987.133 Safari/537.36" "-"
34.247.162.0 - - [29/Dec/2023:15:33:49 +0100] "GET /robots.txt HTTP/1.1" 200 188 cronicadelpaisvalenciano.com "-" "Pandalytics/1.0 (https://domainsbot.com/pandalytics/)" "-"
34.247.162.0 - - [29/Dec/2023:15:33:49 +0100] "GET / HTTP/1.1" 200 336 cronicadelpaisvalenciano.com "-" "Pandalytics/1.0 (https://domainsbot.com/pandalytics/)" "-"
82.165.88.0 - - [29/Dec/2023:15:37:55 +0100] "POST /wp-cron.php?doing_wp_cron=1703860675.7921879291534423828125 HTTP/1.1" 200 - cronicareinodearagon.com "-" "WordPress/6.2.2; https://cronicareinodearagon.com" "-"
17.241.227.0 - - [29/Dec/2023:15:37:55 +0100] "GET /economia/diputacion-visibilidad-jaen-fitur-2022/ HTTP/1.1" 200 169809 cronicareinodearagon.com "-" "Mozilla/5.0 (Macintosh; Intel Mac OS X 10_15_5) AppleWebKit/605.1.15 (KHTML, like Gecko) Version/13.1.1 Safari/605.1.15 (Applebot/0.1; +http://www.apple.com/go/applebot)" "-"
182.43.230.0 - - [29/Dec/2023:15:41:10 +0100] "POST /wp-login.php HTTP/1.1" 200 9575 cronicareinodearagon.com "-" "Mozilla/5.0 (Windows NT 10.0; Win64; x64) AppleWebKit/537.36 (KHTML, like Gecko) Chrome/73.0.3683.86 Safari/537.36" "-"
82.165.88.0 - - [29/Dec/2023:15:41:11 +0100] "POST /wp-cron.php?doing_wp_cron=1703860871.2755639553070068359375 HTTP/1.1" 200 - cronicareinodearagon.com "-" "WordPress/6.2.2; https://cronicareinodearagon.com" "-"
185.191.171.0 - - [29/Dec/2023:15:45:21 +0100] "GET /robots.txt HTTP/1.1" 200 202 cronicareinodearagon.com "-" "Mozilla/5.0 (compatible; SemrushBot/7~bl; +http://www.semrush.com/bot.html)" "-"
82.165.88.0 - - [29/Dec/2023:15:45:22 +0100] "POST /wp-cron.php?doing_wp_cron=1703861122.2334148883819580078125 HTTP/1.1" 200 - cronicareinodearagon.com "-" "WordPress/6.2.2; https://cronicareinodearagon.com" "-"
185.191.171.0 - - [29/Dec/2023:15:45:23 +0100] "GET /category/politica/page/12/ HTTP/1.1" 200 29807 cronicareinodearagon.com "-" "Mozilla/5.0 (compatible; SemrushBot/7~bl; +http://www.semrush.com/bot.html)" "-"
74.125.209.0 - - [29/Dec/2023:15:46:13 +0100] "GET /category/sociedad/feed/ HTTP/1.1" 200 51420 cronicareinodearagon.com "-" "FeedFetcher-Google; (+http://www.google.com/feedfetcher.html)" "-"
66.102.6.0 - - [29/Dec/2023:15:48:06 +0100] "GET /category/economia/feed/ HTTP/1.1" 200 42774 cronicareinodearagon.com "-" "FeedFetcher-Google; (+http://www.google.com/feedfetcher.html)" "-"
66.249.66.0 - - [29/Dec/2023:15:52:53 +0100] "GET /aragon/aratur-visitantes-17-edicion/feed/ HTTP/1.1" 200 924 cronicareinodearagon.com "-" "Mozilla/5.0 (Linux; Android 6.0.1; Nexus 5X Build/MMB29P) AppleWebKit/537.36 (KHTML, like Gecko) Chrome/120.0.6099.71 Mobile Safari/537.36 (compatible; Googlebot/2.1; +http://www.google.com/bot.html)" "-"
82.165.88.0 - - [29/Dec/2023:15:52:54 +0100] "POST /wp-cron.php?doing_wp_cron=1703861574.3217918872833251953125 HTTP/1.1" 200 - cronicareinodearagon.com "-" "WordPress/6.2.2; https://cronicareinodearagon.com" "-"
82.165.88.0 - - [29/Dec/2023:15:57:08 +0100] "POST /wp-cron.php?doing_wp_cron=1703861828.4281690120697021484375 HTTP/1.1" 200 - cronicareinodearagon.com "-" "WordPress/6.2.2; https://cronicareinodearagon.com" "-"
74.125.209.0 - - [29/Dec/2023:15:57:08 +0100] "GET /category/politica/feed/ HTTP/1.1" 200 18273 cronicareinodearagon.com "-" "FeedFetcher-Google; (+http://www.google.com/feedfetcher.html)" "-"
176.9.5.0 - - [29/Dec/2023:16:02:21 +0100] "POST /xmlrpc.php HTTP/1.1" 200 416 cronicareinodearagon.com "-" "Mozilla/5.0 (Linux; Android 10; SM-N960U) AppleWebKit/537.36 (KHTML, like Gecko) Chrome/91.0.4472.114 Mobile Safari/537.36" "-"
82.165.88.0 - - [29/Dec/2023:16:02:22 +0100] "POST /wp-cron.php?doing_wp_cron=1703862142.0946850776672363281250 HTTP/1.1" 200 - cronicareinodearagon.com "-" "WordPress/6.2.2; https://cronicareinodearagon.com" "-"
176.9.5.0 - - [29/Dec/2023:16:02:27 +0100] "POST /xmlrpc.php HTTP/1.1" 200 416 cronicareinodearagon.com "-" "Mozilla/5.0 (Windows NT 10.0; Win64; x64) AppleWebKit/537.36 (KHTML, like Gecko) Chrome/83.0.4103.116 Safari/537.36" "-"
2a05:d014:1600:: - - [29/Dec/2023:16:02:35 +0100] "POST /xmlrpc.php HTTP/1.1" 200 416 cronicareinodearagon.com "-" "Mozilla/5.0 (Windows NT 5.1) AppleWebKit/537.36 (KHTML, like Gecko) Chrome/46.0.2490.71 Safari/537.36" "-"
82.165.88.0 - - [29/Dec/2023:16:02:47 +0100] "POST /wp-cron.php?doing_wp_cron=1703862167.6029610633850097656250 HTTP/1.1" 200 - cronicareinodearagon.com "-" "WordPress/6.2.2; https://cronicareinodearagon.com" "-"
142.93.5.0 - - [29/Dec/2023:16:02:47 +0100] "POST /xmlrpc.php HTTP/1.1" 200 416 cronicareinodearagon.com "-" "Mozilla/5.0 (Windows NT 10.0; Win64; x64) AppleWebKit/537.36 (KHTML, like Gecko) Chrome/67.0.3396.99 Safari/537.36" "-"
157.55.39.0 - - [29/Dec/2023:16:02:55 +0100] "GET /aragon/andalucia-planas-espadas-agricultura-pesca-economia/ HTTP/1.1" 200 172492 cronicareinodearagon.com "-" "Mozilla/5.0 AppleWebKit/537.36 (KHTML, like Gecko; compatible; bingbot/2.0; +http://www.bing.com/bingbot.htm) Chrome/116.0.1938.76 Safari/537.36" "-"
2001:41d0:200:: - - [29/Dec/2023:16:03:02 +0100] "POST /xmlrpc.php HTTP/1.1" 200 416 cronicareinodearagon.com "-" "Mozilla/5.0 (Windows NT 10.0; Win64; x64; rv:63.0) Gecko/20100101 Firefox/63.0" "-"
82.165.88.0 - - [29/Dec/2023:16:04:50 +0100] "POST /wp-cron.php?doing_wp_cron=1703862290.5038580894470214843750 HTTP/1.1" 200 - cronicareinodearagon.com "-" "WordPress/6.2.2; https://cronicareinodearagon.com" "-"
85.208.96.0 - - [29/Dec/2023:16:04:50 +0100] "GET /aragon/ceoe-aragon-exportaciones/ HTTP/1.1" 200 164058 cronicareinodearagon.com "-" "Mozilla/5.0 (compatible; SemrushBot/7~bl; +http://www.semrush.com/bot.html)" "-"
63.35.252.0 - - [29/Dec/2023:16:07:01 +0100] "GET /robots.txt HTTP/1.1" 200 188 cronicadecadiz.com "-" "Pandalytics/1.0 (https://domainsbot.com/pandalytics/)" "-"
63.35.252.0 - - [29/Dec/2023:16:07:01 +0100] "GET / HTTP/1.1" 200 336 cronicadecadiz.com "-" "Pandalytics/1.0 (https://domainsbot.com/pandalytics/)" "-"
193.46.243.0 - - [29/Dec/2023:16:13:13 +0100] "GET / HTTP/1.1" 200 336 grupocronicaenlibertad.com "-" "Mozilla/5.0 (compatible; t3versionsBot/1.0; +https://www.t3versions.com/bot)" "-"
185.191.171.0 - - [29/Dec/2023:16:16:17 +0100] "GET /category/aragon/page/33/ HTTP/1.1" 200 147534 cronicareinodearagon.com "-" "Mozilla/5.0 (compatible; SemrushBot/7~bl; +http://www.semrush.com/bot.html)" "-"
82.165.88.0 - - [29/Dec/2023:16:16:18 +0100] "POST /wp-cron.php?doing_wp_cron=1703862978.1081631183624267578125 HTTP/1.1" 200 - cronicareinodearagon.com "-" "WordPress/6.2.2; https://cronicareinodearagon.com" "-"
91.229.239.0 - - [29/Dec/2023:16:16:19 +0100] "GET / HTTP/1.1" 200 319423 cronicareinodearagon.com "" "Mozilla/5.0 (Macintosh; Intel Mac OS X 10_15_7) AppleWebKit/605.1.15 (KHTML, like Gecko) Version/16.6 Safari/605.1.15" "-"
82.165.88.0 - - [29/Dec/2023:16:17:52 +0100] "POST /wp-cron.php?doing_wp_cron=1703863072.7874159812927246093750 HTTP/1.1" 200 - cronicareinodearagon.com "-" "WordPress/6.2.2; https://cronicareinodearagon.com" "-"
85.208.96.0 - - [29/Dec/2023:16:17:52 +0100] "GET /politica/podemos-ayuntamiento-zaragoza-critica-ciudad-mucho-mas-sucia/ HTTP/1.1" 200 34280 cronicareinodearagon.com "-" "Mozilla/5.0 (compatible; SemrushBot/7~bl; +http://www.semrush.com/bot.html)" "-"
74.125.209.0 - - [29/Dec/2023:16:19:03 +0100] "GET /category/sociedad/feed/ HTTP/1.1" 200 51420 cronicareinodearagon.com "-" "FeedFetcher-Google; (+http://www.google.com/feedfetcher.html)" "-"
82.165.88.0 - - [29/Dec/2023:16:20:11 +0100] "POST /wp-cron.php?doing_wp_cron=1703863211.5722320079803466796875 HTTP/1.1" 200 - cronicareinodearagon.com "-" "WordPress/6.2.2; https://cronicareinodearagon.com" "-"
185.191.171.0 - - [29/Dec/2023:16:20:11 +0100] "GET /politica/biografia-patxi-lopez/ HTTP/1.1" 200 162055 cronicareinodearagon.com "-" "Mozilla/5.0 (compatible; SemrushBot/7~bl; +http://www.semrush.com/bot.html)" "-"
82.165.88.0 - - [29/Dec/2023:16:21:54 +0100] "POST /wp-cron.php?doing_wp_cron=1703863314.8085029125213623046875 HTTP/1.1" 200 - cronicareinodearagon.com "-" "WordPress/6.2.2; https://cronicareinodearagon.com" "-"
185.191.171.0 - - [29/Dec/2023:16:21:54 +0100] "GET /politica/rivares-mientras-unos-pocos-se-reparten-zaragoza-podemos-es-garantia-de-resolver-los-problemas-del-dia-a-dia/ HTTP/1.1" 200 166459 cronicareinodearagon.com "-" "Mozilla/5.0 (compatible; SemrushBot/7~bl; +http://www.semrush.com/bot.html)" "-"
66.249.66.0 - - [29/Dec/2023:16:24:01 +0100] "GET /robots.txt HTTP/1.1" 200 188 cronicadearagon.com "-" "Mozilla/5.0 (compatible; Googlebot/2.1; +http://www.google.com/bot.html)" "-"
157.55.39.0 - - [29/Dec/2023:16:24:17 +0100] "GET /wp-content/uploads/2023/05/palacio-exposiciones-teruel.jpg HTTP/1.1" 200 288847 cronicareinodearagon.com "-" "Mozilla/5.0 AppleWebKit/537.36 (KHTML, like Gecko; compatible; bingbot/2.0; +http://www.bing.com/bingbot.htm) Chrome/116.0.1938.76 Safari/537.36" "-"
54.36.149.0 - - [29/Dec/2023:16:32:51 +0100] "GET /sociedad/detenido-enganar-menores-redes-sociales-abusos/ HTTP/1.1" 200 160714 cronicareinodearagon.com "-" "Mozilla/5.0 (compatible; AhrefsBot/7.0; +http://ahrefs.com/robot/)" "-"
