191.101.126.0 - - [29/Dec/2023:09:50:59 +0100] "GET /sito/wp-includes/wlwmanifest.xml HTTP/1.1" 404 596 grupocronicaenlibertad.com "-" "Mozilla/5.0 (Windows NT 10.0; Win64; x64) AppleWebKit/537.36 (KHTML, like Gecko) Chrome/78.0.3904.108 Safari/537.36" "-"
82.165.88.0 - - [29/Dec/2023:09:51:43 +0100] "POST /wp-cron.php?doing_wp_cron=1703839903.3692519664764404296875 HTTP/1.1" 200 - cronicareinodearagon.com "-" "WordPress/6.2.2; https://cronicareinodearagon.com" "-"
51.83.42.0 - - [29/Dec/2023:09:51:43 +0100] "POST /wp-login.php HTTP/1.1" 200 9580 cronicareinodearagon.com "-" "Mozilla/5.0 (Windows NT 10.0; Win64; x64) AppleWebKit/537.36 (KHTML, like Gecko) Chrome/70.0.3538.67 Safari/537.36" "-"
74.125.209.0 - - [29/Dec/2023:09:59:55 +0100] "GET /category/educacion/feed/ HTTP/1.1" 200 16487 cronicareinodearagon.com "-" "FeedFetcher-Google; (+http://www.google.com/feedfetcher.html)" "-"
82.165.88.0 - - [29/Dec/2023:10:04:08 +0100] "POST /wp-cron.php?doing_wp_cron=1703840648.5271699428558349609375 HTTP/1.1" 200 - cronicareinodearagon.com "-" "WordPress/6.2.2; https://cronicareinodearagon.com" "-"
202.95.9.0 - - [29/Dec/2023:10:04:08 +0100] "POST /wp-login.php HTTP/1.1" 200 9620 cronicareinodearagon.com "-" "Mozilla/5.0 (Windows NT 10.0; Win64; x64) AppleWebKit/537.36 (KHTML, like Gecko) Chrome/62.0.3202.89 Safari/537.36" "-"
206.189.147.0 - - [29/Dec/2023:10:05:52 +0100] "GET /wp-content/themes/twentyfive/include.php HTTP/1.1" 301 281 cronicareinodearagon.com "-" "Mozlila/5.0 (Linux; Android 7.0; SM-G892A Bulid/NRD90M; wv) AppleWebKit/537.36 (KHTML, like Gecko) Version/4.0 Chrome/60.0.3112.107 Moblie Safari/537.36" "-"
82.165.88.0 - - [29/Dec/2023:10:05:57 +0100] "POST /wp-cron.php?doing_wp_cron=1703840757.8204898834228515625000 HTTP/1.1" 200 - cronicareinodearagon.com "-" "WordPress/6.2.2; https://cronicareinodearagon.com" "-"
206.189.147.0 - - [29/Dec/2023:10:05:57 +0100] "GET /wp-content/themes/twentyfive/include.php HTTP/1.1" 404 144964 cronicareinodearagon.com "-" "Mozlila/5.0 (Linux; Android 7.0; SM-G892A Bulid/NRD90M; wv) AppleWebKit/537.36 (KHTML, like Gecko) Version/4.0 Chrome/60.0.3112.107 Moblie Safari/537.36" "-"
207.46.13.0 - - [29/Dec/2023:10:08:00 +0100] "GET /wp-content/uploads/2021/11/onoda-arthur-hararri.jpg HTTP/1.1" 200 147126 cronicareinodearagon.com "-" "Mozilla/5.0 AppleWebKit/537.36 (KHTML, like Gecko; compatible; bingbot/2.0; +http://www.bing.com/bingbot.htm) Chrome/116.0.1938.76 Safari/537.36" "-"
82.165.88.0 - - [29/Dec/2023:10:09:13 +0100] "POST /wp-cron.php?doing_wp_cron=1703840953.4947280883789062500000 HTTP/1.1" 200 - cronicareinodearagon.com "-" "WordPress/6.2.2; https://cronicareinodearagon.com" "-"
37.152.182.0 - - [29/Dec/2023:10:09:13 +0100] "POST /wp-login.php HTTP/1.1" 200 9608 cronicareinodearagon.com "-" "Mozilla/5.0 (Windows NT 6.3; WOW64) AppleWebKit/537.36 (KHTML, like Gecko) Chrome/47.0.2526.106 Safari/537.36" "-"
180.102.134.0 - - [29/Dec/2023:10:13:36 +0100] "GET / HTTP/1.1" 301 245 www.cronicareinodearagon.com "-" "Mozilla/5.0 (iPhone; CPU iPhone OS 13_2_3 like Mac OS X) AppleWebKit/605.1.15 (KHTML, like Gecko) Version/13.0.3 Mobile/15E148 Safari/604.1" "-"
82.165.88.0 - - [29/Dec/2023:10:13:40 +0100] "POST /wp-cron.php?doing_wp_cron=1703841220.4701418876647949218750 HTTP/1.1" 200 - cronicareinodearagon.com "-" "WordPress/6.2.2; https://cronicareinodearagon.com" "-"
180.102.134.0 - - [29/Dec/2023:10:13:40 +0100] "GET / HTTP/1.1" 301 - www.cronicareinodearagon.com "http://www.cronicareinodearagon.com" "Mozilla/5.0 (iPhone; CPU iPhone OS 13_2_3 like Mac OS X) AppleWebKit/605.1.15 (KHTML, like Gecko) Version/13.0.3 Mobile/15E148 Safari/604.1" "-"
180.102.134.0 - - [29/Dec/2023:10:13:43 +0100] "GET / HTTP/1.1" 200 336 www.cronicadeextremadura.com "-" "Mozilla/5.0 (iPhone; CPU iPhone OS 13_2_3 like Mac OS X) AppleWebKit/605.1.15 (KHTML, like Gecko) Version/13.0.3 Mobile/15E148 Safari/604.1" "-"
82.165.88.0 - - [29/Dec/2023:10:13:43 +0100] "POST /wp-cron.php?doing_wp_cron=1703841223.9500560760498046875000 HTTP/1.1" 200 - cronicareinodearagon.com "-" "WordPress/6.2.2; https://cronicareinodearagon.com" "-"
180.102.134.0 - - [29/Dec/2023:10:13:43 +0100] "GET / HTTP/1.1" 200 41641 cronicareinodearagon.com "https://www.cronicareinodearagon.com/" "Mozilla/5.0 (iPhone; CPU iPhone OS 13_2_3 like Mac OS X) AppleWebKit/605.1.15 (KHTML, like Gecko) Version/13.0.3 Mobile/15E148 Safari/604.1" "-"
66.102.6.0 - - [29/Dec/2023:10:18:45 +0100] "GET /category/economia/feed/ HTTP/1.1" 200 12913 cronicareinodearagon.com "-" "FeedFetcher-Google; (+http://www.google.com/feedfetcher.html)" "-"
128.199.65.0 - - [29/Dec/2023:10:24:46 +0100] "GET /wp-admin/install.php HTTP/1.1" 301 261 cronicareinodearagon.com "-" "Mozilla/5.0 (Macintosh; Intel Mac OS X 10_10_1) AppleWebKit/537.36 (KHTML, like Gecko) Chrome/39.0.2171.95 Safari/537.36" "-"
82.165.88.0 - - [29/Dec/2023:10:24:47 +0100] "POST /wp-cron.php?doing_wp_cron=1703841887.8858950138092041015625 HTTP/1.1" 200 - cronicareinodearagon.com "-" "WordPress/6.2.2; https://cronicareinodearagon.com" "-"
128.199.65.0 - - [29/Dec/2023:10:24:47 +0100] "GET /wp-admin/install.php HTTP/1.1" 200 1366 cronicareinodearagon.com "-" "Mozilla/5.0 (Macintosh; Intel Mac OS X 10_10_1) AppleWebKit/537.36 (KHTML, like Gecko) Chrome/39.0.2171.95 Safari/537.36" "-"
128.199.65.0 - - [29/Dec/2023:10:24:49 +0100] "GET /wp/wp-admin/install.php HTTP/1.1" 301 264 cronicareinodearagon.com "-" "Mozilla/5.0 (Macintosh; Intel Mac OS X 10_10_1) AppleWebKit/537.36 (KHTML, like Gecko) Chrome/39.0.2171.95 Safari/537.36" "-"
82.165.88.0 - - [29/Dec/2023:10:24:50 +0100] "POST /wp-cron.php?doing_wp_cron=1703841890.8649609088897705078125 HTTP/1.1" 200 - cronicareinodearagon.com "-" "WordPress/6.2.2; https://cronicareinodearagon.com" "-"
128.199.65.0 - - [29/Dec/2023:10:24:50 +0100] "GET /wp/wp-admin/install.php HTTP/1.1" 404 144878 cronicareinodearagon.com "-" "Mozilla/5.0 (Macintosh; Intel Mac OS X 10_10_1) AppleWebKit/537.36 (KHTML, like Gecko) Chrome/39.0.2171.95 Safari/537.36" "-"
128.199.65.0 - - [29/Dec/2023:10:24:52 +0100] "GET /new/wp-admin/install.php HTTP/1.1" 301 265 cronicareinodearagon.com "-" "Mozilla/5.0 (Macintosh; Intel Mac OS X 10_10_1) AppleWebKit/537.36 (KHTML, like Gecko) Chrome/39.0.2171.95 Safari/537.36" "-"
128.199.65.0 - - [29/Dec/2023:10:24:52 +0100] "GET /new/wp-admin/install.php HTTP/1.1" 404 144881 cronicareinodearagon.com "-" "Mozilla/5.0 (Macintosh; Intel Mac OS X 10_10_1) AppleWebKit/537.36 (KHTML, like Gecko) Chrome/39.0.2171.95 Safari/537.36" "-"
128.199.65.0 - - [29/Dec/2023:10:24:54 +0100] "GET /old/wp-admin/install.php HTTP/1.1" 301 265 cronicareinodearagon.com "-" "Mozilla/5.0 (Macintosh; Intel Mac OS X 10_10_1) AppleWebKit/537.36 (KHTML, like Gecko) Chrome/39.0.2171.95 Safari/537.36" "-"
128.199.65.0 - - [29/Dec/2023:10:24:54 +0100] "GET /old/wp-admin/install.php HTTP/1.1" 404 144881 cronicareinodearagon.com "-" "Mozilla/5.0 (Macintosh; Intel Mac OS X 10_10_1) AppleWebKit/537.36 (KHTML, like Gecko) Chrome/39.0.2171.95 Safari/537.36" "-"
128.199.65.0 - - [29/Dec/2023:10:24:56 +0100] "GET /wordpress/wp-admin/install.php HTTP/1.1" 301 271 cronicareinodearagon.com "-" "Mozilla/5.0 (Macintosh; Intel Mac OS X 10_10_1) AppleWebKit/537.36 (KHTML, like Gecko) Chrome/39.0.2171.95 Safari/537.36" "-"
128.199.65.0 - - [29/Dec/2023:10:24:56 +0100] "GET /wordpress/wp-admin/install.php HTTP/1.1" 404 144899 cronicareinodearagon.com "-" "Mozilla/5.0 (Macintosh; Intel Mac OS X 10_10_1) AppleWebKit/537.36 (KHTML, like Gecko) Chrome/39.0.2171.95 Safari/537.36" "-"
128.199.65.0 - - [29/Dec/2023:10:24:57 +0100] "GET /test/wp-admin/install.php HTTP/1.1" 301 266 cronicareinodearagon.com "-" "Mozilla/5.0 (Macintosh; Intel Mac OS X 10_10_1) AppleWebKit/537.36 (KHTML, like Gecko) Chrome/39.0.2171.95 Safari/537.36" "-"
128.199.65.0 - - [29/Dec/2023:10:24:58 +0100] "GET /test/wp-admin/install.php HTTP/1.1" 404 144884 cronicareinodearagon.com "-" "Mozilla/5.0 (Macintosh; Intel Mac OS X 10_10_1) AppleWebKit/537.36 (KHTML, like Gecko) Chrome/39.0.2171.95 Safari/537.36" "-"
128.199.65.0 - - [29/Dec/2023:10:24:59 +0100] "GET /blog/wp-admin/install.php HTTP/1.1" 301 266 cronicareinodearagon.com "-" "Mozilla/5.0 (Macintosh; Intel Mac OS X 10_10_1) AppleWebKit/537.36 (KHTML, like Gecko) Chrome/39.0.2171.95 Safari/537.36" "-"
128.199.65.0 - - [29/Dec/2023:10:25:00 +0100] "GET /blog/wp-admin/install.php HTTP/1.1" 404 144884 cronicareinodearagon.com "-" "Mozilla/5.0 (Macintosh; Intel Mac OS X 10_10_1) AppleWebKit/537.36 (KHTML, like Gecko) Chrome/39.0.2171.95 Safari/537.36" "-"
128.199.65.0 - - [29/Dec/2023:10:25:02 +0100] "GET /cms/wp-admin/install.php HTTP/1.1" 301 265 cronicareinodearagon.com "-" "Mozilla/5.0 (Macintosh; Intel Mac OS X 10_10_1) AppleWebKit/537.36 (KHTML, like Gecko) Chrome/39.0.2171.95 Safari/537.36" "-"
128.199.65.0 - - [29/Dec/2023:10:25:02 +0100] "GET /cms/wp-admin/install.php HTTP/1.1" 404 144881 cronicareinodearagon.com "-" "Mozilla/5.0 (Macintosh; Intel Mac OS X 10_10_1) AppleWebKit/537.36 (KHTML, like Gecko) Chrome/39.0.2171.95 Safari/537.36" "-"
128.199.65.0 - - [29/Dec/2023:10:25:04 +0100] "GET /web/wp-admin/install.php HTTP/1.1" 301 265 cronicareinodearagon.com "-" "Mozilla/5.0 (Macintosh; Intel Mac OS X 10_10_1) AppleWebKit/537.36 (KHTML, like Gecko) Chrome/39.0.2171.95 Safari/537.36" "-"
128.199.65.0 - - [29/Dec/2023:10:25:04 +0100] "GET /web/wp-admin/install.php HTTP/1.1" 404 144881 cronicareinodearagon.com "-" "Mozilla/5.0 (Macintosh; Intel Mac OS X 10_10_1) AppleWebKit/537.36 (KHTML, like Gecko) Chrome/39.0.2171.95 Safari/537.36" "-"
128.199.65.0 - - [29/Dec/2023:10:25:05 +0100] "GET /backup/wp-admin/install.php HTTP/1.1" 301 268 cronicareinodearagon.com "-" "Mozilla/5.0 (Macintosh; Intel Mac OS X 10_10_1) AppleWebKit/537.36 (KHTML, like Gecko) Chrome/39.0.2171.95 Safari/537.36" "-"
128.199.65.0 - - [29/Dec/2023:10:25:06 +0100] "GET /backup/wp-admin/install.php HTTP/1.1" 404 144890 cronicareinodearagon.com "-" "Mozilla/5.0 (Macintosh; Intel Mac OS X 10_10_1) AppleWebKit/537.36 (KHTML, like Gecko) Chrome/39.0.2171.95 Safari/537.36" "-"
128.199.65.0 - - [29/Dec/2023:10:25:07 +0100] "GET /site/wp-admin/install.php HTTP/1.1" 301 266 cronicareinodearagon.com "-" "Mozilla/5.0 (Macintosh; Intel Mac OS X 10_10_1) AppleWebKit/537.36 (KHTML, like Gecko) Chrome/39.0.2171.95 Safari/537.36" "-"
128.199.65.0 - - [29/Dec/2023:10:25:08 +0100] "GET /site/wp-admin/install.php HTTP/1.1" 404 144884 cronicareinodearagon.com "-" "Mozilla/5.0 (Macintosh; Intel Mac OS X 10_10_1) AppleWebKit/537.36 (KHTML, like Gecko) Chrome/39.0.2171.95 Safari/537.36" "-"
128.199.65.0 - - [29/Dec/2023:10:25:09 +0100] "GET /oldsite/wp-admin/install.php HTTP/1.1" 301 269 cronicareinodearagon.com "-" "Mozilla/5.0 (Macintosh; Intel Mac OS X 10_10_1) AppleWebKit/537.36 (KHTML, like Gecko) Chrome/39.0.2171.95 Safari/537.36" "-"
128.199.65.0 - - [29/Dec/2023:10:25:10 +0100] "GET /oldsite/wp-admin/install.php HTTP/1.1" 404 144893 cronicareinodearagon.com "-" "Mozilla/5.0 (Macintosh; Intel Mac OS X 10_10_1) AppleWebKit/537.36 (KHTML, like Gecko) Chrome/39.0.2171.95 Safari/537.36" "-"
182.42.105.0 - - [29/Dec/2023:10:29:07 +0100] "GET / HTTP/1.1" 200 336 www.grupocronicaenlibertad.com "-" "Mozilla/5.0 (iPhone; CPU iPhone OS 13_2_3 like Mac OS X) AppleWebKit/605.1.15 (KHTML, like Gecko) Version/13.0.3 Mobile/15E148 Safari/604.1" "-"
157.55.39.0 - - [29/Dec/2023:10:30:42 +0100] "GET /wp-content/uploads/2022/04/cruces-1140x570.jpg HTTP/1.1" 200 133374 cronicareinodearagon.com "-" "Mozilla/5.0 AppleWebKit/537.36 (KHTML, like Gecko; compatible; bingbot/2.0; +http://www.bing.com/bingbot.htm) Chrome/116.0.1938.76 Safari/537.36" "-"
2a00:6800:: - - [29/Dec/2023:10:31:12 +0100] "GET / HTTP/1.1" 200 336 cronicadearagon.com "-" "Mozilla/5.0 (Windows NT 10.0; Win64; x64) AppleWebKit/537.36 (KHTML, like Gecko) Chrome/91.0.4472.114 Safari/537.36 Edg/91.0.864.54" "-"
222.79.103.0 - - [29/Dec/2023:10:31:55 +0100] "GET / HTTP/1.1" 200 336 www.cronicadelpaisvalenciano.com "-" "Mozilla/5.0 (iPhone; CPU iPhone OS 13_2_3 like Mac OS X) AppleWebKit/605.1.15 (KHTML, like Gecko) Version/13.0.3 Mobile/15E148 Safari/604.1" "-"
157.55.39.0 - - [29/Dec/2023:10:46:52 +0100] "GET /aragon/fima-digital-jornada-maquinaria-agricola/ HTTP/1.1" 200 34268 cronicareinodearagon.com "-" "Mozilla/5.0 AppleWebKit/537.36 (KHTML, like Gecko; compatible; bingbot/2.0; +http://www.bing.com/bingbot.htm) Chrome/116.0.1938.76 Safari/537.36" "-"
34.93.16.0 - - [29/Dec/2023:10:51:40 +0100] "POST /wp-login.php HTTP/1.1" 200 180 cronicareinodearagon.com "-" "Mozilla/5.0 (Windows NT 6.1; WOW64) AppleWebKit/537.36 (KHTML, like Gecko) Chrome/46.0.2490.86 Safari/537.36" "-"
82.165.88.0 - - [29/Dec/2023:10:51:41 +0100] "POST /wp-cron.php?doing_wp_cron=1703843501.6439249515533447265625 HTTP/1.1" 200 - cronicareinodearagon.com "-" "WordPress/6.2.2; https://cronicareinodearagon.com" "-"
54.36.148.0 - - [29/Dec/2023:10:56:19 +0100] "GET /aragon/guitarte-teruel-existe-cierre-campana/ HTTP/1.1" 200 39903 cronicareinodearagon.com "-" "Mozilla/5.0 (compatible; AhrefsBot/7.0; +http://ahrefs.com/robot/)" "-"
82.165.88.0 - - [29/Dec/2023:10:56:21 +0100] "POST /wp-cron.php?doing_wp_cron=1703843781.0719449520111083984375 HTTP/1.1" 200 - cronicareinodearagon.com "-" "WordPress/6.2.2; https://cronicareinodearagon.com" "-"
82.165.88.0 - - [29/Dec/2023:10:57:04 +0100] "POST /wp-cron.php?doing_wp_cron=1703843824.3706629276275634765625 HTTP/1.1" 200 - cronicareinodearagon.com "-" "WordPress/6.2.2; https://cronicareinodearagon.com" "-"
157.55.39.0 - - [29/Dec/2023:10:57:04 +0100] "GET /opinion/la-miseria/ HTTP/1.1" 200 41461 cronicareinodearagon.com "-" "Mozilla/5.0 AppleWebKit/537.36 (KHTML, like Gecko; compatible; bingbot/2.0; +http://www.bing.com/bingbot.htm) Chrome/116.0.1938.76 Safari/537.36" "-"
82.165.88.0 - - [29/Dec/2023:10:58:31 +0100] "POST /wp-cron.php?doing_wp_cron=1703843911.8236138820648193359375 HTTP/1.1" 200 - cronicareinodearagon.com "-" "WordPress/6.2.2; https://cronicareinodearagon.com" "-"
37.152.182.0 - - [29/Dec/2023:10:58:31 +0100] "POST /wp-login.php HTTP/1.1" 200 9591 cronicareinodearagon.com "-" "Mozilla/5.0 (Windows NT 10.0; WOW64) AppleWebKit/537.36 (KHTML, like Gecko) Chrome/47.0.2526.106 Safari/537.36" "-"
82.165.88.0 - - [29/Dec/2023:10:59:44 +0100] "POST /wp-cron.php?doing_wp_cron=1703843984.9518399238586425781250 HTTP/1.1" 200 - cronicareinodearagon.com "-" "WordPress/6.2.2; https://cronicareinodearagon.com" "-"
207.46.13.0 - - [29/Dec/2023:10:59:44 +0100] "GET /politica/psoe-huesca-bus-gratuito-vecinos/ HTTP/1.1" 200 159813 cronicareinodearagon.com "-" "Mozilla/5.0 AppleWebKit/537.36 (KHTML, like Gecko; compatible; bingbot/2.0; +http://www.bing.com/bingbot.htm) Chrome/116.0.1938.76 Safari/537.36" "-"
85.208.96.0 - - [29/Dec/2023:11:03:21 +0100] "GET /robots.txt HTTP/1.1" 200 202 cronicareinodearagon.com "-" "Mozilla/5.0 (compatible; SemrushBot/7~bl; +http://www.semrush.com/bot.html)" "-"
82.165.88.0 - - [29/Dec/2023:11:03:22 +0100] "POST /wp-cron.php?doing_wp_cron=1703844202.5874478816986083984375 HTTP/1.1" 200 - cronicareinodearagon.com "-" "WordPress/6.2.2; https://cronicareinodearagon.com" "-"
185.191.171.0 - - [29/Dec/2023:11:03:23 +0100] "GET /category/educacion/page/10/ HTTP/1.1" 200 137152 cronicareinodearagon.com "-" "Mozilla/5.0 (compatible; SemrushBot/7~bl; +http://www.semrush.com/bot.html)" "-"
185.191.171.0 - - [29/Dec/2023:11:03:28 +0100] "GET /sitemap_index.xml HTTP/1.1" 200 693 cronicareinodearagon.com "-" "Mozilla/5.0 (compatible; SemrushBot/7~bl; +http://www.semrush.com/bot.html)" "-"
185.191.171.0 - - [29/Dec/2023:11:03:40 +0100] "GET /category-sitemap.xml HTTP/1.1" 200 1443 cronicareinodearagon.com "-" "Mozilla/5.0 (compatible; SemrushBot/7~bl; +http://www.semrush.com/bot.html)" "-"
82.165.88.0 - - [29/Dec/2023:11:03:40 +0100] "POST /wp-cron.php?doing_wp_cron=1703844220.8964149951934814453125 HTTP/1.1" 200 - cronicareinodearagon.com "-" "WordPress/6.2.2; https://cronicareinodearagon.com" "-"
185.191.171.0 - - [29/Dec/2023:11:03:43 +0100] "GET /page-sitemap.xml HTTP/1.1" 200 3579 cronicareinodearagon.com "-" "Mozilla/5.0 (compatible; SemrushBot/7~bl; +http://www.semrush.com/bot.html)" "-"
185.191.171.0 - - [29/Dec/2023:11:03:50 +0100] "GET /post-sitemap.xml HTTP/1.1" 200 198989 cronicareinodearagon.com "-" "Mozilla/5.0 (compatible; SemrushBot/7~bl; +http://www.semrush.com/bot.html)" "-"
66.249.75.0 - - [29/Dec/2023:11:03:54 +0100] "GET /robots.txt HTTP/1.1" 200 202 cronicareinodearagon.com "-" "Mozilla/5.0 (compatible; Googlebot/2.1; +http://www.google.com/bot.html)" "-"
82.165.88.0 - - [29/Dec/2023:11:03:55 +0100] "POST /wp-cron.php?doing_wp_cron=1703844235.1585218906402587890625 HTTP/1.1" 200 - cronicareinodearagon.com "-" "WordPress/6.2.2; https://cronicareinodearagon.com" "-"
2a03:4000:: - - [29/Dec/2023:11:12:48 +0100] "POST /xmlrpc.php HTTP/1.1" 200 416 cronicareinodearagon.com "-" "Mozilla/5.0 (Windows NT 10.0; Win64; x64; rv:64.0) Gecko/20100101 Firefox/64.0" "-"
82.165.88.0 - - [29/Dec/2023:11:12:49 +0100] "POST /wp-cron.php?doing_wp_cron=1703844769.2246708869934082031250 HTTP/1.1" 200 - cronicareinodearagon.com "-" "WordPress/6.2.2; https://cronicareinodearagon.com" "-"
142.4.12.0 - - [29/Dec/2023:11:12:56 +0100] "POST /wp-login.php HTTP/1.1" 200 9612 cronicareinodearagon.com "-" "Mozilla/5.0 (Windows NT 6.1) AppleWebKit/537.36 (KHTML, like Gecko) Chrome/58.0.3029.110 Safari/537.36" "-"
82.165.88.0 - - [29/Dec/2023:11:15:56 +0100] "POST /wp-cron.php?doing_wp_cron=1703844956.8638000488281250000000 HTTP/1.1" 200 - cronicareinodearagon.com "-" "WordPress/6.2.2; https://cronicareinodearagon.com" "-"
167.86.102.0 - - [29/Dec/2023:11:15:56 +0100] "POST /xmlrpc.php HTTP/1.1" 200 416 cronicareinodearagon.com "-" "Mozilla/5.0 (Windows NT 10.0; Win64; x64; rv:63.0) Gecko/20100101 Firefox/63.0" "-"
2605:a141:2100:: - - [29/Dec/2023:11:15:56 +0100] "POST /xmlrpc.php HTTP/1.1" 200 416 cronicareinodearagon.com "-" "Mozilla/5.0 (Windows NT 10.0; Win64; x64) AppleWebKit/537.36 (KHTML, like Gecko) Chrome/79.0.3945.88 Safari/537.36" "-"
91.134.248.0 - - [29/Dec/2023:11:16:03 +0100] "POST /xmlrpc.php HTTP/1.1" 200 416 cronicareinodearagon.com "-" "Mozilla/5.0 (Windows NT 10.0; Win64; x64; rv:58.0) Gecko/20100101 Firefox/58.0" "-"
198.71.229.0 - - [29/Dec/2023:11:16:06 +0100] "POST /xmlrpc.php HTTP/1.1" 200 416 cronicareinodearagon.com "-" "Mozilla/5.0 (Linux; Android 10; LM-Q720) AppleWebKit/537.36 (KHTML, like Gecko) Chrome/91.0.4472.114 Mobile Safari/537.36" "-"
167.86.102.0 - - [29/Dec/2023:11:16:12 +0100] "POST /xmlrpc.php HTTP/1.1" 200 416 cronicareinodearagon.com "-" "Mozilla/5.0 (Windows NT 10.0; Win64; x64; rv:84.0) Gecko/20100101 Firefox/84.0" "-"
68.178.152.0 - - [29/Dec/2023:11:16:18 +0100] "POST /xmlrpc.php HTTP/1.1" 200 416 cronicareinodearagon.com "-" "Mozilla/5.0 (Macintosh; Intel Mac OS X 11_4) AppleWebKit/537.36 (KHTML, like Gecko) Chrome/91.0.4472.114 Safari/537.36" "-"
176.9.5.0 - - [29/Dec/2023:11:16:19 +0100] "POST /xmlrpc.php HTTP/1.1" 200 416 cronicareinodearagon.com "-" "Mozilla/5.0 (Windows NT 10.0; Win64; x64) AppleWebKit/537.36 (KHTML, like Gecko) Chrome/67.0.3396.99 Safari/537.36" "-"
198.71.229.0 - - [29/Dec/2023:11:16:22 +0100] "POST /xmlrpc.php HTTP/1.1" 200 416 cronicareinodearagon.com "-" "Mozilla/5.0 (iPod; CPU iPhone OS 14_6 like Mac OS X) AppleWebKit/605.1.15 (KHTML, like Gecko) CriOS/91.0.4472.80 Mobile/15E148 Safari/604.1" "-"
160.153.246.0 - - [29/Dec/2023:11:16:27 +0100] "POST /xmlrpc.php HTTP/1.1" 200 416 cronicareinodearagon.com "-" "Mozilla/5.0 (Linux; Android 10; LM-Q710(FGN)) AppleWebKit/537.36 (KHTML, like Gecko) Chrome/91.0.4472.114 Mobile Safari/537.36" "-"
198.71.229.0 - - [29/Dec/2023:11:16:29 +0100] "POST /xmlrpc.php HTTP/1.1" 403 775 cronicareinodearagon.com "-" "Mozilla/5.0 (Windows NT 10.0; Win64; x64) AppleWebKit/537.36 (KHTML, like Gecko) Chrome/80.0.3987.132 Safari/537.36" "-"
167.86.102.0 - - [29/Dec/2023:11:16:29 +0100] "POST /xmlrpc.php HTTP/1.1" 403 775 cronicareinodearagon.com "-" "Mozilla/5.0 (Windows NT 6.1; Win64; x64; rv:25.0) Gecko/20100101 Firefox/29.0" "-"
185.107.112.0 - - [29/Dec/2023:11:16:30 +0100] "POST /xmlrpc.php HTTP/1.1" 200 416 cronicareinodearagon.com "-" "Mozilla/5.0 (Windows NT 5.1; rv:40.0) Gecko/20100101 Firefox/40.0" "-"
17.241.227.0 - - [29/Dec/2023:11:25:00 +0100] "GET /robots.txt HTTP/1.1" 200 202 cronicareinodearagon.com "-" "Mozilla/5.0 (Macintosh; Intel Mac OS X 10_15_5) AppleWebKit/605.1.15 (KHTML, like Gecko) Version/13.1.1 Safari/605.1.15 (Applebot/0.1; +http://www.apple.com/go/applebot)" "-"
82.165.88.0 - - [29/Dec/2023:11:25:01 +0100] "POST /wp-cron.php?doing_wp_cron=1703845501.2662389278411865234375 HTTP/1.1" 200 - cronicareinodearagon.com "-" "WordPress/6.2.2; https://cronicareinodearagon.com" "-"
17.241.227.0 - - [29/Dec/2023:11:25:02 +0100] "GET /aragon/psoe-andalucia-critica-juanma-moreno/ HTTP/1.1" 200 160755 cronicareinodearagon.com "-" "Mozilla/5.0 (Macintosh; Intel Mac OS X 10_15_5) AppleWebKit/605.1.15 (KHTML, like Gecko) Version/13.1.1 Safari/605.1.15 (Applebot/0.1; +http://www.apple.com/go/applebot)" "-"
157.55.39.0 - - [29/Dec/2023:11:26:51 +0100] "GET /uncategorized/aislan-a-mas-de-cien-personas-en-malaga-por-el-rebrote-en-la-cruz-roja/ HTTP/1.1" 404 145060 cronicareinodearagon.com "-" "Mozilla/5.0 AppleWebKit/537.36 (KHTML, like Gecko; compatible; bingbot/2.0; +http://www.bing.com/bingbot.htm) Chrome/116.0.1938.76 Safari/537.36" "-"
82.165.88.0 - - [29/Dec/2023:11:26:52 +0100] "POST /wp-cron.php?doing_wp_cron=1703845612.0184540748596191406250 HTTP/1.1" 200 - cronicareinodearagon.com "-" "WordPress/6.2.2; https://cronicareinodearagon.com" "-"
103.157.27.0 - - [29/Dec/2023:11:32:45 +0100] "POST /wp-login.php HTTP/1.1" 200 9612 cronicareinodearagon.com "-" "Mozilla/5.0 (Windows NT 10.0; WOW64) AppleWebKit/537.36 (KHTML, like Gecko) Chrome/47.0.2526.106 Safari/537.36" "-"
82.165.88.0 - - [29/Dec/2023:11:32:46 +0100] "POST /wp-cron.php?doing_wp_cron=1703845966.2275509834289550781250 HTTP/1.1" 200 - cronicareinodearagon.com "-" "WordPress/6.2.2; https://cronicareinodearagon.com" "-"
54.36.148.0 - - [29/Dec/2023:11:33:36 +0100] "GET /sociedad/diputacion-de-huesca-y-cruz-roja-unen-esfuerzos-para-impulsar-caminando-acompanados/ HTTP/1.1" 200 34010 cronicareinodearagon.com "-" "Mozilla/5.0 (compatible; AhrefsBot/7.0; +http://ahrefs.com/robot/)" "-"
74.125.209.0 - - [29/Dec/2023:11:40:10 +0100] "GET /category/sociedad/feed/ HTTP/1.1" 200 16233 cronicareinodearagon.com "-" "FeedFetcher-Google; (+http://www.google.com/feedfetcher.html)" "-"
82.165.88.0 - - [29/Dec/2023:11:40:36 +0100] "POST /wp-cron.php?doing_wp_cron=1703846436.4712080955505371093750 HTTP/1.1" 200 - cronicareinodearagon.com "-" "WordPress/6.2.2; https://cronicareinodearagon.com" "-"
17.241.227.0 - - [29/Dec/2023:11:40:36 +0100] "GET /sociedad/sentencia-cuco-madre-marta-del-castillo/ HTTP/1.1" 200 168820 cronicareinodearagon.com "-" "Mozilla/5.0 (Macintosh; Intel Mac OS X 10_15_5) AppleWebKit/605.1.15 (KHTML, like Gecko) Version/13.1.1 Safari/605.1.15 (Applebot/0.1; +http://www.apple.com/go/applebot)" "-"
82.165.88.0 - - [29/Dec/2023:11:46:46 +0100] "POST /wp-cron.php?doing_wp_cron=1703846806.9174590110778808593750 HTTP/1.1" 200 - cronicareinodearagon.com "-" "WordPress/6.2.2; https://cronicareinodearagon.com" "-"
145.239.208.0 - - [29/Dec/2023:11:46:46 +0100] "POST /wp-login.php HTTP/1.1" 200 180 cronicareinodearagon.com "-" "Mozilla/5.0 (Windows NT 6.3; Win64; x64) AppleWebKit/537.36 (KHTML, like Gecko) Chrome/79.0.3945.88 Safari/537.36" "-"
85.208.96.0 - - [29/Dec/2023:11:46:54 +0100] "GET /category/sociedad/page/30/ HTTP/1.1" 200 147442 cronicareinodearagon.com "-" "Mozilla/5.0 (compatible; SemrushBot/7~bl; +http://www.semrush.com/bot.html)" "-"
17.246.19.0 - - [29/Dec/2023:11:47:15 +0100] "GET /wp-includes/css/dist/block-library/style.min.css?ver=6.2.2 HTTP/1.1" 200 16406 cronicareinodearagon.com "https://cronicareinodearagon.com/aragon/psoe-andalucia-critica-juanma-moreno/" "Mozilla/5.0 (Macintosh; Intel Mac OS X 10_15_5) AppleWebKit/605.1.15 (KHTML, like Gecko) Version/13.1.1 Safari/605.1.15 (Applebot/0.1; +http://www.apple.com/go/applebot)" "-"
17.246.19.0 - - [29/Dec/2023:11:47:16 +0100] "GET /wp-content/themes/jnews/assets/css/elementor-frontend.css?ver=10.7.9 HTTP/1.1" 200 215 cronicareinodearagon.com "https://cronicareinodearagon.com/aragon/psoe-andalucia-critica-juanma-moreno/" "Mozilla/5.0 (Macintosh; Intel Mac OS X 10_15_5) AppleWebKit/605.1.15 (KHTML, like Gecko) Version/13.1.1 Safari/605.1.15 (Applebot/0.1; +http://www.apple.com/go/applebot)" "-"
17.246.15.0 - - [29/Dec/2023:11:47:17 +0100] "GET /wp-content/plugins/metronet-profile-picture/dist/blocks.style.build.css?ver=2.6.0 HTTP/1.1" 200 4040 cronicareinodearagon.com "https://cronicareinodearagon.com/aragon/psoe-andalucia-critica-juanma-moreno/" "Mozilla/5.0 (Macintosh; Intel Mac OS X 10_15_5) AppleWebKit/605.1.15 (KHTML, like Gecko) Version/13.1.1 Safari/605.1.15 (Applebot/0.1; +http://www.apple.com/go/applebot)" "-"
17.246.19.0 - - [29/Dec/2023:11:47:17 +0100] "GET /wp-content/plugins/elementor/assets/css/frontend-lite.min.css?ver=3.15.2 HTTP/1.1" 200 17137 cronicareinodearagon.com "https://cronicareinodearagon.com/aragon/psoe-andalucia-critica-juanma-moreno/" "Mozilla/5.0 (Macintosh; Intel Mac OS X 10_15_5) AppleWebKit/605.1.15 (KHTML, like Gecko) Version/13.1.1 Safari/605.1.15 (Applebot/0.1; +http://www.apple.com/go/applebot)" "-"
17.246.19.0 - - [29/Dec/2023:11:47:17 +0100] "GET /wp-includes/css/classic-themes.min.css?ver=6.2.2 HTTP/1.1" 200 211 cronicareinodearagon.com "https://cronicareinodearagon.com/aragon/psoe-andalucia-critica-juanma-moreno/" "Mozilla/5.0 (Macintosh; Intel Mac OS X 10_15_5) AppleWebKit/605.1.15 (KHTML, like Gecko) Version/13.1.1 Safari/605.1.15 (Applebot/0.1; +http://www.apple.com/go/applebot)" "-"
17.246.15.0 - - [29/Dec/2023:11:47:18 +0100] "GET /wp-content/plugins/complianz-gdpr/assets/css/cookieblocker.min.css?ver=6.4.4 HTTP/1.1" 200 754 cronicareinodearagon.com "https://cronicareinodearagon.com/aragon/psoe-andalucia-critica-juanma-moreno/" "Mozilla/5.0 (Macintosh; Intel Mac OS X 10_15_5) AppleWebKit/605.1.15 (KHTML, like Gecko) Version/13.1.1 Safari/605.1.15 (Applebot/0.1; +http://www.apple.com/go/applebot)" "-"
17.246.19.0 - - [29/Dec/2023:11:47:18 +0100] "GET /wp-content/themes/jnews/assets/dist/frontend.min.css?ver=10.7.9 HTTP/1.1" 200 126484 cronicareinodearagon.com "https://cronicareinodearagon.com/aragon/psoe-andalucia-critica-juanma-moreno/" "Mozilla/5.0 (Macintosh; Intel Mac OS X 10_15_5) AppleWebKit/605.1.15 (KHTML, like Gecko) Version/13.1.1 Safari/605.1.15 (Applebot/0.1; +http://www.apple.com/go/applebot)" "-"
17.246.19.0 - - [29/Dec/2023:11:47:19 +0100] "GET /wp-content/themes/jnews/data/import/newspaper/scheme.css?ver=10.7.9 HTTP/1.1" 200 1687 cronicareinodearagon.com "https://cronicareinodearagon.com/aragon/psoe-andalucia-critica-juanma-moreno/" "Mozilla/5.0 (Macintosh; Intel Mac OS X 10_15_5) AppleWebKit/605.1.15 (KHTML, like Gecko) Version/13.1.1 Safari/605.1.15 (Applebot/0.1; +http://www.apple.com/go/applebot)" "-"
17.246.15.0 - - [29/Dec/2023:11:47:19 +0100] "GET /wp-content/themes/jnews/assets/css/darkmode.css?ver=10.7.9 HTTP/1.1" 200 9055 cronicareinodearagon.com "https://cronicareinodearagon.com/aragon/psoe-andalucia-critica-juanma-moreno/" "Mozilla/5.0 (Macintosh; Intel Mac OS X 10_15_5) AppleWebKit/605.1.15 (KHTML, like Gecko) Version/13.1.1 Safari/605.1.15 (Applebot/0.1; +http://www.apple.com/go/applebot)" "-"
17.246.19.0 - - [29/Dec/2023:11:47:20 +0100] "GET /wp-content/plugins/jnews-social-share/assets/css/plugin.css HTTP/1.1" 200 506 cronicareinodearagon.com "https://cronicareinodearagon.com/aragon/psoe-andalucia-critica-juanma-moreno/" "Mozilla/5.0 (Macintosh; Intel Mac OS X 10_15_5) AppleWebKit/605.1.15 (KHTML, like Gecko) Version/13.1.1 Safari/605.1.15 (Applebot/0.1; +http://www.apple.com/go/applebot)" "-"
17.246.15.0 - - [29/Dec/2023:11:47:20 +0100] "GET /wp-includes/js/jquery/jquery.min.js?ver=3.6.4 HTTP/1.1" 200 36269 cronicareinodearagon.com "https://cronicareinodearagon.com/aragon/psoe-andalucia-critica-juanma-moreno/" "Mozilla/5.0 (Macintosh; Intel Mac OS X 10_15_5) AppleWebKit/605.1.15 (KHTML, like Gecko) Version/13.1.1 Safari/605.1.15 (Applebot/0.1; +http://www.apple.com/go/applebot)" "-"
17.246.19.0 - - [29/Dec/2023:11:47:21 +0100] "GET /wp-includes/js/jquery/jquery-migrate.min.js?ver=3.4.0 HTTP/1.1" 200 5257 cronicareinodearagon.com "https://cronicareinodearagon.com/aragon/psoe-andalucia-critica-juanma-moreno/" "Mozilla/5.0 (Macintosh; Intel Mac OS X 10_15_5) AppleWebKit/605.1.15 (KHTML, like Gecko) Version/13.1.1 Safari/605.1.15 (Applebot/0.1; +http://www.apple.com/go/applebot)" "-"
17.246.19.0 - - [29/Dec/2023:11:47:21 +0100] "GET /wp-content/plugins/elementor/assets/lib/eicons/css/elementor-icons.min.css?ver=5.21.0 HTTP/1.1" 200 4358 cronicareinodearagon.com "https://cronicareinodearagon.com/aragon/psoe-andalucia-critica-juanma-moreno/" "Mozilla/5.0 (Macintosh; Intel Mac OS X 10_15_5) AppleWebKit/605.1.15 (KHTML, like Gecko) Version/13.1.1 Safari/605.1.15 (Applebot/0.1; +http://www.apple.com/go/applebot)" "-"
17.246.15.0 - - [29/Dec/2023:11:47:22 +0100] "GET /wp-content/plugins/elementor/assets/lib/swiper/css/swiper.min.css?ver=5.3.6 HTTP/1.1" 200 2779 cronicareinodearagon.com "https://cronicareinodearagon.com/aragon/psoe-andalucia-critica-juanma-moreno/" "Mozilla/5.0 (Macintosh; Intel Mac OS X 10_15_5) AppleWebKit/605.1.15 (KHTML, like Gecko) Version/13.1.1 Safari/605.1.15 (Applebot/0.1; +http://www.apple.com/go/applebot)" "-"
17.246.19.0 - - [29/Dec/2023:11:47:22 +0100] "GET /wp-content/plugins/metronet-profile-picture/js/mpp-frontend.js?ver=2.6.0 HTTP/1.1" 200 201 cronicareinodearagon.com "https://cronicareinodearagon.com/aragon/psoe-andalucia-critica-juanma-moreno/" "Mozilla/5.0 (Macintosh; Intel Mac OS X 10_15_5) AppleWebKit/605.1.15 (KHTML, like Gecko) Version/13.1.1 Safari/605.1.15 (Applebot/0.1; +http://www.apple.com/go/applebot)" "-"
17.246.15.0 - - [29/Dec/2023:11:47:23 +0100] "GET /wp-includes/js/comment-reply.min.js?ver=6.2.2 HTTP/1.1" 200 1399 cronicareinodearagon.com "https://cronicareinodearagon.com/aragon/psoe-andalucia-critica-juanma-moreno/" "Mozilla/5.0 (Macintosh; Intel Mac OS X 10_15_5) AppleWebKit/605.1.15 (KHTML, like Gecko) Version/13.1.1 Safari/605.1.15 (Applebot/0.1; +http://www.apple.com/go/applebot)" "-"
17.246.19.0 - - [29/Dec/2023:11:47:24 +0100] "GET /wp-includes/js/hoverIntent.min.js?ver=1.10.2 HTTP/1.1" 200 721 cronicareinodearagon.com "https://cronicareinodearagon.com/aragon/psoe-andalucia-critica-juanma-moreno/" "Mozilla/5.0 (Macintosh; Intel Mac OS X 10_15_5) AppleWebKit/605.1.15 (KHTML, like Gecko) Version/13.1.1 Safari/605.1.15 (Applebot/0.1; +http://www.apple.com/go/applebot)" "-"
17.246.19.0 - - [29/Dec/2023:11:47:24 +0100] "GET /wp-includes/js/imagesloaded.min.js?ver=4.1.4 HTTP/1.1" 200 2010 cronicareinodearagon.com "https://cronicareinodearagon.com/aragon/psoe-andalucia-critica-juanma-moreno/" "Mozilla/5.0 (Macintosh; Intel Mac OS X 10_15_5) AppleWebKit/605.1.15 (KHTML, like Gecko) Version/13.1.1 Safari/605.1.15 (Applebot/0.1; +http://www.apple.com/go/applebot)" "-"
17.246.15.0 - - [29/Dec/2023:11:47:25 +0100] "GET /wp-content/themes/jnews/assets/dist/frontend.min.js?ver=10.7.9 HTTP/1.1" 200 103509 cronicareinodearagon.com "https://cronicareinodearagon.com/aragon/psoe-andalucia-critica-juanma-moreno/" "Mozilla/5.0 (Macintosh; Intel Mac OS X 10_15_5) AppleWebKit/605.1.15 (KHTML, like Gecko) Version/13.1.1 Safari/605.1.15 (Applebot/0.1; +http://www.apple.com/go/applebot)" "-"
17.246.19.0 - - [29/Dec/2023:11:47:25 +0100] "GET /wp-content/plugins/complianz-gdpr/cookiebanner/js/complianz.min.js?ver=6.4.4 HTTP/1.1" 200 12688 cronicareinodearagon.com "https://cronicareinodearagon.com/aragon/psoe-andalucia-critica-juanma-moreno/" "Mozilla/5.0 (Macintosh; Intel Mac OS X 10_15_5) AppleWebKit/605.1.15 (KHTML, like Gecko) Version/13.1.1 Safari/605.1.15 (Applebot/0.1; +http://www.apple.com/go/applebot)" "-"
17.246.15.0 - - [29/Dec/2023:11:47:26 +0100] "GET /wp-content/plugins/jnews-social-share/assets/js/plugin.js HTTP/1.1" 200 1411 cronicareinodearagon.com "https://cronicareinodearagon.com/aragon/psoe-andalucia-critica-juanma-moreno/" "Mozilla/5.0 (Macintosh; Intel Mac OS X 10_15_5) AppleWebKit/605.1.15 (KHTML, like Gecko) Version/13.1.1 Safari/605.1.15 (Applebot/0.1; +http://www.apple.com/go/applebot)" "-"
17.246.19.0 - - [29/Dec/2023:11:47:26 +0100] "GET /wp-content/plugins/akismet/_inc/akismet-frontend.js?ver=1683388628 HTTP/1.1" 200 3528 cronicareinodearagon.com "https://cronicareinodearagon.com/aragon/psoe-andalucia-critica-juanma-moreno/" "Mozilla/5.0 (Macintosh; Intel Mac OS X 10_15_5) AppleWebKit/605.1.15 (KHTML, like Gecko) Version/13.1.1 Safari/605.1.15 (Applebot/0.1; +http://www.apple.com/go/applebot)" "-"
17.246.19.0 - - [29/Dec/2023:11:47:27 +0100] "GET /wp-content/plugins/elementor/assets/js/webpack.runtime.min.js?ver=3.15.2 HTTP/1.1" 200 2279 cronicareinodearagon.com "https://cronicareinodearagon.com/aragon/psoe-andalucia-critica-juanma-moreno/" "Mozilla/5.0 (Macintosh; Intel Mac OS X 10_15_5) AppleWebKit/605.1.15 (KHTML, like Gecko) Version/13.1.1 Safari/605.1.15 (Applebot/0.1; +http://www.apple.com/go/applebot)" "-"
17.246.15.0 - - [29/Dec/2023:11:47:27 +0100] "GET /wp-content/plugins/elementor/assets/js/frontend-modules.min.js?ver=3.15.2 HTTP/1.1" 200 19256 cronicareinodearagon.com "https://cronicareinodearagon.com/aragon/psoe-andalucia-critica-juanma-moreno/" "Mozilla/5.0 (Macintosh; Intel Mac OS X 10_15_5) AppleWebKit/605.1.15 (KHTML, like Gecko) Version/13.1.1 Safari/605.1.15 (Applebot/0.1; +http://www.apple.com/go/applebot)" "-"
17.246.19.0 - - [29/Dec/2023:11:47:28 +0100] "GET /wp-content/plugins/elementor/assets/lib/waypoints/waypoints.min.js?ver=4.0.2 HTTP/1.1" 200 3501 cronicareinodearagon.com "https://cronicareinodearagon.com/aragon/psoe-andalucia-critica-juanma-moreno/" "Mozilla/5.0 (Macintosh; Intel Mac OS X 10_15_5) AppleWebKit/605.1.15 (KHTML, like Gecko) Version/13.1.1 Safari/605.1.15 (Applebot/0.1; +http://www.apple.com/go/applebot)" "-"
17.246.19.0 - - [29/Dec/2023:11:47:28 +0100] "GET /wp-content/themes/jnews/style.css?ver=10.7.9 HTTP/1.1" 200 297 cronicareinodearagon.com "https://cronicareinodearagon.com/aragon/psoe-andalucia-critica-juanma-moreno/" "Mozilla/5.0 (Macintosh; Intel Mac OS X 10_15_5) AppleWebKit/605.1.15 (KHTML, like Gecko) Version/13.1.1 Safari/605.1.15 (Applebot/0.1; +http://www.apple.com/go/applebot)" "-"
17.246.19.0 - - [29/Dec/2023:11:47:29 +0100] "GET /wp-content/plugins/elementor/assets/js/frontend.min.js?ver=3.15.2 HTTP/1.1" 200 14219 cronicareinodearagon.com "https://cronicareinodearagon.com/aragon/psoe-andalucia-critica-juanma-moreno/" "Mozilla/5.0 (Macintosh; Intel Mac OS X 10_15_5) AppleWebKit/605.1.15 (KHTML, like Gecko) Version/13.1.1 Safari/605.1.15 (Applebot/0.1; +http://www.apple.com/go/applebot)" "-"
17.246.15.0 - - [29/Dec/2023:11:47:29 +0100] "GET /wp-includes/js/jquery/ui/core.min.js?ver=1.13.2 HTTP/1.1" 200 7937 cronicareinodearagon.com "https://cronicareinodearagon.com/aragon/psoe-andalucia-critica-juanma-moreno/" "Mozilla/5.0 (Macintosh; Intel Mac OS X 10_15_5) AppleWebKit/605.1.15 (KHTML, like Gecko) Version/13.1.1 Safari/605.1.15 (Applebot/0.1; +http://www.apple.com/go/applebot)" "-"
162.214.197.0 - - [29/Dec/2023:11:47:37 +0100] "POST /wp-login.php HTTP/1.1" 200 9604 cronicareinodearagon.com "-" "Mozilla/5.0 (Windows NT 6.1) AppleWebKit/537.36 (KHTML, like Gecko) Chrome/59.0.3071.115 Safari/537.36" "-"
17.246.19.0 - - [29/Dec/2023:11:47:39 +0100] "GET /wp-content/plugins/elementor/assets/lib/share-link/share-link.min.js?ver=3.15.2 HTTP/1.1" 200 1185 cronicareinodearagon.com "https://cronicareinodearagon.com/aragon/psoe-andalucia-critica-juanma-moreno/" "Mozilla/5.0 (Macintosh; Intel Mac OS X 10_15_5) AppleWebKit/605.1.15 (KHTML, like Gecko) Version/13.1.1 Safari/605.1.15 (Applebot/0.1; +http://www.apple.com/go/applebot)" "-"
17.246.15.0 - - [29/Dec/2023:11:47:39 +0100] "GET /wp-content/plugins/elementor/assets/js/lightbox.1b6e05e0607040eb8929.bundle.min.js HTTP/1.1" 200 11140 cronicareinodearagon.com "https://cronicareinodearagon.com/aragon/psoe-andalucia-critica-juanma-moreno/" "Mozilla/5.0 (Macintosh; Intel Mac OS X 10_15_5) AppleWebKit/605.1.15 (KHTML, like Gecko) Version/13.1.1 Safari/605.1.15 (Applebot/0.1; +http://www.apple.com/go/applebot)" "-"
17.246.15.0 - - [29/Dec/2023:11:47:40 +0100] "GET /wp-content/plugins/elementor/assets/lib/dialog/dialog.min.js?ver=4.9.0 HTTP/1.1" 200 3897 cronicareinodearagon.com "https://cronicareinodearagon.com/aragon/psoe-andalucia-critica-juanma-moreno/" "Mozilla/5.0 (Macintosh; Intel Mac OS X 10_15_5) AppleWebKit/605.1.15 (KHTML, like Gecko) Version/13.1.1 Safari/605.1.15 (Applebot/0.1; +http://www.apple.com/go/applebot)" "-"
17.246.15.0 - - [29/Dec/2023:11:47:40 +0100] "GET /wp-content/plugins/elementor/assets/js/text-editor.2c35aafbe5bf0e127950.bundle.min.js HTTP/1.1" 200 688 cronicareinodearagon.com "https://cronicareinodearagon.com/aragon/psoe-andalucia-critica-juanma-moreno/" "Mozilla/5.0 (Macintosh; Intel Mac OS X 10_15_5) AppleWebKit/605.1.15 (KHTML, like Gecko) Version/13.1.1 Safari/605.1.15 (Applebot/0.1; +http://www.apple.com/go/applebot)" "-"
17.246.19.0 - - [29/Dec/2023:11:47:49 +0100] "GET /wp-content/uploads/complianz/css/banner-1-optin.css?v=41 HTTP/1.1" 200 3432 cronicareinodearagon.com "https://cronicareinodearagon.com/aragon/psoe-andalucia-critica-juanma-moreno/" "Mozilla/5.0 (Macintosh; Intel Mac OS X 10_15_5) AppleWebKit/605.1.15 (KHTML, like Gecko) Version/13.1.1 Safari/605.1.15 (Applebot/0.1; +http://www.apple.com/go/applebot)" "-"
82.165.88.0 - - [29/Dec/2023:11:50:44 +0100] "POST /wp-cron.php?doing_wp_cron=1703847044.8904049396514892578125 HTTP/1.1" 200 - cronicareinodearagon.com "-" "WordPress/6.2.2; https://cronicareinodearagon.com" "-"
109.248.175.0 - - [29/Dec/2023:11:50:44 +0100] "GET /ccx/aa/index.php HTTP/1.1" 301 - cronicareinodearagon.com "-" "Mozilla/4.0 (compatible; MSIE 6.0; Windows NT 5.1; SV1)" "-"
109.248.175.0 - - [29/Dec/2023:11:50:48 +0100] "GET /ccx/aa/ HTTP/1.1" 404 144827 cronicareinodearagon.com "-" "Mozilla/4.0 (compatible; MSIE 6.0; Windows NT 5.1; SV1)" "-"
82.165.88.0 - - [29/Dec/2023:11:52:07 +0100] "POST /wp-cron.php?doing_wp_cron=1703847127.4565980434417724609375 HTTP/1.1" 200 - cronicareinodearagon.com "-" "WordPress/6.2.2; https://cronicareinodearagon.com" "-"
85.208.96.0 - - [29/Dec/2023:11:52:07 +0100] "GET /aragon/psoe-malaga-aguas-fecales/ HTTP/1.1" 200 36215 cronicareinodearagon.com "-" "Mozilla/5.0 (compatible; SemrushBot/7~bl; +http://www.semrush.com/bot.html)" "-"
52.167.144.0 - - [29/Dec/2023:11:52:21 +0100] "GET /politica-de-cookies-ue/ HTTP/1.1" 200 30326 cronicareinodearagon.com "-" "Mozilla/5.0 AppleWebKit/537.36 (KHTML, like Gecko; compatible; bingbot/2.0; +http://www.bing.com/bingbot.htm) Chrome/116.0.1938.76 Safari/537.36" "-"
82.165.88.0 - - [29/Dec/2023:11:52:51 +0100] "POST /wp-cron.php?doing_wp_cron=1703847171.9262468814849853515625 HTTP/1.1" 200 - cronicareinodearagon.com "-" "WordPress/6.2.2; https://cronicareinodearagon.com" "-"
49.235.81.0 - - [29/Dec/2023:11:52:51 +0100] "POST /wp-login.php HTTP/1.1" 200 180 cronicareinodearagon.com "-" "Mozilla/5.0 (Windows NT 10.0; Win64; x64) AppleWebKit/537.36 (KHTML, like Gecko) Chrome/66.0.3359.117 Safari/537.36" "-"
74.125.209.0 - - [29/Dec/2023:11:54:44 +0100] "GET /category/educacion/feed/ HTTP/1.1" 200 16487 cronicareinodearagon.com "-" "FeedFetcher-Google; (+http://www.google.com/feedfetcher.html)" "-"
206.189.147.0 - - [29/Dec/2023:11:58:24 +0100] "GET /wp-content/themes/twentyfive/include.php HTTP/1.1" 301 281 cronicareinodearagon.com "-" "Mozlila/5.0 (Linux; Android 7.0; SM-G892A Bulid/NRD90M; wv) AppleWebKit/537.36 (KHTML, like Gecko) Version/4.0 Chrome/60.0.3112.107 Moblie Safari/537.36" "-"
82.165.88.0 - - [29/Dec/2023:11:58:26 +0100] "POST /wp-cron.php?doing_wp_cron=1703847506.3203461170196533203125 HTTP/1.1" 200 - cronicareinodearagon.com "-" "WordPress/6.2.2; https://cronicareinodearagon.com" "-"
206.189.147.0 - - [29/Dec/2023:11:58:26 +0100] "GET /wp-content/themes/twentyfive/include.php HTTP/1.1" 404 144964 cronicareinodearagon.com "-" "Mozlila/5.0 (Linux; Android 7.0; SM-G892A Bulid/NRD90M; wv) AppleWebKit/537.36 (KHTML, like Gecko) Version/4.0 Chrome/60.0.3112.107 Moblie Safari/537.36" "-"
128.199.229.0 - - [29/Dec/2023:11:58:44 +0100] "GET /atomlib.php HTTP/1.1" 301 252 cronicareinodearagon.com "www.google.com" "Mozlila/5.0 (Linux; Android 7.0; SM-G892A Bulid/NRD90M; wv) AppleWebKit/537.36 (KHTML, like Gecko) Version/4.0 Chrome/60.0.3112.107 Moblie Safari/537.36" "-"
128.199.229.0 - - [29/Dec/2023:11:58:46 +0100] "GET /atomlib.php HTTP/1.1" 404 144874 cronicareinodearagon.com "www.google.com" "Mozlila/5.0 (Linux; Android 7.0; SM-G892A Bulid/NRD90M; wv) AppleWebKit/537.36 (KHTML, like Gecko) Version/4.0 Chrome/60.0.3112.107 Moblie Safari/537.36" "-"
82.165.88.0 - - [29/Dec/2023:11:58:47 +0100] "POST /wp-cron.php?doing_wp_cron=1703847527.2315959930419921875000 HTTP/1.1" 200 - cronicareinodearagon.com "-" "WordPress/6.2.2; https://cronicareinodearagon.com" "-"
139.196.46.0 - - [29/Dec/2023:12:06:42 +0100] "POST /wp-login.php HTTP/1.1" 200 9585 cronicareinodearagon.com "-" "Mozilla/5.0 (Windows NT 6.3; Win64; x64) AppleWebKit/537.36 (KHTML, like Gecko) Chrome/68.0.3440.106 Safari/537.36" "-"
82.165.88.0 - - [29/Dec/2023:12:06:43 +0100] "POST /wp-cron.php?doing_wp_cron=1703848003.2474429607391357421875 HTTP/1.1" 200 - cronicareinodearagon.com "-" "WordPress/6.2.2; https://cronicareinodearagon.com" "-"
82.165.224.0 - - [29/Dec/2023:12:07:32 +0100] "GET /robots.txt HTTP/1.1" 301 251 cronicareinodearagon.com "-" "IonCrawl (https://www.ionos.de/terms-gtc/faq-crawler-en/)" "-"
82.165.224.0 - - [29/Dec/2023:12:07:32 +0100] "GET /robots.txt HTTP/1.1" 200 202 cronicareinodearagon.com "-" "IonCrawl (https://www.ionos.de/terms-gtc/faq-crawler-en/)" "-"
82.165.88.0 - - [29/Dec/2023:12:08:15 +0100] "POST /wp-cron.php?doing_wp_cron=1703848095.7411730289459228515625 HTTP/1.1" 200 - cronicareinodearagon.com "-" "WordPress/6.2.2; https://cronicareinodearagon.com" "-"
54.36.148.0 - - [29/Dec/2023:12:08:15 +0100] "GET /aragon/psoe-aragon-estrategia-cuidado-mayores/ HTTP/1.1" 200 35486 cronicareinodearagon.com "-" "Mozilla/5.0 (compatible; AhrefsBot/7.0; +http://ahrefs.com/robot/)" "-"
213.175.66.0 - - [29/Dec/2023:12:08:37 +0100] "POST /wp-login.php HTTP/1.1" 200 9614 cronicareinodearagon.com "-" "Mozilla/5.0 (Windows NT 6.3; Win64; x64) AppleWebKit/537.36 (KHTML, like Gecko) Chrome/79.0.3945.130 Safari/537.36" "-"
82.165.224.0 - - [29/Dec/2023:12:10:17 +0100] "GET /sitemap_index.xml HTTP/1.1" 200 693 cronicareinodearagon.com "-" "IonCrawl (https://www.ionos.de/terms-gtc/faq-crawler-en/)" "-"
82.165.224.0 - - [29/Dec/2023:12:10:18 +0100] "GET / HTTP/1.1" 200 319423 cronicareinodearagon.com "-" "IonCrawl (https://www.ionos.de/terms-gtc/faq-crawler-en/)" "-"
82.165.88.0 - - [29/Dec/2023:12:10:18 +0100] "POST /wp-cron.php?doing_wp_cron=1703848218.9441699981689453125000 HTTP/1.1" 200 - cronicareinodearagon.com "-" "WordPress/6.2.2; https://cronicareinodearagon.com" "-"
82.165.224.0 - - [29/Dec/2023:12:10:18 +0100] "HEAD /aragon/el-gobierno-de-aragon-impulsa-nueve-proyectos-empresariales-de-id-en-sector-farmaceutico-y-movilidad-sostenible/ HTTP/1.1" 200 - cronicareinodearagon.com "-" "Java/1.8.0_362" "-"
82.165.224.0 - - [29/Dec/2023:12:10:19 +0100] "HEAD /aviso-legal/ HTTP/1.1" 200 - cronicareinodearagon.com "-" "Java/1.8.0_362" "-"
82.165.224.0 - - [29/Dec/2023:12:10:19 +0100] "HEAD /aragon/nuevo-programa-de-aceleracion-gratuito-para-empresas-innovadoras/ HTTP/1.1" 200 - cronicareinodearagon.com "-" "Java/1.8.0_362" "-"
82.165.224.0 - - [29/Dec/2023:12:10:20 +0100] "GET /wp-cron.php HTTP/1.1" 200 - cronicareinodearagon.com "-" "IonCrawl (https://www.ionos.de/terms-gtc/faq-crawler-en/)" "-"
66.102.6.0 - - [29/Dec/2023:12:12:33 +0100] "GET /category/economia/feed/ HTTP/1.1" 200 12913 cronicareinodearagon.com "-" "FeedFetcher-Google; (+http://www.google.com/feedfetcher.html)" "-"
82.165.88.0 - - [29/Dec/2023:12:13:12 +0100] "POST /wp-cron.php?doing_wp_cron=1703848392.6258859634399414062500 HTTP/1.1" 200 - cronicareinodearagon.com "-" "WordPress/6.2.2; https://cronicareinodearagon.com" "-"
82.165.224.0 - - [29/Dec/2023:12:13:12 +0100] "GET /aragon/el-gobierno-de-aragon-impulsa-nueve-proyectos-empresariales-de-id-en-sector-farmaceutico-y-movilidad-sostenible/ HTTP/1.1" 200 35487 cronicareinodearagon.com "-" "IonCrawl (https://www.ionos.de/terms-gtc/faq-crawler-en/)" "-"
82.165.224.0 - - [29/Dec/2023:12:13:13 +0100] "HEAD /aragon/el-gobierno-de-aragon-impulsa-nueve-proyectos-empresariales-de-id-en-sector-farmaceutico-y-movilidad-sostenible/ HTTP/1.1" 200 - cronicareinodearagon.com "-" "Java/1.8.0_362" "-"
82.165.224.0 - - [29/Dec/2023:12:13:13 +0100] "HEAD /aragon/el-gobierno-de-aragon-impulsa-nueve-proyectos-empresariales-de-id-en-sector-farmaceutico-y-movilidad-sostenible/ HTTP/1.1" 200 - cronicareinodearagon.com "-" "Java/1.8.0_362" "-"
82.165.224.0 - - [29/Dec/2023:12:13:14 +0100] "HEAD /aviso-legal/ HTTP/1.1" 200 - cronicareinodearagon.com "-" "Java/1.8.0_362" "-"
82.165.224.0 - - [29/Dec/2023:12:13:14 +0100] "HEAD /aragon/el-gobierno-de-aragon-impulsa-nueve-proyectos-empresariales-de-id-en-sector-farmaceutico-y-movilidad-sostenible/ HTTP/1.1" 200 - cronicareinodearagon.com "-" "Java/1.8.0_362" "-"
82.165.224.0 - - [29/Dec/2023:12:13:14 +0100] "GET /aragon/nuevo-programa-de-aceleracion-gratuito-para-empresas-innovadoras/ HTTP/1.1" 200 34772 cronicareinodearagon.com "-" "IonCrawl (https://www.ionos.de/terms-gtc/faq-crawler-en/)" "-"
82.165.224.0 - - [29/Dec/2023:12:13:15 +0100] "HEAD /aragon/nuevo-programa-de-aceleracion-gratuito-para-empresas-innovadoras/ HTTP/1.1" 200 - cronicareinodearagon.com "-" "Java/1.8.0_362" "-"
82.165.224.0 - - [29/Dec/2023:12:13:15 +0100] "HEAD /aviso-legal/ HTTP/1.1" 200 - cronicareinodearagon.com "-" "Java/1.8.0_362" "-"
82.165.224.0 - - [29/Dec/2023:12:13:16 +0100] "HEAD /aragon/nuevo-programa-de-aceleracion-gratuito-para-empresas-innovadoras/ HTTP/1.1" 200 - cronicareinodearagon.com "-" "Java/1.8.0_362" "-"
82.165.224.0 - - [29/Dec/2023:12:13:16 +0100] "GET /aviso-legal/ HTTP/1.1" 200 31714 cronicareinodearagon.com "-" "IonCrawl (https://www.ionos.de/terms-gtc/faq-crawler-en/)" "-"
82.165.224.0 - - [29/Dec/2023:12:13:16 +0100] "HEAD /aragon/nuevo-programa-de-aceleracion-gratuito-para-empresas-innovadoras/ HTTP/1.1" 200 - cronicareinodearagon.com "-" "Java/1.8.0_362" "-"
82.165.224.0 - - [29/Dec/2023:12:13:16 +0100] "HEAD /aviso-legal/ HTTP/1.1" 200 - cronicareinodearagon.com "-" "Java/1.8.0_362" "-"
82.165.224.0 - - [29/Dec/2023:12:13:17 +0100] "HEAD /aviso-legal/ HTTP/1.1" 200 - cronicareinodearagon.com "-" "Java/1.8.0_362" "-"
82.165.224.0 - - [29/Dec/2023:12:13:18 +0100] "HEAD /aviso-legal/ HTTP/1.1" 200 - cronicareinodearagon.com "-" "Java/1.8.0_362" "-"
74.125.209.0 - - [29/Dec/2023:12:18:58 +0100] "GET /category/educacion/feed/ HTTP/1.1" 200 16487 cronicareinodearagon.com "-" "FeedFetcher-Google; (+http://www.google.com/feedfetcher.html)" "-"
74.125.209.0 - - [29/Dec/2023:12:21:09 +0100] "GET /category/educacion/feed/ HTTP/1.1" 200 16487 cronicareinodearagon.com "-" "FeedFetcher-Google; (+http://www.google.com/feedfetcher.html)" "-"
82.165.88.0 - - [29/Dec/2023:12:21:19 +0100] "POST /wp-cron.php?doing_wp_cron=1703848879.7658200263977050781250 HTTP/1.1" 200 - cronicareinodearagon.com "-" "WordPress/6.2.2; https://cronicareinodearagon.com" "-"
185.247.184.0 - - [29/Dec/2023:12:21:19 +0100] "POST /xmlrpc.php HTTP/1.1" 200 416 cronicareinodearagon.com "-" "Mozilla/5.0 (Windows NT 10.0; Win64; x64) AppleWebKit/537.36 (KHTML, like Gecko) Chrome/83.0.4103.116 Safari/537.36" "-"
185.247.184.0 - - [29/Dec/2023:12:21:20 +0100] "POST /xmlrpc.php HTTP/1.1" 200 416 cronicareinodearagon.com "-" "Mozilla/5.0 (Windows NT 10.0; Win64; x64) AppleWebKit/537.36 (KHTML, like Gecko) Chrome/83.0.4103.116 Safari/537.36" "-"
185.247.184.0 - - [29/Dec/2023:12:21:21 +0100] "POST /xmlrpc.php HTTP/1.1" 403 775 cronicareinodearagon.com "-" "Mozilla/5.0 (Windows NT 10.0; Win64; x64) AppleWebKit/537.36 (KHTML, like Gecko) Chrome/83.0.4103.116 Safari/537.36" "-"
185.247.184.0 - - [29/Dec/2023:12:21:22 +0100] "POST /xmlrpc.php HTTP/1.1" 403 775 cronicareinodearagon.com "-" "Mozilla/5.0 (Windows NT 10.0; Win64; x64) AppleWebKit/537.36 (KHTML, like Gecko) Chrome/83.0.4103.116 Safari/537.36" "-"
185.247.184.0 - - [29/Dec/2023:12:21:23 +0100] "POST /xmlrpc.php HTTP/1.1" 403 775 cronicareinodearagon.com "-" "Mozilla/5.0 (Windows NT 10.0; Win64; x64) AppleWebKit/537.36 (KHTML, like Gecko) Chrome/83.0.4103.116 Safari/537.36" "-"
82.165.88.0 - - [29/Dec/2023:12:22:25 +0100] "POST /wp-cron.php?doing_wp_cron=1703848945.6280760765075683593750 HTTP/1.1" 200 - cronicareinodearagon.com "-" "WordPress/6.2.2; https://cronicareinodearagon.com" "-"
185.191.171.0 - - [29/Dec/2023:12:22:25 +0100] "GET /robots.txt HTTP/1.1" 200 202 cronicareinodearagon.com "-" "Mozilla/5.0 (compatible; SemrushBot/7~bl; +http://www.semrush.com/bot.html)" "-"
85.208.96.0 - - [29/Dec/2023:12:22:26 +0100] "GET /category/aragon/page/5/ HTTP/1.1" 200 29490 cronicareinodearagon.com "-" "Mozilla/5.0 (compatible; SemrushBot/7~bl; +http://www.semrush.com/bot.html)" "-"
82.165.88.0 - - [29/Dec/2023:12:23:23 +0100] "POST /wp-cron.php?doing_wp_cron=1703849003.8081290721893310546875 HTTP/1.1" 200 - cronicareinodearagon.com "-" "WordPress/6.2.2; https://cronicareinodearagon.com" "-"
66.249.66.0 - - [29/Dec/2023:12:23:23 +0100] "GET /robots.txt HTTP/1.1" 200 202 cronicareinodearagon.com "-" "Mozilla/5.0 (compatible; Googlebot/2.1; +http://www.google.com/bot.html)" "-"
