File: /homepages/20/d917057205/htdocs/_ProviderRestore/logs/access.log.52.6
66.249.66.0 - - [30/Dec/2023:00:00:26 +0100] "GET /comments/feed/ HTTP/1.1" 200 17967 cronicareinodearagon.com "-" "Mozilla/5.0 (compatible; Googlebot/2.1; +http://www.google.com/bot.html)" "-"
82.165.88.0 - - [30/Dec/2023:00:00:27 +0100] "POST /wp-cron.php?doing_wp_cron=1703890827.3139419555664062500000 HTTP/1.1" 200 - cronicareinodearagon.com "-" "WordPress/6.2.2; https://cronicareinodearagon.com" "-"
66.249.66.0 - - [30/Dec/2023:00:00:29 +0100] "GET /robots.txt HTTP/1.1" 200 202 cronicareinodearagon.com "-" "Mozilla/5.0 (compatible; Googlebot/2.1; +http://www.google.com/bot.html)" "-"
66.249.66.0 - - [30/Dec/2023:00:00:29 +0100] "GET /wp-content/uploads/2022/08/ryanair-huelga.jpg HTTP/1.1" 200 33000 cronicareinodearagon.com "-" "Googlebot-Image/1.0" "-"
82.165.88.0 - - [30/Dec/2023:00:02:44 +0100] "POST /wp-cron.php?doing_wp_cron=1703890964.4991109371185302734375 HTTP/1.1" 200 - cronicareinodearagon.com "-" "WordPress/6.2.2; https://cronicareinodearagon.com" "-"
185.191.171.0 - - [30/Dec/2023:00:02:44 +0100] "GET /aragon/javier-lamban-plan-pirineo-montana-aragon/ HTTP/1.1" 200 167377 cronicareinodearagon.com "-" "Mozilla/5.0 (compatible; SemrushBot/7~bl; +http://www.semrush.com/bot.html)" "-"
182.42.105.0 - - [30/Dec/2023:00:05:37 +0100] "GET / HTTP/1.1" 200 336 cronicadeasturias.com "-" "Mozilla/5.0 (iPhone; CPU iPhone OS 13_2_3 like Mac OS X) AppleWebKit/605.1.15 (KHTML, like Gecko) Version/13.0.3 Mobile/15E148 Safari/604.1" "-"
74.125.209.0 - - [30/Dec/2023:00:05:44 +0100] "GET /category/politica/feed/ HTTP/1.1" 200 59109 cronicareinodearagon.com "-" "FeedFetcher-Google; (+http://www.google.com/feedfetcher.html)" "-"
66.249.66.0 - - [30/Dec/2023:00:05:59 +0100] "GET /wp-content/uploads/2023/05/Fuentes-Claras-Bioenergy.jpg HTTP/1.1" 200 143094 cronicareinodearagon.com "-" "Googlebot-Image/1.0" "-"
82.165.88.0 - - [30/Dec/2023:00:08:24 +0100] "POST /wp-cron.php?doing_wp_cron=1703891304.9267079830169677734375 HTTP/1.1" 200 - cronicareinodearagon.com "-" "WordPress/6.2.2; https://cronicareinodearagon.com" "-"
85.208.96.0 - - [30/Dec/2023:00:08:24 +0100] "GET /aragon/astic-reconocimiento-carreras-grupo/ HTTP/1.1" 200 32532 cronicareinodearagon.com "-" "Mozilla/5.0 (compatible; SemrushBot/7~bl; +http://www.semrush.com/bot.html)" "-"
82.165.88.0 - - [30/Dec/2023:00:09:06 +0100] "POST /wp-cron.php?doing_wp_cron=1703891346.8592600822448730468750 HTTP/1.1" 200 - cronicareinodearagon.com "-" "WordPress/6.2.2; https://cronicareinodearagon.com" "-"
2a01:4f8:200:: - - [30/Dec/2023:00:09:06 +0100] "POST /xmlrpc.php HTTP/1.1" 200 416 cronicareinodearagon.com "-" "Mozilla/5.0 (Windows NT 10.0; Win64; x64; rv:91.0) Gecko/20100101 Firefox/91.0" "-"
185.191.171.0 - - [30/Dec/2023:00:09:46 +0100] "GET /aragon/el-inaem-subvenciona-acciones-formativas-para-personas-desempleadas-en-riesgo-de-exclusion-social-o-laboral/ HTTP/1.1" 200 164479 cronicareinodearagon.com "-" "Mozilla/5.0 (compatible; SemrushBot/7~bl; +http://www.semrush.com/bot.html)" "-"
82.165.88.0 - - [30/Dec/2023:00:09:47 +0100] "POST /wp-cron.php?doing_wp_cron=1703891387.1316890716552734375000 HTTP/1.1" 200 - cronicareinodearagon.com "-" "WordPress/6.2.2; https://cronicareinodearagon.com" "-"
85.208.96.0 - - [30/Dec/2023:00:17:20 +0100] "GET /aragon/psoe-aragon-lamban-cierra-campana/ HTTP/1.1" 200 35866 cronicareinodearagon.com "-" "Mozilla/5.0 (compatible; SemrushBot/7~bl; +http://www.semrush.com/bot.html)" "-"
82.165.88.0 - - [30/Dec/2023:00:17:21 +0100] "POST /wp-cron.php?doing_wp_cron=1703891841.0458209514617919921875 HTTP/1.1" 200 - cronicareinodearagon.com "-" "WordPress/6.2.2; https://cronicareinodearagon.com" "-"
85.208.96.0 - - [30/Dec/2023:00:17:24 +0100] "GET /aragon/cuarentena-aulas-20-porciento-afectados/ HTTP/1.1" 200 165977 cronicareinodearagon.com "-" "Mozilla/5.0 (compatible; SemrushBot/7~bl; +http://www.semrush.com/bot.html)" "-"
85.208.96.0 - - [30/Dec/2023:00:17:26 +0100] "GET /category/sociedad/page/36/ HTTP/1.1" 200 147411 cronicareinodearagon.com "-" "Mozilla/5.0 (compatible; SemrushBot/7~bl; +http://www.semrush.com/bot.html)" "-"
66.249.66.0 - - [30/Dec/2023:00:18:01 +0100] "GET /wp-content/uploads/2023/05/aratur-visitantes.jpg HTTP/1.1" 200 72552 cronicareinodearagon.com "-" "Googlebot-Image/1.0" "-"
185.191.171.0 - - [30/Dec/2023:00:27:55 +0100] "GET /politica/irene-garcia-no-seguira-psoe-cadiz/ HTTP/1.1" 200 168656 cronicareinodearagon.com "-" "Mozilla/5.0 (compatible; SemrushBot/7~bl; +http://www.semrush.com/bot.html)" "-"
82.165.88.0 - - [30/Dec/2023:00:27:56 +0100] "POST /wp-cron.php?doing_wp_cron=1703892476.3594219684600830078125 HTTP/1.1" 200 - cronicareinodearagon.com "-" "WordPress/6.2.2; https://cronicareinodearagon.com" "-"
74.125.209.0 - - [30/Dec/2023:00:29:02 +0100] "GET /category/sociedad/feed/ HTTP/1.1" 200 51420 cronicareinodearagon.com "-" "FeedFetcher-Google; (+http://www.google.com/feedfetcher.html)" "-"
85.208.96.0 - - [30/Dec/2023:00:33:22 +0100] "GET /aragon/avance-participacion-elecciones-aragon/ HTTP/1.1" 200 35594 cronicareinodearagon.com "-" "Mozilla/5.0 (compatible; SemrushBot/7~bl; +http://www.semrush.com/bot.html)" "-"
222.79.104.0 - - [30/Dec/2023:00:35:33 +0100] "GET / HTTP/1.1" 200 336 cronicadeextremadura.com "-" "Mozilla/5.0 (iPhone; CPU iPhone OS 13_2_3 like Mac OS X) AppleWebKit/605.1.15 (KHTML, like Gecko) Version/13.0.3 Mobile/15E148 Safari/604.1" "-"
222.79.104.0 - - [30/Dec/2023:00:35:34 +0100] "GET / HTTP/1.1" 301 241 cronicareinodearagon.com "-" "Mozilla/5.0 (iPhone; CPU iPhone OS 13_2_3 like Mac OS X) AppleWebKit/605.1.15 (KHTML, like Gecko) Version/13.0.3 Mobile/15E148 Safari/604.1" "-"
222.79.104.0 - - [30/Dec/2023:00:35:39 +0100] "GET / HTTP/1.1" 200 41725 cronicareinodearagon.com "http://cronicareinodearagon.com" "Mozilla/5.0 (iPhone; CPU iPhone OS 13_2_3 like Mac OS X) AppleWebKit/605.1.15 (KHTML, like Gecko) Version/13.0.3 Mobile/15E148 Safari/604.1" "-"
185.191.171.0 - - [30/Dec/2023:00:42:17 +0100] "GET /aragon/psoe-acusa-juanma-moreno-no-ejecutar-fondos-empleo/ HTTP/1.1" 200 164186 cronicareinodearagon.com "-" "Mozilla/5.0 (compatible; SemrushBot/7~bl; +http://www.semrush.com/bot.html)" "-"
82.165.88.0 - - [30/Dec/2023:00:42:18 +0100] "POST /wp-cron.php?doing_wp_cron=1703893338.2437748908996582031250 HTTP/1.1" 200 - cronicareinodearagon.com "-" "WordPress/6.2.2; https://cronicareinodearagon.com" "-"
82.165.88.0 - - [30/Dec/2023:00:45:18 +0100] "POST /wp-cron.php?doing_wp_cron=1703893518.9642000198364257812500 HTTP/1.1" 200 - cronicareinodearagon.com "-" "WordPress/6.2.2; https://cronicareinodearagon.com" "-"
185.191.171.0 - - [30/Dec/2023:00:45:18 +0100] "GET /robots.txt HTTP/1.1" 200 202 cronicareinodearagon.com "-" "Mozilla/5.0 (compatible; SemrushBot/7~bl; +http://www.semrush.com/bot.html)" "-"
185.191.171.0 - - [30/Dec/2023:00:45:19 +0100] "GET /sociedad/inicio-festival-cine-europeo-sevilla-2021/ HTTP/1.1" 200 171844 cronicareinodearagon.com "-" "Mozilla/5.0 (compatible; SemrushBot/7~bl; +http://www.semrush.com/bot.html)" "-"
182.43.70.0 - - [30/Dec/2023:00:45:56 +0100] "GET / HTTP/1.1" 200 336 grupocronicaenlibertad.com "-" "Mozilla/5.0 (iPhone; CPU iPhone OS 13_2_3 like Mac OS X) AppleWebKit/605.1.15 (KHTML, like Gecko) Version/13.0.3 Mobile/15E148 Safari/604.1" "-"
104.168.23.0 - - [30/Dec/2023:00:47:06 +0100] "POST /xmlrpc.php HTTP/1.1" 200 416 cronicareinodearagon.com "-" "Mozilla/5.0 (iPod; CPU iPhone OS 14_6 like Mac OS X) AppleWebKit/605.1.15 (KHTML, like Gecko) CriOS/91.0.4472.80 Mobile/15E148 Safari/604.1" "-"
82.165.88.0 - - [30/Dec/2023:00:47:07 +0100] "POST /wp-cron.php?doing_wp_cron=1703893627.1263260841369628906250 HTTP/1.1" 200 - cronicareinodearagon.com "-" "WordPress/6.2.2; https://cronicareinodearagon.com" "-"
198.12.218.0 - - [30/Dec/2023:00:47:11 +0100] "POST /xmlrpc.php HTTP/1.1" 200 416 cronicareinodearagon.com "-" "Mozilla/5.0 (Windows NT 10.0; Win64; x64) AppleWebKit/537.36 (KHTML, like Gecko) Chrome/87.0.4280.88 Safari/537.36" "-"
2a00:1838:: - - [30/Dec/2023:00:47:15 +0100] "POST /xmlrpc.php HTTP/1.1" 200 416 cronicareinodearagon.com "-" "Mozilla/5.0 (Windows NT 6.1; WOW64; rv:54.0) Gecko/20100101 Firefox/54.0" "-"
162.144.238.0 - - [30/Dec/2023:00:47:19 +0100] "POST /xmlrpc.php HTTP/1.1" 200 416 cronicareinodearagon.com "-" "Mozilla/5.0 (Windows NT 10.0; Win64; x64; rv:65.0) Gecko/20100101 Firefox/65.0" "-"
216.69.168.0 - - [30/Dec/2023:00:47:25 +0100] "POST /xmlrpc.php HTTP/1.1" 200 416 cronicareinodearagon.com "-" "Mozilla/5.0 (Windows NT 6.1; WOW64; rv:40.0) Gecko/20100101 Firefox/40.1" "-"
82.165.88.0 - - [30/Dec/2023:00:48:04 +0100] "POST /wp-cron.php?doing_wp_cron=1703893684.8508870601654052734375 HTTP/1.1" 200 - cronicareinodearagon.com "-" "WordPress/6.2.2; https://cronicareinodearagon.com" "-"
85.208.96.0 - - [30/Dec/2023:00:48:04 +0100] "GET /category/aragon/page/27/ HTTP/1.1" 200 147317 cronicareinodearagon.com "-" "Mozilla/5.0 (compatible; SemrushBot/7~bl; +http://www.semrush.com/bot.html)" "-"
82.165.88.0 - - [30/Dec/2023:00:49:03 +0100] "POST /wp-cron.php?doing_wp_cron=1703893743.6874659061431884765625 HTTP/1.1" 200 - cronicareinodearagon.com "-" "WordPress/6.2.2; https://cronicareinodearagon.com" "-"
207.46.13.0 - - [30/Dec/2023:00:49:03 +0100] "GET /politica/psoe-huesca-bus-gratuito-vecinos/ HTTP/1.1" 200 159813 cronicareinodearagon.com "-" "Mozilla/5.0 AppleWebKit/537.36 (KHTML, like Gecko; compatible; bingbot/2.0; +http://www.bing.com/bingbot.htm) Chrome/116.0.1938.76 Safari/537.36" "-"
182.44.8.0 - - [30/Dec/2023:00:52:35 +0100] "GET / HTTP/1.1" 200 336 cronicadelpaisvalenciano.com "-" "Mozilla/5.0 (iPhone; CPU iPhone OS 13_2_3 like Mac OS X) AppleWebKit/605.1.15 (KHTML, like Gecko) Version/13.0.3 Mobile/15E148 Safari/604.1" "-"
184.154.139.0 - - [30/Dec/2023:00:53:40 +0100] "GET / HTTP/1.1" 200 336 www.cronicadejaen.com "http://www.google.com/url?url=www.cronicadejaen.com&yahoo.com" "Mozilla/5.0 (compatible; MSIE 9.0; Windows NT 6.1; WOW64; Trident/6.0)" "-"
184.154.139.0 - - [30/Dec/2023:00:53:41 +0100] "GET /th1s_1s_a_4o4.html HTTP/1.1" 404 596 www.cronicadejaen.com "http://www.google.com/url?url=www.cronicadejaen.com&yahoo.com" "Mozilla/5.0 (compatible; MSIE 9.0; Windows NT 6.1; WOW64; Trident/6.0)" "-"
184.154.139.0 - - [30/Dec/2023:00:53:41 +0100] "GET /defaultsite HTTP/1.1" 200 18994 www.cronicadejaen.com "-" "SiteLockSpider [en] (WinNT; I ;Nav)" "-"
184.154.139.0 - - [30/Dec/2023:00:53:42 +0100] "GET /spicons/templates/defaultsite/es-ES/images/css/main.css HTTP/1.1" 200 486180 www.cronicadejaen.com "http://www.google.com/url?url=www.cronicadejaen.com&yahoo.com" "Mozilla/5.0 (compatible; MSIE 9.0; Windows NT 6.1; WOW64; Trident/6.0)" "-"
184.154.139.0 - - [30/Dec/2023:00:53:43 +0100] "GET /spicons/templates/defaultsite/es-ES/images/domain_transfer.svg HTTP/1.1" 200 1201 www.cronicadejaen.com "http://www.google.com/url?url=www.cronicadejaen.com&yahoo.com" "Mozilla/5.0 (compatible; MSIE 9.0; Windows NT 6.1; WOW64; Trident/6.0)" "-"
184.154.139.0 - - [30/Dec/2023:00:53:43 +0100] "GET /domaincheckresult?__SBMT:d359e110d15:=1&__SYNT:d359e110d15:__CMD(domaincheckresult):RETWRP=domainselect&__SYNT:d359e110d15:__CMD(domaincheckresult):SELWRP=multicheck&__SYNT:d359e110d15:__forcestop=true&__pageflow=Order&__sendingdata=1&linkId=ct.btn.check.default-page-check&multicheck.Domain=1 HTTP/1.1" 404 596 www.cronicadejaen.com "-" "SiteLockSpider [en] (WinNT; I ;Nav)" "-"
184.154.139.0 - - [30/Dec/2023:00:53:43 +0100] "GET /spicons/templates/defaultsite/es-ES/images/domain.svg HTTP/1.1" 200 2095 www.cronicadejaen.com "-" "SiteLockSpider [en] (WinNT; I ;Nav)" "-"
184.154.139.0 - - [30/Dec/2023:00:53:44 +0100] "GET /spicons/templates/defaultsite/es-ES/images/ic-world.svg HTTP/1.1" 200 1248 www.cronicadejaen.com "-" "SiteLockSpider [en] (WinNT; I ;Nav)" "-"
74.125.209.0 - - [30/Dec/2023:00:54:10 +0100] "GET /category/educacion/feed/ HTTP/1.1" 200 16487 cronicareinodearagon.com "-" "FeedFetcher-Google; (+http://www.google.com/feedfetcher.html)" "-"
82.165.88.0 - - [30/Dec/2023:00:54:55 +0100] "POST /wp-cron.php?doing_wp_cron=1703894095.7299139499664306640625 HTTP/1.1" 200 - cronicareinodearagon.com "-" "WordPress/6.2.2; https://cronicareinodearagon.com" "-"
40.77.167.0 - - [30/Dec/2023:00:54:55 +0100] "GET /uncategorized/solo-3-nuevos-casos-en-toda-la-comunidad-el-dia-que-estrena-fase-iii/ HTTP/1.1" 301 - www.cronicareinodearagon.com "-" "Mozilla/5.0 AppleWebKit/537.36 (KHTML, like Gecko; compatible; bingbot/2.0; +http://www.bing.com/bingbot.htm) Chrome/116.0.1938.76 Safari/537.36" "-"
85.208.96.0 - - [30/Dec/2023:00:56:14 +0100] "GET /category/economia/ HTTP/1.1" 200 29284 cronicareinodearagon.com "-" "Mozilla/5.0 (compatible; SemrushBot/7~bl; +http://www.semrush.com/bot.html)" "-"
82.165.88.0 - - [30/Dec/2023:00:56:15 +0100] "POST /wp-cron.php?doing_wp_cron=1703894175.1572909355163574218750 HTTP/1.1" 200 - cronicareinodearagon.com "-" "WordPress/6.2.2; https://cronicareinodearagon.com" "-"
74.125.209.0 - - [30/Dec/2023:00:58:02 +0100] "GET /category/sociedad/feed/ HTTP/1.1" 200 51420 cronicareinodearagon.com "-" "FeedFetcher-Google; (+http://www.google.com/feedfetcher.html)" "-"
66.102.6.0 - - [30/Dec/2023:01:00:29 +0100] "GET /category/economia/feed/ HTTP/1.1" 200 42774 cronicareinodearagon.com "-" "FeedFetcher-Google; (+http://www.google.com/feedfetcher.html)" "-"
74.125.209.0 - - [30/Dec/2023:01:01:15 +0100] "GET /category/politica/feed/ HTTP/1.1" 200 59109 cronicareinodearagon.com "-" "FeedFetcher-Google; (+http://www.google.com/feedfetcher.html)" "-"
184.154.139.0 - - [30/Dec/2023:01:05:39 +0100] "GET / HTTP/1.1" 200 336 www.cronicadecordoba.com "http://www.google.com/url?url=www.cronicadecordoba.com&yahoo.com" "Mozilla/5.0 (compatible; MSIE 9.0; Windows NT 6.1; WOW64; Trident/6.0)" "-"
184.154.139.0 - - [30/Dec/2023:01:05:40 +0100] "GET /th1s_1s_a_4o4.html HTTP/1.1" 404 596 www.cronicadecordoba.com "http://www.google.com/url?url=www.cronicadecordoba.com&yahoo.com" "Mozilla/5.0 (compatible; MSIE 9.0; Windows NT 6.1; WOW64; Trident/6.0)" "-"
184.154.139.0 - - [30/Dec/2023:01:05:40 +0100] "GET /spicons/templates/defaultsite/es-ES/images/domain.svg HTTP/1.1" 200 2095 www.cronicadecordoba.com "http://www.google.com/url?url=www.cronicadecordoba.com&yahoo.com" "Mozilla/5.0 (compatible; MSIE 9.0; Windows NT 6.1; WOW64; Trident/6.0)" "-"
184.154.139.0 - - [30/Dec/2023:01:05:40 +0100] "GET /spicons/templates/defaultsite/es-ES/images/domain_transfer.svg HTTP/1.1" 200 1201 www.cronicadecordoba.com "-" "SiteLockSpider [en] (WinNT; I ;Nav)" "-"
184.154.139.0 - - [30/Dec/2023:01:05:41 +0100] "GET /defaultsite HTTP/1.1" 200 18994 www.cronicadecordoba.com "-" "SiteLockSpider [en] (WinNT; I ;Nav)" "-"
184.154.139.0 - - [30/Dec/2023:01:05:42 +0100] "GET /spicons/templates/defaultsite/es-ES/images/css/main.css HTTP/1.1" 200 486180 www.cronicadecordoba.com "http://www.google.com/url?url=www.cronicadecordoba.com&yahoo.com" "Mozilla/5.0 (compatible; MSIE 9.0; Windows NT 6.1; WOW64; Trident/6.0)" "-"
184.154.139.0 - - [30/Dec/2023:01:05:43 +0100] "GET /spicons/templates/defaultsite/es-ES/images/ic-world.svg HTTP/1.1" 200 1248 www.cronicadecordoba.com "-" "SiteLockSpider [en] (WinNT; I ;Nav)" "-"
184.154.139.0 - - [30/Dec/2023:01:05:43 +0100] "GET /domaincheckresult?__SBMT:d359e110d15:=1&__SYNT:d359e110d15:__CMD(domaincheckresult):RETWRP=domainselect&__SYNT:d359e110d15:__CMD(domaincheckresult):SELWRP=multicheck&__SYNT:d359e110d15:__forcestop=true&__pageflow=Order&__sendingdata=1&linkId=ct.btn.check.default-page-check&multicheck.Domain=1 HTTP/1.1" 404 596 www.cronicadecordoba.com "-" "SiteLockSpider [en] (WinNT; I ;Nav)" "-"
74.125.209.0 - - [30/Dec/2023:01:12:06 +0100] "GET /category/sociedad/feed/ HTTP/1.1" 200 51420 cronicareinodearagon.com "-" "FeedFetcher-Google; (+http://www.google.com/feedfetcher.html)" "-"
74.125.209.0 - - [30/Dec/2023:01:16:44 +0100] "GET /category/sociedad/feed/ HTTP/1.1" 200 51420 cronicareinodearagon.com "-" "FeedFetcher-Google; (+http://www.google.com/feedfetcher.html)" "-"
192.42.116.0 - - [30/Dec/2023:01:22:10 +0100] "GET / HTTP/1.1" 200 336 cronicadeextremadura.com "http://cronicadeextremadura.com" "Mozilla/5.0 (iPhone; CPU iPhone OS 13_2_3 like Mac OS X) AppleWebKit/605.1.15 (KHTML, like Gecko) Version/13.0.3 Mobile/15E148 Safari/604.1" "-"
185.191.171.0 - - [30/Dec/2023:01:25:39 +0100] "GET /aragon/juanma-moreno-juan-espadas-andalucia-psoe-pp/ HTTP/1.1" 200 33391 cronicareinodearagon.com "-" "Mozilla/5.0 (compatible; SemrushBot/7~bl; +http://www.semrush.com/bot.html)" "-"
82.165.88.0 - - [30/Dec/2023:01:25:40 +0100] "POST /wp-cron.php?doing_wp_cron=1703895940.5013539791107177734375 HTTP/1.1" 200 - cronicareinodearagon.com "-" "WordPress/6.2.2; https://cronicareinodearagon.com" "-"
82.165.88.0 - - [30/Dec/2023:01:27:36 +0100] "POST /wp-cron.php?doing_wp_cron=1703896056.5003631114959716796875 HTTP/1.1" 200 - cronicareinodearagon.com "-" "WordPress/6.2.2; https://cronicareinodearagon.com" "-"
185.191.171.0 - - [30/Dec/2023:01:27:36 +0100] "GET /sociedad/desalojados-menores-fiesta-sevilla/ HTTP/1.1" 200 165185 cronicareinodearagon.com "-" "Mozilla/5.0 (compatible; SemrushBot/7~bl; +http://www.semrush.com/bot.html)" "-"
185.191.171.0 - - [30/Dec/2023:01:29:08 +0100] "GET /aragon/actividades-gratis-dia-parques-aragon/ HTTP/1.1" 200 162107 cronicareinodearagon.com "-" "Mozilla/5.0 (compatible; SemrushBot/7~bl; +http://www.semrush.com/bot.html)" "-"
82.165.88.0 - - [30/Dec/2023:01:29:09 +0100] "POST /wp-cron.php?doing_wp_cron=1703896149.0103380680084228515625 HTTP/1.1" 200 - cronicareinodearagon.com "-" "WordPress/6.2.2; https://cronicareinodearagon.com" "-"
54.36.148.0 - - [30/Dec/2023:01:33:10 +0100] "GET /sociedad/detenidos-cuatro-ucranianos-extorsionaban-compatriotas/ HTTP/1.1" 200 167319 cronicareinodearagon.com "-" "Mozilla/5.0 (compatible; AhrefsBot/7.0; +http://ahrefs.com/robot/)" "-"
82.165.88.0 - - [30/Dec/2023:01:33:11 +0100] "POST /wp-cron.php?doing_wp_cron=1703896391.3194119930267333984375 HTTP/1.1" 200 - cronicareinodearagon.com "-" "WordPress/6.2.2; https://cronicareinodearagon.com" "-"
54.36.148.0 - - [30/Dec/2023:01:33:15 +0100] "GET /wp-content/uploads/2022/08/policia_desarticulado.jpg HTTP/1.1" 200 68679 cronicareinodearagon.com "-" "Mozilla/5.0 (compatible; AhrefsBot/7.0; +http://ahrefs.com/robot/)" "-"
157.55.39.0 - - [30/Dec/2023:01:38:50 +0100] "GET /educacion/sociedad-jiennense-pulso-moreno-bonilla-uja/ HTTP/1.1" 200 172114 cronicareinodearagon.com "-" "Mozilla/5.0 AppleWebKit/537.36 (KHTML, like Gecko; compatible; bingbot/2.0; +http://www.bing.com/bingbot.htm) Chrome/116.0.1938.76 Safari/537.36" "-"
82.165.88.0 - - [30/Dec/2023:01:38:51 +0100] "POST /wp-cron.php?doing_wp_cron=1703896731.2430000305175781250000 HTTP/1.1" 200 - cronicareinodearagon.com "-" "WordPress/6.2.2; https://cronicareinodearagon.com" "-"
85.208.96.0 - - [30/Dec/2023:01:42:01 +0100] "GET /aragon/soro-chunta-aragonesista-escuela-gratuita/ HTTP/1.1" 200 35098 cronicareinodearagon.com "-" "Mozilla/5.0 (compatible; SemrushBot/7~bl; +http://www.semrush.com/bot.html)" "-"
82.165.88.0 - - [30/Dec/2023:01:42:02 +0100] "POST /wp-cron.php?doing_wp_cron=1703896921.9933590888977050781250 HTTP/1.1" 200 - cronicareinodearagon.com "-" "WordPress/6.2.2; https://cronicareinodearagon.com" "-"
82.165.88.0 - - [30/Dec/2023:01:48:03 +0100] "POST /wp-cron.php?doing_wp_cron=1703897283.9492249488830566406250 HTTP/1.1" 200 - cronicareinodearagon.com "-" "WordPress/6.2.2; https://cronicareinodearagon.com" "-"
37.128.144.0 - - [30/Dec/2023:01:48:03 +0100] "POST /xmlrpc.php HTTP/1.1" 200 416 cronicareinodearagon.com "-" "Mozilla/5.0 (Windows NT 10.0; Win64; x64; rv:63.0) Gecko/20100101 Firefox/63.0" "-"
82.165.88.0 - - [30/Dec/2023:01:49:48 +0100] "POST /wp-cron.php?doing_wp_cron=1703897388.7903881072998046875000 HTTP/1.1" 200 - cronicareinodearagon.com "-" "WordPress/6.2.2; https://cronicareinodearagon.com" "-"
185.191.171.0 - - [30/Dec/2023:01:49:48 +0100] "GET /robots.txt HTTP/1.1" 200 202 cronicareinodearagon.com "-" "Mozilla/5.0 (compatible; SemrushBot/7~bl; +http://www.semrush.com/bot.html)" "-"
185.191.171.0 - - [30/Dec/2023:01:49:50 +0100] "GET /category/aragon/page/73/ HTTP/1.1" 200 147614 cronicareinodearagon.com "-" "Mozilla/5.0 (compatible; SemrushBot/7~bl; +http://www.semrush.com/bot.html)" "-"
74.125.209.0 - - [30/Dec/2023:01:56:19 +0100] "GET /category/sociedad/feed/ HTTP/1.1" 200 51420 cronicareinodearagon.com "-" "FeedFetcher-Google; (+http://www.google.com/feedfetcher.html)" "-"
74.125.209.0 - - [30/Dec/2023:01:58:25 +0100] "GET /category/politica/feed/ HTTP/1.1" 200 59109 cronicareinodearagon.com "-" "FeedFetcher-Google; (+http://www.google.com/feedfetcher.html)" "-"
185.191.171.0 - - [30/Dec/2023:02:00:30 +0100] "GET /category/economia/page/21/ HTTP/1.1" 200 29711 cronicareinodearagon.com "-" "Mozilla/5.0 (compatible; SemrushBot/7~bl; +http://www.semrush.com/bot.html)" "-"
82.165.88.0 - - [30/Dec/2023:02:00:31 +0100] "POST /wp-cron.php?doing_wp_cron=1703898030.9560890197753906250000 HTTP/1.1" 200 - cronicareinodearagon.com "-" "WordPress/6.2.2; https://cronicareinodearagon.com" "-"
82.165.88.0 - - [30/Dec/2023:02:00:48 +0100] "POST /wp-cron.php?doing_wp_cron=1703898048.7856190204620361328125 HTTP/1.1" 200 - cronicareinodearagon.com "-" "WordPress/6.2.2; https://cronicareinodearagon.com" "-"
85.208.96.0 - - [30/Dec/2023:02:00:48 +0100] "GET /category/educacion/page/8/ HTTP/1.1" 200 147548 cronicareinodearagon.com "-" "Mozilla/5.0 (compatible; SemrushBot/7~bl; +http://www.semrush.com/bot.html)" "-"
82.165.88.0 - - [30/Dec/2023:02:08:32 +0100] "POST /wp-cron.php?doing_wp_cron=1703898512.8487989902496337890625 HTTP/1.1" 200 - cronicareinodearagon.com "-" "WordPress/6.2.2; https://cronicareinodearagon.com" "-"
85.208.96.0 - - [30/Dec/2023:02:08:32 +0100] "GET /aragon/cruz-roja-atiende-1500-ucranianos-andalucia/ HTTP/1.1" 200 169517 cronicareinodearagon.com "-" "Mozilla/5.0 (compatible; SemrushBot/7~bl; +http://www.semrush.com/bot.html)" "-"
81.94.150.0 - - [30/Dec/2023:02:17:45 +0100] "GET /alfanew.php HTTP/1.1" 404 144841 cronicareinodearagon.com "-" "Mozilla/4.0 (compatible; MSIE 6.0; Windows NT 5.1; SV1)" "-"
82.165.88.0 - - [30/Dec/2023:02:17:46 +0100] "POST /wp-cron.php?doing_wp_cron=1703899066.0854480266571044921875 HTTP/1.1" 200 - cronicareinodearagon.com "-" "WordPress/6.2.2; https://cronicareinodearagon.com" "-"
66.102.6.0 - - [30/Dec/2023:02:19:56 +0100] "GET /category/economia/feed/ HTTP/1.1" 200 42774 cronicareinodearagon.com "-" "FeedFetcher-Google; (+http://www.google.com/feedfetcher.html)" "-"
109.70.100.0 - - [30/Dec/2023:02:20:01 +0100] "GET / HTTP/1.1" 200 336 cronicadeasturias.com "http://cronicadeasturias.com" "Mozilla/5.0 (Windows NT 10.0; Win64; x64) AppleWebKit/537.36 (KHTML, like Gecko) Chrome/89.0.4389.90 Safari/537.36 Edg/89.0.774.57" "-"
66.102.6.0 - - [30/Dec/2023:02:22:39 +0100] "GET /category/economia/feed/ HTTP/1.1" 200 42774 cronicareinodearagon.com "-" "FeedFetcher-Google; (+http://www.google.com/feedfetcher.html)" "-"
82.165.88.0 - - [30/Dec/2023:02:23:06 +0100] "POST /wp-cron.php?doing_wp_cron=1703899386.4115018844604492187500 HTTP/1.1" 200 - cronicareinodearagon.com "-" "WordPress/6.2.2; https://cronicareinodearagon.com" "-"
198.98.60.0 - - [30/Dec/2023:02:23:06 +0100] "POST /xmlrpc.php HTTP/1.1" 200 416 cronicareinodearagon.com "-" "Mozilla/5.0 (Windows NT 6.1; Win64; x64) AppleWebKit/537.36 (KHTML, like Gecko) Chrome/60.0.3112.90 Safari/537.36" "-"
198.98.60.0 - - [30/Dec/2023:02:23:07 +0100] "POST /xmlrpc.php HTTP/1.1" 200 416 cronicareinodearagon.com "-" "Mozilla/5.0 (Windows NT 6.1; Win64; x64) AppleWebKit/537.36 (KHTML, like Gecko) Chrome/60.0.3112.90 Safari/537.36" "-"
198.98.60.0 - - [30/Dec/2023:02:23:08 +0100] "POST /xmlrpc.php HTTP/1.1" 403 775 cronicareinodearagon.com "-" "Mozilla/5.0 (Windows NT 6.1; Win64; x64) AppleWebKit/537.36 (KHTML, like Gecko) Chrome/60.0.3112.90 Safari/537.36" "-"
198.98.60.0 - - [30/Dec/2023:02:23:09 +0100] "POST /xmlrpc.php HTTP/1.1" 403 775 cronicareinodearagon.com "-" "Mozilla/5.0 (Windows NT 6.1; Win64; x64) AppleWebKit/537.36 (KHTML, like Gecko) Chrome/60.0.3112.90 Safari/537.36" "-"
198.98.60.0 - - [30/Dec/2023:02:23:10 +0100] "POST /xmlrpc.php HTTP/1.1" 403 775 cronicareinodearagon.com "-" "Mozilla/5.0 (Windows NT 6.1; Win64; x64) AppleWebKit/537.36 (KHTML, like Gecko) Chrome/60.0.3112.90 Safari/537.36" "-"
193.233.232.0 - - [30/Dec/2023:02:26:18 +0100] "GET / HTTP/1.1" 200 336 grupocronicaenlibertad.com "http://grupocronicaenlibertad.com" "Mozilla/5.0 (Windows NT 6.1; WOW64; rv:45.0) Gecko/20100101 Firefox/45.0" "-"
74.125.209.0 - - [30/Dec/2023:02:35:07 +0100] "GET /category/sociedad/feed/ HTTP/1.1" 200 51420 cronicareinodearagon.com "-" "FeedFetcher-Google; (+http://www.google.com/feedfetcher.html)" "-"
207.46.13.0 - - [30/Dec/2023:02:39:02 +0100] "GET /aragon/hachis-camiones-puerto-algeciras-droga-marruecos/ HTTP/1.1" 200 159299 cronicareinodearagon.com "-" "Mozilla/5.0 AppleWebKit/537.36 (KHTML, like Gecko; compatible; bingbot/2.0; +http://www.bing.com/bingbot.htm) Chrome/116.0.1938.76 Safari/537.36" "-"
82.165.88.0 - - [30/Dec/2023:02:39:03 +0100] "POST /wp-cron.php?doing_wp_cron=1703900343.2592880725860595703125 HTTP/1.1" 200 - cronicareinodearagon.com "-" "WordPress/6.2.2; https://cronicareinodearagon.com" "-"
24.199.123.0 - - [30/Dec/2023:02:48:16 +0100] "GET / HTTP/1.1" 200 336 grupocronicaenlibertad.com "-" "Mozilla/5.0 (X11; Linux x86_64) AppleWebKit/537.36 (KHTML, like Gecko) Chrome/108.0.0.0 Safari/537.36" "-"
74.125.209.0 - - [30/Dec/2023:02:49:24 +0100] "GET /category/sociedad/feed/ HTTP/1.1" 200 51420 cronicareinodearagon.com "-" "FeedFetcher-Google; (+http://www.google.com/feedfetcher.html)" "-"
104.197.209.0 - - [30/Dec/2023:02:51:30 +0100] "GET /wp-login.php HTTP/1.1" 301 253 cronicareinodearagon.com "-" "Mozilla/5.0 (X11; Fedora; Linux x86_64; rv:94.0) Gecko/20100101 Firefox/95.0" "-"
184.154.139.0 - - [30/Dec/2023:02:51:36 +0100] "GET / HTTP/1.1" 200 336 www.cronicadealmeria.com "http://www.google.com/url?url=www.cronicadealmeria.com&yahoo.com" "Mozilla/5.0 (compatible; MSIE 9.0; Windows NT 6.1; WOW64; Trident/6.0)" "-"
184.154.139.0 - - [30/Dec/2023:02:51:36 +0100] "GET /th1s_1s_a_4o4.html HTTP/1.1" 404 596 www.cronicadealmeria.com "http://www.google.com/url?url=www.cronicadealmeria.com&yahoo.com" "Mozilla/5.0 (compatible; MSIE 9.0; Windows NT 6.1; WOW64; Trident/6.0)" "-"
184.154.139.0 - - [30/Dec/2023:02:51:37 +0100] "GET /domaincheckresult?__SBMT:d359e110d15:=1&__SYNT:d359e110d15:__CMD(domaincheckresult):RETWRP=domainselect&__SYNT:d359e110d15:__CMD(domaincheckresult):SELWRP=multicheck&__SYNT:d359e110d15:__forcestop=true&__pageflow=Order&__sendingdata=1&linkId=ct.btn.check.default-page-check&multicheck.Domain=1 HTTP/1.1" 404 596 www.cronicadealmeria.com "-" "SiteLockSpider [en] (WinNT; I ;Nav)" "-"
184.154.139.0 - - [30/Dec/2023:02:51:38 +0100] "GET /spicons/templates/defaultsite/es-ES/images/domain.svg HTTP/1.1" 200 2095 www.cronicadealmeria.com "http://www.google.com/url?url=www.cronicadealmeria.com&yahoo.com" "Mozilla/5.0 (compatible; MSIE 9.0; Windows NT 6.1; WOW64; Trident/6.0)" "-"
184.154.139.0 - - [30/Dec/2023:02:51:38 +0100] "GET /defaultsite HTTP/1.1" 200 18994 www.cronicadealmeria.com "-" "SiteLockSpider [en] (WinNT; I ;Nav)" "-"
184.154.139.0 - - [30/Dec/2023:02:51:39 +0100] "GET /spicons/templates/defaultsite/es-ES/images/css/main.css HTTP/1.1" 200 486180 www.cronicadealmeria.com "http://www.google.com/url?url=www.cronicadealmeria.com&yahoo.com" "Mozilla/5.0 (compatible; MSIE 9.0; Windows NT 6.1; WOW64; Trident/6.0)" "-"
184.154.139.0 - - [30/Dec/2023:02:51:40 +0100] "GET /spicons/templates/defaultsite/es-ES/images/domain_transfer.svg HTTP/1.1" 200 1201 www.cronicadealmeria.com "-" "SiteLockSpider [en] (WinNT; I ;Nav)" "-"
184.154.139.0 - - [30/Dec/2023:02:51:40 +0100] "GET /spicons/templates/defaultsite/es-ES/images/ic-world.svg HTTP/1.1" 200 1248 www.cronicadealmeria.com "-" "SiteLockSpider [en] (WinNT; I ;Nav)" "-"
184.154.139.0 - - [30/Dec/2023:02:51:40 +0100] "GET /domaincheckresult?__SBMT:d359e110d15:=1&__SYNT:d359e110d15:__CMD(domaincheckresult):RETWRP=domainselect&__SYNT:d359e110d15:__CMD(domaincheckresult):SELWRP=multicheck&__SYNT:d359e110d15:__forcestop=true&__pageflow=Order&__sendingdata=1&linkId=ct.btn.check.default-page-check&multicheck.Domain=1 HTTP/1.1" 404 596 www.cronicadealmeria.com "-" "SiteLockSpider [en] (WinNT; I ;Nav)" "-"
104.197.209.0 - - [30/Dec/2023:02:51:42 +0100] "GET /wp-login.php HTTP/1.1" 200 9152 cronicareinodearagon.com "http://cronicareinodearagon.com/wp-login.php" "Mozilla/5.0 (X11; Fedora; Linux x86_64; rv:94.0) Gecko/20100101 Firefox/95.0" "-"
82.165.88.0 - - [30/Dec/2023:02:51:43 +0100] "POST /wp-cron.php?doing_wp_cron=1703901103.1590609550476074218750 HTTP/1.1" 200 - cronicareinodearagon.com "-" "WordPress/6.2.2; https://cronicareinodearagon.com" "-"
104.197.209.0 - - [30/Dec/2023:02:51:44 +0100] "GET ///?author=1 HTTP/1.1" 301 250 cronicareinodearagon.com "-" "Mozilla/5.0 (X11; Fedora; Linux x86_64; rv:94.0) Gecko/20100101 Firefox/95.0" "-"
104.197.209.0 - - [30/Dec/2023:02:51:44 +0100] "GET /?author=1 HTTP/1.1" 404 144803 cronicareinodearagon.com "http://cronicareinodearagon.com///?author=1" "Mozilla/5.0 (X11; Fedora; Linux x86_64; rv:94.0) Gecko/20100101 Firefox/95.0" "-"
104.197.209.0 - - [30/Dec/2023:02:51:45 +0100] "GET ///wp-json/wp/v2/users/ HTTP/1.1" 301 261 cronicareinodearagon.com "-" "Mozilla/5.0 (X11; Fedora; Linux x86_64; rv:94.0) Gecko/20100101 Firefox/95.0" "-"
104.197.209.0 - - [30/Dec/2023:02:51:46 +0100] "GET /wp-json/wp/v2/users/ HTTP/1.1" 200 8127 cronicareinodearagon.com "http://cronicareinodearagon.com///wp-json/wp/v2/users/" "Mozilla/5.0 (X11; Fedora; Linux x86_64; rv:94.0) Gecko/20100101 Firefox/95.0" "-"
207.46.13.0 - - [30/Dec/2023:02:52:32 +0100] "GET /uncategorized/restablecido-el-servicio-de-la-fuente-del-teatinos/ HTTP/1.1" 404 145000 cronicareinodearagon.com "-" "Mozilla/5.0 AppleWebKit/537.36 (KHTML, like Gecko; compatible; bingbot/2.0; +http://www.bing.com/bingbot.htm) Chrome/116.0.1938.76 Safari/537.36" "-"
40.77.167.0 - - [30/Dec/2023:02:56:20 +0100] "GET /wp-content/uploads/2022/07/IPC-750x375.png HTTP/1.1" 200 437196 cronicareinodearagon.com "-" "Mozilla/5.0 AppleWebKit/537.36 (KHTML, like Gecko; compatible; bingbot/2.0; +http://www.bing.com/bingbot.htm) Chrome/116.0.1938.76 Safari/537.36" "-"
82.165.88.0 - - [30/Dec/2023:02:59:06 +0100] "POST /wp-cron.php?doing_wp_cron=1703901546.7232971191406250000000 HTTP/1.1" 200 - cronicareinodearagon.com "-" "WordPress/6.2.2; https://cronicareinodearagon.com" "-"
185.191.171.0 - - [30/Dec/2023:02:59:06 +0100] "GET /robots.txt HTTP/1.1" 200 202 cronicareinodearagon.com "-" "Mozilla/5.0 (compatible; SemrushBot/7~bl; +http://www.semrush.com/bot.html)" "-"
185.191.171.0 - - [30/Dec/2023:02:59:08 +0100] "GET /category/aragon/page/72/ HTTP/1.1" 200 147945 cronicareinodearagon.com "-" "Mozilla/5.0 (compatible; SemrushBot/7~bl; +http://www.semrush.com/bot.html)" "-"
198.211.115.0 - - [30/Dec/2023:03:03:21 +0100] "GET / HTTP/1.1" 200 336 cronicadesevilla.com "-" "Mozilla/5.0 (X11; Linux x86_64) AppleWebKit/537.36 (KHTML, like Gecko) Chrome/108.0.0.0 Safari/537.36" "-"
198.211.115.0 - - [30/Dec/2023:03:03:21 +0100] "GET / HTTP/1.1" 200 336 cronicadesevilla.com "-" "Mozilla/5.0 (X11; Linux x86_64) AppleWebKit/537.36 (KHTML, like Gecko) Chrome/108.0.0.0 Safari/537.36" "-"
184.154.139.0 - - [30/Dec/2023:03:07:55 +0100] "GET / HTTP/1.1" 200 336 www.cronicadehuelva.com "http://www.google.com/url?url=www.cronicadehuelva.com&yahoo.com" "Mozilla/5.0 (compatible; MSIE 9.0; Windows NT 6.1; WOW64; Trident/6.0)" "-"
184.154.139.0 - - [30/Dec/2023:03:07:55 +0100] "GET /th1s_1s_a_4o4.html HTTP/1.1" 404 596 www.cronicadehuelva.com "http://www.google.com/url?url=www.cronicadehuelva.com&yahoo.com" "Mozilla/5.0 (compatible; MSIE 9.0; Windows NT 6.1; WOW64; Trident/6.0)" "-"
184.154.139.0 - - [30/Dec/2023:03:07:55 +0100] "GET /domaincheckresult?__SBMT:d359e110d15:=1&__SYNT:d359e110d15:__CMD(domaincheckresult):RETWRP=domainselect&__SYNT:d359e110d15:__CMD(domaincheckresult):SELWRP=multicheck&__SYNT:d359e110d15:__forcestop=true&__pageflow=Order&__sendingdata=1&linkId=ct.btn.check.default-page-check&multicheck.Domain=1 HTTP/1.1" 404 596 www.cronicadehuelva.com "-" "SiteLockSpider [en] (WinNT; I ;Nav)" "-"
184.154.139.0 - - [30/Dec/2023:03:07:55 +0100] "GET /spicons/templates/defaultsite/es-ES/images/css/main.css HTTP/1.1" 200 486180 www.cronicadehuelva.com "http://www.google.com/url?url=www.cronicadehuelva.com&yahoo.com" "Mozilla/5.0 (compatible; MSIE 9.0; Windows NT 6.1; WOW64; Trident/6.0)" "-"
184.154.139.0 - - [30/Dec/2023:03:07:56 +0100] "GET /spicons/templates/defaultsite/es-ES/images/domain.svg HTTP/1.1" 200 2095 www.cronicadehuelva.com "http://www.google.com/url?url=www.cronicadehuelva.com&yahoo.com" "Mozilla/5.0 (compatible; MSIE 9.0; Windows NT 6.1; WOW64; Trident/6.0)" "-"
184.154.139.0 - - [30/Dec/2023:03:07:57 +0100] "GET /defaultsite HTTP/1.1" 200 18994 www.cronicadehuelva.com "-" "SiteLockSpider [en] (WinNT; I ;Nav)" "-"
184.154.139.0 - - [30/Dec/2023:03:07:58 +0100] "GET /spicons/templates/defaultsite/es-ES/images/domain_transfer.svg HTTP/1.1" 200 1201 www.cronicadehuelva.com "-" "SiteLockSpider [en] (WinNT; I ;Nav)" "-"
184.154.139.0 - - [30/Dec/2023:03:07:58 +0100] "GET /spicons/templates/defaultsite/es-ES/images/ic-world.svg HTTP/1.1" 200 1248 www.cronicadehuelva.com "-" "SiteLockSpider [en] (WinNT; I ;Nav)" "-"
184.154.139.0 - - [30/Dec/2023:03:07:58 +0100] "GET /domaincheckresult?__SBMT:d359e110d15:=1&__SYNT:d359e110d15:__CMD(domaincheckresult):RETWRP=domainselect&__SYNT:d359e110d15:__CMD(domaincheckresult):SELWRP=multicheck&__SYNT:d359e110d15:__forcestop=true&__pageflow=Order&__sendingdata=1&linkId=ct.btn.check.default-page-check&multicheck.Domain=1 HTTP/1.1" 404 596 www.cronicadehuelva.com "-" "SiteLockSpider [en] (WinNT; I ;Nav)" "-"
157.55.39.0 - - [30/Dec/2023:03:10:21 +0100] "GET /sitemap.xml HTTP/1.1" 301 - www.cronicareinodearagon.com "-" "Mozilla/5.0 AppleWebKit/537.36 (KHTML, like Gecko; compatible; bingbot/2.0; +http://www.bing.com/bingbot.htm) Chrome/116.0.1938.76 Safari/537.36" "-"
82.165.88.0 - - [30/Dec/2023:03:10:22 +0100] "POST /wp-cron.php?doing_wp_cron=1703902222.0869948863983154296875 HTTP/1.1" 200 - cronicareinodearagon.com "-" "WordPress/6.2.2; https://cronicareinodearagon.com" "-"
157.55.39.0 - - [30/Dec/2023:03:10:31 +0100] "GET /sitemap.xml HTTP/1.1" 301 - cronicareinodearagon.com "-" "Mozilla/5.0 AppleWebKit/537.36 (KHTML, like Gecko; compatible; bingbot/2.0; +http://www.bing.com/bingbot.htm) Chrome/116.0.1938.76 Safari/537.36" "-"
157.55.39.0 - - [30/Dec/2023:03:10:33 +0100] "GET /sitemap_index.xml HTTP/1.1" 200 317 cronicareinodearagon.com "-" "Mozilla/5.0 AppleWebKit/537.36 (KHTML, like Gecko; compatible; bingbot/2.0; +http://www.bing.com/bingbot.htm) Chrome/116.0.1938.76 Safari/537.36" "-"
185.191.171.0 - - [30/Dec/2023:03:12:16 +0100] "GET /category/aragon/page/19/ HTTP/1.1" 200 147019 cronicareinodearagon.com "-" "Mozilla/5.0 (compatible; SemrushBot/7~bl; +http://www.semrush.com/bot.html)" "-"
82.165.88.0 - - [30/Dec/2023:03:12:17 +0100] "POST /wp-cron.php?doing_wp_cron=1703902337.2908430099487304687500 HTTP/1.1" 200 - cronicareinodearagon.com "-" "WordPress/6.2.2; https://cronicareinodearagon.com" "-"
82.165.88.0 - - [30/Dec/2023:03:13:20 +0100] "POST /wp-cron.php?doing_wp_cron=1703902400.5260169506072998046875 HTTP/1.1" 200 - cronicareinodearagon.com "-" "WordPress/6.2.2; https://cronicareinodearagon.com" "-"
66.249.76.0 - - [30/Dec/2023:03:13:20 +0100] "GET /robots.txt HTTP/1.1" 200 202 cronicareinodearagon.com "-" "Mozilla/5.0 (compatible; Googlebot/2.1; +http://www.google.com/bot.html)" "-"
66.249.68.0 - - [30/Dec/2023:03:13:21 +0100] "GET /wp-content/uploads/2021/11/policia-nacional.jpg HTTP/1.1" 200 92963 cronicareinodearagon.com "-" "Googlebot-Image/1.0" "-"
82.165.88.0 - - [30/Dec/2023:03:17:00 +0100] "POST /wp-cron.php?doing_wp_cron=1703902620.5228819847106933593750 HTTP/1.1" 200 - cronicareinodearagon.com "-" "WordPress/6.2.2; https://cronicareinodearagon.com" "-"
85.208.96.0 - - [30/Dec/2023:03:17:00 +0100] "GET /aragon/ayudas-arabon-modernizacion-mejora-regadios/ HTTP/1.1" 200 162071 cronicareinodearagon.com "-" "Mozilla/5.0 (compatible; SemrushBot/7~bl; +http://www.semrush.com/bot.html)" "-"
207.46.13.0 - - [30/Dec/2023:03:23:11 +0100] "GET /uncategorized/celebrada-la-primera-muestra-de-vinos-de-la-tierra-de-aragon/ HTTP/1.1" 301 - cronicareinodearagon.com "-" "Mozilla/5.0 AppleWebKit/537.36 (KHTML, like Gecko; compatible; bingbot/2.0; +http://www.bing.com/bingbot.htm) Chrome/116.0.1938.76 Safari/537.36" "-"
82.165.88.0 - - [30/Dec/2023:03:23:12 +0100] "POST /wp-cron.php?doing_wp_cron=1703902992.2142140865325927734375 HTTP/1.1" 200 - cronicareinodearagon.com "-" "WordPress/6.2.2; https://cronicareinodearagon.com" "-"
74.125.209.0 - - [30/Dec/2023:03:24:17 +0100] "GET /category/politica/feed/ HTTP/1.1" 200 59109 cronicareinodearagon.com "-" "FeedFetcher-Google; (+http://www.google.com/feedfetcher.html)" "-"
185.220.100.0 - - [30/Dec/2023:03:26:56 +0100] "GET / HTTP/1.1" 200 336 grupocronicaenlibertad.com "http://grupocronicaenlibertad.com" "Mozilla/5.0 (Windows NT 6.1; Win64; x64) AppleWebKit/537.36 (KHTML, like Gecko) Chrome/66.0.3359.181 Safari/537.36" "-"
13.236.162.0 - - [30/Dec/2023:03:27:12 +0100] "POST /xmlrpc.php HTTP/1.1" 200 416 cronicareinodearagon.com "-" "Mozilla/5.0 (Windows NT 10.0; Win64; x64; rv:83.0) Gecko/20100101 Firefox/83.0" "-"
82.165.88.0 - - [30/Dec/2023:03:27:13 +0100] "POST /wp-cron.php?doing_wp_cron=1703903233.0148499011993408203125 HTTP/1.1" 200 - cronicareinodearagon.com "-" "WordPress/6.2.2; https://cronicareinodearagon.com" "-"
66.102.6.0 - - [30/Dec/2023:03:31:53 +0100] "GET /category/economia/feed/ HTTP/1.1" 200 42774 cronicareinodearagon.com "-" "FeedFetcher-Google; (+http://www.google.com/feedfetcher.html)" "-"
5.188.62.0 - - [30/Dec/2023:03:32:23 +0100] "GET / HTTP/1.1" 200 336 cronicadealmeria.com "-" "Mozilla/5.0 (Windows NT 10.0; Win64; x64) AppleWebKit/537.36 (KHTML, like Gecko) Chrome/100.0.4758.11 Safari/537.36" "-"
5.188.62.0 - - [30/Dec/2023:03:32:24 +0100] "GET / HTTP/1.1" 200 336 cronicadegranada.com "-" "Mozilla/5.0 (Windows NT 6.1; WOW64) AppleWebKit/537.36 (KHTML, like Gecko) Chrome/101.0.4951.67 Safari/537.36" "-"
5.188.62.0 - - [30/Dec/2023:03:32:24 +0100] "GET / HTTP/1.1" 200 336 cronicadesevilla.com "-" "Mozilla/5.0 (Windows NT 10.0; Win64; x64) AppleWebKit/537.36 (KHTML, like Gecko) Chrome/99.0.4844.84 Safari/537.36" "-"
5.188.62.0 - - [30/Dec/2023:03:32:24 +0100] "GET / HTTP/1.1" 200 336 cronicadearagon.com "-" "Mozilla/5.0 (Windows NT 10.0; Win64; x64) AppleWebKit/537.36 (KHTML, like Gecko) Chrome/100.0.4758.11 Safari/537.36" "-"
5.188.62.0 - - [30/Dec/2023:03:32:24 +0100] "GET / HTTP/1.1" 200 336 cronicadeasturias.com "-" "Mozilla/5.0 (Windows NT 10.0; Win64; x64) AppleWebKit/537.36 (KHTML, like Gecko) Chrome/101.0.4951.67 Safari/537.36" "-"
5.188.62.0 - - [30/Dec/2023:03:32:24 +0100] "GET / HTTP/1.1" 200 336 cronicadevalencia.com "-" "Mozilla/5.0 (Windows NT 10.0; Win64; x64) AppleWebKit/537.36 (KHTML, like Gecko) Chrome/100.0.4896.127 Safari/537.36" "-"
5.188.62.0 - - [30/Dec/2023:03:32:24 +0100] "GET / HTTP/1.1" 200 336 cronicadehuelva.com "-" "Mozilla/5.0 (Windows NT 10.0; Win64; x64) AppleWebKit/537.36 (KHTML, like Gecko) Chrome/100.0.4758.11 Safari/537.36" "-"
5.188.62.0 - - [30/Dec/2023:03:32:24 +0100] "GET / HTTP/1.1" 200 336 cronicadecadiz.com "-" "Mozilla/5.0 (Windows NT 6.1; WOW64) AppleWebKit/537.36 (KHTML, like Gecko) Chrome/101.0.4951.67 Safari/537.36" "-"
5.188.62.0 - - [30/Dec/2023:03:32:24 +0100] "GET / HTTP/1.1" 200 336 cronicademalaga.com "-" "Mozilla/5.0 (Windows NT 10.0; Win64; x64) AppleWebKit/537.36 (KHTML, like Gecko) Chrome/101.0.4951.67 Safari/537.36" "-"
5.188.62.0 - - [30/Dec/2023:03:32:24 +0100] "GET / HTTP/1.1" 200 336 cronicadecordoba.com "-" "Mozilla/5.0 (Windows NT 10.0; Win64; x64) AppleWebKit/537.36 (KHTML, like Gecko) Chrome/99.0.4844.84 Safari/537.36" "-"
5.188.62.0 - - [30/Dec/2023:03:32:24 +0100] "GET / HTTP/1.1" 200 336 cronicadejaen.com "-" "Mozilla/5.0 (Windows NT 10.0; Win64; x64) AppleWebKit/537.36 (KHTML, like Gecko) Chrome/100.0.4895.86 Safari/537.36" "-"
5.188.62.0 - - [30/Dec/2023:03:32:24 +0100] "GET / HTTP/1.1" 200 336 cronicadelpaisvalenciano.com "-" "Mozilla/5.0 (Windows NT 6.1; WOW64) AppleWebKit/537.36 (KHTML, like Gecko) Chrome/99.0.4844.84 Safari/537.36" "-"
5.188.62.0 - - [30/Dec/2023:03:32:24 +0100] "GET / HTTP/1.1" 200 336 cronicadeextremadura.com "-" "Mozilla/5.0 (Windows NT 6.1; WOW64) AppleWebKit/537.36 (KHTML, like Gecko) Chrome/100.0.4896.127 Safari/537.36" "-"
82.165.88.0 - - [30/Dec/2023:03:34:22 +0100] "POST /wp-cron.php?doing_wp_cron=1703903662.7287960052490234375000 HTTP/1.1" 200 - cronicareinodearagon.com "-" "WordPress/6.2.2; https://cronicareinodearagon.com" "-"
54.36.148.0 - - [30/Dec/2023:03:34:22 +0100] "GET /aragon/gobierno-aragon-descarbonizar-verallia/ HTTP/1.1" 200 169956 cronicareinodearagon.com "-" "Mozilla/5.0 (compatible; AhrefsBot/7.0; +http://ahrefs.com/robot/)" "-"
40.77.70.0 - - [30/Dec/2023:03:34:26 +0100] "POST /xmlrpc.php HTTP/1.1" 200 416 cronicareinodearagon.com "-" "Mozilla/5.0 (iPod; CPU iPhone OS 14_6 like Mac OS X) AppleWebKit/605.1.15 (KHTML, like Gecko) CriOS/91.0.4472.80 Mobile/15E148 Safari/604.1" "-"
141.94.87.0 - - [30/Dec/2023:03:34:37 +0100] "POST /xmlrpc.php HTTP/1.1" 200 416 cronicareinodearagon.com "-" "Mozilla/5.0 (Linux; Android 10; SM-G960U) AppleWebKit/537.36 (KHTML, like Gecko) Chrome/91.0.4472.114 Mobile Safari/537.36" "-"
35.195.25.0 - - [30/Dec/2023:03:34:43 +0100] "POST /xmlrpc.php HTTP/1.1" 200 416 cronicareinodearagon.com "-" "Mozilla/5.0 (Windows NT 5.1; rv:7.0.1) Gecko/20100101 Firefox/7.0.1" "-"
82.165.88.0 - - [30/Dec/2023:03:34:44 +0100] "POST /wp-cron.php?doing_wp_cron=1703903684.1555130481719970703125 HTTP/1.1" 200 - cronicareinodearagon.com "-" "WordPress/6.2.2; https://cronicareinodearagon.com" "-"
2400:6180:100:: - - [30/Dec/2023:03:34:47 +0100] "POST /xmlrpc.php HTTP/1.1" 200 416 cronicareinodearagon.com "-" "Mozilla/5.0 (Windows NT 10.0; Win64; x64) AppleWebKit/537.36 (KHTML, like Gecko) Chrome/67.0.3396.99 Safari/537.36" "-"
47.251.36.0 - - [30/Dec/2023:03:35:02 +0100] "POST /xmlrpc.php HTTP/1.1" 200 416 cronicareinodearagon.com "-" "Mozilla/5.0 (Windows NT 6.1; Win64; x64) AppleWebKit/537.36 (KHTML, like Gecko) Chrome/74.0.3729.169 Safari/537.36" "-"
74.125.209.0 - - [30/Dec/2023:03:43:17 +0100] "GET /category/politica/feed/ HTTP/1.1" 200 59109 cronicareinodearagon.com "-" "FeedFetcher-Google; (+http://www.google.com/feedfetcher.html)" "-"
185.191.171.0 - - [30/Dec/2023:03:50:38 +0100] "GET /category/sociedad/page/41/ HTTP/1.1" 200 148665 cronicareinodearagon.com "-" "Mozilla/5.0 (compatible; SemrushBot/7~bl; +http://www.semrush.com/bot.html)" "-"
82.165.88.0 - - [30/Dec/2023:03:50:40 +0100] "POST /wp-cron.php?doing_wp_cron=1703904640.0230000019073486328125 HTTP/1.1" 200 - cronicareinodearagon.com "-" "WordPress/6.2.2; https://cronicareinodearagon.com" "-"
82.165.88.0 - - [30/Dec/2023:03:50:53 +0100] "POST /wp-cron.php?doing_wp_cron=1703904653.6807680130004882812500 HTTP/1.1" 200 - cronicareinodearagon.com "-" "WordPress/6.2.2; https://cronicareinodearagon.com" "-"
17.241.227.0 - - [30/Dec/2023:03:50:53 +0100] "GET /sociedad/obras-entorno-catedral-jaen/ HTTP/1.1" 200 168994 cronicareinodearagon.com "-" "Mozilla/5.0 (Macintosh; Intel Mac OS X 10_15_5) AppleWebKit/605.1.15 (KHTML, like Gecko) Version/13.1.1 Safari/605.1.15 (Applebot/0.1; +http://www.apple.com/go/applebot)" "-"
157.245.157.0 - - [30/Dec/2023:03:51:59 +0100] "GET /Mshell.php HTTP/1.1" 301 251 cronicareinodearagon.com "www.google.com" "Mozlila/5.0 (Linux; Android 7.0; SM-G892A Bulid/NRD90M; wv) AppleWebKit/537.36 (KHTML, like Gecko) Version/4.0 Chrome/60.0.3112.107 Moblie Safari/537.36" "-"
82.165.88.0 - - [30/Dec/2023:03:52:00 +0100] "POST /wp-cron.php?doing_wp_cron=1703904720.6200311183929443359375 HTTP/1.1" 200 - cronicareinodearagon.com "-" "WordPress/6.2.2; https://cronicareinodearagon.com" "-"
157.245.157.0 - - [30/Dec/2023:03:52:00 +0100] "GET /Mshell.php HTTP/1.1" 404 144871 cronicareinodearagon.com "www.google.com" "Mozlila/5.0 (Linux; Android 7.0; SM-G892A Bulid/NRD90M; wv) AppleWebKit/537.36 (KHTML, like Gecko) Version/4.0 Chrome/60.0.3112.107 Moblie Safari/537.36" "-"
185.191.171.0 - - [30/Dec/2023:04:03:44 +0100] "GET /robots.txt HTTP/1.1" 200 202 cronicareinodearagon.com "-" "Mozilla/5.0 (compatible; SemrushBot/7~bl; +http://www.semrush.com/bot.html)" "-"
82.165.88.0 - - [30/Dec/2023:04:03:45 +0100] "POST /wp-cron.php?doing_wp_cron=1703905425.2248458862304687500000 HTTP/1.1" 200 - cronicareinodearagon.com "-" "WordPress/6.2.2; https://cronicareinodearagon.com" "-"
185.191.171.0 - - [30/Dec/2023:04:03:47 +0100] "GET /aragon/moreno-lamban-encuentro-andalucia-aragon/ HTTP/1.1" 200 37285 cronicareinodearagon.com "-" "Mozilla/5.0 (compatible; SemrushBot/7~bl; +http://www.semrush.com/bot.html)" "-"
2001:4ba0:ca00:: - - [30/Dec/2023:04:04:41 +0100] "GET / HTTP/1.1" 200 336 cronicademalaga.com "-" "Mozilla/5.0 (Windows NT 10.0; Win64; x64) AppleWebKit/537.36 (KHTML, like Gecko) Chrome/91.0.4472.114 Safari/537.36 Edg/91.0.864.54" "-"
185.191.171.0 - - [30/Dec/2023:04:05:29 +0100] "GET /aragon/sanidad-andalucia-2022-infrafinanciacion-presupuestos/ HTTP/1.1" 200 162091 cronicareinodearagon.com "-" "Mozilla/5.0 (compatible; SemrushBot/7~bl; +http://www.semrush.com/bot.html)" "-"
82.165.88.0 - - [30/Dec/2023:04:05:30 +0100] "POST /wp-cron.php?doing_wp_cron=1703905530.0932030677795410156250 HTTP/1.1" 200 - cronicareinodearagon.com "-" "WordPress/6.2.2; https://cronicareinodearagon.com" "-"
82.165.88.0 - - [30/Dec/2023:04:06:32 +0100] "POST /wp-cron.php?doing_wp_cron=1703905592.4613618850708007812500 HTTP/1.1" 200 - cronicareinodearagon.com "-" "WordPress/6.2.2; https://cronicareinodearagon.com" "-"
85.208.96.0 - - [30/Dec/2023:04:06:32 +0100] "GET /category/politica/page/9/ HTTP/1.1" 200 29473 cronicareinodearagon.com "-" "Mozilla/5.0 (compatible; SemrushBot/7~bl; +http://www.semrush.com/bot.html)" "-"
74.125.209.0 - - [30/Dec/2023:04:06:58 +0100] "GET /category/sociedad/feed/ HTTP/1.1" 200 51420 cronicareinodearagon.com "-" "FeedFetcher-Google; (+http://www.google.com/feedfetcher.html)" "-"
82.165.88.0 - - [30/Dec/2023:04:07:36 +0100] "POST /wp-cron.php?doing_wp_cron=1703905656.8672308921813964843750 HTTP/1.1" 200 - cronicareinodearagon.com "-" "WordPress/6.2.2; https://cronicareinodearagon.com" "-"
51.83.42.0 - - [30/Dec/2023:04:07:36 +0100] "POST /wp-login.php HTTP/1.1" 200 9573 cronicareinodearagon.com "-" "Mozilla/5.0 (Windows NT 6.3; Win64; x64) AppleWebKit/537.36 (KHTML, like Gecko) Chrome/57.0.2987.133 Safari/537.36" "-"
51.91.80.0 - - [30/Dec/2023:04:09:59 +0100] "GET /wp-includes/widgets/index.php?pw=1 HTTP/1.1" 404 596 cronicadesevilla.com "cronicadesevilla.com" "Mozilla/5.0 (Windows NT 6.1; Win64; x64) AppleWebKit/537.36 (KHTML, like Gecko) Chrome/242.02.8301.120 Safari/537.36" "-"
82.165.88.0 - - [30/Dec/2023:04:10:13 +0100] "POST /wp-cron.php?doing_wp_cron=1703905813.8282740116119384765625 HTTP/1.1" 200 - cronicareinodearagon.com "-" "WordPress/6.2.2; https://cronicareinodearagon.com" "-"
162.144.100.0 - - [30/Dec/2023:04:10:13 +0100] "POST /wp-login.php HTTP/1.1" 200 9573 cronicareinodearagon.com "-" "Mozilla/5.0 (Windows NT 6.1; Win64; x64) AppleWebKit/537.36 (KHTML, like Gecko) Chrome/66.0.3359.117 Safari/537.36" "-"
82.165.88.0 - - [30/Dec/2023:04:12:58 +0100] "POST /wp-cron.php?doing_wp_cron=1703905978.6370079517364501953125 HTTP/1.1" 200 - cronicareinodearagon.com "-" "WordPress/6.2.2; https://cronicareinodearagon.com" "-"
185.191.171.0 - - [30/Dec/2023:04:12:58 +0100] "GET /educacion/hospital-regional-malaga-covid-vacuna-hipra/ HTTP/1.1" 200 166546 cronicareinodearagon.com "-" "Mozilla/5.0 (compatible; SemrushBot/7~bl; +http://www.semrush.com/bot.html)" "-"
163.172.221.0 - - [30/Dec/2023:04:14:14 +0100] "GET /index.php?of=1&a=1 HTTP/1.1" 300 550 cronicadesevilla.com "cronicadesevilla.com" "Mozilla/5.0 (Windows NT 6.1; Win64; x64) AppleWebKit/537.36 (KHTML, like Gecko) Chrome/242.02.8301.120 Safari/537.36" "-"
157.245.157.0 - - [30/Dec/2023:04:15:34 +0100] "GET /wp-includes/themes.php HTTP/1.1" 301 263 cronicareinodearagon.com "www.google.com" "Mozlila/5.0 (Linux; Android 7.0; SM-G892A Bulid/NRD90M; wv) AppleWebKit/537.36 (KHTML, like Gecko) Version/4.0 Chrome/60.0.3112.107 Moblie Safari/537.36" "-"
157.245.157.0 - - [30/Dec/2023:04:15:35 +0100] "GET /wp-includes/themes.php HTTP/1.1" 404 144908 cronicareinodearagon.com "www.google.com" "Mozlila/5.0 (Linux; Android 7.0; SM-G892A Bulid/NRD90M; wv) AppleWebKit/537.36 (KHTML, like Gecko) Version/4.0 Chrome/60.0.3112.107 Moblie Safari/537.36" "-"
82.165.88.0 - - [30/Dec/2023:04:15:36 +0100] "POST /wp-cron.php?doing_wp_cron=1703906135.9775118827819824218750 HTTP/1.1" 200 - cronicareinodearagon.com "-" "WordPress/6.2.2; https://cronicareinodearagon.com" "-"
157.245.157.0 - - [30/Dec/2023:04:15:37 +0100] "GET /wp-admin/css/index.php HTTP/1.1" 301 - cronicareinodearagon.com "www.google.com" "Mozlila/5.0 (Linux; Android 7.0; SM-G892A Bulid/NRD90M; wv) AppleWebKit/537.36 (KHTML, like Gecko) Version/4.0 Chrome/60.0.3112.107 Moblie Safari/537.36" "-"
157.245.157.0 - - [30/Dec/2023:04:15:38 +0100] "GET /wp-admin/css/ HTTP/1.1" 403 775 cronicareinodearagon.com "www.google.com" "Mozlila/5.0 (Linux; Android 7.0; SM-G892A Bulid/NRD90M; wv) AppleWebKit/537.36 (KHTML, like Gecko) Version/4.0 Chrome/60.0.3112.107 Moblie Safari/537.36" "-"
74.125.209.0 - - [30/Dec/2023:04:24:18 +0100] "GET /category/educacion/feed/ HTTP/1.1" 200 16487 cronicareinodearagon.com "-" "FeedFetcher-Google; (+http://www.google.com/feedfetcher.html)" "-"
