184.168.96.0 - - [30/Dec/2023:04:29:26 +0100] "GET /wp-login.php HTTP/1.1" 404 596 cronicadearagon.com "-" "Mozilla/5.0 (X11; Fedora; Linux x86_64; rv:94.0) Gecko/20100101 Firefox/95.0" "-"
82.165.88.0 - - [30/Dec/2023:04:30:27 +0100] "POST /wp-cron.php?doing_wp_cron=1703907027.7023971080780029296875 HTTP/1.1" 200 - cronicareinodearagon.com "-" "WordPress/6.2.2; https://cronicareinodearagon.com" "-"
144.217.82.0 - - [30/Dec/2023:04:30:27 +0100] "POST /wp-login.php HTTP/1.1" 200 9573 cronicareinodearagon.com "-" "Mozilla/5.0 (Windows NT 6.3; WOW64) AppleWebKit/537.36 (KHTML, like Gecko) Chrome/47.0.2526.106 Safari/537.36" "-"
85.208.96.0 - - [30/Dec/2023:04:31:04 +0100] "GET /sociedad/premio-piano-jaen-2022-abril/ HTTP/1.1" 200 172310 cronicareinodearagon.com "-" "Mozilla/5.0 (compatible; SemrushBot/7~bl; +http://www.semrush.com/bot.html)" "-"
82.165.88.0 - - [30/Dec/2023:04:31:05 +0100] "POST /wp-cron.php?doing_wp_cron=1703907065.1392540931701660156250 HTTP/1.1" 200 - cronicareinodearagon.com "-" "WordPress/6.2.2; https://cronicareinodearagon.com" "-"
85.208.96.0 - - [30/Dec/2023:04:31:33 +0100] "GET /sociedad/diputacion-zaragoza-ayudas-ayuntamientos-autoconsumo/ HTTP/1.1" 200 35356 cronicareinodearagon.com "-" "Mozilla/5.0 (compatible; SemrushBot/7~bl; +http://www.semrush.com/bot.html)" "-"
82.165.88.0 - - [30/Dec/2023:04:31:44 +0100] "POST /wp-cron.php?doing_wp_cron=1703907104.4717340469360351562500 HTTP/1.1" 200 - cronicareinodearagon.com "-" "WordPress/6.2.2; https://cronicareinodearagon.com" "-"
207.46.13.0 - - [30/Dec/2023:04:31:44 +0100] "GET /uncategorized/el-ayuntamiento-de-zaragoza-pone-en-marcha-una-nueva-web-de-educacion/ HTTP/1.1" 301 - cronicareinodearagon.com "-" "Mozilla/5.0 AppleWebKit/537.36 (KHTML, like Gecko; compatible; bingbot/2.0; +http://www.bing.com/bingbot.htm) Chrome/116.0.1938.76 Safari/537.36" "-"
8.142.165.0 - - [30/Dec/2023:04:38:20 +0100] "GET / HTTP/1.1" 200 336 cronicadecordoba.com "-" "python-requests/2.25.1" "-"
8.142.165.0 - - [30/Dec/2023:04:38:20 +0100] "HEAD / HTTP/1.1" 200 - cronicadecordoba.com "-" "Mozilla/5.0 (linux; u; android 9; zh-cn; v1816a build/pkq1.180819.001) applewebkit/537.36 (khtml, like gecko) version/4.0 chrome/57" "-"
8.142.165.0 - - [30/Dec/2023:04:38:21 +0100] "GET /dist/images/mask/guide/cn/step1.jpg HTTP/1.1" 404 596 cronicadecordoba.com "-" "python-requests/2.25.1" "-"
8.142.165.0 - - [30/Dec/2023:04:38:21 +0100] "GET / HTTP/1.1" 200 336 cronicadecordoba.com "-" "Mozilla/5.0 (linux; u; android 9; zh-cn; v1816a build/pkq1.180819.001) applewebkit/537.36 (khtml, like gecko) version/4.0 chrome/57" "-"
157.55.39.0 - - [30/Dec/2023:04:42:09 +0100] "GET /uncategorized/benalmadena-pide-a-la-junta-a-que-las-playas-abran-a-la-vez-para-evitar-competiciones-entre-municipios/ HTTP/1.1" 404 145156 cronicareinodearagon.com "-" "Mozilla/5.0 AppleWebKit/537.36 (KHTML, like Gecko; compatible; bingbot/2.0; +http://www.bing.com/bingbot.htm) Chrome/116.0.1938.76 Safari/537.36" "-"
82.165.88.0 - - [30/Dec/2023:04:42:10 +0100] "POST /wp-cron.php?doing_wp_cron=1703907730.5373980998992919921875 HTTP/1.1" 200 - cronicareinodearagon.com "-" "WordPress/6.2.2; https://cronicareinodearagon.com" "-"
74.125.209.0 - - [30/Dec/2023:04:43:22 +0100] "GET /category/politica/feed/ HTTP/1.1" 200 59109 cronicareinodearagon.com "-" "FeedFetcher-Google; (+http://www.google.com/feedfetcher.html)" "-"
85.208.96.0 - - [30/Dec/2023:04:45:45 +0100] "GET /politica/ugt-inclusion-laboral-discapacidad/ HTTP/1.1" 200 172201 cronicareinodearagon.com "-" "Mozilla/5.0 (compatible; SemrushBot/7~bl; +http://www.semrush.com/bot.html)" "-"
82.165.88.0 - - [30/Dec/2023:04:45:46 +0100] "POST /wp-cron.php?doing_wp_cron=1703907946.3517580032348632812500 HTTP/1.1" 200 - cronicareinodearagon.com "-" "WordPress/6.2.2; https://cronicareinodearagon.com" "-"
54.36.148.0 - - [30/Dec/2023:04:46:48 +0100] "GET /aragon/huesca-master-alta-cocina/ HTTP/1.1" 200 161214 cronicareinodearagon.com "-" "Mozilla/5.0 (compatible; AhrefsBot/7.0; +http://ahrefs.com/robot/)" "-"
82.165.88.0 - - [30/Dec/2023:04:46:49 +0100] "POST /wp-cron.php?doing_wp_cron=1703908009.0602359771728515625000 HTTP/1.1" 200 - cronicareinodearagon.com "-" "WordPress/6.2.2; https://cronicareinodearagon.com" "-"
185.220.101.0 - - [30/Dec/2023:04:47:30 +0100] "GET / HTTP/1.1" 200 336 cronicadehuelva.com "http://cronicadehuelva.com" "Mozilla/5.0 (Windows NT 5.1; rv:36.0) Gecko/20100101 Firefox/36.0" "-"
74.125.209.0 - - [30/Dec/2023:04:50:51 +0100] "GET /category/educacion/feed/ HTTP/1.1" 200 16487 cronicareinodearagon.com "-" "FeedFetcher-Google; (+http://www.google.com/feedfetcher.html)" "-"
52.167.144.0 - - [30/Dec/2023:04:51:15 +0100] "GET /aragon/teltronic-digitalizacion-transporte-moysest/ HTTP/1.1" 200 35308 cronicareinodearagon.com "-" "Mozilla/5.0 AppleWebKit/537.36 (KHTML, like Gecko; compatible; bingbot/2.0; +http://www.bing.com/bingbot.htm) Chrome/116.0.1938.76 Safari/537.36" "-"
82.165.88.0 - - [30/Dec/2023:04:51:16 +0100] "POST /wp-cron.php?doing_wp_cron=1703908276.0397529602050781250000 HTTP/1.1" 200 - cronicareinodearagon.com "-" "WordPress/6.2.2; https://cronicareinodearagon.com" "-"
74.125.209.0 - - [30/Dec/2023:04:53:48 +0100] "GET /category/sociedad/feed/ HTTP/1.1" 200 51420 cronicareinodearagon.com "-" "FeedFetcher-Google; (+http://www.google.com/feedfetcher.html)" "-"
66.102.6.0 - - [30/Dec/2023:04:55:41 +0100] "GET /category/economia/feed/ HTTP/1.1" 200 42774 cronicareinodearagon.com "-" "FeedFetcher-Google; (+http://www.google.com/feedfetcher.html)" "-"
45.138.16.0 - - [30/Dec/2023:04:58:56 +0100] "POST /xmlrpc.php HTTP/1.1" 200 416 cronicareinodearagon.com "-" "Mozilla/5.0 (Windows NT 5.1; Win64; x64) AppleWebKit/537.36 (KHTML, like Gecko) Chrome/60.0.3112.90 Safari/537.36" "-"
82.165.88.0 - - [30/Dec/2023:04:58:57 +0100] "POST /wp-cron.php?doing_wp_cron=1703908737.1970388889312744140625 HTTP/1.1" 200 - cronicareinodearagon.com "-" "WordPress/6.2.2; https://cronicareinodearagon.com" "-"
45.138.16.0 - - [30/Dec/2023:04:58:58 +0100] "POST /xmlrpc.php HTTP/1.1" 200 416 cronicareinodearagon.com "-" "Mozilla/5.0 (Windows NT 5.1; Win64; x64) AppleWebKit/537.36 (KHTML, like Gecko) Chrome/60.0.3112.90 Safari/537.36" "-"
45.138.16.0 - - [30/Dec/2023:04:58:59 +0100] "POST /xmlrpc.php HTTP/1.1" 403 775 cronicareinodearagon.com "-" "Mozilla/5.0 (Windows NT 5.1; Win64; x64) AppleWebKit/537.36 (KHTML, like Gecko) Chrome/60.0.3112.90 Safari/537.36" "-"
45.138.16.0 - - [30/Dec/2023:04:59:00 +0100] "POST /xmlrpc.php HTTP/1.1" 403 775 cronicareinodearagon.com "-" "Mozilla/5.0 (Windows NT 5.1; Win64; x64) AppleWebKit/537.36 (KHTML, like Gecko) Chrome/60.0.3112.90 Safari/537.36" "-"
45.138.16.0 - - [30/Dec/2023:04:59:01 +0100] "POST /xmlrpc.php HTTP/1.1" 403 775 cronicareinodearagon.com "-" "Mozilla/5.0 (Windows NT 5.1; Win64; x64) AppleWebKit/537.36 (KHTML, like Gecko) Chrome/60.0.3112.90 Safari/537.36" "-"
82.165.88.0 - - [30/Dec/2023:05:01:49 +0100] "POST /wp-cron.php?doing_wp_cron=1703908909.3752779960632324218750 HTTP/1.1" 200 - cronicareinodearagon.com "-" "WordPress/6.2.2; https://cronicareinodearagon.com" "-"
85.208.96.0 - - [30/Dec/2023:05:01:49 +0100] "GET /category/sociedad/page/33/ HTTP/1.1" 200 147404 cronicareinodearagon.com "-" "Mozilla/5.0 (compatible; SemrushBot/7~bl; +http://www.semrush.com/bot.html)" "-"
82.165.88.0 - - [30/Dec/2023:05:04:30 +0100] "POST /wp-cron.php?doing_wp_cron=1703909070.9377229213714599609375 HTTP/1.1" 200 - cronicareinodearagon.com "-" "WordPress/6.2.2; https://cronicareinodearagon.com" "-"
208.113.136.0 - - [30/Dec/2023:05:04:30 +0100] "POST /xmlrpc.php HTTP/1.1" 200 416 cronicareinodearagon.com "-" "Mozilla/5.0 (Windows NT 10.0; Win64; x64; rv:79.0) Gecko/20100101 Firefox/79.0" "-"
74.125.209.0 - - [30/Dec/2023:05:06:16 +0100] "GET /category/educacion/feed/ HTTP/1.1" 200 16487 cronicareinodearagon.com "-" "FeedFetcher-Google; (+http://www.google.com/feedfetcher.html)" "-"
74.125.209.0 - - [30/Dec/2023:05:07:47 +0100] "GET /category/sociedad/feed/ HTTP/1.1" 200 51420 cronicareinodearagon.com "-" "FeedFetcher-Google; (+http://www.google.com/feedfetcher.html)" "-"
82.165.88.0 - - [30/Dec/2023:05:08:52 +0100] "POST /wp-cron.php?doing_wp_cron=1703909332.8244290351867675781250 HTTP/1.1" 200 - cronicareinodearagon.com "-" "WordPress/6.2.2; https://cronicareinodearagon.com" "-"
185.191.171.0 - - [30/Dec/2023:05:08:52 +0100] "GET /robots.txt HTTP/1.1" 200 202 cronicareinodearagon.com "-" "Mozilla/5.0 (compatible; SemrushBot/7~bl; +http://www.semrush.com/bot.html)" "-"
85.208.96.0 - - [30/Dec/2023:05:08:59 +0100] "GET /aragon/lamban-psoe-aragon-plan-deporte/ HTTP/1.1" 200 163067 cronicareinodearagon.com "-" "Mozilla/5.0 (compatible; SemrushBot/7~bl; +http://www.semrush.com/bot.html)" "-"
186.87.69.0 - - [30/Dec/2023:05:09:19 +0100] "POST /wp-login.php HTTP/1.1" 200 9573 cronicareinodearagon.com "-" "Mozilla/5.0 (Windows NT 6.1; Win64; x64) AppleWebKit/537.36 (KHTML, like Gecko) Chrome/55.0.2883.87 Safari/537.36" "-"
111.230.202.0 - - [30/Dec/2023:05:18:43 +0100] "POST /wp-login.php HTTP/1.1" 200 9573 cronicareinodearagon.com "-" "Mozilla/5.0 (Windows NT 10.0; WOW64) AppleWebKit/537.36 (KHTML, like Gecko) Chrome/47.0.2526.106 Safari/537.36" "-"
82.165.88.0 - - [30/Dec/2023:05:18:44 +0100] "POST /wp-cron.php?doing_wp_cron=1703909924.0543150901794433593750 HTTP/1.1" 200 - cronicareinodearagon.com "-" "WordPress/6.2.2; https://cronicareinodearagon.com" "-"
82.165.88.0 - - [30/Dec/2023:05:22:07 +0100] "POST /wp-cron.php?doing_wp_cron=1703910127.7813549041748046875000 HTTP/1.1" 200 - cronicareinodearagon.com "-" "WordPress/6.2.2; https://cronicareinodearagon.com" "-"
17.241.75.0 - - [30/Dec/2023:05:22:07 +0100] "GET /politica/jaen-merece-mas-levanta-jaen-junta-electoral/ HTTP/1.1" 200 163074 cronicareinodearagon.com "-" "Mozilla/5.0 (Macintosh; Intel Mac OS X 10_15_5) AppleWebKit/605.1.15 (KHTML, like Gecko) Version/13.1.1 Safari/605.1.15 (Applebot/0.1; +http://www.apple.com/go/applebot)" "-"
82.165.88.0 - - [30/Dec/2023:05:23:52 +0100] "POST /wp-cron.php?doing_wp_cron=1703910232.8976569175720214843750 HTTP/1.1" 200 - cronicareinodearagon.com "-" "WordPress/6.2.2; https://cronicareinodearagon.com" "-"
167.172.66.0 - - [30/Dec/2023:05:23:52 +0100] "POST /wp-login.php HTTP/1.1" 200 9573 cronicareinodearagon.com "-" "Mozilla/5.0 (Windows NT 6.1) AppleWebKit/537.36 (KHTML, like Gecko) Chrome/65.0.3325.181 Safari/537.36" "-"
40.77.167.0 - - [30/Dec/2023:05:25:12 +0100] "GET /andalucia/grinan-incidente-nulidad-supremo/ HTTP/1.1" 404 596 www.cronicadearagon.com "-" "Mozilla/5.0 AppleWebKit/537.36 (KHTML, like Gecko; compatible; bingbot/2.0; +http://www.bing.com/bingbot.htm) Chrome/116.0.1938.76 Safari/537.36" "-"
185.191.171.0 - - [30/Dec/2023:05:26:19 +0100] "GET /author/opinion/ HTTP/1.1" 301 - cronicareinodearagon.com "-" "Mozilla/5.0 (compatible; SemrushBot/7~bl; +http://www.semrush.com/bot.html)" "-"
82.165.88.0 - - [30/Dec/2023:05:26:20 +0100] "POST /wp-cron.php?doing_wp_cron=1703910380.1933119297027587890625 HTTP/1.1" 200 - cronicareinodearagon.com "-" "WordPress/6.2.2; https://cronicareinodearagon.com" "-"
185.191.171.0 - - [30/Dec/2023:05:26:22 +0100] "GET / HTTP/1.1" 200 41725 cronicareinodearagon.com "-" "Mozilla/5.0 (compatible; SemrushBot/7~bl; +http://www.semrush.com/bot.html)" "-"
184.168.31.0 - - [30/Dec/2023:05:27:37 +0100] "POST /wp-login.php HTTP/1.1" 200 9573 cronicareinodearagon.com "-" "Mozilla/5.0 (Windows NT 6.1; Win64; x64) AppleWebKit/537.36 (KHTML, like Gecko) Chrome/79.0.3945.117 Safari/537.36" "-"
82.165.88.0 - - [30/Dec/2023:05:27:38 +0100] "POST /wp-cron.php?doing_wp_cron=1703910458.2615859508514404296875 HTTP/1.1" 200 - cronicareinodearagon.com "-" "WordPress/6.2.2; https://cronicareinodearagon.com" "-"
82.165.88.0 - - [30/Dec/2023:05:35:46 +0100] "POST /wp-cron.php?doing_wp_cron=1703910946.4608550071716308593750 HTTP/1.1" 200 - cronicareinodearagon.com "-" "WordPress/6.2.2; https://cronicareinodearagon.com" "-"
185.191.171.0 - - [30/Dec/2023:05:35:46 +0100] "GET /sociedad/construccion-nuevo-centro-salud-huesca/ HTTP/1.1" 200 34063 cronicareinodearagon.com "-" "Mozilla/5.0 (compatible; SemrushBot/7~bl; +http://www.semrush.com/bot.html)" "-"
82.165.88.0 - - [30/Dec/2023:05:37:47 +0100] "POST /wp-cron.php?doing_wp_cron=1703911067.4540150165557861328125 HTTP/1.1" 200 - cronicareinodearagon.com "-" "WordPress/6.2.2; https://cronicareinodearagon.com" "-"
184.168.124.0 - - [30/Dec/2023:05:37:47 +0100] "POST /wp-login.php HTTP/1.1" 200 9573 cronicareinodearagon.com "-" "Mozilla/5.0 (Windows NT 6.3; Win64; x64) AppleWebKit/537.36 (KHTML, like Gecko) Chrome/57.0.2987.133 Safari/537.36" "-"
85.208.96.0 - - [30/Dec/2023:05:38:33 +0100] "GET /category/politica/page/6/ HTTP/1.1" 200 147178 cronicareinodearagon.com "-" "Mozilla/5.0 (compatible; SemrushBot/7~bl; +http://www.semrush.com/bot.html)" "-"
74.125.209.0 - - [30/Dec/2023:05:42:44 +0100] "GET /category/politica/feed/ HTTP/1.1" 200 59109 cronicareinodearagon.com "-" "FeedFetcher-Google; (+http://www.google.com/feedfetcher.html)" "-"
207.46.13.0 - - [30/Dec/2023:05:46:43 +0100] "GET /wp-content/uploads/2022/03/audiencia-provincial-almeria.jpg HTTP/1.1" 200 119237 cronicareinodearagon.com "-" "Mozilla/5.0 AppleWebKit/537.36 (KHTML, like Gecko; compatible; bingbot/2.0; +http://www.bing.com/bingbot.htm) Chrome/116.0.1938.76 Safari/537.36" "-"
82.165.88.0 - - [30/Dec/2023:05:47:19 +0100] "POST /wp-cron.php?doing_wp_cron=1703911639.7902839183807373046875 HTTP/1.1" 200 - cronicareinodearagon.com "-" "WordPress/6.2.2; https://cronicareinodearagon.com" "-"
185.191.171.0 - - [30/Dec/2023:05:47:19 +0100] "GET /category/politica/page/26/ HTTP/1.1" 200 147441 cronicareinodearagon.com "-" "Mozilla/5.0 (compatible; SemrushBot/7~bl; +http://www.semrush.com/bot.html)" "-"
82.165.88.0 - - [30/Dec/2023:05:50:15 +0100] "POST /wp-cron.php?doing_wp_cron=1703911815.5690729618072509765625 HTTP/1.1" 200 - cronicareinodearagon.com "-" "WordPress/6.2.2; https://cronicareinodearagon.com" "-"
165.232.180.0 - - [30/Dec/2023:05:50:15 +0100] "POST /wp-login.php HTTP/1.1" 200 9580 cronicareinodearagon.com "-" "Mozilla/5.0 (Windows NT 10.0; Win64; x64) AppleWebKit/537.36 (KHTML, like Gecko) Chrome/64.0.3282.167 Safari/537.36" "-"
82.165.88.0 - - [30/Dec/2023:05:53:23 +0100] "POST /wp-cron.php?doing_wp_cron=1703912003.6851119995117187500000 HTTP/1.1" 200 - cronicareinodearagon.com "-" "WordPress/6.2.2; https://cronicareinodearagon.com" "-"
54.36.148.0 - - [30/Dec/2023:05:53:23 +0100] "GET /aragon/psoe-aragon-red-agentes-igualdad/ HTTP/1.1" 200 36051 cronicareinodearagon.com "-" "Mozilla/5.0 (compatible; AhrefsBot/7.0; +http://ahrefs.com/robot/)" "-"
74.125.209.0 - - [30/Dec/2023:05:57:06 +0100] "GET /category/politica/feed/ HTTP/1.1" 200 59109 cronicareinodearagon.com "-" "FeedFetcher-Google; (+http://www.google.com/feedfetcher.html)" "-"
5.188.62.0 - - [30/Dec/2023:06:01:24 +0100] "GET / HTTP/1.1" 200 336 grupocronicaenlibertad.com "-" "Mozilla/5.0 (Windows NT 6.1; WOW64) AppleWebKit/537.36 (KHTML, like Gecko) Chrome/100.0.4758.11 Safari/537.36" "-"
85.208.96.0 - - [30/Dec/2023:06:01:36 +0100] "GET /economia/licitacion-obras-planta-fotovoltaica-cadiz/ HTTP/1.1" 200 166385 cronicareinodearagon.com "-" "Mozilla/5.0 (compatible; SemrushBot/7~bl; +http://www.semrush.com/bot.html)" "-"
82.165.88.0 - - [30/Dec/2023:06:01:37 +0100] "POST /wp-cron.php?doing_wp_cron=1703912497.0004160404205322265625 HTTP/1.1" 200 - cronicareinodearagon.com "-" "WordPress/6.2.2; https://cronicareinodearagon.com" "-"
68.178.246.0 - - [30/Dec/2023:06:04:06 +0100] "GET /wp-login.php HTTP/1.1" 404 596 cronicadesevilla.com "-" "Mozilla/5.0 (X11; Fedora; Linux x86_64; rv:94.0) Gecko/20100101 Firefox/95.0" "-"
198.20.67.0 - - [30/Dec/2023:06:04:22 +0100] "GET / HTTP/1.1" 301 245 www.cronicareinodearagon.com "http://www.google.com/url?url=www.cronicareinodearagon.com&yahoo.com" "Mozilla/5.0 (compatible; MSIE 9.0; Windows NT 6.1; WOW64; Trident/6.0)" "-"
198.20.67.0 - - [30/Dec/2023:06:04:24 +0100] "GET / HTTP/1.1" 301 - www.cronicareinodearagon.com "http://www.google.com/url?url=www.cronicareinodearagon.com&yahoo.com" "Mozilla/5.0 (compatible; MSIE 9.0; Windows NT 6.1; WOW64; Trident/6.0)" "-"
82.165.88.0 - - [30/Dec/2023:06:04:25 +0100] "POST /wp-cron.php?doing_wp_cron=1703912665.5874879360198974609375 HTTP/1.1" 200 - cronicareinodearagon.com "-" "WordPress/6.2.2; https://cronicareinodearagon.com" "-"
198.20.67.0 - - [30/Dec/2023:06:04:26 +0100] "GET / HTTP/1.1" 200 319423 cronicareinodearagon.com "http://www.google.com/url?url=cronicareinodearagon.com&yahoo.com" "Mozilla/5.0 (compatible; MSIE 9.0; Windows NT 6.1; WOW64; Trident/6.0)" "-"
198.20.67.0 - - [30/Dec/2023:06:04:32 +0100] "GET /th1s_1s_a_4o4.html HTTP/1.1" 404 144861 cronicareinodearagon.com "-" "SiteLockSpider [en] (WinNT; I ;Nav)" "-"
198.20.67.0 - - [30/Dec/2023:06:04:35 +0100] "GET /comments/feed/ HTTP/1.1" 200 17967 cronicareinodearagon.com "http://www.google.com/url?url=cronicareinodearagon.com&yahoo.com" "Mozilla/5.0 (compatible; MSIE 9.0; Windows NT 6.1; WOW64; Trident/6.0)" "-"
198.20.67.0 - - [30/Dec/2023:06:04:37 +0100] "GET /wp-includes/js/imagesloaded.min.js?ver=4.1.4 HTTP/1.1" 200 5629 cronicareinodearagon.com "http://www.google.com/url?url=cronicareinodearagon.com&yahoo.com" "Mozilla/5.0 (compatible; MSIE 9.0; Windows NT 6.1; WOW64; Trident/6.0)" "-"
198.20.67.0 - - [30/Dec/2023:06:04:38 +0100] "GET /wp-includes/js/comment-reply.min.js?ver=6.2.2 HTTP/1.1" 200 2981 cronicareinodearagon.com "-" "SiteLockSpider [en] (WinNT; I ;Nav)" "-"
198.20.67.0 - - [30/Dec/2023:06:04:39 +0100] "GET /wp-content/plugins/elementor/assets/js/webpack.runtime.min.js?ver=3.15.2 HTTP/1.1" 200 4958 cronicareinodearagon.com "http://www.google.com/url?url=cronicareinodearagon.com&yahoo.com" "Mozilla/5.0 (compatible; MSIE 9.0; Windows NT 6.1; WOW64; Trident/6.0)" "-"
198.20.67.0 - - [30/Dec/2023:06:04:40 +0100] "GET /wp-content/plugins/complianz-gdpr/cookiebanner/js/complianz.min.js?ver=6.4.4 HTTP/1.1" 200 40180 cronicareinodearagon.com "http://www.google.com/url?url=cronicareinodearagon.com&yahoo.com" "Mozilla/5.0 (compatible; MSIE 9.0; Windows NT 6.1; WOW64; Trident/6.0)" "-"
198.20.67.0 - - [30/Dec/2023:06:04:40 +0100] "GET /wp-content/themes/jnews/data/import/newspaper/scheme.css?ver=10.7.9 HTTP/1.1" 200 5700 cronicareinodearagon.com "http://www.google.com/url?url=cronicareinodearagon.com&yahoo.com" "Mozilla/5.0 (compatible; MSIE 9.0; Windows NT 6.1; WOW64; Trident/6.0)" "-"
198.20.67.0 - - [30/Dec/2023:06:04:41 +0100] "GET /xmlrpc.php?rsd HTTP/1.1" 200 858 cronicareinodearagon.com "-" "SiteLockSpider [en] (WinNT; I ;Nav)" "-"
198.20.67.0 - - [30/Dec/2023:06:04:43 +0100] "GET //wp-content/plugins/elementor/readme.txt HTTP/1.1" 200 287791 cronicareinodearagon.com "-" "SiteLockSpider [en] (WinNT; I ;Nav)" "-"
145.239.2.0 - - [30/Dec/2023:06:05:31 +0100] "POST /wp-login.php HTTP/1.1" 200 9604 cronicareinodearagon.com "-" "Mozilla/5.0 (Windows NT 6.1) AppleWebKit/537.36 (KHTML, like Gecko) Chrome/70.0.3538.77 Safari/537.36" "-"
82.165.88.0 - - [30/Dec/2023:06:05:32 +0100] "POST /wp-cron.php?doing_wp_cron=1703912732.1445989608764648437500 HTTP/1.1" 200 - cronicareinodearagon.com "-" "WordPress/6.2.2; https://cronicareinodearagon.com" "-"
82.165.88.0 - - [30/Dec/2023:06:06:06 +0100] "POST /wp-cron.php?doing_wp_cron=1703912766.4824540615081787109375 HTTP/1.1" 200 - cronicareinodearagon.com "-" "WordPress/6.2.2; https://cronicareinodearagon.com" "-"
185.191.171.0 - - [30/Dec/2023:06:06:06 +0100] "GET /sociedad/asesinato-violencia-genero-san-roque-cadiz/ HTTP/1.1" 200 161693 cronicareinodearagon.com "-" "Mozilla/5.0 (compatible; SemrushBot/7~bl; +http://www.semrush.com/bot.html)" "-"
145.239.208.0 - - [30/Dec/2023:06:06:21 +0100] "POST /wp-login.php HTTP/1.1" 200 9614 cronicareinodearagon.com "-" "Mozilla/5.0 (Windows NT 10.0; WOW64) AppleWebKit/537.36 (KHTML, like Gecko) Chrome/57.0.2987.133 Safari/537.36" "-"
185.191.171.0 - - [30/Dec/2023:06:06:25 +0100] "GET /category/opinion/ HTTP/1.1" 200 29051 cronicareinodearagon.com "-" "Mozilla/5.0 (compatible; SemrushBot/7~bl; +http://www.semrush.com/bot.html)" "-"
82.165.88.0 - - [30/Dec/2023:06:10:18 +0100] "POST /wp-cron.php?doing_wp_cron=1703913018.8540010452270507812500 HTTP/1.1" 200 - cronicareinodearagon.com "-" "WordPress/6.2.2; https://cronicareinodearagon.com" "-"
185.191.171.0 - - [30/Dec/2023:06:10:18 +0100] "GET /robots.txt HTTP/1.1" 200 202 cronicareinodearagon.com "-" "Mozilla/5.0 (compatible; SemrushBot/7~bl; +http://www.semrush.com/bot.html)" "-"
85.208.96.0 - - [30/Dec/2023:06:10:19 +0100] "GET /category/aragon/page/53/ HTTP/1.1" 200 146752 cronicareinodearagon.com "-" "Mozilla/5.0 (compatible; SemrushBot/7~bl; +http://www.semrush.com/bot.html)" "-"
103.142.26.0 - - [30/Dec/2023:06:10:23 +0100] "POST /wp-login.php HTTP/1.1" 200 9612 cronicareinodearagon.com "-" "Mozilla/5.0 (Windows NT 6.3; Win64; x64) AppleWebKit/537.36 (KHTML, like Gecko) Chrome/57.0.2987.133 Safari/537.36" "-"
185.191.171.0 - - [30/Dec/2023:06:16:26 +0100] "GET /author/martinezmagro/ HTTP/1.1" 301 - cronicareinodearagon.com "-" "Mozilla/5.0 (compatible; SemrushBot/7~bl; +http://www.semrush.com/bot.html)" "-"
82.165.88.0 - - [30/Dec/2023:06:16:27 +0100] "POST /wp-cron.php?doing_wp_cron=1703913387.0827629566192626953125 HTTP/1.1" 200 - cronicareinodearagon.com "-" "WordPress/6.2.2; https://cronicareinodearagon.com" "-"
185.191.171.0 - - [30/Dec/2023:06:16:29 +0100] "GET /sociedad/detenido-homicida-abuso-hija-estepona/ HTTP/1.1" 200 161240 cronicareinodearagon.com "-" "Mozilla/5.0 (compatible; SemrushBot/7~bl; +http://www.semrush.com/bot.html)" "-"
74.125.209.0 - - [30/Dec/2023:06:16:47 +0100] "GET /category/sociedad/feed/ HTTP/1.1" 200 51420 cronicareinodearagon.com "-" "FeedFetcher-Google; (+http://www.google.com/feedfetcher.html)" "-"
82.165.88.0 - - [30/Dec/2023:06:16:47 +0100] "POST /wp-cron.php?doing_wp_cron=1703913407.8591849803924560546875 HTTP/1.1" 200 - cronicareinodearagon.com "-" "WordPress/6.2.2; https://cronicareinodearagon.com" "-"
89.208.153.0 - - [30/Dec/2023:06:16:47 +0100] "POST /xmlrpc.php HTTP/1.1" 200 416 cronicareinodearagon.com "-" "Mozilla/5.0 (Windows NT 6.1; rv:17.0) Gecko/20100101 Firefox/20.6.14" "-"
137.184.88.0 - - [30/Dec/2023:06:16:48 +0100] "POST /xmlrpc.php HTTP/1.1" 200 416 cronicareinodearagon.com "-" "Mozilla/5.0 (Windows NT 10.0; Win64; x64; rv:65.0) Gecko/20100101 Firefox/65.0" "-"
68.178.156.0 - - [30/Dec/2023:06:16:51 +0100] "POST /xmlrpc.php HTTP/1.1" 200 416 cronicareinodearagon.com "-" "Mozilla/5.0 (Windows NT 10.0; Win64; x64; rv:62.0) Gecko/20100101 Firefox/62.0" "-"
40.77.70.0 - - [30/Dec/2023:06:17:01 +0100] "POST /xmlrpc.php HTTP/1.1" 200 416 cronicareinodearagon.com "-" "Mozilla/5.0 (iPhone; CPU iPhone OS 14_6 like Mac OS X) AppleWebKit/605.1.15 (KHTML, like Gecko) CriOS/91.0.4472.80 Mobile/15E148 Safari/604.1" "-"
8.134.166.0 - - [30/Dec/2023:06:17:03 +0100] "POST /xmlrpc.php HTTP/1.1" 200 416 cronicareinodearagon.com "-" "Mozilla/5.0 (Windows NT 6.1; Win64; x64; rv:61.0) Gecko/20100101 Firefox/61.0" "-"
2001:1640:: - - [30/Dec/2023:06:17:07 +0100] "POST /xmlrpc.php HTTP/1.1" 200 416 cronicareinodearagon.com "-" "Mozilla/5.0 (Windows NT 10.0; Win64; x64; rv:84.0) Gecko/20100101 Firefox/84.0" "-"
8.134.166.0 - - [30/Dec/2023:06:17:10 +0100] "POST /xmlrpc.php HTTP/1.1" 200 416 cronicareinodearagon.com "-" "Mozilla/5.0 (Windows NT 6.1; WOW64; rv:38.0) Gecko/20100101 Firefox/38.0" "-"
45.78.22.0 - - [30/Dec/2023:06:17:15 +0100] "POST /xmlrpc.php HTTP/1.1" 200 416 cronicareinodearagon.com "-" "Mozilla/5.0 (Windows NT 5.1; rv:40.0) Gecko/20100101 Firefox/40.0" "-"
47.251.36.0 - - [30/Dec/2023:06:17:16 +0100] "POST /xmlrpc.php HTTP/1.1" 200 416 cronicareinodearagon.com "-" "Mozilla/5.0 (Windows NT 10.0; Win64; x64) AppleWebKit/537.36 (KHTML, like Gecko) Chrome/84.0.4147.105 Safari/537.36" "-"
193.202.110.0 - - [30/Dec/2023:06:17:22 +0100] "POST /xmlrpc.php HTTP/1.1" 200 416 cronicareinodearagon.com "-" "Mozilla/5.0 (Windows NT 6.0; rv:34.0) Gecko/20100101 Firefox/34.0" "-"
157.245.157.0 - - [30/Dec/2023:06:20:35 +0100] "GET /wp-admin/install.php HTTP/1.1" 301 261 cronicareinodearagon.com "-" "Mozilla/5.0 (Macintosh; Intel Mac OS X 10_10_1) AppleWebKit/537.36 (KHTML, like Gecko) Chrome/39.0.2171.95 Safari/537.36" "-"
157.245.157.0 - - [30/Dec/2023:06:20:36 +0100] "GET /wp-admin/install.php HTTP/1.1" 200 1366 cronicareinodearagon.com "-" "Mozilla/5.0 (Macintosh; Intel Mac OS X 10_10_1) AppleWebKit/537.36 (KHTML, like Gecko) Chrome/39.0.2171.95 Safari/537.36" "-"
82.165.88.0 - - [30/Dec/2023:06:20:36 +0100] "POST /wp-cron.php?doing_wp_cron=1703913636.3007419109344482421875 HTTP/1.1" 200 - cronicareinodearagon.com "-" "WordPress/6.2.2; https://cronicareinodearagon.com" "-"
157.245.157.0 - - [30/Dec/2023:06:20:36 +0100] "GET /wp/wp-admin/install.php HTTP/1.1" 301 264 cronicareinodearagon.com "-" "Mozilla/5.0 (Macintosh; Intel Mac OS X 10_10_1) AppleWebKit/537.36 (KHTML, like Gecko) Chrome/39.0.2171.95 Safari/537.36" "-"
157.245.157.0 - - [30/Dec/2023:06:20:37 +0100] "GET /wp/wp-admin/install.php HTTP/1.1" 404 144878 cronicareinodearagon.com "-" "Mozilla/5.0 (Macintosh; Intel Mac OS X 10_10_1) AppleWebKit/537.36 (KHTML, like Gecko) Chrome/39.0.2171.95 Safari/537.36" "-"
82.165.88.0 - - [30/Dec/2023:06:20:38 +0100] "POST /wp-cron.php?doing_wp_cron=1703913638.0125939846038818359375 HTTP/1.1" 200 - cronicareinodearagon.com "-" "WordPress/6.2.2; https://cronicareinodearagon.com" "-"
157.245.157.0 - - [30/Dec/2023:06:20:39 +0100] "GET /new/wp-admin/install.php HTTP/1.1" 301 265 cronicareinodearagon.com "-" "Mozilla/5.0 (Macintosh; Intel Mac OS X 10_10_1) AppleWebKit/537.36 (KHTML, like Gecko) Chrome/39.0.2171.95 Safari/537.36" "-"
157.245.157.0 - - [30/Dec/2023:06:20:40 +0100] "GET /new/wp-admin/install.php HTTP/1.1" 404 144881 cronicareinodearagon.com "-" "Mozilla/5.0 (Macintosh; Intel Mac OS X 10_10_1) AppleWebKit/537.36 (KHTML, like Gecko) Chrome/39.0.2171.95 Safari/537.36" "-"
157.245.157.0 - - [30/Dec/2023:06:20:41 +0100] "GET /old/wp-admin/install.php HTTP/1.1" 301 265 cronicareinodearagon.com "-" "Mozilla/5.0 (Macintosh; Intel Mac OS X 10_10_1) AppleWebKit/537.36 (KHTML, like Gecko) Chrome/39.0.2171.95 Safari/537.36" "-"
82.165.88.0 - - [30/Dec/2023:06:20:42 +0100] "POST /wp-cron.php?doing_wp_cron=1703913642.3832480907440185546875 HTTP/1.1" 200 - cronicareinodearagon.com "-" "WordPress/6.2.2; https://cronicareinodearagon.com" "-"
157.245.157.0 - - [30/Dec/2023:06:20:42 +0100] "GET /old/wp-admin/install.php HTTP/1.1" 404 144881 cronicareinodearagon.com "-" "Mozilla/5.0 (Macintosh; Intel Mac OS X 10_10_1) AppleWebKit/537.36 (KHTML, like Gecko) Chrome/39.0.2171.95 Safari/537.36" "-"
157.245.157.0 - - [30/Dec/2023:06:20:43 +0100] "GET /wordpress/wp-admin/install.php HTTP/1.1" 301 271 cronicareinodearagon.com "-" "Mozilla/5.0 (Macintosh; Intel Mac OS X 10_10_1) AppleWebKit/537.36 (KHTML, like Gecko) Chrome/39.0.2171.95 Safari/537.36" "-"
157.245.157.0 - - [30/Dec/2023:06:20:44 +0100] "GET /wordpress/wp-admin/install.php HTTP/1.1" 404 144899 cronicareinodearagon.com "-" "Mozilla/5.0 (Macintosh; Intel Mac OS X 10_10_1) AppleWebKit/537.36 (KHTML, like Gecko) Chrome/39.0.2171.95 Safari/537.36" "-"
157.245.157.0 - - [30/Dec/2023:06:20:45 +0100] "GET /test/wp-admin/install.php HTTP/1.1" 301 266 cronicareinodearagon.com "-" "Mozilla/5.0 (Macintosh; Intel Mac OS X 10_10_1) AppleWebKit/537.36 (KHTML, like Gecko) Chrome/39.0.2171.95 Safari/537.36" "-"
157.245.157.0 - - [30/Dec/2023:06:20:46 +0100] "GET /test/wp-admin/install.php HTTP/1.1" 404 144884 cronicareinodearagon.com "-" "Mozilla/5.0 (Macintosh; Intel Mac OS X 10_10_1) AppleWebKit/537.36 (KHTML, like Gecko) Chrome/39.0.2171.95 Safari/537.36" "-"
157.245.157.0 - - [30/Dec/2023:06:20:47 +0100] "GET /blog/wp-admin/install.php HTTP/1.1" 301 266 cronicareinodearagon.com "-" "Mozilla/5.0 (Macintosh; Intel Mac OS X 10_10_1) AppleWebKit/537.36 (KHTML, like Gecko) Chrome/39.0.2171.95 Safari/537.36" "-"
157.245.157.0 - - [30/Dec/2023:06:20:48 +0100] "GET /blog/wp-admin/install.php HTTP/1.1" 404 144884 cronicareinodearagon.com "-" "Mozilla/5.0 (Macintosh; Intel Mac OS X 10_10_1) AppleWebKit/537.36 (KHTML, like Gecko) Chrome/39.0.2171.95 Safari/537.36" "-"
157.245.157.0 - - [30/Dec/2023:06:20:49 +0100] "GET /cms/wp-admin/install.php HTTP/1.1" 301 265 cronicareinodearagon.com "-" "Mozilla/5.0 (Macintosh; Intel Mac OS X 10_10_1) AppleWebKit/537.36 (KHTML, like Gecko) Chrome/39.0.2171.95 Safari/537.36" "-"
157.245.157.0 - - [30/Dec/2023:06:20:49 +0100] "GET /cms/wp-admin/install.php HTTP/1.1" 404 144881 cronicareinodearagon.com "-" "Mozilla/5.0 (Macintosh; Intel Mac OS X 10_10_1) AppleWebKit/537.36 (KHTML, like Gecko) Chrome/39.0.2171.95 Safari/537.36" "-"
157.245.157.0 - - [30/Dec/2023:06:20:50 +0100] "GET /web/wp-admin/install.php HTTP/1.1" 301 265 cronicareinodearagon.com "-" "Mozilla/5.0 (Macintosh; Intel Mac OS X 10_10_1) AppleWebKit/537.36 (KHTML, like Gecko) Chrome/39.0.2171.95 Safari/537.36" "-"
157.245.157.0 - - [30/Dec/2023:06:20:51 +0100] "GET /web/wp-admin/install.php HTTP/1.1" 404 144881 cronicareinodearagon.com "-" "Mozilla/5.0 (Macintosh; Intel Mac OS X 10_10_1) AppleWebKit/537.36 (KHTML, like Gecko) Chrome/39.0.2171.95 Safari/537.36" "-"
157.245.157.0 - - [30/Dec/2023:06:20:52 +0100] "GET /backup/wp-admin/install.php HTTP/1.1" 301 268 cronicareinodearagon.com "-" "Mozilla/5.0 (Macintosh; Intel Mac OS X 10_10_1) AppleWebKit/537.36 (KHTML, like Gecko) Chrome/39.0.2171.95 Safari/537.36" "-"
157.245.157.0 - - [30/Dec/2023:06:20:53 +0100] "GET /backup/wp-admin/install.php HTTP/1.1" 404 144890 cronicareinodearagon.com "-" "Mozilla/5.0 (Macintosh; Intel Mac OS X 10_10_1) AppleWebKit/537.36 (KHTML, like Gecko) Chrome/39.0.2171.95 Safari/537.36" "-"
157.245.157.0 - - [30/Dec/2023:06:20:54 +0100] "GET /site/wp-admin/install.php HTTP/1.1" 301 266 cronicareinodearagon.com "-" "Mozilla/5.0 (Macintosh; Intel Mac OS X 10_10_1) AppleWebKit/537.36 (KHTML, like Gecko) Chrome/39.0.2171.95 Safari/537.36" "-"
157.245.157.0 - - [30/Dec/2023:06:20:55 +0100] "GET /site/wp-admin/install.php HTTP/1.1" 404 144884 cronicareinodearagon.com "-" "Mozilla/5.0 (Macintosh; Intel Mac OS X 10_10_1) AppleWebKit/537.36 (KHTML, like Gecko) Chrome/39.0.2171.95 Safari/537.36" "-"
157.245.157.0 - - [30/Dec/2023:06:20:56 +0100] "GET /oldsite/wp-admin/install.php HTTP/1.1" 301 269 cronicareinodearagon.com "-" "Mozilla/5.0 (Macintosh; Intel Mac OS X 10_10_1) AppleWebKit/537.36 (KHTML, like Gecko) Chrome/39.0.2171.95 Safari/537.36" "-"
157.245.157.0 - - [30/Dec/2023:06:20:57 +0100] "GET /oldsite/wp-admin/install.php HTTP/1.1" 404 144893 cronicareinodearagon.com "-" "Mozilla/5.0 (Macintosh; Intel Mac OS X 10_10_1) AppleWebKit/537.36 (KHTML, like Gecko) Chrome/39.0.2171.95 Safari/537.36" "-"
85.208.96.0 - - [30/Dec/2023:06:23:28 +0100] "GET /sociedad/macael-recreacion-historia-canteras/ HTTP/1.1" 200 166993 cronicareinodearagon.com "-" "Mozilla/5.0 (compatible; SemrushBot/7~bl; +http://www.semrush.com/bot.html)" "-"
82.165.88.0 - - [30/Dec/2023:06:23:29 +0100] "POST /wp-cron.php?doing_wp_cron=1703913809.0958869457244873046875 HTTP/1.1" 200 - cronicareinodearagon.com "-" "WordPress/6.2.2; https://cronicareinodearagon.com" "-"
207.46.13.0 - - [30/Dec/2023:06:24:40 +0100] "GET /wp-content/uploads/2022/02/Pobreza-energetica.jpg HTTP/1.1" 200 29157 cronicareinodearagon.com "-" "Mozilla/5.0 AppleWebKit/537.36 (KHTML, like Gecko; compatible; bingbot/2.0; +http://www.bing.com/bingbot.htm) Chrome/116.0.1938.76 Safari/537.36" "-"
82.165.88.0 - - [30/Dec/2023:06:25:27 +0100] "POST /wp-cron.php?doing_wp_cron=1703913927.8368849754333496093750 HTTP/1.1" 200 - cronicareinodearagon.com "-" "WordPress/6.2.2; https://cronicareinodearagon.com" "-"
49.247.203.0 - - [30/Dec/2023:06:25:27 +0100] "POST /wp-login.php HTTP/1.1" 200 9614 cronicareinodearagon.com "-" "Mozilla/5.0 (Windows NT 5.1) AppleWebKit/537.36 (KHTML, like Gecko) Chrome/47.0.2526.106 Safari/537.36" "-"
20.92.138.0 - - [30/Dec/2023:06:25:48 +0100] "POST /wp-login.php HTTP/1.1" 200 9608 cronicareinodearagon.com "-" "Mozilla/5.0 (Windows NT 6.1) AppleWebKit/537.36 (KHTML, like Gecko) Chrome/65.0.3325.181 Safari/537.36" "-"
82.165.88.0 - - [30/Dec/2023:06:25:49 +0100] "POST /wp-cron.php?doing_wp_cron=1703913949.1359310150146484375000 HTTP/1.1" 200 - cronicareinodearagon.com "-" "WordPress/6.2.2; https://cronicareinodearagon.com" "-"
66.249.66.0 - - [30/Dec/2023:06:27:38 +0100] "GET /robots.txt HTTP/1.1" 200 202 cronicareinodearagon.com "-" "Mozilla/5.0 (compatible; Googlebot/2.1; +http://www.google.com/bot.html)" "-"
82.165.88.0 - - [30/Dec/2023:06:27:39 +0100] "POST /wp-cron.php?doing_wp_cron=1703914058.9942879676818847656250 HTTP/1.1" 200 - cronicareinodearagon.com "-" "WordPress/6.2.2; https://cronicareinodearagon.com" "-"
66.249.76.0 - - [30/Dec/2023:06:27:39 +0100] "GET /category/aragon/huesca/ HTTP/1.1" 200 29540 cronicareinodearagon.com "-" "Mozilla/5.0 (compatible; Googlebot/2.1; +http://www.google.com/bot.html)" "-"
157.245.157.0 - - [30/Dec/2023:06:28:46 +0100] "GET /cong.php HTTP/1.1" 301 249 cronicareinodearagon.com "www.google.com" "Mozlila/5.0 (Linux; Android 7.0; SM-G892A Bulid/NRD90M; wv) AppleWebKit/537.36 (KHTML, like Gecko) Version/4.0 Chrome/60.0.3112.107 Moblie Safari/537.36" "-"
157.245.157.0 - - [30/Dec/2023:06:28:47 +0100] "GET /cong.php HTTP/1.1" 404 144865 cronicareinodearagon.com "www.google.com" "Mozlila/5.0 (Linux; Android 7.0; SM-G892A Bulid/NRD90M; wv) AppleWebKit/537.36 (KHTML, like Gecko) Version/4.0 Chrome/60.0.3112.107 Moblie Safari/537.36" "-"
82.165.88.0 - - [30/Dec/2023:06:28:50 +0100] "POST /wp-cron.php?doing_wp_cron=1703914130.1938910484313964843750 HTTP/1.1" 200 - cronicareinodearagon.com "-" "WordPress/6.2.2; https://cronicareinodearagon.com" "-"
157.245.157.0 - - [30/Dec/2023:06:28:52 +0100] "GET /st.php HTTP/1.1" 404 144859 cronicareinodearagon.com "www.google.com" "Mozlila/5.0 (Linux; Android 7.0; SM-G892A Bulid/NRD90M; wv) AppleWebKit/537.36 (KHTML, like Gecko) Version/4.0 Chrome/60.0.3112.107 Moblie Safari/537.36" "-"
157.245.157.0 - - [30/Dec/2023:06:28:53 +0100] "GET /css/index.php HTTP/1.1" 301 254 cronicareinodearagon.com "www.google.com" "Mozlila/5.0 (Linux; Android 7.0; SM-G892A Bulid/NRD90M; wv) AppleWebKit/537.36 (KHTML, like Gecko) Version/4.0 Chrome/60.0.3112.107 Moblie Safari/537.36" "-"
157.245.157.0 - - [30/Dec/2023:06:28:54 +0100] "GET /css/index.php HTTP/1.1" 301 - cronicareinodearagon.com "www.google.com" "Mozlila/5.0 (Linux; Android 7.0; SM-G892A Bulid/NRD90M; wv) AppleWebKit/537.36 (KHTML, like Gecko) Version/4.0 Chrome/60.0.3112.107 Moblie Safari/537.36" "-"
157.245.157.0 - - [30/Dec/2023:06:28:55 +0100] "GET /css/ HTTP/1.1" 404 144850 cronicareinodearagon.com "www.google.com" "Mozlila/5.0 (Linux; Android 7.0; SM-G892A Bulid/NRD90M; wv) AppleWebKit/537.36 (KHTML, like Gecko) Version/4.0 Chrome/60.0.3112.107 Moblie Safari/537.36" "-"
157.245.157.0 - - [30/Dec/2023:06:28:56 +0100] "GET /radio.php HTTP/1.1" 404 144868 cronicareinodearagon.com "www.google.com" "Mozlila/5.0 (Linux; Android 7.0; SM-G892A Bulid/NRD90M; wv) AppleWebKit/537.36 (KHTML, like Gecko) Version/4.0 Chrome/60.0.3112.107 Moblie Safari/537.36" "-"
51.91.151.0 - - [30/Dec/2023:06:29:30 +0100] "POST /wp-login.php HTTP/1.1" 200 9612 cronicareinodearagon.com "-" "Mozilla/5.0 (Windows NT 6.1; Win64; x64) AppleWebKit/537.36 (KHTML, like Gecko) Chrome/79.0.3945.117 Safari/537.36" "-"
85.208.96.0 - - [30/Dec/2023:06:37:45 +0100] "GET /aragon/carnaval-manzorro-carnaval-fallece-cadiz/ HTTP/1.1" 200 33754 cronicareinodearagon.com "-" "Mozilla/5.0 (compatible; SemrushBot/7~bl; +http://www.semrush.com/bot.html)" "-"
82.165.88.0 - - [30/Dec/2023:06:37:46 +0100] "POST /wp-cron.php?doing_wp_cron=1703914665.9715929031372070312500 HTTP/1.1" 200 - cronicareinodearagon.com "-" "WordPress/6.2.2; https://cronicareinodearagon.com" "-"
128.199.238.0 - - [30/Dec/2023:06:39:55 +0100] "POST /wp-login.php HTTP/1.1" 200 9620 cronicareinodearagon.com "-" "Mozilla/5.0 (Windows NT 6.1; Win64; x64) AppleWebKit/537.36 (KHTML, like Gecko) Chrome/79.0.3945.117 Safari/537.36" "-"
82.165.88.0 - - [30/Dec/2023:06:39:56 +0100] "POST /wp-cron.php?doing_wp_cron=1703914796.1284101009368896484375 HTTP/1.1" 200 - cronicareinodearagon.com "-" "WordPress/6.2.2; https://cronicareinodearagon.com" "-"
82.165.88.0 - - [30/Dec/2023:06:42:38 +0100] "POST /wp-cron.php?doing_wp_cron=1703914958.4777970314025878906250 HTTP/1.1" 200 - cronicareinodearagon.com "-" "WordPress/6.2.2; https://cronicareinodearagon.com" "-"
159.223.222.0 - - [30/Dec/2023:06:42:38 +0100] "POST /wp-login.php HTTP/1.1" 200 9585 cronicareinodearagon.com "-" "Mozilla/5.0 (Windows NT 6.3; Win64; x64) AppleWebKit/537.36 (KHTML, like Gecko) Chrome/57.0.2987.133 Safari/537.36" "-"
74.125.209.0 - - [30/Dec/2023:06:42:44 +0100] "GET /category/educacion/feed/ HTTP/1.1" 200 16487 cronicareinodearagon.com "-" "FeedFetcher-Google; (+http://www.google.com/feedfetcher.html)" "-"
82.165.88.0 - - [30/Dec/2023:06:45:38 +0100] "POST /wp-cron.php?doing_wp_cron=1703915138.4060471057891845703125 HTTP/1.1" 200 - cronicareinodearagon.com "-" "WordPress/6.2.2; https://cronicareinodearagon.com" "-"
216.172.178.0 - - [30/Dec/2023:06:45:38 +0100] "POST /xmlrpc.php HTTP/1.1" 200 416 cronicareinodearagon.com "-" "Mozilla/5.0 (Windows NT 10.0; Win64; x64; rv:97.0) Gecko/20100101 Firefox/97.0" "-"
185.191.171.0 - - [30/Dec/2023:06:45:40 +0100] "GET /category/politica/page/3/ HTTP/1.1" 200 147480 cronicareinodearagon.com "-" "Mozilla/5.0 (compatible; SemrushBot/7~bl; +http://www.semrush.com/bot.html)" "-"
82.165.88.0 - - [30/Dec/2023:06:47:40 +0100] "POST /wp-cron.php?doing_wp_cron=1703915260.9516339302062988281250 HTTP/1.1" 200 - cronicareinodearagon.com "-" "WordPress/6.2.2; https://cronicareinodearagon.com" "-"
85.208.96.0 - - [30/Dec/2023:06:47:40 +0100] "GET /category/aragon/page/6/ HTTP/1.1" 200 147549 cronicareinodearagon.com "-" "Mozilla/5.0 (compatible; SemrushBot/7~bl; +http://www.semrush.com/bot.html)" "-"
185.191.171.0 - - [30/Dec/2023:06:47:45 +0100] "GET /aragon/festival-cine-huelva-autoridad-portuaria/ HTTP/1.1" 200 164242 cronicareinodearagon.com "-" "Mozilla/5.0 (compatible; SemrushBot/7~bl; +http://www.semrush.com/bot.html)" "-"
82.165.88.0 - - [30/Dec/2023:06:47:46 +0100] "POST /wp-cron.php?doing_wp_cron=1703915266.0656919479370117187500 HTTP/1.1" 200 - cronicareinodearagon.com "-" "WordPress/6.2.2; https://cronicareinodearagon.com" "-"
54.36.148.0 - - [30/Dec/2023:06:49:45 +0100] "GET /aragon/resultados-cis-elecciones-aragon/ HTTP/1.1" 200 33683 cronicareinodearagon.com "-" "Mozilla/5.0 (compatible; AhrefsBot/7.0; +http://ahrefs.com/robot/)" "-"
82.165.88.0 - - [30/Dec/2023:06:49:46 +0100] "POST /wp-cron.php?doing_wp_cron=1703915386.0680820941925048828125 HTTP/1.1" 200 - cronicareinodearagon.com "-" "WordPress/6.2.2; https://cronicareinodearagon.com" "-"
85.208.96.0 - - [30/Dec/2023:06:50:19 +0100] "GET /aragon/teruel-existe-mocion-vox-senado-trasvase-ebro/ HTTP/1.1" 200 164678 cronicareinodearagon.com "-" "Mozilla/5.0 (compatible; SemrushBot/7~bl; +http://www.semrush.com/bot.html)" "-"
82.165.88.0 - - [30/Dec/2023:06:58:51 +0100] "POST /wp-cron.php?doing_wp_cron=1703915931.6878960132598876953125 HTTP/1.1" 200 - cronicareinodearagon.com "-" "WordPress/6.2.2; https://cronicareinodearagon.com" "-"
143.198.227.0 - - [30/Dec/2023:06:58:51 +0100] "POST /wp-login.php HTTP/1.1" 200 9620 cronicareinodearagon.com "-" "Mozilla/5.0 (Windows NT 10.0; Win64; x64) AppleWebKit/537.36 (KHTML, like Gecko) Chrome/86.0.4240.193 Safari/537.36" "-"
185.220.100.0 - - [30/Dec/2023:07:01:46 +0100] "GET / HTTP/1.1" 200 336 cronicadegranada.com "http://cronicadegranada.com" "Mozilla/5.0 (Windows NT 10.0; Win64; x64) AppleWebKit/537.36 (KHTML, like Gecko) Chrome/89.0.4389.114 Safari/537.36" "-"
74.125.209.0 - - [30/Dec/2023:07:01:51 +0100] "GET /category/educacion/feed/ HTTP/1.1" 200 16487 cronicareinodearagon.com "-" "FeedFetcher-Google; (+http://www.google.com/feedfetcher.html)" "-"
37.152.182.0 - - [30/Dec/2023:07:02:28 +0100] "POST /wp-login.php HTTP/1.1" 200 9604 cronicareinodearagon.com "-" "Mozilla/5.0 (Windows NT 6.1) AppleWebKit/537.36 (KHTML, like Gecko) Chrome/70.0.3538.102 Safari/537.36" "-"
82.165.88.0 - - [30/Dec/2023:07:02:29 +0100] "POST /wp-cron.php?doing_wp_cron=1703916149.1611680984497070312500 HTTP/1.1" 200 - cronicareinodearagon.com "-" "WordPress/6.2.2; https://cronicareinodearagon.com" "-"
82.165.88.0 - - [30/Dec/2023:07:03:20 +0100] "POST /wp-cron.php?doing_wp_cron=1703916200.9011249542236328125000 HTTP/1.1" 200 - cronicareinodearagon.com "-" "WordPress/6.2.2; https://cronicareinodearagon.com" "-"
134.122.98.0 - - [30/Dec/2023:07:03:20 +0100] "POST /wp-login.php HTTP/1.1" 200 9614 cronicareinodearagon.com "-" "Mozilla/5.0 (Windows NT 10.0; Win64; x64) AppleWebKit/537.36 (KHTML, like Gecko) Chrome/72.0.3626.109 Safari/537.36" "-"
66.249.76.0 - - [30/Dec/2023:07:04:39 +0100] "GET /wp-content/uploads/2023/05/lamban_psoe_aragon.jpg HTTP/1.1" 200 46697 cronicareinodearagon.com "-" "Googlebot-Image/1.0" "-"
66.249.66.0 - - [30/Dec/2023:07:07:42 +0100] "GET /wp-content/uploads/2023/05/taller-fondos-europeos-itainnova.jpg HTTP/1.1" 200 36761 cronicareinodearagon.com "-" "Googlebot-Image/1.0" "-"
66.249.66.0 - - [30/Dec/2023:07:13:38 +0100] "GET /wp-content/uploads/2023/05/lamban-voto-elecciones.jpg HTTP/1.1" 200 55890 cronicareinodearagon.com "-" "Googlebot-Image/1.0" "-"
82.165.88.0 - - [30/Dec/2023:07:19:16 +0100] "POST /wp-cron.php?doing_wp_cron=1703917156.7072019577026367187500 HTTP/1.1" 200 - cronicareinodearagon.com "-" "WordPress/6.2.2; https://cronicareinodearagon.com" "-"
185.191.171.0 - - [30/Dec/2023:07:19:16 +0100] "GET /robots.txt HTTP/1.1" 200 202 cronicareinodearagon.com "-" "Mozilla/5.0 (compatible; SemrushBot/7~bl; +http://www.semrush.com/bot.html)" "-"
185.191.171.0 - - [30/Dec/2023:07:19:18 +0100] "GET /category/politica/page/37/ HTTP/1.1" 200 147747 cronicareinodearagon.com "-" "Mozilla/5.0 (compatible; SemrushBot/7~bl; +http://www.semrush.com/bot.html)" "-"
82.165.88.0 - - [30/Dec/2023:07:22:20 +0100] "POST /wp-cron.php?doing_wp_cron=1703917340.9310829639434814453125 HTTP/1.1" 200 - cronicareinodearagon.com "-" "WordPress/6.2.2; https://cronicareinodearagon.com" "-"
107.173.251.0 - - [30/Dec/2023:07:22:20 +0100] "POST /wp-login.php HTTP/1.1" 200 9614 cronicareinodearagon.com "-" "Mozilla/5.0 (Windows NT 6.1; WOW64) AppleWebKit/537.36 (KHTML, like Gecko) Chrome/48.0.2564.116 Safari/537.36" "-"
82.165.88.0 - - [30/Dec/2023:07:22:45 +0100] "POST /wp-cron.php?doing_wp_cron=1703917365.6675419807434082031250 HTTP/1.1" 200 - cronicareinodearagon.com "-" "WordPress/6.2.2; https://cronicareinodearagon.com" "-"
144.217.181.0 - - [30/Dec/2023:07:22:45 +0100] "POST /wp-login.php HTTP/1.1" 200 9608 cronicareinodearagon.com "-" "Mozilla/5.0 (Windows NT 6.1; Win64; x64) AppleWebKit/537.36 (KHTML, like Gecko) Chrome/80.0.3987.106 Safari/537.36" "-"
85.208.96.0 - - [30/Dec/2023:07:26:31 +0100] "GET /sociedad/juicio-grupo-nazi-antas/ HTTP/1.1" 200 174120 cronicareinodearagon.com "-" "Mozilla/5.0 (compatible; SemrushBot/7~bl; +http://www.semrush.com/bot.html)" "-"
82.165.88.0 - - [30/Dec/2023:07:26:32 +0100] "POST /wp-cron.php?doing_wp_cron=1703917592.0189108848571777343750 HTTP/1.1" 200 - cronicareinodearagon.com "-" "WordPress/6.2.2; https://cronicareinodearagon.com" "-"
185.191.171.0 - - [30/Dec/2023:07:31:42 +0100] "GET /aragon/psoe-a-medidas-apoyo-familias/ HTTP/1.1" 200 167065 cronicareinodearagon.com "-" "Mozilla/5.0 (compatible; SemrushBot/7~bl; +http://www.semrush.com/bot.html)" "-"
82.165.88.0 - - [30/Dec/2023:07:31:43 +0100] "POST /wp-cron.php?doing_wp_cron=1703917903.0570080280303955078125 HTTP/1.1" 200 - cronicareinodearagon.com "-" "WordPress/6.2.2; https://cronicareinodearagon.com" "-"
74.125.209.0 - - [30/Dec/2023:07:37:09 +0100] "GET /category/sociedad/feed/ HTTP/1.1" 200 51420 cronicareinodearagon.com "-" "FeedFetcher-Google; (+http://www.google.com/feedfetcher.html)" "-"
82.165.88.0 - - [30/Dec/2023:07:38:07 +0100] "POST /wp-cron.php?doing_wp_cron=1703918287.7994201183319091796875 HTTP/1.1" 200 - cronicareinodearagon.com "-" "WordPress/6.2.2; https://cronicareinodearagon.com" "-"
54.36.148.0 - - [30/Dec/2023:07:38:07 +0100] "GET /sociedad/fin-obras-carretera-mara-orera/ HTTP/1.1" 200 159033 cronicareinodearagon.com "-" "Mozilla/5.0 (compatible; AhrefsBot/7.0; +http://ahrefs.com/robot/)" "-"
159.223.222.0 - - [30/Dec/2023:07:41:28 +0100] "POST /wp-login.php HTTP/1.1" 200 9573 cronicareinodearagon.com "-" "Mozilla/5.0 (Windows NT 10.0; WOW64) AppleWebKit/537.36 (KHTML, like Gecko) Chrome/55.0.2883.87 Safari/537.36" "-"
82.165.88.0 - - [30/Dec/2023:07:41:29 +0100] "POST /wp-cron.php?doing_wp_cron=1703918489.3223769664764404296875 HTTP/1.1" 200 - cronicareinodearagon.com "-" "WordPress/6.2.2; https://cronicareinodearagon.com" "-"
82.165.88.0 - - [30/Dec/2023:07:45:14 +0100] "POST /wp-cron.php?doing_wp_cron=1703918714.3043088912963867187500 HTTP/1.1" 200 - cronicareinodearagon.com "-" "WordPress/6.2.2; https://cronicareinodearagon.com" "-"
85.208.96.0 - - [30/Dec/2023:07:45:14 +0100] "GET /aragon/pp-cs-vox-rechazan-reincorporar-sanitarios-junta-andalucia/ HTTP/1.1" 200 178809 cronicareinodearagon.com "-" "Mozilla/5.0 (compatible; SemrushBot/7~bl; +http://www.semrush.com/bot.html)" "-"
185.191.171.0 - - [30/Dec/2023:07:45:19 +0100] "GET /aragon/andalucia-con-ucrania-plan-gobierno-andaluz/ HTTP/1.1" 200 175669 cronicareinodearagon.com "-" "Mozilla/5.0 (compatible; SemrushBot/7~bl; +http://www.semrush.com/bot.html)" "-"
74.125.209.0 - - [30/Dec/2023:07:46:57 +0100] "GET /category/educacion/feed/ HTTP/1.1" 200 16487 cronicareinodearagon.com "-" "FeedFetcher-Google; (+http://www.google.com/feedfetcher.html)" "-"
87.98.171.0 - - [30/Dec/2023:07:50:28 +0100] "POST /wp-login.php HTTP/1.1" 200 9573 cronicareinodearagon.com "-" "Mozilla/5.0 (Windows NT 6.1) AppleWebKit/537.36 (KHTML, like Gecko) Chrome/58.0.3029.110 Safari/537.36" "-"
82.165.88.0 - - [30/Dec/2023:07:50:29 +0100] "POST /wp-cron.php?doing_wp_cron=1703919028.9483749866485595703125 HTTP/1.1" 200 - cronicareinodearagon.com "-" "WordPress/6.2.2; https://cronicareinodearagon.com" "-"
66.102.6.0 - - [30/Dec/2023:07:51:31 +0100] "GET /category/economia/feed/ HTTP/1.1" 200 42774 cronicareinodearagon.com "-" "FeedFetcher-Google; (+http://www.google.com/feedfetcher.html)" "-"
157.55.39.0 - - [30/Dec/2023:07:53:26 +0100] "GET /aragon/criticas-supresion-impuesto-patrimonio-andalucia/ HTTP/1.1" 301 - www.cronicareinodearagon.com "-" "Mozilla/5.0 AppleWebKit/537.36 (KHTML, like Gecko; compatible; bingbot/2.0; +http://www.bing.com/bingbot.htm) Chrome/116.0.1938.76 Safari/537.36" "-"
82.165.88.0 - - [30/Dec/2023:07:53:27 +0100] "POST /wp-cron.php?doing_wp_cron=1703919207.2442889213562011718750 HTTP/1.1" 200 - cronicareinodearagon.com "-" "WordPress/6.2.2; https://cronicareinodearagon.com" "-"
66.102.6.0 - - [30/Dec/2023:07:53:51 +0100] "GET /category/economia/feed/ HTTP/1.1" 200 42774 cronicareinodearagon.com "-" "FeedFetcher-Google; (+http://www.google.com/feedfetcher.html)" "-"
74.125.209.0 - - [30/Dec/2023:07:54:50 +0100] "GET /category/politica/feed/ HTTP/1.1" 200 59109 cronicareinodearagon.com "-" "FeedFetcher-Google; (+http://www.google.com/feedfetcher.html)" "-"
185.191.171.0 - - [30/Dec/2023:07:55:17 +0100] "GET /aragon/segundo-avance-participacion-elecciones-aragon/ HTTP/1.1" 200 35413 cronicareinodearagon.com "-" "Mozilla/5.0 (compatible; SemrushBot/7~bl; +http://www.semrush.com/bot.html)" "-"
82.165.88.0 - - [30/Dec/2023:07:55:33 +0100] "POST /wp-cron.php?doing_wp_cron=1703919333.8990280628204345703125 HTTP/1.1" 200 - cronicareinodearagon.com "-" "WordPress/6.2.2; https://cronicareinodearagon.com" "-"
47.111.116.0 - - [30/Dec/2023:07:55:33 +0100] "POST /wp-login.php HTTP/1.1" 200 9573 cronicareinodearagon.com "-" "Mozilla/5.0 (Windows NT 6.1; WOW64) AppleWebKit/537.36 (KHTML, like Gecko) Chrome/47.0.2526.111 Safari/537.36" "-"
82.165.88.0 - - [30/Dec/2023:07:56:11 +0100] "POST /wp-cron.php?doing_wp_cron=1703919371.7777431011199951171875 HTTP/1.1" 200 - cronicareinodearagon.com "-" "WordPress/6.2.2; https://cronicareinodearagon.com" "-"
85.208.96.0 - - [30/Dec/2023:07:56:11 +0100] "GET /category/economia/page/14/ HTTP/1.1" 200 147480 cronicareinodearagon.com "-" "Mozilla/5.0 (compatible; SemrushBot/7~bl; +http://www.semrush.com/bot.html)" "-"
82.165.88.0 - - [30/Dec/2023:07:58:16 +0100] "POST /wp-cron.php?doing_wp_cron=1703919496.3813788890838623046875 HTTP/1.1" 200 - cronicareinodearagon.com "-" "WordPress/6.2.2; https://cronicareinodearagon.com" "-"
20.92.138.0 - - [30/Dec/2023:07:58:16 +0100] "POST /wp-login.php HTTP/1.1" 200 9573 cronicareinodearagon.com "-" "Mozilla/5.0 (Windows NT 10.0; Win64; x64) AppleWebKit/537.36 (KHTML, like Gecko) Chrome/73.0.3683.86 Safari/537.36" "-"
91.212.121.0 - - [30/Dec/2023:07:59:49 +0100] "GET //themes.php HTTP/1.1" 404 596 grupocronicaenlibertad.com "-" "Go-http-client/1.1" "-"
91.212.121.0 - - [30/Dec/2023:07:59:49 +0100] "GET //about.php HTTP/1.1" 404 596 grupocronicaenlibertad.com "-" "Go-http-client/1.1" "-"
91.212.121.0 - - [30/Dec/2023:07:59:49 +0100] "GET //wp-admin/css/colors/blue/CasperExV1.php HTTP/1.1" 404 596 grupocronicaenlibertad.com "-" "Go-http-client/1.1" "-"
91.212.121.0 - - [30/Dec/2023:07:59:49 +0100] "GET //wp-content/index.php HTTP/1.1" 404 596 grupocronicaenlibertad.com "-" "Go-http-client/1.1" "-"
91.212.121.0 - - [30/Dec/2023:07:59:49 +0100] "GET //byp.php HTTP/1.1" 404 596 grupocronicaenlibertad.com "-" "Go-http-client/1.1" "-"
91.212.121.0 - - [30/Dec/2023:07:59:49 +0100] "GET //edit-comments.php HTTP/1.1" 404 596 grupocronicaenlibertad.com "-" "Go-http-client/1.1" "-"
91.212.121.0 - - [30/Dec/2023:07:59:49 +0100] "GET //smm.php HTTP/1.1" 404 596 grupocronicaenlibertad.com "-" "Go-http-client/1.1" "-"
