66.249.65.0 - - [12/Aug/2026:00:27:58 +0200] "GET /?shop/items/S47104257355/ HTTP/1.1" 200 61671 cronicareinodearagon.com "-" "Mozilla/5.0 (Linux; Android 6.0.1; Nexus 5X Build/MMB29P) AppleWebKit/537.36 (KHTML, like Gecko) Chrome/150.0.7871.186 Mobile Safari/537.36 (compatible; GoogleOther)" "-"
114.119.134.0 - - [12/Aug/2026:00:28:00 +0200] "GET /politica/gobierno-avanza-proteccion-menores-digital/?path=/homepages/35 HTTP/1.1" 200 19313 cronicareinodearagon.com "https://cronicareinodearagon.com/politica/gobierno-avanza-proteccion-menores-digital/?path=/homepages" "Mozilla/5.0 (Linux; Android 7.0;) AppleWebKit/537.36 (HTML, like Gecko) Mobile Safari/537.36 (compatible; PetalBot;+https://webmaster.petalsearch.com/site/petalbot)" "-"
2a03:2880:f800:: - - [12/Aug/2026:00:28:01 +0200] "GET /?shop/items/Y26882257862/ HTTP/1.1" 200 61671 cronicareinodearagon.com "-" "Mozilla/5.0 (Macintosh; Intel Mac OS X 10_15_7) AppleWebKit/537.36 (KHTML, like Gecko) Chrome/145.0.0.0 Safari/537.36 (compatible; meta-externalagent/1.1 (+https://developers.facebook.com/docs/sharing/webmasters/crawler))" "-"
74.7.242.0 - - [12/Aug/2026:00:28:02 +0200] "GET /?fileloc=//usr/bin/pod2text&path=//usr/bin HTTP/1.1" 200 23873 cronicareinodearagon.com "http://cronicareinodearagon.com/?path=//usr/bin" "Mozilla/5.0 AppleWebKit/537.36 (KHTML, like Gecko; compatible; GPTBot/1.4; +https://openai.com/gptbot)" "-"
2a03:2880:f800:: - - [12/Aug/2026:00:28:06 +0200] "GET /?shop/items/A63076143061/ HTTP/1.1" 200 61671 cronicareinodearagon.com "-" "Mozilla/5.0 (Windows NT 10.0; Win64; x64) AppleWebKit/537.36 (KHTML, like Gecko) Chrome/145.0.0.0 Safari/537.36 (compatible; meta-externalagent/1.1 (+https://developers.facebook.com/docs/sharing/webmasters/crawler))" "-"
2a03:2880:f800:: - - [12/Aug/2026:00:28:12 +0200] "GET /?shop/items/W9175026394/ HTTP/1.1" 200 61671 cronicareinodearagon.com "-" "Mozilla/5.0 (Windows NT 10.0; Win64; x64) AppleWebKit/537.36 (KHTML, like Gecko) Chrome/145.0.0.0 Safari/537.36 (compatible; meta-externalagent/1.1 (+https://developers.facebook.com/docs/sharing/webmasters/crawler))" "-"
2a03:2880:f800:: - - [12/Aug/2026:00:28:18 +0200] "GET /?shop/items/G38512258486/ HTTP/1.1" 200 61671 cronicareinodearagon.com "-" "Mozilla/5.0 (Windows NT 10.0; Win64; x64) AppleWebKit/537.36 (KHTML, like Gecko) Chrome/145.0.0.0 Safari/537.36 (compatible; meta-externalagent/1.1 (+https://developers.facebook.com/docs/sharing/webmasters/crawler))" "-"
66.249.65.0 - - [12/Aug/2026:00:28:20 +0200] "GET /?shop/items/G3851279564/ HTTP/1.1" 200 61671 cronicareinodearagon.com "-" "Mozilla/5.0 (Linux; Android 6.0.1; Nexus 5X Build/MMB29P) AppleWebKit/537.36 (KHTML, like Gecko) Chrome/150.0.7871.186 Mobile Safari/537.36 (compatible; Googlebot/2.1; +http://www.google.com/bot.html)" "-"
2a03:2880:f800:: - - [12/Aug/2026:00:28:22 +0200] "GET /?shop/items/I8008849655/ HTTP/1.1" 200 61671 cronicareinodearagon.com "-" "Mozilla/5.0 (Windows NT 10.0; Win64; x64) AppleWebKit/537.36 (KHTML, like Gecko) Chrome/145.0.0.0 Safari/537.36 (compatible; meta-externalagent/1.1 (+https://developers.facebook.com/docs/sharing/webmasters/crawler))" "-"
66.249.65.0 - - [12/Aug/2026:00:28:24 +0200] "GET /products.php?shop/items/J2135595136/ HTTP/1.1" 200 203879 cronicareinodearagon.com "-" "Mozilla/5.0 (Linux; Android 6.0.1; Nexus 5X Build/MMB29P) AppleWebKit/537.36 (KHTML, like Gecko) Chrome/150.0.7871.186 Mobile Safari/537.36 (compatible; Googlebot/2.1; +http://www.google.com/bot.html)" "-"
66.249.65.0 - - [12/Aug/2026:00:28:27 +0200] "GET /detail.php?shop/items/W5654649446/ HTTP/1.1" 200 204053 cronicareinodearagon.com "-" "Mozilla/5.0 (Linux; Android 6.0.1; Nexus 5X Build/MMB29P) AppleWebKit/537.36 (KHTML, like Gecko) Chrome/150.0.7871.186 Mobile Safari/537.36 (compatible; Googlebot/2.1; +http://www.google.com/bot.html)" "-"
2a03:2880:f800:: - - [12/Aug/2026:00:28:31 +0200] "GET /?shop/items/Y26882159788/ HTTP/1.1" 200 61671 cronicareinodearagon.com "-" "Mozilla/5.0 (Macintosh; Intel Mac OS X 10_15_7) AppleWebKit/537.36 (KHTML, like Gecko) Chrome/145.0.0.0 Safari/537.36 (compatible; meta-externalagent/1.1 (+https://developers.facebook.com/docs/sharing/webmasters/crawler))" "-"
2a03:2880:f800:: - - [12/Aug/2026:00:28:34 +0200] "GET /?shop/items/A63076192127/ HTTP/1.1" 200 61671 cronicareinodearagon.com "-" "Mozilla/5.0 (Macintosh; Intel Mac OS X 10_15_7) AppleWebKit/537.36 (KHTML, like Gecko) Chrome/145.0.0.0 Safari/537.36 (compatible; meta-externalagent/1.1 (+https://developers.facebook.com/docs/sharing/webmasters/crawler))" "-"
2a03:2880:f800:: - - [12/Aug/2026:00:28:37 +0200] "GET /?shop/items/G38512248209/ HTTP/1.1" 200 61671 cronicareinodearagon.com "-" "Mozilla/5.0 (Macintosh; Intel Mac OS X 10_15_7) AppleWebKit/537.36 (KHTML, like Gecko) Chrome/145.0.0.0 Safari/537.36 (compatible; meta-externalagent/1.1 (+https://developers.facebook.com/docs/sharing/webmasters/crawler))" "-"
2a03:2880:f800:: - - [12/Aug/2026:00:28:43 +0200] "GET /?shop/items/Y26882275038/ HTTP/1.1" 200 61671 cronicareinodearagon.com "-" "Mozilla/5.0 (Macintosh; Intel Mac OS X 10_15_7) AppleWebKit/537.36 (KHTML, like Gecko) Chrome/145.0.0.0 Safari/537.36 (compatible; meta-externalagent/1.1 (+https://developers.facebook.com/docs/sharing/webmasters/crawler))" "-"
92.222.104.0 - - [12/Aug/2026:00:28:46 +0200] "GET /?sitemap84.xml HTTP/1.1" 200 61671 cronicareinodearagon.com "-" "Mozilla/5.0 (compatible; AhrefsBot/7.0; +http://ahrefs.com/robot/)" "-"
2a03:2880:f800:: - - [12/Aug/2026:00:28:54 +0200] "GET /?shop/items/I4953879352/ HTTP/1.1" 200 61671 cronicareinodearagon.com "-" "Mozilla/5.0 (Macintosh; Intel Mac OS X 10_15_7) AppleWebKit/537.36 (KHTML, like Gecko) Chrome/145.0.0.0 Safari/537.36 (compatible; meta-externalagent/1.1 (+https://developers.facebook.com/docs/sharing/webmasters/crawler))" "-"
74.7.242.0 - - [12/Aug/2026:00:28:55 +0200] "GET /?fileloc=//usr/bin/pngtogd2&path=//usr/bin HTTP/1.1" 200 12228 cronicareinodearagon.com "http://cronicareinodearagon.com/?path=//usr/bin" "Mozilla/5.0 AppleWebKit/537.36 (KHTML, like Gecko; compatible; GPTBot/1.4; +https://openai.com/gptbot)" "-"
66.249.65.0 - - [12/Aug/2026:00:28:56 +0200] "GET /detail.php?shop/items/W5654648508/ HTTP/1.1" 200 201762 cronicareinodearagon.com "-" "Mozilla/5.0 (Linux; Android 6.0.1; Nexus 5X Build/MMB29P) AppleWebKit/537.36 (KHTML, like Gecko) Chrome/150.0.7871.186 Mobile Safari/537.36 (compatible; Googlebot/2.1; +http://www.google.com/bot.html)" "-"
66.249.65.0 - - [12/Aug/2026:00:29:03 +0200] "GET /detail.php?shop/items/F85077198134/ HTTP/1.1" 200 203544 cronicareinodearagon.com "-" "Mozilla/5.0 (Linux; Android 6.0.1; Nexus 5X Build/MMB29P) AppleWebKit/537.36 (KHTML, like Gecko) Chrome/150.0.7871.186 Mobile Safari/537.36 (compatible; GoogleOther)" "-"
2a03:2880:f800:: - - [12/Aug/2026:00:29:04 +0200] "GET /?shop/items/W91750212732/ HTTP/1.1" 200 61671 cronicareinodearagon.com "-" "Mozilla/5.0 (Windows NT 10.0; Win64; x64) AppleWebKit/537.36 (KHTML, like Gecko) Chrome/145.0.0.0 Safari/537.36 (compatible; meta-externalagent/1.1 (+https://developers.facebook.com/docs/sharing/webmasters/crawler))" "-"
2a03:2880:f800:: - - [12/Aug/2026:00:29:04 +0200] "GET /?shop/items/G38512195371/ HTTP/1.1" 200 61671 cronicareinodearagon.com "-" "Mozilla/5.0 (Windows NT 10.0; Win64; x64) AppleWebKit/537.36 (KHTML, like Gecko) Chrome/145.0.0.0 Safari/537.36 (compatible; meta-externalagent/1.1 (+https://developers.facebook.com/docs/sharing/webmasters/crawler))" "-"
2a03:2880:f800:: - - [12/Aug/2026:00:29:14 +0200] "GET /?shop/items/I80088135349/ HTTP/1.1" 200 61671 cronicareinodearagon.com "-" "Mozilla/5.0 (Macintosh; Intel Mac OS X 10_15_7) AppleWebKit/537.36 (KHTML, like Gecko) Chrome/145.0.0.0 Safari/537.36 (compatible; meta-externalagent/1.1 (+https://developers.facebook.com/docs/sharing/webmasters/crawler))" "-"
66.249.65.0 - - [12/Aug/2026:00:29:22 +0200] "GET /?shop/items/P52561280969/ HTTP/1.1" 200 61671 cronicareinodearagon.com "-" "Mozilla/5.0 (compatible; Googlebot/2.1; +http://www.google.com/bot.html)" "-"
2a03:2880:f800:: - - [12/Aug/2026:00:29:23 +0200] "GET /?shop/items/G3851239056/ HTTP/1.1" 200 61671 cronicareinodearagon.com "-" "Mozilla/5.0 (Macintosh; Intel Mac OS X 10_15_7) AppleWebKit/537.36 (KHTML, like Gecko) Chrome/145.0.0.0 Safari/537.36 (compatible; meta-externalagent/1.1 (+https://developers.facebook.com/docs/sharing/webmasters/crawler))" "-"
2a03:2880:f800:: - - [12/Aug/2026:00:29:23 +0200] "GET /?shop/items/G3851292727/ HTTP/1.1" 200 61671 cronicareinodearagon.com "-" "Mozilla/5.0 (Macintosh; Intel Mac OS X 10_15_7) AppleWebKit/537.36 (KHTML, like Gecko) Chrome/145.0.0.0 Safari/537.36 (compatible; meta-externalagent/1.1 (+https://developers.facebook.com/docs/sharing/webmasters/crawler))" "-"
114.119.134.0 - - [12/Aug/2026:00:29:25 +0200] "GET /politica/gobierno-avanza-proteccion-menores-digital/?path=/homepages/32 HTTP/1.1" 200 24641 cronicareinodearagon.com "https://cronicareinodearagon.com/politica/gobierno-avanza-proteccion-menores-digital/?path=/homepages" "Mozilla/5.0 (Linux; Android 7.0;) AppleWebKit/537.36 (HTML, like Gecko) Mobile Safari/537.36 (compatible; PetalBot;+https://webmaster.petalsearch.com/site/petalbot)" "-"
5.255.231.0 - - [12/Aug/2026:00:29:27 +0200] "GET /robots.txt HTTP/1.1" 429 267 cronicareinodearagon.com "-" "Mozilla/5.0 (compatible; YandexBot/3.0; +http://yandex.com/bots)" "-"
2a03:2880:f800:: - - [12/Aug/2026:00:29:31 +0200] "GET /?shop/items/P5256169070/ HTTP/1.1" 200 61671 cronicareinodearagon.com "-" "Mozilla/5.0 (Windows NT 10.0; Win64; x64) AppleWebKit/537.36 (KHTML, like Gecko) Chrome/145.0.0.0 Safari/537.36 (compatible; meta-externalagent/1.1 (+https://developers.facebook.com/docs/sharing/webmasters/crawler))" "-"
2a03:2880:f800:: - - [12/Aug/2026:00:29:36 +0200] "GET /?shop/items/S4047468630/ HTTP/1.1" 200 61671 cronicareinodearagon.com "-" "Mozilla/5.0 (X11; Linux x86_64) AppleWebKit/537.36 (KHTML, like Gecko) Chrome/145.0.0.0 Safari/537.36 (compatible; meta-externalagent/1.1 (+https://developers.facebook.com/docs/sharing/webmasters/crawler))" "-"
74.7.242.0 - - [12/Aug/2026:00:29:38 +0200] "GET /?fileloc=//usr/bin/pbmtog3&path=//usr/bin HTTP/1.1" 200 12227 cronicareinodearagon.com "http://cronicareinodearagon.com/?path=//usr/bin" "Mozilla/5.0 AppleWebKit/537.36 (KHTML, like Gecko; compatible; GPTBot/1.4; +https://openai.com/gptbot)" "-"
2a03:2880:f800:: - - [12/Aug/2026:00:29:39 +0200] "GET /?shop/items/S40474140694/ HTTP/1.1" 429 267 cronicareinodearagon.com "-" "Mozilla/5.0 (Windows NT 10.0; Win64; x64) AppleWebKit/537.36 (KHTML, like Gecko) Chrome/145.0.0.0 Safari/537.36 (compatible; meta-externalagent/1.1 (+https://developers.facebook.com/docs/sharing/webmasters/crawler))" "-"
2a03:2880:f800:: - - [12/Aug/2026:00:29:46 +0200] "GET /?shop/items/I49538240720/ HTTP/1.1" 429 267 cronicareinodearagon.com "-" "Mozilla/5.0 (Windows NT 10.0; Win64; x64) AppleWebKit/537.36 (KHTML, like Gecko) Chrome/145.0.0.0 Safari/537.36 (compatible; meta-externalagent/1.1 (+https://developers.facebook.com/docs/sharing/webmasters/crawler))" "-"
2a03:2880:f800:: - - [12/Aug/2026:00:29:48 +0200] "GET /sitemap943.xml HTTP/1.1" 429 267 cronicareinodearagon.com "-" "Mozilla/5.0 (Windows NT 10.0; Win64; x64) AppleWebKit/537.36 (KHTML, like Gecko) Chrome/145.0.0.0 Safari/537.36 (compatible; meta-externalagent/1.1 (+https://developers.facebook.com/docs/sharing/webmasters/crawler))" "-"
66.249.65.0 - - [12/Aug/2026:00:29:49 +0200] "GET /detail.php?shop/items/F85077156396/ HTTP/1.1" 200 203846 cronicareinodearagon.com "-" "Mozilla/5.0 (Linux; Android 6.0.1; Nexus 5X Build/MMB29P) AppleWebKit/537.36 (KHTML, like Gecko) Chrome/150.0.7871.186 Mobile Safari/537.36 (compatible; Googlebot/2.1; +http://www.google.com/bot.html)" "-"
2a03:2880:f800:: - - [12/Aug/2026:00:29:56 +0200] "GET /?shop/items/P52561113167/ HTTP/1.1" 429 267 cronicareinodearagon.com "-" "Mozilla/5.0 (Windows NT 10.0; Win64; x64) AppleWebKit/537.36 (KHTML, like Gecko) Chrome/146.0.0.0 Safari/537.36 Edg/146.0.0.0 (compatible; meta-externalagent/1.1 (+https://developers.facebook.com/docs/sharing/webmasters/crawler))" "-"
2a03:2880:f800:: - - [12/Aug/2026:00:29:56 +0200] "GET /?shop/items/Q86258279800/ HTTP/1.1" 429 267 cronicareinodearagon.com "-" "Mozilla/5.0 (X11; Linux x86_64) AppleWebKit/537.36 (KHTML, like Gecko) Chrome/145.0.0.0 Safari/537.36 (compatible; meta-externalagent/1.1 (+https://developers.facebook.com/docs/sharing/webmasters/crawler))" "-"
2a03:2880:f800:: - - [12/Aug/2026:00:30:08 +0200] "GET /sitemap439.xml HTTP/1.1" 429 267 cronicareinodearagon.com "-" "Mozilla/5.0 (Windows NT 10.0; Win64; x64) AppleWebKit/537.36 (KHTML, like Gecko) Chrome/145.0.0.0 Safari/537.36 (compatible; meta-externalagent/1.1 (+https://developers.facebook.com/docs/sharing/webmasters/crawler))" "-"
2a03:2880:f800:: - - [12/Aug/2026:00:30:09 +0200] "GET /?shop/items/Y26882156972/ HTTP/1.1" 429 267 cronicareinodearagon.com "-" "Mozilla/5.0 (Windows NT 10.0; Win64; x64) AppleWebKit/537.36 (KHTML, like Gecko) Chrome/145.0.0.0 Safari/537.36 (compatible; meta-externalagent/1.1 (+https://developers.facebook.com/docs/sharing/webmasters/crawler))" "-"
2a03:2880:f800:: - - [12/Aug/2026:00:30:09 +0200] "GET /?shop/items/P52561126781/ HTTP/1.1" 429 267 cronicareinodearagon.com "-" "Mozilla/5.0 (X11; Linux x86_64) AppleWebKit/537.36 (KHTML, like Gecko) Chrome/145.0.0.0 Safari/537.36 (compatible; meta-externalagent/1.1 (+https://developers.facebook.com/docs/sharing/webmasters/crawler))" "-"
2a03:2880:f800:: - - [12/Aug/2026:00:30:16 +0200] "GET /?shop/items/S47104221239/ HTTP/1.1" 429 267 cronicareinodearagon.com "-" "Mozilla/5.0 (Windows NT 10.0; Win64; x64) AppleWebKit/537.36 (KHTML, like Gecko) Chrome/145.0.0.0 Safari/537.36 (compatible; meta-externalagent/1.1 (+https://developers.facebook.com/docs/sharing/webmasters/crawler))" "-"
74.7.242.0 - - [12/Aug/2026:00:30:20 +0200] "GET /?fileloc=//usr/bin/ps2pdfwr&path=//usr/bin HTTP/1.1" 200 13533 cronicareinodearagon.com "http://cronicareinodearagon.com/?path=//usr/bin" "Mozilla/5.0 AppleWebKit/537.36 (KHTML, like Gecko; compatible; GPTBot/1.4; +https://openai.com/gptbot)" "-"
2a03:2880:f800:: - - [12/Aug/2026:00:30:21 +0200] "GET /?shop/items/I80088198327/ HTTP/1.1" 429 267 cronicareinodearagon.com "-" "Mozilla/5.0 (Macintosh; Intel Mac OS X 10_15_7) AppleWebKit/537.36 (KHTML, like Gecko) Chrome/145.0.0.0 Safari/537.36 (compatible; meta-externalagent/1.1 (+https://developers.facebook.com/docs/sharing/webmasters/crawler))" "-"
2a03:2880:f800:: - - [12/Aug/2026:00:30:28 +0200] "GET /?shop/items/P52561123683/ HTTP/1.1" 429 267 cronicareinodearagon.com "-" "Mozilla/5.0 (Windows NT 10.0; Win64; x64) AppleWebKit/537.36 (KHTML, like Gecko) Chrome/145.0.0.0 Safari/537.36 (compatible; meta-externalagent/1.1 (+https://developers.facebook.com/docs/sharing/webmasters/crawler))" "-"
2a03:2880:f800:: - - [12/Aug/2026:00:30:31 +0200] "GET /sitemap1.xml HTTP/1.1" 429 267 cronicareinodearagon.com "-" "Mozilla/5.0 (Windows NT 10.0; Win64; x64) AppleWebKit/537.36 (KHTML, like Gecko) Chrome/145.0.0.0 Safari/537.36 (compatible; meta-externalagent/1.1 (+https://developers.facebook.com/docs/sharing/webmasters/crawler))" "-"
2a03:2880:f800:: - - [12/Aug/2026:00:30:39 +0200] "GET /?shop/items/Y26882226360/ HTTP/1.1" 200 61671 cronicareinodearagon.com "-" "Mozilla/5.0 (Windows NT 10.0; Win64; x64) AppleWebKit/537.36 (KHTML, like Gecko) Chrome/145.0.0.0 Safari/537.36 (compatible; meta-externalagent/1.1 (+https://developers.facebook.com/docs/sharing/webmasters/crawler))" "-"
2a03:2880:f800:: - - [12/Aug/2026:00:30:40 +0200] "GET /?shop/items/S4710476032/ HTTP/1.1" 200 61671 cronicareinodearagon.com "-" "Mozilla/5.0 (Macintosh; Intel Mac OS X 10_15_7) AppleWebKit/537.36 (KHTML, like Gecko) Chrome/145.0.0.0 Safari/537.36 (compatible; meta-externalagent/1.1 (+https://developers.facebook.com/docs/sharing/webmasters/crawler))" "-"
2a03:2880:f800:: - - [12/Aug/2026:00:30:47 +0200] "GET /?shop/items/Y2688252635/ HTTP/1.1" 200 61671 cronicareinodearagon.com "-" "Mozilla/5.0 (Windows NT 10.0; Win64; x64) AppleWebKit/537.36 (KHTML, like Gecko) Chrome/145.0.0.0 Safari/537.36 (compatible; meta-externalagent/1.1 (+https://developers.facebook.com/docs/sharing/webmasters/crawler))" "-"
114.119.130.0 - - [12/Aug/2026:00:30:47 +0200] "GET /politica/gobierno-avanza-proteccion-menores-digital/?path=/homepages/20/d917057205 HTTP/1.1" 200 34379 cronicareinodearagon.com "https://cronicareinodearagon.com/politica/gobierno-avanza-proteccion-menores-digital/?path=/homepages/20/d917057205/htdocs/clickandbuilds/CronicaReinodeAragon/wp-content" "Mozilla/5.0 (Linux; Android 7.0;) AppleWebKit/537.36 (HTML, like Gecko) Mobile Safari/537.36 (compatible; PetalBot;+https://webmaster.petalsearch.com/site/petalbot)" "-"
2a03:2880:f800:: - - [12/Aug/2026:00:30:52 +0200] "GET /?shop/items/S4047449264/ HTTP/1.1" 200 61671 cronicareinodearagon.com "-" "Mozilla/5.0 (Macintosh; Intel Mac OS X 10_15_7) AppleWebKit/537.36 (KHTML, like Gecko) Chrome/145.0.0.0 Safari/537.36 (compatible; meta-externalagent/1.1 (+https://developers.facebook.com/docs/sharing/webmasters/crawler))" "-"
74.7.242.0 - - [12/Aug/2026:00:30:58 +0200] "GET /?fileloc=//usr/bin/giftogd2&path=//usr/bin HTTP/1.1" 200 12228 cronicareinodearagon.com "http://cronicareinodearagon.com/?path=//usr/bin" "Mozilla/5.0 AppleWebKit/537.36 (KHTML, like Gecko; compatible; GPTBot/1.4; +https://openai.com/gptbot)" "-"
2a03:2880:f800:: - - [12/Aug/2026:00:30:59 +0200] "GET /?shop/items/P52561258026/ HTTP/1.1" 200 61671 cronicareinodearagon.com "-" "Mozilla/5.0 (Macintosh; Intel Mac OS X 10_15_7) AppleWebKit/537.36 (KHTML, like Gecko) Chrome/145.0.0.0 Safari/537.36 (compatible; meta-externalagent/1.1 (+https://developers.facebook.com/docs/sharing/webmasters/crawler))" "-"
2a03:2880:f800:: - - [12/Aug/2026:00:31:03 +0200] "GET /?shop/items/Y26882173281/ HTTP/1.1" 200 61671 cronicareinodearagon.com "-" "Mozilla/5.0 (Macintosh; Intel Mac OS X 10_15_7) AppleWebKit/537.36 (KHTML, like Gecko) Chrome/145.0.0.0 Safari/537.36 (compatible; meta-externalagent/1.1 (+https://developers.facebook.com/docs/sharing/webmasters/crawler))" "-"
66.249.65.0 - - [12/Aug/2026:00:31:11 +0200] "GET /detail.php?shop/items/P15277200306/ HTTP/1.1" 200 202610 cronicareinodearagon.com "-" "Mozilla/5.0 (compatible; Googlebot/2.1; +http://www.google.com/bot.html)" "-"
2a03:2880:f800:: - - [12/Aug/2026:00:31:13 +0200] "GET /?shop/items/P52561281491/ HTTP/1.1" 200 61671 cronicareinodearagon.com "-" "Mozilla/5.0 (Windows NT 10.0; Win64; x64) AppleWebKit/537.36 (KHTML, like Gecko) Chrome/145.0.0.0 Safari/537.36 (compatible; meta-externalagent/1.1 (+https://developers.facebook.com/docs/sharing/webmasters/crawler))" "-"
66.249.65.0 - - [12/Aug/2026:00:31:13 +0200] "GET /?shop/items/I4953881584/ HTTP/1.1" 200 61671 cronicareinodearagon.com "-" "Mozilla/5.0 (Linux; Android 6.0.1; Nexus 5X Build/MMB29P) AppleWebKit/537.36 (KHTML, like Gecko) Chrome/150.0.7871.186 Mobile Safari/537.36 (compatible; Googlebot/2.1; +http://www.google.com/bot.html)" "-"
2a03:2880:f800:: - - [12/Aug/2026:00:31:14 +0200] "GET /?shop/items/I80088280347/ HTTP/1.1" 200 61671 cronicareinodearagon.com "-" "Mozilla/5.0 (Windows NT 10.0; Win64; x64) AppleWebKit/537.36 (KHTML, like Gecko) Chrome/145.0.0.0 Safari/537.36 Edg/145.0.0.0 (compatible; meta-externalagent/1.1 (+https://developers.facebook.com/docs/sharing/webmasters/crawler))" "-"
2a03:2880:f800:: - - [12/Aug/2026:00:31:15 +0200] "GET /?shop/items/S4710444337/ HTTP/1.1" 200 61671 cronicareinodearagon.com "-" "Mozilla/5.0 (Windows NT 10.0; Win64; x64) AppleWebKit/537.36 (KHTML, like Gecko) Chrome/145.0.0.0 Safari/537.36 (compatible; meta-externalagent/1.1 (+https://developers.facebook.com/docs/sharing/webmasters/crawler))" "-"
2a03:2880:f800:: - - [12/Aug/2026:00:31:20 +0200] "GET /?shop/items/Q8625891030/ HTTP/1.1" 200 61671 cronicareinodearagon.com "-" "Mozilla/5.0 (Windows NT 10.0; Win64; x64) AppleWebKit/537.36 (KHTML, like Gecko) Chrome/145.0.0.0 Safari/537.36 (compatible; meta-externalagent/1.1 (+https://developers.facebook.com/docs/sharing/webmasters/crawler))" "-"
2a03:2880:f800:: - - [12/Aug/2026:00:31:23 +0200] "GET /?shop/items/P5256156050/ HTTP/1.1" 200 61671 cronicareinodearagon.com "-" "Mozilla/5.0 (Macintosh; Intel Mac OS X 10_15_7) AppleWebKit/537.36 (KHTML, like Gecko) Chrome/145.0.0.0 Safari/537.36 (compatible; meta-externalagent/1.1 (+https://developers.facebook.com/docs/sharing/webmasters/crawler))" "-"
2a03:2880:f800:: - - [12/Aug/2026:00:31:26 +0200] "GET /?shop/items/G38512257283/ HTTP/1.1" 200 61671 cronicareinodearagon.com "-" "Mozilla/5.0 (Windows NT 10.0; Win64; x64) AppleWebKit/537.36 (KHTML, like Gecko) Chrome/145.0.0.0 Safari/537.36 (compatible; meta-externalagent/1.1 (+https://developers.facebook.com/docs/sharing/webmasters/crawler))" "-"
74.7.242.0 - - [12/Aug/2026:00:31:31 +0200] "GET /?fileloc=//usr/bin/gd2topng&path=//usr/bin HTTP/1.1" 200 12228 cronicareinodearagon.com "http://cronicareinodearagon.com/?path=//usr/bin" "Mozilla/5.0 AppleWebKit/537.36 (KHTML, like Gecko; compatible; GPTBot/1.4; +https://openai.com/gptbot)" "-"
2a03:2880:f800:: - - [12/Aug/2026:00:31:32 +0200] "GET /?shop/items/W917505382/ HTTP/1.1" 200 61671 cronicareinodearagon.com "-" "Mozilla/5.0 (Windows NT 10.0; Win64; x64) AppleWebKit/537.36 (KHTML, like Gecko) Chrome/145.0.0.0 Safari/537.36 Edg/145.0.0.0 (compatible; meta-externalagent/1.1 (+https://developers.facebook.com/docs/sharing/webmasters/crawler))" "-"
2a03:2880:f800:: - - [12/Aug/2026:00:31:32 +0200] "GET /?shop/items/S47104260817/ HTTP/1.1" 200 61671 cronicareinodearagon.com "-" "Mozilla/5.0 (Macintosh; Intel Mac OS X 10.15; rv:147.0) Gecko/20100101 Firefox/147.0 (compatible; meta-externalagent/1.1 (+https://developers.facebook.com/docs/sharing/webmasters/crawler))" "-"
2a03:2880:f800:: - - [12/Aug/2026:00:31:33 +0200] "GET /sitemap596.xml HTTP/1.1" 200 61743 cronicareinodearagon.com "-" "Mozilla/5.0 (Macintosh; Intel Mac OS X 10_15_7) AppleWebKit/537.36 (KHTML, like Gecko) Chrome/145.0.0.0 Safari/537.36 (compatible; meta-externalagent/1.1 (+https://developers.facebook.com/docs/sharing/webmasters/crawler))" "-"
2a03:2880:f800:: - - [12/Aug/2026:00:31:36 +0200] "GET /?shop/items/I8008856550/ HTTP/1.1" 200 61671 cronicareinodearagon.com "-" "Mozilla/5.0 (Windows NT 10.0; Win64; x64) AppleWebKit/537.36 (KHTML, like Gecko) Chrome/145.0.0.0 Safari/537.36 (compatible; meta-externalagent/1.1 (+https://developers.facebook.com/docs/sharing/webmasters/crawler))" "-"
2a03:2880:f800:: - - [12/Aug/2026:00:31:40 +0200] "GET /?shop/items/G38512131413/ HTTP/1.1" 200 61671 cronicareinodearagon.com "-" "Mozilla/5.0 (Windows NT 10.0; Win64; x64) AppleWebKit/537.36 (KHTML, like Gecko) Chrome/145.0.0.0 Safari/537.36 (compatible; meta-externalagent/1.1 (+https://developers.facebook.com/docs/sharing/webmasters/crawler))" "-"
2a03:2880:f800:: - - [12/Aug/2026:00:31:41 +0200] "GET /?shop/items/P52561241546/ HTTP/1.1" 200 61671 cronicareinodearagon.com "-" "Mozilla/5.0 (Windows NT 10.0; Win64; x64) AppleWebKit/537.36 (KHTML, like Gecko) Chrome/145.0.0.0 Safari/537.36 (compatible; meta-externalagent/1.1 (+https://developers.facebook.com/docs/sharing/webmasters/crawler))" "-"
2a03:2880:f800:: - - [12/Aug/2026:00:31:46 +0200] "GET /?shop/items/Q86258236934/ HTTP/1.1" 200 61671 cronicareinodearagon.com "-" "Mozilla/5.0 (Windows NT 10.0; Win64; x64) AppleWebKit/537.36 (KHTML, like Gecko) Chrome/145.0.0.0 Safari/537.36 (compatible; meta-externalagent/1.1 (+https://developers.facebook.com/docs/sharing/webmasters/crawler))" "-"
2a03:2880:f800:: - - [12/Aug/2026:00:31:50 +0200] "GET /sitemap800.xml HTTP/1.1" 200 61743 cronicareinodearagon.com "-" "Mozilla/5.0 (Windows NT 10.0; Win64; x64) AppleWebKit/537.36 (KHTML, like Gecko) Chrome/145.0.0.0 Safari/537.36 (compatible; meta-externalagent/1.1 (+https://developers.facebook.com/docs/sharing/webmasters/crawler))" "-"
66.249.65.0 - - [12/Aug/2026:00:31:54 +0200] "GET /?shop/items/I4953836674/ HTTP/1.1" 200 61671 cronicareinodearagon.com "-" "Mozilla/5.0 (compatible; Googlebot/2.1; +http://www.google.com/bot.html)" "-"
2a03:2880:f800:: - - [12/Aug/2026:00:31:57 +0200] "GET /?shop/items/G3851244408/ HTTP/1.1" 429 267 cronicareinodearagon.com "-" "Mozilla/5.0 (Windows NT 10.0; Win64; x64) AppleWebKit/537.36 (KHTML, like Gecko) Chrome/145.0.0.0 Safari/537.36 (compatible; meta-externalagent/1.1 (+https://developers.facebook.com/docs/sharing/webmasters/crawler))" "-"
74.7.242.0 - - [12/Aug/2026:00:32:02 +0200] "GET /?fileloc=//usr/bin/g3topbm&path=//usr/bin HTTP/1.1" 200 12227 cronicareinodearagon.com "http://cronicareinodearagon.com/?path=//usr/bin" "Mozilla/5.0 AppleWebKit/537.36 (KHTML, like Gecko; compatible; GPTBot/1.4; +https://openai.com/gptbot)" "-"
2a03:2880:f800:: - - [12/Aug/2026:00:32:04 +0200] "GET /?shop/items/A63076258825/ HTTP/1.1" 429 267 cronicareinodearagon.com "-" "Mozilla/5.0 (Windows NT 10.0; Win64; x64) AppleWebKit/537.36 (KHTML, like Gecko) Chrome/145.0.0.0 Safari/537.36 (compatible; meta-externalagent/1.1 (+https://developers.facebook.com/docs/sharing/webmasters/crawler))" "-"
66.249.65.0 - - [12/Aug/2026:00:32:04 +0200] "GET /?shop/items/Q8625867864/ HTTP/1.1" 200 61671 cronicareinodearagon.com "-" "Mozilla/5.0 (Linux; Android 6.0.1; Nexus 5X Build/MMB29P) AppleWebKit/537.36 (KHTML, like Gecko) Chrome/150.0.7871.186 Mobile Safari/537.36 (compatible; GoogleOther)" "-"
2a03:2880:f800:: - - [12/Aug/2026:00:32:09 +0200] "GET /sitemap641.xml HTTP/1.1" 429 267 cronicareinodearagon.com "-" "Mozilla/5.0 (Windows NT 10.0; Win64; x64) AppleWebKit/537.36 (KHTML, like Gecko) Chrome/145.0.0.0 Safari/537.36 (compatible; meta-externalagent/1.1 (+https://developers.facebook.com/docs/sharing/webmasters/crawler))" "-"
114.119.133.0 - - [12/Aug/2026:00:32:10 +0200] "GET /politica/gobierno-avanza-proteccion-menores-digital/?path=/homepages/1 HTTP/1.1" 200 27270 cronicareinodearagon.com "https://cronicareinodearagon.com/politica/gobierno-avanza-proteccion-menores-digital/?path=/homepages" "Mozilla/5.0 (Linux; Android 7.0;) AppleWebKit/537.36 (HTML, like Gecko) Mobile Safari/537.36 (compatible; PetalBot;+https://webmaster.petalsearch.com/site/petalbot)" "-"
66.249.65.0 - - [12/Aug/2026:00:32:11 +0200] "GET /detail.php?shop/items/S91954260769/ HTTP/1.1" 200 201689 cronicareinodearagon.com "-" "Mozilla/5.0 (Linux; Android 6.0.1; Nexus 5X Build/MMB29P) AppleWebKit/537.36 (KHTML, like Gecko) Chrome/150.0.7871.186 Mobile Safari/537.36 (compatible; GoogleOther)" "-"
2a03:2880:f800:: - - [12/Aug/2026:00:32:13 +0200] "GET /?shop/items/G38512170929/ HTTP/1.1" 429 267 cronicareinodearagon.com "-" "Mozilla/5.0 (Windows NT 10.0; Win64; x64) AppleWebKit/537.36 (KHTML, like Gecko) Chrome/145.0.0.0 Safari/537.36 (compatible; meta-externalagent/1.1 (+https://developers.facebook.com/docs/sharing/webmasters/crawler))" "-"
2a03:2880:f800:: - - [12/Aug/2026:00:32:18 +0200] "GET /?shop/items/Q86258201853/ HTTP/1.1" 429 267 cronicareinodearagon.com "-" "Mozilla/5.0 (Windows NT 10.0; Win64; x64) AppleWebKit/537.36 (KHTML, like Gecko) Chrome/145.0.0.0 Safari/537.36 (compatible; meta-externalagent/1.1 (+https://developers.facebook.com/docs/sharing/webmasters/crawler))" "-"
2a03:2880:f800:: - - [12/Aug/2026:00:32:24 +0200] "GET /?shop/items/S4047445920/ HTTP/1.1" 429 267 cronicareinodearagon.com "-" "Mozilla/5.0 (Windows NT 10.0; Win64; x64) AppleWebKit/537.36 (KHTML, like Gecko) Chrome/145.0.0.0 Safari/537.36 (compatible; meta-externalagent/1.1 (+https://developers.facebook.com/docs/sharing/webmasters/crawler))" "-"
2a03:2880:f800:: - - [12/Aug/2026:00:32:24 +0200] "GET /?shop/items/Y2688282892/ HTTP/1.1" 429 267 cronicareinodearagon.com "-" "Mozilla/5.0 (Macintosh; Intel Mac OS X 10_15_7) AppleWebKit/537.36 (KHTML, like Gecko) Chrome/145.0.0.0 Safari/537.36 (compatible; meta-externalagent/1.1 (+https://developers.facebook.com/docs/sharing/webmasters/crawler))" "-"
2a03:2880:f800:: - - [12/Aug/2026:00:32:29 +0200] "GET /?shop/items/Y26882203439/ HTTP/1.1" 429 267 cronicareinodearagon.com "-" "Mozilla/5.0 (Macintosh; Intel Mac OS X 10_15_7) AppleWebKit/537.36 (KHTML, like Gecko) Chrome/145.0.0.0 Safari/537.36 (compatible; meta-externalagent/1.1 (+https://developers.facebook.com/docs/sharing/webmasters/crawler))" "-"
74.7.242.0 - - [12/Aug/2026:00:32:29 +0200] "GET /?fileloc=//usr/bin/pod2man&path=//usr/bin HTTP/1.1" 200 28630 cronicareinodearagon.com "http://cronicareinodearagon.com/?path=//usr/bin" "Mozilla/5.0 AppleWebKit/537.36 (KHTML, like Gecko; compatible; GPTBot/1.4; +https://openai.com/gptbot)" "-"
2a03:2880:f800:: - - [12/Aug/2026:00:32:38 +0200] "GET /?shop/items/P52561188974/ HTTP/1.1" 429 267 cronicareinodearagon.com "-" "Mozilla/5.0 (Windows NT 10.0; Win64; x64) AppleWebKit/537.36 (KHTML, like Gecko) Chrome/145.0.0.0 Safari/537.36 (compatible; meta-externalagent/1.1 (+https://developers.facebook.com/docs/sharing/webmasters/crawler))" "-"
2a03:2880:f800:: - - [12/Aug/2026:00:32:45 +0200] "GET /?shop/items/W91750193679/ HTTP/1.1" 429 267 cronicareinodearagon.com "-" "Mozilla/5.0 (Windows NT 10.0; Win64; x64) AppleWebKit/537.36 (KHTML, like Gecko) Chrome/145.0.0.0 Safari/537.36 (compatible; meta-externalagent/1.1 (+https://developers.facebook.com/docs/sharing/webmasters/crawler))" "-"
74.7.242.0 - - [12/Aug/2026:00:32:54 +0200] "GET /?fileloc=//usr/bin/apt-key&path=//usr/bin HTTP/1.1" 200 45459 cronicareinodearagon.com "http://cronicareinodearagon.com/?path=//usr/bin" "Mozilla/5.0 AppleWebKit/537.36 (KHTML, like Gecko; compatible; GPTBot/1.4; +https://openai.com/gptbot)" "-"
2a03:2880:f800:: - - [12/Aug/2026:00:32:56 +0200] "GET /?shop/items/P52561204876/ HTTP/1.1" 429 267 cronicareinodearagon.com "-" "Mozilla/5.0 (Macintosh; Intel Mac OS X 10_15_7) AppleWebKit/537.36 (KHTML, like Gecko) Chrome/145.0.0.0 Safari/537.36 (compatible; meta-externalagent/1.1 (+https://developers.facebook.com/docs/sharing/webmasters/crawler))" "-"
2a03:2880:f800:: - - [12/Aug/2026:00:33:00 +0200] "GET /?shop/items/A6307659420/ HTTP/1.1" 200 61671 cronicareinodearagon.com "-" "Mozilla/5.0 (Windows NT 10.0; Win64; x64) AppleWebKit/537.36 (KHTML, like Gecko) Chrome/145.0.0.0 Safari/537.36 (compatible; meta-externalagent/1.1 (+https://developers.facebook.com/docs/sharing/webmasters/crawler))" "-"
2a03:2880:f800:: - - [12/Aug/2026:00:33:06 +0200] "GET /?shop/items/A63076277919/ HTTP/1.1" 200 61671 cronicareinodearagon.com "-" "Mozilla/5.0 (Windows NT 10.0; Win64; x64) AppleWebKit/537.36 (KHTML, like Gecko) Chrome/145.0.0.0 Safari/537.36 (compatible; meta-externalagent/1.1 (+https://developers.facebook.com/docs/sharing/webmasters/crawler))" "-"
2a03:2880:f800:: - - [12/Aug/2026:00:33:10 +0200] "GET /?shop/items/P52561208850/ HTTP/1.1" 200 61671 cronicareinodearagon.com "-" "Mozilla/5.0 (Windows NT 10.0; Win64; x64) AppleWebKit/537.36 (KHTML, like Gecko) Chrome/145.0.0.0 Safari/537.36 (compatible; meta-externalagent/1.1 (+https://developers.facebook.com/docs/sharing/webmasters/crawler))" "-"
74.7.242.0 - - [12/Aug/2026:00:33:17 +0200] "GET /?fileloc=//usr/bin/gcc-nm&path=//usr/bin HTTP/1.1" 200 12226 cronicareinodearagon.com "http://cronicareinodearagon.com/?path=//usr/bin" "Mozilla/5.0 AppleWebKit/537.36 (KHTML, like Gecko; compatible; GPTBot/1.4; +https://openai.com/gptbot)" "-"
2a03:2880:f800:: - - [12/Aug/2026:00:33:18 +0200] "GET /?shop/items/I49538105614/ HTTP/1.1" 200 61671 cronicareinodearagon.com "-" "Mozilla/5.0 (Windows NT 10.0; Win64; x64) AppleWebKit/537.36 (KHTML, like Gecko) Chrome/145.0.0.0 Safari/537.36 (compatible; meta-externalagent/1.1 (+https://developers.facebook.com/docs/sharing/webmasters/crawler))" "-"
162.62.132.0 - - [12/Aug/2026:00:33:19 +0200] "GET / HTTP/1.1" 200 336 cronicadelpaisvalenciano.com "-" "Mozilla/5.0 (iPhone; CPU iPhone OS 13_2_3 like Mac OS X) AppleWebKit/605.1.15 (KHTML, like Gecko) Version/13.0.3 Mobile/15E148 Safari/604.1" "-"
66.249.65.0 - - [12/Aug/2026:00:33:22 +0200] "GET /products.php?shop/items/A6164649213/ HTTP/1.1" 200 203719 cronicareinodearagon.com "-" "Mozilla/5.0 (Linux; Android 6.0.1; Nexus 5X Build/MMB29P) AppleWebKit/537.36 (KHTML, like Gecko) Chrome/150.0.7871.186 Mobile Safari/537.36 (compatible; GoogleOther)" "-"
66.249.65.0 - - [12/Aug/2026:00:33:23 +0200] "GET /?shop/items/Y26882161632/ HTTP/1.1" 200 61671 cronicareinodearagon.com "-" "Mozilla/5.0 (Linux; Android 6.0.1; Nexus 5X Build/MMB29P) AppleWebKit/537.36 (KHTML, like Gecko) Chrome/150.0.7871.186 Mobile Safari/537.36 (compatible; Googlebot/2.1; +http://www.google.com/bot.html)" "-"
66.249.65.0 - - [12/Aug/2026:00:33:24 +0200] "GET /?shop/items/A630764149/ HTTP/1.1" 200 61671 cronicareinodearagon.com "-" "Mozilla/5.0 (Linux; Android 6.0.1; Nexus 5X Build/MMB29P) AppleWebKit/537.36 (KHTML, like Gecko) Chrome/150.0.7871.186 Mobile Safari/537.36 (compatible; Googlebot/2.1; +http://www.google.com/bot.html)" "-"
213.180.203.0 - - [12/Aug/2026:00:33:27 +0200] "GET /robots.txt HTTP/1.1" 429 267 cronicareinodearagon.com "-" "Mozilla/5.0 (compatible; YandexBot/3.0; +http://yandex.com/bots)" "-"
2a03:2880:f800:: - - [12/Aug/2026:00:33:27 +0200] "GET /?shop/items/I80088201484/ HTTP/1.1" 200 61671 cronicareinodearagon.com "-" "Mozilla/5.0 (Windows NT 10.0; Win64; x64) AppleWebKit/537.36 (KHTML, like Gecko) Chrome/145.0.0.0 Safari/537.36 (compatible; meta-externalagent/1.1 (+https://developers.facebook.com/docs/sharing/webmasters/crawler))" "-"
2a03:2880:f800:: - - [12/Aug/2026:00:33:33 +0200] "GET /?shop/items/S40474267304/ HTTP/1.1" 200 61671 cronicareinodearagon.com "-" "Mozilla/5.0 (Windows NT 10.0; Win64; x64) AppleWebKit/537.36 (KHTML, like Gecko) Chrome/145.0.0.0 Safari/537.36 (compatible; meta-externalagent/1.1 (+https://developers.facebook.com/docs/sharing/webmasters/crawler))" "-"
66.249.65.0 - - [12/Aug/2026:00:33:34 +0200] "GET /products.php?sitemap768.xml HTTP/1.1" 200 590094 cronicareinodearagon.com "-" "Mozilla/5.0 (compatible; Googlebot/2.1; +http://www.google.com/bot.html)" "-"
114.119.130.0 - - [12/Aug/2026:00:33:37 +0200] "GET /politica/gobierno-avanza-proteccion-menores-digital/ HTTP/1.1" 200 61743 cronicareinodearagon.com "https://cronicareinodearagon.com/politica/gobierno-avanza-proteccion-menores-digital" "Mozilla/5.0 (Linux; Android 7.0;) AppleWebKit/537.36 (HTML, like Gecko) Mobile Safari/537.36 (compatible; PetalBot;+https://webmaster.petalsearch.com/site/petalbot)" "-"
74.7.242.0 - - [12/Aug/2026:00:33:37 +0200] "GET /?fileloc=//usr/bin/mt-gnu&path=//usr/bin HTTP/1.1" 200 12226 cronicareinodearagon.com "http://cronicareinodearagon.com/?path=//usr/bin" "Mozilla/5.0 AppleWebKit/537.36 (KHTML, like Gecko; compatible; GPTBot/1.4; +https://openai.com/gptbot)" "-"
2a03:2880:f800:: - - [12/Aug/2026:00:33:39 +0200] "GET /?shop/items/S40474214961/ HTTP/1.1" 200 61671 cronicareinodearagon.com "-" "Mozilla/5.0 (Windows NT 10.0; Win64; x64) AppleWebKit/537.36 (KHTML, like Gecko) Chrome/145.0.0.0 Safari/537.36 (compatible; meta-externalagent/1.1 (+https://developers.facebook.com/docs/sharing/webmasters/crawler))" "-"
2a03:2880:f800:: - - [12/Aug/2026:00:33:41 +0200] "GET /?shop/items/P52561199917/ HTTP/1.1" 200 61671 cronicareinodearagon.com "-" "Mozilla/5.0 (Windows NT 10.0; Win64; x64) AppleWebKit/537.36 (KHTML, like Gecko) Chrome/145.0.0.0 Safari/537.36 (compatible; meta-externalagent/1.1 (+https://developers.facebook.com/docs/sharing/webmasters/crawler))" "-"
66.249.65.0 - - [12/Aug/2026:00:33:41 +0200] "GET /?shop/items/Q86258109348/ HTTP/1.1" 200 61671 cronicareinodearagon.com "-" "Mozilla/5.0 (Linux; Android 6.0.1; Nexus 5X Build/MMB29P) AppleWebKit/537.36 (KHTML, like Gecko) Chrome/150.0.7871.186 Mobile Safari/537.36 (compatible; GoogleOther)" "-"
2a03:2880:f800:: - - [12/Aug/2026:00:33:41 +0200] "GET /?shop/items/Q86258202810/ HTTP/1.1" 200 61671 cronicareinodearagon.com "-" "Mozilla/5.0 (Windows NT 10.0; Win64; x64) AppleWebKit/537.36 (KHTML, like Gecko) Chrome/145.0.0.0 Safari/537.36 (compatible; meta-externalagent/1.1 (+https://developers.facebook.com/docs/sharing/webmasters/crawler))" "-"
2a03:2880:f800:: - - [12/Aug/2026:00:33:46 +0200] "GET /?shop/items/I4953826031/ HTTP/1.1" 200 61671 cronicareinodearagon.com "-" "Mozilla/5.0 (Windows NT 10.0; Win64; x64) AppleWebKit/537.36 (KHTML, like Gecko) Chrome/145.0.0.0 Safari/537.36 (compatible; meta-externalagent/1.1 (+https://developers.facebook.com/docs/sharing/webmasters/crawler))" "-"
2a03:2880:f800:: - - [12/Aug/2026:00:33:52 +0200] "GET /?shop/items/Y2688272714/ HTTP/1.1" 200 61671 cronicareinodearagon.com "-" "Mozilla/5.0 (Windows NT 10.0; Win64; x64) AppleWebKit/537.36 (KHTML, like Gecko) Chrome/145.0.0.0 Safari/537.36 (compatible; meta-externalagent/1.1 (+https://developers.facebook.com/docs/sharing/webmasters/crawler))" "-"
74.7.242.0 - - [12/Aug/2026:00:33:54 +0200] "GET /?fileloc=//usr/bin/racc2.7&path=//usr/bin HTTP/1.1" 200 12866 cronicareinodearagon.com "http://cronicareinodearagon.com/?path=//usr/bin" "Mozilla/5.0 AppleWebKit/537.36 (KHTML, like Gecko; compatible; GPTBot/1.4; +https://openai.com/gptbot)" "-"
2a03:2880:f800:: - - [12/Aug/2026:00:33:58 +0200] "GET /?shop/items/S40474241601/ HTTP/1.1" 200 61671 cronicareinodearagon.com "-" "Mozilla/5.0 (Windows NT 10.0; Win64; x64) AppleWebKit/537.36 (KHTML, like Gecko) Chrome/145.0.0.0 Safari/537.36 (compatible; meta-externalagent/1.1 (+https://developers.facebook.com/docs/sharing/webmasters/crawler))" "-"
2a03:2880:f800:: - - [12/Aug/2026:00:33:59 +0200] "GET /?shop/items/A63076133526/ HTTP/1.1" 200 61671 cronicareinodearagon.com "-" "Mozilla/5.0 (Windows NT 10.0; Win64; x64) AppleWebKit/537.36 (KHTML, like Gecko) Chrome/145.0.0.0 Safari/537.36 (compatible; meta-externalagent/1.1 (+https://developers.facebook.com/docs/sharing/webmasters/crawler))" "-"
2a03:2880:f800:: - - [12/Aug/2026:00:34:01 +0200] "GET /?shop/items/Y268826738/ HTTP/1.1" 200 61671 cronicareinodearagon.com "-" "Mozilla/5.0 (Macintosh; Intel Mac OS X 10_15_7) AppleWebKit/537.36 (KHTML, like Gecko) Chrome/145.0.0.0 Safari/537.36 (compatible; meta-externalagent/1.1 (+https://developers.facebook.com/docs/sharing/webmasters/crawler))" "-"
2a03:2880:f800:: - - [12/Aug/2026:00:34:03 +0200] "GET /?shop/items/G38512137669/ HTTP/1.1" 200 61671 cronicareinodearagon.com "-" "Mozilla/5.0 (Windows NT 10.0; Win64; x64) AppleWebKit/537.36 (KHTML, like Gecko) Chrome/145.0.0.0 Safari/537.36 (compatible; meta-externalagent/1.1 (+https://developers.facebook.com/docs/sharing/webmasters/crawler))" "-"
2a03:2880:f800:: - - [12/Aug/2026:00:34:03 +0200] "GET /?shop/items/Q8625883892/ HTTP/1.1" 200 61671 cronicareinodearagon.com "-" "Mozilla/5.0 (Windows NT 10.0; Win64; x64) AppleWebKit/537.36 (KHTML, like Gecko) Chrome/145.0.0.0 Safari/537.36 (compatible; meta-externalagent/1.1 (+https://developers.facebook.com/docs/sharing/webmasters/crawler))" "-"
2a03:2880:f800:: - - [12/Aug/2026:00:34:08 +0200] "GET /?shop/items/S47104260292/ HTTP/1.1" 200 61671 cronicareinodearagon.com "-" "Mozilla/5.0 (Windows NT 10.0; Win64; x64) AppleWebKit/537.36 (KHTML, like Gecko) Chrome/145.0.0.0 Safari/537.36 (compatible; meta-externalagent/1.1 (+https://developers.facebook.com/docs/sharing/webmasters/crawler))" "-"
2a03:2880:f800:: - - [12/Aug/2026:00:34:08 +0200] "GET /?shop/items/I8008855551/ HTTP/1.1" 200 61671 cronicareinodearagon.com "-" "Mozilla/5.0 (Macintosh; Intel Mac OS X 10_15_7) AppleWebKit/537.36 (KHTML, like Gecko) Chrome/145.0.0.0 Safari/537.36 (compatible; meta-externalagent/1.1 (+https://developers.facebook.com/docs/sharing/webmasters/crawler))" "-"
2a03:2880:f800:: - - [12/Aug/2026:00:34:08 +0200] "GET /?shop/items/Q86258103599/ HTTP/1.1" 200 61671 cronicareinodearagon.com "-" "Mozilla/5.0 (Windows NT 10.0; Win64; x64) AppleWebKit/537.36 (KHTML, like Gecko) Chrome/145.0.0.0 Safari/537.36 (compatible; meta-externalagent/1.1 (+https://developers.facebook.com/docs/sharing/webmasters/crawler))" "-"
2a03:2880:f800:: - - [12/Aug/2026:00:34:10 +0200] "GET /?shop/items/Y2688279724/ HTTP/1.1" 200 61671 cronicareinodearagon.com "-" "Mozilla/5.0 (Windows NT 10.0; Win64; x64) AppleWebKit/537.36 (KHTML, like Gecko) Chrome/145.0.0.0 Safari/537.36 (compatible; meta-externalagent/1.1 (+https://developers.facebook.com/docs/sharing/webmasters/crawler))" "-"
74.7.242.0 - - [12/Aug/2026:00:34:11 +0200] "GET /?fileloc=//usr/bin/pear8.0&path=//usr/bin HTTP/1.1" 200 13202 cronicareinodearagon.com "http://cronicareinodearagon.com/?path=//usr/bin" "Mozilla/5.0 AppleWebKit/537.36 (KHTML, like Gecko; compatible; GPTBot/1.4; +https://openai.com/gptbot)" "-"
2a03:2880:f800:: - - [12/Aug/2026:00:34:12 +0200] "GET /?shop/items/A63076219907/ HTTP/1.1" 200 61671 cronicareinodearagon.com "-" "Mozilla/5.0 (Macintosh; Intel Mac OS X 10_15_7) AppleWebKit/537.36 (KHTML, like Gecko) Chrome/145.0.0.0 Safari/537.36 (compatible; meta-externalagent/1.1 (+https://developers.facebook.com/docs/sharing/webmasters/crawler))" "-"
2a03:2880:f800:: - - [12/Aug/2026:00:34:16 +0200] "GET /?shop/items/S47104210014/ HTTP/1.1" 200 61671 cronicareinodearagon.com "-" "Mozilla/5.0 (Windows NT 10.0; Win64; x64) AppleWebKit/537.36 (KHTML, like Gecko) Chrome/145.0.0.0 Safari/537.36 (compatible; meta-externalagent/1.1 (+https://developers.facebook.com/docs/sharing/webmasters/crawler))" "-"
2a03:2880:f800:: - - [12/Aug/2026:00:34:20 +0200] "GET /?shop/items/S47104216344/ HTTP/1.1" 429 267 cronicareinodearagon.com "-" "Mozilla/5.0 (Windows NT 10.0; Win64; x64) AppleWebKit/537.36 (KHTML, like Gecko) Chrome/145.0.0.0 Safari/537.36 (compatible; meta-externalagent/1.1 (+https://developers.facebook.com/docs/sharing/webmasters/crawler))" "-"
2a03:2880:f800:: - - [12/Aug/2026:00:34:23 +0200] "GET /?shop/items/S4047429422/ HTTP/1.1" 429 267 cronicareinodearagon.com "-" "Mozilla/5.0 (Macintosh; Intel Mac OS X 10_15_7) AppleWebKit/537.36 (KHTML, like Gecko) Chrome/145.0.0.0 Safari/537.36 (compatible; meta-externalagent/1.1 (+https://developers.facebook.com/docs/sharing/webmasters/crawler))" "-"
66.249.65.0 - - [12/Aug/2026:00:34:23 +0200] "GET /products.php?shop/items/G75640260713/ HTTP/1.1" 200 205167 cronicareinodearagon.com "-" "Mozilla/5.0 (Linux; Android 6.0.1; Nexus 5X Build/MMB29P) AppleWebKit/537.36 (KHTML, like Gecko) Chrome/150.0.7871.186 Mobile Safari/537.36 (compatible; Googlebot/2.1; +http://www.google.com/bot.html)" "-"
2a03:2880:f800:: - - [12/Aug/2026:00:34:24 +0200] "GET /?shop/items/I49538213407/ HTTP/1.1" 429 267 cronicareinodearagon.com "-" "Mozilla/5.0 (Macintosh; Intel Mac OS X 10_15_7) AppleWebKit/537.36 (KHTML, like Gecko) Chrome/145.0.0.0 Safari/537.36 (compatible; meta-externalagent/1.1 (+https://developers.facebook.com/docs/sharing/webmasters/crawler))" "-"
74.7.242.0 - - [12/Aug/2026:00:34:25 +0200] "GET /?fileloc=//usr/bin/ruby2.7&path=//usr/bin HTTP/1.1" 200 12227 cronicareinodearagon.com "http://cronicareinodearagon.com/?path=//usr/bin" "Mozilla/5.0 AppleWebKit/537.36 (KHTML, like Gecko; compatible; GPTBot/1.4; +https://openai.com/gptbot)" "-"
2a03:2880:f800:: - - [12/Aug/2026:00:34:28 +0200] "GET /?shop/items/A63076209077/ HTTP/1.1" 429 267 cronicareinodearagon.com "-" "Mozilla/5.0 (Windows NT 10.0; Win64; x64) AppleWebKit/537.36 (KHTML, like Gecko) Chrome/145.0.0.0 Safari/537.36 (compatible; meta-externalagent/1.1 (+https://developers.facebook.com/docs/sharing/webmasters/crawler))" "-"
2a03:2880:f800:: - - [12/Aug/2026:00:34:28 +0200] "GET /?shop/items/P5256177896/ HTTP/1.1" 429 267 cronicareinodearagon.com "-" "Mozilla/5.0 (Windows NT 10.0; Win64; x64) AppleWebKit/537.36 (KHTML, like Gecko) Chrome/145.0.0.0 Safari/537.36 (compatible; meta-externalagent/1.1 (+https://developers.facebook.com/docs/sharing/webmasters/crawler))" "-"
2a03:2880:f800:: - - [12/Aug/2026:00:34:28 +0200] "GET /?shop/items/Y26882176867/ HTTP/1.1" 429 267 cronicareinodearagon.com "-" "Mozilla/5.0 (Windows NT 10.0; Win64; x64) AppleWebKit/537.36 (KHTML, like Gecko) Chrome/145.0.0.0 Safari/537.36 (compatible; meta-externalagent/1.1 (+https://developers.facebook.com/docs/sharing/webmasters/crawler))" "-"
2a03:2880:f800:: - - [12/Aug/2026:00:34:32 +0200] "GET /?shop/items/Y2688228197/ HTTP/1.1" 429 267 cronicareinodearagon.com "-" "Mozilla/5.0 (Windows NT 10.0; Win64; x64) AppleWebKit/537.36 (KHTML, like Gecko) Chrome/145.0.0.0 Safari/537.36 (compatible; meta-externalagent/1.1 (+https://developers.facebook.com/docs/sharing/webmasters/crawler))" "-"
66.249.65.0 - - [12/Aug/2026:00:34:35 +0200] "GET /?shop/items/W91750108663/ HTTP/1.1" 200 61671 cronicareinodearagon.com "-" "Mozilla/5.0 (Linux; Android 6.0.1; Nexus 5X Build/MMB29P) AppleWebKit/537.36 (KHTML, like Gecko) Chrome/150.0.7871.186 Mobile Safari/537.36 (compatible; Googlebot/2.1; +http://www.google.com/bot.html)" "-"
74.7.242.0 - - [12/Aug/2026:00:34:38 +0200] "GET /?fileloc=//usr/bin/c99-gcc&path=//usr/bin HTTP/1.1" 200 12718 cronicareinodearagon.com "http://cronicareinodearagon.com/?path=//usr/bin" "Mozilla/5.0 AppleWebKit/537.36 (KHTML, like Gecko; compatible; GPTBot/1.4; +https://openai.com/gptbot)" "-"
2a03:2880:f800:: - - [12/Aug/2026:00:34:39 +0200] "GET /?shop/items/S4710422845/ HTTP/1.1" 429 267 cronicareinodearagon.com "-" "Mozilla/5.0 (Windows NT 10.0; Win64; x64) AppleWebKit/537.36 (KHTML, like Gecko) Chrome/145.0.0.0 Safari/537.36 (compatible; meta-externalagent/1.1 (+https://developers.facebook.com/docs/sharing/webmasters/crawler))" "-"
2a03:2880:f800:: - - [12/Aug/2026:00:34:40 +0200] "GET /?shop/items/I4953811241/ HTTP/1.1" 429 267 cronicareinodearagon.com "-" "Mozilla/5.0 (Windows NT 10.0; Win64; x64) AppleWebKit/537.36 (KHTML, like Gecko) Chrome/145.0.0.0 Safari/537.36 (compatible; meta-externalagent/1.1 (+https://developers.facebook.com/docs/sharing/webmasters/crawler))" "-"
2a03:2880:f800:: - - [12/Aug/2026:00:34:41 +0200] "GET /?shop/items/S47104177440/ HTTP/1.1" 429 267 cronicareinodearagon.com "-" "Mozilla/5.0 (Windows NT 10.0; Win64; x64) AppleWebKit/537.36 (KHTML, like Gecko) Chrome/145.0.0.0 Safari/537.36 (compatible; meta-externalagent/1.1 (+https://developers.facebook.com/docs/sharing/webmasters/crawler))" "-"
2a03:2880:f800:: - - [12/Aug/2026:00:34:43 +0200] "GET /?shop/items/W9175061523/ HTTP/1.1" 429 267 cronicareinodearagon.com "-" "Mozilla/5.0 (Windows NT 10.0; Win64; x64) AppleWebKit/537.36 (KHTML, like Gecko) Chrome/145.0.0.0 Safari/537.36 (compatible; meta-externalagent/1.1 (+https://developers.facebook.com/docs/sharing/webmasters/crawler))" "-"
74.7.242.0 - - [12/Aug/2026:00:34:49 +0200] "GET /?fileloc=//usr/bin/pecl8.0&path=//usr/bin HTTP/1.1" 200 13106 cronicareinodearagon.com "http://cronicareinodearagon.com/?path=//usr/bin" "Mozilla/5.0 AppleWebKit/537.36 (KHTML, like Gecko; compatible; GPTBot/1.4; +https://openai.com/gptbot)" "-"
2a03:2880:f800:: - - [12/Aug/2026:00:34:49 +0200] "GET /?shop/items/G38512150884/ HTTP/1.1" 429 267 cronicareinodearagon.com "-" "Mozilla/5.0 (Macintosh; Intel Mac OS X 10_15_7) AppleWebKit/537.36 (KHTML, like Gecko) Chrome/145.0.0.0 Safari/537.36 (compatible; meta-externalagent/1.1 (+https://developers.facebook.com/docs/sharing/webmasters/crawler))" "-"
2a03:2880:f800:: - - [12/Aug/2026:00:34:53 +0200] "GET /?shop/items/W91750214755/ HTTP/1.1" 429 267 cronicareinodearagon.com "-" "Mozilla/5.0 (Windows NT 10.0; Win64; x64) AppleWebKit/537.36 (KHTML, like Gecko) Chrome/145.0.0.0 Safari/537.36 (compatible; meta-externalagent/1.1 (+https://developers.facebook.com/docs/sharing/webmasters/crawler))" "-"
2a03:2880:f800:: - - [12/Aug/2026:00:34:54 +0200] "GET /?shop/items/I8008885077/ HTTP/1.1" 429 267 cronicareinodearagon.com "-" "Mozilla/5.0 (Windows NT 10.0; Win64; x64) AppleWebKit/537.36 (KHTML, like Gecko) Chrome/145.0.0.0 Safari/537.36 (compatible; meta-externalagent/1.1 (+https://developers.facebook.com/docs/sharing/webmasters/crawler))" "-"
74.7.242.0 - - [12/Aug/2026:00:35:00 +0200] "GET /?fileloc=//usr/bin/sha224sum&path=//usr/bin HTTP/1.1" 200 12229 cronicareinodearagon.com "http://cronicareinodearagon.com/?path=//usr/bin" "Mozilla/5.0 AppleWebKit/537.36 (KHTML, like Gecko; compatible; GPTBot/1.4; +https://openai.com/gptbot)" "-"
2a03:2880:f800:: - - [12/Aug/2026:00:35:06 +0200] "GET /?shop/items/I8008838297/ HTTP/1.1" 429 267 cronicareinodearagon.com "-" "Mozilla/5.0 (Windows NT 10.0; Win64; x64) AppleWebKit/537.36 (KHTML, like Gecko) Chrome/145.0.0.0 Safari/537.36 (compatible; meta-externalagent/1.1 (+https://developers.facebook.com/docs/sharing/webmasters/crawler))" "-"
2a03:2880:f800:: - - [12/Aug/2026:00:35:08 +0200] "GET /?shop/items/G38512198812/ HTTP/1.1" 429 267 cronicareinodearagon.com "-" "Mozilla/5.0 (Windows NT 10.0; Win64; x64) AppleWebKit/537.36 (KHTML, like Gecko) Chrome/145.0.0.0 Safari/537.36 (compatible; meta-externalagent/1.1 (+https://developers.facebook.com/docs/sharing/webmasters/crawler))" "-"
74.7.242.0 - - [12/Aug/2026:00:35:09 +0200] "GET /?fileloc=//usr/bin/ps2ascii&path=//usr/bin HTTP/1.1" 200 12909 cronicareinodearagon.com "http://cronicareinodearagon.com/?path=//usr/bin" "Mozilla/5.0 AppleWebKit/537.36 (KHTML, like Gecko; compatible; GPTBot/1.4; +https://openai.com/gptbot)" "-"
2a03:2880:f800:: - - [12/Aug/2026:00:35:10 +0200] "GET /?shop/items/P52561153472/ HTTP/1.1" 429 267 cronicareinodearagon.com "-" "Mozilla/5.0 (Windows NT 10.0; Win64; x64) AppleWebKit/537.36 (KHTML, like Gecko) Chrome/145.0.0.0 Safari/537.36 (compatible; meta-externalagent/1.1 (+https://developers.facebook.com/docs/sharing/webmasters/crawler))" "-"
2a03:2880:f800:: - - [12/Aug/2026:00:35:12 +0200] "GET /?shop/items/S47104150616/ HTTP/1.1" 429 267 cronicareinodearagon.com "-" "Mozilla/5.0 (Windows NT 10.0; Win64; x64) AppleWebKit/537.36 (KHTML, like Gecko) Chrome/145.0.0.0 Safari/537.36 (compatible; meta-externalagent/1.1 (+https://developers.facebook.com/docs/sharing/webmasters/crawler))" "-"
74.7.242.0 - - [12/Aug/2026:00:35:18 +0200] "GET /?fileloc=//usr/bin/tiff2ps&path=//usr/bin HTTP/1.1" 200 12227 cronicareinodearagon.com "http://cronicareinodearagon.com/?path=//usr/bin" "Mozilla/5.0 AppleWebKit/537.36 (KHTML, like Gecko; compatible; GPTBot/1.4; +https://openai.com/gptbot)" "-"
