216.73.217.0 - - [12/Aug/2026:01:21:03 +0200] "GET /shop/mypage/mail-magazine?fileloc=%2F%2Fkunden%2Fbin%2Ffree&path=%2F%2Fkunden%2Fbin HTTP/1.1" 200 12236 cronicareinodearagon.com "-" "Mozilla/5.0 AppleWebKit/537.36 (KHTML, like Gecko; compatible; ClaudeBot/1.0; +claudebot@anthropic.com)" "-"
2a03:2880:f800:: - - [12/Aug/2026:01:21:04 +0200] "GET /?shop/items/Q8625862585/ HTTP/1.1" 429 267 cronicareinodearagon.com "-" "Mozilla/5.0 (Windows NT 10.0; Win64; x64) AppleWebKit/537.36 (KHTML, like Gecko) Chrome/145.0.0.0 Safari/537.36 (compatible; meta-externalagent/1.1 (+https://developers.facebook.com/docs/sharing/webmasters/crawler))" "-"
114.119.142.0 - - [12/Aug/2026:01:21:04 +0200] "GET /politica/el-gobierno-impulsa-el-aumento-de-jueces-especializados-en-violencia-de-genero-en-un-50/?path=/homepages/20/d917057205/htdocs/clickandbuilds/CronicaReinodeAragon/.metadata HTTP/1.1" 200 16477 cronicareinodearagon.com "https://cronicareinodearagon.com/politica/el-gobierno-impulsa-el-aumento-de-jueces-especializados-en-violencia-de-genero-en-un-50/" "Mozilla/5.0 (Linux; Android 7.0;) AppleWebKit/537.36 (HTML, like Gecko) Mobile Safari/537.36 (compatible; PetalBot;+https://webmaster.petalsearch.com/site/petalbot)" "-"
2a03:2880:f800:: - - [12/Aug/2026:01:21:07 +0200] "GET /?shop/items/W91750177767/ HTTP/1.1" 429 267 cronicareinodearagon.com "-" "Mozilla/5.0 (Macintosh; Intel Mac OS X 10_15_7) AppleWebKit/537.36 (KHTML, like Gecko) Chrome/145.0.0.0 Safari/537.36 (compatible; meta-externalagent/1.1 (+https://developers.facebook.com/docs/sharing/webmasters/crawler))" "-"
216.73.217.0 - - [12/Aug/2026:01:21:08 +0200] "GET /shop/mypage/mail-magazine?fileloc=%2F%2Fkunden%2Fbin%2Fzgrep&path=%2F%2Fkunden%2Fbin HTTP/1.1" 200 21316 cronicareinodearagon.com "-" "Mozilla/5.0 AppleWebKit/537.36 (KHTML, like Gecko; compatible; ClaudeBot/1.0; +claudebot@anthropic.com)" "-"
2a03:2880:f800:: - - [12/Aug/2026:01:21:09 +0200] "GET /?shop/items/Y26882119515/ HTTP/1.1" 429 267 cronicareinodearagon.com "-" "Mozilla/5.0 (Windows NT 10.0; Win64; x64) AppleWebKit/537.36 (KHTML, like Gecko) Chrome/145.0.0.0 Safari/537.36 (compatible; meta-externalagent/1.1 (+https://developers.facebook.com/docs/sharing/webmasters/crawler))" "-"
2a03:2880:f800:: - - [12/Aug/2026:01:21:10 +0200] "GET /?shop/items/I80088255524/ HTTP/1.1" 429 267 cronicareinodearagon.com "-" "Mozilla/5.0 (Windows NT 10.0; Win64; x64) AppleWebKit/537.36 (KHTML, like Gecko) Chrome/145.0.0.0 Safari/537.36 (compatible; meta-externalagent/1.1 (+https://developers.facebook.com/docs/sharing/webmasters/crawler))" "-"
66.249.65.0 - - [12/Aug/2026:01:21:10 +0200] "GET /?shop/items/I8008849780/ HTTP/1.1" 200 61671 cronicareinodearagon.com "-" "Mozilla/5.0 (Linux; Android 6.0.1; Nexus 5X Build/MMB29P) AppleWebKit/537.36 (KHTML, like Gecko) Chrome/150.0.7871.186 Mobile Safari/537.36 (compatible; Googlebot/2.1; +http://www.google.com/bot.html)" "-"
2a03:2880:f800:: - - [12/Aug/2026:01:21:11 +0200] "GET /?shop/items/I80088273744/ HTTP/1.1" 429 267 cronicareinodearagon.com "-" "Mozilla/5.0 (Macintosh; Intel Mac OS X 10_15_7) AppleWebKit/537.36 (KHTML, like Gecko) Chrome/145.0.0.0 Safari/537.36 (compatible; meta-externalagent/1.1 (+https://developers.facebook.com/docs/sharing/webmasters/crawler))" "-"
2a03:2880:f800:: - - [12/Aug/2026:01:21:12 +0200] "GET /?shop/items/G38512229399/ HTTP/1.1" 429 267 cronicareinodearagon.com "-" "Mozilla/5.0 (Windows NT 10.0; Win64; x64) AppleWebKit/537.36 (KHTML, like Gecko) Chrome/145.0.0.0 Safari/537.36 (compatible; meta-externalagent/1.1 (+https://developers.facebook.com/docs/sharing/webmasters/crawler))" "-"
2a03:2880:f800:: - - [12/Aug/2026:01:21:13 +0200] "GET /?shop/items/I4953842130/ HTTP/1.1" 429 267 cronicareinodearagon.com "-" "Mozilla/5.0 (Windows NT 10.0; Win64; x64) AppleWebKit/537.36 (KHTML, like Gecko) Chrome/145.0.0.0 Safari/537.36 (compatible; meta-externalagent/1.1 (+https://developers.facebook.com/docs/sharing/webmasters/crawler))" "-"
216.73.217.0 - - [12/Aug/2026:01:21:13 +0200] "GET /shop/mypage/mail-magazine?fileloc=%2F%2Fkunden%2Fbin%2FHEAD&path=%2F%2Fkunden%2Fbin HTTP/1.1" 200 29571 cronicareinodearagon.com "-" "Mozilla/5.0 AppleWebKit/537.36 (KHTML, like Gecko; compatible; ClaudeBot/1.0; +claudebot@anthropic.com)" "-"
216.73.217.0 - - [12/Aug/2026:01:21:18 +0200] "GET /shop/mypage/mail-magazine?fileloc=%2F%2Fkunden%2Fbin%2Fjoe&path=%2F%2Fkunden%2Fbin HTTP/1.1" 200 12235 cronicareinodearagon.com "-" "Mozilla/5.0 AppleWebKit/537.36 (KHTML, like Gecko; compatible; ClaudeBot/1.0; +claudebot@anthropic.com)" "-"
2a03:2880:f800:: - - [12/Aug/2026:01:21:19 +0200] "GET /?shop/items/I80088128322/ HTTP/1.1" 429 267 cronicareinodearagon.com "-" "Mozilla/5.0 (Windows NT 10.0; Win64; x64) AppleWebKit/537.36 (KHTML, like Gecko) Chrome/145.0.0.0 Safari/537.36 (compatible; meta-externalagent/1.1 (+https://developers.facebook.com/docs/sharing/webmasters/crawler))" "-"
2a03:2880:f800:: - - [12/Aug/2026:01:21:20 +0200] "GET /?shop/items/I8008879158/ HTTP/1.1" 429 267 cronicareinodearagon.com "-" "Mozilla/5.0 (X11; Linux x86_64) AppleWebKit/537.36 (KHTML, like Gecko) Chrome/145.0.0.0 Safari/537.36 (compatible; meta-externalagent/1.1 (+https://developers.facebook.com/docs/sharing/webmasters/crawler))" "-"
2a03:2880:f800:: - - [12/Aug/2026:01:21:21 +0200] "GET /?shop/items/G3851241941/ HTTP/1.1" 429 267 cronicareinodearagon.com "-" "Mozilla/5.0 (Windows NT 10.0; Win64; x64) AppleWebKit/537.36 (KHTML, like Gecko) Chrome/145.0.0.0 Safari/537.36 (compatible; meta-externalagent/1.1 (+https://developers.facebook.com/docs/sharing/webmasters/crawler))" "-"
2a03:2880:f800:: - - [12/Aug/2026:01:21:23 +0200] "GET /?shop/items/Q86258234018/ HTTP/1.1" 429 267 cronicareinodearagon.com "-" "Mozilla/5.0 (Windows NT 10.0; Win64; x64) AppleWebKit/537.36 (KHTML, like Gecko) Chrome/145.0.0.0 Safari/537.36 (compatible; meta-externalagent/1.1 (+https://developers.facebook.com/docs/sharing/webmasters/crawler))" "-"
216.73.217.0 - - [12/Aug/2026:01:21:23 +0200] "GET /shop/mypage/mail-magazine?fileloc=%2F%2Fkunden%2Fbin%2Fppmtoyuvsplit&path=%2F%2Fkunden%2Fbin HTTP/1.1" 200 12245 cronicareinodearagon.com "-" "Mozilla/5.0 AppleWebKit/537.36 (KHTML, like Gecko; compatible; ClaudeBot/1.0; +claudebot@anthropic.com)" "-"
2a03:2880:f800:: - - [12/Aug/2026:01:21:25 +0200] "GET /?shop/items/Q862589890/ HTTP/1.1" 429 267 cronicareinodearagon.com "-" "Mozilla/5.0 (Windows NT 10.0; Win64; x64) AppleWebKit/537.36 (KHTML, like Gecko) Chrome/145.0.0.0 Safari/537.36 (compatible; meta-externalagent/1.1 (+https://developers.facebook.com/docs/sharing/webmasters/crawler))" "-"
66.249.65.0 - - [12/Aug/2026:01:21:25 +0200] "GET /?shop/items/G38512129513/ HTTP/1.1" 200 61671 cronicareinodearagon.com "-" "Mozilla/5.0 (Linux; Android 6.0.1; Nexus 5X Build/MMB29P) AppleWebKit/537.36 (KHTML, like Gecko) Chrome/150.0.7871.186 Mobile Safari/537.36 (compatible; GoogleOther)" "-"
2a03:2880:f800:: - - [12/Aug/2026:01:21:28 +0200] "GET /?shop/items/W91750281137/ HTTP/1.1" 429 267 cronicareinodearagon.com "-" "Mozilla/5.0 (Windows NT 10.0; Win64; x64) AppleWebKit/537.36 (KHTML, like Gecko) Chrome/145.0.0.0 Safari/537.36 (compatible; meta-externalagent/1.1 (+https://developers.facebook.com/docs/sharing/webmasters/crawler))" "-"
216.73.217.0 - - [12/Aug/2026:01:21:28 +0200] "GET /shop/mypage/mail-magazine?fileloc=%2F%2Fkunden%2Fbin%2Fgcc-ar&path=%2F%2Fkunden%2Fbin HTTP/1.1" 200 12238 cronicareinodearagon.com "-" "Mozilla/5.0 AppleWebKit/537.36 (KHTML, like Gecko; compatible; ClaudeBot/1.0; +claudebot@anthropic.com)" "-"
2a03:2880:f800:: - - [12/Aug/2026:01:21:29 +0200] "GET /?shop/items/Y26882196787/ HTTP/1.1" 429 267 cronicareinodearagon.com "-" "Mozilla/5.0 (Macintosh; Intel Mac OS X 10_15_7) AppleWebKit/537.36 (KHTML, like Gecko) Chrome/145.0.0.0 Safari/537.36 (compatible; meta-externalagent/1.1 (+https://developers.facebook.com/docs/sharing/webmasters/crawler))" "-"
66.249.65.0 - - [12/Aug/2026:01:21:30 +0200] "GET /?shop/items/G3851246322/ HTTP/1.1" 200 61671 cronicareinodearagon.com "-" "Mozilla/5.0 (Linux; Android 6.0.1; Nexus 5X Build/MMB29P) AppleWebKit/537.36 (KHTML, like Gecko) Chrome/150.0.7871.186 Mobile Safari/537.36 (compatible; Googlebot/2.1; +http://www.google.com/bot.html)" "-"
216.73.217.0 - - [12/Aug/2026:01:21:33 +0200] "GET /shop/mypage/mail-magazine?fileloc=%2Fhomepages%2F20%2Fd917057205%2Fhtdocs%2Fclickandbuilds%2FCronicaReinodeAragon%2Fwp-admin%2Fjs%2Fgallery.min.js&path=%2Fhomepages%2F20%2Fd917057205%2Fhtdocs%2Fclickandbuilds%2FCronicaReinodeAragon%2Fwp-admin%2Fjs HTTP/1.1" 200 17771 cronicareinodearagon.com "-" "Mozilla/5.0 AppleWebKit/537.36 (KHTML, like Gecko; compatible; ClaudeBot/1.0; +claudebot@anthropic.com)" "-"
216.73.217.0 - - [12/Aug/2026:01:21:38 +0200] "GET /shop/mypage/mail-magazine?fileloc=%2Fhomepages%2F20%2Fd917057205%2Fhtdocs%2Fclickandbuilds%2FCronicaReinodeAragon%2Fwp-admin%2Fjs%2Fsvg-painter.min.js&path=%2Fhomepages%2F20%2Fd917057205%2Fhtdocs%2Fclickandbuilds%2FCronicaReinodeAragon%2Fwp-admin%2Fjs HTTP/1.1" 200 14772 cronicareinodearagon.com "-" "Mozilla/5.0 AppleWebKit/537.36 (KHTML, like Gecko; compatible; ClaudeBot/1.0; +claudebot@anthropic.com)" "-"
216.73.217.0 - - [12/Aug/2026:01:21:43 +0200] "GET /shop/mypage/mail-magazine?fileloc=%2F%2Fkunden%2Fbin%2Fmariadb-import&path=%2F%2Fkunden%2Fbin HTTP/1.1" 200 12246 cronicareinodearagon.com "-" "Mozilla/5.0 AppleWebKit/537.36 (KHTML, like Gecko; compatible; ClaudeBot/1.0; +claudebot@anthropic.com)" "-"
2a03:2880:f800:: - - [12/Aug/2026:01:21:45 +0200] "GET /?shop/items/P52561246142/ HTTP/1.1" 429 267 cronicareinodearagon.com "-" "Mozilla/5.0 (Windows NT 10.0; Win64; x64) AppleWebKit/537.36 (KHTML, like Gecko) Chrome/145.0.0.0 Safari/537.36 (compatible; meta-externalagent/1.1 (+https://developers.facebook.com/docs/sharing/webmasters/crawler))" "-"
216.73.217.0 - - [12/Aug/2026:01:21:48 +0200] "GET /shop/mypage/mail-magazine?fileloc=%2F%2Fkunden%2Fbin%2Fnewgrp&path=%2F%2Fkunden%2Fbin HTTP/1.1" 200 12238 cronicareinodearagon.com "-" "Mozilla/5.0 AppleWebKit/537.36 (KHTML, like Gecko; compatible; ClaudeBot/1.0; +claudebot@anthropic.com)" "-"
66.249.65.0 - - [12/Aug/2026:01:21:52 +0200] "GET /?shop/items/S40474279580/ HTTP/1.1" 200 61671 cronicareinodearagon.com "-" "Mozilla/5.0 (Linux; Android 6.0.1; Nexus 5X Build/MMB29P) AppleWebKit/537.36 (KHTML, like Gecko) Chrome/150.0.7871.186 Mobile Safari/537.36 (compatible; Googlebot/2.1; +http://www.google.com/bot.html)" "-"
216.73.217.0 - - [12/Aug/2026:01:21:53 +0200] "GET /shop/contents/malwil_begin?fileloc=%2Fhomepages%2F35%2Fd825636768%2Fhtaccesslist&path=%2Fhomepages%2F35%2Fd825636768 HTTP/1.1" 200 12317 cronicareinodearagon.com "-" "Mozilla/5.0 AppleWebKit/537.36 (KHTML, like Gecko; compatible; ClaudeBot/1.0; +claudebot@anthropic.com)" "-"
216.73.217.0 - - [12/Aug/2026:01:21:58 +0200] "GET /shop/contents/malwil_begin?fileloc=%2Fhomepages%2F36%2Fd824679426%2F.htaccess&path=%2Fhomepages%2F36%2Fd824679426 HTTP/1.1" 200 12314 cronicareinodearagon.com "-" "Mozilla/5.0 AppleWebKit/537.36 (KHTML, like Gecko; compatible; ClaudeBot/1.0; +claudebot@anthropic.com)" "-"
162.14.66.0 - - [12/Aug/2026:01:21:59 +0200] "GET / HTTP/1.1" 200 336 cronicadegranada.com "-" "Mozilla/5.0 (iPhone; CPU iPhone OS 13_2_3 like Mac OS X) AppleWebKit/605.1.15 (KHTML, like Gecko) Version/13.0.3 Mobile/15E148 Safari/604.1" "-"
216.73.217.0 - - [12/Aug/2026:01:22:03 +0200] "GET /shop/mypage/mail-magazine?fileloc=%2F%2Fkunden%2Fbin%2Fdpkg-genbuildinfo&path=%2F%2Fkunden%2Fbin HTTP/1.1" 200 30187 cronicareinodearagon.com "-" "Mozilla/5.0 AppleWebKit/537.36 (KHTML, like Gecko; compatible; ClaudeBot/1.0; +claudebot@anthropic.com)" "-"
2a03:2880:f800:: - - [12/Aug/2026:01:22:07 +0200] "GET /?shop/items/A63076161801/ HTTP/1.1" 200 61671 cronicareinodearagon.com "-" "Mozilla/5.0 (Windows NT 10.0; Win64; x64) AppleWebKit/537.36 (KHTML, like Gecko) Chrome/145.0.0.0 Safari/537.36 (compatible; meta-externalagent/1.1 (+https://developers.facebook.com/docs/sharing/webmasters/crawler))" "-"
216.73.217.0 - - [12/Aug/2026:01:22:08 +0200] "GET /shop/mypage/mail-magazine?fileloc=%2F%2Fkunden%2Fbin%2Fpnmcrop&path=%2F%2Fkunden%2Fbin HTTP/1.1" 200 12239 cronicareinodearagon.com "-" "Mozilla/5.0 AppleWebKit/537.36 (KHTML, like Gecko; compatible; ClaudeBot/1.0; +claudebot@anthropic.com)" "-"
216.73.217.0 - - [12/Aug/2026:01:22:13 +0200] "GET /shop/contents/malwil_begin?fileloc=%2Fhomepages%2F36%2Fd824679426%2Fphpinilist&path=%2Fhomepages%2F36%2Fd824679426 HTTP/1.1" 200 12315 cronicareinodearagon.com "-" "Mozilla/5.0 AppleWebKit/537.36 (KHTML, like Gecko; compatible; ClaudeBot/1.0; +claudebot@anthropic.com)" "-"
216.73.217.0 - - [12/Aug/2026:01:22:18 +0200] "GET /shop/contents/shipping?fileloc=%2Fhomepages%2F7%2Fd827821347%2FDASTOOLSTART&path=%2Fhomepages%2F7%2Fd827821347 HTTP/1.1" 200 12313 cronicareinodearagon.com "-" "Mozilla/5.0 AppleWebKit/537.36 (KHTML, like Gecko; compatible; ClaudeBot/1.0; +claudebot@anthropic.com)" "-"
66.249.65.0 - - [12/Aug/2026:01:22:19 +0200] "GET /?shop/items/Y26882279644/ HTTP/1.1" 200 61671 cronicareinodearagon.com "-" "Mozilla/5.0 (Linux; Android 6.0.1; Nexus 5X Build/MMB29P) AppleWebKit/537.36 (KHTML, like Gecko) Chrome/150.0.7871.186 Mobile Safari/537.36 (compatible; Googlebot/2.1; +http://www.google.com/bot.html)" "-"
66.249.65.0 - - [12/Aug/2026:01:22:21 +0200] "GET /?shop/items/S4710491115/ HTTP/1.1" 200 61671 cronicareinodearagon.com "-" "Mozilla/5.0 (Linux; Android 6.0.1; Nexus 5X Build/MMB29P) AppleWebKit/537.36 (KHTML, like Gecko) Chrome/150.0.7871.186 Mobile Safari/537.36 (compatible; Googlebot/2.1; +http://www.google.com/bot.html)" "-"
216.73.217.0 - - [12/Aug/2026:01:22:23 +0200] "GET /shop/mypage/mail-magazine?fileloc=%2F%2Fkunden%2Fbin%2Fnslookup&path=%2F%2Fkunden%2Fbin HTTP/1.1" 200 12240 cronicareinodearagon.com "-" "Mozilla/5.0 AppleWebKit/537.36 (KHTML, like Gecko; compatible; ClaudeBot/1.0; +claudebot@anthropic.com)" "-"
66.249.65.0 - - [12/Aug/2026:01:22:23 +0200] "GET /products.php?sitemap446.xml HTTP/1.1" 200 590149 cronicareinodearagon.com "-" "Mozilla/5.0 (compatible; Googlebot/2.1; +http://www.google.com/bot.html)" "-"
2a03:2880:f800:: - - [12/Aug/2026:01:22:25 +0200] "GET /?shop/items/W9175075389/ HTTP/1.1" 200 61671 cronicareinodearagon.com "-" "Mozilla/5.0 (Windows NT 10.0; Win64; x64) AppleWebKit/537.36 (KHTML, like Gecko) Chrome/145.0.0.0 Safari/537.36 (compatible; meta-externalagent/1.1 (+https://developers.facebook.com/docs/sharing/webmasters/crawler))" "-"
2a03:2880:f800:: - - [12/Aug/2026:01:22:26 +0200] "GET /?shop/items/Y26882132447/ HTTP/1.1" 200 61671 cronicareinodearagon.com "-" "Mozilla/5.0 (Windows NT 10.0; Win64; x64) AppleWebKit/537.36 (KHTML, like Gecko) Chrome/145.0.0.0 Safari/537.36 (compatible; meta-externalagent/1.1 (+https://developers.facebook.com/docs/sharing/webmasters/crawler))" "-"
66.249.65.0 - - [12/Aug/2026:01:22:27 +0200] "GET /?shop/items/S47104119065/ HTTP/1.1" 200 61671 cronicareinodearagon.com "-" "Mozilla/5.0 (Linux; Android 6.0.1; Nexus 5X Build/MMB29P) AppleWebKit/537.36 (KHTML, like Gecko) Chrome/150.0.7871.186 Mobile Safari/537.36 (compatible; Googlebot/2.1; +http://www.google.com/bot.html)" "-"
216.73.217.0 - - [12/Aug/2026:01:22:28 +0200] "GET /shop/mypage/mail-magazine?fileloc=%2F%2Fkunden%2Fbin%2Fsirtopnm&path=%2F%2Fkunden%2Fbin HTTP/1.1" 200 12240 cronicareinodearagon.com "-" "Mozilla/5.0 AppleWebKit/537.36 (KHTML, like Gecko; compatible; ClaudeBot/1.0; +claudebot@anthropic.com)" "-"
2a03:2880:f800:: - - [12/Aug/2026:01:22:30 +0200] "GET /?class/1983-8008800091.html HTTP/1.1" 200 61671 cronicareinodearagon.com "-" "Mozilla/5.0 (Windows NT 10.0; Win64; x64) AppleWebKit/537.36 (KHTML, like Gecko) Chrome/145.0.0.0 Safari/537.36 (compatible; meta-externalagent/1.1 (+https://developers.facebook.com/docs/sharing/webmasters/crawler))" "-"
216.73.217.0 - - [12/Aug/2026:01:22:33 +0200] "GET /shop/mypage/mail-magazine?fileloc=%2F%2Fkunden%2Fbin%2Fpbmtopgm&path=%2F%2Fkunden%2Fbin HTTP/1.1" 200 12240 cronicareinodearagon.com "-" "Mozilla/5.0 AppleWebKit/537.36 (KHTML, like Gecko; compatible; ClaudeBot/1.0; +claudebot@anthropic.com)" "-"
216.73.217.0 - - [12/Aug/2026:01:22:38 +0200] "GET /shop/mypage/mail-magazine?fileloc=%2F%2Fkunden%2Fbin%2Fpbmtobbnbg&path=%2F%2Fkunden%2Fbin HTTP/1.1" 200 12242 cronicareinodearagon.com "-" "Mozilla/5.0 AppleWebKit/537.36 (KHTML, like Gecko; compatible; ClaudeBot/1.0; +claudebot@anthropic.com)" "-"
43.153.12.0 - - [12/Aug/2026:01:22:39 +0200] "GET / HTTP/1.1" 200 336 cronicadejaen.com "-" "Mozilla/5.0 (iPhone; CPU iPhone OS 13_2_3 like Mac OS X) AppleWebKit/605.1.15 (KHTML, like Gecko) Version/13.0.3 Mobile/15E148 Safari/604.1" "-"
66.249.65.0 - - [12/Aug/2026:01:22:41 +0200] "GET /?shop/items/I49538199942/ HTTP/1.1" 200 61671 cronicareinodearagon.com "-" "Mozilla/5.0 (Linux; Android 6.0.1; Nexus 5X Build/MMB29P) AppleWebKit/537.36 (KHTML, like Gecko) Chrome/150.0.7871.186 Mobile Safari/537.36 (compatible; Googlebot/2.1; +http://www.google.com/bot.html)" "-"
66.249.65.0 - - [12/Aug/2026:01:22:43 +0200] "GET /?shop/items/Y2688288870/ HTTP/1.1" 200 61671 cronicareinodearagon.com "-" "Mozilla/5.0 (Linux; Android 6.0.1; Nexus 5X Build/MMB29P) AppleWebKit/537.36 (KHTML, like Gecko) Chrome/150.0.7871.186 Mobile Safari/537.36 (compatible; Googlebot/2.1; +http://www.google.com/bot.html)" "-"
216.73.217.0 - - [12/Aug/2026:01:22:43 +0200] "GET /shop/mypage/mail-magazine?fileloc=%2F%2Fkunden%2Fbin%2Fpbmtoepsi&path=%2F%2Fkunden%2Fbin HTTP/1.1" 429 267 cronicareinodearagon.com "-" "Mozilla/5.0 AppleWebKit/537.36 (KHTML, like Gecko; compatible; ClaudeBot/1.0; +claudebot@anthropic.com)" "-"
2a03:2880:f800:: - - [12/Aug/2026:01:22:47 +0200] "GET /?shop/items/G38512191893/ HTTP/1.1" 200 61671 cronicareinodearagon.com "-" "Mozilla/5.0 (Windows NT 10.0; Win64; x64) AppleWebKit/537.36 (KHTML, like Gecko) Chrome/145.0.0.0 Safari/537.36 (compatible; meta-externalagent/1.1 (+https://developers.facebook.com/docs/sharing/webmasters/crawler))" "-"
216.73.217.0 - - [12/Aug/2026:01:22:48 +0200] "GET /shop/mypage/mail-magazine?fileloc=%2F%2Fkunden%2Fbin%2Fpnmremap&path=%2F%2Fkunden%2Fbin HTTP/1.1" 429 267 cronicareinodearagon.com "-" "Mozilla/5.0 AppleWebKit/537.36 (KHTML, like Gecko; compatible; ClaudeBot/1.0; +claudebot@anthropic.com)" "-"
2a03:2880:f800:: - - [12/Aug/2026:01:22:52 +0200] "GET /?shop/items/P5256122575/ HTTP/1.1" 200 61671 cronicareinodearagon.com "-" "Mozilla/5.0 (Windows NT 10.0; Win64; x64) AppleWebKit/537.36 (KHTML, like Gecko) Chrome/145.0.0.0 Safari/537.36 (compatible; meta-externalagent/1.1 (+https://developers.facebook.com/docs/sharing/webmasters/crawler))" "-"
216.73.217.0 - - [12/Aug/2026:01:22:53 +0200] "GET /shop/mypage/mail-magazine?fileloc=%2F%2Fkunden%2Fbin%2Fgsdj500&path=%2F%2Fkunden%2Fbin HTTP/1.1" 429 267 cronicareinodearagon.com "-" "Mozilla/5.0 AppleWebKit/537.36 (KHTML, like Gecko; compatible; ClaudeBot/1.0; +claudebot@anthropic.com)" "-"
66.249.65.0 - - [12/Aug/2026:01:22:55 +0200] "GET /?shop/items/W91750238289/ HTTP/1.1" 200 61671 cronicareinodearagon.com "-" "Mozilla/5.0 (Linux; Android 6.0.1; Nexus 5X Build/MMB29P) AppleWebKit/537.36 (KHTML, like Gecko) Chrome/150.0.7871.186 Mobile Safari/537.36 (compatible; Googlebot/2.1; +http://www.google.com/bot.html)" "-"
216.73.217.0 - - [12/Aug/2026:01:22:58 +0200] "GET /shop/mypage/mail-magazine?fileloc=%2F%2Fkunden%2Fbin%2Fybmtopbm&path=%2F%2Fkunden%2Fbin HTTP/1.1" 429 267 cronicareinodearagon.com "-" "Mozilla/5.0 AppleWebKit/537.36 (KHTML, like Gecko; compatible; ClaudeBot/1.0; +claudebot@anthropic.com)" "-"
66.249.65.0 - - [12/Aug/2026:01:23:01 +0200] "GET /?shop/items/I80088201660/ HTTP/1.1" 200 61671 cronicareinodearagon.com "-" "Mozilla/5.0 (Linux; Android 6.0.1; Nexus 5X Build/MMB29P) AppleWebKit/537.36 (KHTML, like Gecko) Chrome/150.0.7871.186 Mobile Safari/537.36 (compatible; Googlebot/2.1; +http://www.google.com/bot.html)" "-"
216.73.217.0 - - [12/Aug/2026:01:23:03 +0200] "GET /shop/mypage/mail-magazine?fileloc=%2F%2Fkunden%2Fbin%2Fdb_recover&path=%2F%2Fkunden%2Fbin HTTP/1.1" 429 267 cronicareinodearagon.com "-" "Mozilla/5.0 AppleWebKit/537.36 (KHTML, like Gecko; compatible; ClaudeBot/1.0; +claudebot@anthropic.com)" "-"
2a03:2880:f800:: - - [12/Aug/2026:01:23:04 +0200] "GET /?shop/items/G385123022/ HTTP/1.1" 200 61671 cronicareinodearagon.com "-" "Mozilla/5.0 (X11; Linux x86_64) AppleWebKit/537.36 (KHTML, like Gecko) Chrome/145.0.0.0 Safari/537.36 (compatible; meta-externalagent/1.1 (+https://developers.facebook.com/docs/sharing/webmasters/crawler))" "-"
66.249.65.0 - - [12/Aug/2026:01:23:05 +0200] "GET /?shop/items/W9175054401/ HTTP/1.1" 200 61671 cronicareinodearagon.com "-" "Mozilla/5.0 (Linux; Android 6.0.1; Nexus 5X Build/MMB29P) AppleWebKit/537.36 (KHTML, like Gecko) Chrome/150.0.7871.186 Mobile Safari/537.36 (compatible; Googlebot/2.1; +http://www.google.com/bot.html)" "-"
66.249.65.0 - - [12/Aug/2026:01:23:07 +0200] "GET /?shop/items/I49538147137/ HTTP/1.1" 200 61671 cronicareinodearagon.com "-" "Mozilla/5.0 (Linux; Android 6.0.1; Nexus 5X Build/MMB29P) AppleWebKit/537.36 (KHTML, like Gecko) Chrome/150.0.7871.186 Mobile Safari/537.36 (compatible; GoogleOther)" "-"
216.73.217.0 - - [12/Aug/2026:01:23:08 +0200] "GET /shop/mypage/mail-magazine?fileloc=%2F%2Fkunden%2Fbin%2Fgeqn&path=%2F%2Fkunden%2Fbin HTTP/1.1" 429 267 cronicareinodearagon.com "-" "Mozilla/5.0 AppleWebKit/537.36 (KHTML, like Gecko; compatible; ClaudeBot/1.0; +claudebot@anthropic.com)" "-"
2a03:2880:f800:: - - [12/Aug/2026:01:23:10 +0200] "GET /?shop/items/I80088268814/ HTTP/1.1" 200 61671 cronicareinodearagon.com "-" "Mozilla/5.0 (Windows NT 10.0; Win64; x64) AppleWebKit/537.36 (KHTML, like Gecko) Chrome/145.0.0.0 Safari/537.36 Edg/145.0.0.0 (compatible; meta-externalagent/1.1 (+https://developers.facebook.com/docs/sharing/webmasters/crawler))" "-"
66.249.65.0 - - [12/Aug/2026:01:23:11 +0200] "GET /?shop/items/I80088183605/ HTTP/1.1" 200 61671 cronicareinodearagon.com "-" "Mozilla/5.0 (Linux; Android 6.0.1; Nexus 5X Build/MMB29P) AppleWebKit/537.36 (KHTML, like Gecko) Chrome/150.0.7871.186 Mobile Safari/537.36 (compatible; Googlebot/2.1; +http://www.google.com/bot.html)" "-"
216.73.217.0 - - [12/Aug/2026:01:23:13 +0200] "GET /shop/commodity/ordered-list/SIEI1551D/I03839DU00014?fileloc=%2Fhomepages%2F20%2Fd917057205%2Fhtdocs%2Frobots.txt&path=%2Fhomepages%2F20%2Fd917057205%2Fhtdocs HTTP/1.1" 429 267 cronicareinodearagon.com "-" "Mozilla/5.0 AppleWebKit/537.36 (KHTML, like Gecko; compatible; ClaudeBot/1.0; +claudebot@anthropic.com)" "-"
2a03:2880:f800:: - - [12/Aug/2026:01:23:13 +0200] "GET /?shop/items/P5256124291/ HTTP/1.1" 200 61671 cronicareinodearagon.com "-" "Mozilla/5.0 (Macintosh; Intel Mac OS X 10_15_7) AppleWebKit/537.36 (KHTML, like Gecko) Chrome/145.0.0.0 Safari/537.36 (compatible; meta-externalagent/1.1 (+https://developers.facebook.com/docs/sharing/webmasters/crawler))" "-"
66.249.65.0 - - [12/Aug/2026:01:23:15 +0200] "GET /?shop/items/G3851243479/ HTTP/1.1" 200 61671 cronicareinodearagon.com "-" "Mozilla/5.0 (Linux; Android 6.0.1; Nexus 5X Build/MMB29P) AppleWebKit/537.36 (KHTML, like Gecko) Chrome/150.0.7871.186 Mobile Safari/537.36 (compatible; Googlebot/2.1; +http://www.google.com/bot.html)" "-"
66.249.65.0 - - [12/Aug/2026:01:23:17 +0200] "GET /?shop/items/I4953835169/ HTTP/1.1" 200 61671 cronicareinodearagon.com "-" "Mozilla/5.0 (Linux; Android 6.0.1; Nexus 5X Build/MMB29P) AppleWebKit/537.36 (KHTML, like Gecko) Chrome/150.0.7871.186 Mobile Safari/537.36 (compatible; Googlebot/2.1; +http://www.google.com/bot.html)" "-"
216.73.217.0 - - [12/Aug/2026:01:23:18 +0200] "GET /shop/mypage/mail-magazine?fileloc=%2F%2Fkunden%2Fbin%2Fpnmnlfilt&path=%2F%2Fkunden%2Fbin HTTP/1.1" 429 267 cronicareinodearagon.com "-" "Mozilla/5.0 AppleWebKit/537.36 (KHTML, like Gecko; compatible; ClaudeBot/1.0; +claudebot@anthropic.com)" "-"
2a03:2880:f800:: - - [12/Aug/2026:01:23:19 +0200] "GET /?shop/items/W9175054342/ HTTP/1.1" 200 61671 cronicareinodearagon.com "-" "Mozilla/5.0 (Macintosh; Intel Mac OS X 10_15_7) AppleWebKit/537.36 (KHTML, like Gecko) Chrome/145.0.0.0 Safari/537.36 (compatible; meta-externalagent/1.1 (+https://developers.facebook.com/docs/sharing/webmasters/crawler))" "-"
66.249.65.0 - - [12/Aug/2026:01:23:23 +0200] "GET /?shop/items/S47104127940/ HTTP/1.1" 200 61671 cronicareinodearagon.com "-" "Mozilla/5.0 (Linux; Android 6.0.1; Nexus 5X Build/MMB29P) AppleWebKit/537.36 (KHTML, like Gecko) Chrome/150.0.7871.186 Mobile Safari/537.36 (compatible; Googlebot/2.1; +http://www.google.com/bot.html)" "-"
216.73.217.0 - - [12/Aug/2026:01:23:23 +0200] "GET /shop/mypage/mail-magazine?fileloc=%2F%2Fkunden%2Fbin%2Fpnmpsnr&path=%2F%2Fkunden%2Fbin HTTP/1.1" 429 267 cronicareinodearagon.com "-" "Mozilla/5.0 AppleWebKit/537.36 (KHTML, like Gecko; compatible; ClaudeBot/1.0; +claudebot@anthropic.com)" "-"
2a03:2880:f800:: - - [12/Aug/2026:01:23:23 +0200] "GET /?shop/items/I80088243967/ HTTP/1.1" 200 61671 cronicareinodearagon.com "-" "Mozilla/5.0 (Windows NT 10.0; Win64; x64) AppleWebKit/537.36 (KHTML, like Gecko) Chrome/145.0.0.0 Safari/537.36 (compatible; meta-externalagent/1.1 (+https://developers.facebook.com/docs/sharing/webmasters/crawler))" "-"
2a03:2880:f800:: - - [12/Aug/2026:01:23:26 +0200] "GET /?shop/items/Q8625864429/ HTTP/1.1" 200 61671 cronicareinodearagon.com "-" "Mozilla/5.0 (X11; Linux x86_64) AppleWebKit/537.36 (KHTML, like Gecko) Chrome/145.0.0.0 Safari/537.36 (compatible; meta-externalagent/1.1 (+https://developers.facebook.com/docs/sharing/webmasters/crawler))" "-"
66.249.65.0 - - [12/Aug/2026:01:23:27 +0200] "GET /?shop/items/Q86258243748/ HTTP/1.1" 200 61671 cronicareinodearagon.com "-" "Mozilla/5.0 (Linux; Android 6.0.1; Nexus 5X Build/MMB29P) AppleWebKit/537.36 (KHTML, like Gecko) Chrome/150.0.7871.186 Mobile Safari/537.36 (compatible; Googlebot/2.1; +http://www.google.com/bot.html)" "-"
216.73.217.0 - - [12/Aug/2026:01:23:28 +0200] "GET /shop/mypage/mail-magazine?fileloc=%2F%2Fkunden%2Fbin%2Fpbmtoybm&path=%2F%2Fkunden%2Fbin HTTP/1.1" 429 267 cronicareinodearagon.com "-" "Mozilla/5.0 AppleWebKit/537.36 (KHTML, like Gecko; compatible; ClaudeBot/1.0; +claudebot@anthropic.com)" "-"
66.249.65.0 - - [12/Aug/2026:01:23:29 +0200] "GET /?shop/items/Y2688217447/ HTTP/1.1" 200 61671 cronicareinodearagon.com "-" "Mozilla/5.0 (Linux; Android 6.0.1; Nexus 5X Build/MMB29P) AppleWebKit/537.36 (KHTML, like Gecko) Chrome/150.0.7871.186 Mobile Safari/537.36 (compatible; Googlebot/2.1; +http://www.google.com/bot.html)" "-"
66.249.65.0 - - [12/Aug/2026:01:23:31 +0200] "GET /?shop/items/I8008871429/ HTTP/1.1" 200 61671 cronicareinodearagon.com "-" "Mozilla/5.0 (Linux; Android 6.0.1; Nexus 5X Build/MMB29P) AppleWebKit/537.36 (KHTML, like Gecko) Chrome/150.0.7871.186 Mobile Safari/537.36 (compatible; Googlebot/2.1; +http://www.google.com/bot.html)" "-"
2a03:2880:f800:: - - [12/Aug/2026:01:23:33 +0200] "GET /?shop/items/S40474216396/ HTTP/1.1" 200 61671 cronicareinodearagon.com "-" "Mozilla/5.0 (Macintosh; Intel Mac OS X 10_15_7) AppleWebKit/537.36 (KHTML, like Gecko) Chrome/145.0.0.0 Safari/537.36 (compatible; meta-externalagent/1.1 (+https://developers.facebook.com/docs/sharing/webmasters/crawler))" "-"
216.73.217.0 - - [12/Aug/2026:01:23:33 +0200] "GET /shop/commodity/ordered-list/SIEI1551D/I03839DU00014?fileloc=%2Fhomepages%2F20%2Fd917057205%2Fdistributor.lock&path=%2Fhomepages%2F20%2Fd917057205 HTTP/1.1" 429 267 cronicareinodearagon.com "-" "Mozilla/5.0 AppleWebKit/537.36 (KHTML, like Gecko; compatible; ClaudeBot/1.0; +claudebot@anthropic.com)" "-"
66.249.65.0 - - [12/Aug/2026:01:23:35 +0200] "GET /?shop/items/A63076130546/ HTTP/1.1" 200 61671 cronicareinodearagon.com "-" "Mozilla/5.0 (Linux; Android 6.0.1; Nexus 5X Build/MMB29P) AppleWebKit/537.36 (KHTML, like Gecko) Chrome/150.0.7871.186 Mobile Safari/537.36 (compatible; GoogleOther)" "-"
66.249.65.0 - - [12/Aug/2026:01:23:35 +0200] "GET /detail.php?shop/items/L9400199589/ HTTP/1.1" 200 204691 cronicareinodearagon.com "-" "Mozilla/5.0 (Linux; Android 6.0.1; Nexus 5X Build/MMB29P) AppleWebKit/537.36 (KHTML, like Gecko) Chrome/150.0.7871.186 Mobile Safari/537.36 (compatible; Googlebot/2.1; +http://www.google.com/bot.html)" "-"
2a03:2880:f800:: - - [12/Aug/2026:01:23:37 +0200] "GET /?shop/items/G38512185860/ HTTP/1.1" 200 61671 cronicareinodearagon.com "-" "Mozilla/5.0 (Windows NT 10.0; Win64; x64) AppleWebKit/537.36 (KHTML, like Gecko) Chrome/145.0.0.0 Safari/537.36 (compatible; meta-externalagent/1.1 (+https://developers.facebook.com/docs/sharing/webmasters/crawler))" "-"
2a03:2880:f800:: - - [12/Aug/2026:01:23:38 +0200] "GET /?shop/items/I8008849874/ HTTP/1.1" 200 61671 cronicareinodearagon.com "-" "Mozilla/5.0 (Windows NT 10.0; Win64; x64) AppleWebKit/537.36 (KHTML, like Gecko) Chrome/145.0.0.0 Safari/537.36 (compatible; meta-externalagent/1.1 (+https://developers.facebook.com/docs/sharing/webmasters/crawler))" "-"
216.73.217.0 - - [12/Aug/2026:01:23:38 +0200] "GET /shop/contents/malwil_begin?fileloc=%2Fhomepages%2F31%2Fd823505408%2F.htaccess&path=%2Fhomepages%2F31%2Fd823505408 HTTP/1.1" 429 267 cronicareinodearagon.com "-" "Mozilla/5.0 AppleWebKit/537.36 (KHTML, like Gecko; compatible; ClaudeBot/1.0; +claudebot@anthropic.com)" "-"
2a03:2880:f800:: - - [12/Aug/2026:01:23:38 +0200] "GET /?shop/items/G38512180255/ HTTP/1.1" 200 61671 cronicareinodearagon.com "-" "Mozilla/5.0 (Macintosh; Intel Mac OS X 10_15_7) AppleWebKit/537.36 (KHTML, like Gecko) Chrome/145.0.0.0 Safari/537.36 (compatible; meta-externalagent/1.1 (+https://developers.facebook.com/docs/sharing/webmasters/crawler))" "-"
66.249.65.0 - - [12/Aug/2026:01:23:39 +0200] "GET /?shop/items/I49538168181/ HTTP/1.1" 200 61671 cronicareinodearagon.com "-" "Mozilla/5.0 (Linux; Android 6.0.1; Nexus 5X Build/MMB29P) AppleWebKit/537.36 (KHTML, like Gecko) Chrome/150.0.7871.186 Mobile Safari/537.36 (compatible; Googlebot/2.1; +http://www.google.com/bot.html)" "-"
66.249.65.0 - - [12/Aug/2026:01:23:41 +0200] "GET /?shop/items/Q86258258766/ HTTP/1.1" 200 61671 cronicareinodearagon.com "-" "Mozilla/5.0 (Linux; Android 6.0.1; Nexus 5X Build/MMB29P) AppleWebKit/537.36 (KHTML, like Gecko) Chrome/150.0.7871.186 Mobile Safari/537.36 (compatible; Googlebot/2.1; +http://www.google.com/bot.html)" "-"
66.249.65.0 - - [12/Aug/2026:01:23:43 +0200] "GET /?shop/items/I8008817504/ HTTP/1.1" 200 61671 cronicareinodearagon.com "-" "Mozilla/5.0 (Linux; Android 6.0.1; Nexus 5X Build/MMB29P) AppleWebKit/537.36 (KHTML, like Gecko) Chrome/150.0.7871.186 Mobile Safari/537.36 (compatible; Googlebot/2.1; +http://www.google.com/bot.html)" "-"
2a03:2880:f800:: - - [12/Aug/2026:01:23:43 +0200] "GET /?shop/items/P52561146579/ HTTP/1.1" 200 61671 cronicareinodearagon.com "-" "Mozilla/5.0 (Windows NT 10.0; Win64; x64) AppleWebKit/537.36 (KHTML, like Gecko) Chrome/145.0.0.0 Safari/537.36 (compatible; meta-externalagent/1.1 (+https://developers.facebook.com/docs/sharing/webmasters/crawler))" "-"
66.249.65.0 - - [12/Aug/2026:01:23:47 +0200] "GET /?shop/items/Y2688255761/ HTTP/1.1" 200 61671 cronicareinodearagon.com "-" "Mozilla/5.0 (Linux; Android 6.0.1; Nexus 5X Build/MMB29P) AppleWebKit/537.36 (KHTML, like Gecko) Chrome/150.0.7871.186 Mobile Safari/537.36 (compatible; Googlebot/2.1; +http://www.google.com/bot.html)" "-"
2a03:2880:f800:: - - [12/Aug/2026:01:23:48 +0200] "GET /?shop/items/S4047439508/ HTTP/1.1" 200 61671 cronicareinodearagon.com "-" "Mozilla/5.0 (Windows NT 10.0; Win64; x64) AppleWebKit/537.36 (KHTML, like Gecko) Chrome/145.0.0.0 Safari/537.36 (compatible; meta-externalagent/1.1 (+https://developers.facebook.com/docs/sharing/webmasters/crawler))" "-"
66.249.65.0 - - [12/Aug/2026:01:23:48 +0200] "GET /?shop/items/S47104209776/ HTTP/1.1" 200 61671 cronicareinodearagon.com "-" "Mozilla/5.0 (Linux; Android 6.0.1; Nexus 5X Build/MMB29P) AppleWebKit/537.36 (KHTML, like Gecko) Chrome/150.0.7871.186 Mobile Safari/537.36 (compatible; Googlebot/2.1; +http://www.google.com/bot.html)" "-"
66.249.65.0 - - [12/Aug/2026:01:23:50 +0200] "GET /detail.php?shop/items/I1456878079/ HTTP/1.1" 200 201358 cronicareinodearagon.com "-" "Mozilla/5.0 (Linux; Android 6.0.1; Nexus 5X Build/MMB29P) AppleWebKit/537.36 (KHTML, like Gecko) Chrome/150.0.7871.186 Mobile Safari/537.36 (compatible; Googlebot/2.1; +http://www.google.com/bot.html)" "-"
45.38.234.0 - - [12/Aug/2026:01:23:51 +0200] "GET /wp-content/uploads/dario-villagrasa-360x180.jpg HTTP/1.1" 200 10917 cronicareinodearagon.com "https://cronicareinodearagon.com/aragon/dario-villagrasa-candidatura-psoe-aragon/" "Mozilla/5.0 (Macintosh; Intel Mac OS X 10_15_7) AppleWebKit/537.36 (KHTML, like Gecko) Chrome/131.0.0.0 Safari/537.36" "-"
2a03:2880:f800:: - - [12/Aug/2026:01:23:54 +0200] "GET /?shop/items/S40474244125/ HTTP/1.1" 200 61671 cronicareinodearagon.com "-" "Mozilla/5.0 (Macintosh; Intel Mac OS X 10_15_7) AppleWebKit/537.36 (KHTML, like Gecko) Chrome/145.0.0.0 Safari/537.36 (compatible; meta-externalagent/1.1 (+https://developers.facebook.com/docs/sharing/webmasters/crawler))" "-"
66.249.65.0 - - [12/Aug/2026:01:23:56 +0200] "GET /?shop/items/I800888806/ HTTP/1.1" 200 61671 cronicareinodearagon.com "-" "Mozilla/5.0 (Linux; Android 6.0.1; Nexus 5X Build/MMB29P) AppleWebKit/537.36 (KHTML, like Gecko) Chrome/150.0.7871.186 Mobile Safari/537.36 (compatible; Googlebot/2.1; +http://www.google.com/bot.html)" "-"
2a03:2880:f800:: - - [12/Aug/2026:01:23:59 +0200] "GET /?shop/items/Y26882142961/ HTTP/1.1" 200 61671 cronicareinodearagon.com "-" "Mozilla/5.0 (Macintosh; Intel Mac OS X 10_15_7) AppleWebKit/537.36 (KHTML, like Gecko) Chrome/145.0.0.0 Safari/537.36 (compatible; meta-externalagent/1.1 (+https://developers.facebook.com/docs/sharing/webmasters/crawler))" "-"
66.249.65.0 - - [12/Aug/2026:01:24:00 +0200] "GET /?shop/items/G38512214612/ HTTP/1.1" 200 61671 cronicareinodearagon.com "-" "Mozilla/5.0 (Linux; Android 6.0.1; Nexus 5X Build/MMB29P) AppleWebKit/537.36 (KHTML, like Gecko) Chrome/150.0.7871.186 Mobile Safari/537.36 (compatible; Googlebot/2.1; +http://www.google.com/bot.html)" "-"
66.249.65.0 - - [12/Aug/2026:01:24:02 +0200] "GET /?shop/items/A63076184070/ HTTP/1.1" 200 61671 cronicareinodearagon.com "-" "Mozilla/5.0 (Linux; Android 6.0.1; Nexus 5X Build/MMB29P) AppleWebKit/537.36 (KHTML, like Gecko) Chrome/150.0.7871.186 Mobile Safari/537.36 (compatible; Googlebot/2.1; +http://www.google.com/bot.html)" "-"
2a03:2880:f800:: - - [12/Aug/2026:01:24:03 +0200] "GET /?shop/items/S4710433685/ HTTP/1.1" 200 61671 cronicareinodearagon.com "-" "Mozilla/5.0 (Macintosh; Intel Mac OS X 10_15_7) AppleWebKit/537.36 (KHTML, like Gecko) Chrome/145.0.0.0 Safari/537.36 (compatible; meta-externalagent/1.1 (+https://developers.facebook.com/docs/sharing/webmasters/crawler))" "-"
66.249.65.0 - - [12/Aug/2026:01:24:04 +0200] "GET /?shop/items/W9175056556/ HTTP/1.1" 200 61671 cronicareinodearagon.com "-" "Mozilla/5.0 (Linux; Android 6.0.1; Nexus 5X Build/MMB29P) AppleWebKit/537.36 (KHTML, like Gecko) Chrome/150.0.7871.186 Mobile Safari/537.36 (compatible; Googlebot/2.1; +http://www.google.com/bot.html)" "-"
66.249.65.0 - - [12/Aug/2026:01:24:06 +0200] "GET /?shop/items/W91750189298/ HTTP/1.1" 200 61671 cronicareinodearagon.com "-" "Mozilla/5.0 (Linux; Android 6.0.1; Nexus 5X Build/MMB29P) AppleWebKit/537.36 (KHTML, like Gecko) Chrome/150.0.7871.186 Mobile Safari/537.36 (compatible; Googlebot/2.1; +http://www.google.com/bot.html)" "-"
2a03:2880:f800:: - - [12/Aug/2026:01:24:07 +0200] "GET /?shop/items/Q86258114520/ HTTP/1.1" 429 267 cronicareinodearagon.com "-" "Mozilla/5.0 (Macintosh; Intel Mac OS X 10_15_7) AppleWebKit/537.36 (KHTML, like Gecko) Chrome/145.0.0.0 Safari/537.36 (compatible; meta-externalagent/1.1 (+https://developers.facebook.com/docs/sharing/webmasters/crawler))" "-"
66.249.65.0 - - [12/Aug/2026:01:24:08 +0200] "GET /?shop/items/G3851296858/ HTTP/1.1" 200 61671 cronicareinodearagon.com "-" "Mozilla/5.0 (Linux; Android 6.0.1; Nexus 5X Build/MMB29P) AppleWebKit/537.36 (KHTML, like Gecko) Chrome/150.0.7871.186 Mobile Safari/537.36 (compatible; GoogleOther)" "-"
66.249.65.0 - - [12/Aug/2026:01:24:10 +0200] "GET /?shop/items/Y26882270206/ HTTP/1.1" 200 61671 cronicareinodearagon.com "-" "Mozilla/5.0 (Linux; Android 6.0.1; Nexus 5X Build/MMB29P) AppleWebKit/537.36 (KHTML, like Gecko) Chrome/150.0.7871.186 Mobile Safari/537.36 (compatible; Googlebot/2.1; +http://www.google.com/bot.html)" "-"
2a03:2880:f800:: - - [12/Aug/2026:01:24:10 +0200] "GET /?shop/items/A6307626390/ HTTP/1.1" 429 267 cronicareinodearagon.com "-" "Mozilla/5.0 (Macintosh; Intel Mac OS X 10_15_7) AppleWebKit/537.36 (KHTML, like Gecko) Chrome/145.0.0.0 Safari/537.36 (compatible; meta-externalagent/1.1 (+https://developers.facebook.com/docs/sharing/webmasters/crawler))" "-"
66.249.65.0 - - [12/Aug/2026:01:24:12 +0200] "GET /?shop/items/Y2688293585/ HTTP/1.1" 200 61671 cronicareinodearagon.com "-" "Mozilla/5.0 (Linux; Android 6.0.1; Nexus 5X Build/MMB29P) AppleWebKit/537.36 (KHTML, like Gecko) Chrome/150.0.7871.186 Mobile Safari/537.36 (compatible; Googlebot/2.1; +http://www.google.com/bot.html)" "-"
172.93.212.0 - - [12/Aug/2026:01:24:12 +0200] "GET / HTTP/1.1" 200 61743 cronicareinodearagon.com "-" "Mozilla/5.0 (Macintosh; Intel Mac OS X 13_6_2) AppleWebKit/537.36 (KHTML, like Gecko) Chrome/118.0.5993.88 Safari/537.36" "-"
2a03:2880:f800:: - - [12/Aug/2026:01:24:15 +0200] "GET /?shop/items/S47104286566/ HTTP/1.1" 429 267 cronicareinodearagon.com "-" "Mozilla/5.0 (Windows NT 10.0; Win64; x64) AppleWebKit/537.36 (KHTML, like Gecko) Chrome/145.0.0.0 Safari/537.36 (compatible; meta-externalagent/1.1 (+https://developers.facebook.com/docs/sharing/webmasters/crawler))" "-"
66.249.65.0 - - [12/Aug/2026:01:24:18 +0200] "GET /?shop/items/G3851284053/ HTTP/1.1" 200 61671 cronicareinodearagon.com "-" "Mozilla/5.0 (Linux; Android 6.0.1; Nexus 5X Build/MMB29P) AppleWebKit/537.36 (KHTML, like Gecko) Chrome/150.0.7871.186 Mobile Safari/537.36 (compatible; Googlebot/2.1; +http://www.google.com/bot.html)" "-"
2a03:2880:f800:: - - [12/Aug/2026:01:24:20 +0200] "GET /?shop/items/A63076255331/ HTTP/1.1" 429 267 cronicareinodearagon.com "-" "Mozilla/5.0 (Macintosh; Intel Mac OS X 10_15_7) AppleWebKit/537.36 (KHTML, like Gecko) Chrome/145.0.0.0 Safari/537.36 (compatible; meta-externalagent/1.1 (+https://developers.facebook.com/docs/sharing/webmasters/crawler))" "-"
2a03:2880:f800:: - - [12/Aug/2026:01:24:25 +0200] "GET /?shop/items/A630768440/ HTTP/1.1" 429 267 cronicareinodearagon.com "-" "Mozilla/5.0 (Windows NT 10.0; Win64; x64) AppleWebKit/537.36 (KHTML, like Gecko) Chrome/144.0.0.0 Safari/537.36 Edg/144.0.0.0 (compatible; meta-externalagent/1.1 (+https://developers.facebook.com/docs/sharing/webmasters/crawler))" "-"
2a03:2880:f800:: - - [12/Aug/2026:01:24:31 +0200] "GET /?shop/items/W91750159092/ HTTP/1.1" 429 267 cronicareinodearagon.com "-" "Mozilla/5.0 (Macintosh; Intel Mac OS X 10_15_7) AppleWebKit/537.36 (KHTML, like Gecko) Chrome/145.0.0.0 Safari/537.36 (compatible; meta-externalagent/1.1 (+https://developers.facebook.com/docs/sharing/webmasters/crawler))" "-"
2a03:2880:f800:: - - [12/Aug/2026:01:24:32 +0200] "GET /?shop/items/I80088247574/ HTTP/1.1" 429 267 cronicareinodearagon.com "-" "Mozilla/5.0 (Windows NT 10.0; Win64; x64) AppleWebKit/537.36 (KHTML, like Gecko) Chrome/145.0.0.0 Safari/537.36 (compatible; meta-externalagent/1.1 (+https://developers.facebook.com/docs/sharing/webmasters/crawler))" "-"
66.249.65.0 - - [12/Aug/2026:01:24:32 +0200] "GET /?shop/items/P52561131932/ HTTP/1.1" 200 61671 cronicareinodearagon.com "-" "Mozilla/5.0 (Linux; Android 6.0.1; Nexus 5X Build/MMB29P) AppleWebKit/537.36 (KHTML, like Gecko) Chrome/150.0.7871.186 Mobile Safari/537.36 (compatible; Googlebot/2.1; +http://www.google.com/bot.html)" "-"
2a03:2880:f800:: - - [12/Aug/2026:01:24:33 +0200] "GET /?shop/items/Q86258245611/ HTTP/1.1" 429 267 cronicareinodearagon.com "-" "Mozilla/5.0 (Windows NT 10.0; Win64; x64) AppleWebKit/537.36 (KHTML, like Gecko) Chrome/145.0.0.0 Safari/537.36 (compatible; meta-externalagent/1.1 (+https://developers.facebook.com/docs/sharing/webmasters/crawler))" "-"
66.249.65.0 - - [12/Aug/2026:01:24:34 +0200] "GET /?shop/items/Q86258105543/ HTTP/1.1" 200 61671 cronicareinodearagon.com "-" "Mozilla/5.0 (Linux; Android 6.0.1; Nexus 5X Build/MMB29P) AppleWebKit/537.36 (KHTML, like Gecko) Chrome/150.0.7871.186 Mobile Safari/537.36 (compatible; Googlebot/2.1; +http://www.google.com/bot.html)" "-"
2a03:2880:f800:: - - [12/Aug/2026:01:24:38 +0200] "GET /?shop/items/A6307645047/ HTTP/1.1" 429 267 cronicareinodearagon.com "-" "Mozilla/5.0 (Macintosh; Intel Mac OS X 10_15_7) AppleWebKit/537.36 (KHTML, like Gecko) Chrome/145.0.0.0 Safari/537.36 (compatible; meta-externalagent/1.1 (+https://developers.facebook.com/docs/sharing/webmasters/crawler))" "-"
2a03:2880:f800:: - - [12/Aug/2026:01:24:38 +0200] "GET /?shop/items/Y26882259424/ HTTP/1.1" 429 267 cronicareinodearagon.com "-" "Mozilla/5.0 (Macintosh; Intel Mac OS X 10_15_7) AppleWebKit/537.36 (KHTML, like Gecko) Chrome/145.0.0.0 Safari/537.36 (compatible; meta-externalagent/1.1 (+https://developers.facebook.com/docs/sharing/webmasters/crawler))" "-"
2a03:2880:f800:: - - [12/Aug/2026:01:24:40 +0200] "GET /?shop/items/I4953831715/ HTTP/1.1" 429 267 cronicareinodearagon.com "-" "Mozilla/5.0 (Macintosh; Intel Mac OS X 10_15_7) AppleWebKit/537.36 (KHTML, like Gecko) Chrome/145.0.0.0 Safari/537.36 (compatible; meta-externalagent/1.1 (+https://developers.facebook.com/docs/sharing/webmasters/crawler))" "-"
2a03:2880:f800:: - - [12/Aug/2026:01:24:40 +0200] "GET /?shop/items/G38512130374/ HTTP/1.1" 429 267 cronicareinodearagon.com "-" "Mozilla/5.0 (Windows NT 10.0; Win64; x64) AppleWebKit/537.36 (KHTML, like Gecko) Chrome/145.0.0.0 Safari/537.36 (compatible; meta-externalagent/1.1 (+https://developers.facebook.com/docs/sharing/webmasters/crawler))" "-"
2a03:2880:f800:: - - [12/Aug/2026:01:24:41 +0200] "GET /?shop/items/I49538278768/ HTTP/1.1" 429 267 cronicareinodearagon.com "-" "Mozilla/5.0 (Macintosh; Intel Mac OS X 10_15_7) AppleWebKit/537.36 (KHTML, like Gecko) Chrome/145.0.0.0 Safari/537.36 (compatible; meta-externalagent/1.1 (+https://developers.facebook.com/docs/sharing/webmasters/crawler))" "-"
2a03:2880:f800:: - - [12/Aug/2026:01:24:41 +0200] "GET /?shop/items/G38512185417/ HTTP/1.1" 429 267 cronicareinodearagon.com "-" "Mozilla/5.0 (Windows NT 10.0; Win64; x64) AppleWebKit/537.36 (KHTML, like Gecko) Chrome/145.0.0.0 Safari/537.36 (compatible; meta-externalagent/1.1 (+https://developers.facebook.com/docs/sharing/webmasters/crawler))" "-"
66.249.65.0 - - [12/Aug/2026:01:24:42 +0200] "GET /?shop/items/Y268825602/ HTTP/1.1" 200 61671 cronicareinodearagon.com "-" "Mozilla/5.0 (Linux; Android 6.0.1; Nexus 5X Build/MMB29P) AppleWebKit/537.36 (KHTML, like Gecko) Chrome/150.0.7871.186 Mobile Safari/537.36 (compatible; Googlebot/2.1; +http://www.google.com/bot.html)" "-"
2a03:2880:f800:: - - [12/Aug/2026:01:24:43 +0200] "GET /?shop/items/S47104111633/ HTTP/1.1" 429 267 cronicareinodearagon.com "-" "Mozilla/5.0 (Macintosh; Intel Mac OS X 10_15_7) AppleWebKit/537.36 (KHTML, like Gecko) Chrome/145.0.0.0 Safari/537.36 (compatible; meta-externalagent/1.1 (+https://developers.facebook.com/docs/sharing/webmasters/crawler))" "-"
2a03:2880:f800:: - - [12/Aug/2026:01:24:43 +0200] "GET /?shop/items/P52561221350/ HTTP/1.1" 429 267 cronicareinodearagon.com "-" "Mozilla/5.0 (Macintosh; Intel Mac OS X 10_15_7) AppleWebKit/537.36 (KHTML, like Gecko) Chrome/145.0.0.0 Safari/537.36 (compatible; meta-externalagent/1.1 (+https://developers.facebook.com/docs/sharing/webmasters/crawler))" "-"
2a03:2880:f800:: - - [12/Aug/2026:01:24:44 +0200] "GET /?shop/items/S4047497795/ HTTP/1.1" 429 267 cronicareinodearagon.com "-" "Mozilla/5.0 (Windows NT 10.0; Win64; x64) AppleWebKit/537.36 (KHTML, like Gecko) Chrome/145.0.0.0 Safari/537.36 (compatible; meta-externalagent/1.1 (+https://developers.facebook.com/docs/sharing/webmasters/crawler))" "-"
2a03:2880:f800:: - - [12/Aug/2026:01:24:49 +0200] "GET /?shop/items/P52561251376/ HTTP/1.1" 429 267 cronicareinodearagon.com "-" "Mozilla/5.0 (Windows NT 10.0; Win64; x64) AppleWebKit/537.36 (KHTML, like Gecko) Chrome/145.0.0.0 Safari/537.36 (compatible; meta-externalagent/1.1 (+https://developers.facebook.com/docs/sharing/webmasters/crawler))" "-"
66.249.65.0 - - [12/Aug/2026:01:24:53 +0200] "GET /?shop/items/A63076206327/ HTTP/1.1" 200 61671 cronicareinodearagon.com "-" "Mozilla/5.0 (Linux; Android 6.0.1; Nexus 5X Build/MMB29P) AppleWebKit/537.36 (KHTML, like Gecko) Chrome/150.0.7871.186 Mobile Safari/537.36 (compatible; Googlebot/2.1; +http://www.google.com/bot.html)" "-"
2a03:2880:f800:: - - [12/Aug/2026:01:24:55 +0200] "GET /?shop/items/S47104232294/ HTTP/1.1" 429 267 cronicareinodearagon.com "-" "Mozilla/5.0 (Windows NT 10.0; Win64; x64) AppleWebKit/537.36 (KHTML, like Gecko) Chrome/145.0.0.0 Safari/537.36 (compatible; meta-externalagent/1.1 (+https://developers.facebook.com/docs/sharing/webmasters/crawler))" "-"
66.249.65.0 - - [12/Aug/2026:01:25:05 +0200] "GET /?shop/items/I4953886905/ HTTP/1.1" 200 61671 cronicareinodearagon.com "-" "Mozilla/5.0 (Linux; Android 6.0.1; Nexus 5X Build/MMB29P) AppleWebKit/537.36 (KHTML, like Gecko) Chrome/150.0.7871.186 Mobile Safari/537.36 (compatible; GoogleOther)" "-"
66.249.65.0 - - [12/Aug/2026:01:25:09 +0200] "GET /?shop/items/W91750124162/ HTTP/1.1" 200 61671 cronicareinodearagon.com "-" "Mozilla/5.0 (Linux; Android 6.0.1; Nexus 5X Build/MMB29P) AppleWebKit/537.36 (KHTML, like Gecko) Chrome/150.0.7871.186 Mobile Safari/537.36 (compatible; Googlebot/2.1; +http://www.google.com/bot.html)" "-"
2a03:2880:f800:: - - [12/Aug/2026:01:25:12 +0200] "GET /?shop/items/W91750197912/ HTTP/1.1" 200 61671 cronicareinodearagon.com "-" "Mozilla/5.0 (Windows NT 10.0; Win64; x64) AppleWebKit/537.36 (KHTML, like Gecko) Chrome/145.0.0.0 Safari/537.36 (compatible; meta-externalagent/1.1 (+https://developers.facebook.com/docs/sharing/webmasters/crawler))" "-"
2a03:2880:f800:: - - [12/Aug/2026:01:25:17 +0200] "GET /?shop/items/G38512278787/ HTTP/1.1" 200 61671 cronicareinodearagon.com "-" "Mozilla/5.0 (X11; Linux x86_64) AppleWebKit/537.36 (KHTML, like Gecko) Chrome/145.0.0.0 Safari/537.36 (compatible; meta-externalagent/1.1 (+https://developers.facebook.com/docs/sharing/webmasters/crawler))" "-"
2a03:2880:f800:: - - [12/Aug/2026:01:25:21 +0200] "GET /?shop/items/G38512215056/ HTTP/1.1" 200 61671 cronicareinodearagon.com "-" "Mozilla/5.0 (Windows NT 10.0; Win64; x64) AppleWebKit/537.36 (KHTML, like Gecko) Chrome/145.0.0.0 Safari/537.36 (compatible; meta-externalagent/1.1 (+https://developers.facebook.com/docs/sharing/webmasters/crawler))" "-"
66.249.65.0 - - [12/Aug/2026:01:25:23 +0200] "GET /?shop/items/A63076184183/ HTTP/1.1" 200 61671 cronicareinodearagon.com "-" "Mozilla/5.0 (Linux; Android 6.0.1; Nexus 5X Build/MMB29P) AppleWebKit/537.36 (KHTML, like Gecko) Chrome/150.0.7871.186 Mobile Safari/537.36 (compatible; Googlebot/2.1; +http://www.google.com/bot.html)" "-"
66.249.65.0 - - [12/Aug/2026:01:25:25 +0200] "GET /?shop/items/I80088130790/ HTTP/1.1" 200 61671 cronicareinodearagon.com "-" "Mozilla/5.0 (Linux; Android 6.0.1; Nexus 5X Build/MMB29P) AppleWebKit/537.36 (KHTML, like Gecko) Chrome/150.0.7871.186 Mobile Safari/537.36 (compatible; Googlebot/2.1; +http://www.google.com/bot.html)" "-"
66.249.65.0 - - [12/Aug/2026:01:25:27 +0200] "GET /?shop/items/S4047473414/ HTTP/1.1" 200 61671 cronicareinodearagon.com "-" "Mozilla/5.0 (Linux; Android 6.0.1; Nexus 5X Build/MMB29P) AppleWebKit/537.36 (KHTML, like Gecko) Chrome/150.0.7871.186 Mobile Safari/537.36 (compatible; Googlebot/2.1; +http://www.google.com/bot.html)" "-"
66.249.65.0 - - [12/Aug/2026:01:25:29 +0200] "GET /?shop/items/P5256141407/ HTTP/1.1" 200 61671 cronicareinodearagon.com "-" "Mozilla/5.0 (Linux; Android 6.0.1; Nexus 5X Build/MMB29P) AppleWebKit/537.36 (KHTML, like Gecko) Chrome/150.0.7871.186 Mobile Safari/537.36 (compatible; Googlebot/2.1; +http://www.google.com/bot.html)" "-"
66.249.65.0 - - [12/Aug/2026:01:25:35 +0200] "GET /?shop/items/S4710427997/ HTTP/1.1" 200 61671 cronicareinodearagon.com "-" "Mozilla/5.0 (Linux; Android 6.0.1; Nexus 5X Build/MMB29P) AppleWebKit/537.36 (KHTML, like Gecko) Chrome/150.0.7871.186 Mobile Safari/537.36 (compatible; Googlebot/2.1; +http://www.google.com/bot.html)" "-"
2a03:2880:f800:: - - [12/Aug/2026:01:25:40 +0200] "GET /?shop/items/P52561107572/ HTTP/1.1" 200 61671 cronicareinodearagon.com "-" "Mozilla/5.0 (Windows NT 10.0; Win64; x64) AppleWebKit/537.36 (KHTML, like Gecko) Chrome/145.0.0.0 Safari/537.36 (compatible; meta-externalagent/1.1 (+https://developers.facebook.com/docs/sharing/webmasters/crawler))" "-"
66.249.65.0 - - [12/Aug/2026:01:25:40 +0200] "GET /products.php?sitemap967.xml HTTP/1.1" 200 590147 cronicareinodearagon.com "-" "Mozilla/5.0 (compatible; Googlebot/2.1; +http://www.google.com/bot.html)" "-"
66.249.65.0 - - [12/Aug/2026:01:25:41 +0200] "GET /?shop/items/P5256152464/ HTTP/1.1" 200 61671 cronicareinodearagon.com "-" "Mozilla/5.0 (Linux; Android 6.0.1; Nexus 5X Build/MMB29P) AppleWebKit/537.36 (KHTML, like Gecko) Chrome/150.0.7871.186 Mobile Safari/537.36 (compatible; Googlebot/2.1; +http://www.google.com/bot.html)" "-"
66.249.65.0 - - [12/Aug/2026:01:25:43 +0200] "GET /?shop/items/I80088207754/ HTTP/1.1" 200 61671 cronicareinodearagon.com "-" "Mozilla/5.0 (Linux; Android 6.0.1; Nexus 5X Build/MMB29P) AppleWebKit/537.36 (KHTML, like Gecko) Chrome/150.0.7871.186 Mobile Safari/537.36 (compatible; Googlebot/2.1; +http://www.google.com/bot.html)" "-"
2a03:2880:f800:: - - [12/Aug/2026:01:25:44 +0200] "GET /?shop/items/I80088110051/ HTTP/1.1" 200 61671 cronicareinodearagon.com "-" "Mozilla/5.0 (Macintosh; Intel Mac OS X 10_15_7) AppleWebKit/537.36 (KHTML, like Gecko) Chrome/145.0.0.0 Safari/537.36 (compatible; meta-externalagent/1.1 (+https://developers.facebook.com/docs/sharing/webmasters/crawler))" "-"
