46.4.220.0 - - [12/Aug/2026:02:20:13 +0200] "GET /?shop/items/I495385351/ HTTP/1.1" 200 61671 cronicareinodearagon.com "-" "Mozilla/5.0 (compatible; SERankingBacklinksBot/1.0; +https://seranking.com/backlinks-crawler)" "-"
2a03:2880:f800:: - - [12/Aug/2026:02:20:15 +0200] "GET /?shop/items/S40474203799/ HTTP/1.1" 200 61671 cronicareinodearagon.com "-" "Mozilla/5.0 (Windows NT 10.0; Win64; x64) AppleWebKit/537.36 (KHTML, like Gecko) Chrome/145.0.0.0 Safari/537.36 (compatible; meta-externalagent/1.1 (+https://developers.facebook.com/docs/sharing/webmasters/crawler))" "-"
66.249.65.0 - - [12/Aug/2026:02:20:16 +0200] "GET /?shop/items/S47104274889/ HTTP/1.1" 200 61671 cronicareinodearagon.com "-" "Mozilla/5.0 (Linux; Android 6.0.1; Nexus 5X Build/MMB29P) AppleWebKit/537.36 (KHTML, like Gecko) Chrome/150.0.7871.186 Mobile Safari/537.36 (compatible; Googlebot/2.1; +http://www.google.com/bot.html)" "-"
216.73.217.0 - - [12/Aug/2026:02:20:16 +0200] "GET /shop/mypage/mail-magazine?fileloc=%2F%2Fbin%2Funzip&path=%2F%2Fbin HTTP/1.1" 200 12187 cronicareinodearagon.com "-" "Mozilla/5.0 AppleWebKit/537.36 (KHTML, like Gecko; compatible; ClaudeBot/1.0; +claudebot@anthropic.com)" "-"
46.4.220.0 - - [12/Aug/2026:02:20:17 +0200] "GET /?shop/items/G385129743/ HTTP/1.1" 200 61671 cronicareinodearagon.com "-" "Mozilla/5.0 (compatible; SERankingBacklinksBot/1.0; +https://seranking.com/backlinks-crawler)" "-"
2a03:2880:f800:: - - [12/Aug/2026:02:20:18 +0200] "GET /?shop/items/I8008867904/ HTTP/1.1" 200 61671 cronicareinodearagon.com "-" "Mozilla/5.0 (Windows NT 10.0; Win64; x64) AppleWebKit/537.36 (KHTML, like Gecko) Chrome/145.0.0.0 Safari/537.36 (compatible; meta-externalagent/1.1 (+https://developers.facebook.com/docs/sharing/webmasters/crawler))" "-"
66.249.65.0 - - [12/Aug/2026:02:20:19 +0200] "GET /?shop/items/Q86258116292/ HTTP/1.1" 200 61671 cronicareinodearagon.com "-" "Mozilla/5.0 (Linux; Android 6.0.1; Nexus 5X Build/MMB29P) AppleWebKit/537.36 (KHTML, like Gecko) Chrome/150.0.7871.186 Mobile Safari/537.36 (compatible; Googlebot/2.1; +http://www.google.com/bot.html)" "-"
46.4.220.0 - - [12/Aug/2026:02:20:20 +0200] "GET /?shop/items/I495385352/ HTTP/1.1" 200 61671 cronicareinodearagon.com "-" "Mozilla/5.0 (compatible; SERankingBacklinksBot/1.0; +https://seranking.com/backlinks-crawler)" "-"
216.73.217.0 - - [12/Aug/2026:02:20:21 +0200] "GET /shop/mypage/mail-magazine?fileloc=%2F%2Fbin%2Fx86_64-linux-gnu-g++-10&path=%2F%2Fbin HTTP/1.1" 200 12205 cronicareinodearagon.com "-" "Mozilla/5.0 AppleWebKit/537.36 (KHTML, like Gecko; compatible; ClaudeBot/1.0; +claudebot@anthropic.com)" "-"
2a03:2880:f800:: - - [12/Aug/2026:02:20:23 +0200] "GET /?shop/items/Y268826249/ HTTP/1.1" 200 61671 cronicareinodearagon.com "-" "Mozilla/5.0 (Windows NT 10.0; Win64; x64) AppleWebKit/537.36 (KHTML, like Gecko) Chrome/145.0.0.0 Safari/537.36 (compatible; meta-externalagent/1.1 (+https://developers.facebook.com/docs/sharing/webmasters/crawler))" "-"
46.4.220.0 - - [12/Aug/2026:02:20:24 +0200] "GET /?shop/items/G385129747/ HTTP/1.1" 200 61671 cronicareinodearagon.com "-" "Mozilla/5.0 (compatible; SERankingBacklinksBot/1.0; +https://seranking.com/backlinks-crawler)" "-"
2a03:2880:f800:: - - [12/Aug/2026:02:20:24 +0200] "GET /?shop/items/A6307664553/ HTTP/1.1" 200 61671 cronicareinodearagon.com "-" "Mozilla/5.0 (Macintosh; Intel Mac OS X 10_15_7) AppleWebKit/537.36 (KHTML, like Gecko) Chrome/145.0.0.0 Safari/537.36 (compatible; meta-externalagent/1.1 (+https://developers.facebook.com/docs/sharing/webmasters/crawler))" "-"
66.249.65.0 - - [12/Aug/2026:02:20:25 +0200] "GET /?shop/items/S47104261219/ HTTP/1.1" 200 61671 cronicareinodearagon.com "-" "Mozilla/5.0 (Linux; Android 6.0.1; Nexus 5X Build/MMB29P) AppleWebKit/537.36 (KHTML, like Gecko) Chrome/150.0.7871.186 Mobile Safari/537.36 (compatible; Googlebot/2.1; +http://www.google.com/bot.html)" "-"
216.73.217.0 - - [12/Aug/2026:02:20:26 +0200] "GET /shop/contents/shipping?path=%2Fhomepages%2F20%2Fd917057205%2Fhtdocs%2Fclickandbuilds%2FCronicaReinodeAragon%2Fwp-includes%2Finteractivity-api HTTP/1.1" 200 18794 cronicareinodearagon.com "-" "Mozilla/5.0 AppleWebKit/537.36 (KHTML, like Gecko; compatible; ClaudeBot/1.0; +claudebot@anthropic.com)" "-"
46.4.220.0 - - [12/Aug/2026:02:20:27 +0200] "GET /?shop/items/I495385353/ HTTP/1.1" 200 61671 cronicareinodearagon.com "-" "Mozilla/5.0 (compatible; SERankingBacklinksBot/1.0; +https://seranking.com/backlinks-crawler)" "-"
2a03:2880:f800:: - - [12/Aug/2026:02:20:30 +0200] "GET /?shop/items/A63076212557/ HTTP/1.1" 200 61671 cronicareinodearagon.com "-" "Mozilla/5.0 (Macintosh; Intel Mac OS X 10_15_7) AppleWebKit/537.36 (KHTML, like Gecko) Chrome/145.0.0.0 Safari/537.36 (compatible; meta-externalagent/1.1 (+https://developers.facebook.com/docs/sharing/webmasters/crawler))" "-"
46.4.220.0 - - [12/Aug/2026:02:20:30 +0200] "GET /?shop/items/G385129749/ HTTP/1.1" 200 61671 cronicareinodearagon.com "-" "Mozilla/5.0 (compatible; SERankingBacklinksBot/1.0; +https://seranking.com/backlinks-crawler)" "-"
216.73.217.0 - - [12/Aug/2026:02:20:31 +0200] "GET /shop/mypage/mail-magazine?fileloc=%2F%2Fbin%2Fpod2html&path=%2F%2Fbin HTTP/1.1" 200 16480 cronicareinodearagon.com "-" "Mozilla/5.0 AppleWebKit/537.36 (KHTML, like Gecko; compatible; ClaudeBot/1.0; +claudebot@anthropic.com)" "-"
2a03:2880:f800:: - - [12/Aug/2026:02:20:33 +0200] "GET /?shop/items/Y2688227656/ HTTP/1.1" 200 61671 cronicareinodearagon.com "-" "Mozilla/5.0 (X11; Linux x86_64) AppleWebKit/537.36 (KHTML, like Gecko) Chrome/145.0.0.0 Safari/537.36 (compatible; meta-externalagent/1.1 (+https://developers.facebook.com/docs/sharing/webmasters/crawler))" "-"
46.4.220.0 - - [12/Aug/2026:02:20:34 +0200] "GET /?shop/items/I495385357/ HTTP/1.1" 200 61671 cronicareinodearagon.com "-" "Mozilla/5.0 (compatible; SERankingBacklinksBot/1.0; +https://seranking.com/backlinks-crawler)" "-"
66.249.65.0 - - [12/Aug/2026:02:20:35 +0200] "GET /?shop/items/G3851252008/ HTTP/1.1" 200 61671 cronicareinodearagon.com "-" "Mozilla/5.0 (Linux; Android 6.0.1; Nexus 5X Build/MMB29P) AppleWebKit/537.36 (KHTML, like Gecko) Chrome/150.0.7871.186 Mobile Safari/537.36 (compatible; Googlebot/2.1; +http://www.google.com/bot.html)" "-"
216.73.217.0 - - [12/Aug/2026:02:20:37 +0200] "GET /shop/mypage/mail-magazine?fileloc=%2F%2Fbin%2Fwc&path=%2F%2Fbin HTTP/1.1" 200 12184 cronicareinodearagon.com "-" "Mozilla/5.0 AppleWebKit/537.36 (KHTML, like Gecko; compatible; ClaudeBot/1.0; +claudebot@anthropic.com)" "-"
46.4.220.0 - - [12/Aug/2026:02:20:37 +0200] "GET /?shop/items/G385129750/ HTTP/1.1" 200 61671 cronicareinodearagon.com "-" "Mozilla/5.0 (compatible; SERankingBacklinksBot/1.0; +https://seranking.com/backlinks-crawler)" "-"
2a03:2880:f800:: - - [12/Aug/2026:02:20:39 +0200] "GET /?shop/items/G38512164545/ HTTP/1.1" 200 61671 cronicareinodearagon.com "-" "Mozilla/5.0 (Macintosh; Intel Mac OS X 10_15_7) AppleWebKit/537.36 (KHTML, like Gecko) Chrome/145.0.0.0 Safari/537.36 (compatible; meta-externalagent/1.1 (+https://developers.facebook.com/docs/sharing/webmasters/crawler))" "-"
66.249.65.0 - - [12/Aug/2026:02:20:39 +0200] "GET /?shop/items/S40474206780/ HTTP/1.1" 200 61671 cronicareinodearagon.com "-" "Mozilla/5.0 (Linux; Android 6.0.1; Nexus 5X Build/MMB29P) AppleWebKit/537.36 (KHTML, like Gecko) Chrome/150.0.7871.186 Mobile Safari/537.36 (compatible; Googlebot/2.1; +http://www.google.com/bot.html)" "-"
46.4.220.0 - - [12/Aug/2026:02:20:40 +0200] "GET /?shop/items/I495385358/ HTTP/1.1" 200 61671 cronicareinodearagon.com "-" "Mozilla/5.0 (compatible; SERankingBacklinksBot/1.0; +https://seranking.com/backlinks-crawler)" "-"
2a03:2880:f800:: - - [12/Aug/2026:02:20:41 +0200] "GET /?shop/items/I49538125359/ HTTP/1.1" 200 61671 cronicareinodearagon.com "-" "Mozilla/5.0 (Windows NT 10.0; Win64; x64) AppleWebKit/537.36 (KHTML, like Gecko) Chrome/145.0.0.0 Safari/537.36 (compatible; meta-externalagent/1.1 (+https://developers.facebook.com/docs/sharing/webmasters/crawler))" "-"
216.73.217.0 - - [12/Aug/2026:02:20:42 +0200] "GET /shop/mypage/mail-magazine?fileloc=%2F%2Fbin%2Flzless&path=%2F%2Fbin HTTP/1.1" 200 14106 cronicareinodearagon.com "-" "Mozilla/5.0 AppleWebKit/537.36 (KHTML, like Gecko; compatible; ClaudeBot/1.0; +claudebot@anthropic.com)" "-"
66.249.65.0 - - [12/Aug/2026:02:20:42 +0200] "GET /?shop/items/Y26882108738/ HTTP/1.1" 200 61671 cronicareinodearagon.com "-" "Mozilla/5.0 (Linux; Android 6.0.1; Nexus 5X Build/MMB29P) AppleWebKit/537.36 (KHTML, like Gecko) Chrome/150.0.7871.186 Mobile Safari/537.36 (compatible; Googlebot/2.1; +http://www.google.com/bot.html)" "-"
46.4.220.0 - - [12/Aug/2026:02:20:43 +0200] "GET /?shop/items/G385129751/ HTTP/1.1" 200 61671 cronicareinodearagon.com "-" "Mozilla/5.0 (compatible; SERankingBacklinksBot/1.0; +https://seranking.com/backlinks-crawler)" "-"
2a03:2880:f800:: - - [12/Aug/2026:02:20:46 +0200] "GET /?shop/items/A6307663738/ HTTP/1.1" 200 61671 cronicareinodearagon.com "-" "Mozilla/5.0 (Windows NT 10.0; Win64; x64) AppleWebKit/537.36 (KHTML, like Gecko) Chrome/145.0.0.0 Safari/537.36 (compatible; meta-externalagent/1.1 (+https://developers.facebook.com/docs/sharing/webmasters/crawler))" "-"
216.73.217.0 - - [12/Aug/2026:02:20:47 +0200] "GET /shop/mypage/mail-magazine?fileloc=%2F%2Fbin%2Fdircolors&path=%2F%2Fbin HTTP/1.1" 200 12191 cronicareinodearagon.com "-" "Mozilla/5.0 AppleWebKit/537.36 (KHTML, like Gecko; compatible; ClaudeBot/1.0; +claudebot@anthropic.com)" "-"
74.7.227.0 - - [12/Aug/2026:02:20:47 +0200] "GET /?fileloc=//usr/bin/lessfile&path=//usr/bin HTTP/1.1" 200 22292 cronicareinodearagon.com "http://cronicareinodearagon.com/?path=//usr/bin" "Mozilla/5.0 AppleWebKit/537.36 (KHTML, like Gecko; compatible; GPTBot/1.4; +https://openai.com/gptbot)" "-"
46.4.220.0 - - [12/Aug/2026:02:20:47 +0200] "GET /?shop/items/I495385360/ HTTP/1.1" 200 61671 cronicareinodearagon.com "-" "Mozilla/5.0 (compatible; SERankingBacklinksBot/1.0; +https://seranking.com/backlinks-crawler)" "-"
2a03:2880:f800:: - - [12/Aug/2026:02:20:49 +0200] "GET /?shop/items/W91750138986/ HTTP/1.1" 429 267 cronicareinodearagon.com "-" "Mozilla/5.0 (Windows NT 10.0; Win64; x64) AppleWebKit/537.36 (KHTML, like Gecko) Chrome/145.0.0.0 Safari/537.36 (compatible; meta-externalagent/1.1 (+https://developers.facebook.com/docs/sharing/webmasters/crawler))" "-"
66.249.65.0 - - [12/Aug/2026:02:20:50 +0200] "GET /?shop/items/Y2688241923/ HTTP/1.1" 200 61671 cronicareinodearagon.com "-" "Mozilla/5.0 (Linux; Android 6.0.1; Nexus 5X Build/MMB29P) AppleWebKit/537.36 (KHTML, like Gecko) Chrome/150.0.7871.186 Mobile Safari/537.36 (compatible; Googlebot/2.1; +http://www.google.com/bot.html)" "-"
46.4.220.0 - - [12/Aug/2026:02:20:51 +0200] "GET /?shop/items/G385129752/ HTTP/1.1" 200 61671 cronicareinodearagon.com "-" "Mozilla/5.0 (compatible; SERankingBacklinksBot/1.0; +https://seranking.com/backlinks-crawler)" "-"
216.73.217.0 - - [12/Aug/2026:02:20:52 +0200] "GET /shop/contents/shipping?path=%2Fhomepages%2F21%2Fd731990852 HTTP/1.1" 200 33022 cronicareinodearagon.com "-" "Mozilla/5.0 AppleWebKit/537.36 (KHTML, like Gecko; compatible; ClaudeBot/1.0; +claudebot@anthropic.com)" "-"
2a03:2880:f800:: - - [12/Aug/2026:02:20:54 +0200] "GET /?shop/items/P52561187050/ HTTP/1.1" 429 267 cronicareinodearagon.com "-" "Mozilla/5.0 (Windows NT 10.0; Win64; x64) AppleWebKit/537.36 (KHTML, like Gecko) Chrome/145.0.0.0 Safari/537.36 Edg/145.0.0.0 (compatible; meta-externalagent/1.1 (+https://developers.facebook.com/docs/sharing/webmasters/crawler))" "-"
46.4.220.0 - - [12/Aug/2026:02:20:54 +0200] "GET /?shop/items/I495385361/ HTTP/1.1" 200 61671 cronicareinodearagon.com "-" "Mozilla/5.0 (compatible; SERankingBacklinksBot/1.0; +https://seranking.com/backlinks-crawler)" "-"
66.249.65.0 - - [12/Aug/2026:02:20:54 +0200] "GET /?shop/items/I49538163480/ HTTP/1.1" 200 61671 cronicareinodearagon.com "-" "Mozilla/5.0 (Linux; Android 6.0.1; Nexus 5X Build/MMB29P) AppleWebKit/537.36 (KHTML, like Gecko) Chrome/150.0.7871.186 Mobile Safari/537.36 (compatible; Googlebot/2.1; +http://www.google.com/bot.html)" "-"
66.249.65.0 - - [12/Aug/2026:02:20:56 +0200] "GET /?shop/items/G38512180563/ HTTP/1.1" 200 61671 cronicareinodearagon.com "-" "Mozilla/5.0 (Linux; Android 6.0.1; Nexus 5X Build/MMB29P) AppleWebKit/537.36 (KHTML, like Gecko) Chrome/150.0.7871.186 Mobile Safari/537.36 (compatible; Googlebot/2.1; +http://www.google.com/bot.html)" "-"
2a03:2880:f800:: - - [12/Aug/2026:02:20:57 +0200] "GET /?shop/items/S47104187449/ HTTP/1.1" 429 267 cronicareinodearagon.com "-" "Mozilla/5.0 (Macintosh; Intel Mac OS X 10_15_7) AppleWebKit/537.36 (KHTML, like Gecko) Chrome/145.0.0.0 Safari/537.36 (compatible; meta-externalagent/1.1 (+https://developers.facebook.com/docs/sharing/webmasters/crawler))" "-"
216.73.217.0 - - [12/Aug/2026:02:20:57 +0200] "GET /shop/mypage/mail-magazine?fileloc=%2F%2Fbin%2Flastb&path=%2F%2Fbin HTTP/1.1" 200 12187 cronicareinodearagon.com "-" "Mozilla/5.0 AppleWebKit/537.36 (KHTML, like Gecko; compatible; ClaudeBot/1.0; +claudebot@anthropic.com)" "-"
46.4.220.0 - - [12/Aug/2026:02:20:57 +0200] "GET /?shop/items/G385129754/ HTTP/1.1" 200 61671 cronicareinodearagon.com "-" "Mozilla/5.0 (compatible; SERankingBacklinksBot/1.0; +https://seranking.com/backlinks-crawler)" "-"
66.249.65.0 - - [12/Aug/2026:02:20:58 +0200] "GET /?shop/items/W91750220882/ HTTP/1.1" 200 61671 cronicareinodearagon.com "-" "Mozilla/5.0 (Linux; Android 6.0.1; Nexus 5X Build/MMB29P) AppleWebKit/537.36 (KHTML, like Gecko) Chrome/150.0.7871.186 Mobile Safari/537.36 (compatible; Googlebot/2.1; +http://www.google.com/bot.html)" "-"
66.249.65.0 - - [12/Aug/2026:02:20:59 +0200] "GET /?shop/items/I8008879721/ HTTP/1.1" 200 61671 cronicareinodearagon.com "-" "Mozilla/5.0 (Linux; Android 6.0.1; Nexus 5X Build/MMB29P) AppleWebKit/537.36 (KHTML, like Gecko) Chrome/150.0.7871.186 Mobile Safari/537.36 (compatible; GoogleOther)" "-"
46.4.220.0 - - [12/Aug/2026:02:21:00 +0200] "GET /?shop/items/I495385362/ HTTP/1.1" 200 61671 cronicareinodearagon.com "-" "Mozilla/5.0 (compatible; SERankingBacklinksBot/1.0; +https://seranking.com/backlinks-crawler)" "-"
2a03:2880:f800:: - - [12/Aug/2026:02:21:01 +0200] "GET /?shop/items/I49538178726/ HTTP/1.1" 429 267 cronicareinodearagon.com "-" "Mozilla/5.0 (Windows NT 10.0; Win64; x64) AppleWebKit/537.36 (KHTML, like Gecko) Chrome/145.0.0.0 Safari/537.36 (compatible; meta-externalagent/1.1 (+https://developers.facebook.com/docs/sharing/webmasters/crawler))" "-"
2a03:2880:f800:: - - [12/Aug/2026:02:21:02 +0200] "GET /?shop/items/P5256194022/ HTTP/1.1" 429 267 cronicareinodearagon.com "-" "Mozilla/5.0 (Windows NT 10.0; Win64; x64) AppleWebKit/537.36 (KHTML, like Gecko) Chrome/145.0.0.0 Safari/537.36 (compatible; meta-externalagent/1.1 (+https://developers.facebook.com/docs/sharing/webmasters/crawler))" "-"
216.73.217.0 - - [12/Aug/2026:02:21:02 +0200] "GET /shop/mypage/mail-magazine?path=%2F%2Fkunden%2Flib%2Fgroff%2Fgrog HTTP/1.1" 200 14193 cronicareinodearagon.com "-" "Mozilla/5.0 AppleWebKit/537.36 (KHTML, like Gecko; compatible; ClaudeBot/1.0; +claudebot@anthropic.com)" "-"
66.249.65.0 - - [12/Aug/2026:02:21:03 +0200] "GET /?shop/items/G38512102511/ HTTP/1.1" 200 61671 cronicareinodearagon.com "-" "Mozilla/5.0 (Linux; Android 6.0.1; Nexus 5X Build/MMB29P) AppleWebKit/537.36 (KHTML, like Gecko) Chrome/150.0.7871.186 Mobile Safari/537.36 (compatible; Googlebot/2.1; +http://www.google.com/bot.html)" "-"
46.4.220.0 - - [12/Aug/2026:02:21:04 +0200] "GET /?shop/items/G385129755/ HTTP/1.1" 200 61671 cronicareinodearagon.com "-" "Mozilla/5.0 (compatible; SERankingBacklinksBot/1.0; +https://seranking.com/backlinks-crawler)" "-"
66.249.65.0 - - [12/Aug/2026:02:21:04 +0200] "GET /?shop/items/P52561264407/ HTTP/1.1" 200 61671 cronicareinodearagon.com "-" "Mozilla/5.0 (Linux; Android 6.0.1; Nexus 5X Build/MMB29P) AppleWebKit/537.36 (KHTML, like Gecko) Chrome/150.0.7871.186 Mobile Safari/537.36 (compatible; Googlebot/2.1; +http://www.google.com/bot.html)" "-"
216.73.217.0 - - [12/Aug/2026:02:21:07 +0200] "GET /shop/mypage/mail-magazine?fileloc=%2F%2Fbin%2Fmake-first-existing-target&path=%2F%2Fbin HTTP/1.1" 200 17407 cronicareinodearagon.com "-" "Mozilla/5.0 AppleWebKit/537.36 (KHTML, like Gecko; compatible; ClaudeBot/1.0; +claudebot@anthropic.com)" "-"
2a03:2880:f800:: - - [12/Aug/2026:02:21:07 +0200] "GET /?shop/items/G3851250530/ HTTP/1.1" 429 267 cronicareinodearagon.com "-" "Mozilla/5.0 (Windows NT 10.0; Win64; x64) AppleWebKit/537.36 (KHTML, like Gecko) Chrome/145.0.0.0 Safari/537.36 (compatible; meta-externalagent/1.1 (+https://developers.facebook.com/docs/sharing/webmasters/crawler))" "-"
46.4.220.0 - - [12/Aug/2026:02:21:07 +0200] "GET /?shop/items/I495385363/ HTTP/1.1" 200 61671 cronicareinodearagon.com "-" "Mozilla/5.0 (compatible; SERankingBacklinksBot/1.0; +https://seranking.com/backlinks-crawler)" "-"
66.249.65.0 - - [12/Aug/2026:02:21:08 +0200] "GET /?shop/items/S4047470393/ HTTP/1.1" 200 61671 cronicareinodearagon.com "-" "Mozilla/5.0 (Linux; Android 6.0.1; Nexus 5X Build/MMB29P) AppleWebKit/537.36 (KHTML, like Gecko) Chrome/150.0.7871.186 Mobile Safari/537.36 (compatible; Googlebot/2.1; +http://www.google.com/bot.html)" "-"
114.119.143.0 - - [12/Aug/2026:02:21:08 +0200] "GET /politica/carretera-monzon-binefar HTTP/1.1" 200 61743 cronicareinodearagon.com "https://cronicareinodearagon.com/category/aragon/huesca" "Mozilla/5.0 (Linux; Android 7.0;) AppleWebKit/537.36 (HTML, like Gecko) Mobile Safari/537.36 (compatible; PetalBot;+https://webmaster.petalsearch.com/site/petalbot)" "-"
46.4.220.0 - - [12/Aug/2026:02:21:11 +0200] "GET /?shop/items/G385129758/ HTTP/1.1" 200 61671 cronicareinodearagon.com "-" "Mozilla/5.0 (compatible; SERankingBacklinksBot/1.0; +https://seranking.com/backlinks-crawler)" "-"
216.73.217.0 - - [12/Aug/2026:02:21:12 +0200] "GET /shop/contents/malwil_begin?fileloc=%2Fhomepages%2F20%2Fd917057205%2Fhtdocs%2Fclickandbuilds%2FCronicaReinodeAragon%2Fwp-includes%2FText%2FException.php&path=%2Fhomepages%2F20%2Fd917057205%2Fhtdocs%2Fclickandbuilds%2FCronicaReinodeAragon%2Fwp-includes%2FText HTTP/1.1" 200 13094 cronicareinodearagon.com "-" "Mozilla/5.0 AppleWebKit/537.36 (KHTML, like Gecko; compatible; ClaudeBot/1.0; +claudebot@anthropic.com)" "-"
66.249.65.0 - - [12/Aug/2026:02:21:12 +0200] "GET /?shop/items/A63076148535/ HTTP/1.1" 200 61671 cronicareinodearagon.com "-" "Mozilla/5.0 (Linux; Android 6.0.1; Nexus 5X Build/MMB29P) AppleWebKit/537.36 (KHTML, like Gecko) Chrome/150.0.7871.186 Mobile Safari/537.36 (compatible; Googlebot/2.1; +http://www.google.com/bot.html)" "-"
2a03:2880:f800:: - - [12/Aug/2026:02:21:14 +0200] "GET /?shop/items/S40474183389/ HTTP/1.1" 429 267 cronicareinodearagon.com "-" "Mozilla/5.0 (Macintosh; Intel Mac OS X 10_15_7) AppleWebKit/537.36 (KHTML, like Gecko) Chrome/145.0.0.0 Safari/537.36 (compatible; meta-externalagent/1.1 (+https://developers.facebook.com/docs/sharing/webmasters/crawler))" "-"
46.4.220.0 - - [12/Aug/2026:02:21:14 +0200] "GET /?shop/items/I495385364/ HTTP/1.1" 200 61671 cronicareinodearagon.com "-" "Mozilla/5.0 (compatible; SERankingBacklinksBot/1.0; +https://seranking.com/backlinks-crawler)" "-"
2a03:2880:f800:: - - [12/Aug/2026:02:21:16 +0200] "GET /sitemap925.xml HTTP/1.1" 429 267 cronicareinodearagon.com "-" "Mozilla/5.0 (Windows NT 10.0; Win64; x64) AppleWebKit/537.36 (KHTML, like Gecko) Chrome/145.0.0.0 Safari/537.36 (compatible; meta-externalagent/1.1 (+https://developers.facebook.com/docs/sharing/webmasters/crawler))" "-"
216.73.217.0 - - [12/Aug/2026:02:21:17 +0200] "GET /shop/mypage/mail-magazine?fileloc=%2F%2Fkunden%2Fetc%2Fsysctl.d%2FREADME.sysctl&path=%2F%2Fkunden%2Fetc%2Fsysctl.d HTTP/1.1" 200 12944 cronicareinodearagon.com "-" "Mozilla/5.0 AppleWebKit/537.36 (KHTML, like Gecko; compatible; ClaudeBot/1.0; +claudebot@anthropic.com)" "-"
46.4.220.0 - - [12/Aug/2026:02:21:17 +0200] "GET /?shop/items/G385129759/ HTTP/1.1" 200 61671 cronicareinodearagon.com "-" "Mozilla/5.0 (compatible; SERankingBacklinksBot/1.0; +https://seranking.com/backlinks-crawler)" "-"
2a03:2880:f800:: - - [12/Aug/2026:02:21:21 +0200] "GET /?shop/items/Y26882258281/ HTTP/1.1" 429 267 cronicareinodearagon.com "-" "Mozilla/5.0 (Macintosh; Intel Mac OS X 10_15_7) AppleWebKit/537.36 (KHTML, like Gecko) Chrome/145.0.0.0 Safari/537.36 (compatible; meta-externalagent/1.1 (+https://developers.facebook.com/docs/sharing/webmasters/crawler))" "-"
46.4.220.0 - - [12/Aug/2026:02:21:21 +0200] "GET /?shop/items/I495385366/ HTTP/1.1" 200 61671 cronicareinodearagon.com "-" "Mozilla/5.0 (compatible; SERankingBacklinksBot/1.0; +https://seranking.com/backlinks-crawler)" "-"
216.73.217.0 - - [12/Aug/2026:02:21:22 +0200] "GET /shop/mypage/mail-magazine?path=%2Fhomepages%2F20%2Fd917057205%2Fhtdocs%2Fclickandbuilds%2FCronicaReinodeAragon%2Fwp-includes%2Fblocks%2Fquery HTTP/1.1" 200 30852 cronicareinodearagon.com "-" "Mozilla/5.0 AppleWebKit/537.36 (KHTML, like Gecko; compatible; ClaudeBot/1.0; +claudebot@anthropic.com)" "-"
2a03:2880:f800:: - - [12/Aug/2026:02:21:22 +0200] "GET /?shop/items/I4953832122/ HTTP/1.1" 429 267 cronicareinodearagon.com "-" "Mozilla/5.0 (Windows NT 10.0; Win64; x64) AppleWebKit/537.36 (KHTML, like Gecko) Chrome/145.0.0.0 Safari/537.36 (compatible; meta-externalagent/1.1 (+https://developers.facebook.com/docs/sharing/webmasters/crawler))" "-"
46.4.220.0 - - [12/Aug/2026:02:21:24 +0200] "GET /?shop/items/G385129760/ HTTP/1.1" 200 61671 cronicareinodearagon.com "-" "Mozilla/5.0 (compatible; SERankingBacklinksBot/1.0; +https://seranking.com/backlinks-crawler)" "-"
216.73.217.0 - - [12/Aug/2026:02:21:27 +0200] "GET /shop/mypage/mail-magazine?fileloc=%2F%2Fbin%2Fmysqladmin&path=%2F%2Fbin HTTP/1.1" 200 12192 cronicareinodearagon.com "-" "Mozilla/5.0 AppleWebKit/537.36 (KHTML, like Gecko; compatible; ClaudeBot/1.0; +claudebot@anthropic.com)" "-"
46.4.220.0 - - [12/Aug/2026:02:21:27 +0200] "GET /?shop/items/I495385367/ HTTP/1.1" 200 61671 cronicareinodearagon.com "-" "Mozilla/5.0 (compatible; SERankingBacklinksBot/1.0; +https://seranking.com/backlinks-crawler)" "-"
2a03:2880:f800:: - - [12/Aug/2026:02:21:28 +0200] "GET /?shop/items/G38512181015/ HTTP/1.1" 429 267 cronicareinodearagon.com "-" "Mozilla/5.0 (Macintosh; Intel Mac OS X 10_15_7) AppleWebKit/537.36 (KHTML, like Gecko) Chrome/145.0.0.0 Safari/537.36 (compatible; meta-externalagent/1.1 (+https://developers.facebook.com/docs/sharing/webmasters/crawler))" "-"
2a03:2880:f800:: - - [12/Aug/2026:02:21:30 +0200] "GET /?shop/items/W91750200297/ HTTP/1.1" 429 267 cronicareinodearagon.com "-" "Mozilla/5.0 (Windows NT 10.0; Win64; x64) AppleWebKit/537.36 (KHTML, like Gecko) Chrome/145.0.0.0 Safari/537.36 (compatible; meta-externalagent/1.1 (+https://developers.facebook.com/docs/sharing/webmasters/crawler))" "-"
46.4.220.0 - - [12/Aug/2026:02:21:31 +0200] "GET /?shop/items/G385129761/ HTTP/1.1" 200 61671 cronicareinodearagon.com "-" "Mozilla/5.0 (compatible; SERankingBacklinksBot/1.0; +https://seranking.com/backlinks-crawler)" "-"
216.73.217.0 - - [12/Aug/2026:02:21:32 +0200] "GET /shop/mypage/mail-magazine?fileloc=%2Fhomepages%2F20%2Fd917057205%2Fhtdocs%2Fclickandbuilds%2FCronicaReinodeAragon%2Fwp-admin%2Fjs%2Fcode-editor.min.js&path=%2Fhomepages%2F20%2Fd917057205%2Fhtdocs%2Fclickandbuilds%2FCronicaReinodeAragon%2Fwp-admin%2Fjs HTTP/1.1" 200 16708 cronicareinodearagon.com "-" "Mozilla/5.0 AppleWebKit/537.36 (KHTML, like Gecko; compatible; ClaudeBot/1.0; +claudebot@anthropic.com)" "-"
66.249.65.0 - - [12/Aug/2026:02:21:32 +0200] "GET /?shop/items/Y2688243985/ HTTP/1.1" 200 61671 cronicareinodearagon.com "-" "Mozilla/5.0 (Linux; Android 6.0.1; Nexus 5X Build/MMB29P) AppleWebKit/537.36 (KHTML, like Gecko) Chrome/150.0.7871.186 Mobile Safari/537.36 (compatible; Googlebot/2.1; +http://www.google.com/bot.html)" "-"
46.4.220.0 - - [12/Aug/2026:02:21:34 +0200] "GET /?shop/items/I495385369/ HTTP/1.1" 200 61671 cronicareinodearagon.com "-" "Mozilla/5.0 (compatible; SERankingBacklinksBot/1.0; +https://seranking.com/backlinks-crawler)" "-"
2a03:2880:f800:: - - [12/Aug/2026:02:21:34 +0200] "GET /?shop/items/I49538271661/ HTTP/1.1" 429 267 cronicareinodearagon.com "-" "Mozilla/5.0 (Windows NT 10.0; Win64; x64) AppleWebKit/537.36 (KHTML, like Gecko) Chrome/145.0.0.0 Safari/537.36 Edg/145.0.0.0 (compatible; meta-externalagent/1.1 (+https://developers.facebook.com/docs/sharing/webmasters/crawler))" "-"
216.73.217.0 - - [12/Aug/2026:02:21:37 +0200] "GET /shop/mypage/mail-magazine?fileloc=%2F%2Fbin%2Frdjpgcom&path=%2F%2Fbin HTTP/1.1" 200 12190 cronicareinodearagon.com "-" "Mozilla/5.0 AppleWebKit/537.36 (KHTML, like Gecko; compatible; ClaudeBot/1.0; +claudebot@anthropic.com)" "-"
46.4.220.0 - - [12/Aug/2026:02:21:37 +0200] "GET /?shop/items/G385129762/ HTTP/1.1" 200 61671 cronicareinodearagon.com "-" "Mozilla/5.0 (compatible; SERankingBacklinksBot/1.0; +https://seranking.com/backlinks-crawler)" "-"
2a03:2880:f800:: - - [12/Aug/2026:02:21:40 +0200] "GET /?shop/items/W9175072143/ HTTP/1.1" 429 267 cronicareinodearagon.com "-" "Mozilla/5.0 (Windows NT 10.0; Win64; x64) AppleWebKit/537.36 (KHTML, like Gecko) Chrome/144.0.0.0 Safari/537.36 Edg/144.0.0.0 (compatible; meta-externalagent/1.1 (+https://developers.facebook.com/docs/sharing/webmasters/crawler))" "-"
46.4.220.0 - - [12/Aug/2026:02:21:41 +0200] "GET /?shop/items/I495385371/ HTTP/1.1" 200 61671 cronicareinodearagon.com "-" "Mozilla/5.0 (compatible; SERankingBacklinksBot/1.0; +https://seranking.com/backlinks-crawler)" "-"
2a03:2880:f800:: - - [12/Aug/2026:02:21:41 +0200] "GET /?shop/items/Y26882128994/ HTTP/1.1" 429 267 cronicareinodearagon.com "-" "Mozilla/5.0 (Macintosh; Intel Mac OS X 10_15_7) AppleWebKit/537.36 (KHTML, like Gecko) Chrome/145.0.0.0 Safari/537.36 (compatible; meta-externalagent/1.1 (+https://developers.facebook.com/docs/sharing/webmasters/crawler))" "-"
216.73.217.0 - - [12/Aug/2026:02:21:42 +0200] "GET /shop/contents/malwil_begin?fileloc=%2Fhomepages%2F20%2Fd917057205%2Fhtdocs%2Fclickandbuilds%2FCronicaReinodeAragon%2Fwp-includes%2Fformatting.php&path=%2Fhomepages%2F20%2Fd917057205%2Fhtdocs%2Fclickandbuilds%2FCronicaReinodeAragon%2Fwp-includes HTTP/1.1" 429 267 cronicareinodearagon.com "-" "Mozilla/5.0 AppleWebKit/537.36 (KHTML, like Gecko; compatible; ClaudeBot/1.0; +claudebot@anthropic.com)" "-"
46.4.220.0 - - [12/Aug/2026:02:21:44 +0200] "GET /?shop/items/G385129764/ HTTP/1.1" 200 61671 cronicareinodearagon.com "-" "Mozilla/5.0 (compatible; SERankingBacklinksBot/1.0; +https://seranking.com/backlinks-crawler)" "-"
66.249.65.0 - - [12/Aug/2026:02:21:46 +0200] "GET /?shop/items/I80088130842/ HTTP/1.1" 200 61671 cronicareinodearagon.com "-" "Mozilla/5.0 (Linux; Android 6.0.1; Nexus 5X Build/MMB29P) AppleWebKit/537.36 (KHTML, like Gecko) Chrome/150.0.7871.186 Mobile Safari/537.36 (compatible; Googlebot/2.1; +http://www.google.com/bot.html)" "-"
66.249.65.0 - - [12/Aug/2026:02:21:47 +0200] "GET /?shop/items/W91750278502/ HTTP/1.1" 200 61671 cronicareinodearagon.com "-" "Mozilla/5.0 (Linux; Android 6.0.1; Nexus 5X Build/MMB29P) AppleWebKit/537.36 (KHTML, like Gecko) Chrome/150.0.7871.186 Mobile Safari/537.36 (compatible; Googlebot/2.1; +http://www.google.com/bot.html)" "-"
216.73.217.0 - - [12/Aug/2026:02:21:47 +0200] "GET /shop/mypage/mail-magazine?fileloc=%2F%2Fbin%2Fsvnlook&path=%2F%2Fbin HTTP/1.1" 429 267 cronicareinodearagon.com "-" "Mozilla/5.0 AppleWebKit/537.36 (KHTML, like Gecko; compatible; ClaudeBot/1.0; +claudebot@anthropic.com)" "-"
46.4.220.0 - - [12/Aug/2026:02:21:47 +0200] "GET /?shop/items/I495385372/ HTTP/1.1" 200 61671 cronicareinodearagon.com "-" "Mozilla/5.0 (compatible; SERankingBacklinksBot/1.0; +https://seranking.com/backlinks-crawler)" "-"
74.7.227.0 - - [12/Aug/2026:02:21:48 +0200] "GET /?fileloc=//usr/bin/gcc-ar&path=//usr/bin HTTP/1.1" 429 267 cronicareinodearagon.com "http://cronicareinodearagon.com/?path=//usr/bin" "Mozilla/5.0 AppleWebKit/537.36 (KHTML, like Gecko; compatible; GPTBot/1.4; +https://openai.com/gptbot)" "-"
2a03:2880:f800:: - - [12/Aug/2026:02:21:49 +0200] "GET /?shop/items/A6307638278/ HTTP/1.1" 200 61671 cronicareinodearagon.com "-" "Mozilla/5.0 (Windows NT 10.0; Win64; x64) AppleWebKit/537.36 (KHTML, like Gecko) Chrome/145.0.0.0 Safari/537.36 (compatible; meta-externalagent/1.1 (+https://developers.facebook.com/docs/sharing/webmasters/crawler))" "-"
46.4.220.0 - - [12/Aug/2026:02:21:51 +0200] "GET /?shop/items/G385129765/ HTTP/1.1" 200 61671 cronicareinodearagon.com "-" "Mozilla/5.0 (compatible; SERankingBacklinksBot/1.0; +https://seranking.com/backlinks-crawler)" "-"
66.249.65.0 - - [12/Aug/2026:02:21:51 +0200] "GET /?shop/items/A6307677416/ HTTP/1.1" 200 61671 cronicareinodearagon.com "-" "Mozilla/5.0 (Linux; Android 6.0.1; Nexus 5X Build/MMB29P) AppleWebKit/537.36 (KHTML, like Gecko) Chrome/150.0.7871.186 Mobile Safari/537.36 (compatible; Googlebot/2.1; +http://www.google.com/bot.html)" "-"
216.73.217.0 - - [12/Aug/2026:02:21:52 +0200] "GET /shop/commodity/ordered-list/SIEI1551D/I03839DU00014?path=%2Fhomepages%2F20%2Fd917057205%2Fhtdocs%2Fclickandbuilds%2FCronicaReinodeAragon%2Fwp-includes%2Fpomo HTTP/1.1" 429 267 cronicareinodearagon.com "-" "Mozilla/5.0 AppleWebKit/537.36 (KHTML, like Gecko; compatible; ClaudeBot/1.0; +claudebot@anthropic.com)" "-"
66.249.65.0 - - [12/Aug/2026:02:21:53 +0200] "GET /?shop/items/Q86258186506/ HTTP/1.1" 200 61671 cronicareinodearagon.com "-" "Mozilla/5.0 (Linux; Android 6.0.1; Nexus 5X Build/MMB29P) AppleWebKit/537.36 (KHTML, like Gecko) Chrome/150.0.7871.186 Mobile Safari/537.36 (compatible; Googlebot/2.1; +http://www.google.com/bot.html)" "-"
46.4.220.0 - - [12/Aug/2026:02:21:54 +0200] "GET /?shop/items/I495385373/ HTTP/1.1" 200 61671 cronicareinodearagon.com "-" "Mozilla/5.0 (compatible; SERankingBacklinksBot/1.0; +https://seranking.com/backlinks-crawler)" "-"
66.249.65.0 - - [12/Aug/2026:02:21:54 +0200] "GET /?shop/items/G38512228397/ HTTP/1.1" 200 61671 cronicareinodearagon.com "-" "Mozilla/5.0 (Linux; Android 6.0.1; Nexus 5X Build/MMB29P) AppleWebKit/537.36 (KHTML, like Gecko) Chrome/150.0.7871.186 Mobile Safari/537.36 (compatible; Googlebot/2.1; +http://www.google.com/bot.html)" "-"
66.249.65.0 - - [12/Aug/2026:02:21:56 +0200] "GET /?shop/items/G38512108041/ HTTP/1.1" 200 61671 cronicareinodearagon.com "-" "Mozilla/5.0 (Linux; Android 6.0.1; Nexus 5X Build/MMB29P) AppleWebKit/537.36 (KHTML, like Gecko) Chrome/150.0.7871.186 Mobile Safari/537.36 (compatible; Googlebot/2.1; +http://www.google.com/bot.html)" "-"
216.73.217.0 - - [12/Aug/2026:02:21:57 +0200] "GET /shop/mypage/mail-magazine?fileloc=%2Fhomepages%2F20%2Fd917057205%2Fhtdocs%2Fclickandbuilds%2FCronicaReinodeAragon%2Fwp-admin%2Fnetwork%2Fedit.php&path=%2Fhomepages%2F20%2Fd917057205%2Fhtdocs%2Fclickandbuilds%2FCronicaReinodeAragon%2Fwp-admin%2Fnetwork HTTP/1.1" 429 267 cronicareinodearagon.com "-" "Mozilla/5.0 AppleWebKit/537.36 (KHTML, like Gecko; compatible; ClaudeBot/1.0; +claudebot@anthropic.com)" "-"
46.4.220.0 - - [12/Aug/2026:02:21:58 +0200] "GET /?shop/items/G385129766/ HTTP/1.1" 200 61671 cronicareinodearagon.com "-" "Mozilla/5.0 (compatible; SERankingBacklinksBot/1.0; +https://seranking.com/backlinks-crawler)" "-"
66.249.65.0 - - [12/Aug/2026:02:21:59 +0200] "GET /?shop/items/P5256163098/ HTTP/1.1" 200 61671 cronicareinodearagon.com "-" "Mozilla/5.0 (Linux; Android 6.0.1; Nexus 5X Build/MMB29P) AppleWebKit/537.36 (KHTML, like Gecko) Chrome/150.0.7871.186 Mobile Safari/537.36 (compatible; Googlebot/2.1; +http://www.google.com/bot.html)" "-"
66.249.65.0 - - [12/Aug/2026:02:22:00 +0200] "GET /?shop/items/Y26882239063/ HTTP/1.1" 200 61671 cronicareinodearagon.com "-" "Mozilla/5.0 (Linux; Android 6.0.1; Nexus 5X Build/MMB29P) AppleWebKit/537.36 (KHTML, like Gecko) Chrome/150.0.7871.186 Mobile Safari/537.36 (compatible; Googlebot/2.1; +http://www.google.com/bot.html)" "-"
66.249.65.0 - - [12/Aug/2026:02:22:01 +0200] "GET /?shop/items/Y26882269591/ HTTP/1.1" 200 61671 cronicareinodearagon.com "-" "Mozilla/5.0 (Linux; Android 6.0.1; Nexus 5X Build/MMB29P) AppleWebKit/537.36 (KHTML, like Gecko) Chrome/150.0.7871.186 Mobile Safari/537.36 (compatible; Googlebot/2.1; +http://www.google.com/bot.html)" "-"
46.4.220.0 - - [12/Aug/2026:02:22:01 +0200] "GET /?shop/items/I495385374/ HTTP/1.1" 200 61671 cronicareinodearagon.com "-" "Mozilla/5.0 (compatible; SERankingBacklinksBot/1.0; +https://seranking.com/backlinks-crawler)" "-"
66.249.65.0 - - [12/Aug/2026:02:22:01 +0200] "GET /?shop/items/A6307690058/ HTTP/1.1" 200 61671 cronicareinodearagon.com "-" "Mozilla/5.0 (Linux; Android 6.0.1; Nexus 5X Build/MMB29P) AppleWebKit/537.36 (KHTML, like Gecko) Chrome/150.0.7871.186 Mobile Safari/537.36 (compatible; Googlebot/2.1; +http://www.google.com/bot.html)" "-"
216.73.217.0 - - [12/Aug/2026:02:22:02 +0200] "GET /shop/mypage/mail-magazine?fileloc=%2F%2Fbin%2Fmtvtoppm&path=%2F%2Fbin HTTP/1.1" 429 267 cronicareinodearagon.com "-" "Mozilla/5.0 AppleWebKit/537.36 (KHTML, like Gecko; compatible; ClaudeBot/1.0; +claudebot@anthropic.com)" "-"
66.249.65.0 - - [12/Aug/2026:02:22:02 +0200] "GET /?shop/items/S40474168090/ HTTP/1.1" 200 61671 cronicareinodearagon.com "-" "Mozilla/5.0 (Linux; Android 6.0.1; Nexus 5X Build/MMB29P) AppleWebKit/537.36 (KHTML, like Gecko) Chrome/150.0.7871.186 Mobile Safari/537.36 (compatible; Googlebot/2.1; +http://www.google.com/bot.html)" "-"
46.4.220.0 - - [12/Aug/2026:02:22:05 +0200] "GET /?shop/items/G385129767/ HTTP/1.1" 200 61671 cronicareinodearagon.com "-" "Mozilla/5.0 (compatible; SERankingBacklinksBot/1.0; +https://seranking.com/backlinks-crawler)" "-"
66.249.65.0 - - [12/Aug/2026:02:22:05 +0200] "GET /detail.php?shop/items/F85077180246/ HTTP/1.1" 200 203524 cronicareinodearagon.com "-" "Mozilla/5.0 (Linux; Android 6.0.1; Nexus 5X Build/MMB29P) AppleWebKit/537.36 (KHTML, like Gecko) Chrome/150.0.7871.186 Mobile Safari/537.36 (compatible; GoogleOther)" "-"
66.249.65.0 - - [12/Aug/2026:02:22:06 +0200] "GET /?shop/items/I49538198966/ HTTP/1.1" 200 61671 cronicareinodearagon.com "-" "Mozilla/5.0 (Linux; Android 6.0.1; Nexus 5X Build/MMB29P) AppleWebKit/537.36 (KHTML, like Gecko) Chrome/150.0.7871.186 Mobile Safari/537.36 (compatible; Googlebot/2.1; +http://www.google.com/bot.html)" "-"
216.73.217.0 - - [12/Aug/2026:02:22:07 +0200] "GET /shop/mypage/mail-magazine?fileloc=%2F%2Fbin%2Fpnmcrop&path=%2F%2Fbin HTTP/1.1" 429 267 cronicareinodearagon.com "-" "Mozilla/5.0 AppleWebKit/537.36 (KHTML, like Gecko; compatible; ClaudeBot/1.0; +claudebot@anthropic.com)" "-"
66.249.65.0 - - [12/Aug/2026:02:22:07 +0200] "GET /?shop/items/S47104284783/ HTTP/1.1" 200 61671 cronicareinodearagon.com "-" "Mozilla/5.0 (Linux; Android 6.0.1; Nexus 5X Build/MMB29P) AppleWebKit/537.36 (KHTML, like Gecko) Chrome/150.0.7871.186 Mobile Safari/537.36 (compatible; Googlebot/2.1; +http://www.google.com/bot.html)" "-"
2a03:2880:f800:: - - [12/Aug/2026:02:22:07 +0200] "GET /?shop/items/I8008842537/ HTTP/1.1" 200 61671 cronicareinodearagon.com "-" "Mozilla/5.0 (Windows NT 10.0; Win64; x64) AppleWebKit/537.36 (KHTML, like Gecko) Chrome/145.0.0.0 Safari/537.36 (compatible; meta-externalagent/1.1 (+https://developers.facebook.com/docs/sharing/webmasters/crawler))" "-"
46.4.220.0 - - [12/Aug/2026:02:22:08 +0200] "GET /?shop/items/I495385375/ HTTP/1.1" 200 61671 cronicareinodearagon.com "-" "Mozilla/5.0 (compatible; SERankingBacklinksBot/1.0; +https://seranking.com/backlinks-crawler)" "-"
66.249.65.0 - - [12/Aug/2026:02:22:10 +0200] "GET /?shop/items/W9175089709/ HTTP/1.1" 200 61671 cronicareinodearagon.com "-" "Mozilla/5.0 (Linux; Android 6.0.1; Nexus 5X Build/MMB29P) AppleWebKit/537.36 (KHTML, like Gecko) Chrome/150.0.7871.186 Mobile Safari/537.36 (compatible; Googlebot/2.1; +http://www.google.com/bot.html)" "-"
2a03:2880:f800:: - - [12/Aug/2026:02:22:10 +0200] "GET /?shop/items/A63076154882/ HTTP/1.1" 200 61671 cronicareinodearagon.com "-" "Mozilla/5.0 (Macintosh; Intel Mac OS X 10_15_7) AppleWebKit/537.36 (KHTML, like Gecko) Chrome/145.0.0.0 Safari/537.36 (compatible; meta-externalagent/1.1 (+https://developers.facebook.com/docs/sharing/webmasters/crawler))" "-"
66.249.65.0 - - [12/Aug/2026:02:22:10 +0200] "GET /?shop/items/S40474140694/ HTTP/1.1" 200 61671 cronicareinodearagon.com "-" "Mozilla/5.0 (Linux; Android 6.0.1; Nexus 5X Build/MMB29P) AppleWebKit/537.36 (KHTML, like Gecko) Chrome/150.0.7871.186 Mobile Safari/537.36 (compatible; GoogleOther)" "-"
66.249.65.0 - - [12/Aug/2026:02:22:10 +0200] "GET /?shop/items/I8008880259/ HTTP/1.1" 200 61671 cronicareinodearagon.com "-" "Mozilla/5.0 (Linux; Android 6.0.1; Nexus 5X Build/MMB29P) AppleWebKit/537.36 (KHTML, like Gecko) Chrome/150.0.7871.186 Mobile Safari/537.36 (compatible; Googlebot/2.1; +http://www.google.com/bot.html)" "-"
46.4.220.0 - - [12/Aug/2026:02:22:11 +0200] "GET /?shop/items/G385129768/ HTTP/1.1" 200 61671 cronicareinodearagon.com "-" "Mozilla/5.0 (compatible; SERankingBacklinksBot/1.0; +https://seranking.com/backlinks-crawler)" "-"
66.249.65.0 - - [12/Aug/2026:02:22:11 +0200] "GET /?shop/items/I80088136508/ HTTP/1.1" 200 61671 cronicareinodearagon.com "-" "Mozilla/5.0 (Linux; Android 6.0.1; Nexus 5X Build/MMB29P) AppleWebKit/537.36 (KHTML, like Gecko) Chrome/150.0.7871.186 Mobile Safari/537.36 (compatible; Googlebot/2.1; +http://www.google.com/bot.html)" "-"
216.73.217.0 - - [12/Aug/2026:02:22:12 +0200] "GET /shop/mypage/mail-magazine?fileloc=%2Fhomepages%2F20%2Fd917057205%2Fhtdocs%2Fclickandbuilds%2FCronicaReinodeAragon%2Fwp-admin%2Fnetwork%2Fusers.php&path=%2Fhomepages%2F20%2Fd917057205%2Fhtdocs%2Fclickandbuilds%2FCronicaReinodeAragon%2Fwp-admin%2Fnetwork HTTP/1.1" 429 267 cronicareinodearagon.com "-" "Mozilla/5.0 AppleWebKit/537.36 (KHTML, like Gecko; compatible; ClaudeBot/1.0; +claudebot@anthropic.com)" "-"
66.249.65.0 - - [12/Aug/2026:02:22:13 +0200] "GET /?shop/items/S40474215471/ HTTP/1.1" 200 61671 cronicareinodearagon.com "-" "Mozilla/5.0 (Linux; Android 6.0.1; Nexus 5X Build/MMB29P) AppleWebKit/537.36 (KHTML, like Gecko) Chrome/150.0.7871.186 Mobile Safari/537.36 (compatible; Googlebot/2.1; +http://www.google.com/bot.html)" "-"
66.249.65.0 - - [12/Aug/2026:02:22:14 +0200] "GET /?shop/items/S40474259719/ HTTP/1.1" 200 61671 cronicareinodearagon.com "-" "Mozilla/5.0 (Linux; Android 6.0.1; Nexus 5X Build/MMB29P) AppleWebKit/537.36 (KHTML, like Gecko) Chrome/150.0.7871.186 Mobile Safari/537.36 (compatible; Googlebot/2.1; +http://www.google.com/bot.html)" "-"
46.4.220.0 - - [12/Aug/2026:02:22:14 +0200] "GET /?shop/items/I495385376/ HTTP/1.1" 200 61671 cronicareinodearagon.com "-" "Mozilla/5.0 (compatible; SERankingBacklinksBot/1.0; +https://seranking.com/backlinks-crawler)" "-"
66.249.65.0 - - [12/Aug/2026:02:22:15 +0200] "GET /?shop/items/S40474226182/ HTTP/1.1" 200 61671 cronicareinodearagon.com "-" "Mozilla/5.0 (Linux; Android 6.0.1; Nexus 5X Build/MMB29P) AppleWebKit/537.36 (KHTML, like Gecko) Chrome/150.0.7871.186 Mobile Safari/537.36 (compatible; Googlebot/2.1; +http://www.google.com/bot.html)" "-"
66.249.65.0 - - [12/Aug/2026:02:22:16 +0200] "GET /?shop/items/S4710441843/ HTTP/1.1" 200 61671 cronicareinodearagon.com "-" "Mozilla/5.0 (Linux; Android 6.0.1; Nexus 5X Build/MMB29P) AppleWebKit/537.36 (KHTML, like Gecko) Chrome/150.0.7871.186 Mobile Safari/537.36 (compatible; Googlebot/2.1; +http://www.google.com/bot.html)" "-"
216.73.217.0 - - [12/Aug/2026:02:22:17 +0200] "GET /shop/mypage/mail-magazine?fileloc=%2F%2Fkunden%2Fbin%2Funzip&path=%2F%2Fkunden%2Fbin HTTP/1.1" 429 267 cronicareinodearagon.com "-" "Mozilla/5.0 AppleWebKit/537.36 (KHTML, like Gecko; compatible; ClaudeBot/1.0; +claudebot@anthropic.com)" "-"
46.4.220.0 - - [12/Aug/2026:02:22:18 +0200] "GET /?shop/items/G385129770/ HTTP/1.1" 200 61671 cronicareinodearagon.com "-" "Mozilla/5.0 (compatible; SERankingBacklinksBot/1.0; +https://seranking.com/backlinks-crawler)" "-"
66.249.65.0 - - [12/Aug/2026:02:22:19 +0200] "GET /?shop/items/G38512130578/ HTTP/1.1" 200 61671 cronicareinodearagon.com "-" "Mozilla/5.0 (Linux; Android 6.0.1; Nexus 5X Build/MMB29P) AppleWebKit/537.36 (KHTML, like Gecko) Chrome/150.0.7871.186 Mobile Safari/537.36 (compatible; Googlebot/2.1; +http://www.google.com/bot.html)" "-"
2a03:2880:f800:: - - [12/Aug/2026:02:22:19 +0200] "GET /?shop/items/Y26882250091/ HTTP/1.1" 200 61671 cronicareinodearagon.com "-" "Mozilla/5.0 (Windows NT 10.0; Win64; x64) AppleWebKit/537.36 (KHTML, like Gecko) Chrome/145.0.0.0 Safari/537.36 Edg/145.0.0.0 (compatible; meta-externalagent/1.1 (+https://developers.facebook.com/docs/sharing/webmasters/crawler))" "-"
66.249.65.0 - - [12/Aug/2026:02:22:20 +0200] "GET /?shop/items/P52561280722/ HTTP/1.1" 200 61671 cronicareinodearagon.com "-" "Mozilla/5.0 (Linux; Android 6.0.1; Nexus 5X Build/MMB29P) AppleWebKit/537.36 (KHTML, like Gecko) Chrome/150.0.7871.186 Mobile Safari/537.36 (compatible; Googlebot/2.1; +http://www.google.com/bot.html)" "-"
46.4.220.0 - - [12/Aug/2026:02:22:21 +0200] "GET /?shop/items/I495385377/ HTTP/1.1" 200 61671 cronicareinodearagon.com "-" "Mozilla/5.0 (compatible; SERankingBacklinksBot/1.0; +https://seranking.com/backlinks-crawler)" "-"
66.249.65.0 - - [12/Aug/2026:02:22:21 +0200] "GET /products.php?sitemap60.xml HTTP/1.1" 200 590120 cronicareinodearagon.com "-" "Mozilla/5.0 (compatible; Googlebot/2.1; +http://www.google.com/bot.html)" "-"
216.73.217.0 - - [12/Aug/2026:02:22:22 +0200] "GET /shop/mypage/mail-magazine?fileloc=%2F%2Fkunden%2Fbin%2Fsshpass&path=%2F%2Fkunden%2Fbin HTTP/1.1" 429 267 cronicareinodearagon.com "-" "Mozilla/5.0 AppleWebKit/537.36 (KHTML, like Gecko; compatible; ClaudeBot/1.0; +claudebot@anthropic.com)" "-"
66.249.65.0 - - [12/Aug/2026:02:22:24 +0200] "GET /detail.php?shop/items/P15277293993/ HTTP/1.1" 200 201147 cronicareinodearagon.com "-" "Mozilla/5.0 (compatible; Googlebot/2.1; +http://www.google.com/bot.html)" "-"
46.4.220.0 - - [12/Aug/2026:02:22:25 +0200] "GET /?shop/items/G385129772/ HTTP/1.1" 200 61671 cronicareinodearagon.com "-" "Mozilla/5.0 (compatible; SERankingBacklinksBot/1.0; +https://seranking.com/backlinks-crawler)" "-"
216.73.217.0 - - [12/Aug/2026:02:22:27 +0200] "GET /shop/mypage/mail-magazine?path=%2Fhomepages%2F20%2Fd917057205%2Fhtdocs%2Fclickandbuilds%2FCronicaReinodeAragon%2Fwp-content%2Fgallery HTTP/1.1" 429 267 cronicareinodearagon.com "-" "Mozilla/5.0 AppleWebKit/537.36 (KHTML, like Gecko; compatible; ClaudeBot/1.0; +claudebot@anthropic.com)" "-"
46.4.220.0 - - [12/Aug/2026:02:22:28 +0200] "GET /?shop/items/I495385378/ HTTP/1.1" 200 61671 cronicareinodearagon.com "-" "Mozilla/5.0 (compatible; SERankingBacklinksBot/1.0; +https://seranking.com/backlinks-crawler)" "-"
114.119.143.0 - - [12/Aug/2026:02:22:30 +0200] "GET /politica/candidaturas-psoe-alto-aragon-elecciones-municipales/?path=/homepages/20/d917057205 HTTP/1.1" 200 34379 cronicareinodearagon.com "https://cronicareinodearagon.com/politica/candidaturas-psoe-alto-aragon-elecciones-municipales/" "Mozilla/5.0 (Linux; Android 7.0;) AppleWebKit/537.36 (HTML, like Gecko) Mobile Safari/537.36 (compatible; PetalBot;+https://webmaster.petalsearch.com/site/petalbot)" "-"
46.4.220.0 - - [12/Aug/2026:02:22:31 +0200] "GET /?shop/items/G385129773/ HTTP/1.1" 200 61671 cronicareinodearagon.com "-" "Mozilla/5.0 (compatible; SERankingBacklinksBot/1.0; +https://seranking.com/backlinks-crawler)" "-"
2a03:2880:f800:: - - [12/Aug/2026:02:22:32 +0200] "GET /?shop/items/G38512230497/ HTTP/1.1" 200 61671 cronicareinodearagon.com "-" "Mozilla/5.0 (Windows NT 10.0; Win64; x64) AppleWebKit/537.36 (KHTML, like Gecko) Chrome/145.0.0.0 Safari/537.36 (compatible; meta-externalagent/1.1 (+https://developers.facebook.com/docs/sharing/webmasters/crawler))" "-"
216.73.217.0 - - [12/Aug/2026:02:22:32 +0200] "GET /shop/commodity/ordered-list/SIEI1551D/I03839DU00014?path=%2Fhomepages%2F20%2Fd917057205%2Fhtdocs%2Fclickandbuilds%2FCronicaReinodeAragon%2Fwp-content%2Fwpvivid_uploads HTTP/1.1" 429 267 cronicareinodearagon.com "-" "Mozilla/5.0 AppleWebKit/537.36 (KHTML, like Gecko; compatible; ClaudeBot/1.0; +claudebot@anthropic.com)" "-"
66.249.65.0 - - [12/Aug/2026:02:22:33 +0200] "GET /?shop/items/P52561145833/ HTTP/1.1" 200 61671 cronicareinodearagon.com "-" "Mozilla/5.0 (Linux; Android 6.0.1; Nexus 5X Build/MMB29P) AppleWebKit/537.36 (KHTML, like Gecko) Chrome/150.0.7871.186 Mobile Safari/537.36 (compatible; Googlebot/2.1; +http://www.google.com/bot.html)" "-"
46.4.220.0 - - [12/Aug/2026:02:22:35 +0200] "GET /?shop/items/I495385381/ HTTP/1.1" 200 61671 cronicareinodearagon.com "-" "Mozilla/5.0 (compatible; SERankingBacklinksBot/1.0; +https://seranking.com/backlinks-crawler)" "-"
66.249.65.0 - - [12/Aug/2026:02:22:35 +0200] "GET /?shop/items/A63076243232/ HTTP/1.1" 200 61671 cronicareinodearagon.com "-" "Mozilla/5.0 (Linux; Android 6.0.1; Nexus 5X Build/MMB29P) AppleWebKit/537.36 (KHTML, like Gecko) Chrome/150.0.7871.186 Mobile Safari/537.36 (compatible; Googlebot/2.1; +http://www.google.com/bot.html)" "-"
216.73.217.0 - - [12/Aug/2026:02:22:37 +0200] "GET /shop/contents/malwil_begin?fileloc=%2Fhomepages%2F20%2Fd917057205%2Fhtdocs%2Fclickandbuilds%2FCronicaReinodeAragon%2Fwp-includes%2Fblock-editor.php&path=%2Fhomepages%2F20%2Fd917057205%2Fhtdocs%2Fclickandbuilds%2FCronicaReinodeAragon%2Fwp-includes HTTP/1.1" 429 267 cronicareinodearagon.com "-" "Mozilla/5.0 AppleWebKit/537.36 (KHTML, like Gecko; compatible; ClaudeBot/1.0; +claudebot@anthropic.com)" "-"
66.249.65.0 - - [12/Aug/2026:02:22:37 +0200] "GET /?shop/items/S40474162859/ HTTP/1.1" 200 61671 cronicareinodearagon.com "-" "Mozilla/5.0 (Linux; Android 6.0.1; Nexus 5X Build/MMB29P) AppleWebKit/537.36 (KHTML, like Gecko) Chrome/150.0.7871.186 Mobile Safari/537.36 (compatible; Googlebot/2.1; +http://www.google.com/bot.html)" "-"
66.249.65.0 - - [12/Aug/2026:02:22:38 +0200] "GET /?shop/items/Q86258175715/ HTTP/1.1" 200 61671 cronicareinodearagon.com "-" "Mozilla/5.0 (Linux; Android 6.0.1; Nexus 5X Build/MMB29P) AppleWebKit/537.36 (KHTML, like Gecko) Chrome/150.0.7871.186 Mobile Safari/537.36 (compatible; Googlebot/2.1; +http://www.google.com/bot.html)" "-"
46.4.220.0 - - [12/Aug/2026:02:22:38 +0200] "GET /?shop/items/G385129774/ HTTP/1.1" 200 61671 cronicareinodearagon.com "-" "Mozilla/5.0 (compatible; SERankingBacklinksBot/1.0; +https://seranking.com/backlinks-crawler)" "-"
66.249.65.0 - - [12/Aug/2026:02:22:39 +0200] "GET /?shop/items/I8008827132/ HTTP/1.1" 200 61671 cronicareinodearagon.com "-" "Mozilla/5.0 (Linux; Android 6.0.1; Nexus 5X Build/MMB29P) AppleWebKit/537.36 (KHTML, like Gecko) Chrome/150.0.7871.186 Mobile Safari/537.36 (compatible; Googlebot/2.1; +http://www.google.com/bot.html)" "-"
2a03:2880:f800:: - - [12/Aug/2026:02:22:39 +0200] "GET /?shop/items/I80088128531/ HTTP/1.1" 200 61671 cronicareinodearagon.com "-" "Mozilla/5.0 (Macintosh; Intel Mac OS X 10_15_7) AppleWebKit/537.36 (KHTML, like Gecko) Chrome/145.0.0.0 Safari/537.36 (compatible; meta-externalagent/1.1 (+https://developers.facebook.com/docs/sharing/webmasters/crawler))" "-"
66.249.65.0 - - [12/Aug/2026:02:22:41 +0200] "GET /?shop/items/S40474211082/ HTTP/1.1" 200 61671 cronicareinodearagon.com "-" "Mozilla/5.0 (Linux; Android 6.0.1; Nexus 5X Build/MMB29P) AppleWebKit/537.36 (KHTML, like Gecko) Chrome/150.0.7871.186 Mobile Safari/537.36 (compatible; Googlebot/2.1; +http://www.google.com/bot.html)" "-"
66.249.65.0 - - [12/Aug/2026:02:22:41 +0200] "GET /detail.php?shop/items/F85077153966/ HTTP/1.1" 200 201880 cronicareinodearagon.com "-" "Mozilla/5.0 (Linux; Android 6.0.1; Nexus 5X Build/MMB29P) AppleWebKit/537.36 (KHTML, like Gecko) Chrome/150.0.7871.186 Mobile Safari/537.36 (compatible; GoogleOther)" "-"
46.4.220.0 - - [12/Aug/2026:02:22:42 +0200] "GET /?shop/items/I495385383/ HTTP/1.1" 200 61671 cronicareinodearagon.com "-" "Mozilla/5.0 (compatible; SERankingBacklinksBot/1.0; +https://seranking.com/backlinks-crawler)" "-"
216.73.217.0 - - [12/Aug/2026:02:22:42 +0200] "GET /shop/mypage/mail-magazine?fileloc=%2F%2Fkunden%2Fbin%2Fc++&path=%2F%2Fkunden%2Fbin HTTP/1.1" 200 12235 cronicareinodearagon.com "-" "Mozilla/5.0 AppleWebKit/537.36 (KHTML, like Gecko; compatible; ClaudeBot/1.0; +claudebot@anthropic.com)" "-"
46.4.220.0 - - [12/Aug/2026:02:22:45 +0200] "GET /?shop/items/G385129775/ HTTP/1.1" 200 61671 cronicareinodearagon.com "-" "Mozilla/5.0 (compatible; SERankingBacklinksBot/1.0; +https://seranking.com/backlinks-crawler)" "-"
74.7.227.0 - - [12/Aug/2026:02:22:45 +0200] "GET /?fileloc=//usr/bin/ld.bfd&path=//usr/bin HTTP/1.1" 200 12226 cronicareinodearagon.com "http://cronicareinodearagon.com/?path=//usr/bin" "Mozilla/5.0 AppleWebKit/537.36 (KHTML, like Gecko; compatible; GPTBot/1.4; +https://openai.com/gptbot)" "-"
66.249.65.0 - - [12/Aug/2026:02:22:46 +0200] "GET /?shop/items/P5256174262/ HTTP/1.1" 200 61671 cronicareinodearagon.com "-" "Mozilla/5.0 (Linux; Android 6.0.1; Nexus 5X Build/MMB29P) AppleWebKit/537.36 (KHTML, like Gecko) Chrome/150.0.7871.186 Mobile Safari/537.36 (compatible; Googlebot/2.1; +http://www.google.com/bot.html)" "-"
216.73.217.0 - - [12/Aug/2026:02:22:47 +0200] "GET /shop/mypage/mail-magazine?fileloc=%2F%2Fbin%2Fpbmtox10bm&path=%2F%2Fbin HTTP/1.1" 200 12192 cronicareinodearagon.com "-" "Mozilla/5.0 AppleWebKit/537.36 (KHTML, like Gecko; compatible; ClaudeBot/1.0; +claudebot@anthropic.com)" "-"
66.249.65.0 - - [12/Aug/2026:02:22:48 +0200] "GET /?shop/items/I49538165513/ HTTP/1.1" 200 61671 cronicareinodearagon.com "-" "Mozilla/5.0 (Linux; Android 6.0.1; Nexus 5X Build/MMB29P) AppleWebKit/537.36 (KHTML, like Gecko) Chrome/150.0.7871.186 Mobile Safari/537.36 (compatible; Googlebot/2.1; +http://www.google.com/bot.html)" "-"
2a03:2880:f800:: - - [12/Aug/2026:02:22:48 +0200] "GET /?shop/items/S40474126548/ HTTP/1.1" 200 61671 cronicareinodearagon.com "-" "Mozilla/5.0 (Windows NT 10.0; Win64; x64) AppleWebKit/537.36 (KHTML, like Gecko) Chrome/145.0.0.0 Safari/537.36 (compatible; meta-externalagent/1.1 (+https://developers.facebook.com/docs/sharing/webmasters/crawler))" "-"
