66.249.65.0 - - [12/Aug/2026:02:25:35 +0200] "GET /?shop/items/G38512159163/ HTTP/1.1" 200 61671 cronicareinodearagon.com "-" "Mozilla/5.0 (Linux; Android 6.0.1; Nexus 5X Build/MMB29P) AppleWebKit/537.36 (KHTML, like Gecko) Chrome/150.0.7871.186 Mobile Safari/537.36 (compatible; Googlebot/2.1; +http://www.google.com/bot.html)" "-"
46.4.220.0 - - [12/Aug/2026:02:25:35 +0200] "GET /?shop/items/I495385422/ HTTP/1.1" 200 61671 cronicareinodearagon.com "-" "Mozilla/5.0 (compatible; SERankingBacklinksBot/1.0; +https://seranking.com/backlinks-crawler)" "-"
74.7.227.0 - - [12/Aug/2026:02:25:37 +0200] "GET /?fileloc=//usr/bin/HEAD&path=//usr/bin HTTP/1.1" 200 29559 cronicareinodearagon.com "http://cronicareinodearagon.com/?path=//usr/bin" "Mozilla/5.0 AppleWebKit/537.36 (KHTML, like Gecko; compatible; GPTBot/1.4; +https://openai.com/gptbot)" "-"
66.249.65.0 - - [12/Aug/2026:02:25:38 +0200] "GET /?shop/items/I49538262140/ HTTP/1.1" 200 61671 cronicareinodearagon.com "-" "Mozilla/5.0 (Linux; Android 6.0.1; Nexus 5X Build/MMB29P) AppleWebKit/537.36 (KHTML, like Gecko) Chrome/150.0.7871.186 Mobile Safari/537.36 (compatible; GoogleOther)" "-"
216.73.217.0 - - [12/Aug/2026:02:25:38 +0200] "GET /shop/contents/shipping?fileloc=%2Fhomepages%2F34%2Fd745375102%2Fhtaccesslist&path=%2Fhomepages%2F34%2Fd745375102 HTTP/1.1" 200 12317 cronicareinodearagon.com "-" "Mozilla/5.0 AppleWebKit/537.36 (KHTML, like Gecko; compatible; ClaudeBot/1.0; +claudebot@anthropic.com)" "-"
46.4.220.0 - - [12/Aug/2026:02:25:38 +0200] "GET /?shop/items/G385129807/ HTTP/1.1" 200 61671 cronicareinodearagon.com "-" "Mozilla/5.0 (compatible; SERankingBacklinksBot/1.0; +https://seranking.com/backlinks-crawler)" "-"
66.249.65.0 - - [12/Aug/2026:02:25:38 +0200] "GET /detail.php?shop/items/Q3696231221/ HTTP/1.1" 200 200964 cronicareinodearagon.com "-" "Mozilla/5.0 (compatible; Googlebot/2.1; +http://www.google.com/bot.html)" "-"
2a03:2880:f800:: - - [12/Aug/2026:02:25:39 +0200] "GET /?shop/items/I4953849873/ HTTP/1.1" 200 61671 cronicareinodearagon.com "-" "Mozilla/5.0 (Windows NT 10.0; Win64; x64) AppleWebKit/537.36 (KHTML, like Gecko) Chrome/145.0.0.0 Safari/537.36 (compatible; meta-externalagent/1.1 (+https://developers.facebook.com/docs/sharing/webmasters/crawler))" "-"
46.4.220.0 - - [12/Aug/2026:02:25:42 +0200] "GET /?shop/items/I495385423/ HTTP/1.1" 200 61671 cronicareinodearagon.com "-" "Mozilla/5.0 (compatible; SERankingBacklinksBot/1.0; +https://seranking.com/backlinks-crawler)" "-"
66.249.65.0 - - [12/Aug/2026:02:25:42 +0200] "GET /?shop/items/I8008858806/ HTTP/1.1" 200 61671 cronicareinodearagon.com "-" "Mozilla/5.0 (Linux; Android 6.0.1; Nexus 5X Build/MMB29P) AppleWebKit/537.36 (KHTML, like Gecko) Chrome/150.0.7871.186 Mobile Safari/537.36 (compatible; GoogleOther)" "-"
66.249.65.0 - - [12/Aug/2026:02:25:43 +0200] "GET /?shop/items/G3851282400/ HTTP/1.1" 200 61671 cronicareinodearagon.com "-" "Mozilla/5.0 (Linux; Android 6.0.1; Nexus 5X Build/MMB29P) AppleWebKit/537.36 (KHTML, like Gecko) Chrome/150.0.7871.186 Mobile Safari/537.36 (compatible; Googlebot/2.1; +http://www.google.com/bot.html)" "-"
2a03:2880:f800:: - - [12/Aug/2026:02:25:44 +0200] "GET /?shop/items/I80088204620/ HTTP/1.1" 200 61671 cronicareinodearagon.com "-" "Mozilla/5.0 (X11; Linux x86_64) AppleWebKit/537.36 (KHTML, like Gecko) Chrome/145.0.0.0 Safari/537.36 (compatible; meta-externalagent/1.1 (+https://developers.facebook.com/docs/sharing/webmasters/crawler))" "-"
46.4.220.0 - - [12/Aug/2026:02:25:45 +0200] "GET /?shop/items/G385129808/ HTTP/1.1" 200 61671 cronicareinodearagon.com "-" "Mozilla/5.0 (compatible; SERankingBacklinksBot/1.0; +https://seranking.com/backlinks-crawler)" "-"
46.4.220.0 - - [12/Aug/2026:02:25:49 +0200] "GET /?shop/items/I495385425/ HTTP/1.1" 200 61671 cronicareinodearagon.com "-" "Mozilla/5.0 (compatible; SERankingBacklinksBot/1.0; +https://seranking.com/backlinks-crawler)" "-"
2a03:2880:f800:: - - [12/Aug/2026:02:25:51 +0200] "GET /?shop/items/A63076247479/ HTTP/1.1" 200 61671 cronicareinodearagon.com "-" "Mozilla/5.0 (Macintosh; Intel Mac OS X 10_15_7) AppleWebKit/537.36 (KHTML, like Gecko) Chrome/145.0.0.0 Safari/537.36 (compatible; meta-externalagent/1.1 (+https://developers.facebook.com/docs/sharing/webmasters/crawler))" "-"
2a03:2880:f800:: - - [12/Aug/2026:02:25:51 +0200] "GET /?shop/items/W91750118423/ HTTP/1.1" 200 61671 cronicareinodearagon.com "-" "Mozilla/5.0 (Windows NT 10.0; Win64; x64) AppleWebKit/537.36 (KHTML, like Gecko) Chrome/145.0.0.0 Safari/537.36 (compatible; meta-externalagent/1.1 (+https://developers.facebook.com/docs/sharing/webmasters/crawler))" "-"
2a03:2880:f800:: - - [12/Aug/2026:02:25:52 +0200] "GET /?shop/items/A63076278151/ HTTP/1.1" 200 61671 cronicareinodearagon.com "-" "Mozilla/5.0 (Windows NT 10.0; Win64; x64) AppleWebKit/537.36 (KHTML, like Gecko) Chrome/145.0.0.0 Safari/537.36 (compatible; meta-externalagent/1.1 (+https://developers.facebook.com/docs/sharing/webmasters/crawler))" "-"
46.4.220.0 - - [12/Aug/2026:02:25:52 +0200] "GET /?shop/items/G385129810/ HTTP/1.1" 200 61671 cronicareinodearagon.com "-" "Mozilla/5.0 (compatible; SERankingBacklinksBot/1.0; +https://seranking.com/backlinks-crawler)" "-"
46.4.220.0 - - [12/Aug/2026:02:25:55 +0200] "GET /?shop/items/I495385426/ HTTP/1.1" 200 61671 cronicareinodearagon.com "-" "Mozilla/5.0 (compatible; SERankingBacklinksBot/1.0; +https://seranking.com/backlinks-crawler)" "-"
2a03:2880:f800:: - - [12/Aug/2026:02:25:56 +0200] "GET /sitemap944.xml HTTP/1.1" 200 61743 cronicareinodearagon.com "-" "Mozilla/5.0 (Windows NT 10.0; Win64; x64) AppleWebKit/537.36 (KHTML, like Gecko) Chrome/145.0.0.0 Safari/537.36 (compatible; meta-externalagent/1.1 (+https://developers.facebook.com/docs/sharing/webmasters/crawler))" "-"
66.249.65.0 - - [12/Aug/2026:02:25:57 +0200] "GET /?shop/items/S4710483917/ HTTP/1.1" 200 61671 cronicareinodearagon.com "-" "Mozilla/5.0 (Linux; Android 6.0.1; Nexus 5X Build/MMB29P) AppleWebKit/537.36 (KHTML, like Gecko) Chrome/150.0.7871.186 Mobile Safari/537.36 (compatible; Googlebot/2.1; +http://www.google.com/bot.html)" "-"
2a03:2880:f800:: - - [12/Aug/2026:02:25:58 +0200] "GET /?shop/items/P52561131695/ HTTP/1.1" 200 61671 cronicareinodearagon.com "-" "Mozilla/5.0 (Windows NT 10.0; Win64; x64) AppleWebKit/537.36 (KHTML, like Gecko) Chrome/145.0.0.0 Safari/537.36 (compatible; meta-externalagent/1.1 (+https://developers.facebook.com/docs/sharing/webmasters/crawler))" "-"
46.4.220.0 - - [12/Aug/2026:02:25:58 +0200] "GET /?shop/items/G385129811/ HTTP/1.1" 200 61671 cronicareinodearagon.com "-" "Mozilla/5.0 (compatible; SERankingBacklinksBot/1.0; +https://seranking.com/backlinks-crawler)" "-"
66.249.65.0 - - [12/Aug/2026:02:25:59 +0200] "GET /detail.php?shop/items/S91954208107/ HTTP/1.1" 200 199509 cronicareinodearagon.com "-" "Mozilla/5.0 (compatible; Googlebot/2.1; +http://www.google.com/bot.html)" "-"
46.4.220.0 - - [12/Aug/2026:02:26:02 +0200] "GET /?shop/items/I495385427/ HTTP/1.1" 200 61671 cronicareinodearagon.com "-" "Mozilla/5.0 (compatible; SERankingBacklinksBot/1.0; +https://seranking.com/backlinks-crawler)" "-"
2a03:2880:f800:: - - [12/Aug/2026:02:26:04 +0200] "GET /?shop/items/Q86258278207/ HTTP/1.1" 200 61671 cronicareinodearagon.com "-" "Mozilla/5.0 (Macintosh; Intel Mac OS X 10_15_7) AppleWebKit/537.36 (KHTML, like Gecko) Chrome/145.0.0.0 Safari/537.36 (compatible; meta-externalagent/1.1 (+https://developers.facebook.com/docs/sharing/webmasters/crawler))" "-"
46.4.220.0 - - [12/Aug/2026:02:26:05 +0200] "GET /?shop/items/G385129812/ HTTP/1.1" 200 61671 cronicareinodearagon.com "-" "Mozilla/5.0 (compatible; SERankingBacklinksBot/1.0; +https://seranking.com/backlinks-crawler)" "-"
2a03:2880:f800:: - - [12/Aug/2026:02:26:06 +0200] "GET /?shop/items/W9175014398/ HTTP/1.1" 200 61671 cronicareinodearagon.com "-" "Mozilla/5.0 (Windows NT 10.0; Win64; x64) AppleWebKit/537.36 (KHTML, like Gecko) Chrome/145.0.0.0 Safari/537.36 (compatible; meta-externalagent/1.1 (+https://developers.facebook.com/docs/sharing/webmasters/crawler))" "-"
66.249.65.0 - - [12/Aug/2026:02:26:06 +0200] "GET /?shop/items/Y26882197138/ HTTP/1.1" 200 61671 cronicareinodearagon.com "-" "Mozilla/5.0 (Linux; Android 6.0.1; Nexus 5X Build/MMB29P) AppleWebKit/537.36 (KHTML, like Gecko) Chrome/150.0.7871.186 Mobile Safari/537.36 (compatible; Googlebot/2.1; +http://www.google.com/bot.html)" "-"
2a03:2880:f800:: - - [12/Aug/2026:02:26:07 +0200] "GET /?shop/items/S47104108288/ HTTP/1.1" 200 61671 cronicareinodearagon.com "-" "Mozilla/5.0 (Macintosh; Intel Mac OS X 10_15_7) AppleWebKit/537.36 (KHTML, like Gecko) Chrome/145.0.0.0 Safari/537.36 (compatible; meta-externalagent/1.1 (+https://developers.facebook.com/docs/sharing/webmasters/crawler))" "-"
46.4.220.0 - - [12/Aug/2026:02:26:08 +0200] "GET /?shop/items/I495385428/ HTTP/1.1" 200 61671 cronicareinodearagon.com "-" "Mozilla/5.0 (compatible; SERankingBacklinksBot/1.0; +https://seranking.com/backlinks-crawler)" "-"
46.4.220.0 - - [12/Aug/2026:02:26:12 +0200] "GET /?shop/items/G385129813/ HTTP/1.1" 200 61671 cronicareinodearagon.com "-" "Mozilla/5.0 (compatible; SERankingBacklinksBot/1.0; +https://seranking.com/backlinks-crawler)" "-"
2a03:2880:f800:: - - [12/Aug/2026:02:26:13 +0200] "GET /?shop/items/Q8625871662/ HTTP/1.1" 200 61671 cronicareinodearagon.com "-" "Mozilla/5.0 (Windows NT 10.0; Win64; x64) AppleWebKit/537.36 (KHTML, like Gecko) Chrome/143.0.0.0 Safari/537.36 Edg/143.0.0.0 (compatible; meta-externalagent/1.1 (+https://developers.facebook.com/docs/sharing/webmasters/crawler))" "-"
2a03:2880:f800:: - - [12/Aug/2026:02:26:14 +0200] "GET /?shop/items/S40474227276/ HTTP/1.1" 200 61671 cronicareinodearagon.com "-" "Mozilla/5.0 (Macintosh; Intel Mac OS X 10_15_7) AppleWebKit/537.36 (KHTML, like Gecko) Chrome/145.0.0.0 Safari/537.36 (compatible; meta-externalagent/1.1 (+https://developers.facebook.com/docs/sharing/webmasters/crawler))" "-"
66.249.65.0 - - [12/Aug/2026:02:26:14 +0200] "GET /?shop/items/A63076255844/ HTTP/1.1" 200 61671 cronicareinodearagon.com "-" "Mozilla/5.0 (Linux; Android 6.0.1; Nexus 5X Build/MMB29P) AppleWebKit/537.36 (KHTML, like Gecko) Chrome/150.0.7871.186 Mobile Safari/537.36 (compatible; Googlebot/2.1; +http://www.google.com/bot.html)" "-"
66.249.65.0 - - [12/Aug/2026:02:26:14 +0200] "GET /detail.php?shop/items/P1527764013/ HTTP/1.1" 200 201547 cronicareinodearagon.com "-" "Mozilla/5.0 (Linux; Android 6.0.1; Nexus 5X Build/MMB29P) AppleWebKit/537.36 (KHTML, like Gecko) Chrome/150.0.7871.186 Mobile Safari/537.36 (compatible; Googlebot/2.1; +http://www.google.com/bot.html)" "-"
46.4.220.0 - - [12/Aug/2026:02:26:15 +0200] "GET /?shop/items/I495385430/ HTTP/1.1" 200 61671 cronicareinodearagon.com "-" "Mozilla/5.0 (compatible; SERankingBacklinksBot/1.0; +https://seranking.com/backlinks-crawler)" "-"
2a03:2880:f800:: - - [12/Aug/2026:02:26:17 +0200] "GET /?shop/items/Y26882228842/ HTTP/1.1" 200 61671 cronicareinodearagon.com "-" "Mozilla/5.0 (Windows NT 10.0; Win64; x64) AppleWebKit/537.36 (KHTML, like Gecko) Chrome/145.0.0.0 Safari/537.36 (compatible; meta-externalagent/1.1 (+https://developers.facebook.com/docs/sharing/webmasters/crawler))" "-"
46.4.220.0 - - [12/Aug/2026:02:26:19 +0200] "GET /?shop/items/G385129814/ HTTP/1.1" 200 61671 cronicareinodearagon.com "-" "Mozilla/5.0 (compatible; SERankingBacklinksBot/1.0; +https://seranking.com/backlinks-crawler)" "-"
2a03:2880:f800:: - - [12/Aug/2026:02:26:21 +0200] "GET /?shop/items/Y2688245992/ HTTP/1.1" 429 267 cronicareinodearagon.com "-" "Mozilla/5.0 (X11; Linux x86_64) AppleWebKit/537.36 (KHTML, like Gecko) Chrome/145.0.0.0 Safari/537.36 (compatible; meta-externalagent/1.1 (+https://developers.facebook.com/docs/sharing/webmasters/crawler))" "-"
66.249.65.0 - - [12/Aug/2026:02:26:22 +0200] "GET /?shop/items/Y26882241568/ HTTP/1.1" 200 61671 cronicareinodearagon.com "-" "Mozilla/5.0 (Linux; Android 6.0.1; Nexus 5X Build/MMB29P) AppleWebKit/537.36 (KHTML, like Gecko) Chrome/150.0.7871.186 Mobile Safari/537.36 (compatible; Googlebot/2.1; +http://www.google.com/bot.html)" "-"
66.249.65.0 - - [12/Aug/2026:02:26:23 +0200] "GET /?shop/items/S47104139009/ HTTP/1.1" 200 61671 cronicareinodearagon.com "-" "Mozilla/5.0 (Linux; Android 6.0.1; Nexus 5X Build/MMB29P) AppleWebKit/537.36 (KHTML, like Gecko) Chrome/150.0.7871.186 Mobile Safari/537.36 (compatible; Googlebot/2.1; +http://www.google.com/bot.html)" "-"
46.4.220.0 - - [12/Aug/2026:02:26:23 +0200] "GET /?shop/items/I495385431/ HTTP/1.1" 200 61671 cronicareinodearagon.com "-" "Mozilla/5.0 (compatible; SERankingBacklinksBot/1.0; +https://seranking.com/backlinks-crawler)" "-"
66.249.65.0 - - [12/Aug/2026:02:26:24 +0200] "GET /?shop/items/S47104189888/ HTTP/1.1" 200 61671 cronicareinodearagon.com "-" "Mozilla/5.0 (Linux; Android 6.0.1; Nexus 5X Build/MMB29P) AppleWebKit/537.36 (KHTML, like Gecko) Chrome/150.0.7871.186 Mobile Safari/537.36 (compatible; Googlebot/2.1; +http://www.google.com/bot.html)" "-"
2a03:2880:f800:: - - [12/Aug/2026:02:26:24 +0200] "GET /?shop/items/Y2688298598/ HTTP/1.1" 429 267 cronicareinodearagon.com "-" "Mozilla/5.0 (Windows NT 10.0; Win64; x64) AppleWebKit/537.36 (KHTML, like Gecko) Chrome/145.0.0.0 Safari/537.36 (compatible; meta-externalagent/1.1 (+https://developers.facebook.com/docs/sharing/webmasters/crawler))" "-"
66.249.65.0 - - [12/Aug/2026:02:26:24 +0200] "GET /products.php?shop/items/G75640269937/ HTTP/1.1" 200 203083 cronicareinodearagon.com "-" "Mozilla/5.0 (Linux; Android 6.0.1; Nexus 5X Build/MMB29P) AppleWebKit/537.36 (KHTML, like Gecko) Chrome/150.0.7871.186 Mobile Safari/537.36 (compatible; Googlebot/2.1; +http://www.google.com/bot.html)" "-"
2a03:2880:f800:: - - [12/Aug/2026:02:26:25 +0200] "GET /?shop/items/S40474122242/ HTTP/1.1" 429 267 cronicareinodearagon.com "-" "Mozilla/5.0 (Windows NT 10.0; Win64; x64) AppleWebKit/537.36 (KHTML, like Gecko) Chrome/145.0.0.0 Safari/537.36 (compatible; meta-externalagent/1.1 (+https://developers.facebook.com/docs/sharing/webmasters/crawler))" "-"
46.4.220.0 - - [12/Aug/2026:02:26:27 +0200] "GET /?shop/items/G385129815/ HTTP/1.1" 200 61671 cronicareinodearagon.com "-" "Mozilla/5.0 (compatible; SERankingBacklinksBot/1.0; +https://seranking.com/backlinks-crawler)" "-"
66.249.65.0 - - [12/Aug/2026:02:26:29 +0200] "GET /?shop/items/G3851235031/ HTTP/1.1" 200 61671 cronicareinodearagon.com "-" "Mozilla/5.0 (Linux; Android 6.0.1; Nexus 5X Build/MMB29P) AppleWebKit/537.36 (KHTML, like Gecko) Chrome/150.0.7871.186 Mobile Safari/537.36 (compatible; Googlebot/2.1; +http://www.google.com/bot.html)" "-"
2a03:2880:f800:: - - [12/Aug/2026:02:26:30 +0200] "GET /?shop/items/A6307636665/ HTTP/1.1" 429 267 cronicareinodearagon.com "-" "Mozilla/5.0 (Windows NT 10.0; Win64; x64) AppleWebKit/537.36 (KHTML, like Gecko) Chrome/145.0.0.0 Safari/537.36 (compatible; meta-externalagent/1.1 (+https://developers.facebook.com/docs/sharing/webmasters/crawler))" "-"
46.4.220.0 - - [12/Aug/2026:02:26:30 +0200] "GET /?shop/items/I495385432/ HTTP/1.1" 200 61671 cronicareinodearagon.com "-" "Mozilla/5.0 (compatible; SERankingBacklinksBot/1.0; +https://seranking.com/backlinks-crawler)" "-"
2a03:2880:f800:: - - [12/Aug/2026:02:26:31 +0200] "GET /?shop/items/P5256187705/ HTTP/1.1" 429 267 cronicareinodearagon.com "-" "Mozilla/5.0 (Windows NT 10.0; Win64; x64) AppleWebKit/537.36 (KHTML, like Gecko) Chrome/145.0.0.0 Safari/537.36 (compatible; meta-externalagent/1.1 (+https://developers.facebook.com/docs/sharing/webmasters/crawler))" "-"
66.249.65.0 - - [12/Aug/2026:02:26:31 +0200] "GET /?shop/items/W91750225424/ HTTP/1.1" 200 61671 cronicareinodearagon.com "-" "Mozilla/5.0 (Linux; Android 6.0.1; Nexus 5X Build/MMB29P) AppleWebKit/537.36 (KHTML, like Gecko) Chrome/150.0.7871.186 Mobile Safari/537.36 (compatible; Googlebot/2.1; +http://www.google.com/bot.html)" "-"
2a03:2880:f800:: - - [12/Aug/2026:02:26:33 +0200] "GET /?shop/items/I4953868218/ HTTP/1.1" 429 267 cronicareinodearagon.com "-" "Mozilla/5.0 (X11; Linux x86_64; rv:147.0) Gecko/20100101 Firefox/147.0 (compatible; meta-externalagent/1.1 (+https://developers.facebook.com/docs/sharing/webmasters/crawler))" "-"
46.4.220.0 - - [12/Aug/2026:02:26:33 +0200] "GET /?shop/items/G385129816/ HTTP/1.1" 200 61671 cronicareinodearagon.com "-" "Mozilla/5.0 (compatible; SERankingBacklinksBot/1.0; +https://seranking.com/backlinks-crawler)" "-"
66.249.65.0 - - [12/Aug/2026:02:26:34 +0200] "GET /?shop/items/I80088259564/ HTTP/1.1" 200 61671 cronicareinodearagon.com "-" "Mozilla/5.0 (Linux; Android 6.0.1; Nexus 5X Build/MMB29P) AppleWebKit/537.36 (KHTML, like Gecko) Chrome/150.0.7871.186 Mobile Safari/537.36 (compatible; GoogleOther)" "-"
66.249.65.0 - - [12/Aug/2026:02:26:35 +0200] "GET /?shop/items/P5256196636/ HTTP/1.1" 200 61671 cronicareinodearagon.com "-" "Mozilla/5.0 (Linux; Android 6.0.1; Nexus 5X Build/MMB29P) AppleWebKit/537.36 (KHTML, like Gecko) Chrome/150.0.7871.186 Mobile Safari/537.36 (compatible; GoogleOther)" "-"
2a03:2880:f800:: - - [12/Aug/2026:02:26:35 +0200] "GET /?shop/items/I49538129988/ HTTP/1.1" 429 267 cronicareinodearagon.com "-" "Mozilla/5.0 (Macintosh; Intel Mac OS X 10_15_7) AppleWebKit/537.36 (KHTML, like Gecko) Chrome/145.0.0.0 Safari/537.36 (compatible; meta-externalagent/1.1 (+https://developers.facebook.com/docs/sharing/webmasters/crawler))" "-"
46.4.220.0 - - [12/Aug/2026:02:26:36 +0200] "GET /?shop/items/I495385435/ HTTP/1.1" 200 61671 cronicareinodearagon.com "-" "Mozilla/5.0 (compatible; SERankingBacklinksBot/1.0; +https://seranking.com/backlinks-crawler)" "-"
46.4.220.0 - - [12/Aug/2026:02:26:40 +0200] "GET /?shop/items/G385129817/ HTTP/1.1" 200 61671 cronicareinodearagon.com "-" "Mozilla/5.0 (compatible; SERankingBacklinksBot/1.0; +https://seranking.com/backlinks-crawler)" "-"
74.7.227.0 - - [12/Aug/2026:02:26:41 +0200] "GET /?fileloc=//usr/bin/POST&path=//usr/bin HTTP/1.1" 200 29559 cronicareinodearagon.com "http://cronicareinodearagon.com/?path=//usr/bin" "Mozilla/5.0 AppleWebKit/537.36 (KHTML, like Gecko; compatible; GPTBot/1.4; +https://openai.com/gptbot)" "-"
2a03:2880:f800:: - - [12/Aug/2026:02:26:42 +0200] "GET /?shop/items/A63076163731/ HTTP/1.1" 429 267 cronicareinodearagon.com "-" "Mozilla/5.0 (Windows NT 10.0; Win64; x64) AppleWebKit/537.36 (KHTML, like Gecko) Chrome/145.0.0.0 Safari/537.36 Edg/145.0.0.0 (compatible; meta-externalagent/1.1 (+https://developers.facebook.com/docs/sharing/webmasters/crawler))" "-"
2a03:2880:f800:: - - [12/Aug/2026:02:26:43 +0200] "GET /?shop/items/S47104289180/ HTTP/1.1" 429 267 cronicareinodearagon.com "-" "Mozilla/5.0 (Windows NT 10.0; Win64; x64) AppleWebKit/537.36 (KHTML, like Gecko) Chrome/145.0.0.0 Safari/537.36 (compatible; meta-externalagent/1.1 (+https://developers.facebook.com/docs/sharing/webmasters/crawler))" "-"
114.119.130.0 - - [12/Aug/2026:02:26:43 +0200] "GET /politica/bravo-psoe-romper-negociaciones/ HTTP/1.1" 200 61743 cronicareinodearagon.com "https://cronicareinodearagon.com/category/politica/page/79/" "Mozilla/5.0 (Linux; Android 7.0;) AppleWebKit/537.36 (HTML, like Gecko) Mobile Safari/537.36 (compatible; PetalBot;+https://webmaster.petalsearch.com/site/petalbot)" "-"
46.4.220.0 - - [12/Aug/2026:02:26:44 +0200] "GET /?shop/items/I495385438/ HTTP/1.1" 200 61671 cronicareinodearagon.com "-" "Mozilla/5.0 (compatible; SERankingBacklinksBot/1.0; +https://seranking.com/backlinks-crawler)" "-"
46.4.220.0 - - [12/Aug/2026:02:26:47 +0200] "GET /?shop/items/G385129819/ HTTP/1.1" 200 61671 cronicareinodearagon.com "-" "Mozilla/5.0 (compatible; SERankingBacklinksBot/1.0; +https://seranking.com/backlinks-crawler)" "-"
66.249.65.0 - - [12/Aug/2026:02:26:49 +0200] "GET /?shop/items/S40474159264/ HTTP/1.1" 200 61671 cronicareinodearagon.com "-" "Mozilla/5.0 (Linux; Android 6.0.1; Nexus 5X Build/MMB29P) AppleWebKit/537.36 (KHTML, like Gecko) Chrome/150.0.7871.186 Mobile Safari/537.36 (compatible; Googlebot/2.1; +http://www.google.com/bot.html)" "-"
2a03:2880:f800:: - - [12/Aug/2026:02:26:50 +0200] "GET /?shop/items/G3851229968/ HTTP/1.1" 429 267 cronicareinodearagon.com "-" "Mozilla/5.0 (Macintosh; Intel Mac OS X 10_15_7) AppleWebKit/537.36 (KHTML, like Gecko) Chrome/145.0.0.0 Safari/537.36 (compatible; meta-externalagent/1.1 (+https://developers.facebook.com/docs/sharing/webmasters/crawler))" "-"
46.4.220.0 - - [12/Aug/2026:02:26:51 +0200] "GET /?shop/items/I495385439/ HTTP/1.1" 200 61671 cronicareinodearagon.com "-" "Mozilla/5.0 (compatible; SERankingBacklinksBot/1.0; +https://seranking.com/backlinks-crawler)" "-"
46.4.220.0 - - [12/Aug/2026:02:26:55 +0200] "GET /?shop/items/G385129820/ HTTP/1.1" 200 61671 cronicareinodearagon.com "-" "Mozilla/5.0 (compatible; SERankingBacklinksBot/1.0; +https://seranking.com/backlinks-crawler)" "-"
66.249.65.0 - - [12/Aug/2026:02:26:57 +0200] "GET /?shop/items/I49538183325/ HTTP/1.1" 200 61671 cronicareinodearagon.com "-" "Mozilla/5.0 (Linux; Android 6.0.1; Nexus 5X Build/MMB29P) AppleWebKit/537.36 (KHTML, like Gecko) Chrome/150.0.7871.186 Mobile Safari/537.36 (compatible; Googlebot/2.1; +http://www.google.com/bot.html)" "-"
46.4.220.0 - - [12/Aug/2026:02:26:58 +0200] "GET /?shop/items/I495385440/ HTTP/1.1" 200 61671 cronicareinodearagon.com "-" "Mozilla/5.0 (compatible; SERankingBacklinksBot/1.0; +https://seranking.com/backlinks-crawler)" "-"
2a03:2880:f800:: - - [12/Aug/2026:02:27:00 +0200] "GET /?shop/items/Y26882243573/ HTTP/1.1" 429 267 cronicareinodearagon.com "-" "Mozilla/5.0 (Windows NT 10.0; Win64; x64) AppleWebKit/537.36 (KHTML, like Gecko) Chrome/145.0.0.0 Safari/537.36 (compatible; meta-externalagent/1.1 (+https://developers.facebook.com/docs/sharing/webmasters/crawler))" "-"
46.4.220.0 - - [12/Aug/2026:02:27:01 +0200] "GET /?shop/items/G385129821/ HTTP/1.1" 200 61671 cronicareinodearagon.com "-" "Mozilla/5.0 (compatible; SERankingBacklinksBot/1.0; +https://seranking.com/backlinks-crawler)" "-"
46.4.220.0 - - [12/Aug/2026:02:27:05 +0200] "GET /?shop/items/I495385441/ HTTP/1.1" 200 61671 cronicareinodearagon.com "-" "Mozilla/5.0 (compatible; SERankingBacklinksBot/1.0; +https://seranking.com/backlinks-crawler)" "-"
66.249.65.0 - - [12/Aug/2026:02:27:06 +0200] "GET /?shop/items/Q86258272491/ HTTP/1.1" 200 61671 cronicareinodearagon.com "-" "Mozilla/5.0 (Linux; Android 6.0.1; Nexus 5X Build/MMB29P) AppleWebKit/537.36 (KHTML, like Gecko) Chrome/150.0.7871.186 Mobile Safari/537.36 (compatible; Googlebot/2.1; +http://www.google.com/bot.html)" "-"
46.4.220.0 - - [12/Aug/2026:02:27:08 +0200] "GET /?shop/items/G385129824/ HTTP/1.1" 200 61671 cronicareinodearagon.com "-" "Mozilla/5.0 (compatible; SERankingBacklinksBot/1.0; +https://seranking.com/backlinks-crawler)" "-"
2a03:2880:f800:: - - [12/Aug/2026:02:27:09 +0200] "GET /sitemap407.xml HTTP/1.1" 429 267 cronicareinodearagon.com "-" "Mozilla/5.0 (Windows NT 10.0; Win64; x64) AppleWebKit/537.36 (KHTML, like Gecko) Chrome/145.0.0.0 Safari/537.36 (compatible; meta-externalagent/1.1 (+https://developers.facebook.com/docs/sharing/webmasters/crawler))" "-"
2a03:2880:f800:: - - [12/Aug/2026:02:27:12 +0200] "GET /?shop/items/G38512198464/ HTTP/1.1" 429 267 cronicareinodearagon.com "-" "Mozilla/5.0 (Macintosh; Intel Mac OS X 10_15_7) AppleWebKit/537.36 (KHTML, like Gecko) Chrome/145.0.0.0 Safari/537.36 (compatible; meta-externalagent/1.1 (+https://developers.facebook.com/docs/sharing/webmasters/crawler))" "-"
66.249.65.0 - - [12/Aug/2026:02:27:12 +0200] "GET /?shop/items/A63076234954/ HTTP/1.1" 200 61671 cronicareinodearagon.com "-" "Mozilla/5.0 (Linux; Android 6.0.1; Nexus 5X Build/MMB29P) AppleWebKit/537.36 (KHTML, like Gecko) Chrome/150.0.7871.186 Mobile Safari/537.36 (compatible; Googlebot/2.1; +http://www.google.com/bot.html)" "-"
46.4.220.0 - - [12/Aug/2026:02:27:12 +0200] "GET /?shop/items/I495385442/ HTTP/1.1" 200 61671 cronicareinodearagon.com "-" "Mozilla/5.0 (compatible; SERankingBacklinksBot/1.0; +https://seranking.com/backlinks-crawler)" "-"
2a03:2880:f800:: - - [12/Aug/2026:02:27:15 +0200] "GET /?shop/items/S4047499514/ HTTP/1.1" 429 267 cronicareinodearagon.com "-" "Mozilla/5.0 (Windows NT 10.0; Win64; x64) AppleWebKit/537.36 (KHTML, like Gecko) Chrome/145.0.0.0 Safari/537.36 (compatible; meta-externalagent/1.1 (+https://developers.facebook.com/docs/sharing/webmasters/crawler))" "-"
46.4.220.0 - - [12/Aug/2026:02:27:16 +0200] "GET /?shop/items/G385129827/ HTTP/1.1" 200 61671 cronicareinodearagon.com "-" "Mozilla/5.0 (compatible; SERankingBacklinksBot/1.0; +https://seranking.com/backlinks-crawler)" "-"
46.4.220.0 - - [12/Aug/2026:02:27:19 +0200] "GET /?shop/items/I495385444/ HTTP/1.1" 200 61671 cronicareinodearagon.com "-" "Mozilla/5.0 (compatible; SERankingBacklinksBot/1.0; +https://seranking.com/backlinks-crawler)" "-"
2a03:2880:1000:: - - [12/Aug/2026:02:27:21 +0200] "GET /aragon/trabajos-catarroja-vias-aceras-liberadas/ HTTP/1.1" 200 61743 cronicareinodearagon.com "-" "Mozilla/5.0 (Windows NT 10.0; Win64; x64) AppleWebKit/537.36 (KHTML, like Gecko) Chrome/145.0.0.0 Safari/537.36 (compatible; meta-webindexer/1.1 (+https://developers.facebook.com/docs/sharing/webmasters/crawler))" "-"
46.4.220.0 - - [12/Aug/2026:02:27:23 +0200] "GET /?shop/items/G385129828/ HTTP/1.1" 200 61671 cronicareinodearagon.com "-" "Mozilla/5.0 (compatible; SERankingBacklinksBot/1.0; +https://seranking.com/backlinks-crawler)" "-"
2a03:2880:f800:: - - [12/Aug/2026:02:27:24 +0200] "GET /?shop/items/Y26882253364/ HTTP/1.1" 200 61671 cronicareinodearagon.com "-" "Mozilla/5.0 (Windows NT 10.0; Win64; x64) AppleWebKit/537.36 (KHTML, like Gecko) Chrome/145.0.0.0 Safari/537.36 (compatible; meta-externalagent/1.1 (+https://developers.facebook.com/docs/sharing/webmasters/crawler))" "-"
46.4.220.0 - - [12/Aug/2026:02:27:26 +0200] "GET /?shop/items/Q862584955/ HTTP/1.1" 200 61671 cronicareinodearagon.com "-" "Mozilla/5.0 (compatible; SERankingBacklinksBot/1.0; +https://seranking.com/backlinks-crawler)" "-"
2a03:2880:f800:: - - [12/Aug/2026:02:27:27 +0200] "GET /?shop/items/G3851232340/ HTTP/1.1" 200 61671 cronicareinodearagon.com "-" "Mozilla/5.0 (Macintosh; Intel Mac OS X 10_15_7) AppleWebKit/537.36 (KHTML, like Gecko) Chrome/145.0.0.0 Safari/537.36 (compatible; meta-externalagent/1.1 (+https://developers.facebook.com/docs/sharing/webmasters/crawler))" "-"
204.12.240.0 - - [12/Aug/2026:02:27:29 +0200] "GET /9295fxwaafy98mewttmp62 HTTP/1.1" 200 61743 cronicareinodearagon.com "-" "Googlebot/2.1 (+http://www.google.com/bot.html)" "-"
66.249.65.0 - - [12/Aug/2026:02:27:29 +0200] "GET /?shop/items/W91750155248/ HTTP/1.1" 200 61671 cronicareinodearagon.com "-" "Mozilla/5.0 (Linux; Android 6.0.1; Nexus 5X Build/MMB29P) AppleWebKit/537.36 (KHTML, like Gecko) Chrome/99.0.4844.84 Mobile Safari/537.36 (compatible; Googlebot/2.1; +http://www.google.com/bot.html)" "-"
66.249.65.0 - - [12/Aug/2026:02:27:29 +0200] "GET /?shop/items/S47104116650/ HTTP/1.1" 200 61671 cronicareinodearagon.com "-" "Mozilla/5.0 (Linux; Android 6.0.1; Nexus 5X Build/MMB29P) AppleWebKit/537.36 (KHTML, like Gecko) Chrome/150.0.7871.186 Mobile Safari/537.36 (compatible; GoogleOther)" "-"
66.249.65.0 - - [12/Aug/2026:02:27:29 +0200] "GET /?shop/items/W91750155248/ HTTP/1.1" 200 61671 cronicareinodearagon.com "-" "Mozilla/5.0 (compatible; Googlebot/2.1; +http://www.google.com/bot.html)" "-"
46.4.220.0 - - [12/Aug/2026:02:27:30 +0200] "GET /?shop/items/I495385445/ HTTP/1.1" 200 61671 cronicareinodearagon.com "-" "Mozilla/5.0 (compatible; SERankingBacklinksBot/1.0; +https://seranking.com/backlinks-crawler)" "-"
204.12.240.0 - - [12/Aug/2026:02:27:30 +0200] "GET /products.php?15647fxpaavx81mewttmy63 HTTP/1.1" 200 5789 cronicareinodearagon.com "-" "Googlebot/2.1 (+http://www.google.com/bot.html)" "-"
46.4.220.0 - - [12/Aug/2026:02:27:33 +0200] "GET /?shop/items/G385129829/ HTTP/1.1" 200 61671 cronicareinodearagon.com "-" "Mozilla/5.0 (compatible; SERankingBacklinksBot/1.0; +https://seranking.com/backlinks-crawler)" "-"
66.249.65.0 - - [12/Aug/2026:02:27:33 +0200] "GET /?shop/items/G38512269702/ HTTP/1.1" 200 61671 cronicareinodearagon.com "-" "Mozilla/5.0 (Linux; Android 6.0.1; Nexus 5X Build/MMB29P) AppleWebKit/537.36 (KHTML, like Gecko) Chrome/150.0.7871.186 Mobile Safari/537.36 (compatible; Googlebot/2.1; +http://www.google.com/bot.html)" "-"
66.249.65.0 - - [12/Aug/2026:02:27:34 +0200] "GET /?shop/items/P52561192185/ HTTP/1.1" 200 61671 cronicareinodearagon.com "-" "Mozilla/5.0 (Linux; Android 6.0.1; Nexus 5X Build/MMB29P) AppleWebKit/537.36 (KHTML, like Gecko) Chrome/150.0.7871.186 Mobile Safari/537.36 (compatible; GoogleOther)" "-"
2a03:2880:f800:: - - [12/Aug/2026:02:27:35 +0200] "GET /?shop/items/G38512203339/ HTTP/1.1" 200 61671 cronicareinodearagon.com "-" "Mozilla/5.0 (Macintosh; Intel Mac OS X 10_15_7) AppleWebKit/537.36 (KHTML, like Gecko) Chrome/145.0.0.0 Safari/537.36 (compatible; meta-externalagent/1.1 (+https://developers.facebook.com/docs/sharing/webmasters/crawler))" "-"
46.4.220.0 - - [12/Aug/2026:02:27:36 +0200] "GET /?shop/items/I495385446/ HTTP/1.1" 200 61671 cronicareinodearagon.com "-" "Mozilla/5.0 (compatible; SERankingBacklinksBot/1.0; +https://seranking.com/backlinks-crawler)" "-"
74.7.227.0 - - [12/Aug/2026:02:27:39 +0200] "GET /?fileloc=//usr/bin/GET&path=//usr/bin HTTP/1.1" 200 29558 cronicareinodearagon.com "http://cronicareinodearagon.com/?path=//usr/bin" "Mozilla/5.0 AppleWebKit/537.36 (KHTML, like Gecko; compatible; GPTBot/1.4; +https://openai.com/gptbot)" "-"
46.4.220.0 - - [12/Aug/2026:02:27:40 +0200] "GET /?shop/items/G385129830/ HTTP/1.1" 200 61671 cronicareinodearagon.com "-" "Mozilla/5.0 (compatible; SERankingBacklinksBot/1.0; +https://seranking.com/backlinks-crawler)" "-"
66.249.65.0 - - [12/Aug/2026:02:27:43 +0200] "GET /?shop/items/G38512278430/ HTTP/1.1" 200 61671 cronicareinodearagon.com "-" "Mozilla/5.0 (Linux; Android 6.0.1; Nexus 5X Build/MMB29P) AppleWebKit/537.36 (KHTML, like Gecko) Chrome/150.0.7871.186 Mobile Safari/537.36 (compatible; Googlebot/2.1; +http://www.google.com/bot.html)" "-"
2a03:2880:f800:: - - [12/Aug/2026:02:27:43 +0200] "GET /?shop/items/G38512278646/ HTTP/1.1" 200 61671 cronicareinodearagon.com "-" "Mozilla/5.0 (Windows NT 10.0; Win64; x64) AppleWebKit/537.36 (KHTML, like Gecko) Chrome/145.0.0.0 Safari/537.36 (compatible; meta-externalagent/1.1 (+https://developers.facebook.com/docs/sharing/webmasters/crawler))" "-"
46.4.220.0 - - [12/Aug/2026:02:27:43 +0200] "GET /?shop/items/I495385448/ HTTP/1.1" 200 61671 cronicareinodearagon.com "-" "Mozilla/5.0 (compatible; SERankingBacklinksBot/1.0; +https://seranking.com/backlinks-crawler)" "-"
66.249.65.0 - - [12/Aug/2026:02:27:45 +0200] "GET /?shop/items/G3851219772/ HTTP/1.1" 200 61671 cronicareinodearagon.com "-" "Mozilla/5.0 (Linux; Android 6.0.1; Nexus 5X Build/MMB29P) AppleWebKit/537.36 (KHTML, like Gecko) Chrome/150.0.7871.186 Mobile Safari/537.36 (compatible; Googlebot/2.1; +http://www.google.com/bot.html)" "-"
46.4.220.0 - - [12/Aug/2026:02:27:47 +0200] "GET /?shop/items/G385129832/ HTTP/1.1" 200 61671 cronicareinodearagon.com "-" "Mozilla/5.0 (compatible; SERankingBacklinksBot/1.0; +https://seranking.com/backlinks-crawler)" "-"
66.249.65.0 - - [12/Aug/2026:02:27:47 +0200] "GET /?shop/items/Q86258236503/ HTTP/1.1" 200 61671 cronicareinodearagon.com "-" "Mozilla/5.0 (Linux; Android 6.0.1; Nexus 5X Build/MMB29P) AppleWebKit/537.36 (KHTML, like Gecko) Chrome/150.0.7871.186 Mobile Safari/537.36 (compatible; Googlebot/2.1; +http://www.google.com/bot.html)" "-"
66.249.65.0 - - [12/Aug/2026:02:27:49 +0200] "GET /?shop/items/Y26882129235/ HTTP/1.1" 200 61671 cronicareinodearagon.com "-" "Mozilla/5.0 (Linux; Android 6.0.1; Nexus 5X Build/MMB29P) AppleWebKit/537.36 (KHTML, like Gecko) Chrome/150.0.7871.186 Mobile Safari/537.36 (compatible; Googlebot/2.1; +http://www.google.com/bot.html)" "-"
66.249.65.0 - - [12/Aug/2026:02:27:49 +0200] "GET /?shop/items/Q86258241446/ HTTP/1.1" 200 61671 cronicareinodearagon.com "-" "Mozilla/5.0 (Linux; Android 6.0.1; Nexus 5X Build/MMB29P) AppleWebKit/537.36 (KHTML, like Gecko) Chrome/150.0.7871.186 Mobile Safari/537.36 (compatible; Googlebot/2.1; +http://www.google.com/bot.html)" "-"
46.4.220.0 - - [12/Aug/2026:02:27:50 +0200] "GET /?shop/items/I495385449/ HTTP/1.1" 200 61671 cronicareinodearagon.com "-" "Mozilla/5.0 (compatible; SERankingBacklinksBot/1.0; +https://seranking.com/backlinks-crawler)" "-"
66.249.65.0 - - [12/Aug/2026:02:27:50 +0200] "GET /?shop/items/W91750222838/ HTTP/1.1" 200 61671 cronicareinodearagon.com "-" "Mozilla/5.0 (Linux; Android 6.0.1; Nexus 5X Build/MMB29P) AppleWebKit/537.36 (KHTML, like Gecko) Chrome/150.0.7871.186 Mobile Safari/537.36 (compatible; Googlebot/2.1; +http://www.google.com/bot.html)" "-"
66.249.65.0 - - [12/Aug/2026:02:27:51 +0200] "GET /?shop/items/I4953871679/ HTTP/1.1" 200 61671 cronicareinodearagon.com "-" "Mozilla/5.0 (Linux; Android 6.0.1; Nexus 5X Build/MMB29P) AppleWebKit/537.36 (KHTML, like Gecko) Chrome/150.0.7871.186 Mobile Safari/537.36 (compatible; Googlebot/2.1; +http://www.google.com/bot.html)" "-"
66.249.65.0 - - [12/Aug/2026:02:27:52 +0200] "GET /?shop/items/I80088206554/ HTTP/1.1" 200 61671 cronicareinodearagon.com "-" "Mozilla/5.0 (Linux; Android 6.0.1; Nexus 5X Build/MMB29P) AppleWebKit/537.36 (KHTML, like Gecko) Chrome/150.0.7871.186 Mobile Safari/537.36 (compatible; Googlebot/2.1; +http://www.google.com/bot.html)" "-"
46.4.220.0 - - [12/Aug/2026:02:27:53 +0200] "GET /?shop/items/G385129833/ HTTP/1.1" 200 61671 cronicareinodearagon.com "-" "Mozilla/5.0 (compatible; SERankingBacklinksBot/1.0; +https://seranking.com/backlinks-crawler)" "-"
2a03:2880:f800:: - - [12/Aug/2026:02:27:54 +0200] "GET /?shop/items/W91750265401/ HTTP/1.1" 200 61671 cronicareinodearagon.com "-" "Mozilla/5.0 (Windows NT 10.0; Win64; x64) AppleWebKit/537.36 (KHTML, like Gecko) Chrome/145.0.0.0 Safari/537.36 (compatible; meta-externalagent/1.1 (+https://developers.facebook.com/docs/sharing/webmasters/crawler))" "-"
66.249.65.0 - - [12/Aug/2026:02:27:54 +0200] "GET /?shop/items/I80088187550/ HTTP/1.1" 200 61671 cronicareinodearagon.com "-" "Mozilla/5.0 (Linux; Android 6.0.1; Nexus 5X Build/MMB29P) AppleWebKit/537.36 (KHTML, like Gecko) Chrome/150.0.7871.186 Mobile Safari/537.36 (compatible; Googlebot/2.1; +http://www.google.com/bot.html)" "-"
46.4.220.0 - - [12/Aug/2026:02:27:57 +0200] "GET /?shop/items/I495385450/ HTTP/1.1" 200 61671 cronicareinodearagon.com "-" "Mozilla/5.0 (compatible; SERankingBacklinksBot/1.0; +https://seranking.com/backlinks-crawler)" "-"
66.249.65.0 - - [12/Aug/2026:02:27:58 +0200] "GET /?shop/items/W91750165013/ HTTP/1.1" 200 61671 cronicareinodearagon.com "-" "Mozilla/5.0 (Linux; Android 6.0.1; Nexus 5X Build/MMB29P) AppleWebKit/537.36 (KHTML, like Gecko) Chrome/150.0.7871.186 Mobile Safari/537.36 (compatible; Googlebot/2.1; +http://www.google.com/bot.html)" "-"
66.249.65.0 - - [12/Aug/2026:02:27:59 +0200] "GET /?shop/items/Y26882164465/ HTTP/1.1" 200 61671 cronicareinodearagon.com "-" "Mozilla/5.0 (Linux; Android 6.0.1; Nexus 5X Build/MMB29P) AppleWebKit/537.36 (KHTML, like Gecko) Chrome/150.0.7871.186 Mobile Safari/537.36 (compatible; Googlebot/2.1; +http://www.google.com/bot.html)" "-"
46.4.220.0 - - [12/Aug/2026:02:28:00 +0200] "GET /?shop/items/G385129834/ HTTP/1.1" 200 61671 cronicareinodearagon.com "-" "Mozilla/5.0 (compatible; SERankingBacklinksBot/1.0; +https://seranking.com/backlinks-crawler)" "-"
2a03:2880:f800:: - - [12/Aug/2026:02:28:00 +0200] "GET /?shop/items/Q86258110651/ HTTP/1.1" 200 61671 cronicareinodearagon.com "-" "Mozilla/5.0 (X11; Linux x86_64) AppleWebKit/537.36 (KHTML, like Gecko) Chrome/145.0.0.0 Safari/537.36 (compatible; meta-externalagent/1.1 (+https://developers.facebook.com/docs/sharing/webmasters/crawler))" "-"
66.249.65.0 - - [12/Aug/2026:02:28:01 +0200] "GET /?shop/items/Q8625816091/ HTTP/1.1" 200 61671 cronicareinodearagon.com "-" "Mozilla/5.0 (Linux; Android 6.0.1; Nexus 5X Build/MMB29P) AppleWebKit/537.36 (KHTML, like Gecko) Chrome/150.0.7871.186 Mobile Safari/537.36 (compatible; Googlebot/2.1; +http://www.google.com/bot.html)" "-"
66.249.65.0 - - [12/Aug/2026:02:28:01 +0200] "GET /?shop/items/Y2688252393/ HTTP/1.1" 200 61671 cronicareinodearagon.com "-" "Mozilla/5.0 (Linux; Android 6.0.1; Nexus 5X Build/MMB29P) AppleWebKit/537.36 (KHTML, like Gecko) Chrome/150.0.7871.186 Mobile Safari/537.36 (compatible; Googlebot/2.1; +http://www.google.com/bot.html)" "-"
46.4.220.0 - - [12/Aug/2026:02:28:03 +0200] "GET /?shop/items/I495385451/ HTTP/1.1" 200 61671 cronicareinodearagon.com "-" "Mozilla/5.0 (compatible; SERankingBacklinksBot/1.0; +https://seranking.com/backlinks-crawler)" "-"
66.249.65.0 - - [12/Aug/2026:02:28:05 +0200] "GET /?shop/items/P52561213782/ HTTP/1.1" 200 61671 cronicareinodearagon.com "-" "Mozilla/5.0 (Linux; Android 6.0.1; Nexus 5X Build/MMB29P) AppleWebKit/537.36 (KHTML, like Gecko) Chrome/150.0.7871.186 Mobile Safari/537.36 (compatible; Googlebot/2.1; +http://www.google.com/bot.html)" "-"
66.249.65.0 - - [12/Aug/2026:02:28:06 +0200] "GET /?shop/items/I49538105915/ HTTP/1.1" 200 61671 cronicareinodearagon.com "-" "Mozilla/5.0 (Linux; Android 6.0.1; Nexus 5X Build/MMB29P) AppleWebKit/537.36 (KHTML, like Gecko) Chrome/150.0.7871.186 Mobile Safari/537.36 (compatible; Googlebot/2.1; +http://www.google.com/bot.html)" "-"
2a03:2880:f800:: - - [12/Aug/2026:02:28:07 +0200] "GET /?shop/items/A63076222081/ HTTP/1.1" 200 61671 cronicareinodearagon.com "-" "Mozilla/5.0 (X11; Linux x86_64) AppleWebKit/537.36 (KHTML, like Gecko) Chrome/145.0.0.0 Safari/537.36 (compatible; meta-externalagent/1.1 (+https://developers.facebook.com/docs/sharing/webmasters/crawler))" "-"
66.249.65.0 - - [12/Aug/2026:02:28:07 +0200] "GET /?shop/items/S40474274270/ HTTP/1.1" 200 61671 cronicareinodearagon.com "-" "Mozilla/5.0 (Linux; Android 6.0.1; Nexus 5X Build/MMB29P) AppleWebKit/537.36 (KHTML, like Gecko) Chrome/150.0.7871.186 Mobile Safari/537.36 (compatible; Googlebot/2.1; +http://www.google.com/bot.html)" "-"
46.4.220.0 - - [12/Aug/2026:02:28:07 +0200] "GET /?shop/items/G385129835/ HTTP/1.1" 200 61671 cronicareinodearagon.com "-" "Mozilla/5.0 (compatible; SERankingBacklinksBot/1.0; +https://seranking.com/backlinks-crawler)" "-"
66.249.65.0 - - [12/Aug/2026:02:28:09 +0200] "GET /?shop/items/S47104276031/ HTTP/1.1" 200 61671 cronicareinodearagon.com "-" "Mozilla/5.0 (Linux; Android 6.0.1; Nexus 5X Build/MMB29P) AppleWebKit/537.36 (KHTML, like Gecko) Chrome/150.0.7871.186 Mobile Safari/537.36 (compatible; Googlebot/2.1; +http://www.google.com/bot.html)" "-"
114.119.142.0 - - [12/Aug/2026:02:28:09 +0200] "GET /buy.php?shop/zone/surprise087023300.html HTTP/1.1" 200 180701 cronicareinodearagon.com "https://cronicareinodearagon.com/buy.php?sitemap686.xml" "Mozilla/5.0 (Linux; Android 7.0;) AppleWebKit/537.36 (HTML, like Gecko) Mobile Safari/537.36 (compatible; PetalBot;+https://webmaster.petalsearch.com/site/petalbot)" "-"
46.4.220.0 - - [12/Aug/2026:02:28:10 +0200] "GET /?shop/items/I495385452/ HTTP/1.1" 200 61671 cronicareinodearagon.com "-" "Mozilla/5.0 (compatible; SERankingBacklinksBot/1.0; +https://seranking.com/backlinks-crawler)" "-"
66.249.65.0 - - [12/Aug/2026:02:28:12 +0200] "GET /?shop/items/W91750161319/ HTTP/1.1" 200 61671 cronicareinodearagon.com "-" "Mozilla/5.0 (Linux; Android 6.0.1; Nexus 5X Build/MMB29P) AppleWebKit/537.36 (KHTML, like Gecko) Chrome/150.0.7871.186 Mobile Safari/537.36 (compatible; Googlebot/2.1; +http://www.google.com/bot.html)" "-"
2a03:2880:f800:: - - [12/Aug/2026:02:28:13 +0200] "GET /?shop/items/I80088103888/ HTTP/1.1" 200 61671 cronicareinodearagon.com "-" "Mozilla/5.0 (Windows NT 10.0; Win64; x64) AppleWebKit/537.36 (KHTML, like Gecko) Chrome/145.0.0.0 Safari/537.36 (compatible; meta-externalagent/1.1 (+https://developers.facebook.com/docs/sharing/webmasters/crawler))" "-"
66.249.65.0 - - [12/Aug/2026:02:28:13 +0200] "GET /?shop/items/I8008828410/ HTTP/1.1" 200 61671 cronicareinodearagon.com "-" "Mozilla/5.0 (Linux; Android 6.0.1; Nexus 5X Build/MMB29P) AppleWebKit/537.36 (KHTML, like Gecko) Chrome/150.0.7871.186 Mobile Safari/537.36 (compatible; Googlebot/2.1; +http://www.google.com/bot.html)" "-"
46.4.220.0 - - [12/Aug/2026:02:28:14 +0200] "GET /?shop/items/G385129836/ HTTP/1.1" 200 61671 cronicareinodearagon.com "-" "Mozilla/5.0 (compatible; SERankingBacklinksBot/1.0; +https://seranking.com/backlinks-crawler)" "-"
66.249.65.0 - - [12/Aug/2026:02:28:15 +0200] "GET /?shop/items/P52561265653/ HTTP/1.1" 200 61671 cronicareinodearagon.com "-" "Mozilla/5.0 (Linux; Android 6.0.1; Nexus 5X Build/MMB29P) AppleWebKit/537.36 (KHTML, like Gecko) Chrome/150.0.7871.186 Mobile Safari/537.36 (compatible; Googlebot/2.1; +http://www.google.com/bot.html)" "-"
46.4.220.0 - - [12/Aug/2026:02:28:17 +0200] "GET /?shop/items/I495385453/ HTTP/1.1" 200 61671 cronicareinodearagon.com "-" "Mozilla/5.0 (compatible; SERankingBacklinksBot/1.0; +https://seranking.com/backlinks-crawler)" "-"
2a03:2880:f800:: - - [12/Aug/2026:02:28:17 +0200] "GET /?shop/items/P5256155482/ HTTP/1.1" 200 61671 cronicareinodearagon.com "-" "Mozilla/5.0 (Macintosh; Intel Mac OS X 10_15_7) AppleWebKit/537.36 (KHTML, like Gecko) Chrome/145.0.0.0 Safari/537.36 (compatible; meta-externalagent/1.1 (+https://developers.facebook.com/docs/sharing/webmasters/crawler))" "-"
66.249.65.0 - - [12/Aug/2026:02:28:17 +0200] "GET /?shop/items/A63076150322/ HTTP/1.1" 200 61671 cronicareinodearagon.com "-" "Mozilla/5.0 (Linux; Android 6.0.1; Nexus 5X Build/MMB29P) AppleWebKit/537.36 (KHTML, like Gecko) Chrome/150.0.7871.186 Mobile Safari/537.36 (compatible; Googlebot/2.1; +http://www.google.com/bot.html)" "-"
66.249.65.0 - - [12/Aug/2026:02:28:19 +0200] "GET /?shop/items/Y26882221872/ HTTP/1.1" 200 61671 cronicareinodearagon.com "-" "Mozilla/5.0 (Linux; Android 6.0.1; Nexus 5X Build/MMB29P) AppleWebKit/537.36 (KHTML, like Gecko) Chrome/150.0.7871.186 Mobile Safari/537.36 (compatible; Googlebot/2.1; +http://www.google.com/bot.html)" "-"
46.4.220.0 - - [12/Aug/2026:02:28:20 +0200] "GET /?shop/items/G385129837/ HTTP/1.1" 200 61671 cronicareinodearagon.com "-" "Mozilla/5.0 (compatible; SERankingBacklinksBot/1.0; +https://seranking.com/backlinks-crawler)" "-"
2a03:2880:f800:: - - [12/Aug/2026:02:28:20 +0200] "GET /?shop/items/I49538197988/ HTTP/1.1" 200 61671 cronicareinodearagon.com "-" "Mozilla/5.0 (Macintosh; Intel Mac OS X 10_15_7) AppleWebKit/537.36 (KHTML, like Gecko) Chrome/145.0.0.0 Safari/537.36 (compatible; meta-externalagent/1.1 (+https://developers.facebook.com/docs/sharing/webmasters/crawler))" "-"
2a03:2880:f800:: - - [12/Aug/2026:02:28:21 +0200] "GET /?shop/items/A63076204122/ HTTP/1.1" 200 61671 cronicareinodearagon.com "-" "Mozilla/5.0 (Windows NT 10.0; Win64; x64) AppleWebKit/537.36 (KHTML, like Gecko) Chrome/145.0.0.0 Safari/537.36 (compatible; meta-externalagent/1.1 (+https://developers.facebook.com/docs/sharing/webmasters/crawler))" "-"
66.249.65.0 - - [12/Aug/2026:02:28:21 +0200] "GET /?shop/items/I8008873350/ HTTP/1.1" 200 61671 cronicareinodearagon.com "-" "Mozilla/5.0 (Linux; Android 6.0.1; Nexus 5X Build/MMB29P) AppleWebKit/537.36 (KHTML, like Gecko) Chrome/150.0.7871.186 Mobile Safari/537.36 (compatible; GoogleOther)" "-"
2a03:2880:f800:: - - [12/Aug/2026:02:28:22 +0200] "GET /?shop/items/W9175061449/ HTTP/1.1" 200 61671 cronicareinodearagon.com "-" "Mozilla/5.0 (Macintosh; Intel Mac OS X 10_15_7) AppleWebKit/537.36 (KHTML, like Gecko) Chrome/145.0.0.0 Safari/537.36 (compatible; meta-externalagent/1.1 (+https://developers.facebook.com/docs/sharing/webmasters/crawler))" "-"
66.249.65.0 - - [12/Aug/2026:02:28:22 +0200] "GET /?shop/items/S47104108499/ HTTP/1.1" 200 61671 cronicareinodearagon.com "-" "Mozilla/5.0 (Linux; Android 6.0.1; Nexus 5X Build/MMB29P) AppleWebKit/537.36 (KHTML, like Gecko) Chrome/150.0.7871.186 Mobile Safari/537.36 (compatible; Googlebot/2.1; +http://www.google.com/bot.html)" "-"
46.4.220.0 - - [12/Aug/2026:02:28:24 +0200] "GET /?shop/items/I495385454/ HTTP/1.1" 200 61671 cronicareinodearagon.com "-" "Mozilla/5.0 (compatible; SERankingBacklinksBot/1.0; +https://seranking.com/backlinks-crawler)" "-"
66.249.65.0 - - [12/Aug/2026:02:28:24 +0200] "GET /?shop/items/S40474262105/ HTTP/1.1" 200 61671 cronicareinodearagon.com "-" "Mozilla/5.0 (Linux; Android 6.0.1; Nexus 5X Build/MMB29P) AppleWebKit/537.36 (KHTML, like Gecko) Chrome/150.0.7871.186 Mobile Safari/537.36 (compatible; Googlebot/2.1; +http://www.google.com/bot.html)" "-"
66.249.65.0 - - [12/Aug/2026:02:28:24 +0200] "GET /products.php?sitemap773.xml HTTP/1.1" 200 590129 cronicareinodearagon.com "-" "Mozilla/5.0 (compatible; Googlebot/2.1; +http://www.google.com/bot.html)" "-"
66.249.65.0 - - [12/Aug/2026:02:28:25 +0200] "GET /?shop/items/W91750257127/ HTTP/1.1" 200 61671 cronicareinodearagon.com "-" "Mozilla/5.0 (Linux; Android 6.0.1; Nexus 5X Build/MMB29P) AppleWebKit/537.36 (KHTML, like Gecko) Chrome/150.0.7871.186 Mobile Safari/537.36 (compatible; GoogleOther)" "-"
66.249.65.0 - - [12/Aug/2026:02:28:26 +0200] "GET /?shop/items/I49538196347/ HTTP/1.1" 200 61671 cronicareinodearagon.com "-" "Mozilla/5.0 (Linux; Android 6.0.1; Nexus 5X Build/MMB29P) AppleWebKit/537.36 (KHTML, like Gecko) Chrome/150.0.7871.186 Mobile Safari/537.36 (compatible; Googlebot/2.1; +http://www.google.com/bot.html)" "-"
66.249.65.0 - - [12/Aug/2026:02:28:27 +0200] "GET /?shop/items/P5256123239/ HTTP/1.1" 200 61671 cronicareinodearagon.com "-" "Mozilla/5.0 (Linux; Android 6.0.1; Nexus 5X Build/MMB29P) AppleWebKit/537.36 (KHTML, like Gecko) Chrome/150.0.7871.186 Mobile Safari/537.36 (compatible; Googlebot/2.1; +http://www.google.com/bot.html)" "-"
46.4.220.0 - - [12/Aug/2026:02:28:28 +0200] "GET /?shop/items/G385129840/ HTTP/1.1" 200 61671 cronicareinodearagon.com "-" "Mozilla/5.0 (compatible; SERankingBacklinksBot/1.0; +https://seranking.com/backlinks-crawler)" "-"
74.7.227.0 - - [12/Aug/2026:02:28:28 +0200] "GET /?fileloc=//usr/bin/wc&path=//usr/bin HTTP/1.1" 200 12222 cronicareinodearagon.com "http://cronicareinodearagon.com/?path=//usr/bin" "Mozilla/5.0 AppleWebKit/537.36 (KHTML, like Gecko; compatible; GPTBot/1.4; +https://openai.com/gptbot)" "-"
2a03:2880:f800:: - - [12/Aug/2026:02:28:30 +0200] "GET /?shop/items/S40474195491/ HTTP/1.1" 200 61671 cronicareinodearagon.com "-" "Mozilla/5.0 (Macintosh; Intel Mac OS X 10_15_7) AppleWebKit/537.36 (KHTML, like Gecko) Chrome/145.0.0.0 Safari/537.36 (compatible; meta-externalagent/1.1 (+https://developers.facebook.com/docs/sharing/webmasters/crawler))" "-"
66.249.65.0 - - [12/Aug/2026:02:28:31 +0200] "GET /?shop/items/Q862589009/ HTTP/1.1" 200 61671 cronicareinodearagon.com "-" "Mozilla/5.0 (Linux; Android 6.0.1; Nexus 5X Build/MMB29P) AppleWebKit/537.36 (KHTML, like Gecko) Chrome/150.0.7871.186 Mobile Safari/537.36 (compatible; Googlebot/2.1; +http://www.google.com/bot.html)" "-"
46.4.220.0 - - [12/Aug/2026:02:28:31 +0200] "GET /?shop/items/I495385458/ HTTP/1.1" 200 61671 cronicareinodearagon.com "-" "Mozilla/5.0 (compatible; SERankingBacklinksBot/1.0; +https://seranking.com/backlinks-crawler)" "-"
46.4.220.0 - - [12/Aug/2026:02:28:34 +0200] "GET /?shop/items/G385129843/ HTTP/1.1" 200 61671 cronicareinodearagon.com "-" "Mozilla/5.0 (compatible; SERankingBacklinksBot/1.0; +https://seranking.com/backlinks-crawler)" "-"
66.249.65.0 - - [12/Aug/2026:02:28:37 +0200] "GET /?shop/items/Q86258268402/ HTTP/1.1" 200 61671 cronicareinodearagon.com "-" "Mozilla/5.0 (Linux; Android 6.0.1; Nexus 5X Build/MMB29P) AppleWebKit/537.36 (KHTML, like Gecko) Chrome/150.0.7871.186 Mobile Safari/537.36 (compatible; Googlebot/2.1; +http://www.google.com/bot.html)" "-"
46.4.220.0 - - [12/Aug/2026:02:28:37 +0200] "GET /?shop/items/I495385461/ HTTP/1.1" 200 61671 cronicareinodearagon.com "-" "Mozilla/5.0 (compatible; SERankingBacklinksBot/1.0; +https://seranking.com/backlinks-crawler)" "-"
66.249.65.0 - - [12/Aug/2026:02:28:38 +0200] "GET /?shop/items/I49538106757/ HTTP/1.1" 200 61671 cronicareinodearagon.com "-" "Mozilla/5.0 (Linux; Android 6.0.1; Nexus 5X Build/MMB29P) AppleWebKit/537.36 (KHTML, like Gecko) Chrome/150.0.7871.186 Mobile Safari/537.36 (compatible; Googlebot/2.1; +http://www.google.com/bot.html)" "-"
46.4.220.0 - - [12/Aug/2026:02:28:41 +0200] "GET /?shop/items/G385129844/ HTTP/1.1" 200 61671 cronicareinodearagon.com "-" "Mozilla/5.0 (compatible; SERankingBacklinksBot/1.0; +https://seranking.com/backlinks-crawler)" "-"
2a03:2880:f800:: - - [12/Aug/2026:02:28:42 +0200] "GET /?shop/items/A63076202463/ HTTP/1.1" 200 61671 cronicareinodearagon.com "-" "Mozilla/5.0 (Windows NT 10.0; Win64; x64) AppleWebKit/537.36 (KHTML, like Gecko) Chrome/145.0.0.0 Safari/537.36 (compatible; meta-externalagent/1.1 (+https://developers.facebook.com/docs/sharing/webmasters/crawler))" "-"
66.249.65.0 - - [12/Aug/2026:02:28:43 +0200] "GET /?shop/items/G38512271062/ HTTP/1.1" 200 61671 cronicareinodearagon.com "-" "Mozilla/5.0 (Linux; Android 6.0.1; Nexus 5X Build/MMB29P) AppleWebKit/537.36 (KHTML, like Gecko) Chrome/150.0.7871.186 Mobile Safari/537.36 (compatible; Googlebot/2.1; +http://www.google.com/bot.html)" "-"
46.4.220.0 - - [12/Aug/2026:02:28:44 +0200] "GET /?shop/items/I495385462/ HTTP/1.1" 200 61671 cronicareinodearagon.com "-" "Mozilla/5.0 (compatible; SERankingBacklinksBot/1.0; +https://seranking.com/backlinks-crawler)" "-"
46.4.220.0 - - [12/Aug/2026:02:28:48 +0200] "GET /?shop/items/G385129845/ HTTP/1.1" 200 61671 cronicareinodearagon.com "-" "Mozilla/5.0 (compatible; SERankingBacklinksBot/1.0; +https://seranking.com/backlinks-crawler)" "-"
46.4.220.0 - - [12/Aug/2026:02:28:51 +0200] "GET /?shop/items/I495385464/ HTTP/1.1" 200 61671 cronicareinodearagon.com "-" "Mozilla/5.0 (compatible; SERankingBacklinksBot/1.0; +https://seranking.com/backlinks-crawler)" "-"
2a03:2880:f800:: - - [12/Aug/2026:02:28:52 +0200] "GET /?shop/items/I80088216670/ HTTP/1.1" 200 61671 cronicareinodearagon.com "-" "Mozilla/5.0 (Windows NT 10.0; Win64; x64) AppleWebKit/537.36 (KHTML, like Gecko) Chrome/145.0.0.0 Safari/537.36 (compatible; meta-externalagent/1.1 (+https://developers.facebook.com/docs/sharing/webmasters/crawler))" "-"
