2a03:2880:f800:: - - [12/Aug/2026:01:07:26 +0200] "GET /?shop/items/I49538246880/ HTTP/1.1" 200 61671 cronicareinodearagon.com "-" "Mozilla/5.0 (Windows NT 10.0; Win64; x64) AppleWebKit/537.36 (KHTML, like Gecko) Chrome/145.0.0.0 Safari/537.36 (compatible; meta-externalagent/1.1 (+https://developers.facebook.com/docs/sharing/webmasters/crawler))" "-"
66.249.65.0 - - [12/Aug/2026:01:07:38 +0200] "GET /products.php?shop/items/G5907868747/ HTTP/1.1" 200 201665 cronicareinodearagon.com "-" "Mozilla/5.0 (Linux; Android 6.0.1; Nexus 5X Build/MMB29P) AppleWebKit/537.36 (KHTML, like Gecko) Chrome/150.0.7871.186 Mobile Safari/537.36 (compatible; Googlebot/2.1; +http://www.google.com/bot.html)" "-"
213.180.203.0 - - [12/Aug/2026:01:07:47 +0200] "GET /robots.txt HTTP/1.1" 429 267 cronicareinodearagon.com "-" "Mozilla/5.0 (compatible; YandexBot/3.0; +http://yandex.com/bots)" "-"
2a03:2880:f800:: - - [12/Aug/2026:01:07:53 +0200] "GET /?shop/items/W9175063054/ HTTP/1.1" 200 61671 cronicareinodearagon.com "-" "Mozilla/5.0 (Macintosh; Intel Mac OS X 10_15_7) AppleWebKit/537.36 (KHTML, like Gecko) Chrome/145.0.0.0 Safari/537.36 (compatible; meta-externalagent/1.1 (+https://developers.facebook.com/docs/sharing/webmasters/crawler))" "-"
74.7.227.0 - - [12/Aug/2026:01:08:03 +0200] "GET /?fileloc=//usr/bin/erb2.7&path=//usr/bin HTTP/1.1" 200 17429 cronicareinodearagon.com "http://cronicareinodearagon.com/?path=//usr/bin" "Mozilla/5.0 AppleWebKit/537.36 (KHTML, like Gecko; compatible; GPTBot/1.4; +https://openai.com/gptbot)" "-"
2a03:2880:f800:: - - [12/Aug/2026:01:08:04 +0200] "GET /?shop/items/A63076162199/ HTTP/1.1" 200 61671 cronicareinodearagon.com "-" "Mozilla/5.0 (Macintosh; Intel Mac OS X 10_15_7) AppleWebKit/537.36 (KHTML, like Gecko) Chrome/145.0.0.0 Safari/537.36 (compatible; meta-externalagent/1.1 (+https://developers.facebook.com/docs/sharing/webmasters/crawler))" "-"
2a03:2880:f800:: - - [12/Aug/2026:01:08:11 +0200] "GET /?shop/items/S4047472399/ HTTP/1.1" 200 61671 cronicareinodearagon.com "-" "Mozilla/5.0 (Windows NT 10.0; Win64; x64) AppleWebKit/537.36 (KHTML, like Gecko) Chrome/145.0.0.0 Safari/537.36 (compatible; meta-externalagent/1.1 (+https://developers.facebook.com/docs/sharing/webmasters/crawler))" "-"
2a03:2880:f800:: - - [12/Aug/2026:01:08:11 +0200] "GET /?shop/items/I49538281249/ HTTP/1.1" 200 61671 cronicareinodearagon.com "-" "Mozilla/5.0 (Windows NT 10.0; Win64; x64) AppleWebKit/537.36 (KHTML, like Gecko) Chrome/145.0.0.0 Safari/537.36 (compatible; meta-externalagent/1.1 (+https://developers.facebook.com/docs/sharing/webmasters/crawler))" "-"
2a03:2880:f800:: - - [12/Aug/2026:01:08:21 +0200] "GET /?shop/items/S4710490613/ HTTP/1.1" 200 61671 cronicareinodearagon.com "-" "Mozilla/5.0 (Macintosh; Intel Mac OS X 10_15_7) AppleWebKit/537.36 (KHTML, like Gecko) Chrome/145.0.0.0 Safari/537.36 (compatible; meta-externalagent/1.1 (+https://developers.facebook.com/docs/sharing/webmasters/crawler))" "-"
2a03:2880:f800:: - - [12/Aug/2026:01:08:21 +0200] "GET /?shop/items/S4047431002/ HTTP/1.1" 200 61671 cronicareinodearagon.com "-" "Mozilla/5.0 (Windows NT 10.0; Win64; x64) AppleWebKit/537.36 (KHTML, like Gecko) Chrome/145.0.0.0 Safari/537.36 (compatible; meta-externalagent/1.1 (+https://developers.facebook.com/docs/sharing/webmasters/crawler))" "-"
2a03:2880:f800:: - - [12/Aug/2026:01:08:21 +0200] "GET /?shop/items/I8008834603/ HTTP/1.1" 200 61671 cronicareinodearagon.com "-" "Mozilla/5.0 (Windows NT 10.0; Win64; x64) AppleWebKit/537.36 (KHTML, like Gecko) Chrome/145.0.0.0 Safari/537.36 (compatible; meta-externalagent/1.1 (+https://developers.facebook.com/docs/sharing/webmasters/crawler))" "-"
66.249.65.0 - - [12/Aug/2026:01:08:22 +0200] "GET /products.php?shop/items/A4690494395/ HTTP/1.1" 200 200012 cronicareinodearagon.com "-" "Mozilla/5.0 (Linux; Android 6.0.1; Nexus 5X Build/MMB29P) AppleWebKit/537.36 (KHTML, like Gecko) Chrome/150.0.7871.186 Mobile Safari/537.36 (compatible; GoogleOther)" "-"
2a03:2880:f800:: - - [12/Aug/2026:01:08:26 +0200] "GET /?shop/items/I8008823946/ HTTP/1.1" 200 61671 cronicareinodearagon.com "-" "Mozilla/5.0 (Windows NT 10.0; Win64; x64) AppleWebKit/537.36 (KHTML, like Gecko) Chrome/145.0.0.0 Safari/537.36 (compatible; meta-externalagent/1.1 (+https://developers.facebook.com/docs/sharing/webmasters/crawler))" "-"
2a03:2880:f800:: - - [12/Aug/2026:01:08:33 +0200] "GET /?shop/items/A63076234110/ HTTP/1.1" 200 61671 cronicareinodearagon.com "-" "Mozilla/5.0 (Windows NT 10.0; Win64; x64) AppleWebKit/537.36 (KHTML, like Gecko) Chrome/145.0.0.0 Safari/537.36 (compatible; meta-externalagent/1.1 (+https://developers.facebook.com/docs/sharing/webmasters/crawler))" "-"
74.7.227.0 - - [12/Aug/2026:01:08:34 +0200] "GET /?fileloc=//usr/bin/c89-gcc&path=//usr/bin HTTP/1.1" 200 12692 cronicareinodearagon.com "http://cronicareinodearagon.com/?path=//usr/bin" "Mozilla/5.0 AppleWebKit/537.36 (KHTML, like Gecko; compatible; GPTBot/1.4; +https://openai.com/gptbot)" "-"
2a03:2880:f800:: - - [12/Aug/2026:01:08:39 +0200] "GET /?shop/items/I80088105805/ HTTP/1.1" 200 61671 cronicareinodearagon.com "-" "Mozilla/5.0 (Windows NT 10.0; Win64; x64) AppleWebKit/537.36 (KHTML, like Gecko) Chrome/145.0.0.0 Safari/537.36 (compatible; meta-externalagent/1.1 (+https://developers.facebook.com/docs/sharing/webmasters/crawler))" "-"
2a03:2880:f800:: - - [12/Aug/2026:01:08:44 +0200] "GET /?shop/items/A63076197984/ HTTP/1.1" 200 61671 cronicareinodearagon.com "-" "Mozilla/5.0 (Windows NT 10.0; Win64; x64) AppleWebKit/537.36 (KHTML, like Gecko) Chrome/145.0.0.0 Safari/537.36 (compatible; meta-externalagent/1.1 (+https://developers.facebook.com/docs/sharing/webmasters/crawler))" "-"
2a03:2880:f800:: - - [12/Aug/2026:01:08:54 +0200] "GET /?shop/items/S40474266455/ HTTP/1.1" 200 61671 cronicareinodearagon.com "-" "Mozilla/5.0 (Windows NT 10.0; Win64; x64) AppleWebKit/537.36 (KHTML, like Gecko) Chrome/145.0.0.0 Safari/537.36 (compatible; meta-externalagent/1.1 (+https://developers.facebook.com/docs/sharing/webmasters/crawler))" "-"
114.119.134.0 - - [12/Aug/2026:01:09:00 +0200] "GET /politica/el-psoe-se-prepara-para-su-18o-congreso-regional-en-aragon-con-un-mensaje-claro-de-unidad-y-renovacion HTTP/1.1" 200 61743 cronicareinodearagon.com "https://cronicareinodearagon.com/politica/el-psoe-se-prepara-para-su-18o-congreso-regional-en-aragon-con-un-mensaje-claro-de-unidad-y-renovacion" "Mozilla/5.0 (Linux; Android 7.0;) AppleWebKit/537.36 (HTML, like Gecko) Mobile Safari/537.36 (compatible; PetalBot;+https://webmaster.petalsearch.com/site/petalbot)" "-"
66.249.65.0 - - [12/Aug/2026:01:09:02 +0200] "GET /products.php?shop/items/N24297198968/ HTTP/1.1" 200 205819 cronicareinodearagon.com "-" "Mozilla/5.0 (compatible; Googlebot/2.1; +http://www.google.com/bot.html)" "-"
216.73.217.0 - - [12/Aug/2026:01:09:03 +0200] "GET /shop/mypage/mail-magazine?path=%2F%2Flib%2Fgcc HTTP/1.1" 200 13983 cronicareinodearagon.com "-" "Mozilla/5.0 AppleWebKit/537.36 (KHTML, like Gecko; compatible; ClaudeBot/1.0; +claudebot@anthropic.com)" "-"
216.73.217.0 - - [12/Aug/2026:01:09:03 +0200] "GET /shop/mypage/mail-magazine?path=%2F%2Flib%2Fui-infong-disable-utils HTTP/1.1" 200 12679 cronicareinodearagon.com "-" "Mozilla/5.0 AppleWebKit/537.36 (KHTML, like Gecko; compatible; ClaudeBot/1.0; +claudebot@anthropic.com)" "-"
2a03:2880:f800:: - - [12/Aug/2026:01:09:03 +0200] "GET /?shop/items/Y26882117748/ HTTP/1.1" 200 61671 cronicareinodearagon.com "-" "Mozilla/5.0 (Windows NT 10.0; Win64; x64) AppleWebKit/537.36 (KHTML, like Gecko) Chrome/145.0.0.0 Safari/537.36 (compatible; meta-externalagent/1.1 (+https://developers.facebook.com/docs/sharing/webmasters/crawler))" "-"
216.73.217.0 - - [12/Aug/2026:01:09:04 +0200] "GET /shop/mypage/mail-magazine?path=%2F%2Flib%2Fterminfo HTTP/1.1" 200 30835 cronicareinodearagon.com "-" "Mozilla/5.0 AppleWebKit/537.36 (KHTML, like Gecko; compatible; ClaudeBot/1.0; +claudebot@anthropic.com)" "-"
216.73.217.0 - - [12/Aug/2026:01:09:04 +0200] "GET /shop/mypage/mail-magazine?fileloc=%2F%2Flib%2Faspell%2Fu-deva.cmap&path=%2F%2Flib%2Faspell HTTP/1.1" 200 30652 cronicareinodearagon.com "-" "Mozilla/5.0 AppleWebKit/537.36 (KHTML, like Gecko; compatible; ClaudeBot/1.0; +claudebot@anthropic.com)" "-"
216.73.217.0 - - [12/Aug/2026:01:09:05 +0200] "GET /shop/mypage/mail-magazine?path=%2F%2Flib%2Femacsen-common HTTP/1.1" 200 21344 cronicareinodearagon.com "-" "Mozilla/5.0 AppleWebKit/537.36 (KHTML, like Gecko; compatible; ClaudeBot/1.0; +claudebot@anthropic.com)" "-"
216.73.217.0 - - [12/Aug/2026:01:09:05 +0200] "GET /shop/mypage/mail-magazine?path=%2F%2Flib%2Fmc%2Ffish HTTP/1.1" 200 35108 cronicareinodearagon.com "-" "Mozilla/5.0 AppleWebKit/537.36 (KHTML, like Gecko; compatible; ClaudeBot/1.0; +claudebot@anthropic.com)" "-"
216.73.217.0 - - [12/Aug/2026:01:09:06 +0200] "GET /shop/mypage/mail-magazine?path=%2F%2Flib%2Fvalgrind HTTP/1.1" 200 14083 cronicareinodearagon.com "-" "Mozilla/5.0 AppleWebKit/537.36 (KHTML, like Gecko; compatible; ClaudeBot/1.0; +claudebot@anthropic.com)" "-"
216.73.217.0 - - [12/Aug/2026:01:09:06 +0200] "GET /shop/mypage/mail-magazine?path=%2F%2Flib%2Fssl%2Fprivate HTTP/1.1" 200 12685 cronicareinodearagon.com "-" "Mozilla/5.0 AppleWebKit/537.36 (KHTML, like Gecko; compatible; ClaudeBot/1.0; +claudebot@anthropic.com)" "-"
216.73.217.0 - - [12/Aug/2026:01:09:07 +0200] "GET /shop/mypage/mail-magazine?path=%2F%2Flib%2Fudev%2Frules.d HTTP/1.1" 200 15620 cronicareinodearagon.com "-" "Mozilla/5.0 AppleWebKit/537.36 (KHTML, like Gecko; compatible; ClaudeBot/1.0; +claudebot@anthropic.com)" "-"
216.73.217.0 - - [12/Aug/2026:01:09:07 +0200] "GET /shop/mypage/mail-magazine?path=%2F%2Flib%2FGraphicsMagick-1.4%2Fconfig HTTP/1.1" 200 20291 cronicareinodearagon.com "-" "Mozilla/5.0 AppleWebKit/537.36 (KHTML, like Gecko; compatible; ClaudeBot/1.0; +claudebot@anthropic.com)" "-"
216.73.217.0 - - [12/Aug/2026:01:09:08 +0200] "GET /shop/mypage/mail-magazine?path=%2F%2Flib%2Fssl%2Fcerts HTTP/1.1" 200 455499 cronicareinodearagon.com "-" "Mozilla/5.0 AppleWebKit/537.36 (KHTML, like Gecko; compatible; ClaudeBot/1.0; +claudebot@anthropic.com)" "-"
216.73.217.0 - - [12/Aug/2026:01:09:08 +0200] "GET /shop/mypage/mail-magazine?path=%2F%2Flib%2Fapt%2Fsolvers HTTP/1.1" 200 14100 cronicareinodearagon.com "-" "Mozilla/5.0 AppleWebKit/537.36 (KHTML, like Gecko; compatible; ClaudeBot/1.0; +claudebot@anthropic.com)" "-"
216.73.217.0 - - [12/Aug/2026:01:09:09 +0200] "GET /shop/mypage/mail-magazine?path=%2F%2Flib%2Fmc%2Fextfs.d HTTP/1.1" 200 66387 cronicareinodearagon.com "-" "Mozilla/5.0 AppleWebKit/537.36 (KHTML, like Gecko; compatible; ClaudeBot/1.0; +claudebot@anthropic.com)" "-"
216.73.217.0 - - [12/Aug/2026:01:09:09 +0200] "GET /shop/mypage/mail-magazine?path=%2F%2Flib%2Fklibc%2Fbin HTTP/1.1" 200 14091 cronicareinodearagon.com "-" "Mozilla/5.0 AppleWebKit/537.36 (KHTML, like Gecko; compatible; ClaudeBot/1.0; +claudebot@anthropic.com)" "-"
216.73.217.0 - - [12/Aug/2026:01:09:10 +0200] "GET /shop/mypage/mail-magazine?path=%2F%2Flib%2Fmc%2Fext.d HTTP/1.1" 200 25431 cronicareinodearagon.com "-" "Mozilla/5.0 AppleWebKit/537.36 (KHTML, like Gecko; compatible; ClaudeBot/1.0; +claudebot@anthropic.com)" "-"
216.73.217.0 - - [12/Aug/2026:01:09:11 +0200] "GET /shop/mypage/mail-magazine?path=%2F%2Flib%2Fssl%2Fmisc HTTP/1.1" 429 267 cronicareinodearagon.com "-" "Mozilla/5.0 AppleWebKit/537.36 (KHTML, like Gecko; compatible; ClaudeBot/1.0; +claudebot@anthropic.com)" "-"
216.73.217.0 - - [12/Aug/2026:01:09:11 +0200] "GET /shop/mypage/mail-magazine?path=%2F%2Flib%2Faspell%2Fx86_64-linux-gnu HTTP/1.1" 429 267 cronicareinodearagon.com "-" "Mozilla/5.0 AppleWebKit/537.36 (KHTML, like Gecko; compatible; ClaudeBot/1.0; +claudebot@anthropic.com)" "-"
216.73.217.0 - - [12/Aug/2026:01:09:12 +0200] "GET /shop/mypage/mail-magazine?path=%2F%2Flib%2Flsb%2Finit-functions.d HTTP/1.1" 429 267 cronicareinodearagon.com "-" "Mozilla/5.0 AppleWebKit/537.36 (KHTML, like Gecko; compatible; ClaudeBot/1.0; +claudebot@anthropic.com)" "-"
216.73.217.0 - - [12/Aug/2026:01:09:12 +0200] "GET /shop/mypage/mail-magazine?path=%2F%2Flib%2Fapt%2Fmethods HTTP/1.1" 429 267 cronicareinodearagon.com "-" "Mozilla/5.0 AppleWebKit/537.36 (KHTML, like Gecko; compatible; ClaudeBot/1.0; +claudebot@anthropic.com)" "-"
2a03:2880:f800:: - - [12/Aug/2026:01:09:12 +0200] "GET /?shop/items/Q86258176904/ HTTP/1.1" 200 61671 cronicareinodearagon.com "-" "Mozilla/5.0 (Windows NT 10.0; Win64; x64) AppleWebKit/537.36 (KHTML, like Gecko) Chrome/145.0.0.0 Safari/537.36 (compatible; meta-externalagent/1.1 (+https://developers.facebook.com/docs/sharing/webmasters/crawler))" "-"
2a03:2880:f800:: - - [12/Aug/2026:01:09:13 +0200] "GET /?shop/items/Q86258209017/ HTTP/1.1" 200 61671 cronicareinodearagon.com "-" "Mozilla/5.0 (Macintosh; Intel Mac OS X 10_15_7) AppleWebKit/537.36 (KHTML, like Gecko) Chrome/145.0.0.0 Safari/537.36 (compatible; meta-externalagent/1.1 (+https://developers.facebook.com/docs/sharing/webmasters/crawler))" "-"
66.249.65.0 - - [12/Aug/2026:01:09:17 +0200] "GET /?shop/items/Q86258208576/ HTTP/1.1" 200 61671 cronicareinodearagon.com "-" "Mozilla/5.0 (Linux; Android 6.0.1; Nexus 5X Build/MMB29P) AppleWebKit/537.36 (KHTML, like Gecko) Chrome/150.0.7871.186 Mobile Safari/537.36 (compatible; GoogleOther)" "-"
66.249.65.0 - - [12/Aug/2026:01:09:19 +0200] "GET /?shop/items/Q862589952/ HTTP/1.1" 200 61671 cronicareinodearagon.com "-" "Mozilla/5.0 (Linux; Android 6.0.1; Nexus 5X Build/MMB29P) AppleWebKit/537.36 (KHTML, like Gecko) Chrome/150.0.7871.186 Mobile Safari/537.36 (compatible; Googlebot/2.1; +http://www.google.com/bot.html)" "-"
216.73.217.0 - - [12/Aug/2026:01:09:20 +0200] "GET /shop/mypage/mail-magazine?path=%2F%2Flib%2Fsusshi HTTP/1.1" 429 267 cronicareinodearagon.com "-" "Mozilla/5.0 AppleWebKit/537.36 (KHTML, like Gecko; compatible; ClaudeBot/1.0; +claudebot@anthropic.com)" "-"
216.73.217.0 - - [12/Aug/2026:01:09:20 +0200] "GET /shop/mypage/mail-magazine?path=%2F%2Flib%2Fx86_64-linux-musl%2Fbin HTTP/1.1" 429 267 cronicareinodearagon.com "-" "Mozilla/5.0 AppleWebKit/537.36 (KHTML, like Gecko; compatible; ClaudeBot/1.0; +claudebot@anthropic.com)" "-"
2a03:2880:f800:: - - [12/Aug/2026:01:09:20 +0200] "GET /?shop/items/S4047418147/ HTTP/1.1" 200 61671 cronicareinodearagon.com "-" "Mozilla/5.0 (Windows NT 10.0; Win64; x64) AppleWebKit/537.36 (KHTML, like Gecko) Chrome/145.0.0.0 Safari/537.36 (compatible; meta-externalagent/1.1 (+https://developers.facebook.com/docs/sharing/webmasters/crawler))" "-"
74.7.227.0 - - [12/Aug/2026:01:09:20 +0200] "GET /?fileloc=//usr/bin/cpp-10&path=//usr/bin HTTP/1.1" 429 267 cronicareinodearagon.com "http://cronicareinodearagon.com/?path=//usr/bin" "Mozilla/5.0 AppleWebKit/537.36 (KHTML, like Gecko; compatible; GPTBot/1.4; +https://openai.com/gptbot)" "-"
216.73.217.0 - - [12/Aug/2026:01:09:21 +0200] "GET /shop/mypage/mail-magazine?fileloc=%2F%2Flib%2Fpkgconf.multiarch&path=%2F%2Flib HTTP/1.1" 429 267 cronicareinodearagon.com "-" "Mozilla/5.0 AppleWebKit/537.36 (KHTML, like Gecko; compatible; ClaudeBot/1.0; +claudebot@anthropic.com)" "-"
216.73.217.0 - - [12/Aug/2026:01:09:21 +0200] "GET /shop/mypage/mail-magazine?path=%2F%2Flib%2Fgold-ld HTTP/1.1" 429 267 cronicareinodearagon.com "-" "Mozilla/5.0 AppleWebKit/537.36 (KHTML, like Gecko; compatible; ClaudeBot/1.0; +claudebot@anthropic.com)" "-"
216.73.217.0 - - [12/Aug/2026:01:09:22 +0200] "GET /shop/contents/shipping?path=%2Fhomepages%2F6%2Fd697742689%2Fmanaged HTTP/1.1" 429 267 cronicareinodearagon.com "-" "Mozilla/5.0 AppleWebKit/537.36 (KHTML, like Gecko; compatible; ClaudeBot/1.0; +claudebot@anthropic.com)" "-"
216.73.217.0 - - [12/Aug/2026:01:09:22 +0200] "GET /shop/mypage/mail-magazine?path=%2F%2Flib%2Fmime HTTP/1.1" 429 267 cronicareinodearagon.com "-" "Mozilla/5.0 AppleWebKit/537.36 (KHTML, like Gecko; compatible; ClaudeBot/1.0; +claudebot@anthropic.com)" "-"
216.73.217.0 - - [12/Aug/2026:01:09:23 +0200] "GET /shop/mypage/mail-magazine?path=%2F%2Flib%2Fgnupg HTTP/1.1" 429 267 cronicareinodearagon.com "-" "Mozilla/5.0 AppleWebKit/537.36 (KHTML, like Gecko; compatible; ClaudeBot/1.0; +claudebot@anthropic.com)" "-"
66.249.65.0 - - [12/Aug/2026:01:09:25 +0200] "GET /?shop/items/I4953867702/ HTTP/1.1" 200 61671 cronicareinodearagon.com "-" "Mozilla/5.0 (Linux; Android 6.0.1; Nexus 5X Build/MMB29P) AppleWebKit/537.36 (KHTML, like Gecko) Chrome/150.0.7871.186 Mobile Safari/537.36 (compatible; Googlebot/2.1; +http://www.google.com/bot.html)" "-"
216.73.217.0 - - [12/Aug/2026:01:09:28 +0200] "GET /shop/mypage/mail-magazine?path=%2F%2Flib%2Fdpkg HTTP/1.1" 429 267 cronicareinodearagon.com "-" "Mozilla/5.0 AppleWebKit/537.36 (KHTML, like Gecko; compatible; ClaudeBot/1.0; +claudebot@anthropic.com)" "-"
2a03:2880:f800:: - - [12/Aug/2026:01:09:28 +0200] "GET /?shop/items/Y26882242325/ HTTP/1.1" 200 61671 cronicareinodearagon.com "-" "Mozilla/5.0 (Windows NT 10.0; Win64; x64) AppleWebKit/537.36 (KHTML, like Gecko) Chrome/145.0.0.0 Safari/537.36 (compatible; meta-externalagent/1.1 (+https://developers.facebook.com/docs/sharing/webmasters/crawler))" "-"
216.73.217.0 - - [12/Aug/2026:01:09:33 +0200] "GET /shop/mypage/mail-magazine?path=%2F%2Flib%2Fcbi HTTP/1.1" 429 267 cronicareinodearagon.com "-" "Mozilla/5.0 AppleWebKit/537.36 (KHTML, like Gecko; compatible; ClaudeBot/1.0; +claudebot@anthropic.com)" "-"
74.7.227.0 - - [12/Aug/2026:01:09:33 +0200] "GET /?fileloc=//usr/bin/erb&path=//usr/bin HTTP/1.1" 429 267 cronicareinodearagon.com "http://cronicareinodearagon.com/?path=//usr/bin" "Mozilla/5.0 AppleWebKit/537.36 (KHTML, like Gecko; compatible; GPTBot/1.4; +https://openai.com/gptbot)" "-"
66.249.65.0 - - [12/Aug/2026:01:09:33 +0200] "GET /detail.php?shop/items/S91954104589/ HTTP/1.1" 200 202759 cronicareinodearagon.com "-" "Mozilla/5.0 (Linux; Android 6.0.1; Nexus 5X Build/MMB29P) AppleWebKit/537.36 (KHTML, like Gecko) Chrome/150.0.7871.186 Mobile Safari/537.36 (compatible; Googlebot/2.1; +http://www.google.com/bot.html)" "-"
2a03:2880:f800:: - - [12/Aug/2026:01:09:35 +0200] "GET /?shop/items/Q8625820994/ HTTP/1.1" 429 267 cronicareinodearagon.com "-" "Mozilla/5.0 (Windows NT 10.0; Win64; x64) AppleWebKit/537.36 (KHTML, like Gecko) Chrome/145.0.0.0 Safari/537.36 Edg/145.0.0.0 (compatible; meta-externalagent/1.1 (+https://developers.facebook.com/docs/sharing/webmasters/crawler))" "-"
2a03:2880:f800:: - - [12/Aug/2026:01:09:36 +0200] "GET /?shop/items/S4047416242/ HTTP/1.1" 429 267 cronicareinodearagon.com "-" "Mozilla/5.0 (Windows NT 10.0; Win64; x64) AppleWebKit/537.36 (KHTML, like Gecko) Chrome/145.0.0.0 Safari/537.36 (compatible; meta-externalagent/1.1 (+https://developers.facebook.com/docs/sharing/webmasters/crawler))" "-"
216.73.217.0 - - [12/Aug/2026:01:09:38 +0200] "GET /shop/mypage/mail-magazine?path=%2F%2Flib%2Fgnupg2 HTTP/1.1" 429 267 cronicareinodearagon.com "-" "Mozilla/5.0 AppleWebKit/537.36 (KHTML, like Gecko; compatible; ClaudeBot/1.0; +claudebot@anthropic.com)" "-"
66.249.65.0 - - [12/Aug/2026:01:09:39 +0200] "GET /?shop/items/P5256153892/ HTTP/1.1" 200 61671 cronicareinodearagon.com "-" "Mozilla/5.0 (Linux; Android 6.0.1; Nexus 5X Build/MMB29P) AppleWebKit/537.36 (KHTML, like Gecko) Chrome/150.0.7871.186 Mobile Safari/537.36 (compatible; Googlebot/2.1; +http://www.google.com/bot.html)" "-"
43.155.140.0 - - [12/Aug/2026:01:09:39 +0200] "GET / HTTP/1.1" 200 336 cronicadecordoba.com "-" "Mozilla/5.0 (iPhone; CPU iPhone OS 13_2_3 like Mac OS X) AppleWebKit/605.1.15 (KHTML, like Gecko) Version/13.0.3 Mobile/15E148 Safari/604.1" "-"
2a03:2880:f800:: - - [12/Aug/2026:01:09:43 +0200] "GET /?shop/items/S47104132967/ HTTP/1.1" 429 267 cronicareinodearagon.com "-" "Mozilla/5.0 (Windows NT 10.0; Win64; x64) AppleWebKit/537.36 (KHTML, like Gecko) Chrome/145.0.0.0 Safari/537.36 (compatible; meta-externalagent/1.1 (+https://developers.facebook.com/docs/sharing/webmasters/crawler))" "-"
2a03:2880:f800:: - - [12/Aug/2026:01:09:48 +0200] "GET /?shop/items/Q86258208874/ HTTP/1.1" 429 267 cronicareinodearagon.com "-" "Mozilla/5.0 (Windows NT 10.0; Win64; x64) AppleWebKit/537.36 (KHTML, like Gecko) Chrome/145.0.0.0 Safari/537.36 (compatible; meta-externalagent/1.1 (+https://developers.facebook.com/docs/sharing/webmasters/crawler))" "-"
2a03:2880:f800:: - - [12/Aug/2026:01:09:48 +0200] "GET /?shop/items/A63076181020/ HTTP/1.1" 429 267 cronicareinodearagon.com "-" "Mozilla/5.0 (Macintosh; Intel Mac OS X 10_15_7) AppleWebKit/537.36 (KHTML, like Gecko) Chrome/145.0.0.0 Safari/537.36 (compatible; meta-externalagent/1.1 (+https://developers.facebook.com/docs/sharing/webmasters/crawler))" "-"
66.249.65.0 - - [12/Aug/2026:01:09:51 +0200] "GET /detail.php?shop/items/D1552535378/ HTTP/1.1" 200 202208 cronicareinodearagon.com "-" "Mozilla/5.0 (Linux; Android 6.0.1; Nexus 5X Build/MMB29P) AppleWebKit/537.36 (KHTML, like Gecko) Chrome/150.0.7871.186 Mobile Safari/537.36 (compatible; GoogleOther)" "-"
216.73.217.0 - - [12/Aug/2026:01:09:54 +0200] "GET /shop/mypage/mail-magazine?fileloc=%2F%2Flib%2Fmc%2Fmc-wrapper.csh&path=%2F%2Flib%2Fmc HTTP/1.1" 429 267 cronicareinodearagon.com "-" "Mozilla/5.0 AppleWebKit/537.36 (KHTML, like Gecko; compatible; ClaudeBot/1.0; +claudebot@anthropic.com)" "-"
2a03:2880:f800:: - - [12/Aug/2026:01:09:54 +0200] "GET /?shop/items/I80088148669/ HTTP/1.1" 429 267 cronicareinodearagon.com "-" "Mozilla/5.0 (Macintosh; Intel Mac OS X 10_15_7) AppleWebKit/537.36 (KHTML, like Gecko) Chrome/145.0.0.0 Safari/537.36 (compatible; meta-externalagent/1.1 (+https://developers.facebook.com/docs/sharing/webmasters/crawler))" "-"
2a03:2880:f800:: - - [12/Aug/2026:01:09:55 +0200] "GET /?shop/items/G38512136223/ HTTP/1.1" 429 267 cronicareinodearagon.com "-" "Mozilla/5.0 (Windows NT 10.0; Win64; x64) AppleWebKit/537.36 (KHTML, like Gecko) Chrome/145.0.0.0 Safari/537.36 (compatible; meta-externalagent/1.1 (+https://developers.facebook.com/docs/sharing/webmasters/crawler))" "-"
216.73.217.0 - - [12/Aug/2026:01:09:58 +0200] "GET /shop/mypage/mail-magazine?fileloc=%2F%2Flib%2Fmc%2Fmc-wrapper.sh&path=%2F%2Flib%2Fmc HTTP/1.1" 429 267 cronicareinodearagon.com "-" "Mozilla/5.0 AppleWebKit/537.36 (KHTML, like Gecko; compatible; ClaudeBot/1.0; +claudebot@anthropic.com)" "-"
2a03:2880:f800:: - - [12/Aug/2026:01:10:01 +0200] "GET /?shop/items/W9175059088/ HTTP/1.1" 429 267 cronicareinodearagon.com "-" "Mozilla/5.0 (Windows NT 10.0; Win64; x64) AppleWebKit/537.36 (KHTML, like Gecko) Chrome/145.0.0.0 Safari/537.36 (compatible; meta-externalagent/1.1 (+https://developers.facebook.com/docs/sharing/webmasters/crawler))" "-"
66.249.65.0 - - [12/Aug/2026:01:10:02 +0200] "GET /detail.php?shop/items/I14568129524/ HTTP/1.1" 200 199462 cronicareinodearagon.com "-" "Mozilla/5.0 (compatible; Googlebot/2.1; +http://www.google.com/bot.html)" "-"
216.73.217.0 - - [12/Aug/2026:01:10:03 +0200] "GET /shop/contents/shipping?path=%2Fhomepages%2F6%2Fd825549930 HTTP/1.1" 429 267 cronicareinodearagon.com "-" "Mozilla/5.0 AppleWebKit/537.36 (KHTML, like Gecko; compatible; ClaudeBot/1.0; +claudebot@anthropic.com)" "-"
2a03:2880:f800:: - - [12/Aug/2026:01:10:07 +0200] "GET /?shop/items/I8008850268/ HTTP/1.1" 429 267 cronicareinodearagon.com "-" "Mozilla/5.0 (Windows NT 10.0; Win64; x64) AppleWebKit/537.36 (KHTML, like Gecko) Chrome/145.0.0.0 Safari/537.36 (compatible; meta-externalagent/1.1 (+https://developers.facebook.com/docs/sharing/webmasters/crawler))" "-"
216.73.217.0 - - [12/Aug/2026:01:10:08 +0200] "GET /shop/contents/shipping?path=%2Fhomepages%2F9%2Fd827368222 HTTP/1.1" 429 267 cronicareinodearagon.com "-" "Mozilla/5.0 AppleWebKit/537.36 (KHTML, like Gecko; compatible; ClaudeBot/1.0; +claudebot@anthropic.com)" "-"
2a03:2880:f800:: - - [12/Aug/2026:01:10:09 +0200] "GET /?shop/items/Q86258103200/ HTTP/1.1" 429 267 cronicareinodearagon.com "-" "Mozilla/5.0 (Windows NT 10.0; Win64; x64) AppleWebKit/537.36 (KHTML, like Gecko) Chrome/145.0.0.0 Safari/537.36 (compatible; meta-externalagent/1.1 (+https://developers.facebook.com/docs/sharing/webmasters/crawler))" "-"
2a03:2880:f800:: - - [12/Aug/2026:01:10:10 +0200] "GET /?shop/items/P52561114322/ HTTP/1.1" 429 267 cronicareinodearagon.com "-" "Mozilla/5.0 (Macintosh; Intel Mac OS X 10.15; rv:147.0) Gecko/20100101 Firefox/147.0 (compatible; meta-externalagent/1.1 (+https://developers.facebook.com/docs/sharing/webmasters/crawler))" "-"
66.249.65.0 - - [12/Aug/2026:01:10:10 +0200] "GET /?shop/items/G385121426/ HTTP/1.1" 200 61671 cronicareinodearagon.com "-" "Mozilla/5.0 (Linux; Android 6.0.1; Nexus 5X Build/MMB29P) AppleWebKit/537.36 (KHTML, like Gecko) Chrome/150.0.7871.186 Mobile Safari/537.36 (compatible; Googlebot/2.1; +http://www.google.com/bot.html)" "-"
2a03:2880:f800:: - - [12/Aug/2026:01:10:11 +0200] "GET /?shop/items/P52561257401/ HTTP/1.1" 429 267 cronicareinodearagon.com "-" "Mozilla/5.0 (Windows NT 10.0; Win64; x64) AppleWebKit/537.36 (KHTML, like Gecko) Chrome/145.0.0.0 Safari/537.36 Edg/145.0.0.0 (compatible; meta-externalagent/1.1 (+https://developers.facebook.com/docs/sharing/webmasters/crawler))" "-"
66.249.65.0 - - [12/Aug/2026:01:10:11 +0200] "GET /?shop/items/W9175055875/ HTTP/1.1" 200 61671 cronicareinodearagon.com "-" "Mozilla/5.0 (Linux; Android 6.0.1; Nexus 5X Build/MMB29P) AppleWebKit/537.36 (KHTML, like Gecko) Chrome/150.0.7871.186 Mobile Safari/537.36 (compatible; GoogleOther)" "-"
66.249.65.0 - - [12/Aug/2026:01:10:11 +0200] "GET /?shop/items/I49538267467/ HTTP/1.1" 200 61671 cronicareinodearagon.com "-" "Mozilla/5.0 (compatible; Googlebot/2.1; +http://www.google.com/bot.html)" "-"
216.73.217.0 - - [12/Aug/2026:01:10:13 +0200] "GET /shop/mypage/mail-magazine?fileloc=%2F%2Fkunden%2Fetc%2Fsystemd%2Fsystem%2Fdefault.target.wants%2Fe2scrub_reap.service&path=%2F%2Fkunden%2Fetc%2Fsystemd%2Fsystem%2Fdefault.target.wants HTTP/1.1" 200 13032 cronicareinodearagon.com "-" "Mozilla/5.0 AppleWebKit/537.36 (KHTML, like Gecko; compatible; ClaudeBot/1.0; +claudebot@anthropic.com)" "-"
216.73.217.0 - - [12/Aug/2026:01:10:18 +0200] "GET /shop/mypage/mail-magazine?path=%2Fhomepages%2F20%2Fd917057205%2Fhtdocs%2Fclickandbuilds%2FCronicaReinodeAragon%2Fwp-includes%2Fimages%2Fmedia HTTP/1.1" 200 46530 cronicareinodearagon.com "-" "Mozilla/5.0 AppleWebKit/537.36 (KHTML, like Gecko; compatible; ClaudeBot/1.0; +claudebot@anthropic.com)" "-"
66.249.65.0 - - [12/Aug/2026:01:10:18 +0200] "GET /?shop/items/P52561253873/ HTTP/1.1" 200 61671 cronicareinodearagon.com "-" "Mozilla/5.0 (Linux; Android 6.0.1; Nexus 5X Build/MMB29P) AppleWebKit/537.36 (KHTML, like Gecko) Chrome/150.0.7871.186 Mobile Safari/537.36 (compatible; Googlebot/2.1; +http://www.google.com/bot.html)" "-"
2a03:2880:f800:: - - [12/Aug/2026:01:10:18 +0200] "GET /?shop/items/A63076150752/ HTTP/1.1" 429 267 cronicareinodearagon.com "-" "Mozilla/5.0 (Windows NT 10.0; Win64; x64) AppleWebKit/537.36 (KHTML, like Gecko) Chrome/145.0.0.0 Safari/537.36 (compatible; meta-externalagent/1.1 (+https://developers.facebook.com/docs/sharing/webmasters/crawler))" "-"
114.119.142.0 - - [12/Aug/2026:01:10:19 +0200] "GET /politica/el-psoe-rechaza-la-ley-de-vivienda-del-gobierno-de-azcon-por-priorizar-los-intereses-privados-sobre-el-acceso-a-la-vivienda-para-los-aragoneses/ HTTP/1.1" 200 61743 cronicareinodearagon.com "https://cronicareinodearagon.com/category/politica/page/5/" "Mozilla/5.0 (Linux; Android 7.0;) AppleWebKit/537.36 (HTML, like Gecko) Mobile Safari/537.36 (compatible; PetalBot;+https://webmaster.petalsearch.com/site/petalbot)" "-"
2a03:2880:f800:: - - [12/Aug/2026:01:10:22 +0200] "GET /?shop/items/Q86258122223/ HTTP/1.1" 429 267 cronicareinodearagon.com "-" "Mozilla/5.0 (Windows NT 10.0; Win64; x64) AppleWebKit/537.36 (KHTML, like Gecko) Chrome/145.0.0.0 Safari/537.36 (compatible; meta-externalagent/1.1 (+https://developers.facebook.com/docs/sharing/webmasters/crawler))" "-"
66.249.65.0 - - [12/Aug/2026:01:10:22 +0200] "GET /?shop/items/P52561199501/ HTTP/1.1" 200 61671 cronicareinodearagon.com "-" "Mozilla/5.0 (Linux; Android 6.0.1; Nexus 5X Build/MMB29P) AppleWebKit/537.36 (KHTML, like Gecko) Chrome/150.0.7871.186 Mobile Safari/537.36 (compatible; Googlebot/2.1; +http://www.google.com/bot.html)" "-"
216.73.217.0 - - [12/Aug/2026:01:10:24 +0200] "GET /shop/mypage/mail-magazine?fileloc=%2F%2Flib%2Faspell%2Fcp1258.cmap&path=%2F%2Flib%2Faspell HTTP/1.1" 200 52261 cronicareinodearagon.com "-" "Mozilla/5.0 AppleWebKit/537.36 (KHTML, like Gecko; compatible; ClaudeBot/1.0; +claudebot@anthropic.com)" "-"
66.249.65.0 - - [12/Aug/2026:01:10:26 +0200] "GET /?shop/items/I4953840415/ HTTP/1.1" 200 61671 cronicareinodearagon.com "-" "Mozilla/5.0 (Linux; Android 6.0.1; Nexus 5X Build/MMB29P) AppleWebKit/537.36 (KHTML, like Gecko) Chrome/150.0.7871.186 Mobile Safari/537.36 (compatible; Googlebot/2.1; +http://www.google.com/bot.html)" "-"
216.73.217.0 - - [12/Aug/2026:01:10:28 +0200] "GET /shop/mypage/mail-magazine?fileloc=%2F%2Flib%2FlibGraphicsMagick-Q16.so.3.22.0&path=%2F%2Flib HTTP/1.1" 200 12213 cronicareinodearagon.com "-" "Mozilla/5.0 AppleWebKit/537.36 (KHTML, like Gecko; compatible; ClaudeBot/1.0; +claudebot@anthropic.com)" "-"
2a03:2880:f800:: - - [12/Aug/2026:01:10:29 +0200] "GET /?shop/items/S47104201367/ HTTP/1.1" 429 267 cronicareinodearagon.com "-" "Mozilla/5.0 (Macintosh; Intel Mac OS X 10_15_7) AppleWebKit/537.36 (KHTML, like Gecko) Chrome/145.0.0.0 Safari/537.36 (compatible; meta-externalagent/1.1 (+https://developers.facebook.com/docs/sharing/webmasters/crawler))" "-"
66.249.65.0 - - [12/Aug/2026:01:10:32 +0200] "GET /?shop/items/W91750179991/ HTTP/1.1" 200 61671 cronicareinodearagon.com "-" "Mozilla/5.0 (Linux; Android 6.0.1; Nexus 5X Build/MMB29P) AppleWebKit/537.36 (KHTML, like Gecko) Chrome/150.0.7871.186 Mobile Safari/537.36 (compatible; Googlebot/2.1; +http://www.google.com/bot.html)" "-"
74.7.227.0 - - [12/Aug/2026:01:10:33 +0200] "GET /?fileloc=//usr/bin/ssh&path=//usr/bin HTTP/1.1" 200 12223 cronicareinodearagon.com "http://cronicareinodearagon.com/?path=//usr/bin" "Mozilla/5.0 AppleWebKit/537.36 (KHTML, like Gecko; compatible; GPTBot/1.4; +https://openai.com/gptbot)" "-"
2a03:2880:f800:: - - [12/Aug/2026:01:10:35 +0200] "GET /?shop/items/Q86258209324/ HTTP/1.1" 200 61671 cronicareinodearagon.com "-" "Mozilla/5.0 (Windows NT 10.0; Win64; x64) AppleWebKit/537.36 (KHTML, like Gecko) Chrome/145.0.0.0 Safari/537.36 (compatible; meta-externalagent/1.1 (+https://developers.facebook.com/docs/sharing/webmasters/crawler))" "-"
2a03:2880:f800:: - - [12/Aug/2026:01:10:40 +0200] "GET /?shop/items/I49538158005/ HTTP/1.1" 200 61671 cronicareinodearagon.com "-" "Mozilla/5.0 (Macintosh; Intel Mac OS X 10_15_7) AppleWebKit/537.36 (KHTML, like Gecko) Chrome/145.0.0.0 Safari/537.36 (compatible; meta-externalagent/1.1 (+https://developers.facebook.com/docs/sharing/webmasters/crawler))" "-"
2a03:2880:f800:: - - [12/Aug/2026:01:10:44 +0200] "GET /?shop/items/A6307649165/ HTTP/1.1" 200 61671 cronicareinodearagon.com "-" "Mozilla/5.0 (Windows NT 10.0; Win64; x64) AppleWebKit/537.36 (KHTML, like Gecko) Chrome/145.0.0.0 Safari/537.36 Edg/145.0.0.0 (compatible; meta-externalagent/1.1 (+https://developers.facebook.com/docs/sharing/webmasters/crawler))" "-"
66.249.65.0 - - [12/Aug/2026:01:10:44 +0200] "GET /?shop/items/Q8625822591/ HTTP/1.1" 200 61671 cronicareinodearagon.com "-" "Mozilla/5.0 (Linux; Android 6.0.1; Nexus 5X Build/MMB29P) AppleWebKit/537.36 (KHTML, like Gecko) Chrome/150.0.7871.186 Mobile Safari/537.36 (compatible; Googlebot/2.1; +http://www.google.com/bot.html)" "-"
216.73.217.0 - - [12/Aug/2026:01:10:45 +0200] "GET /shop/mypage/mail-magazine?fileloc=%2F%2Flib%2FlibGraphicsMagick-Q16.so.3&path=%2F%2Flib HTTP/1.1" 200 12208 cronicareinodearagon.com "-" "Mozilla/5.0 AppleWebKit/537.36 (KHTML, like Gecko; compatible; ClaudeBot/1.0; +claudebot@anthropic.com)" "-"
216.73.217.0 - - [12/Aug/2026:01:10:50 +0200] "GET /shop/mypage/mail-magazine?fileloc=%2F%2Flib%2Fmc%2Fmc.csh&path=%2F%2Flib%2Fmc HTTP/1.1" 200 12268 cronicareinodearagon.com "-" "Mozilla/5.0 AppleWebKit/537.36 (KHTML, like Gecko; compatible; ClaudeBot/1.0; +claudebot@anthropic.com)" "-"
2a03:2880:f800:: - - [12/Aug/2026:01:10:51 +0200] "GET /?shop/items/Y2688244897/ HTTP/1.1" 200 61671 cronicareinodearagon.com "-" "Mozilla/5.0 (Windows NT 10.0; Win64; x64) AppleWebKit/537.36 (KHTML, like Gecko) Chrome/145.0.0.0 Safari/537.36 (compatible; meta-externalagent/1.1 (+https://developers.facebook.com/docs/sharing/webmasters/crawler))" "-"
2a03:2880:f800:: - - [12/Aug/2026:01:10:54 +0200] "GET /?shop/items/S40474211671/ HTTP/1.1" 200 61671 cronicareinodearagon.com "-" "Mozilla/5.0 (Windows NT 10.0; Win64; x64) AppleWebKit/537.36 (KHTML, like Gecko) Chrome/145.0.0.0 Safari/537.36 (compatible; meta-externalagent/1.1 (+https://developers.facebook.com/docs/sharing/webmasters/crawler))" "-"
216.73.217.0 - - [12/Aug/2026:01:10:55 +0200] "GET /shop/mypage/mail-magazine?fileloc=%2F%2Flib%2Flibc-client.so.2007e.0&path=%2F%2Flib HTTP/1.1" 200 12204 cronicareinodearagon.com "-" "Mozilla/5.0 AppleWebKit/537.36 (KHTML, like Gecko; compatible; ClaudeBot/1.0; +claudebot@anthropic.com)" "-"
216.73.217.0 - - [12/Aug/2026:01:11:00 +0200] "GET /shop/mypage/mail-magazine?fileloc=%2F%2Flib%2Fmc%2Fmc.sh&path=%2F%2Flib%2Fmc HTTP/1.1" 200 12381 cronicareinodearagon.com "-" "Mozilla/5.0 AppleWebKit/537.36 (KHTML, like Gecko; compatible; ClaudeBot/1.0; +claudebot@anthropic.com)" "-"
66.249.65.0 - - [12/Aug/2026:01:11:01 +0200] "GET /?shop/items/Y2688246372/ HTTP/1.1" 200 61671 cronicareinodearagon.com "-" "Mozilla/5.0 (Linux; Android 6.0.1; Nexus 5X Build/MMB29P) AppleWebKit/537.36 (KHTML, like Gecko) Chrome/150.0.7871.186 Mobile Safari/537.36 (compatible; Googlebot/2.1; +http://www.google.com/bot.html)" "-"
216.73.217.0 - - [12/Aug/2026:01:11:04 +0200] "GET /shop/mypage/mail-magazine?fileloc=%2F%2Flib%2Faspell%2Fiso-8859-7.cmap&path=%2F%2Flib%2Faspell HTTP/1.1" 200 56920 cronicareinodearagon.com "-" "Mozilla/5.0 AppleWebKit/537.36 (KHTML, like Gecko; compatible; ClaudeBot/1.0; +claudebot@anthropic.com)" "-"
66.249.65.0 - - [12/Aug/2026:01:11:06 +0200] "GET /?shop/items/W91750177940/ HTTP/1.1" 200 61671 cronicareinodearagon.com "-" "Mozilla/5.0 (Linux; Android 6.0.1; Nexus 5X Build/MMB29P) AppleWebKit/537.36 (KHTML, like Gecko) Chrome/150.0.7871.186 Mobile Safari/537.36 (compatible; GoogleOther)" "-"
216.73.217.0 - - [12/Aug/2026:01:11:08 +0200] "GET /shop/mypage/mail-magazine?fileloc=%2F%2Flib%2Faspell%2Fcp1252.cset&path=%2F%2Flib%2Faspell HTTP/1.1" 200 26576 cronicareinodearagon.com "-" "Mozilla/5.0 AppleWebKit/537.36 (KHTML, like Gecko; compatible; ClaudeBot/1.0; +claudebot@anthropic.com)" "-"
2a03:2880:f800:: - - [12/Aug/2026:01:11:09 +0200] "GET /?shop/items/S40474231270/ HTTP/1.1" 200 61671 cronicareinodearagon.com "-" "Mozilla/5.0 (Windows NT 10.0; Win64; x64) AppleWebKit/537.36 (KHTML, like Gecko) Chrome/145.0.0.0 Safari/537.36 (compatible; meta-externalagent/1.1 (+https://developers.facebook.com/docs/sharing/webmasters/crawler))" "-"
2a03:2880:f800:: - - [12/Aug/2026:01:11:12 +0200] "GET /?shop/items/G38512190148/ HTTP/1.1" 200 61671 cronicareinodearagon.com "-" "Mozilla/5.0 (Windows NT 10.0; Win64; x64) AppleWebKit/537.36 (KHTML, like Gecko) Chrome/145.0.0.0 Safari/537.36 (compatible; meta-externalagent/1.1 (+https://developers.facebook.com/docs/sharing/webmasters/crawler))" "-"
216.73.217.0 - - [12/Aug/2026:01:11:14 +0200] "GET /shop/mypage/mail-magazine?fileloc=%2F%2Flib%2Faspell%2Faustralian-variant_0.alias&path=%2F%2Flib%2Faspell HTTP/1.1" 200 12350 cronicareinodearagon.com "-" "Mozilla/5.0 AppleWebKit/537.36 (KHTML, like Gecko; compatible; ClaudeBot/1.0; +claudebot@anthropic.com)" "-"
2a03:2880:f800:: - - [12/Aug/2026:01:11:14 +0200] "GET /?shop/items/I80088155082/ HTTP/1.1" 200 61671 cronicareinodearagon.com "-" "Mozilla/5.0 (Windows NT 10.0; Win64; x64) AppleWebKit/537.36 (KHTML, like Gecko) Chrome/145.0.0.0 Safari/537.36 (compatible; meta-externalagent/1.1 (+https://developers.facebook.com/docs/sharing/webmasters/crawler))" "-"
2a03:2880:f800:: - - [12/Aug/2026:01:11:15 +0200] "GET /?shop/items/W91750151044/ HTTP/1.1" 200 61671 cronicareinodearagon.com "-" "Mozilla/5.0 (Macintosh; Intel Mac OS X 10_15_7) AppleWebKit/537.36 (KHTML, like Gecko) Chrome/145.0.0.0 Safari/537.36 (compatible; meta-externalagent/1.1 (+https://developers.facebook.com/docs/sharing/webmasters/crawler))" "-"
66.249.65.0 - - [12/Aug/2026:01:11:15 +0200] "GET /detail.php?shop/items/W56546275371/ HTTP/1.1" 200 202025 cronicareinodearagon.com "-" "Mozilla/5.0 (Linux; Android 6.0.1; Nexus 5X Build/MMB29P) AppleWebKit/537.36 (KHTML, like Gecko) Chrome/150.0.7871.186 Mobile Safari/537.36 (compatible; Googlebot/2.1; +http://www.google.com/bot.html)" "-"
66.249.65.0 - - [12/Aug/2026:01:11:17 +0200] "GET /?shop/items/S47104143812/ HTTP/1.1" 200 61671 cronicareinodearagon.com "-" "Mozilla/5.0 (Linux; Android 6.0.1; Nexus 5X Build/MMB29P) AppleWebKit/537.36 (KHTML, like Gecko) Chrome/150.0.7871.186 Mobile Safari/537.36 (compatible; Googlebot/2.1; +http://www.google.com/bot.html)" "-"
216.73.217.0 - - [12/Aug/2026:01:11:18 +0200] "GET /shop/mypage/mail-magazine?fileloc=%2F%2Flib%2Faspell%2Fiso-8859-16.cmap&path=%2F%2Flib%2Faspell HTTP/1.1" 200 48587 cronicareinodearagon.com "-" "Mozilla/5.0 AppleWebKit/537.36 (KHTML, like Gecko; compatible; ClaudeBot/1.0; +claudebot@anthropic.com)" "-"
2a03:2880:f800:: - - [12/Aug/2026:01:11:20 +0200] "GET /?shop/items/G3851276128/ HTTP/1.1" 200 61671 cronicareinodearagon.com "-" "Mozilla/5.0 (Windows NT 10.0; Win64; x64) AppleWebKit/537.36 (KHTML, like Gecko) Chrome/145.0.0.0 Safari/537.36 Edg/145.0.0.0 (compatible; meta-externalagent/1.1 (+https://developers.facebook.com/docs/sharing/webmasters/crawler))" "-"
66.249.65.0 - - [12/Aug/2026:01:11:24 +0200] "GET /products.php?sitemap856.xml HTTP/1.1" 200 590101 cronicareinodearagon.com "-" "Mozilla/5.0 (compatible; Googlebot/2.1; +http://www.google.com/bot.html)" "-"
66.249.65.0 - - [12/Aug/2026:01:11:27 +0200] "GET /?shop/items/Y26882211747/ HTTP/1.1" 200 61671 cronicareinodearagon.com "-" "Mozilla/5.0 (Linux; Android 6.0.1; Nexus 5X Build/MMB29P) AppleWebKit/537.36 (KHTML, like Gecko) Chrome/150.0.7871.186 Mobile Safari/537.36 (compatible; Googlebot/2.1; +http://www.google.com/bot.html)" "-"
216.73.217.0 - - [12/Aug/2026:01:11:29 +0200] "GET /shop/mypage/mail-magazine?fileloc=%2F%2Flib%2Faspell%2Fbritish.alias&path=%2F%2Flib%2Faspell HTTP/1.1" 200 12327 cronicareinodearagon.com "-" "Mozilla/5.0 AppleWebKit/537.36 (KHTML, like Gecko; compatible; ClaudeBot/1.0; +claudebot@anthropic.com)" "-"
2a03:2880:f800:: - - [12/Aug/2026:01:11:31 +0200] "GET /?shop/items/W91750283353/ HTTP/1.1" 200 61671 cronicareinodearagon.com "-" "Mozilla/5.0 (Windows NT 10.0; Win64; x64) AppleWebKit/537.36 (KHTML, like Gecko) Chrome/145.0.0.0 Safari/537.36 (compatible; meta-externalagent/1.1 (+https://developers.facebook.com/docs/sharing/webmasters/crawler))" "-"
216.73.217.0 - - [12/Aug/2026:01:11:34 +0200] "GET /shop/mypage/mail-magazine?fileloc=%2F%2Flib%2Faspell%2Fen-variant_2.multi&path=%2F%2Flib%2Faspell HTTP/1.1" 200 12337 cronicareinodearagon.com "-" "Mozilla/5.0 AppleWebKit/537.36 (KHTML, like Gecko; compatible; ClaudeBot/1.0; +claudebot@anthropic.com)" "-"
74.7.227.0 - - [12/Aug/2026:01:11:34 +0200] "GET /?fileloc=//usr/bin/rcs&path=//usr/bin HTTP/1.1" 200 12223 cronicareinodearagon.com "http://cronicareinodearagon.com/?path=//usr/bin" "Mozilla/5.0 AppleWebKit/537.36 (KHTML, like Gecko; compatible; GPTBot/1.4; +https://openai.com/gptbot)" "-"
216.73.217.0 - - [12/Aug/2026:01:11:39 +0200] "GET /shop/mypage/mail-magazine?fileloc=%2F%2Flib%2Faspell%2Fen.multi&path=%2F%2Flib%2Faspell HTTP/1.1" 200 12330 cronicareinodearagon.com "-" "Mozilla/5.0 AppleWebKit/537.36 (KHTML, like Gecko; compatible; ClaudeBot/1.0; +claudebot@anthropic.com)" "-"
66.249.65.0 - - [12/Aug/2026:01:11:40 +0200] "GET /?shop/items/P52561232204/ HTTP/1.1" 200 61671 cronicareinodearagon.com "-" "Mozilla/5.0 (Linux; Android 6.0.1; Nexus 5X Build/MMB29P) AppleWebKit/537.36 (KHTML, like Gecko) Chrome/150.0.7871.186 Mobile Safari/537.36 (compatible; Googlebot/2.1; +http://www.google.com/bot.html)" "-"
43.166.244.0 - - [12/Aug/2026:01:11:41 +0200] "GET / HTTP/1.1" 200 336 www.grupocronicaenlibertad.com "-" "Mozilla/5.0 (iPhone; CPU iPhone OS 13_2_3 like Mac OS X) AppleWebKit/605.1.15 (KHTML, like Gecko) Version/13.0.3 Mobile/15E148 Safari/604.1" "-"
2a03:2880:f800:: - - [12/Aug/2026:01:11:43 +0200] "GET /?shop/items/S40474163405/ HTTP/1.1" 200 61671 cronicareinodearagon.com "-" "Mozilla/5.0 (Windows NT 10.0; Win64; x64) AppleWebKit/537.36 (KHTML, like Gecko) Chrome/145.0.0.0 Safari/537.36 Edg/145.0.0.0 (compatible; meta-externalagent/1.1 (+https://developers.facebook.com/docs/sharing/webmasters/crawler))" "-"
216.73.217.0 - - [12/Aug/2026:01:11:44 +0200] "GET /shop/mypage/mail-magazine?fileloc=%2F%2Flib%2Fudev%2Fhwclock-set&path=%2F%2Flib%2Fudev HTTP/1.1" 200 12486 cronicareinodearagon.com "-" "Mozilla/5.0 AppleWebKit/537.36 (KHTML, like Gecko; compatible; ClaudeBot/1.0; +claudebot@anthropic.com)" "-"
114.119.141.0 - - [12/Aug/2026:01:11:45 +0200] "GET /politica/el-psoe-rechaza-la-ley-de-vivienda-del-gobierno-de-azcon-por-priorizar-los-intereses-privados-sobre-el-acceso-a-la-vivienda-para-los-aragoneses HTTP/1.1" 200 61743 cronicareinodearagon.com "https://cronicareinodearagon.com/politica/el-psoe-rechaza-la-ley-de-vivienda-del-gobierno-de-azcon-por-priorizar-los-intereses-privados-sobre-el-acceso-a-la-vivienda-para-los-aragoneses" "Mozilla/5.0 (Linux; Android 7.0;) AppleWebKit/537.36 (HTML, like Gecko) Mobile Safari/537.36 (compatible; PetalBot;+https://webmaster.petalsearch.com/site/petalbot)" "-"
66.249.65.0 - - [12/Aug/2026:01:11:45 +0200] "GET /?shop/items/S40474111141/ HTTP/1.1" 200 61671 cronicareinodearagon.com "-" "Mozilla/5.0 (Linux; Android 6.0.1; Nexus 5X Build/MMB29P) AppleWebKit/537.36 (KHTML, like Gecko) Chrome/150.0.7871.186 Mobile Safari/537.36 (compatible; Googlebot/2.1; +http://www.google.com/bot.html)" "-"
216.73.217.0 - - [12/Aug/2026:01:11:49 +0200] "GET /shop/mypage/mail-magazine?fileloc=%2F%2Flib%2Fos-release&path=%2F%2Flib HTTP/1.1" 200 12529 cronicareinodearagon.com "-" "Mozilla/5.0 AppleWebKit/537.36 (KHTML, like Gecko; compatible; ClaudeBot/1.0; +claudebot@anthropic.com)" "-"
216.73.217.0 - - [12/Aug/2026:01:11:54 +0200] "GET /shop/mypage/mail-magazine?path=%2Fhomepages%2F20%2Fd917057205%2Fhtdocs%2Fclickandbuilds%2FCronicaReinodeAragon%2Fwp-includes%2Fsodium_compat%2Flib HTTP/1.1" 200 31217 cronicareinodearagon.com "-" "Mozilla/5.0 AppleWebKit/537.36 (KHTML, like Gecko; compatible; ClaudeBot/1.0; +claudebot@anthropic.com)" "-"
66.249.65.0 - - [12/Aug/2026:01:11:55 +0200] "GET /?shop/items/I8008896973/ HTTP/1.1" 200 61671 cronicareinodearagon.com "-" "Mozilla/5.0 (Linux; Android 6.0.1; Nexus 5X Build/MMB29P) AppleWebKit/537.36 (KHTML, like Gecko) Chrome/150.0.7871.186 Mobile Safari/537.36 (compatible; Googlebot/2.1; +http://www.google.com/bot.html)" "-"
2a03:2880:f800:: - - [12/Aug/2026:01:11:56 +0200] "GET /?shop/items/Y26882202587/ HTTP/1.1" 200 61671 cronicareinodearagon.com "-" "Mozilla/5.0 (Windows NT 10.0; Win64; x64) AppleWebKit/537.36 (KHTML, like Gecko) Chrome/145.0.0.0 Safari/537.36 (compatible; meta-externalagent/1.1 (+https://developers.facebook.com/docs/sharing/webmasters/crawler))" "-"
66.249.65.0 - - [12/Aug/2026:01:11:57 +0200] "GET /?shop/items/P52561101545/ HTTP/1.1" 200 61671 cronicareinodearagon.com "-" "Mozilla/5.0 (Linux; Android 6.0.1; Nexus 5X Build/MMB29P) AppleWebKit/537.36 (KHTML, like Gecko) Chrome/150.0.7871.186 Mobile Safari/537.36 (compatible; Googlebot/2.1; +http://www.google.com/bot.html)" "-"
216.73.217.0 - - [12/Aug/2026:01:11:59 +0200] "GET /shop/mypage/mail-magazine?fileloc=%2F%2Flib%2Flibc-client.so.2007e&path=%2F%2Flib HTTP/1.1" 429 267 cronicareinodearagon.com "-" "Mozilla/5.0 AppleWebKit/537.36 (KHTML, like Gecko; compatible; ClaudeBot/1.0; +claudebot@anthropic.com)" "-"
66.249.65.0 - - [12/Aug/2026:01:12:02 +0200] "GET /?shop/items/S47104212725/ HTTP/1.1" 200 61671 cronicareinodearagon.com "-" "Mozilla/5.0 (Linux; Android 6.0.1; Nexus 5X Build/MMB29P) AppleWebKit/537.36 (KHTML, like Gecko) Chrome/150.0.7871.186 Mobile Safari/537.36 (compatible; Googlebot/2.1; +http://www.google.com/bot.html)" "-"
2a03:2880:f800:: - - [12/Aug/2026:01:12:03 +0200] "GET /?shop/items/S47104112252/ HTTP/1.1" 200 61671 cronicareinodearagon.com "-" "Mozilla/5.0 (Windows NT 10.0; Win64; x64) AppleWebKit/537.36 (KHTML, like Gecko) Chrome/145.0.0.0 Safari/537.36 (compatible; meta-externalagent/1.1 (+https://developers.facebook.com/docs/sharing/webmasters/crawler))" "-"
216.73.217.0 - - [12/Aug/2026:01:12:04 +0200] "GET /shop/mypage/mail-magazine?fileloc=%2F%2Flib%2Fapt%2Fapt.systemd.daily&path=%2F%2Flib%2Fapt HTTP/1.1" 429 267 cronicareinodearagon.com "-" "Mozilla/5.0 AppleWebKit/537.36 (KHTML, like Gecko; compatible; ClaudeBot/1.0; +claudebot@anthropic.com)" "-"
66.249.65.0 - - [12/Aug/2026:01:12:04 +0200] "GET /?shop/items/Q86258220266/ HTTP/1.1" 200 61671 cronicareinodearagon.com "-" "Mozilla/5.0 (Linux; Android 6.0.1; Nexus 5X Build/MMB29P) AppleWebKit/537.36 (KHTML, like Gecko) Chrome/150.0.7871.186 Mobile Safari/537.36 (compatible; GoogleOther)" "-"
2a03:2880:f800:: - - [12/Aug/2026:01:12:05 +0200] "GET /?shop/items/G3851258980/ HTTP/1.1" 200 61671 cronicareinodearagon.com "-" "Mozilla/5.0 (Windows NT 10.0; Win64; x64) AppleWebKit/537.36 (KHTML, like Gecko) Chrome/144.0.0.0 Safari/537.36 Edg/144.0.0.0 (compatible; meta-externalagent/1.1 (+https://developers.facebook.com/docs/sharing/webmasters/crawler))" "-"
216.73.217.0 - - [12/Aug/2026:01:12:09 +0200] "GET /shop/mypage/mail-magazine?fileloc=%2F%2Flib%2Fcompat-ld%2Fld&path=%2F%2Flib%2Fcompat-ld HTTP/1.1" 429 267 cronicareinodearagon.com "-" "Mozilla/5.0 AppleWebKit/537.36 (KHTML, like Gecko; compatible; ClaudeBot/1.0; +claudebot@anthropic.com)" "-"
66.249.65.0 - - [12/Aug/2026:01:12:12 +0200] "GET /?shop/items/Y2688272678/ HTTP/1.1" 200 61671 cronicareinodearagon.com "-" "Mozilla/5.0 (Linux; Android 6.0.1; Nexus 5X Build/MMB29P) AppleWebKit/537.36 (KHTML, like Gecko) Chrome/150.0.7871.186 Mobile Safari/537.36 (compatible; Googlebot/2.1; +http://www.google.com/bot.html)" "-"
216.73.217.0 - - [12/Aug/2026:01:12:14 +0200] "GET /shop/mypage/mail-magazine?fileloc=%2F%2Flib%2Fispell%2FREADME.select-ispell&path=%2F%2Flib%2Fispell HTTP/1.1" 429 267 cronicareinodearagon.com "-" "Mozilla/5.0 AppleWebKit/537.36 (KHTML, like Gecko; compatible; ClaudeBot/1.0; +claudebot@anthropic.com)" "-"
2a03:2880:f800:: - - [12/Aug/2026:01:12:16 +0200] "GET /?shop/items/W9175015594/ HTTP/1.1" 200 61671 cronicareinodearagon.com "-" "Mozilla/5.0 (Windows NT 10.0; Win64; x64) AppleWebKit/537.36 (KHTML, like Gecko) Chrome/145.0.0.0 Safari/537.36 Edg/145.0.0.0 (compatible; meta-externalagent/1.1 (+https://developers.facebook.com/docs/sharing/webmasters/crawler))" "-"
2a03:2880:f800:: - - [12/Aug/2026:01:12:16 +0200] "GET /?shop/items/P5256192850/ HTTP/1.1" 200 61671 cronicareinodearagon.com "-" "Mozilla/5.0 (Windows NT 10.0; Win64; x64) AppleWebKit/537.36 (KHTML, like Gecko) Chrome/145.0.0.0 Safari/537.36 (compatible; meta-externalagent/1.1 (+https://developers.facebook.com/docs/sharing/webmasters/crawler))" "-"
216.73.217.0 - - [12/Aug/2026:01:12:19 +0200] "GET /shop/mypage/mail-magazine?fileloc=%2F%2Flib%2Faspell%2Fbritish-ize.alias&path=%2F%2Flib%2Faspell HTTP/1.1" 429 267 cronicareinodearagon.com "-" "Mozilla/5.0 AppleWebKit/537.36 (KHTML, like Gecko; compatible; ClaudeBot/1.0; +claudebot@anthropic.com)" "-"
66.249.65.0 - - [12/Aug/2026:01:12:19 +0200] "GET /?shop/items/I49538240032/ HTTP/1.1" 200 61671 cronicareinodearagon.com "-" "Mozilla/5.0 (Linux; Android 6.0.1; Nexus 5X Build/MMB29P) AppleWebKit/537.36 (KHTML, like Gecko) Chrome/150.0.7871.186 Mobile Safari/537.36 (compatible; Googlebot/2.1; +http://www.google.com/bot.html)" "-"
2a03:2880:f800:: - - [12/Aug/2026:01:12:20 +0200] "GET /?shop/items/I8008843915/ HTTP/1.1" 200 61671 cronicareinodearagon.com "-" "Mozilla/5.0 (Windows NT 10.0; Win64; x64) AppleWebKit/537.36 (KHTML, like Gecko) Chrome/145.0.0.0 Safari/537.36 (compatible; meta-externalagent/1.1 (+https://developers.facebook.com/docs/sharing/webmasters/crawler))" "-"
66.249.65.0 - - [12/Aug/2026:01:12:21 +0200] "GET /?shop/items/W91750164155/ HTTP/1.1" 200 61671 cronicareinodearagon.com "-" "Mozilla/5.0 (Linux; Android 6.0.1; Nexus 5X Build/MMB29P) AppleWebKit/537.36 (KHTML, like Gecko) Chrome/150.0.7871.186 Mobile Safari/537.36 (compatible; Googlebot/2.1; +http://www.google.com/bot.html)" "-"
216.73.217.0 - - [12/Aug/2026:01:12:24 +0200] "GET /shop/mypage/mail-magazine?fileloc=%2F%2Fkunden%2Fetc%2Fsystemd%2Fsystem%2Fmulti-user.target.wants%2Fcron.service&path=%2F%2Fkunden%2Fetc%2Fsystemd%2Fsystem%2Fmulti-user.target.wants HTTP/1.1" 429 267 cronicareinodearagon.com "-" "Mozilla/5.0 AppleWebKit/537.36 (KHTML, like Gecko; compatible; ClaudeBot/1.0; +claudebot@anthropic.com)" "-"
2a03:2880:f800:: - - [12/Aug/2026:01:12:25 +0200] "GET /?shop/items/I80088282171/ HTTP/1.1" 200 61671 cronicareinodearagon.com "-" "Mozilla/5.0 (X11; Linux x86_64) AppleWebKit/537.36 (KHTML, like Gecko) Chrome/145.0.0.0 Safari/537.36 (compatible; meta-externalagent/1.1 (+https://developers.facebook.com/docs/sharing/webmasters/crawler))" "-"
216.73.217.0 - - [12/Aug/2026:01:12:29 +0200] "GET /shop/mypage/mail-magazine?fileloc=%2F%2Flib%2Fopenssh%2Fssh-pkcs11-helper&path=%2F%2Flib%2Fopenssh HTTP/1.1" 429 267 cronicareinodearagon.com "-" "Mozilla/5.0 AppleWebKit/537.36 (KHTML, like Gecko; compatible; ClaudeBot/1.0; +claudebot@anthropic.com)" "-"
66.249.65.0 - - [12/Aug/2026:01:12:29 +0200] "GET /?shop/items/S40474218000/ HTTP/1.1" 200 61671 cronicareinodearagon.com "-" "Mozilla/5.0 (Linux; Android 6.0.1; Nexus 5X Build/MMB29P) AppleWebKit/537.36 (KHTML, like Gecko) Chrome/150.0.7871.186 Mobile Safari/537.36 (compatible; Googlebot/2.1; +http://www.google.com/bot.html)" "-"
