5.39.1.0 - - [12/Aug/2026:01:56:52 +0200] "GET /?sitemap486.xml HTTP/1.1" 200 61671 cronicareinodearagon.com "-" "Mozilla/5.0 (compatible; AhrefsBot/7.0; +http://ahrefs.com/robot/)" "-"
46.4.220.0 - - [12/Aug/2026:01:56:54 +0200] "GET /?shop/items/G385129465/ HTTP/1.1" 200 61671 cronicareinodearagon.com "-" "Mozilla/5.0 (compatible; SERankingBacklinksBot/1.0; +https://seranking.com/backlinks-crawler)" "-"
74.7.227.0 - - [12/Aug/2026:01:56:57 +0200] "GET /?fileloc=//usr/bin/ftp&path=//usr/bin HTTP/1.1" 200 12223 cronicareinodearagon.com "http://cronicareinodearagon.com/?path=//usr/bin" "Mozilla/5.0 AppleWebKit/537.36 (KHTML, like Gecko; compatible; GPTBot/1.4; +https://openai.com/gptbot)" "-"
2a03:2880:f800:: - - [12/Aug/2026:01:56:59 +0200] "GET /?shop/items/G38512162069/ HTTP/1.1" 429 267 cronicareinodearagon.com "-" "Mozilla/5.0 (Windows NT 10.0; Win64; x64) AppleWebKit/537.36 (KHTML, like Gecko) Chrome/145.0.0.0 Safari/537.36 (compatible; meta-externalagent/1.1 (+https://developers.facebook.com/docs/sharing/webmasters/crawler))" "-"
46.4.220.0 - - [12/Aug/2026:01:56:59 +0200] "GET /?shop/items/I495385052/ HTTP/1.1" 200 61671 cronicareinodearagon.com "-" "Mozilla/5.0 (compatible; SERankingBacklinksBot/1.0; +https://seranking.com/backlinks-crawler)" "-"
46.4.220.0 - - [12/Aug/2026:01:57:02 +0200] "GET /?shop/items/G385129466/ HTTP/1.1" 200 61671 cronicareinodearagon.com "-" "Mozilla/5.0 (compatible; SERankingBacklinksBot/1.0; +https://seranking.com/backlinks-crawler)" "-"
2a03:2880:f800:: - - [12/Aug/2026:01:57:04 +0200] "GET /uncategorized/alykkaasti-pelaamisen-tulevaisuus-teknologia-ja-sitoutuminen-suomessa/ HTTP/1.1" 429 267 cronicareinodearagon.com "-" "Mozilla/5.0 (Macintosh; Intel Mac OS X 10_15_7) AppleWebKit/537.36 (KHTML, like Gecko) Chrome/145.0.0.0 Safari/537.36 (compatible; meta-externalagent/1.1 (+https://developers.facebook.com/docs/sharing/webmasters/crawler))" "-"
46.4.220.0 - - [12/Aug/2026:01:57:06 +0200] "GET /?shop/items/I495385053/ HTTP/1.1" 200 61671 cronicareinodearagon.com "-" "Mozilla/5.0 (compatible; SERankingBacklinksBot/1.0; +https://seranking.com/backlinks-crawler)" "-"
2a03:2880:f800:: - - [12/Aug/2026:01:57:07 +0200] "GET /?shop/items/A63076219904/ HTTP/1.1" 429 267 cronicareinodearagon.com "-" "Mozilla/5.0 (Macintosh; Intel Mac OS X 10_15_7) AppleWebKit/537.36 (KHTML, like Gecko) Chrome/145.0.0.0 Safari/537.36 (compatible; meta-externalagent/1.1 (+https://developers.facebook.com/docs/sharing/webmasters/crawler))" "-"
46.4.220.0 - - [12/Aug/2026:01:57:09 +0200] "GET /?shop/items/G385129468/ HTTP/1.1" 200 61671 cronicareinodearagon.com "-" "Mozilla/5.0 (compatible; SERankingBacklinksBot/1.0; +https://seranking.com/backlinks-crawler)" "-"
46.4.220.0 - - [12/Aug/2026:01:57:12 +0200] "GET /?shop/items/I495385055/ HTTP/1.1" 200 61671 cronicareinodearagon.com "-" "Mozilla/5.0 (compatible; SERankingBacklinksBot/1.0; +https://seranking.com/backlinks-crawler)" "-"
46.4.220.0 - - [12/Aug/2026:01:57:16 +0200] "GET /?shop/items/G385129469/ HTTP/1.1" 200 61671 cronicareinodearagon.com "-" "Mozilla/5.0 (compatible; SERankingBacklinksBot/1.0; +https://seranking.com/backlinks-crawler)" "-"
2a03:2880:f800:: - - [12/Aug/2026:01:57:17 +0200] "GET /?shop/items/I8008861725/ HTTP/1.1" 429 267 cronicareinodearagon.com "-" "Mozilla/5.0 (Windows NT 10.0; Win64; x64) AppleWebKit/537.36 (KHTML, like Gecko) Chrome/145.0.0.0 Safari/537.36 (compatible; meta-externalagent/1.1 (+https://developers.facebook.com/docs/sharing/webmasters/crawler))" "-"
46.4.220.0 - - [12/Aug/2026:01:57:19 +0200] "GET /?shop/items/I495385056/ HTTP/1.1" 200 61671 cronicareinodearagon.com "-" "Mozilla/5.0 (compatible; SERankingBacklinksBot/1.0; +https://seranking.com/backlinks-crawler)" "-"
46.4.220.0 - - [12/Aug/2026:01:57:22 +0200] "GET /?shop/items/G385129470/ HTTP/1.1" 200 61671 cronicareinodearagon.com "-" "Mozilla/5.0 (compatible; SERankingBacklinksBot/1.0; +https://seranking.com/backlinks-crawler)" "-"
74.7.227.0 - - [12/Aug/2026:01:57:23 +0200] "GET /?fileloc=//usr/bin/ptx&path=//usr/bin HTTP/1.1" 200 12223 cronicareinodearagon.com "http://cronicareinodearagon.com/?path=//usr/bin" "Mozilla/5.0 AppleWebKit/537.36 (KHTML, like Gecko; compatible; GPTBot/1.4; +https://openai.com/gptbot)" "-"
46.4.220.0 - - [12/Aug/2026:01:57:26 +0200] "GET /?shop/items/I495385058/ HTTP/1.1" 200 61671 cronicareinodearagon.com "-" "Mozilla/5.0 (compatible; SERankingBacklinksBot/1.0; +https://seranking.com/backlinks-crawler)" "-"
2a03:2880:f800:: - - [12/Aug/2026:01:57:28 +0200] "GET /?shop/items/G3851216928/ HTTP/1.1" 429 267 cronicareinodearagon.com "-" "Mozilla/5.0 (Windows NT 10.0; Win64; x64) AppleWebKit/537.36 (KHTML, like Gecko) Chrome/145.0.0.0 Safari/537.36 (compatible; meta-externalagent/1.1 (+https://developers.facebook.com/docs/sharing/webmasters/crawler))" "-"
46.4.220.0 - - [12/Aug/2026:01:57:29 +0200] "GET /?shop/items/G385129471/ HTTP/1.1" 200 61671 cronicareinodearagon.com "-" "Mozilla/5.0 (compatible; SERankingBacklinksBot/1.0; +https://seranking.com/backlinks-crawler)" "-"
46.4.220.0 - - [12/Aug/2026:01:57:32 +0200] "GET /?shop/items/I495385060/ HTTP/1.1" 200 61671 cronicareinodearagon.com "-" "Mozilla/5.0 (compatible; SERankingBacklinksBot/1.0; +https://seranking.com/backlinks-crawler)" "-"
46.4.220.0 - - [12/Aug/2026:01:57:36 +0200] "GET /?shop/items/G385129472/ HTTP/1.1" 200 61671 cronicareinodearagon.com "-" "Mozilla/5.0 (compatible; SERankingBacklinksBot/1.0; +https://seranking.com/backlinks-crawler)" "-"
46.4.220.0 - - [12/Aug/2026:01:57:39 +0200] "GET /?shop/items/I495385062/ HTTP/1.1" 200 61671 cronicareinodearagon.com "-" "Mozilla/5.0 (compatible; SERankingBacklinksBot/1.0; +https://seranking.com/backlinks-crawler)" "-"
2a03:2880:f800:: - - [12/Aug/2026:01:57:41 +0200] "GET /?shop/items/G38512162058/ HTTP/1.1" 200 61671 cronicareinodearagon.com "-" "Mozilla/5.0 (Windows NT 10.0; Win64; x64) AppleWebKit/537.36 (KHTML, like Gecko) Chrome/145.0.0.0 Safari/537.36 (compatible; meta-externalagent/1.1 (+https://developers.facebook.com/docs/sharing/webmasters/crawler))" "-"
2a03:2880:f800:: - - [12/Aug/2026:01:57:43 +0200] "GET /?shop/items/W91750277811/ HTTP/1.1" 200 61671 cronicareinodearagon.com "-" "Mozilla/5.0 (Windows NT 10.0; Win64; x64) AppleWebKit/537.36 (KHTML, like Gecko) Chrome/145.0.0.0 Safari/537.36 (compatible; meta-externalagent/1.1 (+https://developers.facebook.com/docs/sharing/webmasters/crawler))" "-"
46.4.220.0 - - [12/Aug/2026:01:57:44 +0200] "GET /?shop/items/G385129474/ HTTP/1.1" 200 61671 cronicareinodearagon.com "-" "Mozilla/5.0 (compatible; SERankingBacklinksBot/1.0; +https://seranking.com/backlinks-crawler)" "-"
46.4.220.0 - - [12/Aug/2026:01:57:47 +0200] "GET /?shop/items/I495385063/ HTTP/1.1" 200 61671 cronicareinodearagon.com "-" "Mozilla/5.0 (compatible; SERankingBacklinksBot/1.0; +https://seranking.com/backlinks-crawler)" "-"
74.7.227.0 - - [12/Aug/2026:01:57:49 +0200] "GET /?fileloc=//usr/bin/tee&path=//usr/bin HTTP/1.1" 200 12223 cronicareinodearagon.com "http://cronicareinodearagon.com/?path=//usr/bin" "Mozilla/5.0 AppleWebKit/537.36 (KHTML, like Gecko; compatible; GPTBot/1.4; +https://openai.com/gptbot)" "-"
46.4.220.0 - - [12/Aug/2026:01:57:51 +0200] "GET /?shop/items/G385129476/ HTTP/1.1" 200 61671 cronicareinodearagon.com "-" "Mozilla/5.0 (compatible; SERankingBacklinksBot/1.0; +https://seranking.com/backlinks-crawler)" "-"
2a03:2880:f800:: - - [12/Aug/2026:01:57:53 +0200] "GET /?shop/items/P52561255716/ HTTP/1.1" 200 61671 cronicareinodearagon.com "-" "Mozilla/5.0 (Windows NT 10.0; Win64; x64) AppleWebKit/537.36 (KHTML, like Gecko) Chrome/145.0.0.0 Safari/537.36 Edg/145.0.0.0 (compatible; meta-externalagent/1.1 (+https://developers.facebook.com/docs/sharing/webmasters/crawler))" "-"
46.4.220.0 - - [12/Aug/2026:01:57:54 +0200] "GET /?shop/items/Q862584951/ HTTP/1.1" 200 61671 cronicareinodearagon.com "-" "Mozilla/5.0 (compatible; SERankingBacklinksBot/1.0; +https://seranking.com/backlinks-crawler)" "-"
2a03:2880:f800:: - - [12/Aug/2026:01:57:56 +0200] "GET /?shop/items/Y2688298856/ HTTP/1.1" 200 61671 cronicareinodearagon.com "-" "Mozilla/5.0 (Macintosh; Intel Mac OS X 10_15_7) AppleWebKit/537.36 (KHTML, like Gecko) Chrome/145.0.0.0 Safari/537.36 (compatible; meta-externalagent/1.1 (+https://developers.facebook.com/docs/sharing/webmasters/crawler))" "-"
46.4.220.0 - - [12/Aug/2026:01:57:57 +0200] "GET /?shop/items/I495385064/ HTTP/1.1" 200 61671 cronicareinodearagon.com "-" "Mozilla/5.0 (compatible; SERankingBacklinksBot/1.0; +https://seranking.com/backlinks-crawler)" "-"
66.249.65.0 - - [12/Aug/2026:01:57:57 +0200] "GET /?shop/items/Q8625874467/ HTTP/1.1" 200 61671 cronicareinodearagon.com "-" "Mozilla/5.0 (Linux; Android 6.0.1; Nexus 5X Build/MMB29P) AppleWebKit/537.36 (KHTML, like Gecko) Chrome/150.0.7871.186 Mobile Safari/537.36 (compatible; GoogleOther)" "-"
46.4.220.0 - - [12/Aug/2026:01:58:01 +0200] "GET /?shop/items/G385129477/ HTTP/1.1" 200 61671 cronicareinodearagon.com "-" "Mozilla/5.0 (compatible; SERankingBacklinksBot/1.0; +https://seranking.com/backlinks-crawler)" "-"
46.4.220.0 - - [12/Aug/2026:01:58:04 +0200] "GET /?shop/items/I495385065/ HTTP/1.1" 200 61671 cronicareinodearagon.com "-" "Mozilla/5.0 (compatible; SERankingBacklinksBot/1.0; +https://seranking.com/backlinks-crawler)" "-"
2a03:2880:f800:: - - [12/Aug/2026:01:58:06 +0200] "GET /?shop/items/P5256147689/ HTTP/1.1" 200 61671 cronicareinodearagon.com "-" "Mozilla/5.0 (Windows NT 10.0; Win64; x64) AppleWebKit/537.36 (KHTML, like Gecko) Chrome/145.0.0.0 Safari/537.36 (compatible; meta-externalagent/1.1 (+https://developers.facebook.com/docs/sharing/webmasters/crawler))" "-"
114.119.133.0 - - [12/Aug/2026:01:58:06 +0200] "GET /politica/decalogo-politicas-sociales-duraderas HTTP/1.1" 200 61743 cronicareinodearagon.com "https://cronicareinodearagon.com/politica/decalogo-politicas-sociales-duraderas" "Mozilla/5.0 (Linux; Android 7.0;) AppleWebKit/537.36 (HTML, like Gecko) Mobile Safari/537.36 (compatible; PetalBot;+https://webmaster.petalsearch.com/site/petalbot)" "-"
46.4.220.0 - - [12/Aug/2026:01:58:07 +0200] "GET /?shop/items/G385129478/ HTTP/1.1" 200 61671 cronicareinodearagon.com "-" "Mozilla/5.0 (compatible; SERankingBacklinksBot/1.0; +https://seranking.com/backlinks-crawler)" "-"
2a03:2880:f800:: - - [12/Aug/2026:01:58:10 +0200] "GET /?shop/items/Y26882252824/ HTTP/1.1" 200 61671 cronicareinodearagon.com "-" "Mozilla/5.0 (Macintosh; Intel Mac OS X 10_15_7) AppleWebKit/537.36 (KHTML, like Gecko) Chrome/145.0.0.0 Safari/537.36 (compatible; meta-externalagent/1.1 (+https://developers.facebook.com/docs/sharing/webmasters/crawler))" "-"
74.7.227.0 - - [12/Aug/2026:01:58:11 +0200] "GET /?fileloc=//usr/bin/cat&path=//usr/bin HTTP/1.1" 200 12223 cronicareinodearagon.com "http://cronicareinodearagon.com/?path=//usr/bin" "Mozilla/5.0 AppleWebKit/537.36 (KHTML, like Gecko; compatible; GPTBot/1.4; +https://openai.com/gptbot)" "-"
46.4.220.0 - - [12/Aug/2026:01:58:11 +0200] "GET /?shop/items/I495385066/ HTTP/1.1" 200 61671 cronicareinodearagon.com "-" "Mozilla/5.0 (compatible; SERankingBacklinksBot/1.0; +https://seranking.com/backlinks-crawler)" "-"
66.249.65.0 - - [12/Aug/2026:01:58:12 +0200] "GET /detail.php?shop/items/159708/ HTTP/1.1" 200 204269 cronicareinodearagon.com "-" "Mozilla/5.0 (Linux; Android 6.0.1; Nexus 5X Build/MMB29P) AppleWebKit/537.36 (KHTML, like Gecko) Chrome/150.0.7871.186 Mobile Safari/537.36 (compatible; Googlebot/2.1; +http://www.google.com/bot.html)" "-"
46.4.220.0 - - [12/Aug/2026:01:58:15 +0200] "GET /?shop/items/G385129480/ HTTP/1.1" 200 61671 cronicareinodearagon.com "-" "Mozilla/5.0 (compatible; SERankingBacklinksBot/1.0; +https://seranking.com/backlinks-crawler)" "-"
2a03:2880:f800:: - - [12/Aug/2026:01:58:15 +0200] "GET /?shop/items/I80088225449/ HTTP/1.1" 200 61671 cronicareinodearagon.com "-" "Mozilla/5.0 (Macintosh; Intel Mac OS X 10_15_7) AppleWebKit/537.36 (KHTML, like Gecko) Chrome/145.0.0.0 Safari/537.36 (compatible; meta-externalagent/1.1 (+https://developers.facebook.com/docs/sharing/webmasters/crawler))" "-"
46.4.220.0 - - [12/Aug/2026:01:58:18 +0200] "GET /?shop/items/I495385067/ HTTP/1.1" 200 61671 cronicareinodearagon.com "-" "Mozilla/5.0 (compatible; SERankingBacklinksBot/1.0; +https://seranking.com/backlinks-crawler)" "-"
46.4.220.0 - - [12/Aug/2026:01:58:21 +0200] "GET /?shop/items/G385129481/ HTTP/1.1" 200 61671 cronicareinodearagon.com "-" "Mozilla/5.0 (compatible; SERankingBacklinksBot/1.0; +https://seranking.com/backlinks-crawler)" "-"
2a03:2880:f800:: - - [12/Aug/2026:01:58:22 +0200] "GET /?shop/items/G38512162064/ HTTP/1.1" 200 61671 cronicareinodearagon.com "-" "Mozilla/5.0 (Windows NT 10.0; Win64; x64) AppleWebKit/537.36 (KHTML, like Gecko) Chrome/145.0.0.0 Safari/537.36 (compatible; meta-externalagent/1.1 (+https://developers.facebook.com/docs/sharing/webmasters/crawler))" "-"
66.249.73.0 - - [12/Aug/2026:01:58:22 +0200] "GET /robots.txt HTTP/1.1" 200 188 cronicadesevilla.com "-" "Mozilla/5.0 (compatible; Googlebot/2.1; +http://www.google.com/bot.html)" "-"
46.4.220.0 - - [12/Aug/2026:01:58:25 +0200] "GET /?shop/items/I495385069/ HTTP/1.1" 200 61671 cronicareinodearagon.com "-" "Mozilla/5.0 (compatible; SERankingBacklinksBot/1.0; +https://seranking.com/backlinks-crawler)" "-"
46.4.220.0 - - [12/Aug/2026:01:58:28 +0200] "GET /?shop/items/G385129482/ HTTP/1.1" 200 61671 cronicareinodearagon.com "-" "Mozilla/5.0 (compatible; SERankingBacklinksBot/1.0; +https://seranking.com/backlinks-crawler)" "-"
2a03:2880:f800:: - - [12/Aug/2026:01:58:30 +0200] "GET /?shop/items/A63076218843/ HTTP/1.1" 200 61671 cronicareinodearagon.com "-" "Mozilla/5.0 (Windows NT 10.0; Win64; x64) AppleWebKit/537.36 (KHTML, like Gecko) Chrome/145.0.0.0 Safari/537.36 (compatible; meta-externalagent/1.1 (+https://developers.facebook.com/docs/sharing/webmasters/crawler))" "-"
74.7.227.0 - - [12/Aug/2026:01:58:30 +0200] "GET /?fileloc=//usr/bin/chg&path=//usr/bin HTTP/1.1" 200 12223 cronicareinodearagon.com "http://cronicareinodearagon.com/?path=//usr/bin" "Mozilla/5.0 AppleWebKit/537.36 (KHTML, like Gecko; compatible; GPTBot/1.4; +https://openai.com/gptbot)" "-"
46.4.220.0 - - [12/Aug/2026:01:58:32 +0200] "GET /?shop/items/I495385071/ HTTP/1.1" 200 61671 cronicareinodearagon.com "-" "Mozilla/5.0 (compatible; SERankingBacklinksBot/1.0; +https://seranking.com/backlinks-crawler)" "-"
46.4.220.0 - - [12/Aug/2026:01:58:35 +0200] "GET /?shop/items/G385129483/ HTTP/1.1" 200 61671 cronicareinodearagon.com "-" "Mozilla/5.0 (compatible; SERankingBacklinksBot/1.0; +https://seranking.com/backlinks-crawler)" "-"
2a03:2880:f800:: - - [12/Aug/2026:01:58:36 +0200] "GET /?shop/items/A63076226764/ HTTP/1.1" 200 61671 cronicareinodearagon.com "-" "Mozilla/5.0 (Windows NT 10.0; Win64; x64) AppleWebKit/537.36 (KHTML, like Gecko) Chrome/145.0.0.0 Safari/537.36 (compatible; meta-externalagent/1.1 (+https://developers.facebook.com/docs/sharing/webmasters/crawler))" "-"
46.4.220.0 - - [12/Aug/2026:01:58:38 +0200] "GET /?shop/items/I495385072/ HTTP/1.1" 200 61671 cronicareinodearagon.com "-" "Mozilla/5.0 (compatible; SERankingBacklinksBot/1.0; +https://seranking.com/backlinks-crawler)" "-"
114.119.148.0 - - [12/Aug/2026:01:58:39 +0200] "GET /?sitemap214.xml HTTP/1.1" 200 61671 cronicareinodearagon.com "-" "Mozilla/5.0 (Linux; Android 7.0;) AppleWebKit/537.36 (KHTML, like Gecko) Mobile Safari/537.36 (compatible; PetalBot;+https://webmaster.petalsearch.com/site/petalbot)" "-"
46.4.220.0 - - [12/Aug/2026:01:58:41 +0200] "GET /?shop/items/G385129484/ HTTP/1.1" 200 61671 cronicareinodearagon.com "-" "Mozilla/5.0 (compatible; SERankingBacklinksBot/1.0; +https://seranking.com/backlinks-crawler)" "-"
2a03:2880:f800:: - - [12/Aug/2026:01:58:43 +0200] "GET /?shop/items/Y26882118174/ HTTP/1.1" 200 61671 cronicareinodearagon.com "-" "Mozilla/5.0 (Windows NT 10.0; Win64; x64) AppleWebKit/537.36 (KHTML, like Gecko) Chrome/145.0.0.0 Safari/537.36 (compatible; meta-externalagent/1.1 (+https://developers.facebook.com/docs/sharing/webmasters/crawler))" "-"
46.4.220.0 - - [12/Aug/2026:01:58:45 +0200] "GET /?shop/items/I495385074/ HTTP/1.1" 200 61671 cronicareinodearagon.com "-" "Mozilla/5.0 (compatible; SERankingBacklinksBot/1.0; +https://seranking.com/backlinks-crawler)" "-"
74.7.227.0 - - [12/Aug/2026:01:58:48 +0200] "GET /?fileloc=//usr/bin/rcp&path=//usr/bin HTTP/1.1" 200 12223 cronicareinodearagon.com "http://cronicareinodearagon.com/?path=//usr/bin" "Mozilla/5.0 AppleWebKit/537.36 (KHTML, like Gecko; compatible; GPTBot/1.4; +https://openai.com/gptbot)" "-"
46.4.220.0 - - [12/Aug/2026:01:58:48 +0200] "GET /?shop/items/G385129485/ HTTP/1.1" 200 61671 cronicareinodearagon.com "-" "Mozilla/5.0 (compatible; SERankingBacklinksBot/1.0; +https://seranking.com/backlinks-crawler)" "-"
2a03:2880:f800:: - - [12/Aug/2026:01:58:49 +0200] "GET /?shop/items/W9175094218/ HTTP/1.1" 200 61671 cronicareinodearagon.com "-" "Mozilla/5.0 (Windows NT 10.0; Win64; x64) AppleWebKit/537.36 (KHTML, like Gecko) Chrome/145.0.0.0 Safari/537.36 (compatible; meta-externalagent/1.1 (+https://developers.facebook.com/docs/sharing/webmasters/crawler))" "-"
46.4.220.0 - - [12/Aug/2026:01:58:52 +0200] "GET /?shop/items/I495385075/ HTTP/1.1" 200 61671 cronicareinodearagon.com "-" "Mozilla/5.0 (compatible; SERankingBacklinksBot/1.0; +https://seranking.com/backlinks-crawler)" "-"
2a03:2880:f800:: - - [12/Aug/2026:01:58:54 +0200] "GET /?shop/items/S4710428261/ HTTP/1.1" 200 61671 cronicareinodearagon.com "-" "Mozilla/5.0 (Windows NT 10.0; Win64; x64) AppleWebKit/537.36 (KHTML, like Gecko) Chrome/145.0.7632.6 Safari/537.36 (compatible; meta-externalagent/1.1 (+https://developers.facebook.com/docs/sharing/webmasters/crawler))" "-"
46.4.220.0 - - [12/Aug/2026:01:58:55 +0200] "GET /?shop/items/G385129486/ HTTP/1.1" 200 61671 cronicareinodearagon.com "-" "Mozilla/5.0 (compatible; SERankingBacklinksBot/1.0; +https://seranking.com/backlinks-crawler)" "-"
46.4.220.0 - - [12/Aug/2026:01:58:59 +0200] "GET /?shop/items/I495385076/ HTTP/1.1" 200 61671 cronicareinodearagon.com "-" "Mozilla/5.0 (compatible; SERankingBacklinksBot/1.0; +https://seranking.com/backlinks-crawler)" "-"
2a03:2880:f800:: - - [12/Aug/2026:01:58:59 +0200] "GET /?shop/items/S4047488942/ HTTP/1.1" 200 61671 cronicareinodearagon.com "-" "Mozilla/5.0 (Macintosh; Intel Mac OS X 10_15_7) AppleWebKit/537.36 (KHTML, like Gecko) Chrome/145.0.0.0 Safari/537.36 (compatible; meta-externalagent/1.1 (+https://developers.facebook.com/docs/sharing/webmasters/crawler))" "-"
66.249.65.0 - - [12/Aug/2026:01:58:59 +0200] "GET /detail.php?shop/items/80701/ HTTP/1.1" 200 199110 cronicareinodearagon.com "-" "Mozilla/5.0 (compatible; Googlebot/2.1; +http://www.google.com/bot.html)" "-"
2a03:2880:f800:: - - [12/Aug/2026:01:59:01 +0200] "GET /?shop/items/I80088100893/ HTTP/1.1" 200 61671 cronicareinodearagon.com "-" "Mozilla/5.0 (Windows NT 10.0; Win64; x64) AppleWebKit/537.36 (KHTML, like Gecko) Chrome/145.0.0.0 Safari/537.36 (compatible; meta-externalagent/1.1 (+https://developers.facebook.com/docs/sharing/webmasters/crawler))" "-"
46.4.220.0 - - [12/Aug/2026:01:59:02 +0200] "GET /?shop/items/G385129487/ HTTP/1.1" 200 61671 cronicareinodearagon.com "-" "Mozilla/5.0 (compatible; SERankingBacklinksBot/1.0; +https://seranking.com/backlinks-crawler)" "-"
74.7.227.0 - - [12/Aug/2026:01:59:03 +0200] "GET /?fileloc=//usr/bin/zsh&path=//usr/bin HTTP/1.1" 200 12223 cronicareinodearagon.com "http://cronicareinodearagon.com/?path=//usr/bin" "Mozilla/5.0 AppleWebKit/537.36 (KHTML, like Gecko; compatible; GPTBot/1.4; +https://openai.com/gptbot)" "-"
2a03:2880:f800:: - - [12/Aug/2026:01:59:04 +0200] "GET /?shop/items/A63076187677/ HTTP/1.1" 200 61671 cronicareinodearagon.com "-" "Mozilla/5.0 (Windows NT 10.0; Win64; x64) AppleWebKit/537.36 (KHTML, like Gecko) Chrome/145.0.0.0 Safari/537.36 (compatible; meta-externalagent/1.1 (+https://developers.facebook.com/docs/sharing/webmasters/crawler))" "-"
46.4.220.0 - - [12/Aug/2026:01:59:05 +0200] "GET /?shop/items/I495385077/ HTTP/1.1" 200 61671 cronicareinodearagon.com "-" "Mozilla/5.0 (compatible; SERankingBacklinksBot/1.0; +https://seranking.com/backlinks-crawler)" "-"
46.4.220.0 - - [12/Aug/2026:01:59:09 +0200] "GET /?shop/items/G385129489/ HTTP/1.1" 200 61671 cronicareinodearagon.com "-" "Mozilla/5.0 (compatible; SERankingBacklinksBot/1.0; +https://seranking.com/backlinks-crawler)" "-"
2a03:2880:f800:: - - [12/Aug/2026:01:59:09 +0200] "GET /?shop/items/S4047453414/ HTTP/1.1" 200 61671 cronicareinodearagon.com "-" "Mozilla/5.0 (Macintosh; Intel Mac OS X 10_15_7) AppleWebKit/537.36 (KHTML, like Gecko) Chrome/145.0.0.0 Safari/537.36 (compatible; meta-externalagent/1.1 (+https://developers.facebook.com/docs/sharing/webmasters/crawler))" "-"
46.4.220.0 - - [12/Aug/2026:01:59:12 +0200] "GET /?shop/items/I495385079/ HTTP/1.1" 200 61671 cronicareinodearagon.com "-" "Mozilla/5.0 (compatible; SERankingBacklinksBot/1.0; +https://seranking.com/backlinks-crawler)" "-"
2a03:2880:f800:: - - [12/Aug/2026:01:59:14 +0200] "GET /?shop/items/S40474281541/ HTTP/1.1" 200 61671 cronicareinodearagon.com "-" "Mozilla/5.0 (Windows NT 10.0; Win64; x64) AppleWebKit/537.36 (KHTML, like Gecko) Chrome/145.0.0.0 Safari/537.36 (compatible; meta-externalagent/1.1 (+https://developers.facebook.com/docs/sharing/webmasters/crawler))" "-"
46.4.220.0 - - [12/Aug/2026:01:59:15 +0200] "GET /?shop/items/G385129490/ HTTP/1.1" 200 61671 cronicareinodearagon.com "-" "Mozilla/5.0 (compatible; SERankingBacklinksBot/1.0; +https://seranking.com/backlinks-crawler)" "-"
2a03:2880:f800:: - - [12/Aug/2026:01:59:17 +0200] "GET /?shop/items/A63076257260/ HTTP/1.1" 200 61671 cronicareinodearagon.com "-" "Mozilla/5.0 (Windows NT 10.0; Win64; x64) AppleWebKit/537.36 (KHTML, like Gecko) Chrome/145.0.0.0 Safari/537.36 (compatible; meta-externalagent/1.1 (+https://developers.facebook.com/docs/sharing/webmasters/crawler))" "-"
66.249.65.0 - - [12/Aug/2026:01:59:17 +0200] "GET /detail.php?shop/items/M27728132542/ HTTP/1.1" 200 200964 cronicareinodearagon.com "-" "Mozilla/5.0 (Linux; Android 6.0.1; Nexus 5X Build/MMB29P) AppleWebKit/537.36 (KHTML, like Gecko) Chrome/150.0.7871.186 Mobile Safari/537.36 (compatible; GoogleOther)" "-"
2a03:2880:f800:: - - [12/Aug/2026:01:59:17 +0200] "GET /?shop/items/P52561166696/ HTTP/1.1" 200 61671 cronicareinodearagon.com "-" "Mozilla/5.0 (Windows NT 10.0; Win64; x64) AppleWebKit/537.36 (KHTML, like Gecko) Chrome/145.0.0.0 Safari/537.36 (compatible; meta-externalagent/1.1 (+https://developers.facebook.com/docs/sharing/webmasters/crawler))" "-"
114.119.134.0 - - [12/Aug/2026:01:59:18 +0200] "GET /politica/csif-eliminacion-bombero-voluntario HTTP/1.1" 200 61743 cronicareinodearagon.com "https://cronicareinodearagon.com/politica/csif-eliminacion-bombero-voluntario" "Mozilla/5.0 (Linux; Android 7.0;) AppleWebKit/537.36 (HTML, like Gecko) Mobile Safari/537.36 (compatible; PetalBot;+https://webmaster.petalsearch.com/site/petalbot)" "-"
74.7.227.0 - - [12/Aug/2026:01:59:18 +0200] "GET /?fileloc=//usr/bin/zip&path=//usr/bin HTTP/1.1" 200 12223 cronicareinodearagon.com "http://cronicareinodearagon.com/?path=//usr/bin" "Mozilla/5.0 AppleWebKit/537.36 (KHTML, like Gecko; compatible; GPTBot/1.4; +https://openai.com/gptbot)" "-"
2a03:2880:f800:: - - [12/Aug/2026:01:59:19 +0200] "GET /?shop/items/A63076268283/ HTTP/1.1" 429 267 cronicareinodearagon.com "-" "Mozilla/5.0 (Windows NT 10.0; Win64; x64) AppleWebKit/537.36 (KHTML, like Gecko) Chrome/145.0.0.0 Safari/537.36 (compatible; meta-externalagent/1.1 (+https://developers.facebook.com/docs/sharing/webmasters/crawler))" "-"
46.4.220.0 - - [12/Aug/2026:01:59:19 +0200] "GET /?shop/items/I495385080/ HTTP/1.1" 200 61671 cronicareinodearagon.com "-" "Mozilla/5.0 (compatible; SERankingBacklinksBot/1.0; +https://seranking.com/backlinks-crawler)" "-"
2a03:2880:f800:: - - [12/Aug/2026:01:59:21 +0200] "GET /?shop/items/Y26882280710/ HTTP/1.1" 429 267 cronicareinodearagon.com "-" "Mozilla/5.0 (Windows NT 10.0; Win64; x64) AppleWebKit/537.36 (KHTML, like Gecko) Chrome/145.0.0.0 Safari/537.36 (compatible; meta-externalagent/1.1 (+https://developers.facebook.com/docs/sharing/webmasters/crawler))" "-"
46.4.220.0 - - [12/Aug/2026:01:59:22 +0200] "GET /?shop/items/G385129491/ HTTP/1.1" 200 61671 cronicareinodearagon.com "-" "Mozilla/5.0 (compatible; SERankingBacklinksBot/1.0; +https://seranking.com/backlinks-crawler)" "-"
2a03:2880:f800:: - - [12/Aug/2026:01:59:24 +0200] "GET /?shop/items/Y26882161610/ HTTP/1.1" 429 267 cronicareinodearagon.com "-" "Mozilla/5.0 (Windows NT 10.0; Win64; x64) AppleWebKit/537.36 (KHTML, like Gecko) Chrome/145.0.0.0 Safari/537.36 (compatible; meta-externalagent/1.1 (+https://developers.facebook.com/docs/sharing/webmasters/crawler))" "-"
46.4.220.0 - - [12/Aug/2026:01:59:25 +0200] "GET /?shop/items/I495385081/ HTTP/1.1" 200 61671 cronicareinodearagon.com "-" "Mozilla/5.0 (compatible; SERankingBacklinksBot/1.0; +https://seranking.com/backlinks-crawler)" "-"
2a03:2880:f800:: - - [12/Aug/2026:01:59:26 +0200] "GET /?shop/items/P52561201663/ HTTP/1.1" 429 267 cronicareinodearagon.com "-" "Mozilla/5.0 (Macintosh; Intel Mac OS X 10_15_7) AppleWebKit/537.36 (KHTML, like Gecko) Chrome/145.0.0.0 Safari/537.36 (compatible; meta-externalagent/1.1 (+https://developers.facebook.com/docs/sharing/webmasters/crawler))" "-"
46.4.220.0 - - [12/Aug/2026:01:59:29 +0200] "GET /?shop/items/G385129492/ HTTP/1.1" 200 61671 cronicareinodearagon.com "-" "Mozilla/5.0 (compatible; SERankingBacklinksBot/1.0; +https://seranking.com/backlinks-crawler)" "-"
2a03:2880:f800:: - - [12/Aug/2026:01:59:30 +0200] "GET /?shop/items/Q8625848120/ HTTP/1.1" 429 267 cronicareinodearagon.com "-" "Mozilla/5.0 (Macintosh; Intel Mac OS X 10_15_7) AppleWebKit/537.36 (KHTML, like Gecko) Chrome/145.0.0.0 Safari/537.36 (compatible; meta-externalagent/1.1 (+https://developers.facebook.com/docs/sharing/webmasters/crawler))" "-"
74.7.227.0 - - [12/Aug/2026:01:59:30 +0200] "GET /?fileloc=//usr/bin/sum&path=//usr/bin HTTP/1.1" 200 12223 cronicareinodearagon.com "http://cronicareinodearagon.com/?path=//usr/bin" "Mozilla/5.0 AppleWebKit/537.36 (KHTML, like Gecko; compatible; GPTBot/1.4; +https://openai.com/gptbot)" "-"
2a03:2880:f800:: - - [12/Aug/2026:01:59:31 +0200] "GET /?shop/items/S471049575/ HTTP/1.1" 429 267 cronicareinodearagon.com "-" "Mozilla/5.0 (Macintosh; Intel Mac OS X 10_15_7) AppleWebKit/537.36 (KHTML, like Gecko) Chrome/145.0.0.0 Safari/537.36 (compatible; meta-externalagent/1.1 (+https://developers.facebook.com/docs/sharing/webmasters/crawler))" "-"
46.4.220.0 - - [12/Aug/2026:01:59:32 +0200] "GET /?shop/items/I495385082/ HTTP/1.1" 200 61671 cronicareinodearagon.com "-" "Mozilla/5.0 (compatible; SERankingBacklinksBot/1.0; +https://seranking.com/backlinks-crawler)" "-"
2a03:2880:f800:: - - [12/Aug/2026:01:59:35 +0200] "GET /?shop/items/W9175082782/ HTTP/1.1" 429 267 cronicareinodearagon.com "-" "Mozilla/5.0 (Windows NT 10.0; Win64; x64) AppleWebKit/537.36 (KHTML, like Gecko) Chrome/145.0.0.0 Safari/537.36 (compatible; meta-externalagent/1.1 (+https://developers.facebook.com/docs/sharing/webmasters/crawler))" "-"
46.4.220.0 - - [12/Aug/2026:01:59:35 +0200] "GET /?shop/items/G385129494/ HTTP/1.1" 200 61671 cronicareinodearagon.com "-" "Mozilla/5.0 (compatible; SERankingBacklinksBot/1.0; +https://seranking.com/backlinks-crawler)" "-"
204.12.208.0 - - [12/Aug/2026:01:59:39 +0200] "GET /wp-includes/wp9219fc/edit.php HTTP/1.1" 403 15 cronicareinodearagon.com "https://cronicareinodearagon.com/wp-includes/wp9219fc/edit.php" "Opera/9.80 (Macintosh; Intel Mac OS X 10.6.8; U; ja) Presto/2.10.289 Version/12.00" "-"
46.4.220.0 - - [12/Aug/2026:01:59:39 +0200] "GET /?shop/items/I495385083/ HTTP/1.1" 200 61671 cronicareinodearagon.com "-" "Mozilla/5.0 (compatible; SERankingBacklinksBot/1.0; +https://seranking.com/backlinks-crawler)" "-"
204.12.208.0 - - [12/Aug/2026:01:59:39 +0200] "GET /wp-includes/wp9219fc/edit.php HTTP/1.1" 403 15 cronicareinodearagon.com "https://cronicareinodearagon.com/wp-includes/wp9219fc/edit.php" "Mozilla/4.0 (compatible; MSIE 7.0; Windows NT 5.1; SV1; .NET CLR 1.1.4322)" "-"
204.12.208.0 - - [12/Aug/2026:01:59:40 +0200] "GET /wp-includes/wp9219fc/edit.php HTTP/1.1" 403 15 cronicareinodearagon.com "https://cronicareinodearagon.com/wp-includes/wp9219fc/edit.php" "Mozilla/4.0 (compatible; MSIE 7.0; Windows NT 6.0; SLCC1; .NET CLR 2.0.50727; Media Center PC 5.0; .NET CLR 3.0.04506)" "-"
2a03:2880:f800:: - - [12/Aug/2026:01:59:42 +0200] "GET /?shop/items/S47104194767/ HTTP/1.1" 429 267 cronicareinodearagon.com "-" "Mozilla/5.0 (Windows NT 10.0; Win64; x64) AppleWebKit/537.36 (KHTML, like Gecko) Chrome/145.0.0.0 Safari/537.36 (compatible; meta-externalagent/1.1 (+https://developers.facebook.com/docs/sharing/webmasters/crawler))" "-"
46.4.220.0 - - [12/Aug/2026:01:59:42 +0200] "GET /?shop/items/G385129496/ HTTP/1.1" 200 61671 cronicareinodearagon.com "-" "Mozilla/5.0 (compatible; SERankingBacklinksBot/1.0; +https://seranking.com/backlinks-crawler)" "-"
74.7.227.0 - - [12/Aug/2026:01:59:42 +0200] "GET /?fileloc=//usr/bin/who&path=//usr/bin HTTP/1.1" 200 12223 cronicareinodearagon.com "http://cronicareinodearagon.com/?path=//usr/bin" "Mozilla/5.0 AppleWebKit/537.36 (KHTML, like Gecko; compatible; GPTBot/1.4; +https://openai.com/gptbot)" "-"
46.4.220.0 - - [12/Aug/2026:01:59:46 +0200] "GET /?shop/items/I495385084/ HTTP/1.1" 200 61671 cronicareinodearagon.com "-" "Mozilla/5.0 (compatible; SERankingBacklinksBot/1.0; +https://seranking.com/backlinks-crawler)" "-"
2a03:2880:f800:: - - [12/Aug/2026:01:59:48 +0200] "GET /?shop/items/W917506564/ HTTP/1.1" 429 267 cronicareinodearagon.com "-" "Mozilla/5.0 (Macintosh; Intel Mac OS X 10_15_7) AppleWebKit/537.36 (KHTML, like Gecko) Chrome/145.0.0.0 Safari/537.36 (compatible; meta-externalagent/1.1 (+https://developers.facebook.com/docs/sharing/webmasters/crawler))" "-"
46.4.220.0 - - [12/Aug/2026:01:59:49 +0200] "GET /?shop/items/G385129497/ HTTP/1.1" 200 61671 cronicareinodearagon.com "-" "Mozilla/5.0 (compatible; SERankingBacklinksBot/1.0; +https://seranking.com/backlinks-crawler)" "-"
2a03:2880:f800:: - - [12/Aug/2026:01:59:50 +0200] "GET /?shop/items/Y26882153976/ HTTP/1.1" 429 267 cronicareinodearagon.com "-" "Mozilla/5.0 (Windows NT 10.0; Win64; x64) AppleWebKit/537.36 (KHTML, like Gecko) Chrome/145.0.0.0 Safari/537.36 (compatible; meta-externalagent/1.1 (+https://developers.facebook.com/docs/sharing/webmasters/crawler))" "-"
74.7.227.0 - - [12/Aug/2026:01:59:52 +0200] "GET /?fileloc=//usr/bin/env&path=//usr/bin HTTP/1.1" 200 12223 cronicareinodearagon.com "http://cronicareinodearagon.com/?path=//usr/bin" "Mozilla/5.0 AppleWebKit/537.36 (KHTML, like Gecko; compatible; GPTBot/1.4; +https://openai.com/gptbot)" "-"
46.4.220.0 - - [12/Aug/2026:01:59:53 +0200] "GET /?shop/items/I495385085/ HTTP/1.1" 200 61671 cronicareinodearagon.com "-" "Mozilla/5.0 (compatible; SERankingBacklinksBot/1.0; +https://seranking.com/backlinks-crawler)" "-"
46.4.220.0 - - [12/Aug/2026:01:59:56 +0200] "GET /?shop/items/G385129499/ HTTP/1.1" 200 61671 cronicareinodearagon.com "-" "Mozilla/5.0 (compatible; SERankingBacklinksBot/1.0; +https://seranking.com/backlinks-crawler)" "-"
2a03:2880:f800:: - - [12/Aug/2026:01:59:59 +0200] "GET /?shop/items/G38512162053/ HTTP/1.1" 429 267 cronicareinodearagon.com "-" "Mozilla/5.0 (Windows NT 10.0; Win64; x64) AppleWebKit/537.36 (KHTML, like Gecko) Chrome/145.0.0.0 Safari/537.36 Edg/145.0.0.0 (compatible; meta-externalagent/1.1 (+https://developers.facebook.com/docs/sharing/webmasters/crawler))" "-"
46.4.220.0 - - [12/Aug/2026:01:59:59 +0200] "GET /?shop/items/I495385087/ HTTP/1.1" 200 61671 cronicareinodearagon.com "-" "Mozilla/5.0 (compatible; SERankingBacklinksBot/1.0; +https://seranking.com/backlinks-crawler)" "-"
74.7.227.0 - - [12/Aug/2026:02:00:02 +0200] "GET /?fileloc=//usr/bin/ksh&path=//usr/bin HTTP/1.1" 200 12223 cronicareinodearagon.com "http://cronicareinodearagon.com/?path=//usr/bin" "Mozilla/5.0 AppleWebKit/537.36 (KHTML, like Gecko; compatible; GPTBot/1.4; +https://openai.com/gptbot)" "-"
46.4.220.0 - - [12/Aug/2026:02:00:03 +0200] "GET /?shop/items/G385129500/ HTTP/1.1" 200 61671 cronicareinodearagon.com "-" "Mozilla/5.0 (compatible; SERankingBacklinksBot/1.0; +https://seranking.com/backlinks-crawler)" "-"
2a03:2880:f800:: - - [12/Aug/2026:02:00:04 +0200] "GET /?shop/items/W91750134645/ HTTP/1.1" 429 267 cronicareinodearagon.com "-" "Mozilla/5.0 (Macintosh; Intel Mac OS X 10_15_7) AppleWebKit/537.36 (KHTML, like Gecko) Chrome/145.0.0.0 Safari/537.36 (compatible; meta-externalagent/1.1 (+https://developers.facebook.com/docs/sharing/webmasters/crawler))" "-"
46.4.220.0 - - [12/Aug/2026:02:00:08 +0200] "GET /?shop/items/I495385088/ HTTP/1.1" 200 61671 cronicareinodearagon.com "-" "Mozilla/5.0 (compatible; SERankingBacklinksBot/1.0; +https://seranking.com/backlinks-crawler)" "-"
2600:1f18:6a00:: - - [12/Aug/2026:02:00:08 +0200] "GET / HTTP/1.1" 200 61743 cronicareinodearagon.com "-" "wp2shell" "-"
2600:1f18:6a00:: - - [12/Aug/2026:02:00:09 +0200] "GET /wp-json/ HTTP/1.1" 200 61743 cronicareinodearagon.com "-" "wp2shell" "-"
2600:1f18:6a00:: - - [12/Aug/2026:02:00:09 +0200] "GET /?rest_route=/ HTTP/1.1" 200 61671 cronicareinodearagon.com "-" "wp2shell" "-"
2a03:2880:f800:: - - [12/Aug/2026:02:00:09 +0200] "GET /?shop/items/S4710444114/ HTTP/1.1" 429 267 cronicareinodearagon.com "-" "Mozilla/5.0 (Windows NT 10.0; Win64; x64) AppleWebKit/537.36 (KHTML, like Gecko) Chrome/145.0.0.0 Safari/537.36 (compatible; meta-externalagent/1.1 (+https://developers.facebook.com/docs/sharing/webmasters/crawler))" "-"
2600:1f18:6a00:: - - [12/Aug/2026:02:00:09 +0200] "GET /wp-json/ HTTP/1.1" 200 61743 cronicareinodearagon.com "-" "wp2shell" "-"
2600:1f18:6a00:: - - [12/Aug/2026:02:00:10 +0200] "GET /?rest_route=/ HTTP/1.1" 200 61671 cronicareinodearagon.com "-" "wp2shell" "-"
74.7.227.0 - - [12/Aug/2026:02:00:11 +0200] "GET /?fileloc=//usr/bin/git-upload-archive&path=//usr/bin HTTP/1.1" 200 12238 cronicareinodearagon.com "http://cronicareinodearagon.com/?path=//usr/bin" "Mozilla/5.0 AppleWebKit/537.36 (KHTML, like Gecko; compatible; GPTBot/1.4; +https://openai.com/gptbot)" "-"
46.4.220.0 - - [12/Aug/2026:02:00:11 +0200] "GET /?shop/items/G385129501/ HTTP/1.1" 200 61671 cronicareinodearagon.com "-" "Mozilla/5.0 (compatible; SERankingBacklinksBot/1.0; +https://seranking.com/backlinks-crawler)" "-"
46.4.220.0 - - [12/Aug/2026:02:00:14 +0200] "GET /?shop/items/I495385090/ HTTP/1.1" 200 61671 cronicareinodearagon.com "-" "Mozilla/5.0 (compatible; SERankingBacklinksBot/1.0; +https://seranking.com/backlinks-crawler)" "-"
66.249.65.0 - - [12/Aug/2026:02:00:15 +0200] "GET /detail.php?shop/items/F85077275118/ HTTP/1.1" 200 203785 cronicareinodearagon.com "-" "Mozilla/5.0 (Linux; Android 6.0.1; Nexus 5X Build/MMB29P) AppleWebKit/537.36 (KHTML, like Gecko) Chrome/150.0.7871.186 Mobile Safari/537.36 (compatible; Googlebot/2.1; +http://www.google.com/bot.html)" "-"
46.4.220.0 - - [12/Aug/2026:02:00:17 +0200] "GET /?shop/items/G385129502/ HTTP/1.1" 200 61671 cronicareinodearagon.com "-" "Mozilla/5.0 (compatible; SERankingBacklinksBot/1.0; +https://seranking.com/backlinks-crawler)" "-"
74.7.227.0 - - [12/Aug/2026:02:00:18 +0200] "GET /?fileloc=//usr/bin/xxd&path=//usr/bin HTTP/1.1" 429 267 cronicareinodearagon.com "http://cronicareinodearagon.com/?path=//usr/bin" "Mozilla/5.0 AppleWebKit/537.36 (KHTML, like Gecko; compatible; GPTBot/1.4; +https://openai.com/gptbot)" "-"
46.4.220.0 - - [12/Aug/2026:02:00:21 +0200] "GET /?shop/items/I495385091/ HTTP/1.1" 200 61671 cronicareinodearagon.com "-" "Mozilla/5.0 (compatible; SERankingBacklinksBot/1.0; +https://seranking.com/backlinks-crawler)" "-"
92.222.108.0 - - [12/Aug/2026:02:00:23 +0200] "GET /?sitemap84.xml HTTP/1.1" 200 61671 cronicareinodearagon.com "-" "Mozilla/5.0 (compatible; AhrefsBot/7.0; +http://ahrefs.com/robot/)" "-"
2a03:2880:f800:: - - [12/Aug/2026:02:00:23 +0200] "GET /?shop/items/S40474216315/ HTTP/1.1" 200 61671 cronicareinodearagon.com "-" "Mozilla/5.0 (Windows NT 10.0; Win64; x64) AppleWebKit/537.36 (KHTML, like Gecko) Chrome/145.0.0.0 Safari/537.36 (compatible; meta-externalagent/1.1 (+https://developers.facebook.com/docs/sharing/webmasters/crawler))" "-"
46.4.220.0 - - [12/Aug/2026:02:00:24 +0200] "GET /?shop/items/G385129504/ HTTP/1.1" 200 61671 cronicareinodearagon.com "-" "Mozilla/5.0 (compatible; SERankingBacklinksBot/1.0; +https://seranking.com/backlinks-crawler)" "-"
74.7.227.0 - - [12/Aug/2026:02:00:25 +0200] "GET /?fileloc=//usr/bin/dwp&path=//usr/bin HTTP/1.1" 429 267 cronicareinodearagon.com "http://cronicareinodearagon.com/?path=//usr/bin" "Mozilla/5.0 AppleWebKit/537.36 (KHTML, like Gecko; compatible; GPTBot/1.4; +https://openai.com/gptbot)" "-"
46.4.220.0 - - [12/Aug/2026:02:00:27 +0200] "GET /?shop/items/I495385093/ HTTP/1.1" 200 61671 cronicareinodearagon.com "-" "Mozilla/5.0 (compatible; SERankingBacklinksBot/1.0; +https://seranking.com/backlinks-crawler)" "-"
46.4.220.0 - - [12/Aug/2026:02:00:31 +0200] "GET /?shop/items/G385129505/ HTTP/1.1" 200 61671 cronicareinodearagon.com "-" "Mozilla/5.0 (compatible; SERankingBacklinksBot/1.0; +https://seranking.com/backlinks-crawler)" "-"
46.4.220.0 - - [12/Aug/2026:02:00:34 +0200] "GET /?shop/items/I495385094/ HTTP/1.1" 200 61671 cronicareinodearagon.com "-" "Mozilla/5.0 (compatible; SERankingBacklinksBot/1.0; +https://seranking.com/backlinks-crawler)" "-"
2a03:2880:f800:: - - [12/Aug/2026:02:00:36 +0200] "GET /?shop/items/Y26882105503/ HTTP/1.1" 200 61671 cronicareinodearagon.com "-" "Mozilla/5.0 (Windows NT 10.0; Win64; x64) AppleWebKit/537.36 (KHTML, like Gecko) Chrome/145.0.0.0 Safari/537.36 (compatible; meta-externalagent/1.1 (+https://developers.facebook.com/docs/sharing/webmasters/crawler))" "-"
46.4.220.0 - - [12/Aug/2026:02:00:38 +0200] "GET /?shop/items/G385129507/ HTTP/1.1" 200 61671 cronicareinodearagon.com "-" "Mozilla/5.0 (compatible; SERankingBacklinksBot/1.0; +https://seranking.com/backlinks-crawler)" "-"
46.4.220.0 - - [12/Aug/2026:02:00:41 +0200] "GET /?shop/items/I495385098/ HTTP/1.1" 200 61671 cronicareinodearagon.com "-" "Mozilla/5.0 (compatible; SERankingBacklinksBot/1.0; +https://seranking.com/backlinks-crawler)" "-"
74.7.227.0 - - [12/Aug/2026:02:00:44 +0200] "GET /?fileloc=//usr/bin/pwd&path=//usr/bin HTTP/1.1" 429 267 cronicareinodearagon.com "http://cronicareinodearagon.com/?path=//usr/bin" "Mozilla/5.0 AppleWebKit/537.36 (KHTML, like Gecko; compatible; GPTBot/1.4; +https://openai.com/gptbot)" "-"
46.4.220.0 - - [12/Aug/2026:02:00:44 +0200] "GET /?shop/items/G385129510/ HTTP/1.1" 200 61671 cronicareinodearagon.com "-" "Mozilla/5.0 (compatible; SERankingBacklinksBot/1.0; +https://seranking.com/backlinks-crawler)" "-"
46.4.220.0 - - [12/Aug/2026:02:00:48 +0200] "GET /?shop/items/I495385100/ HTTP/1.1" 200 61671 cronicareinodearagon.com "-" "Mozilla/5.0 (compatible; SERankingBacklinksBot/1.0; +https://seranking.com/backlinks-crawler)" "-"
2a03:2880:f800:: - - [12/Aug/2026:02:00:48 +0200] "GET /?shop/items/Q8625861448/ HTTP/1.1" 200 61671 cronicareinodearagon.com "-" "Mozilla/5.0 (Macintosh; Intel Mac OS X 10_15_7) AppleWebKit/537.36 (KHTML, like Gecko) Chrome/145.0.0.0 Safari/537.36 (compatible; meta-externalagent/1.1 (+https://developers.facebook.com/docs/sharing/webmasters/crawler))" "-"
46.4.220.0 - - [12/Aug/2026:02:00:51 +0200] "GET /?shop/items/G385129511/ HTTP/1.1" 200 61671 cronicareinodearagon.com "-" "Mozilla/5.0 (compatible; SERankingBacklinksBot/1.0; +https://seranking.com/backlinks-crawler)" "-"
2a03:2880:f800:: - - [12/Aug/2026:02:00:51 +0200] "GET /?shop/items/W91750220032/ HTTP/1.1" 200 61671 cronicareinodearagon.com "-" "Mozilla/5.0 (Macintosh; Intel Mac OS X 10_15_7) AppleWebKit/537.36 (KHTML, like Gecko) Chrome/145.0.0.0 Safari/537.36 (compatible; meta-externalagent/1.1 (+https://developers.facebook.com/docs/sharing/webmasters/crawler))" "-"
66.249.65.0 - - [12/Aug/2026:02:00:51 +0200] "GET /products.php?shop/items/D3798950718/ HTTP/1.1" 200 203799 cronicareinodearagon.com "-" "Mozilla/5.0 (compatible; Googlebot/2.1; +http://www.google.com/bot.html)" "-"
46.4.220.0 - - [12/Aug/2026:02:00:54 +0200] "GET /?shop/items/I495385101/ HTTP/1.1" 200 61671 cronicareinodearagon.com "-" "Mozilla/5.0 (compatible; SERankingBacklinksBot/1.0; +https://seranking.com/backlinks-crawler)" "-"
114.119.133.0 - - [12/Aug/2026:02:00:55 +0200] "GET /politica/congreso-aprueba-ley-ensenanzas-artisticas/?path=/homepages/20 HTTP/1.1" 200 23309 cronicareinodearagon.com "https://cronicareinodearagon.com/politica/congreso-aprueba-ley-ensenanzas-artisticas/" "Mozilla/5.0 (Linux; Android 7.0;) AppleWebKit/537.36 (HTML, like Gecko) Mobile Safari/537.36 (compatible; PetalBot;+https://webmaster.petalsearch.com/site/petalbot)" "-"
2a03:2880:f800:: - - [12/Aug/2026:02:00:57 +0200] "GET /?shop/items/P5256133627/ HTTP/1.1" 200 61671 cronicareinodearagon.com "-" "Mozilla/5.0 (Windows NT 10.0; Win64; x64) AppleWebKit/537.36 (KHTML, like Gecko) Chrome/145.0.0.0 Safari/537.36 (compatible; meta-externalagent/1.1 (+https://developers.facebook.com/docs/sharing/webmasters/crawler))" "-"
46.4.220.0 - - [12/Aug/2026:02:00:58 +0200] "GET /?shop/items/G385129512/ HTTP/1.1" 200 61671 cronicareinodearagon.com "-" "Mozilla/5.0 (compatible; SERankingBacklinksBot/1.0; +https://seranking.com/backlinks-crawler)" "-"
2a03:2880:f800:: - - [12/Aug/2026:02:00:59 +0200] "GET /?shop/items/I8008855493/ HTTP/1.1" 200 61671 cronicareinodearagon.com "-" "Mozilla/5.0 (Windows NT 10.0; Win64; x64) AppleWebKit/537.36 (KHTML, like Gecko) Chrome/145.0.0.0 Safari/537.36 (compatible; meta-externalagent/1.1 (+https://developers.facebook.com/docs/sharing/webmasters/crawler))" "-"
46.4.220.0 - - [12/Aug/2026:02:01:01 +0200] "GET /?shop/items/I495385102/ HTTP/1.1" 200 61671 cronicareinodearagon.com "-" "Mozilla/5.0 (compatible; SERankingBacklinksBot/1.0; +https://seranking.com/backlinks-crawler)" "-"
46.4.220.0 - - [12/Aug/2026:02:01:05 +0200] "GET /?shop/items/G385129513/ HTTP/1.1" 200 61671 cronicareinodearagon.com "-" "Mozilla/5.0 (compatible; SERankingBacklinksBot/1.0; +https://seranking.com/backlinks-crawler)" "-"
2a03:2880:f800:: - - [12/Aug/2026:02:01:07 +0200] "GET /?shop/items/I49538280221/ HTTP/1.1" 200 61671 cronicareinodearagon.com "-" "Mozilla/5.0 (Windows NT 10.0; Win64; x64) AppleWebKit/537.36 (KHTML, like Gecko) Chrome/145.0.0.0 Safari/537.36 (compatible; meta-externalagent/1.1 (+https://developers.facebook.com/docs/sharing/webmasters/crawler))" "-"
46.4.220.0 - - [12/Aug/2026:02:01:08 +0200] "GET /?shop/items/I495385105/ HTTP/1.1" 200 61671 cronicareinodearagon.com "-" "Mozilla/5.0 (compatible; SERankingBacklinksBot/1.0; +https://seranking.com/backlinks-crawler)" "-"
46.4.220.0 - - [12/Aug/2026:02:01:11 +0200] "GET /?shop/items/G385129514/ HTTP/1.1" 200 61671 cronicareinodearagon.com "-" "Mozilla/5.0 (compatible; SERankingBacklinksBot/1.0; +https://seranking.com/backlinks-crawler)" "-"
2a03:2880:f800:: - - [12/Aug/2026:02:01:13 +0200] "GET /?shop/items/S4710416940/ HTTP/1.1" 200 61671 cronicareinodearagon.com "-" "Mozilla/5.0 (Windows NT 10.0; Win64; x64) AppleWebKit/537.36 (KHTML, like Gecko) Chrome/145.0.0.0 Safari/537.36 (compatible; meta-externalagent/1.1 (+https://developers.facebook.com/docs/sharing/webmasters/crawler))" "-"
46.4.220.0 - - [12/Aug/2026:02:01:15 +0200] "GET /?shop/items/I495385106/ HTTP/1.1" 200 61671 cronicareinodearagon.com "-" "Mozilla/5.0 (compatible; SERankingBacklinksBot/1.0; +https://seranking.com/backlinks-crawler)" "-"
46.4.220.0 - - [12/Aug/2026:02:01:18 +0200] "GET /?shop/items/G385129516/ HTTP/1.1" 200 61671 cronicareinodearagon.com "-" "Mozilla/5.0 (compatible; SERankingBacklinksBot/1.0; +https://seranking.com/backlinks-crawler)" "-"
216.73.217.0 - - [12/Aug/2026:02:01:21 +0200] "GET /shop/mypage/mail-magazine?fileloc=%2F%2Flib%2Faspell%2Fu-deva.cset&path=%2F%2Flib%2Faspell HTTP/1.1" 200 26240 cronicareinodearagon.com "-" "Mozilla/5.0 AppleWebKit/537.36 (KHTML, like Gecko; compatible; ClaudeBot/1.0; +claudebot@anthropic.com)" "-"
216.73.217.0 - - [12/Aug/2026:02:01:21 +0200] "GET /shop/mypage/mail-magazine?path=%2F%2Flib%2Fsasl2 HTTP/1.1" 200 12643 cronicareinodearagon.com "-" "Mozilla/5.0 AppleWebKit/537.36 (KHTML, like Gecko; compatible; ClaudeBot/1.0; +claudebot@anthropic.com)" "-"
216.73.217.0 - - [12/Aug/2026:02:01:21 +0200] "GET /shop/mypage/mail-magazine?path=%2F%2Flib%2Fdiet HTTP/1.1" 200 13936 cronicareinodearagon.com "-" "Mozilla/5.0 AppleWebKit/537.36 (KHTML, like Gecko; compatible; ClaudeBot/1.0; +claudebot@anthropic.com)" "-"
2a03:2880:f800:: - - [12/Aug/2026:02:01:21 +0200] "GET /?shop/items/Y26882129266/ HTTP/1.1" 200 61671 cronicareinodearagon.com "-" "Mozilla/5.0 (Macintosh; Intel Mac OS X 10_15_7) AppleWebKit/537.36 (KHTML, like Gecko) Chrome/145.0.0.0 Safari/537.36 (compatible; meta-externalagent/1.1 (+https://developers.facebook.com/docs/sharing/webmasters/crawler))" "-"
46.4.220.0 - - [12/Aug/2026:02:01:21 +0200] "GET /?shop/items/I495385107/ HTTP/1.1" 200 61671 cronicareinodearagon.com "-" "Mozilla/5.0 (compatible; SERankingBacklinksBot/1.0; +https://seranking.com/backlinks-crawler)" "-"
216.73.217.0 - - [12/Aug/2026:02:01:22 +0200] "GET /shop/mypage/mail-magazine?path=%2F%2Flib%2Flocale HTTP/1.1" 200 667762 cronicareinodearagon.com "-" "Mozilla/5.0 AppleWebKit/537.36 (KHTML, like Gecko; compatible; ClaudeBot/1.0; +claudebot@anthropic.com)" "-"
216.73.217.0 - - [12/Aug/2026:02:01:22 +0200] "GET /shop/mypage/mail-magazine?path=%2F%2Flib%2Fgroff%2Fgrog HTTP/1.1" 200 14108 cronicareinodearagon.com "-" "Mozilla/5.0 AppleWebKit/537.36 (KHTML, like Gecko; compatible; ClaudeBot/1.0; +claudebot@anthropic.com)" "-"
216.73.217.0 - - [12/Aug/2026:02:01:23 +0200] "GET /shop/mypage/mail-magazine?path=%2F%2Flib%2Fterminfo%2Fp HTTP/1.1" 200 14105 cronicareinodearagon.com "-" "Mozilla/5.0 AppleWebKit/537.36 (KHTML, like Gecko; compatible; ClaudeBot/1.0; +claudebot@anthropic.com)" "-"
216.73.217.0 - - [12/Aug/2026:02:01:23 +0200] "GET /shop/mypage/mail-magazine?fileloc=%2F%2Flib%2Fssl%2Fcerts%2FSectigo_Public_Server_Authentication_Root_E46.pem&path=%2F%2Flib%2Fssl%2Fcerts HTTP/1.1" 200 13151 cronicareinodearagon.com "-" "Mozilla/5.0 AppleWebKit/537.36 (KHTML, like Gecko; compatible; ClaudeBot/1.0; +claudebot@anthropic.com)" "-"
216.73.217.0 - - [12/Aug/2026:02:01:24 +0200] "GET /shop/mypage/mail-magazine?path=%2F%2Flib%2Fterminfo%2Fv HTTP/1.1" 200 18340 cronicareinodearagon.com "-" "Mozilla/5.0 AppleWebKit/537.36 (KHTML, like Gecko; compatible; ClaudeBot/1.0; +claudebot@anthropic.com)" "-"
66.249.65.0 - - [12/Aug/2026:02:01:24 +0200] "GET /products.php?shop/items/A61646225702/ HTTP/1.1" 200 203095 cronicareinodearagon.com "-" "Mozilla/5.0 (compatible; Googlebot/2.1; +http://www.google.com/bot.html)" "-"
216.73.217.0 - - [12/Aug/2026:02:01:24 +0200] "GET /shop/mypage/mail-magazine?path=%2F%2Flib%2Fterminfo%2Fm HTTP/1.1" 200 19838 cronicareinodearagon.com "-" "Mozilla/5.0 AppleWebKit/537.36 (KHTML, like Gecko; compatible; ClaudeBot/1.0; +claudebot@anthropic.com)" "-"
216.73.217.0 - - [12/Aug/2026:02:01:25 +0200] "GET /shop/mypage/mail-magazine?path=%2F%2Flib%2Fman-db HTTP/1.1" 200 25388 cronicareinodearagon.com "-" "Mozilla/5.0 AppleWebKit/537.36 (KHTML, like Gecko; compatible; ClaudeBot/1.0; +claudebot@anthropic.com)" "-"
46.4.220.0 - - [12/Aug/2026:02:01:25 +0200] "GET /?shop/items/G385129517/ HTTP/1.1" 200 61671 cronicareinodearagon.com "-" "Mozilla/5.0 (compatible; SERankingBacklinksBot/1.0; +https://seranking.com/backlinks-crawler)" "-"
216.73.217.0 - - [12/Aug/2026:02:01:25 +0200] "GET /shop/mypage/mail-magazine?path=%2F%2Flib%2Fterminfo%2Fl HTTP/1.1" 200 14102 cronicareinodearagon.com "-" "Mozilla/5.0 AppleWebKit/537.36 (KHTML, like Gecko; compatible; ClaudeBot/1.0; +claudebot@anthropic.com)" "-"
216.73.217.0 - - [12/Aug/2026:02:01:26 +0200] "GET /shop/mypage/mail-magazine?path=%2F%2Flib%2Fterminfo%2Fs HTTP/1.1" 200 24199 cronicareinodearagon.com "-" "Mozilla/5.0 AppleWebKit/537.36 (KHTML, like Gecko; compatible; ClaudeBot/1.0; +claudebot@anthropic.com)" "-"
216.73.217.0 - - [12/Aug/2026:02:01:26 +0200] "GET /shop/mypage/mail-magazine?path=%2F%2Flib%2Fterminfo%2FE HTTP/1.1" 200 15540 cronicareinodearagon.com "-" "Mozilla/5.0 AppleWebKit/537.36 (KHTML, like Gecko; compatible; ClaudeBot/1.0; +claudebot@anthropic.com)" "-"
216.73.217.0 - - [12/Aug/2026:02:01:27 +0200] "GET /shop/mypage/mail-magazine?path=%2F%2Flib%2Femacsen-common%2Fpackages HTTP/1.1" 200 16816 cronicareinodearagon.com "-" "Mozilla/5.0 AppleWebKit/537.36 (KHTML, like Gecko; compatible; ClaudeBot/1.0; +claudebot@anthropic.com)" "-"
216.73.217.0 - - [12/Aug/2026:02:01:27 +0200] "GET /shop/mypage/mail-magazine?fileloc=%2F%2Flib%2Fmc%2Fextfs.d%2Fpatchsetfs&path=%2F%2Flib%2Fmc%2Fextfs.d HTTP/1.1" 200 15105 cronicareinodearagon.com "-" "Mozilla/5.0 AppleWebKit/537.36 (KHTML, like Gecko; compatible; ClaudeBot/1.0; +claudebot@anthropic.com)" "-"
2a03:2880:f800:: - - [12/Aug/2026:02:01:27 +0200] "GET /?shop/items/I49538211595/ HTTP/1.1" 200 61671 cronicareinodearagon.com "-" "Mozilla/5.0 (Windows NT 10.0; Win64; x64) AppleWebKit/537.36 (KHTML, like Gecko) Chrome/145.0.0.0 Safari/537.36 (compatible; meta-externalagent/1.1 (+https://developers.facebook.com/docs/sharing/webmasters/crawler))" "-"
216.73.217.0 - - [12/Aug/2026:02:01:28 +0200] "GET /shop/mypage/mail-magazine?path=%2F%2Flib%2Fterminfo%2Fc HTTP/1.1" 200 16970 cronicareinodearagon.com "-" "Mozilla/5.0 AppleWebKit/537.36 (KHTML, like Gecko; compatible; ClaudeBot/1.0; +claudebot@anthropic.com)" "-"
46.4.220.0 - - [12/Aug/2026:02:01:28 +0200] "GET /?shop/items/I495385108/ HTTP/1.1" 200 61671 cronicareinodearagon.com "-" "Mozilla/5.0 (compatible; SERankingBacklinksBot/1.0; +https://seranking.com/backlinks-crawler)" "-"
