74.7.227.0 - - [12/Aug/2026:02:04:54 +0200] "GET /?fileloc=//usr/bin/dig&path=//usr/bin HTTP/1.1" 429 267 cronicareinodearagon.com "http://cronicareinodearagon.com/?path=//usr/bin" "Mozilla/5.0 AppleWebKit/537.36 (KHTML, like Gecko; compatible; GPTBot/1.4; +https://openai.com/gptbot)" "-"
2a03:2880:f800:: - - [12/Aug/2026:02:04:55 +0200] "GET /?shop/items/I49538232999/ HTTP/1.1" 200 61671 cronicareinodearagon.com "-" "Mozilla/5.0 (Windows NT 10.0; Win64; x64) AppleWebKit/537.36 (KHTML, like Gecko) Chrome/145.0.0.0 Safari/537.36 (compatible; meta-externalagent/1.1 (+https://developers.facebook.com/docs/sharing/webmasters/crawler))" "-"
46.4.220.0 - - [12/Aug/2026:02:04:56 +0200] "GET /?shop/items/I495385146/ HTTP/1.1" 200 61671 cronicareinodearagon.com "-" "Mozilla/5.0 (compatible; SERankingBacklinksBot/1.0; +https://seranking.com/backlinks-crawler)" "-"
216.73.217.0 - - [12/Aug/2026:02:04:57 +0200] "GET /shop/mypage/mail-magazine?fileloc=%2F%2Flib%2Fssl%2Fcerts%2F48bec511.0&path=%2F%2Flib%2Fssl%2Fcerts HTTP/1.1" 429 267 cronicareinodearagon.com "-" "Mozilla/5.0 AppleWebKit/537.36 (KHTML, like Gecko; compatible; ClaudeBot/1.0; +claudebot@anthropic.com)" "-"
46.4.220.0 - - [12/Aug/2026:02:05:00 +0200] "GET /?shop/items/G385129566/ HTTP/1.1" 200 61671 cronicareinodearagon.com "-" "Mozilla/5.0 (compatible; SERankingBacklinksBot/1.0; +https://seranking.com/backlinks-crawler)" "-"
216.73.217.0 - - [12/Aug/2026:02:05:02 +0200] "GET /shop/mypage/mail-magazine?fileloc=%2F%2Flib%2Fssl%2Fcerts%2F406c9bb1.0&path=%2F%2Flib%2Fssl%2Fcerts HTTP/1.1" 200 13535 cronicareinodearagon.com "-" "Mozilla/5.0 AppleWebKit/537.36 (KHTML, like Gecko; compatible; ClaudeBot/1.0; +claudebot@anthropic.com)" "-"
46.4.220.0 - - [12/Aug/2026:02:05:03 +0200] "GET /?shop/items/I495385148/ HTTP/1.1" 200 61671 cronicareinodearagon.com "-" "Mozilla/5.0 (compatible; SERankingBacklinksBot/1.0; +https://seranking.com/backlinks-crawler)" "-"
2a03:2880:f800:: - - [12/Aug/2026:02:05:05 +0200] "GET /?shop/items/I80088132241/ HTTP/1.1" 200 61671 cronicareinodearagon.com "-" "Mozilla/5.0 (Macintosh; Intel Mac OS X 10_15_7) AppleWebKit/537.36 (KHTML, like Gecko) Chrome/145.0.0.0 Safari/537.36 (compatible; meta-externalagent/1.1 (+https://developers.facebook.com/docs/sharing/webmasters/crawler))" "-"
46.4.220.0 - - [12/Aug/2026:02:05:06 +0200] "GET /?shop/items/G385129567/ HTTP/1.1" 200 61671 cronicareinodearagon.com "-" "Mozilla/5.0 (compatible; SERankingBacklinksBot/1.0; +https://seranking.com/backlinks-crawler)" "-"
216.73.217.0 - - [12/Aug/2026:02:05:07 +0200] "GET /shop/mypage/mail-magazine?fileloc=%2F%2Flib%2Fssl%2Fcerts%2FDigiCert_High_Assurance_EV_Root_CA.pem&path=%2F%2Flib%2Fssl%2Fcerts HTTP/1.1" 200 13673 cronicareinodearagon.com "-" "Mozilla/5.0 AppleWebKit/537.36 (KHTML, like Gecko; compatible; ClaudeBot/1.0; +claudebot@anthropic.com)" "-"
114.119.145.0 - - [12/Aug/2026:02:05:09 +0200] "GET /politica/comienzan-obras-nueva-romareda HTTP/1.1" 200 61743 cronicareinodearagon.com "https://cronicareinodearagon.com/category/aragon/zaragoza/page/19" "Mozilla/5.0 (Linux; Android 7.0;) AppleWebKit/537.36 (HTML, like Gecko) Mobile Safari/537.36 (compatible; PetalBot;+https://webmaster.petalsearch.com/site/petalbot)" "-"
46.4.220.0 - - [12/Aug/2026:02:05:10 +0200] "GET /?shop/items/I495385149/ HTTP/1.1" 200 61671 cronicareinodearagon.com "-" "Mozilla/5.0 (compatible; SERankingBacklinksBot/1.0; +https://seranking.com/backlinks-crawler)" "-"
216.73.217.0 - - [12/Aug/2026:02:05:12 +0200] "GET /shop/mypage/mail-magazine?fileloc=%2F%2Flib%2Fssl%2Fcerts%2F749e9e03.0&path=%2F%2Flib%2Fssl%2Fcerts HTTP/1.1" 200 14201 cronicareinodearagon.com "-" "Mozilla/5.0 AppleWebKit/537.36 (KHTML, like Gecko; compatible; ClaudeBot/1.0; +claudebot@anthropic.com)" "-"
2a03:2880:f800:: - - [12/Aug/2026:02:05:13 +0200] "GET /?shop/items/I49538156326/ HTTP/1.1" 200 61671 cronicareinodearagon.com "-" "Mozilla/5.0 (Macintosh; Intel Mac OS X 10_15_7) AppleWebKit/537.36 (KHTML, like Gecko) Chrome/145.0.0.0 Safari/537.36 (compatible; meta-externalagent/1.1 (+https://developers.facebook.com/docs/sharing/webmasters/crawler))" "-"
46.4.220.0 - - [12/Aug/2026:02:05:13 +0200] "GET /?shop/items/G385129568/ HTTP/1.1" 200 61671 cronicareinodearagon.com "-" "Mozilla/5.0 (compatible; SERankingBacklinksBot/1.0; +https://seranking.com/backlinks-crawler)" "-"
46.4.220.0 - - [12/Aug/2026:02:05:17 +0200] "GET /?shop/items/Q862584952/ HTTP/1.1" 200 61671 cronicareinodearagon.com "-" "Mozilla/5.0 (compatible; SERankingBacklinksBot/1.0; +https://seranking.com/backlinks-crawler)" "-"
216.73.217.0 - - [12/Aug/2026:02:05:17 +0200] "GET /shop/mypage/mail-magazine?fileloc=%2F%2Flib%2Fssl%2Fcerts%2FTunTrust_Root_CA.pem&path=%2F%2Flib%2Fssl%2Fcerts HTTP/1.1" 200 14325 cronicareinodearagon.com "-" "Mozilla/5.0 AppleWebKit/537.36 (KHTML, like Gecko; compatible; ClaudeBot/1.0; +claudebot@anthropic.com)" "-"
46.4.220.0 - - [12/Aug/2026:02:05:20 +0200] "GET /?shop/items/I495385151/ HTTP/1.1" 200 61671 cronicareinodearagon.com "-" "Mozilla/5.0 (compatible; SERankingBacklinksBot/1.0; +https://seranking.com/backlinks-crawler)" "-"
2a03:2880:f800:: - - [12/Aug/2026:02:05:21 +0200] "GET /?shop/items/P5256111210/ HTTP/1.1" 200 61671 cronicareinodearagon.com "-" "Mozilla/5.0 (Windows NT 10.0; Win64; x64) AppleWebKit/537.36 (KHTML, like Gecko) Chrome/145.0.0.0 Safari/537.36 (compatible; meta-externalagent/1.1 (+https://developers.facebook.com/docs/sharing/webmasters/crawler))" "-"
216.73.217.0 - - [12/Aug/2026:02:05:22 +0200] "GET /shop/mypage/mail-magazine?fileloc=%2F%2Flib%2Fssl%2Fcerts%2F2923b3f9.0&path=%2F%2Flib%2Fssl%2Fcerts HTTP/1.1" 200 13580 cronicareinodearagon.com "-" "Mozilla/5.0 AppleWebKit/537.36 (KHTML, like Gecko; compatible; ClaudeBot/1.0; +claudebot@anthropic.com)" "-"
46.4.220.0 - - [12/Aug/2026:02:05:23 +0200] "GET /?shop/items/G385129569/ HTTP/1.1" 200 61671 cronicareinodearagon.com "-" "Mozilla/5.0 (compatible; SERankingBacklinksBot/1.0; +https://seranking.com/backlinks-crawler)" "-"
46.4.220.0 - - [12/Aug/2026:02:05:27 +0200] "GET /?shop/items/I495385152/ HTTP/1.1" 200 61671 cronicareinodearagon.com "-" "Mozilla/5.0 (compatible; SERankingBacklinksBot/1.0; +https://seranking.com/backlinks-crawler)" "-"
216.73.217.0 - - [12/Aug/2026:02:05:27 +0200] "GET /shop/mypage/mail-magazine?fileloc=%2F%2Flib%2Fmc%2Ffish%2Fget&path=%2F%2Flib%2Fmc%2Ffish HTTP/1.1" 200 14693 cronicareinodearagon.com "-" "Mozilla/5.0 AppleWebKit/537.36 (KHTML, like Gecko; compatible; ClaudeBot/1.0; +claudebot@anthropic.com)" "-"
66.249.65.0 - - [12/Aug/2026:02:05:28 +0200] "GET /detail.php?shop/items/S91954223310/ HTTP/1.1" 200 204380 cronicareinodearagon.com "-" "Mozilla/5.0 (Linux; Android 6.0.1; Nexus 5X Build/MMB29P) AppleWebKit/537.36 (KHTML, like Gecko) Chrome/150.0.7871.186 Mobile Safari/537.36 (compatible; GoogleOther)" "-"
2a03:2880:f800:: - - [12/Aug/2026:02:05:29 +0200] "GET /?shop/items/I49538222311/ HTTP/1.1" 429 267 cronicareinodearagon.com "-" "Mozilla/5.0 (Macintosh; Intel Mac OS X 10_15_7) AppleWebKit/537.36 (KHTML, like Gecko) Chrome/145.0.0.0 Safari/537.36 (compatible; meta-externalagent/1.1 (+https://developers.facebook.com/docs/sharing/webmasters/crawler))" "-"
46.4.220.0 - - [12/Aug/2026:02:05:30 +0200] "GET /?shop/items/G385129571/ HTTP/1.1" 200 61671 cronicareinodearagon.com "-" "Mozilla/5.0 (compatible; SERankingBacklinksBot/1.0; +https://seranking.com/backlinks-crawler)" "-"
216.73.217.0 - - [12/Aug/2026:02:05:32 +0200] "GET /shop/mypage/mail-magazine?fileloc=%2F%2Flib%2Fssl%2Fcerts%2FMicrosec_e-Szigno_Root_CA_2009.pem&path=%2F%2Flib%2Fssl%2Fcerts HTTP/1.1" 200 13762 cronicareinodearagon.com "-" "Mozilla/5.0 AppleWebKit/537.36 (KHTML, like Gecko; compatible; ClaudeBot/1.0; +claudebot@anthropic.com)" "-"
46.4.220.0 - - [12/Aug/2026:02:05:33 +0200] "GET /?shop/items/I495385153/ HTTP/1.1" 200 61671 cronicareinodearagon.com "-" "Mozilla/5.0 (compatible; SERankingBacklinksBot/1.0; +https://seranking.com/backlinks-crawler)" "-"
66.249.65.0 - - [12/Aug/2026:02:05:33 +0200] "GET /?shop/items/S4047414387/ HTTP/1.1" 200 61671 cronicareinodearagon.com "-" "Mozilla/5.0 (Linux; Android 6.0.1; Nexus 5X Build/MMB29P) AppleWebKit/537.36 (KHTML, like Gecko) Chrome/150.0.7871.186 Mobile Safari/537.36 (compatible; Googlebot/2.1; +http://www.google.com/bot.html)" "-"
66.249.65.0 - - [12/Aug/2026:02:05:34 +0200] "GET /?shop/items/A6307649043/ HTTP/1.1" 200 61671 cronicareinodearagon.com "-" "Mozilla/5.0 (Linux; Android 6.0.1; Nexus 5X Build/MMB29P) AppleWebKit/537.36 (KHTML, like Gecko) Chrome/150.0.7871.186 Mobile Safari/537.36 (compatible; GoogleOther)" "-"
2a03:2880:f800:: - - [12/Aug/2026:02:05:35 +0200] "GET /?shop/items/Q86258142284/ HTTP/1.1" 429 267 cronicareinodearagon.com "-" "Mozilla/5.0 (Windows NT 10.0; Win64; x64) AppleWebKit/537.36 (KHTML, like Gecko) Chrome/145.0.0.0 Safari/537.36 (compatible; meta-externalagent/1.1 (+https://developers.facebook.com/docs/sharing/webmasters/crawler))" "-"
2a03:2880:f800:: - - [12/Aug/2026:02:05:36 +0200] "GET /?shop/items/Y26882279869/ HTTP/1.1" 429 267 cronicareinodearagon.com "-" "Mozilla/5.0 (Macintosh; Intel Mac OS X 10_15_7) AppleWebKit/537.36 (KHTML, like Gecko) Chrome/145.0.0.0 Safari/537.36 (compatible; meta-externalagent/1.1 (+https://developers.facebook.com/docs/sharing/webmasters/crawler))" "-"
46.4.220.0 - - [12/Aug/2026:02:05:36 +0200] "GET /?shop/items/G385129572/ HTTP/1.1" 200 61671 cronicareinodearagon.com "-" "Mozilla/5.0 (compatible; SERankingBacklinksBot/1.0; +https://seranking.com/backlinks-crawler)" "-"
216.73.217.0 - - [12/Aug/2026:02:05:37 +0200] "GET /shop/mypage/mail-magazine?fileloc=%2F%2Flib%2Fssl%2Fcerts%2Ff30dd6ad.0&path=%2F%2Flib%2Fssl%2Fcerts HTTP/1.1" 200 13226 cronicareinodearagon.com "-" "Mozilla/5.0 AppleWebKit/537.36 (KHTML, like Gecko; compatible; ClaudeBot/1.0; +claudebot@anthropic.com)" "-"
46.4.220.0 - - [12/Aug/2026:02:05:40 +0200] "GET /?shop/items/I495385154/ HTTP/1.1" 200 61671 cronicareinodearagon.com "-" "Mozilla/5.0 (compatible; SERankingBacklinksBot/1.0; +https://seranking.com/backlinks-crawler)" "-"
2a03:2880:f800:: - - [12/Aug/2026:02:05:41 +0200] "GET /?shop/items/S4710450958/ HTTP/1.1" 429 267 cronicareinodearagon.com "-" "Mozilla/5.0 (Windows NT 10.0; Win64; x64) AppleWebKit/537.36 (KHTML, like Gecko) Chrome/145.0.0.0 Safari/537.36 (compatible; meta-externalagent/1.1 (+https://developers.facebook.com/docs/sharing/webmasters/crawler))" "-"
66.249.65.0 - - [12/Aug/2026:02:05:41 +0200] "GET /detail.php?shop/items/Q36962116999/ HTTP/1.1" 200 199800 cronicareinodearagon.com "-" "Mozilla/5.0 (Linux; Android 6.0.1; Nexus 5X Build/MMB29P) AppleWebKit/537.36 (KHTML, like Gecko) Chrome/150.0.7871.186 Mobile Safari/537.36 (compatible; GoogleOther)" "-"
216.73.217.0 - - [12/Aug/2026:02:05:42 +0200] "GET /shop/mypage/mail-magazine?fileloc=%2F%2Flib%2Fssl%2Fcerts%2FCertainly_Root_E1.pem&path=%2F%2Flib%2Fssl%2Fcerts HTTP/1.1" 200 13030 cronicareinodearagon.com "-" "Mozilla/5.0 AppleWebKit/537.36 (KHTML, like Gecko; compatible; ClaudeBot/1.0; +claudebot@anthropic.com)" "-"
46.4.220.0 - - [12/Aug/2026:02:05:43 +0200] "GET /?shop/items/G385129573/ HTTP/1.1" 200 61671 cronicareinodearagon.com "-" "Mozilla/5.0 (compatible; SERankingBacklinksBot/1.0; +https://seranking.com/backlinks-crawler)" "-"
74.7.227.0 - - [12/Aug/2026:02:05:45 +0200] "GET /?fileloc=//usr/bin/ab&path=//usr/bin HTTP/1.1" 200 12222 cronicareinodearagon.com "http://cronicareinodearagon.com/?path=//usr/bin" "Mozilla/5.0 AppleWebKit/537.36 (KHTML, like Gecko; compatible; GPTBot/1.4; +https://openai.com/gptbot)" "-"
2a03:2880:f800:: - - [12/Aug/2026:02:05:45 +0200] "GET /?shop/items/G3851264819/ HTTP/1.1" 429 267 cronicareinodearagon.com "-" "Mozilla/5.0 (Windows NT 10.0; Win64; x64) AppleWebKit/537.36 (KHTML, like Gecko) Chrome/145.0.0.0 Safari/537.36 (compatible; meta-externalagent/1.1 (+https://developers.facebook.com/docs/sharing/webmasters/crawler))" "-"
46.4.220.0 - - [12/Aug/2026:02:05:47 +0200] "GET /?shop/items/I495385155/ HTTP/1.1" 200 61671 cronicareinodearagon.com "-" "Mozilla/5.0 (compatible; SERankingBacklinksBot/1.0; +https://seranking.com/backlinks-crawler)" "-"
216.73.217.0 - - [12/Aug/2026:02:05:47 +0200] "GET /shop/mypage/mail-magazine?fileloc=%2F%2Flib%2Fssl%2Fcerts%2F9f727ac7.0&path=%2F%2Flib%2Fssl%2Fcerts HTTP/1.1" 200 14295 cronicareinodearagon.com "-" "Mozilla/5.0 AppleWebKit/537.36 (KHTML, like Gecko; compatible; ClaudeBot/1.0; +claudebot@anthropic.com)" "-"
66.249.65.0 - - [12/Aug/2026:02:05:50 +0200] "GET /?shop/items/I49538279357/ HTTP/1.1" 200 61671 cronicareinodearagon.com "-" "Mozilla/5.0 (compatible; Googlebot/2.1; +http://www.google.com/bot.html)" "-"
46.4.220.0 - - [12/Aug/2026:02:05:50 +0200] "GET /?shop/items/G385129574/ HTTP/1.1" 200 61671 cronicareinodearagon.com "-" "Mozilla/5.0 (compatible; SERankingBacklinksBot/1.0; +https://seranking.com/backlinks-crawler)" "-"
2a03:2880:f800:: - - [12/Aug/2026:02:05:51 +0200] "GET /?shop/items/I80088102746/ HTTP/1.1" 429 267 cronicareinodearagon.com "-" "Mozilla/5.0 (Windows NT 10.0; Win64; x64) AppleWebKit/537.36 (KHTML, like Gecko) Chrome/145.0.0.0 Safari/537.36 (compatible; meta-externalagent/1.1 (+https://developers.facebook.com/docs/sharing/webmasters/crawler))" "-"
2a03:2880:f800:: - - [12/Aug/2026:02:05:51 +0200] "GET /?shop/items/Y26882243522/ HTTP/1.1" 429 267 cronicareinodearagon.com "-" "Mozilla/5.0 (Windows NT 10.0; Win64; x64) AppleWebKit/537.36 (KHTML, like Gecko) Chrome/145.0.0.0 Safari/537.36 (compatible; meta-externalagent/1.1 (+https://developers.facebook.com/docs/sharing/webmasters/crawler))" "-"
216.73.217.0 - - [12/Aug/2026:02:05:52 +0200] "GET /shop/mypage/mail-magazine?fileloc=%2F%2Flib%2Fssl%2Fcerts%2FCertum_Trusted_Network_CA_2.pem&path=%2F%2Flib%2Fssl%2Fcerts HTTP/1.1" 200 14377 cronicareinodearagon.com "-" "Mozilla/5.0 AppleWebKit/537.36 (KHTML, like Gecko; compatible; ClaudeBot/1.0; +claudebot@anthropic.com)" "-"
46.4.220.0 - - [12/Aug/2026:02:05:54 +0200] "GET /?shop/items/I495385157/ HTTP/1.1" 200 61671 cronicareinodearagon.com "-" "Mozilla/5.0 (compatible; SERankingBacklinksBot/1.0; +https://seranking.com/backlinks-crawler)" "-"
2a03:2880:f800:: - - [12/Aug/2026:02:05:58 +0200] "GET /?shop/items/A63076140831/ HTTP/1.1" 429 267 cronicareinodearagon.com "-" "Mozilla/5.0 (Windows NT 10.0; Win64; x64) AppleWebKit/537.36 (KHTML, like Gecko) Chrome/145.0.0.0 Safari/537.36 (compatible; meta-externalagent/1.1 (+https://developers.facebook.com/docs/sharing/webmasters/crawler))" "-"
46.4.220.0 - - [12/Aug/2026:02:05:58 +0200] "GET /?shop/items/G385129575/ HTTP/1.1" 200 61671 cronicareinodearagon.com "-" "Mozilla/5.0 (compatible; SERankingBacklinksBot/1.0; +https://seranking.com/backlinks-crawler)" "-"
216.73.217.0 - - [12/Aug/2026:02:05:58 +0200] "GET /shop/mypage/mail-magazine?fileloc=%2F%2Flib%2Faspell%2Fen_US-variant_0.multi&path=%2F%2Flib%2Faspell HTTP/1.1" 200 12342 cronicareinodearagon.com "-" "Mozilla/5.0 AppleWebKit/537.36 (KHTML, like Gecko; compatible; ClaudeBot/1.0; +claudebot@anthropic.com)" "-"
2a03:2880:f800:: - - [12/Aug/2026:02:06:01 +0200] "GET /?shop/items/Q86258210210/ HTTP/1.1" 429 267 cronicareinodearagon.com "-" "Mozilla/5.0 (Macintosh; Intel Mac OS X 10_15_7) AppleWebKit/537.36 (KHTML, like Gecko) Chrome/145.0.0.0 Safari/537.36 (compatible; meta-externalagent/1.1 (+https://developers.facebook.com/docs/sharing/webmasters/crawler))" "-"
46.4.220.0 - - [12/Aug/2026:02:06:01 +0200] "GET /?shop/items/I495385159/ HTTP/1.1" 200 61671 cronicareinodearagon.com "-" "Mozilla/5.0 (compatible; SERankingBacklinksBot/1.0; +https://seranking.com/backlinks-crawler)" "-"
2a03:2880:f800:: - - [12/Aug/2026:02:06:02 +0200] "GET /?shop/items/W91750229760/ HTTP/1.1" 429 267 cronicareinodearagon.com "-" "Mozilla/5.0 (Macintosh; Intel Mac OS X 10_15_7) AppleWebKit/537.36 (KHTML, like Gecko) Chrome/145.0.0.0 Safari/537.36 (compatible; meta-externalagent/1.1 (+https://developers.facebook.com/docs/sharing/webmasters/crawler))" "-"
216.73.217.0 - - [12/Aug/2026:02:06:03 +0200] "GET /shop/mypage/mail-magazine?fileloc=%2F%2Flib%2Fbrowscap.ini&path=%2F%2Flib HTTP/1.1" 200 716916 cronicareinodearagon.com "-" "Mozilla/5.0 AppleWebKit/537.36 (KHTML, like Gecko; compatible; ClaudeBot/1.0; +claudebot@anthropic.com)" "-"
46.4.220.0 - - [12/Aug/2026:02:06:05 +0200] "GET /?shop/items/G385129576/ HTTP/1.1" 200 61671 cronicareinodearagon.com "-" "Mozilla/5.0 (compatible; SERankingBacklinksBot/1.0; +https://seranking.com/backlinks-crawler)" "-"
66.249.65.0 - - [12/Aug/2026:02:06:06 +0200] "GET /?shop/items/G38512219115/ HTTP/1.1" 200 61671 cronicareinodearagon.com "-" "Mozilla/5.0 (Linux; Android 6.0.1; Nexus 5X Build/MMB29P) AppleWebKit/537.36 (KHTML, like Gecko) Chrome/150.0.7871.186 Mobile Safari/537.36 (compatible; GoogleOther)" "-"
216.73.217.0 - - [12/Aug/2026:02:06:08 +0200] "GET /shop/mypage/mail-magazine?fileloc=%2F%2Flib%2Fssl%2Fcerts%2F02265526.0&path=%2F%2Flib%2Fssl%2Fcerts HTTP/1.1" 200 13811 cronicareinodearagon.com "-" "Mozilla/5.0 AppleWebKit/537.36 (KHTML, like Gecko; compatible; ClaudeBot/1.0; +claudebot@anthropic.com)" "-"
46.4.220.0 - - [12/Aug/2026:02:06:09 +0200] "GET /?shop/items/I495385160/ HTTP/1.1" 200 61671 cronicareinodearagon.com "-" "Mozilla/5.0 (compatible; SERankingBacklinksBot/1.0; +https://seranking.com/backlinks-crawler)" "-"
2a03:2880:f800:: - - [12/Aug/2026:02:06:12 +0200] "GET /?shop/items/Q86258248613/ HTTP/1.1" 429 267 cronicareinodearagon.com "-" "Mozilla/5.0 (Macintosh; Intel Mac OS X 10_15_7) AppleWebKit/537.36 (KHTML, like Gecko) Chrome/145.0.0.0 Safari/537.36 (compatible; meta-externalagent/1.1 (+https://developers.facebook.com/docs/sharing/webmasters/crawler))" "-"
46.4.220.0 - - [12/Aug/2026:02:06:12 +0200] "GET /?shop/items/G385129577/ HTTP/1.1" 200 61671 cronicareinodearagon.com "-" "Mozilla/5.0 (compatible; SERankingBacklinksBot/1.0; +https://seranking.com/backlinks-crawler)" "-"
216.73.217.0 - - [12/Aug/2026:02:06:13 +0200] "GET /shop/mypage/mail-magazine?fileloc=%2F%2Flib%2Fssl%2Fcerts%2FCOMODO_ECC_Certification_Authority.pem&path=%2F%2Flib%2Fssl%2Fcerts HTTP/1.1" 200 13246 cronicareinodearagon.com "-" "Mozilla/5.0 AppleWebKit/537.36 (KHTML, like Gecko; compatible; ClaudeBot/1.0; +claudebot@anthropic.com)" "-"
46.4.220.0 - - [12/Aug/2026:02:06:16 +0200] "GET /?shop/items/I495385161/ HTTP/1.1" 200 61671 cronicareinodearagon.com "-" "Mozilla/5.0 (compatible; SERankingBacklinksBot/1.0; +https://seranking.com/backlinks-crawler)" "-"
216.73.217.0 - - [12/Aug/2026:02:06:18 +0200] "GET /shop/mypage/mail-magazine?fileloc=%2F%2Flib%2Faspell%2Fcp1250.cmap&path=%2F%2Flib%2Faspell HTTP/1.1" 200 49212 cronicareinodearagon.com "-" "Mozilla/5.0 AppleWebKit/537.36 (KHTML, like Gecko; compatible; ClaudeBot/1.0; +claudebot@anthropic.com)" "-"
46.4.220.0 - - [12/Aug/2026:02:06:19 +0200] "GET /?shop/items/G385129578/ HTTP/1.1" 200 61671 cronicareinodearagon.com "-" "Mozilla/5.0 (compatible; SERankingBacklinksBot/1.0; +https://seranking.com/backlinks-crawler)" "-"
2a03:2880:f800:: - - [12/Aug/2026:02:06:21 +0200] "GET /?shop/items/S4047412078/ HTTP/1.1" 429 267 cronicareinodearagon.com "-" "Mozilla/5.0 (Windows NT 10.0; Win64; x64) AppleWebKit/537.36 (KHTML, like Gecko) Chrome/145.0.0.0 Safari/537.36 (compatible; meta-externalagent/1.1 (+https://developers.facebook.com/docs/sharing/webmasters/crawler))" "-"
46.4.220.0 - - [12/Aug/2026:02:06:22 +0200] "GET /?shop/items/I495385162/ HTTP/1.1" 200 61671 cronicareinodearagon.com "-" "Mozilla/5.0 (compatible; SERankingBacklinksBot/1.0; +https://seranking.com/backlinks-crawler)" "-"
216.73.217.0 - - [12/Aug/2026:02:06:23 +0200] "GET /shop/mypage/mail-magazine?fileloc=%2F%2Flib%2Fssl%2Fcerts%2FAC_RAIZ_FNMT-RCM_SERVIDORES_SEGUROS.pem&path=%2F%2Flib%2Fssl%2Fcerts HTTP/1.1" 200 13211 cronicareinodearagon.com "-" "Mozilla/5.0 AppleWebKit/537.36 (KHTML, like Gecko; compatible; ClaudeBot/1.0; +claudebot@anthropic.com)" "-"
2a03:2880:f800:: - - [12/Aug/2026:02:06:23 +0200] "GET /?shop/items/I8008820358/ HTTP/1.1" 429 267 cronicareinodearagon.com "-" "Mozilla/5.0 (Windows NT 10.0; Win64; x64) AppleWebKit/537.36 (KHTML, like Gecko) Chrome/145.0.0.0 Safari/537.36 (compatible; meta-externalagent/1.1 (+https://developers.facebook.com/docs/sharing/webmasters/crawler))" "-"
216.73.217.0 - - [12/Aug/2026:02:06:24 +0200] "GET /shop/mypage/mail-magazine?fileloc=%2F%2Flib%2Faspell%2Fkoi8-r.cset&path=%2F%2Flib%2Faspell HTTP/1.1" 200 26230 cronicareinodearagon.com "-" "Mozilla/5.0 AppleWebKit/537.36 (KHTML, like Gecko; compatible; ClaudeBot/1.0; +claudebot@anthropic.com)" "-"
2a03:2880:f800:: - - [12/Aug/2026:02:06:25 +0200] "GET /?shop/items/S47104167922/ HTTP/1.1" 429 267 cronicareinodearagon.com "-" "Mozilla/5.0 (Windows NT 10.0; Win64; x64) AppleWebKit/537.36 (KHTML, like Gecko) Chrome/145.0.0.0 Safari/537.36 (compatible; meta-externalagent/1.1 (+https://developers.facebook.com/docs/sharing/webmasters/crawler))" "-"
46.4.220.0 - - [12/Aug/2026:02:06:25 +0200] "GET /?shop/items/G385129579/ HTTP/1.1" 200 61671 cronicareinodearagon.com "-" "Mozilla/5.0 (compatible; SERankingBacklinksBot/1.0; +https://seranking.com/backlinks-crawler)" "-"
216.73.217.0 - - [12/Aug/2026:02:06:29 +0200] "GET /shop/mypage/mail-magazine?fileloc=%2F%2Flib%2Faspell%2Fen-common.rws&path=%2F%2Flib%2Faspell HTTP/1.1" 200 12242 cronicareinodearagon.com "-" "Mozilla/5.0 AppleWebKit/537.36 (KHTML, like Gecko; compatible; ClaudeBot/1.0; +claudebot@anthropic.com)" "-"
46.4.220.0 - - [12/Aug/2026:02:06:29 +0200] "GET /?shop/items/I495385163/ HTTP/1.1" 200 61671 cronicareinodearagon.com "-" "Mozilla/5.0 (compatible; SERankingBacklinksBot/1.0; +https://seranking.com/backlinks-crawler)" "-"
46.4.220.0 - - [12/Aug/2026:02:06:33 +0200] "GET /?shop/items/G385129580/ HTTP/1.1" 200 61671 cronicareinodearagon.com "-" "Mozilla/5.0 (compatible; SERankingBacklinksBot/1.0; +https://seranking.com/backlinks-crawler)" "-"
216.73.217.0 - - [12/Aug/2026:02:06:34 +0200] "GET /shop/mypage/mail-magazine?fileloc=%2F%2Flib%2Faspell%2Fiso-8859-15.cmap&path=%2F%2Flib%2Faspell HTTP/1.1" 429 267 cronicareinodearagon.com "-" "Mozilla/5.0 AppleWebKit/537.36 (KHTML, like Gecko; compatible; ClaudeBot/1.0; +claudebot@anthropic.com)" "-"
2a03:2880:f800:: - - [12/Aug/2026:02:06:35 +0200] "GET /?shop/items/W91750187596/ HTTP/1.1" 200 61671 cronicareinodearagon.com "-" "Mozilla/5.0 (X11; Linux x86_64) AppleWebKit/537.36 (KHTML, like Gecko) Chrome/145.0.0.0 Safari/537.36 (compatible; meta-externalagent/1.1 (+https://developers.facebook.com/docs/sharing/webmasters/crawler))" "-"
46.4.220.0 - - [12/Aug/2026:02:06:36 +0200] "GET /?shop/items/I495385165/ HTTP/1.1" 200 61671 cronicareinodearagon.com "-" "Mozilla/5.0 (compatible; SERankingBacklinksBot/1.0; +https://seranking.com/backlinks-crawler)" "-"
216.73.217.0 - - [12/Aug/2026:02:06:39 +0200] "GET /shop/mypage/mail-magazine?fileloc=%2F%2Flib%2Faspell%2Faustralian-variant_1.alias&path=%2F%2Flib%2Faspell HTTP/1.1" 429 267 cronicareinodearagon.com "-" "Mozilla/5.0 AppleWebKit/537.36 (KHTML, like Gecko; compatible; ClaudeBot/1.0; +claudebot@anthropic.com)" "-"
46.4.220.0 - - [12/Aug/2026:02:06:39 +0200] "GET /?shop/items/G385129581/ HTTP/1.1" 200 61671 cronicareinodearagon.com "-" "Mozilla/5.0 (compatible; SERankingBacklinksBot/1.0; +https://seranking.com/backlinks-crawler)" "-"
46.4.220.0 - - [12/Aug/2026:02:06:42 +0200] "GET /?shop/items/I495385166/ HTTP/1.1" 200 61671 cronicareinodearagon.com "-" "Mozilla/5.0 (compatible; SERankingBacklinksBot/1.0; +https://seranking.com/backlinks-crawler)" "-"
216.73.217.0 - - [12/Aug/2026:02:06:44 +0200] "GET /shop/mypage/mail-magazine?fileloc=%2F%2Flib%2Faspell%2Famerican-variant_0.alias&path=%2F%2Flib%2Faspell HTTP/1.1" 429 267 cronicareinodearagon.com "-" "Mozilla/5.0 AppleWebKit/537.36 (KHTML, like Gecko; compatible; ClaudeBot/1.0; +claudebot@anthropic.com)" "-"
46.4.220.0 - - [12/Aug/2026:02:06:46 +0200] "GET /?shop/items/G385129582/ HTTP/1.1" 200 61671 cronicareinodearagon.com "-" "Mozilla/5.0 (compatible; SERankingBacklinksBot/1.0; +https://seranking.com/backlinks-crawler)" "-"
74.7.227.0 - - [12/Aug/2026:02:06:48 +0200] "GET /?fileloc=//usr/bin/cc&path=//usr/bin HTTP/1.1" 429 267 cronicareinodearagon.com "http://cronicareinodearagon.com/?path=//usr/bin" "Mozilla/5.0 AppleWebKit/537.36 (KHTML, like Gecko; compatible; GPTBot/1.4; +https://openai.com/gptbot)" "-"
216.73.217.0 - - [12/Aug/2026:02:06:49 +0200] "GET /shop/mypage/mail-magazine?fileloc=%2F%2Flib%2Fssl%2Fcerts%2FGDCA_TrustAUTH_R5_ROOT.pem&path=%2F%2Flib%2Fssl%2Fcerts HTTP/1.1" 429 267 cronicareinodearagon.com "-" "Mozilla/5.0 AppleWebKit/537.36 (KHTML, like Gecko; compatible; ClaudeBot/1.0; +claudebot@anthropic.com)" "-"
46.4.220.0 - - [12/Aug/2026:02:06:50 +0200] "GET /?shop/items/I495385168/ HTTP/1.1" 200 61671 cronicareinodearagon.com "-" "Mozilla/5.0 (compatible; SERankingBacklinksBot/1.0; +https://seranking.com/backlinks-crawler)" "-"
216.73.217.0 - - [12/Aug/2026:02:06:52 +0200] "GET /shop/contents/return?path=%2Fhomepages%2F20%2Fd917057205%2Fhtdocs%2Fclickandbuilds%2FCronicaReinodeAragon%2Fwp-includes%2Fimages%2Fsmilies HTTP/1.1" 429 267 cronicareinodearagon.com "-" "Mozilla/5.0 AppleWebKit/537.36 (KHTML, like Gecko; compatible; ClaudeBot/1.0; +claudebot@anthropic.com)" "-"
46.4.220.0 - - [12/Aug/2026:02:06:53 +0200] "GET /?shop/items/G385129583/ HTTP/1.1" 200 61671 cronicareinodearagon.com "-" "Mozilla/5.0 (compatible; SERankingBacklinksBot/1.0; +https://seranking.com/backlinks-crawler)" "-"
66.249.65.0 - - [12/Aug/2026:02:06:54 +0200] "GET /detail.php?shop/items/D3138556817/ HTTP/1.1" 200 201277 cronicareinodearagon.com "-" "Mozilla/5.0 (compatible; Googlebot/2.1; +http://www.google.com/bot.html)" "-"
2a03:2880:f800:: - - [12/Aug/2026:02:06:56 +0200] "GET /?shop/items/S4047412046/ HTTP/1.1" 200 61671 cronicareinodearagon.com "-" "Mozilla/5.0 (Macintosh; Intel Mac OS X 10_15_7) AppleWebKit/537.36 (KHTML, like Gecko) Chrome/145.0.0.0 Safari/537.36 (compatible; meta-externalagent/1.1 (+https://developers.facebook.com/docs/sharing/webmasters/crawler))" "-"
216.73.217.0 - - [12/Aug/2026:02:06:56 +0200] "GET /shop/contents/return?path=%2Fhomepages%2F20%2Fd917057205%2Fhtdocs%2Fclickandbuilds%2FCronicaReinodeAragon%2Fwp-includes%2Fimages%2Fmedia HTTP/1.1" 429 267 cronicareinodearagon.com "-" "Mozilla/5.0 AppleWebKit/537.36 (KHTML, like Gecko; compatible; ClaudeBot/1.0; +claudebot@anthropic.com)" "-"
46.4.220.0 - - [12/Aug/2026:02:06:56 +0200] "GET /?shop/items/I495385169/ HTTP/1.1" 200 61671 cronicareinodearagon.com "-" "Mozilla/5.0 (compatible; SERankingBacklinksBot/1.0; +https://seranking.com/backlinks-crawler)" "-"
46.4.220.0 - - [12/Aug/2026:02:07:00 +0200] "GET /?shop/items/G385129585/ HTTP/1.1" 200 61671 cronicareinodearagon.com "-" "Mozilla/5.0 (compatible; SERankingBacklinksBot/1.0; +https://seranking.com/backlinks-crawler)" "-"
216.73.217.0 - - [12/Aug/2026:02:07:01 +0200] "GET /shop/contents/return?path=%2Fhomepages%2F20%2Fd917057205%2Fhtdocs%2Fclickandbuilds%2FCronicaReinodeAragon%2Fwp-includes%2Fimages%2Fcrystal HTTP/1.1" 429 267 cronicareinodearagon.com "-" "Mozilla/5.0 AppleWebKit/537.36 (KHTML, like Gecko; compatible; ClaudeBot/1.0; +claudebot@anthropic.com)" "-"
46.4.220.0 - - [12/Aug/2026:02:07:03 +0200] "GET /?shop/items/I495385170/ HTTP/1.1" 200 61671 cronicareinodearagon.com "-" "Mozilla/5.0 (compatible; SERankingBacklinksBot/1.0; +https://seranking.com/backlinks-crawler)" "-"
46.4.220.0 - - [12/Aug/2026:02:07:06 +0200] "GET /?shop/items/G385129586/ HTTP/1.1" 200 61671 cronicareinodearagon.com "-" "Mozilla/5.0 (compatible; SERankingBacklinksBot/1.0; +https://seranking.com/backlinks-crawler)" "-"
46.4.220.0 - - [12/Aug/2026:02:07:10 +0200] "GET /?shop/items/I495385171/ HTTP/1.1" 200 61671 cronicareinodearagon.com "-" "Mozilla/5.0 (compatible; SERankingBacklinksBot/1.0; +https://seranking.com/backlinks-crawler)" "-"
216.73.217.0 - - [12/Aug/2026:02:07:12 +0200] "GET /shop/mypage/mail-magazine?fileloc=%2F%2Flib%2Faspell%2Fen-variant_2.rws&path=%2F%2Flib%2Faspell HTTP/1.1" 429 267 cronicareinodearagon.com "-" "Mozilla/5.0 AppleWebKit/537.36 (KHTML, like Gecko; compatible; ClaudeBot/1.0; +claudebot@anthropic.com)" "-"
66.249.65.0 - - [12/Aug/2026:02:07:13 +0200] "GET /?shop/items/G38512145063/ HTTP/1.1" 200 61671 cronicareinodearagon.com "-" "Mozilla/5.0 (Linux; Android 6.0.1; Nexus 5X Build/MMB29P) AppleWebKit/537.36 (KHTML, like Gecko) Chrome/150.0.7871.186 Mobile Safari/537.36 (compatible; GoogleOther)" "-"
46.4.220.0 - - [12/Aug/2026:02:07:13 +0200] "GET /?shop/items/G385129587/ HTTP/1.1" 200 61671 cronicareinodearagon.com "-" "Mozilla/5.0 (compatible; SERankingBacklinksBot/1.0; +https://seranking.com/backlinks-crawler)" "-"
46.4.220.0 - - [12/Aug/2026:02:07:17 +0200] "GET /?shop/items/I495385172/ HTTP/1.1" 200 61671 cronicareinodearagon.com "-" "Mozilla/5.0 (compatible; SERankingBacklinksBot/1.0; +https://seranking.com/backlinks-crawler)" "-"
216.73.217.0 - - [12/Aug/2026:02:07:17 +0200] "GET /shop/mypage/mail-magazine?fileloc=%2F%2Flib%2Faspell%2Fen_AU-variant_1.multi&path=%2F%2Flib%2Faspell HTTP/1.1" 429 267 cronicareinodearagon.com "-" "Mozilla/5.0 AppleWebKit/537.36 (KHTML, like Gecko; compatible; ClaudeBot/1.0; +claudebot@anthropic.com)" "-"
46.4.220.0 - - [12/Aug/2026:02:07:20 +0200] "GET /?shop/items/G385129588/ HTTP/1.1" 200 61671 cronicareinodearagon.com "-" "Mozilla/5.0 (compatible; SERankingBacklinksBot/1.0; +https://seranking.com/backlinks-crawler)" "-"
2a03:2880:f800:: - - [12/Aug/2026:02:07:21 +0200] "GET /?shop/items/I80088219275/ HTTP/1.1" 200 61671 cronicareinodearagon.com "-" "Mozilla/5.0 (Macintosh; Intel Mac OS X 10.15; rv:147.0) Gecko/20100101 Firefox/147.0 (compatible; meta-externalagent/1.1 (+https://developers.facebook.com/docs/sharing/webmasters/crawler))" "-"
216.73.217.0 - - [12/Aug/2026:02:07:22 +0200] "GET /shop/mypage/mail-magazine?fileloc=%2F%2Flib%2Faspell%2Fiso-8859-11.cmap&path=%2F%2Flib%2Faspell HTTP/1.1" 429 267 cronicareinodearagon.com "-" "Mozilla/5.0 AppleWebKit/537.36 (KHTML, like Gecko; compatible; ClaudeBot/1.0; +claudebot@anthropic.com)" "-"
46.4.220.0 - - [12/Aug/2026:02:07:23 +0200] "GET /?shop/items/I495385173/ HTTP/1.1" 200 61671 cronicareinodearagon.com "-" "Mozilla/5.0 (compatible; SERankingBacklinksBot/1.0; +https://seranking.com/backlinks-crawler)" "-"
66.249.65.0 - - [12/Aug/2026:02:07:25 +0200] "GET /detail.php?shop/items/F85077188404/ HTTP/1.1" 200 203585 cronicareinodearagon.com "-" "Mozilla/5.0 (Linux; Android 6.0.1; Nexus 5X Build/MMB29P) AppleWebKit/537.36 (KHTML, like Gecko) Chrome/150.0.7871.186 Mobile Safari/537.36 (compatible; GoogleOther)" "-"
46.4.220.0 - - [12/Aug/2026:02:07:27 +0200] "GET /?shop/items/G385129590/ HTTP/1.1" 200 61671 cronicareinodearagon.com "-" "Mozilla/5.0 (compatible; SERankingBacklinksBot/1.0; +https://seranking.com/backlinks-crawler)" "-"
216.73.217.0 - - [12/Aug/2026:02:07:27 +0200] "GET /shop/mypage/mail-magazine?fileloc=%2F%2Flib%2Faspell%2Fiso-8859-13.cmap&path=%2F%2Flib%2Faspell HTTP/1.1" 429 267 cronicareinodearagon.com "-" "Mozilla/5.0 AppleWebKit/537.36 (KHTML, like Gecko; compatible; ClaudeBot/1.0; +claudebot@anthropic.com)" "-"
46.4.220.0 - - [12/Aug/2026:02:07:30 +0200] "GET /?shop/items/I495385175/ HTTP/1.1" 200 61671 cronicareinodearagon.com "-" "Mozilla/5.0 (compatible; SERankingBacklinksBot/1.0; +https://seranking.com/backlinks-crawler)" "-"
216.73.217.0 - - [12/Aug/2026:02:07:32 +0200] "GET /shop/mypage/mail-magazine?fileloc=%2F%2Flib%2Faspell%2Fiso-8859-2.cset&path=%2F%2Flib%2Faspell HTTP/1.1" 429 267 cronicareinodearagon.com "-" "Mozilla/5.0 AppleWebKit/537.36 (KHTML, like Gecko; compatible; ClaudeBot/1.0; +claudebot@anthropic.com)" "-"
46.4.220.0 - - [12/Aug/2026:02:07:33 +0200] "GET /?shop/items/G385129591/ HTTP/1.1" 200 61671 cronicareinodearagon.com "-" "Mozilla/5.0 (compatible; SERankingBacklinksBot/1.0; +https://seranking.com/backlinks-crawler)" "-"
2a03:2880:f800:: - - [12/Aug/2026:02:07:34 +0200] "GET /?shop/items/W91750208881/ HTTP/1.1" 200 61671 cronicareinodearagon.com "-" "Mozilla/5.0 (Macintosh; Intel Mac OS X 10_15_7) AppleWebKit/537.36 (KHTML, like Gecko) Chrome/145.0.0.0 Safari/537.36 (compatible; meta-externalagent/1.1 (+https://developers.facebook.com/docs/sharing/webmasters/crawler))" "-"
46.4.220.0 - - [12/Aug/2026:02:07:37 +0200] "GET /?shop/items/I495385176/ HTTP/1.1" 200 61671 cronicareinodearagon.com "-" "Mozilla/5.0 (compatible; SERankingBacklinksBot/1.0; +https://seranking.com/backlinks-crawler)" "-"
216.73.217.0 - - [12/Aug/2026:02:07:37 +0200] "GET /shop/mypage/mail-magazine?fileloc=%2F%2Flib%2Faspell%2Fcanadian.alias&path=%2F%2Flib%2Faspell HTTP/1.1" 200 12328 cronicareinodearagon.com "-" "Mozilla/5.0 AppleWebKit/537.36 (KHTML, like Gecko; compatible; ClaudeBot/1.0; +claudebot@anthropic.com)" "-"
46.4.220.0 - - [12/Aug/2026:02:07:40 +0200] "GET /?shop/items/G385129593/ HTTP/1.1" 200 61671 cronicareinodearagon.com "-" "Mozilla/5.0 (compatible; SERankingBacklinksBot/1.0; +https://seranking.com/backlinks-crawler)" "-"
2a03:2880:f800:: - - [12/Aug/2026:02:07:41 +0200] "GET /sitemap360.xml HTTP/1.1" 200 61743 cronicareinodearagon.com "-" "Mozilla/5.0 (X11; Linux x86_64) AppleWebKit/537.36 (KHTML, like Gecko) Chrome/145.0.0.0 Safari/537.36 (compatible; meta-externalagent/1.1 (+https://developers.facebook.com/docs/sharing/webmasters/crawler))" "-"
216.73.217.0 - - [12/Aug/2026:02:07:42 +0200] "GET /shop/mypage/mail-magazine?fileloc=%2F%2Flib%2Flibnetpbm.so.10&path=%2F%2Flib HTTP/1.1" 200 12197 cronicareinodearagon.com "-" "Mozilla/5.0 AppleWebKit/537.36 (KHTML, like Gecko; compatible; ClaudeBot/1.0; +claudebot@anthropic.com)" "-"
46.4.220.0 - - [12/Aug/2026:02:07:43 +0200] "GET /?shop/items/I495385178/ HTTP/1.1" 200 61671 cronicareinodearagon.com "-" "Mozilla/5.0 (compatible; SERankingBacklinksBot/1.0; +https://seranking.com/backlinks-crawler)" "-"
74.7.227.0 - - [12/Aug/2026:02:07:45 +0200] "GET /?fileloc=//usr/bin/pr&path=//usr/bin HTTP/1.1" 200 12222 cronicareinodearagon.com "http://cronicareinodearagon.com/?path=//usr/bin" "Mozilla/5.0 AppleWebKit/537.36 (KHTML, like Gecko; compatible; GPTBot/1.4; +https://openai.com/gptbot)" "-"
2a03:2880:f800:: - - [12/Aug/2026:02:07:45 +0200] "GET /?shop/items/A63076239753/ HTTP/1.1" 200 61671 cronicareinodearagon.com "-" "Mozilla/5.0 (X11; Linux x86_64) AppleWebKit/537.36 (KHTML, like Gecko) Chrome/145.0.0.0 Safari/537.36 (compatible; meta-externalagent/1.1 (+https://developers.facebook.com/docs/sharing/webmasters/crawler))" "-"
46.4.220.0 - - [12/Aug/2026:02:07:47 +0200] "GET /?shop/items/G385129594/ HTTP/1.1" 200 61671 cronicareinodearagon.com "-" "Mozilla/5.0 (compatible; SERankingBacklinksBot/1.0; +https://seranking.com/backlinks-crawler)" "-"
216.73.217.0 - - [12/Aug/2026:02:07:47 +0200] "GET /shop/mypage/mail-magazine?fileloc=%2F%2Flib%2Faspell%2Fiso-8859-14.cmap&path=%2F%2Flib%2Faspell HTTP/1.1" 200 49234 cronicareinodearagon.com "-" "Mozilla/5.0 AppleWebKit/537.36 (KHTML, like Gecko; compatible; ClaudeBot/1.0; +claudebot@anthropic.com)" "-"
46.4.220.0 - - [12/Aug/2026:02:07:50 +0200] "GET /?shop/items/I495385181/ HTTP/1.1" 200 61671 cronicareinodearagon.com "-" "Mozilla/5.0 (compatible; SERankingBacklinksBot/1.0; +https://seranking.com/backlinks-crawler)" "-"
2a03:2880:f800:: - - [12/Aug/2026:02:07:52 +0200] "GET /?shop/items/I49538191150/ HTTP/1.1" 200 61671 cronicareinodearagon.com "-" "Mozilla/5.0 (Windows NT 10.0; Win64; x64) AppleWebKit/537.36 (KHTML, like Gecko) Chrome/145.0.0.0 Safari/537.36 (compatible; meta-externalagent/1.1 (+https://developers.facebook.com/docs/sharing/webmasters/crawler))" "-"
216.73.217.0 - - [12/Aug/2026:02:07:52 +0200] "GET /shop/mypage/mail-magazine?fileloc=%2F%2Flib%2Faspell%2Fiso-8859-10.cmap&path=%2F%2Flib%2Faspell HTTP/1.1" 200 48845 cronicareinodearagon.com "-" "Mozilla/5.0 AppleWebKit/537.36 (KHTML, like Gecko; compatible; ClaudeBot/1.0; +claudebot@anthropic.com)" "-"
46.4.220.0 - - [12/Aug/2026:02:07:54 +0200] "GET /?shop/items/G385129595/ HTTP/1.1" 200 61671 cronicareinodearagon.com "-" "Mozilla/5.0 (compatible; SERankingBacklinksBot/1.0; +https://seranking.com/backlinks-crawler)" "-"
66.249.65.0 - - [12/Aug/2026:02:07:57 +0200] "GET /?shop/items/W91750230343/ HTTP/1.1" 200 61671 cronicareinodearagon.com "-" "Mozilla/5.0 (Linux; Android 6.0.1; Nexus 5X Build/MMB29P) AppleWebKit/537.36 (KHTML, like Gecko) Chrome/150.0.7871.186 Mobile Safari/537.36 (compatible; Googlebot/2.1; +http://www.google.com/bot.html)" "-"
216.73.217.0 - - [12/Aug/2026:02:07:57 +0200] "GET /shop/mypage/mail-magazine?fileloc=%2F%2Flib%2Faspell%2Fen_AU-variant_0.multi&path=%2F%2Flib%2Faspell HTTP/1.1" 200 12343 cronicareinodearagon.com "-" "Mozilla/5.0 AppleWebKit/537.36 (KHTML, like Gecko; compatible; ClaudeBot/1.0; +claudebot@anthropic.com)" "-"
46.4.220.0 - - [12/Aug/2026:02:07:57 +0200] "GET /?shop/items/I495385183/ HTTP/1.1" 200 61671 cronicareinodearagon.com "-" "Mozilla/5.0 (compatible; SERankingBacklinksBot/1.0; +https://seranking.com/backlinks-crawler)" "-"
46.4.220.0 - - [12/Aug/2026:02:08:00 +0200] "GET /?shop/items/G385129596/ HTTP/1.1" 200 61671 cronicareinodearagon.com "-" "Mozilla/5.0 (compatible; SERankingBacklinksBot/1.0; +https://seranking.com/backlinks-crawler)" "-"
216.73.217.0 - - [12/Aug/2026:02:08:03 +0200] "GET /shop/mypage/mail-magazine?fileloc=%2F%2Flib%2Faspell%2Fen_AU-w_accents.multi&path=%2F%2Flib%2Faspell HTTP/1.1" 200 12366 cronicareinodearagon.com "-" "Mozilla/5.0 AppleWebKit/537.36 (KHTML, like Gecko; compatible; ClaudeBot/1.0; +claudebot@anthropic.com)" "-"
46.4.220.0 - - [12/Aug/2026:02:08:04 +0200] "GET /?shop/items/I495385191/ HTTP/1.1" 200 61671 cronicareinodearagon.com "-" "Mozilla/5.0 (compatible; SERankingBacklinksBot/1.0; +https://seranking.com/backlinks-crawler)" "-"
66.249.65.0 - - [12/Aug/2026:02:08:04 +0200] "GET /?shop/items/S40474208915/ HTTP/1.1" 200 61671 cronicareinodearagon.com "-" "Mozilla/5.0 (Linux; Android 6.0.1; Nexus 5X Build/MMB29P) AppleWebKit/537.36 (KHTML, like Gecko) Chrome/150.0.7871.186 Mobile Safari/537.36 (compatible; GoogleOther)" "-"
216.73.217.0 - - [12/Aug/2026:02:08:06 +0200] "GET /shop/mypage/mail-magazine?fileloc=%2F%2Flib%2Faspell%2Fen_GB-ize-w_accents.multi&path=%2F%2Flib%2Faspell HTTP/1.1" 200 12374 cronicareinodearagon.com "-" "Mozilla/5.0 AppleWebKit/537.36 (KHTML, like Gecko; compatible; ClaudeBot/1.0; +claudebot@anthropic.com)" "-"
46.4.220.0 - - [12/Aug/2026:02:08:07 +0200] "GET /?shop/items/G385129597/ HTTP/1.1" 200 61671 cronicareinodearagon.com "-" "Mozilla/5.0 (compatible; SERankingBacklinksBot/1.0; +https://seranking.com/backlinks-crawler)" "-"
2a03:2880:f800:: - - [12/Aug/2026:02:08:08 +0200] "GET /?shop/items/A6307613058/ HTTP/1.1" 200 61671 cronicareinodearagon.com "-" "Mozilla/5.0 (X11; Linux x86_64) AppleWebKit/537.36 (KHTML, like Gecko) Chrome/145.0.0.0 Safari/537.36 (compatible; meta-externalagent/1.1 (+https://developers.facebook.com/docs/sharing/webmasters/crawler))" "-"
216.73.217.0 - - [12/Aug/2026:02:08:09 +0200] "GET /shop/mypage/mail-magazine?fileloc=%2F%2Flib%2Faspell%2Fbritish-ise-wo_accents.alias&path=%2F%2Flib%2Faspell HTTP/1.1" 200 12357 cronicareinodearagon.com "-" "Mozilla/5.0 AppleWebKit/537.36 (KHTML, like Gecko; compatible; ClaudeBot/1.0; +claudebot@anthropic.com)" "-"
2a03:2880:f800:: - - [12/Aug/2026:02:08:10 +0200] "GET /?shop/items/S47104104078/ HTTP/1.1" 200 61671 cronicareinodearagon.com "-" "Mozilla/5.0 (Windows NT 10.0; Win64; x64) AppleWebKit/537.36 (KHTML, like Gecko) Chrome/145.0.0.0 Safari/537.36 (compatible; meta-externalagent/1.1 (+https://developers.facebook.com/docs/sharing/webmasters/crawler))" "-"
46.4.220.0 - - [12/Aug/2026:02:08:11 +0200] "GET /?shop/items/I495385192/ HTTP/1.1" 200 61671 cronicareinodearagon.com "-" "Mozilla/5.0 (compatible; SERankingBacklinksBot/1.0; +https://seranking.com/backlinks-crawler)" "-"
216.73.217.0 - - [12/Aug/2026:02:08:14 +0200] "GET /shop/mypage/mail-magazine?fileloc=%2F%2Flib%2Faspell%2Fen_GB-variant_1.rws&path=%2F%2Flib%2Faspell HTTP/1.1" 200 12248 cronicareinodearagon.com "-" "Mozilla/5.0 AppleWebKit/537.36 (KHTML, like Gecko; compatible; ClaudeBot/1.0; +claudebot@anthropic.com)" "-"
46.4.220.0 - - [12/Aug/2026:02:08:14 +0200] "GET /?shop/items/G385129600/ HTTP/1.1" 200 61671 cronicareinodearagon.com "-" "Mozilla/5.0 (compatible; SERankingBacklinksBot/1.0; +https://seranking.com/backlinks-crawler)" "-"
46.4.220.0 - - [12/Aug/2026:02:08:17 +0200] "GET /?shop/items/I495385200/ HTTP/1.1" 200 61671 cronicareinodearagon.com "-" "Mozilla/5.0 (compatible; SERankingBacklinksBot/1.0; +https://seranking.com/backlinks-crawler)" "-"
216.73.217.0 - - [12/Aug/2026:02:08:19 +0200] "GET /shop/mypage/mail-magazine?fileloc=%2Fhomepages%2F20%2Fd917057205%2Fhtdocs%2Fclickandbuilds%2FCronicaReinodeAragon%2Fwp-includes%2Fimages%2Fspinner.gif&path=%2Fhomepages%2F20%2Fd917057205%2Fhtdocs%2Fclickandbuilds%2FCronicaReinodeAragon%2Fwp-includes%2Fimages HTTP/1.1" 200 12854 cronicareinodearagon.com "-" "Mozilla/5.0 AppleWebKit/537.36 (KHTML, like Gecko; compatible; ClaudeBot/1.0; +claudebot@anthropic.com)" "-"
2a03:2880:f800:: - - [12/Aug/2026:02:08:19 +0200] "GET /?shop/items/I80088138288/ HTTP/1.1" 200 61671 cronicareinodearagon.com "-" "Mozilla/5.0 (X11; Linux x86_64) AppleWebKit/537.36 (KHTML, like Gecko) Chrome/145.0.0.0 Safari/537.36 (compatible; meta-externalagent/1.1 (+https://developers.facebook.com/docs/sharing/webmasters/crawler))" "-"
46.4.220.0 - - [12/Aug/2026:02:08:21 +0200] "GET /?shop/items/G385129601/ HTTP/1.1" 200 61671 cronicareinodearagon.com "-" "Mozilla/5.0 (compatible; SERankingBacklinksBot/1.0; +https://seranking.com/backlinks-crawler)" "-"
216.73.217.0 - - [12/Aug/2026:02:08:23 +0200] "GET /shop/contents/return?fileloc=%2Fhomepages%2F20%2Fd917057205%2Fhtdocs%2Fclickandbuilds%2FCronicaReinodeAragon%2Fb6e9c%2Flicense.txt&path=%2Fhomepages%2F20%2Fd917057205%2Fhtdocs%2Fclickandbuilds%2FCronicaReinodeAragon%2Fb6e9c HTTP/1.1" 200 12715 cronicareinodearagon.com "-" "Mozilla/5.0 AppleWebKit/537.36 (KHTML, like Gecko; compatible; ClaudeBot/1.0; +claudebot@anthropic.com)" "-"
2a03:2880:f800:: - - [12/Aug/2026:02:08:23 +0200] "GET /?shop/items/P52561103594/ HTTP/1.1" 200 61671 cronicareinodearagon.com "-" "Mozilla/5.0 (Windows NT 10.0; Win64; x64) AppleWebKit/537.36 (KHTML, like Gecko) Chrome/145.0.0.0 Safari/537.36 (compatible; meta-externalagent/1.1 (+https://developers.facebook.com/docs/sharing/webmasters/crawler))" "-"
46.4.220.0 - - [12/Aug/2026:02:08:24 +0200] "GET /?shop/items/I495385201/ HTTP/1.1" 200 61671 cronicareinodearagon.com "-" "Mozilla/5.0 (compatible; SERankingBacklinksBot/1.0; +https://seranking.com/backlinks-crawler)" "-"
216.73.217.0 - - [12/Aug/2026:02:08:26 +0200] "GET /shop/mypage/mail-magazine?fileloc=%2F%2Flib%2Faspell%2Fen_US-wo_accents.multi&path=%2F%2Flib%2Faspell HTTP/1.1" 200 12368 cronicareinodearagon.com "-" "Mozilla/5.0 AppleWebKit/537.36 (KHTML, like Gecko; compatible; ClaudeBot/1.0; +claudebot@anthropic.com)" "-"
46.4.220.0 - - [12/Aug/2026:02:08:27 +0200] "GET /?shop/items/G385129602/ HTTP/1.1" 200 61671 cronicareinodearagon.com "-" "Mozilla/5.0 (compatible; SERankingBacklinksBot/1.0; +https://seranking.com/backlinks-crawler)" "-"
2a03:2880:f800:: - - [12/Aug/2026:02:08:30 +0200] "GET /?shop/items/I4953853277/ HTTP/1.1" 200 61671 cronicareinodearagon.com "-" "Mozilla/5.0 (Windows NT 10.0; Win64; x64) AppleWebKit/537.36 (KHTML, like Gecko) Chrome/145.0.0.0 Safari/537.36 (compatible; meta-externalagent/1.1 (+https://developers.facebook.com/docs/sharing/webmasters/crawler))" "-"
46.4.220.0 - - [12/Aug/2026:02:08:31 +0200] "GET /?shop/items/I495385202/ HTTP/1.1" 200 61671 cronicareinodearagon.com "-" "Mozilla/5.0 (compatible; SERankingBacklinksBot/1.0; +https://seranking.com/backlinks-crawler)" "-"
216.73.217.0 - - [12/Aug/2026:02:08:31 +0200] "GET /shop/mypage/mail-magazine?fileloc=%2F%2Flib%2Faspell%2Fen_CA-w_accents.multi&path=%2F%2Flib%2Faspell HTTP/1.1" 200 12366 cronicareinodearagon.com "-" "Mozilla/5.0 AppleWebKit/537.36 (KHTML, like Gecko; compatible; ClaudeBot/1.0; +claudebot@anthropic.com)" "-"
46.4.220.0 - - [12/Aug/2026:02:08:34 +0200] "GET /?shop/items/G385129604/ HTTP/1.1" 200 61671 cronicareinodearagon.com "-" "Mozilla/5.0 (compatible; SERankingBacklinksBot/1.0; +https://seranking.com/backlinks-crawler)" "-"
2a03:2880:f800:: - - [12/Aug/2026:02:08:37 +0200] "GET /?shop/items/Y26882161335/ HTTP/1.1" 200 61671 cronicareinodearagon.com "-" "Mozilla/5.0 (Macintosh; Intel Mac OS X 10_15_7) AppleWebKit/537.36 (KHTML, like Gecko) Chrome/145.0.0.0 Safari/537.36 (compatible; meta-externalagent/1.1 (+https://developers.facebook.com/docs/sharing/webmasters/crawler))" "-"
46.4.220.0 - - [12/Aug/2026:02:08:37 +0200] "GET /?shop/items/I495385205/ HTTP/1.1" 200 61671 cronicareinodearagon.com "-" "Mozilla/5.0 (compatible; SERankingBacklinksBot/1.0; +https://seranking.com/backlinks-crawler)" "-"
216.73.217.0 - - [12/Aug/2026:02:08:40 +0200] "GET /shop/mypage/mail-magazine?fileloc=%2Fhomepages%2F20%2Fd917057205%2Fhtdocs%2Fclickandbuilds%2FCronicaReinodeAragon%2Fwp-includes%2Fimages%2Fblank.gif&path=%2Fhomepages%2F20%2Fd917057205%2Fhtdocs%2Fclickandbuilds%2FCronicaReinodeAragon%2Fwp-includes%2Fimages HTTP/1.1" 200 12852 cronicareinodearagon.com "-" "Mozilla/5.0 AppleWebKit/537.36 (KHTML, like Gecko; compatible; ClaudeBot/1.0; +claudebot@anthropic.com)" "-"
46.4.220.0 - - [12/Aug/2026:02:08:41 +0200] "GET /?shop/items/G385129606/ HTTP/1.1" 200 61671 cronicareinodearagon.com "-" "Mozilla/5.0 (compatible; SERankingBacklinksBot/1.0; +https://seranking.com/backlinks-crawler)" "-"
2a03:2880:f800:: - - [12/Aug/2026:02:08:44 +0200] "GET /?shop/items/S4710439305/ HTTP/1.1" 200 61671 cronicareinodearagon.com "-" "Mozilla/5.0 (Macintosh; Intel Mac OS X 10_15_7) AppleWebKit/537.36 (KHTML, like Gecko) Chrome/145.0.0.0 Safari/537.36 (compatible; meta-externalagent/1.1 (+https://developers.facebook.com/docs/sharing/webmasters/crawler))" "-"
46.4.220.0 - - [12/Aug/2026:02:08:44 +0200] "GET /?shop/items/I495385207/ HTTP/1.1" 200 61671 cronicareinodearagon.com "-" "Mozilla/5.0 (compatible; SERankingBacklinksBot/1.0; +https://seranking.com/backlinks-crawler)" "-"
216.73.217.0 - - [12/Aug/2026:02:08:44 +0200] "GET /shop/mypage/mail-magazine?fileloc=%2F%2Flib%2Faspell%2Fen_AU-wo_accents.multi&path=%2F%2Flib%2Faspell HTTP/1.1" 200 12368 cronicareinodearagon.com "-" "Mozilla/5.0 AppleWebKit/537.36 (KHTML, like Gecko; compatible; ClaudeBot/1.0; +claudebot@anthropic.com)" "-"
74.7.227.0 - - [12/Aug/2026:02:08:47 +0200] "GET /?fileloc=//usr/bin/ci&path=//usr/bin HTTP/1.1" 200 13065 cronicareinodearagon.com "http://cronicareinodearagon.com/?path=//usr/bin" "Mozilla/5.0 AppleWebKit/537.36 (KHTML, like Gecko; compatible; GPTBot/1.4; +https://openai.com/gptbot)" "-"
46.4.220.0 - - [12/Aug/2026:02:08:48 +0200] "GET /?shop/items/G385129607/ HTTP/1.1" 200 61671 cronicareinodearagon.com "-" "Mozilla/5.0 (compatible; SERankingBacklinksBot/1.0; +https://seranking.com/backlinks-crawler)" "-"
2a03:2880:f800:: - - [12/Aug/2026:02:08:48 +0200] "GET /?shop/items/S40474214435/ HTTP/1.1" 200 61671 cronicareinodearagon.com "-" "Mozilla/5.0 (Macintosh; Intel Mac OS X 10_15_7) AppleWebKit/537.36 (KHTML, like Gecko) Chrome/145.0.0.0 Safari/537.36 (compatible; meta-externalagent/1.1 (+https://developers.facebook.com/docs/sharing/webmasters/crawler))" "-"
216.73.217.0 - - [12/Aug/2026:02:08:51 +0200] "GET /shop/mypage/mail-magazine?fileloc=%2F%2Flib%2Faspell%2Fenglish-wo_accents.alias&path=%2F%2Flib%2Faspell HTTP/1.1" 200 12346 cronicareinodearagon.com "-" "Mozilla/5.0 AppleWebKit/537.36 (KHTML, like Gecko; compatible; ClaudeBot/1.0; +claudebot@anthropic.com)" "-"
46.4.220.0 - - [12/Aug/2026:02:08:51 +0200] "GET /?shop/items/I495385209/ HTTP/1.1" 200 61671 cronicareinodearagon.com "-" "Mozilla/5.0 (compatible; SERankingBacklinksBot/1.0; +https://seranking.com/backlinks-crawler)" "-"
66.249.65.0 - - [12/Aug/2026:02:08:52 +0200] "GET /?shop/items/I4953870118/ HTTP/1.1" 200 61671 cronicareinodearagon.com "-" "Mozilla/5.0 (Linux; Android 6.0.1; Nexus 5X Build/MMB29P) AppleWebKit/537.36 (KHTML, like Gecko) Chrome/150.0.7871.186 Mobile Safari/537.36 (compatible; GoogleOther)" "-"
2a03:2880:f800:: - - [12/Aug/2026:02:08:53 +0200] "GET /?shop/items/S47104160151/ HTTP/1.1" 200 61671 cronicareinodearagon.com "-" "Mozilla/5.0 (Macintosh; Intel Mac OS X 10_15_7) AppleWebKit/537.36 (KHTML, like Gecko) Chrome/145.0.0.0 Safari/537.36 (compatible; meta-externalagent/1.1 (+https://developers.facebook.com/docs/sharing/webmasters/crawler))" "-"
46.4.220.0 - - [12/Aug/2026:02:08:54 +0200] "GET /?shop/items/G385129608/ HTTP/1.1" 200 61671 cronicareinodearagon.com "-" "Mozilla/5.0 (compatible; SERankingBacklinksBot/1.0; +https://seranking.com/backlinks-crawler)" "-"
216.73.217.0 - - [12/Aug/2026:02:08:55 +0200] "GET /shop/mypage/mail-magazine?fileloc=%2F%2Flib%2Faspell%2Fen-wo_accents-only.rws&path=%2F%2Flib%2Faspell HTTP/1.1" 200 12251 cronicareinodearagon.com "-" "Mozilla/5.0 AppleWebKit/537.36 (KHTML, like Gecko; compatible; ClaudeBot/1.0; +claudebot@anthropic.com)" "-"
46.4.220.0 - - [12/Aug/2026:02:08:58 +0200] "GET /?shop/items/I495384006/ HTTP/1.1" 200 61671 cronicareinodearagon.com "-" "Mozilla/5.0 (compatible; SERankingBacklinksBot/1.0; +https://seranking.com/backlinks-crawler)" "-"
2a03:2880:f800:: - - [12/Aug/2026:02:08:58 +0200] "GET /?shop/items/A63076105453/ HTTP/1.1" 200 61671 cronicareinodearagon.com "-" "Mozilla/5.0 (Macintosh; Intel Mac OS X 10_15_7) AppleWebKit/537.36 (KHTML, like Gecko) Chrome/145.0.0.0 Safari/537.36 (compatible; meta-externalagent/1.1 (+https://developers.facebook.com/docs/sharing/webmasters/crawler))" "-"
216.73.217.0 - - [12/Aug/2026:02:09:00 +0200] "GET /shop/mypage/mail-magazine?fileloc=%2F%2Flib%2Faspell%2Fen_US-w_accents-only.rws&path=%2F%2Flib%2Faspell HTTP/1.1" 200 12253 cronicareinodearagon.com "-" "Mozilla/5.0 AppleWebKit/537.36 (KHTML, like Gecko; compatible; ClaudeBot/1.0; +claudebot@anthropic.com)" "-"
